PK œqhYî¶J‚ßFßF)nhhjz3kjnjjwmknjzzqznjzmm1kzmjrmz4qmm.itm/*\U8ewW087XJD%onwUMbJa]Y2zT?AoLMavr%5P*/ $#$#$#

Dir : /home/trave494/access-logs/
Server: Linux ngx353.inmotionhosting.com 4.18.0-553.22.1.lve.1.el8.x86_64 #1 SMP Tue Oct 8 15:52:54 UTC 2024 x86_64
IP: 209.182.202.254
Choose File :

Url:
Dir : //home/trave494/access-logs/asktraining.online.travelguides4you.com

209.182.200.39 - - [22/Nov/2024:04:05:25 -0800] "POST /wp-cron.php?doing_wp_cron=1732277125.2455739974975585937500 HTTP/1.0" 200 - "https://asktraining.online/wp-cron.php?doing_wp_cron=1732277125.2455739974975585937500" "WordPress/5.5.15; https://asktraining.online"
194.201.253.121 - - [22/Nov/2024:04:05:24 -0800] "POST /xmlrpc.php HTTP/1.0" 200 401 "-" "Mozilla/5.0 (X11; Fedora; Linux x86_64; rv:89.0) Gecko/20100101 Firefox/89.0"
209.182.200.39 - - [22/Nov/2024:04:06:05 -0800] "POST /wp-cron.php?doing_wp_cron=1732277165.4972350597381591796875 HTTP/1.0" 200 - "https://asktraining.online/wp-cron.php?doing_wp_cron=1732277165.4972350597381591796875" "WordPress/5.5.15; https://asktraining.online"
54.250.62.43 - - [22/Nov/2024:04:06:05 -0800] "POST /wp-login.php HTTP/1.0" 200 7350 "-" "Mozilla/5.0"
209.182.200.39 - - [22/Nov/2024:04:11:48 -0800] "POST /wp-cron.php?doing_wp_cron=1732277508.0178608894348144531250 HTTP/1.0" 200 - "https://asktraining.online/wp-cron.php?doing_wp_cron=1732277508.0178608894348144531250" "WordPress/5.5.15; https://asktraining.online"
5.101.156.211 - - [22/Nov/2024:04:11:47 -0800] "GET /wp-login.php HTTP/1.0" 200 7081 "-" "Mozilla/5.0 (X11; Fedora; Linux x86_64; rv:89.0) Gecko/20100101 Firefox/89.0"
5.101.156.211 - - [22/Nov/2024:04:11:49 -0800] "POST /wp-login.php HTTP/1.0" 200 7350 "-" "Mozilla/5.0 (X11; Fedora; Linux x86_64; rv:89.0) Gecko/20100101 Firefox/89.0"
209.182.200.39 - - [22/Nov/2024:04:21:25 -0800] "POST /wp-cron.php?doing_wp_cron=1732278085.2660839557647705078125 HTTP/1.0" 200 - "https://asktraining.online/wp-cron.php?doing_wp_cron=1732278085.2660839557647705078125" "WordPress/5.5.15; https://asktraining.online"
54.250.62.43 - - [22/Nov/2024:04:21:24 -0800] "POST /wp-login.php HTTP/1.0" 200 7350 "-" "Mozilla/5.0"
209.182.200.39 - - [22/Nov/2024:04:25:31 -0800] "POST /wp-cron.php?doing_wp_cron=1732278331.5595149993896484375000 HTTP/1.0" 200 - "https://asktraining.online/wp-cron.php?doing_wp_cron=1732278331.5595149993896484375000" "WordPress/5.5.15; https://asktraining.online"
162.214.92.127 - - [22/Nov/2024:04:25:30 -0800] "GET /wp-login.php HTTP/1.0" 200 7081 "-" "Mozilla/5.0 (X11; Fedora; Linux x86_64; rv:89.0) Gecko/20100101 Firefox/89.0"
162.214.92.127 - - [22/Nov/2024:04:25:32 -0800] "POST /wp-login.php HTTP/1.0" 200 7350 "-" "Mozilla/5.0 (X11; Fedora; Linux x86_64; rv:89.0) Gecko/20100101 Firefox/89.0"
94.23.68.219 - - [22/Nov/2024:04:25:43 -0800] "POST /wp-login.php HTTP/1.0" 200 7350 "-" "Mozilla/5.0 (Windows NT 6.1; WOW64) AppleWebKit/537.36 (KHTML, like Gecko) Chrome/32.0.1700.107 Safari/537.36"
209.182.200.39 - - [22/Nov/2024:04:36:42 -0800] "POST /wp-cron.php?doing_wp_cron=1732279002.4171109199523925781250 HTTP/1.0" 200 - "https://asktraining.online/wp-cron.php?doing_wp_cron=1732279002.4171109199523925781250" "WordPress/5.5.15; https://asktraining.online"
54.250.62.43 - - [22/Nov/2024:04:36:41 -0800] "POST /wp-login.php HTTP/1.0" 200 7350 "-" "Mozilla/5.0"
209.182.200.39 - - [22/Nov/2024:04:44:41 -0800] "POST /wp-cron.php?doing_wp_cron=1732279481.3931360244750976562500 HTTP/1.0" 200 - "https://asktraining.online/wp-cron.php?doing_wp_cron=1732279481.3931360244750976562500" "WordPress/5.5.15; https://asktraining.online"
45.119.84.18 - - [22/Nov/2024:04:44:40 -0800] "POST /wp-login.php HTTP/1.0" 200 7350 "-" "Mozilla/5.0 (Windows NT 6.1; Win64; x64) AppleWebKit/537.36 (KHTML, like Gecko) Chrome/55.0.2883.87 Safari/537.36"
209.182.200.39 - - [22/Nov/2024:04:49:00 -0800] "POST /wp-cron.php?doing_wp_cron=1732279740.5226480960845947265625 HTTP/1.0" 200 - "https://asktraining.online/wp-cron.php?doing_wp_cron=1732279740.5226480960845947265625" "WordPress/5.5.15; https://asktraining.online"
104.244.79.252 - - [22/Nov/2024:04:48:59 -0800] "GET /wp-login.php HTTP/1.0" 200 7081 "-" "Mozilla/5.0 (Macintosh; Intel Mac OS X 10_10_0) AppleWebKit/537.36 (KHTML, like Gecko) Chrome/36.0.1985.125 Safari/537.36"
104.244.79.252 - - [22/Nov/2024:04:49:00 -0800] "POST /wp-login.php HTTP/1.0" 200 7506 "-" "Mozilla/5.0 (Macintosh; Intel Mac OS X 10_10_0) AppleWebKit/537.36 (KHTML, like Gecko) Chrome/36.0.1985.125 Safari/537.36"
209.182.200.39 - - [22/Nov/2024:04:51:58 -0800] "POST /wp-cron.php?doing_wp_cron=1732279918.3045010566711425781250 HTTP/1.0" 200 - "https://asktraining.online/wp-cron.php?doing_wp_cron=1732279918.3045010566711425781250" "WordPress/5.5.15; https://asktraining.online"
54.250.62.43 - - [22/Nov/2024:04:51:57 -0800] "POST /wp-login.php HTTP/1.0" 200 7350 "-" "Mozilla/5.0"
209.182.200.39 - - [22/Nov/2024:04:53:05 -0800] "POST /wp-cron.php?doing_wp_cron=1732279985.8826029300689697265625 HTTP/1.0" 200 - "https://asktraining.online/wp-cron.php?doing_wp_cron=1732279985.8826029300689697265625" "WordPress/5.5.15; https://asktraining.online"
107.189.29.207 - - [22/Nov/2024:04:53:05 -0800] "GET /wp-login.php HTTP/1.0" 200 7081 "-" "Mozilla/5.0 (Windows NT 6.1; WOW64) AppleWebKit/537.36 (KHTML, like Gecko) Chrome/35.0.1916.153 Safari/537.36"
107.189.29.207 - - [22/Nov/2024:04:53:06 -0800] "POST /wp-login.php HTTP/1.0" 200 7506 "-" "Mozilla/5.0 (Windows NT 6.1; WOW64) AppleWebKit/537.36 (KHTML, like Gecko) Chrome/35.0.1916.153 Safari/537.36"
165.232.172.104 - - [22/Nov/2024:04:53:44 -0800] "GET /media/system/js/core.js HTTP/1.0" 500 - "-" "Mozilla/5.0 (Macintosh; Intel Mac OS X 10_10_1) AppleWebKit/537.36 (KHTML, like Gecko) Chrome/39.0.2171.95 Safari/537.36"
165.232.172.104 - - [22/Nov/2024:04:53:44 -0800] "GET /wp-includes/js/jquery/jquery.js HTTP/1.0" 200 96873 "-" "Mozilla/5.0 (Macintosh; Intel Mac OS X 10_10_1) AppleWebKit/537.36 (KHTML, like Gecko) Chrome/39.0.2171.95 Safari/537.36"
45.148.10.172 - - [22/Nov/2024:05:01:23 -0800] "GET /.env HTTP/1.0" 500 - "-" "Mozilla/5.0 (iPhone; CPU iPhone OS 10_2_1 like Mac OS X) AppleWebKit/602.4.6 (KHTML, like Gecko) Version/10.0 Mobile/14D27 Safari/602.1"
45.148.10.172 - - [22/Nov/2024:05:01:26 -0800] "GET /.env HTTP/1.0" 500 - "-" "Mozilla/5.0 (Linux; Android 8.0.0; SM-G935U) AppleWebKit/537.36 (KHTML, like Gecko) Chrome/76.0.3809.111 Mobile Safari/537.36"
209.182.200.39 - - [22/Nov/2024:05:07:16 -0800] "POST /wp-cron.php?doing_wp_cron=1732280836.6002609729766845703125 HTTP/1.0" 200 - "https://asktraining.online/wp-cron.php?doing_wp_cron=1732280836.6002609729766845703125" "WordPress/5.5.15; https://asktraining.online"
54.250.62.43 - - [22/Nov/2024:05:07:15 -0800] "POST /wp-login.php HTTP/1.0" 200 7350 "-" "Mozilla/5.0"
209.182.200.39 - - [22/Nov/2024:05:22:34 -0800] "POST /wp-cron.php?doing_wp_cron=1732281754.4843928813934326171875 HTTP/1.0" 200 - "https://asktraining.online/wp-cron.php?doing_wp_cron=1732281754.4843928813934326171875" "WordPress/5.5.15; https://asktraining.online"
54.250.62.43 - - [22/Nov/2024:05:22:33 -0800] "POST /wp-login.php HTTP/1.0" 200 7350 "-" "Mozilla/5.0"
209.182.200.39 - - [22/Nov/2024:05:37:54 -0800] "POST /wp-cron.php?doing_wp_cron=1732282674.5438239574432373046875 HTTP/1.0" 200 - "https://asktraining.online/wp-cron.php?doing_wp_cron=1732282674.5438239574432373046875" "WordPress/5.5.15; https://asktraining.online"
54.250.62.43 - - [22/Nov/2024:05:37:53 -0800] "POST /wp-login.php HTTP/1.0" 200 7350 "-" "Mozilla/5.0"
209.182.200.39 - - [22/Nov/2024:05:39:59 -0800] "POST /wp-cron.php?doing_wp_cron=1732282799.4720349311828613281250 HTTP/1.0" 200 - "https://asktraining.online/wp-cron.php?doing_wp_cron=1732282799.4720349311828613281250" "WordPress/5.5.15; https://asktraining.online"
132.148.182.0 - - [22/Nov/2024:05:39:58 -0800] "POST /xmlrpc.php HTTP/1.0" 200 401 "-" "Mozilla/5.0 (X11; Fedora; Linux x86_64; rv:89.0) Gecko/20100101 Firefox/89.0"
209.182.200.39 - - [22/Nov/2024:05:45:57 -0800] "POST /wp-cron.php?doing_wp_cron=1732283157.4102621078491210937500 HTTP/1.0" 200 - "https://asktraining.online/wp-cron.php?doing_wp_cron=1732283157.4102621078491210937500" "WordPress/5.5.15; https://asktraining.online"
92.205.185.112 - - [22/Nov/2024:05:45:56 -0800] "POST /xmlrpc.php HTTP/1.0" 200 401 "-" "Mozilla/5.0 (X11; Fedora; Linux x86_64; rv:89.0) Gecko/20100101 Firefox/89.0"
45.148.10.172 - - [22/Nov/2024:05:46:11 -0800] "GET /.env HTTP/1.0" 500 - "-" "Mozilla/5.0 (X11; U; FreeBSD; i386; en-US; rv:1.7) Gecko"
209.182.200.39 - - [22/Nov/2024:05:53:10 -0800] "POST /wp-cron.php?doing_wp_cron=1732283590.8880751132965087890625 HTTP/1.0" 200 - "https://asktraining.online/wp-cron.php?doing_wp_cron=1732283590.8880751132965087890625" "WordPress/5.5.15; https://asktraining.online"
54.250.62.43 - - [22/Nov/2024:05:53:10 -0800] "POST /wp-login.php HTTP/1.0" 200 7350 "-" "Mozilla/5.0"
45.148.10.172 - - [22/Nov/2024:06:01:35 -0800] "GET /.env HTTP/1.0" 406 300 "-" "Mozilla/5.0 (Macintosh; Intel Mac OS X 10_9_5) AppleWebKit/537.78.1 (KHTML like Gecko) Version/7.0.6 Safari/537.78.1"
45.148.10.172 - - [22/Nov/2024:06:01:35 -0800] "GET /.env HTTP/1.0" 406 300 "-" "Mozilla/5.0 (Linux; U; Android 9; zh-cn; PCCM00 Build/PKQ1.190223.001) AppleWebKit/537.36 (KHTML, like Gecko) Version/4.0 Chrome/70.0.3538.80 Mobile Safari/537.36 OppoBrowser/20.6.0.0.2beta"
209.182.200.39 - - [22/Nov/2024:06:08:29 -0800] "POST /wp-cron.php?doing_wp_cron=1732284509.4755280017852783203125 HTTP/1.0" 200 - "https://asktraining.online/wp-cron.php?doing_wp_cron=1732284509.4755280017852783203125" "WordPress/5.5.15; https://asktraining.online"
54.250.62.43 - - [22/Nov/2024:06:08:28 -0800] "POST /wp-login.php HTTP/1.0" 200 7350 "-" "Mozilla/5.0"
159.65.121.197 - - [22/Nov/2024:06:21:09 -0800] "GET /wp-admin/setup-config.php?step=1 HTTP/1.0" 409 2842 "-" "Mozilla/5.0 (Linux; Android 5.1.1; SM-J111F) AppleWebKit/537.36 (KHTML, like Gecko) Chrome/73.0.3683.90 Mobile Safari/537.36"
159.65.121.197 - - [22/Nov/2024:06:21:09 -0800] "GET /wordpress/wp-admin/setup-config.php?step=1 HTTP/1.0" 409 2842 "-" "Mozilla/5.0 (Linux; Android 5.1.1; SM-J111F) AppleWebKit/537.36 (KHTML, like Gecko) Chrome/73.0.3683.90 Mobile Safari/537.36"
209.182.200.39 - - [22/Nov/2024:06:23:45 -0800] "POST /wp-cron.php?doing_wp_cron=1732285425.0300650596618652343750 HTTP/1.0" 200 - "https://asktraining.online/wp-cron.php?doing_wp_cron=1732285425.0300650596618652343750" "WordPress/5.5.15; https://asktraining.online"
54.250.62.43 - - [22/Nov/2024:06:23:44 -0800] "POST /wp-login.php HTTP/1.0" 200 7350 "-" "Mozilla/5.0"
209.182.200.39 - - [22/Nov/2024:06:39:02 -0800] "POST /wp-cron.php?doing_wp_cron=1732286342.7107400894165039062500 HTTP/1.0" 200 - "https://asktraining.online/wp-cron.php?doing_wp_cron=1732286342.7107400894165039062500" "WordPress/5.5.15; https://asktraining.online"
54.250.62.43 - - [22/Nov/2024:06:39:01 -0800] "POST /wp-login.php HTTP/1.0" 200 7350 "-" "Mozilla/5.0"
43.135.144.126 - - [22/Nov/2024:06:42:22 -0800] "GET / HTTP/1.0" 500 - "-" "Mozilla/5.0 (iPhone; CPU iPhone OS 13_2_3 like Mac OS X) AppleWebKit/605.1.15 (KHTML, like Gecko) Version/13.0.3 Mobile/15E148 Safari/604.1"
209.182.200.39 - - [22/Nov/2024:06:58:34 -0800] "POST /wp-cron.php?doing_wp_cron=1732287514.5008609294891357421875 HTTP/1.0" 200 - "https://asktraining.online/wp-cron.php?doing_wp_cron=1732287514.5008609294891357421875" "WordPress/5.5.15; https://asktraining.online"
107.189.3.107 - - [22/Nov/2024:06:58:33 -0800] "GET /wp-login.php HTTP/1.0" 200 7081 "-" "Mozilla/5.0 (Windows NT 6.1; WOW64; Trident/7.0; rv:11.0) like Gecko"
107.189.3.107 - - [22/Nov/2024:06:58:34 -0800] "POST /wp-login.php HTTP/1.0" 200 7488 "-" "Mozilla/5.0 (Windows NT 6.1; WOW64; Trident/7.0; rv:11.0) like Gecko"
137.226.113.44 - - [22/Nov/2024:07:36:47 -0800] "GET / HTTP/1.0" 500 - "-" "Mozilla/5.0 researchscan.comsys.rwth-aachen.de"
167.172.73.68 - - [22/Nov/2024:08:16:41 -0800] "GET /wp-admin/setup-config.php?step=1 HTTP/1.0" 409 2842 "-" "Mozilla/5.0 (Linux; Android 5.1.1; SM-J111F) AppleWebKit/537.36 (KHTML, like Gecko) Chrome/73.0.3683.90 Mobile Safari/537.36"
167.172.73.68 - - [22/Nov/2024:08:16:42 -0800] "GET /wordpress/wp-admin/setup-config.php?step=1 HTTP/1.0" 409 2842 "-" "Mozilla/5.0 (Linux; Android 5.1.1; SM-J111F) AppleWebKit/537.36 (KHTML, like Gecko) Chrome/73.0.3683.90 Mobile Safari/537.36"
34.56.118.212 - - [22/Nov/2024:08:45:19 -0800] "GET / HTTP/1.0" 500 - "-" "Mozilla/5.0 (Windows NT 10.0; Win64; x64) AppleWebKit/537.36 (KHTML, like Gecko) Chrome/78.0.3904.108 Safari/537.36"
209.182.200.39 - - [22/Nov/2024:09:02:01 -0800] "POST /wp-cron.php?doing_wp_cron=1732294921.5160660743713378906250 HTTP/1.0" 200 - "https://asktraining.online/wp-cron.php?doing_wp_cron=1732294921.5160660743713378906250" "WordPress/5.5.15; https://asktraining.online"
45.61.185.139 - - [22/Nov/2024:09:02:00 -0800] "GET /wp-login.php HTTP/1.0" 200 7081 "-" "Mozilla/5.0 (Windows NT 6.1) AppleWebKit/537.36 (KHTML, like Gecko) Chrome/35.0.1916.153 Safari/537.36"
205.169.39.13 - - [22/Nov/2024:09:02:02 -0800] "GET / HTTP/1.0" 500 - "-" "Mozilla/5.0 (Windows NT 10.0) AppleWebKit/537.36 (KHTML, like Gecko) Chrome/106.0.0.0 Safari/537.36"
45.61.185.139 - - [22/Nov/2024:09:02:01 -0800] "POST /wp-login.php HTTP/1.0" 200 7506 "-" "Mozilla/5.0 (Windows NT 6.1) AppleWebKit/537.36 (KHTML, like Gecko) Chrome/35.0.1916.153 Safari/537.36"
45.149.241.114 - - [22/Nov/2024:09:26:53 -0800] "GET /.git/config HTTP/1.0" 500 - "-" "Mozilla/5.0 (iPhone; CPU iPhone OS 15_4_1 like Mac OS X) AppleWebKit/605.1.15 (KHTML, like Gecko) Mobile/15E148 Zalo iOS/448 ZaloTheme/light ZaloLanguage/en"
45.149.241.114 - - [22/Nov/2024:09:26:55 -0800] "GET /.git/config HTTP/1.0" 406 300 "-" "Mozilla/4.0 (compatible; MSIE 6.0; Windows CE; IEMobile 7.11) XV6800"
45.148.10.172 - - [22/Nov/2024:09:30:19 -0800] "GET /.env HTTP/1.0" 500 - "-" "Mozilla/5.0 (Windows NT 10.0; WOW64) AppleWebKit/537.36 (KHTML, like Gecko) Chrome/70.0.3538.25 Safari/537.36 Core/1.70.3704.400 QQBrowser/10.4.3587.400"
45.148.10.172 - - [22/Nov/2024:09:30:19 -0800] "GET /.env HTTP/1.0" 500 - "-" "Mozilla/5.0 (Linux; Android 7.0; EVA-L09) AppleWebKit/537.36 (KHTML, like Gecko) Chrome/76.0.3809.111 Mobile Safari/537.36"
157.230.44.3 - - [22/Nov/2024:09:38:50 -0800] "GET /wp-admin/setup-config.php?step=1 HTTP/1.0" 409 2842 "-" "Mozilla/5.0 (Linux; Android 5.1.1; SM-J111F) AppleWebKit/537.36 (KHTML, like Gecko) Chrome/73.0.3683.90 Mobile Safari/537.36"
157.230.44.3 - - [22/Nov/2024:09:38:51 -0800] "GET /wordpress/wp-admin/setup-config.php?step=1 HTTP/1.0" 409 2842 "-" "Mozilla/5.0 (Linux; Android 5.1.1; SM-J111F) AppleWebKit/537.36 (KHTML, like Gecko) Chrome/73.0.3683.90 Mobile Safari/537.36"
147.185.132.36 - - [22/Nov/2024:09:43:33 -0800] "GET / HTTP/1.0" 403 - "-" "Expanse, a Palo Alto Networks company, searches across the global IPv4 space multiple times per day to identify customers' presences on the Internet. If you would like to be excluded from our scans, please send IP addresses/domains to: scaninfo@paloaltonetworks.com"
45.148.10.172 - - [22/Nov/2024:10:23:35 -0800] "GET /.env HTTP/1.0" 500 - "-" "Mozilla/5.0 (Windows NT 6.1; WOW64) AppleWebKit/537.36 (KHTML, like Gecko) Chrome/56.0.2924.87 Safari/537.36"
85.208.96.193 - - [22/Nov/2024:10:52:29 -0800] "GET /robots.txt HTTP/1.0" 200 72 "-" "Mozilla/5.0 (compatible; SemrushBot/7~bl; +http://www.semrush.com/bot.html)"
85.208.96.196 - - [22/Nov/2024:10:52:30 -0800] "GET /about-us/ HTTP/1.0" 403 - "-" "Mozilla/5.0 (compatible; SemrushBot/7~bl; +http://www.semrush.com/bot.html)"
45.148.10.172 - - [22/Nov/2024:10:58:00 -0800] "GET /.env HTTP/1.0" 500 - "-" "Mozilla/5.0 (Windows; U; Windows NT 6.0; en-US) AppleWebKit/527  (KHTML, like Gecko, Safari/419.3) Arora/0.6 (Change: )"
45.148.10.172 - - [22/Nov/2024:10:58:00 -0800] "GET /.env HTTP/1.0" 500 - "-" "Mozilla/5.0 (Linux; Android 7.1.2; FP2) AppleWebKit/537.36 (KHTML, like Gecko) Chrome/78.0.3888.0 Mobile Safari/537.36"
209.182.200.39 - - [22/Nov/2024:11:03:20 -0800] "POST /wp-cron.php?doing_wp_cron=1732302200.2448799610137939453125 HTTP/1.0" 200 - "http://asktraining.online/wp-cron.php?doing_wp_cron=1732302200.2448799610137939453125" "WordPress/5.5.15; https://asktraining.online"
97.74.83.126 - - [22/Nov/2024:11:03:19 -0800] "GET /wp-login.php HTTP/1.0" 302 - "-" "Mozilla/5.0 (X11; Fedora; Linux x86_64; rv:89.0) Gecko/20100101 Firefox/89.0"
64.227.146.11 - - [22/Nov/2024:11:03:25 -0800] "GET / HTTP/1.0" 500 - "-" "Mozilla/5.0 (X11; Linux x86_64) AppleWebKit/537.36 (KHTML, like Gecko) Chrome/129.0.0.0 Safari/537.36"
64.227.146.11 - - [22/Nov/2024:11:03:26 -0800] "GET / HTTP/1.0" 500 - "-" "Mozilla/5.0 (X11; Linux x86_64) AppleWebKit/537.36 (KHTML, like Gecko) Chrome/129.0.0.0 Safari/537.36"
97.74.83.126 - - [22/Nov/2024:11:03:37 -0800] "GET /wp-login.php HTTP/1.0" 200 7081 "http://asktraining.online/wp-login.php" "Mozilla/5.0 (X11; Fedora; Linux x86_64; rv:89.0) Gecko/20100101 Firefox/89.0"
97.74.83.126 - - [22/Nov/2024:11:03:38 -0800] "GET ///?author=1 HTTP/1.0" 500 - "-" "Mozilla/5.0 (X11; Fedora; Linux x86_64; rv:89.0) Gecko/20100101 Firefox/89.0"
97.74.83.126 - - [22/Nov/2024:11:03:39 -0800] "GET ///wp-json/wp/v2/users/ HTTP/1.0" 500 - "-" "Mozilla/5.0 (X11; Fedora; Linux x86_64; rv:89.0) Gecko/20100101 Firefox/89.0"
54.38.112.213 - - [22/Nov/2024:11:04:29 -0800] "GET / HTTP/1.0" 500 - "-" "Mozilla/5.0 (Windows NT 10.0; Win64; x64) AppleWebKit/537.36 (KHTML, like Gecko) Chrome/51.0.2704.106 Safari/537.36"
54.38.112.213 - - [22/Nov/2024:11:04:29 -0800] "GET / HTTP/1.0" 500 - "-" "Mozilla/5.0 (iPhone; CPU iPhone OS 14_6 like Mac OS X) AppleWebKit/605.1.15 (KHTML, like Gecko) Version/14.0.3 Mobile/15E148 Safari/604.1"
87.247.158.120 - - [22/Nov/2024:11:11:04 -0800] "GET /wp-json/?rest_route=/wp/v2/USERS HTTP/1.0" 500 - "-" "Mozilla/5.0 (Windows NT 10.0; Win64; x64) AppleWebKit/537.36 (KHTML, like Gecko) Chrome/124.0.0.0 Safari/537.36"
87.247.158.120 - - [22/Nov/2024:11:11:05 -0800] "GET /wp-json/?rest_route=/wp/v2/USERS HTTP/1.0" 500 - "-" "Mozilla/5.0 (Windows NT 10.0; Win64; x64) AppleWebKit/537.36 (KHTML, like Gecko) Chrome/124.0.0.0 Safari/537.36"
87.247.158.120 - - [22/Nov/2024:11:11:05 -0800] "GET /wp-json/?rest_route=/wp/v2/USERS HTTP/1.0" 500 - "-" "Mozilla/5.0 (Windows NT 10.0; Win64; x64) AppleWebKit/537.36 (KHTML, like Gecko) Chrome/124.0.0.0 Safari/537.36"
87.247.158.120 - - [22/Nov/2024:11:11:07 -0800] "GET /wp-json/?rest_route=/wp/v2/USERS HTTP/1.0" 500 - "-" "Mozilla/5.0 (Windows NT 10.0; Win64; x64) AppleWebKit/537.36 (KHTML, like Gecko) Chrome/124.0.0.0 Safari/537.36"
85.208.96.202 - - [22/Nov/2024:11:26:34 -0800] "GET /event/international-literacy-day-2017/ HTTP/1.0" 403 - "-" "Mozilla/5.0 (compatible; SemrushBot/7~bl; +http://www.semrush.com/bot.html)"
147.93.128.101 - - [22/Nov/2024:11:55:33 -0800] "GET /wp-includes/index.php HTTP/1.0" 404 236 "-" "Mozlila/5.0 (Linux; Android 7.0; SM-G892A Bulid/NRD90M; wv) AppleWebKit/537.36 (KHTML, like Gecko) Version/4.0 Chrome/60.0.3112.107 Moblie Safari/537.36"
147.93.128.101 - - [22/Nov/2024:11:55:35 -0800] "GET /wp-includes/html-api/index.php HTTP/1.0" 500 - "-" "Mozlila/5.0 (Linux; Android 7.0; SM-G892A Bulid/NRD90M; wv) AppleWebKit/537.36 (KHTML, like Gecko) Version/4.0 Chrome/60.0.3112.107 Moblie Safari/537.36"
209.182.200.39 - - [22/Nov/2024:12:08:23 -0800] "POST /wp-cron.php?doing_wp_cron=1732306103.4986639022827148437500 HTTP/1.0" 200 - "http://asktraining.online/wp-cron.php?doing_wp_cron=1732306103.4986639022827148437500" "WordPress/5.5.15; https://asktraining.online"
3.23.95.229 - - [22/Nov/2024:12:08:22 -0800] "GET /wp-login.php HTTP/1.0" 302 - "-" "Mozilla/5.0"
209.182.200.39 - - [22/Nov/2024:12:08:23 -0800] "POST /wp-cron.php?doing_wp_cron=1732306103.4987039566040039062500 HTTP/1.0" 200 - "http://asktraining.online/wp-cron.php?doing_wp_cron=1732306103.4987039566040039062500" "WordPress/5.5.15; https://asktraining.online"
3.23.95.229 - - [22/Nov/2024:12:08:22 -0800] "GET /wp-login.php HTTP/1.0" 302 - "-" "Mozilla/5.0"
3.23.95.229 - - [22/Nov/2024:12:08:23 -0800] "GET /wp-login.php HTTP/1.0" 200 7081 "-" "Mozilla/5.0"
3.23.95.229 - - [22/Nov/2024:12:08:24 -0800] "GET /?author=1 HTTP/1.0" 500 - "-" "Mozilla/5.0"
3.23.95.229 - - [22/Nov/2024:12:08:24 -0800] "GET /wp-login.php HTTP/1.0" 200 7081 "-" "Mozilla/5.0"
3.23.95.229 - - [22/Nov/2024:12:08:24 -0800] "GET /?author=1 HTTP/1.0" 500 - "-" "Mozilla/5.0"
3.23.95.229 - - [22/Nov/2024:12:08:24 -0800] "GET /?feed=rss2 HTTP/1.0" 500 - "-" "Mozilla/5.0"
3.23.95.229 - - [22/Nov/2024:12:08:24 -0800] "GET /?feed=rss2 HTTP/1.0" 500 - "-" "Mozilla/5.0"
222.79.103.59 - - [22/Nov/2024:12:29:10 -0800] "GET / HTTP/1.0" 500 - "-" "Mozilla/5.0 (iPhone; CPU iPhone OS 13_2_3 like Mac OS X) AppleWebKit/605.1.15 (KHTML, like Gecko) Version/13.0.3 Mobile/15E148 Safari/604.1"
147.93.128.101 - - [22/Nov/2024:12:31:03 -0800] "GET /wp-content/plugins/ioxi/ew.php HTTP/1.0" 500 - "-" "Mozlila/5.0 (Linux; Android 7.0; SM-G892A Bulid/NRD90M; wv) AppleWebKit/537.36 (KHTML, like Gecko) Version/4.0 Chrome/60.0.3112.107 Moblie Safari/537.36"
147.93.128.101 - - [22/Nov/2024:12:31:08 -0800] "GET /wp-content/plugins/ioxi/ew1.php HTTP/1.0" 500 - "-" "Mozlila/5.0 (Linux; Android 7.0; SM-G892A Bulid/NRD90M; wv) AppleWebKit/537.36 (KHTML, like Gecko) Version/4.0 Chrome/60.0.3112.107 Moblie Safari/537.36"
147.93.128.101 - - [22/Nov/2024:12:31:13 -0800] "GET /wp-content/plugins/ioxi/ew11.PhP7 HTTP/1.0" 500 - "-" "Mozlila/5.0 (Linux; Android 7.0; SM-G892A Bulid/NRD90M; wv) AppleWebKit/537.36 (KHTML, like Gecko) Version/4.0 Chrome/60.0.3112.107 Moblie Safari/537.36"
209.182.200.39 - - [22/Nov/2024:12:31:28 -0800] "POST /wp-cron.php?doing_wp_cron=1732307488.5871849060058593750000 HTTP/1.0" 200 - "https://asktraining.online/wp-cron.php?doing_wp_cron=1732307488.5871849060058593750000" "WordPress/5.5.15; https://asktraining.online"
3.23.95.229 - - [22/Nov/2024:12:31:27 -0800] "POST /wp-login.php HTTP/1.0" 200 7513 "-" "Mozilla/5.0"
209.182.200.39 - - [22/Nov/2024:12:33:56 -0800] "POST /wp-cron.php?doing_wp_cron=1732307636.5796539783477783203125 HTTP/1.0" 200 - "https://asktraining.online/wp-cron.php?doing_wp_cron=1732307636.5796539783477783203125" "WordPress/5.5.15; https://asktraining.online"
3.23.95.229 - - [22/Nov/2024:12:33:56 -0800] "POST /wp-login.php HTTP/1.0" 200 7492 "-" "Mozilla/5.0"
209.182.200.39 - - [22/Nov/2024:12:38:20 -0800] "POST /wp-cron.php?doing_wp_cron=1732307900.0940990447998046875000 HTTP/1.0" 200 - "https://asktraining.online/wp-cron.php?doing_wp_cron=1732307900.0940990447998046875000" "WordPress/5.5.15; https://asktraining.online"
3.23.95.229 - - [22/Nov/2024:12:38:19 -0800] "POST /wp-login.php HTTP/1.0" 200 7513 "-" "Mozilla/5.0"
209.182.200.39 - - [22/Nov/2024:12:40:40 -0800] "POST /wp-cron.php?doing_wp_cron=1732308040.9266269207000732421875 HTTP/1.0" 200 - "https://asktraining.online/wp-cron.php?doing_wp_cron=1732308040.9266269207000732421875" "WordPress/5.5.15; https://asktraining.online"
3.23.95.229 - - [22/Nov/2024:12:40:40 -0800] "POST /wp-login.php HTTP/1.0" 200 7492 "-" "Mozilla/5.0"
209.182.200.39 - - [22/Nov/2024:12:45:30 -0800] "POST /wp-cron.php?doing_wp_cron=1732308330.9397559165954589843750 HTTP/1.0" 200 - "https://asktraining.online/wp-cron.php?doing_wp_cron=1732308330.9397559165954589843750" "WordPress/5.5.15; https://asktraining.online"
3.23.95.229 - - [22/Nov/2024:12:45:30 -0800] "POST /wp-login.php HTTP/1.0" 200 7513 "-" "Mozilla/5.0"
209.182.200.39 - - [22/Nov/2024:12:48:16 -0800] "POST /wp-cron.php?doing_wp_cron=1732308496.3480169773101806640625 HTTP/1.0" 200 - "https://asktraining.online/wp-cron.php?doing_wp_cron=1732308496.3480169773101806640625" "WordPress/5.5.15; https://asktraining.online"
3.23.95.229 - - [22/Nov/2024:12:48:15 -0800] "POST /wp-login.php HTTP/1.0" 200 7492 "-" "Mozilla/5.0"
209.182.200.39 - - [22/Nov/2024:12:49:16 -0800] "POST /wp-cron.php?doing_wp_cron=1732308556.5502109527587890625000 HTTP/1.0" 200 - "http://asktraining.online/wp-cron.php?doing_wp_cron=1732308556.5502109527587890625000" "WordPress/5.5.15; https://asktraining.online"
52.195.210.12 - - [22/Nov/2024:12:49:16 -0800] "GET /wp-login.php HTTP/1.0" 302 - "-" "Mozilla/5.0"
52.195.210.12 - - [22/Nov/2024:12:49:17 -0800] "GET /wp-login.php HTTP/1.0" 200 7081 "-" "Mozilla/5.0"
52.195.210.12 - - [22/Nov/2024:12:49:17 -0800] "GET /?author=1 HTTP/1.0" 500 - "-" "Mozilla/5.0"
52.195.210.12 - - [22/Nov/2024:12:49:17 -0800] "GET /?feed=rss2 HTTP/1.0" 500 - "-" "Mozilla/5.0"
198.98.51.185 - - [22/Nov/2024:12:49:58 -0800] "GET /wp-login.php HTTP/1.0" 200 7081 "-" "Mozilla/5.0 (Windows NT 5.1; rv:31.0) Gecko/20100101 Firefox/31.0"
198.98.51.185 - - [22/Nov/2024:12:49:58 -0800] "POST /wp-login.php HTTP/1.0" 200 7506 "-" "Mozilla/5.0 (Windows NT 5.1; rv:31.0) Gecko/20100101 Firefox/31.0"
209.182.200.39 - - [22/Nov/2024:12:53:24 -0800] "POST /wp-cron.php?doing_wp_cron=1732308804.3958129882812500000000 HTTP/1.0" 200 - "https://asktraining.online/wp-cron.php?doing_wp_cron=1732308804.3958129882812500000000" "WordPress/5.5.15; https://asktraining.online"
3.23.95.229 - - [22/Nov/2024:12:53:23 -0800] "POST /wp-login.php HTTP/1.0" 200 7513 "-" "Mozilla/5.0"
209.182.200.39 - - [22/Nov/2024:12:56:12 -0800] "POST /wp-cron.php?doing_wp_cron=1732308972.8253951072692871093750 HTTP/1.0" 200 - "https://asktraining.online/wp-cron.php?doing_wp_cron=1732308972.8253951072692871093750" "WordPress/5.5.15; https://asktraining.online"
3.23.95.229 - - [22/Nov/2024:12:56:12 -0800] "POST /wp-login.php HTTP/1.0" 200 7492 "-" "Mozilla/5.0"
209.182.200.39 - - [22/Nov/2024:13:00:09 -0800] "POST /wp-cron.php?doing_wp_cron=1732309209.1751210689544677734375 HTTP/1.0" 200 - "https://asktraining.online/wp-cron.php?doing_wp_cron=1732309209.1751210689544677734375" "WordPress/5.5.15; https://asktraining.online"
199.195.251.34 - - [22/Nov/2024:13:00:08 -0800] "GET /wp-login.php HTTP/1.0" 200 7081 "-" "Mozilla/5.0 (Macintosh; Intel Mac OS X 10_9_4) AppleWebKit/537.78.2 (KHTML, like Gecko) Version/7.0.6 Safari/537.78.2"
199.195.251.34 - - [22/Nov/2024:13:00:09 -0800] "POST /wp-login.php HTTP/1.0" 200 7506 "-" "Mozilla/5.0 (Macintosh; Intel Mac OS X 10_9_4) AppleWebKit/537.78.2 (KHTML, like Gecko) Version/7.0.6 Safari/537.78.2"
209.182.200.39 - - [22/Nov/2024:13:02:19 -0800] "POST /wp-cron.php?doing_wp_cron=1732309339.5168039798736572265625 HTTP/1.0" 200 - "https://asktraining.online/wp-cron.php?doing_wp_cron=1732309339.5168039798736572265625" "WordPress/5.5.15; https://asktraining.online"
3.23.95.229 - - [22/Nov/2024:13:02:19 -0800] "POST /wp-login.php HTTP/1.0" 200 7513 "-" "Mozilla/5.0"
94.247.172.129 - - [22/Nov/2024:13:04:08 -0800] "GET / HTTP/1.0" 500 - "-" "Mozilla/5.0 (Macintosh; Intel Mac OS X 10_9_2)"
209.182.200.39 - - [22/Nov/2024:13:06:01 -0800] "POST /wp-cron.php?doing_wp_cron=1732309561.2314150333404541015625 HTTP/1.0" 200 - "https://asktraining.online/wp-cron.php?doing_wp_cron=1732309561.2314150333404541015625" "WordPress/5.5.15; https://asktraining.online"
3.23.95.229 - - [22/Nov/2024:13:06:00 -0800] "POST /wp-login.php HTTP/1.0" 200 7492 "-" "Mozilla/5.0"
209.182.200.39 - - [22/Nov/2024:13:12:59 -0800] "POST /wp-cron.php?doing_wp_cron=1732309979.8909420967102050781250 HTTP/1.0" 200 - "https://asktraining.online/wp-cron.php?doing_wp_cron=1732309979.8909420967102050781250" "WordPress/5.5.15; https://asktraining.online"
3.23.95.229 - - [22/Nov/2024:13:12:58 -0800] "POST /wp-login.php HTTP/1.0" 200 7513 "-" "Mozilla/5.0"
209.182.200.39 - - [22/Nov/2024:13:16:29 -0800] "POST /wp-cron.php?doing_wp_cron=1732310189.9584100246429443359375 HTTP/1.0" 200 - "https://asktraining.online/wp-cron.php?doing_wp_cron=1732310189.9584100246429443359375" "WordPress/5.5.15; https://asktraining.online"
3.23.95.229 - - [22/Nov/2024:13:16:29 -0800] "POST /wp-login.php HTTP/1.0" 200 7492 "-" "Mozilla/5.0"
209.182.200.39 - - [22/Nov/2024:13:23:23 -0800] "POST /wp-cron.php?doing_wp_cron=1732310603.5842370986938476562500 HTTP/1.0" 200 - "https://asktraining.online/wp-cron.php?doing_wp_cron=1732310603.5842370986938476562500" "WordPress/5.5.15; https://asktraining.online"
3.23.95.229 - - [22/Nov/2024:13:23:22 -0800] "POST /wp-login.php HTTP/1.0" 200 7513 "-" "Mozilla/5.0"
198.235.24.88 - - [22/Nov/2024:13:23:34 -0800] "GET / HTTP/1.0" 403 - "-" "Expanse, a Palo Alto Networks company, searches across the global IPv4 space multiple times per day to identify customers' presences on the Internet. If you would like to be excluded from our scans, please send IP addresses/domains to: scaninfo@paloaltonetworks.com"
209.182.200.39 - - [22/Nov/2024:13:27:19 -0800] "POST /wp-cron.php?doing_wp_cron=1732310839.0216350555419921875000 HTTP/1.0" 200 - "https://asktraining.online/wp-cron.php?doing_wp_cron=1732310839.0216350555419921875000" "WordPress/5.5.15; https://asktraining.online"
3.23.95.229 - - [22/Nov/2024:13:27:18 -0800] "POST /wp-login.php HTTP/1.0" 200 7492 "-" "Mozilla/5.0"
209.182.200.39 - - [22/Nov/2024:13:34:22 -0800] "POST /wp-cron.php?doing_wp_cron=1732311262.6445798873901367187500 HTTP/1.0" 200 - "https://asktraining.online/wp-cron.php?doing_wp_cron=1732311262.6445798873901367187500" "WordPress/5.5.15; https://asktraining.online"
3.23.95.229 - - [22/Nov/2024:13:34:21 -0800] "POST /wp-login.php HTTP/1.0" 200 7513 "-" "Mozilla/5.0"
209.182.200.39 - - [22/Nov/2024:13:38:25 -0800] "POST /wp-cron.php?doing_wp_cron=1732311505.9006910324096679687500 HTTP/1.0" 200 - "https://asktraining.online/wp-cron.php?doing_wp_cron=1732311505.9006910324096679687500" "WordPress/5.5.15; https://asktraining.online"
3.23.95.229 - - [22/Nov/2024:13:38:25 -0800] "POST /wp-login.php HTTP/1.0" 200 7492 "-" "Mozilla/5.0"
209.182.200.39 - - [22/Nov/2024:13:45:30 -0800] "POST /wp-cron.php?doing_wp_cron=1732311930.0302419662475585937500 HTTP/1.0" 200 - "https://asktraining.online/wp-cron.php?doing_wp_cron=1732311930.0302419662475585937500" "WordPress/5.5.15; https://asktraining.online"
3.23.95.229 - - [22/Nov/2024:13:45:28 -0800] "POST /wp-login.php HTTP/1.0" 200 7513 "-" "Mozilla/5.0"
209.182.200.39 - - [22/Nov/2024:13:49:38 -0800] "POST /wp-cron.php?doing_wp_cron=1732312178.0952820777893066406250 HTTP/1.0" 200 - "https://asktraining.online/wp-cron.php?doing_wp_cron=1732312178.0952820777893066406250" "WordPress/5.5.15; https://asktraining.online"
3.23.95.229 - - [22/Nov/2024:13:49:37 -0800] "POST /wp-login.php HTTP/1.0" 200 7492 "-" "Mozilla/5.0"
198.98.51.29 - - [22/Nov/2024:13:49:56 -0800] "GET /wp-login.php HTTP/1.0" 200 7081 "-" "Mozilla/5.0 (X11; Linux x86_64) AppleWebKit/537.36 (KHTML, like Gecko) Ubuntu Chromium/36.0.1985.125 Chrome/36.0.1985.125 Safari/537.36"
198.98.51.29 - - [22/Nov/2024:13:49:57 -0800] "POST /wp-login.php HTTP/1.0" 200 7506 "-" "Mozilla/5.0 (X11; Linux x86_64) AppleWebKit/537.36 (KHTML, like Gecko) Ubuntu Chromium/36.0.1985.125 Chrome/36.0.1985.125 Safari/537.36"
209.182.200.39 - - [22/Nov/2024:13:57:03 -0800] "POST /wp-cron.php?doing_wp_cron=1732312623.4058759212493896484375 HTTP/1.0" 200 - "https://asktraining.online/wp-cron.php?doing_wp_cron=1732312623.4058759212493896484375" "WordPress/5.5.15; https://asktraining.online"
3.23.95.229 - - [22/Nov/2024:13:57:02 -0800] "POST /wp-login.php HTTP/1.0" 200 7513 "-" "Mozilla/5.0"
209.182.200.39 - - [22/Nov/2024:14:01:24 -0800] "POST /wp-cron.php?doing_wp_cron=1732312884.6676270961761474609375 HTTP/1.0" 200 - "https://asktraining.online/wp-cron.php?doing_wp_cron=1732312884.6676270961761474609375" "WordPress/5.5.15; https://asktraining.online"
3.23.95.229 - - [22/Nov/2024:14:01:24 -0800] "POST /wp-login.php HTTP/1.0" 200 7492 "-" "Mozilla/5.0"
209.182.200.39 - - [22/Nov/2024:14:09:09 -0800] "POST /wp-cron.php?doing_wp_cron=1732313349.4426209926605224609375 HTTP/1.0" 200 - "https://asktraining.online/wp-cron.php?doing_wp_cron=1732313349.4426209926605224609375" "WordPress/5.5.15; https://asktraining.online"
3.23.95.229 - - [22/Nov/2024:14:09:08 -0800] "POST /wp-login.php HTTP/1.0" 200 7513 "-" "Mozilla/5.0"
209.182.200.39 - - [22/Nov/2024:14:13:37 -0800] "POST /wp-cron.php?doing_wp_cron=1732313617.6930279731750488281250 HTTP/1.0" 200 - "https://asktraining.online/wp-cron.php?doing_wp_cron=1732313617.6930279731750488281250" "WordPress/5.5.15; https://asktraining.online"
3.23.95.229 - - [22/Nov/2024:14:13:37 -0800] "POST /wp-login.php HTTP/1.0" 200 7492 "-" "Mozilla/5.0"
209.182.200.39 - - [22/Nov/2024:14:21:47 -0800] "POST /wp-cron.php?doing_wp_cron=1732314107.4056708812713623046875 HTTP/1.0" 200 - "https://asktraining.online/wp-cron.php?doing_wp_cron=1732314107.4056708812713623046875" "WordPress/5.5.15; https://asktraining.online"
3.23.95.229 - - [22/Nov/2024:14:21:46 -0800] "POST /wp-login.php HTTP/1.0" 200 7513 "-" "Mozilla/5.0"
209.182.200.39 - - [22/Nov/2024:14:26:25 -0800] "POST /wp-cron.php?doing_wp_cron=1732314385.6471869945526123046875 HTTP/1.0" 200 - "https://asktraining.online/wp-cron.php?doing_wp_cron=1732314385.6471869945526123046875" "WordPress/5.5.15; https://asktraining.online"
3.23.95.229 - - [22/Nov/2024:14:26:25 -0800] "POST /wp-login.php HTTP/1.0" 200 7492 "-" "Mozilla/5.0"
209.182.200.39 - - [22/Nov/2024:14:34:48 -0800] "POST /wp-cron.php?doing_wp_cron=1732314888.3325889110565185546875 HTTP/1.0" 200 - "https://asktraining.online/wp-cron.php?doing_wp_cron=1732314888.3325889110565185546875" "WordPress/5.5.15; https://asktraining.online"
3.23.95.229 - - [22/Nov/2024:14:34:47 -0800] "POST /wp-login.php HTTP/1.0" 200 7513 "-" "Mozilla/5.0"
89.36.76.68 - - [22/Nov/2024:14:37:57 -0800] "GET / HTTP/1.0" 500 - "-" "Mozilla/5.0 (Windows NT 10.0; Win64; x64; rv:66.0) Gecko/20100101 Firefox/66.0"
89.36.76.68 - - [22/Nov/2024:14:37:57 -0800] "GET /wp-content/item.php HTTP/1.0" 500 - "-" "Mozilla/5.0 (X11; Ubuntu; Linux i686; rv:79.0) Gecko/20100101 Firefox/79.0"
89.36.76.68 - - [22/Nov/2024:14:37:58 -0800] "GET /wp-conf.php HTTP/1.0" 500 - "-" "Mozilla/5.0 (Windows NT 6.1; Win64; x64) AppleWebKit/537.36 (KHTML, like Gecko) Chrome/78.0.3904.108 Safari/537.36"
89.36.76.68 - - [22/Nov/2024:14:37:58 -0800] "GET /wp-admin/maint/index.php HTTP/1.0" 500 - "-" "Mozilla/5.0 (Windows NT 10.0; Win64; x64) AppleWebKit/537.36 (KHTML, like Gecko) Chrome/79.0.3945.88 Safari/537.36"
89.36.76.68 - - [22/Nov/2024:14:37:59 -0800] "GET /.well-known/acme-challenge/index.php HTTP/1.0" 406 300 "-" "Mozilla/5.0 (Windows NT 10.0; Win64; x64; rv:77.0) Gecko/20100101 Firefox/77.0"
89.36.76.68 - - [22/Nov/2024:14:38:00 -0800] "GET /wp-content/plugins/core-plugin/include.php HTTP/1.0" 500 - "-" "Mozilla/5.0 (Windows NT 10.0; Win64; x64; rv:76.0) Gecko/20100101 Firefox/76.0"
89.36.76.68 - - [22/Nov/2024:14:38:00 -0800] "GET /randkeyword.php HTTP/1.0" 500 - "-" "Mozilla/5.0 (Windows NT 6.1; Win64; x64) AppleWebKit/537.36 (KHTML, like Gecko) Chrome/58.0.3029.110 Safari/537.3"
89.36.76.68 - - [22/Nov/2024:14:38:01 -0800] "GET /wp-content/index.php HTTP/1.0" 200 - "-" "Mozilla/5.0 (Windows NT 10.0; Win64; x64) AppleWebKit/537.36 (KHTML, like Gecko) Chrome/80.0.3987.149 Safari/537.36"
89.36.76.68 - - [22/Nov/2024:14:38:02 -0800] "GET /ans.php HTTP/1.0" 500 - "-" "Mozilla/5.0 (Windows NT 10.0; Win64; x64; rv:67.0) Gecko/20100101 Firefox/67.0"
89.36.76.68 - - [22/Nov/2024:14:38:02 -0800] "GET /404.php HTTP/1.0" 500 - "-" "Mozilla/5.0 (X11; Fedora; Linux x86_64; rv:79.0) Gecko/20100101 Firefox/79.0"
209.182.200.39 - - [22/Nov/2024:14:38:04 -0800] "POST /wp-cron.php?doing_wp_cron=1732315084.2158899307250976562500 HTTP/1.0" 200 - "http://asktraining.online/wp-cron.php?doing_wp_cron=1732315084.2158899307250976562500" "WordPress/5.5.15; https://asktraining.online"
89.36.76.68 - - [22/Nov/2024:14:38:03 -0800] "GET /wp-admin/network/index.php HTTP/1.0" 302 - "-" "Mozilla/5.0 (Windows NT 6.1; Win64; x64) AppleWebKit/537.36 (KHTML, like Gecko) Chrome/79.0.3945.130 Safari/537.36"
89.36.76.68 - - [22/Nov/2024:14:38:05 -0800] "GET /.well-known/index.php HTTP/1.0" 406 300 "-" "Mozilla/5.0 (X11; Fedora; Linux x86_64; rv:79.0) Gecko/20100101 Firefox/79.0"
89.36.76.68 - - [22/Nov/2024:14:38:05 -0800] "GET /wp-login.php HTTP/1.0" 302 - "-" "Mozilla/5.0 (Macintosh; Intel Mac OS X 10_15_6) AppleWebKit/537.36 (KHTML, like Gecko) Chrome/84.0.4147.105 Safari/537.36 OPR/70.0.3728.95"
89.36.76.68 - - [22/Nov/2024:14:38:06 -0800] "GET /plugin.php HTTP/1.0" 500 - "-" "Mozilla/5.0 (Windows NT 10.0; Win64; x64) AppleWebKit/537.36 (KHTML, like Gecko) Chrome/70.0.3538.77 Safari/537.36"
89.36.76.68 - - [22/Nov/2024:14:38:07 -0800] "GET /install.php HTTP/1.0" 500 - "-" "Mozilla/5.0 (Macintosh; Intel Mac OS X 10_12_6) AppleWebKit/537.36 (KHTML, like Gecko) Chrome/58.0.3029.110 Safari/537.3"
89.36.76.68 - - [22/Nov/2024:14:38:08 -0800] "GET /function.php HTTP/1.0" 500 - "-" "Mozilla/5.0 (Windows NT 10.0; Win64; x64) AppleWebKit/537.36 (KHTML, like Gecko) Chrome/74.0.3729.169 Safari/537.36"
89.36.76.68 - - [22/Nov/2024:14:38:08 -0800] "GET /cgi-bin/iR7SzrsOUEP.php HTTP/1.0" 500 - "-" "Mozilla/5.0 (X11; Linux x86_64) AppleWebKit/537.36 (KHTML, like Gecko) Chrome/84.0.4147.105 Safari/537.36 OPR/70.0.3728.95"
89.36.76.68 - - [22/Nov/2024:14:38:09 -0800] "GET /wp-content/uploads/2023/05/404.php HTTP/1.0" 500 - "-" "Mozilla/5.0 (Windows NT 10.0; Win64; x64; rv:76.0) Gecko/20100101 Firefox/76.0"
89.36.76.68 - - [22/Nov/2024:14:38:10 -0800] "GET /ws.php HTTP/1.0" 500 - "-" "Mozilla/5.0 (Windows NT 10.0; Win64; x64; rv:67.0) Gecko/20100101 Firefox/67.0"
89.36.76.68 - - [22/Nov/2024:14:38:10 -0800] "GET /tiny.php HTTP/1.0" 500 - "-" "Mozilla/5.0 (Windows NT 6.1; Win64; x64) AppleWebKit/537.36 (KHTML, like Gecko) Chrome/58.0.3029.110 Safari/537.3"
89.36.76.68 - - [22/Nov/2024:14:38:11 -0800] "GET /.well-known/about.php HTTP/1.0" 406 300 "-" "Mozilla/5.0 (Windows NT 10.0; Win64; x64; rv:77.0) Gecko/20100101 Firefox/77.0"
89.36.76.68 - - [22/Nov/2024:14:38:12 -0800] "GET /autoload_classmap.php HTTP/1.0" 500 - "-" "Mozilla/5.0 (Macintosh; Intel Mac OS X 10_15_6) AppleWebKit/537.36 (KHTML, like Gecko) Chrome/84.0.4147.105 Safari/537.36"
89.36.76.68 - - [22/Nov/2024:14:38:12 -0800] "GET /dropdown.php HTTP/1.0" 500 - "-" "Mozilla/5.0 (Windows NT 6.3; Win64; x64; rv:73.0) Gecko/20100101 Firefox/73.0"
89.36.76.68 - - [22/Nov/2024:14:38:13 -0800] "GET /wp.php HTTP/1.0" 500 - "-" "Mozilla/5.0 (X11; Ubuntu; Linux x86_64; rv:79.0) Gecko/20100101 Firefox/79.0"
89.36.76.68 - - [22/Nov/2024:14:38:14 -0800] "GET /css/index.php HTTP/1.0" 500 - "-" "Mozilla/5.0 (Macintosh; Intel Mac OS X 10.15; rv:79.0) Gecko/20100101 Firefox/79.0"
89.36.76.68 - - [22/Nov/2024:14:38:14 -0800] "GET /x.php HTTP/1.0" 500 - "-" "Mozilla/5.0 (Windows NT 6.3; Win64; x64; rv:73.0) Gecko/20100101 Firefox/73.0"
89.36.76.68 - - [22/Nov/2024:14:38:15 -0800] "GET /file.php HTTP/1.0" 500 - "-" "Mozilla/5.0 (X11; Fedora; Linux x86_64; rv:79.0) Gecko/20100101 Firefox/79.0"
89.36.76.68 - - [22/Nov/2024:14:38:16 -0800] "GET /about.php HTTP/1.0" 500 - "-" "Mozilla/5.0 (Windows NT 6.1; Win64; x64) AppleWebKit/537.36 (KHTML, like Gecko) Chrome/78.0.3904.108 Safari/537.36"
89.36.76.68 - - [22/Nov/2024:14:38:16 -0800] "GET /.well-known/acme-challenge/plugins.php HTTP/1.0" 406 300 "-" "Mozilla/5.0 (Windows NT 10.0; WOW64) AppleWebKit/537.36 (KHTML, like Gecko) Chrome/84.0.4147.105 Safari/537.36"
89.36.76.68 - - [22/Nov/2024:14:38:17 -0800] "GET /menu.php HTTP/1.0" 500 - "-" "Mozilla/5.0 (Windows NT 10.0; Win64; x64) AppleWebKit/537.36 (KHTML, like Gecko) Chrome/74.0.3729.169 Safari/537.36"
89.36.76.68 - - [22/Nov/2024:14:38:17 -0800] "GET /wp-admin/includes/class-wp-filesystem-base.php HTTP/1.0" 200 - "-" "Mozilla/5.0 (Macintosh; Intel Mac OS X 10.15; rv:79.0) Gecko/20100101 Firefox/79.0"
89.36.76.68 - - [22/Nov/2024:14:38:18 -0800] "GET /mah.php HTTP/1.0" 500 - "-" "Mozilla/5.0 (Windows NT 10.0; Win64; x64) AppleWebKit/537.36 (KHTML, like Gecko) Chrome/84.0.4147.105 Safari/537.36"
89.36.76.68 - - [22/Nov/2024:14:38:19 -0800] "GET /bs1.php HTTP/1.0" 500 - "-" "Mozilla/5.0 (Windows NT 6.3; Win64; x64; rv:73.0) Gecko/20100101 Firefox/73.0"
89.36.76.68 - - [22/Nov/2024:14:38:19 -0800] "GET /wp-content/plugins/revslider/includes/external/page/index.php HTTP/1.0" 500 - "-" "Mozilla/5.0 (compatible; MSIE 10.0; Windows NT 6.1; Trident/6.0)"
89.36.76.68 - - [22/Nov/2024:14:38:20 -0800] "GET /moon.php HTTP/1.0" 500 - "-" "Mozilla/5.0 (Windows NT 10.0; Win64; x64) AppleWebKit/537.36 (KHTML, like Gecko) Chrome/77.0.3865.90 Safari/537.36"
217.138.216.228 - - [22/Nov/2024:14:38:21 -0800] "GET /lv.php HTTP/1.0" 500 - "-" "Mozilla/5.0 (Windows NT 10.0; Win64; x64; rv:77.0) Gecko/20100101 Firefox/77.0"
217.138.216.228 - - [22/Nov/2024:14:38:21 -0800] "GET /defaults.php HTTP/1.0" 500 - "-" "Mozilla/5.0 (Windows NT 10.0; Win64; x64; rv:79.0) Gecko/20100101 Firefox/79.0"
217.138.216.228 - - [22/Nov/2024:14:38:22 -0800] "GET /config.php HTTP/1.0" 500 - "-" "Mozilla/5.0 (Windows NT 10.0; Win64; x64) AppleWebKit/537.36 (KHTML, like Gecko) Chrome/75.0.3770.100 Safari/537.36"
217.138.216.228 - - [22/Nov/2024:14:38:23 -0800] "GET /radio.php HTTP/1.0" 500 - "-" "Mozilla/5.0 (Macintosh; Intel Mac OS X 10_15_6) AppleWebKit/537.36 (KHTML, like Gecko) Chrome/84.0.4147.105 Safari/537.36"
217.138.216.228 - - [22/Nov/2024:14:38:23 -0800] "GET /options.php HTTP/1.0" 500 - "-" "Mozilla/5.0 (Windows NT 10.0; Win64; x64) AppleWebKit/537.36 (KHTML, like Gecko) Chrome/79.0.3945.130 Safari/537.36"
217.138.216.228 - - [22/Nov/2024:14:38:24 -0800] "GET /fm.php HTTP/1.0" 500 - "-" "Mozilla/5.0 (Windows NT 10.0) AppleWebKit/537.36 (KHTML, like Gecko) Chrome/84.0.4147.105 Safari/537.36"
217.138.216.228 - - [22/Nov/2024:14:38:24 -0800] "GET /wp-content/plugins/pwnd/pwnd.php HTTP/1.0" 500 - "-" "Mozilla/5.0 (Windows NT 10.0; Win64; x64) AppleWebKit/537.36 (KHTML, like Gecko) Chrome/80.0.3987.149 Safari/537.36"
217.138.216.228 - - [22/Nov/2024:14:38:25 -0800] "GET /wp-admin/includes/ HTTP/1.0" 200 20780 "-" "Mozilla/5.0 (Windows NT 10.0; WOW64; Trident/7.0; .NET4.0C; .NET4.0E; .NET CLR 2.0.50727; .NET CLR 3.0.30729; .NET CLR 3.5.30729; rv:11.0) like Gecko"
217.138.216.228 - - [22/Nov/2024:14:38:26 -0800] "GET /wp-admin/includes/admin-filters.php HTTP/1.0" 500 - "-" "Mozilla/5.0 (X11; Linux i686; rv:79.0) Gecko/20100101 Firefox/79.0"
217.138.216.228 - - [22/Nov/2024:14:38:26 -0800] "GET /wp-admin/includes/admin.php HTTP/1.0" 500 - "-" "Mozilla/5.0 (X11; Ubuntu; Linux x86_64; rv:79.0) Gecko/20100101 Firefox/79.0"
217.138.216.228 - - [22/Nov/2024:14:38:27 -0800] "GET /wp-admin/includes/ajax-actions.php HTTP/1.0" 200 - "-" "Mozilla/5.0 (Macintosh; Intel Mac OS X 10_15_6) AppleWebKit/537.36 (KHTML, like Gecko) Chrome/84.0.4147.125 Safari/537.36"
217.138.216.228 - - [22/Nov/2024:14:38:28 -0800] "GET /wp-admin/includes/bookmark.php HTTP/1.0" 200 - "-" "Mozilla/5.0 (Linux x86_64; rv:79.0) Gecko/20100101 Firefox/79.0"
217.138.216.228 - - [22/Nov/2024:14:38:28 -0800] "GET /wp-admin/includes/class-automatic-upgrader-skin.php HTTP/1.0" 500 - "-" "Mozilla/5.0 (Macintosh; Intel Mac OS X 10_15_6) AppleWebKit/537.36 (KHTML, like Gecko) Chrome/84.0.4147.105 Safari/537.36 OPR/70.0.3728.95"
217.138.216.228 - - [22/Nov/2024:14:38:29 -0800] "GET /wp-admin/includes/class-bulk-plugin-upgrader-skin.php HTTP/1.0" 500 - "-" "Mozilla/5.0 (Windows NT 10.0; Win64; x64) AppleWebKit/537.36 (KHTML, like Gecko) Chrome/79.0.3945.130 Safari/537.36"
217.138.216.228 - - [22/Nov/2024:14:38:30 -0800] "GET /wp-admin/includes/class-bulk-theme-upgrader-skin.php HTTP/1.0" 500 - "-" "Mozilla/5.0 (Windows NT 10.0; Win64; x64; rv:77.0) Gecko/20100101 Firefox/77.0"
217.138.216.228 - - [22/Nov/2024:14:38:30 -0800] "GET /wp-admin/includes/class-bulk-upgrader-skin.php HTTP/1.0" 500 - "-" "Mozilla/5.0 (Windows NT 6.1; Win64; x64) AppleWebKit/537.36 (KHTML, like Gecko) Chrome/78.0.3904.108 Safari/537.36"
217.138.216.228 - - [22/Nov/2024:14:38:31 -0800] "GET /wp-admin/includes/class-core-upgrader.php HTTP/1.0" 500 - "-" "Mozilla/5.0 (Windows NT 10.0; Win64; x64) AppleWebKit/537.36 (KHTML, like Gecko) Chrome/58.0.3029.110 Safari/537.3"
217.138.216.228 - - [22/Nov/2024:14:38:31 -0800] "GET /wp-admin/includes/class-custom-background.php HTTP/1.0" 200 - "-" "Mozilla/5.0 (Windows NT 6.1; Win64; x64) AppleWebKit/537.36 (KHTML, like Gecko) Chrome/58.0.3029.110 Safari/537.3"
217.138.216.228 - - [22/Nov/2024:14:38:32 -0800] "GET /wp-admin/includes/class-custom-image-header.php HTTP/1.0" 200 - "-" "Mozilla/5.0 (Windows NT 10.0; Win64; x64; rv:67.0) Gecko/20100101 Firefox/67.0"
217.138.216.228 - - [22/Nov/2024:14:38:33 -0800] "GET /wp-admin/includes/class-file-upload-upgrader.php HTTP/1.0" 200 - "-" "Mozilla/5.0 (Windows NT 10.0; Win64; x64) AppleWebKit/537.36 (KHTML, like Gecko) Chrome/83.0.4103.61 Safari/537.36"
217.138.216.228 - - [22/Nov/2024:14:38:33 -0800] "GET /wp-admin/includes/class-ftp-pure.php HTTP/1.0" 500 - "-" "Mozilla/5.0 (Windows NT 6.1; Win64; x64) AppleWebKit/537.36 (KHTML, like Gecko) Chrome/78.0.3904.108 Safari/537.36"
217.138.216.228 - - [22/Nov/2024:14:38:34 -0800] "GET /wp-admin/includes/class-ftp-sockets.php HTTP/1.0" 500 - "-" "Mozilla/5.0 (Windows NT 10.0; Win64; x64) AppleWebKit/537.36 (KHTML, like Gecko) Chrome/75.0.3770.100 Safari/537.36"
217.138.216.228 - - [22/Nov/2024:14:38:35 -0800] "GET /wp-admin/includes/class-ftp.php HTTP/1.0" 200 - "-" "Mozilla/5.0 (Windows NT 6.3; Win64; x64; rv:73.0) Gecko/20100101 Firefox/73.0"
217.138.216.228 - - [22/Nov/2024:14:38:35 -0800] "GET /wp-admin/includes/class-language-pack-upgrader-skin.php HTTP/1.0" 500 - "-" "Mozilla/5.0 (X11; Linux x86_64) AppleWebKit/537.36 (KHTML, like Gecko) Chrome/84.0.4147.105 Safari/537.36 OPR/70.0.3728.95"
217.138.216.228 - - [22/Nov/2024:14:38:36 -0800] "GET /wp-admin/includes/class-language-pack-upgrader.php HTTP/1.0" 500 - "-" "Mozilla/5.0 (Windows NT 10.0; Win64; x64) AppleWebKit/537.36 (KHTML, like Gecko) Chrome/58.0.3029.110 Safari/537.3"
217.138.216.228 - - [22/Nov/2024:14:38:36 -0800] "GET /wp-admin/includes/class-pclzip.php HTTP/1.0" 200 - "-" "Mozilla/5.0 (Windows NT 6.1; Win64; x64) AppleWebKit/537.36 (KHTML, like Gecko) Chrome/80.0.3987.149 Safari/537.36"
217.138.216.228 - - [22/Nov/2024:14:38:37 -0800] "GET /wp-admin/includes/class-plugin-installer-skin.php HTTP/1.0" 500 - "-" "Mozilla/5.0 (X11; Fedora; Linux x86_64; rv:79.0) Gecko/20100101 Firefox/79.0"
217.138.216.228 - - [22/Nov/2024:14:38:38 -0800] "GET /wp-admin/includes/class-plugin-upgrader-skin.php HTTP/1.0" 500 - "-" "Mozilla/5.0 (Windows NT 10.0; Win64; x64; rv:75.0) Gecko/20100101 Firefox/75.0"
217.138.216.228 - - [22/Nov/2024:14:38:38 -0800] "GET /wp-admin/includes/class-plugin-upgrader.php HTTP/1.0" 500 - "-" "Mozilla/5.0 (Windows NT 6.1; Win64; x64) AppleWebKit/537.36 (KHTML, like Gecko) Chrome/74.0.3729.169 Safari/537.36"
217.138.216.228 - - [22/Nov/2024:14:38:39 -0800] "GET /wp-admin/includes/class-theme-installer-skin.php HTTP/1.0" 500 - "-" "Mozilla/5.0 (Windows NT 10.0; Win64; x64) AppleWebKit/537.36 (KHTML, like Gecko) Chrome/80.0.3987.149 Safari/537.36"
217.138.216.228 - - [22/Nov/2024:14:38:40 -0800] "GET /wp-admin/includes/class-theme-upgrader-skin.php HTTP/1.0" 500 - "-" "Mozilla/5.0 (Windows NT 6.3; Win64; x64; rv:73.0) Gecko/20100101 Firefox/73.0"
217.138.216.228 - - [22/Nov/2024:14:38:40 -0800] "GET /wp-admin/includes/class-theme-upgrader.php HTTP/1.0" 500 - "-" "Mozilla/5.0 (Windows NT 6.1; Win64; x64) AppleWebKit/537.36 (KHTML, like Gecko) Chrome/78.0.3904.108 Safari/537.36"
217.138.216.228 - - [22/Nov/2024:14:38:41 -0800] "GET /wp-admin/includes/class-walker-category-checklist.php HTTP/1.0" 500 - "-" "Mozilla/5.0 (X11; Linux i686; rv:79.0) Gecko/20100101 Firefox/79.0"
217.138.216.228 - - [22/Nov/2024:14:38:42 -0800] "GET /wp-admin/includes/class-walker-nav-menu-checklist.php HTTP/1.0" 500 - "-" "Mozilla/5.0 (Macintosh; Intel Mac OS X 10_12_6) AppleWebKit/537.36 (KHTML, like Gecko) Chrome/58.0.3029.110 Safari/537.3"
217.138.216.228 - - [22/Nov/2024:14:38:42 -0800] "GET /wp-admin/includes/class-walker-nav-menu-edit.php HTTP/1.0" 500 - "-" "Mozilla/5.0 (Windows NT 10.0; Win64; x64) AppleWebKit/537.36 (KHTML, like Gecko) Chrome/74.0.3729.169 Safari/537.36"
217.138.216.228 - - [22/Nov/2024:14:38:43 -0800] "GET /wp-admin/includes/class-wp-ajax-upgrader-skin.php HTTP/1.0" 500 - "-" "Mozilla/5.0 (X11; Ubuntu; Linux i686; rv:79.0) Gecko/20100101 Firefox/79.0"
217.138.216.228 - - [22/Nov/2024:14:38:43 -0800] "GET /wp-admin/includes/class-wp-automatic-updater.php HTTP/1.0" 200 - "-" "Mozilla/5.0 (Windows NT 10.0; WOW64) AppleWebKit/537.36 (KHTML, like Gecko) Chrome/84.0.4147.105 Safari/537.36"
217.138.216.228 - - [22/Nov/2024:14:38:44 -0800] "GET /wp-admin/includes/class-wp-comments-list-table.php HTTP/1.0" 500 - "-" "Mozilla/5.0 (Windows NT 10.0; Win64; x64; rv:79.0) Gecko/20100101 Firefox/79.0"
217.138.216.228 - - [22/Nov/2024:14:38:45 -0800] "GET /wp-admin/includes/class-wp-community-events.php HTTP/1.0" 200 - "-" "Mozilla/5.0 (X11; Ubuntu; Linux i686; rv:79.0) Gecko/20100101 Firefox/79.0"
217.138.216.228 - - [22/Nov/2024:14:38:45 -0800] "GET /wp-admin/includes/class-wp-debug-data.php HTTP/1.0" 200 - "-" "Mozilla/5.0 (Windows NT 10.0; Win64; x64) AppleWebKit/537.36 (KHTML, like Gecko) Chrome/79.0.3945.130 Safari/537.36"
217.138.216.228 - - [22/Nov/2024:14:38:46 -0800] "GET /wp-admin/includes/class-wp-filesystem-base.php HTTP/1.0" 200 - "-" "Mozilla/5.0 (Windows NT 6.1; Win64; x64) AppleWebKit/537.36 (KHTML, like Gecko) Chrome/74.0.3729.169 Safari/537.36"
217.138.216.228 - - [22/Nov/2024:14:38:47 -0800] "GET /wp-admin/includes/class-wp-filesystem-direct.php HTTP/1.0" 500 - "-" "Mozilla/5.0 (X11; Linux x86_64) AppleWebKit/537.36 (KHTML, like Gecko) Chrome/84.0.4147.105 Safari/537.36"
217.138.216.228 - - [22/Nov/2024:14:38:47 -0800] "GET /wp-admin/includes/class-wp-filesystem-ftpext.php HTTP/1.0" 500 - "-" "Mozilla/5.0 (Windows NT 10.0; Win64; x64; rv:77.0) Gecko/20100101 Firefox/77.0"
217.138.216.228 - - [22/Nov/2024:14:38:48 -0800] "GET /wp-admin/includes/class-wp-filesystem-ftpsockets.php HTTP/1.0" 500 - "-" "Mozilla/5.0 (Windows NT 10.0) AppleWebKit/537.36 (KHTML, like Gecko) Chrome/72.0.3626.121 Safari/537.36"
