85.208.96.205 - - [22/Nov/2024:08:54:25 -0800] "GET /?p=723&post_type=testimonial HTTP/1.0" 301 - "-" "Mozilla/5.0 (compatible; SemrushBot/7~bl; +http://www.semrush.com/bot.html)"
209.182.200.39 - - [22/Nov/2024:09:04:53 -0800] "POST /wp-cron.php?doing_wp_cron=1732295093.7655420303344726562500 HTTP/1.0" 200 - "-" "WordPress/6.7.1; https://chappellehappybirthday.click"
185.191.171.19 - - [22/Nov/2024:09:04:51 -0800] "GET /listings/accountant-required/void(0); HTTP/1.0" 301 - "-" "Mozilla/5.0 (compatible; SemrushBot/7~bl; +http://www.semrush.com/bot.html)"
85.208.96.212 - - [22/Nov/2024:09:05:04 -0800] "GET /listings/accountant-required/void(0 HTTP/1.0" 404 282097 "-" "Mozilla/5.0 (compatible; SemrushBot/7~bl; +http://www.semrush.com/bot.html)"
209.182.200.39 - - [22/Nov/2024:09:07:30 -0800] "POST /wp-cron.php?doing_wp_cron=1732295250.1139140129089355468750 HTTP/1.0" 200 - "-" "WordPress/6.7.1; https://chappellehappybirthday.click"
209.141.60.43 - - [22/Nov/2024:09:07:28 -0800] "GET /wp-login.php HTTP/1.0" 200 9244 "-" "Mozilla/5.0 (Windows NT 6.3; WOW64) AppleWebKit/537.36 (KHTML, like Gecko) Chrome/35.0.1916.153 Safari/537.36"
209.141.60.43 - - [22/Nov/2024:09:07:31 -0800] "POST /wp-login.php HTTP/1.0" 200 9756 "-" "Mozilla/5.0 (Windows NT 6.3; WOW64) AppleWebKit/537.36 (KHTML, like Gecko) Chrome/35.0.1916.153 Safari/537.36"
209.182.200.39 - - [22/Nov/2024:09:10:10 -0800] "POST /wp-cron.php?doing_wp_cron=1732295410.2739059925079345703125 HTTP/1.0" 200 - "-" "WordPress/6.7.1; https://chappellehappybirthday.click"
85.208.96.201 - - [22/Nov/2024:09:10:08 -0800] "GET /product-tag/laptop/ HTTP/1.0" 200 287290 "-" "Mozilla/5.0 (compatible; SemrushBot/7~bl; +http://www.semrush.com/bot.html)"
209.182.200.39 - - [22/Nov/2024:09:26:07 -0800] "POST /wp-cron.php?doing_wp_cron=1732296367.7509999275207519531250 HTTP/1.0" 200 - "-" "WordPress/6.7.1; https://chappellehappybirthday.click"
209.141.62.139 - - [22/Nov/2024:09:26:06 -0800] "GET /wp-login.php HTTP/1.0" 200 9244 "-" "Mozilla/5.0 (Windows NT 6.0) AppleWebKit/537.36 (KHTML, like Gecko) Chrome/36.0.1985.125 Safari/537.36"
209.141.62.139 - - [22/Nov/2024:09:26:07 -0800] "POST /wp-login.php HTTP/1.0" 200 9734 "-" "Mozilla/5.0 (Windows NT 6.0) AppleWebKit/537.36 (KHTML, like Gecko) Chrome/36.0.1985.125 Safari/537.36"
209.182.200.39 - - [22/Nov/2024:09:36:57 -0800] "POST /wp-cron.php?doing_wp_cron=1732297017.1772658824920654296875 HTTP/1.0" 200 - "-" "WordPress/6.7.1; https://chappellehappybirthday.click"
49.51.183.84 - - [22/Nov/2024:09:36:55 -0800] "GET / HTTP/1.0" 301 - "-" "Mozilla/5.0 (iPhone; CPU iPhone OS 13_2_3 like Mac OS X) AppleWebKit/605.1.15 (KHTML, like Gecko) Version/13.0.3 Mobile/15E148 Safari/604.1"
49.51.183.84 - - [22/Nov/2024:09:36:58 -0800] "GET / HTTP/1.0" 200 380021 "http://www.chappellehappybirthday.click" "Mozilla/5.0 (iPhone; CPU iPhone OS 13_2_3 like Mac OS X) AppleWebKit/605.1.15 (KHTML, like Gecko) Version/13.0.3 Mobile/15E148 Safari/604.1"
85.208.96.200 - - [22/Nov/2024:09:38:35 -0800] "GET /robots.txt HTTP/1.0" 200 30 "-" "Mozilla/5.0 (compatible; SemrushBot/7~bl; +http://www.semrush.com/bot.html)"
209.182.200.39 - - [22/Nov/2024:09:38:37 -0800] "POST /wp-cron.php?doing_wp_cron=1732297117.4648480415344238281250 HTTP/1.0" 200 - "-" "WordPress/6.7.1; https://chappellehappybirthday.click"
85.208.96.204 - - [22/Nov/2024:09:38:36 -0800] "GET /hfb-post/mobile-footer/ HTTP/1.0" 301 - "-" "Mozilla/5.0 (compatible; SemrushBot/7~bl; +http://www.semrush.com/bot.html)"
185.191.171.7 - - [22/Nov/2024:09:38:48 -0800] "GET / HTTP/1.0" 200 380628 "-" "Mozilla/5.0 (compatible; SemrushBot/7~bl; +http://www.semrush.com/bot.html)"
209.182.200.39 - - [22/Nov/2024:09:55:13 -0800] "POST /wp-cron.php?doing_wp_cron=1732298113.9071779251098632812500 HTTP/1.0" 200 - "-" "WordPress/6.7.1; https://chappellehappybirthday.click"
85.208.96.195 - - [22/Nov/2024:09:55:11 -0800] "GET /pricing-plan/?package=2 HTTP/1.0" 302 299689 "-" "Mozilla/5.0 (compatible; SemrushBot/7~bl; +http://www.semrush.com/bot.html)"
85.208.96.202 - - [22/Nov/2024:09:55:25 -0800] "GET /login/?redirect_to=https%3A%2F%2Fchappellehappybirthday.click%2Fpricing-plan%2F%3Fpackage%3D2 HTTP/1.0" 200 295703 "-" "Mozilla/5.0 (compatible; SemrushBot/7~bl; +http://www.semrush.com/bot.html)"
185.191.171.15 - - [22/Nov/2024:09:59:36 -0800] "GET /product-tag/mobile/ HTTP/1.0" 200 287292 "-" "Mozilla/5.0 (compatible; SemrushBot/7~bl; +http://www.semrush.com/bot.html)"
85.208.96.210 - - [22/Nov/2024:10:00:07 -0800] "GET /?p=12744&post_type=clients HTTP/1.0" 301 - "-" "Mozilla/5.0 (compatible; SemrushBot/7~bl; +http://www.semrush.com/bot.html)"
209.182.200.39 - - [22/Nov/2024:10:01:55 -0800] "POST /wp-cron.php?doing_wp_cron=1732298515.3905720710754394531250 HTTP/1.0" 200 - "-" "WordPress/6.7.1; https://chappellehappybirthday.click"
85.208.96.211 - - [22/Nov/2024:10:01:53 -0800] "GET /take-me-out-of-country-7/ HTTP/1.0" 200 302741 "-" "Mozilla/5.0 (compatible; SemrushBot/7~bl; +http://www.semrush.com/bot.html)"
85.208.96.211 - - [22/Nov/2024:10:01:56 -0800] "GET /take-me-out-of-country-7/ HTTP/1.0" 200 302702 "-" "Mozilla/5.0 (compatible; SemrushBot/7~bl; +http://www.semrush.com/bot.html)"
209.182.200.39 - - [22/Nov/2024:10:10:40 -0800] "POST /wp-cron.php?doing_wp_cron=1732299040.6150760650634765625000 HTTP/1.0" 200 - "-" "WordPress/6.7.1; https://chappellehappybirthday.click"
147.93.128.101 - - [22/Nov/2024:10:10:38 -0800] "GET /wp-includes/index.php HTTP/1.0" 301 - "-" "Mozlila/5.0 (Linux; Android 7.0; SM-G892A Bulid/NRD90M; wv) AppleWebKit/537.36 (KHTML, like Gecko) Version/4.0 Chrome/60.0.3112.107 Moblie Safari/537.36"
147.93.128.101 - - [22/Nov/2024:10:10:41 -0800] "GET /wp-includes/ HTTP/1.0" 200 51095 "-" "Mozlila/5.0 (Linux; Android 7.0; SM-G892A Bulid/NRD90M; wv) AppleWebKit/537.36 (KHTML, like Gecko) Version/4.0 Chrome/60.0.3112.107 Moblie Safari/537.36"
147.93.128.101 - - [22/Nov/2024:10:10:52 -0800] "GET /wp-includes/html-api/index.php HTTP/1.0" 301 - "-" "Mozlila/5.0 (Linux; Android 7.0; SM-G892A Bulid/NRD90M; wv) AppleWebKit/537.36 (KHTML, like Gecko) Version/4.0 Chrome/60.0.3112.107 Moblie Safari/537.36"
147.93.128.101 - - [22/Nov/2024:10:10:53 -0800] "GET /wp-includes/html-api/ HTTP/1.0" 200 3467 "-" "Mozlila/5.0 (Linux; Android 7.0; SM-G892A Bulid/NRD90M; wv) AppleWebKit/537.36 (KHTML, like Gecko) Version/4.0 Chrome/60.0.3112.107 Moblie Safari/537.36"
209.182.200.39 - - [22/Nov/2024:10:11:10 -0800] "POST /wp-cron.php?doing_wp_cron=1732299070.1340169906616210937500 HTTP/1.0" 200 - "-" "WordPress/6.7.1; https://chappellehappybirthday.click"
147.93.128.101 - - [22/Nov/2024:10:11:08 -0800] "GET /wp-includes/ID3/index.php HTTP/1.0" 301 - "-" "Mozlila/5.0 (Linux; Android 7.0; SM-G892A Bulid/NRD90M; wv) AppleWebKit/537.36 (KHTML, like Gecko) Version/4.0 Chrome/60.0.3112.107 Moblie Safari/537.36"
147.93.128.101 - - [22/Nov/2024:10:11:10 -0800] "GET /wp-includes/ID3/ HTTP/1.0" 200 4042 "-" "Mozlila/5.0 (Linux; Android 7.0; SM-G892A Bulid/NRD90M; wv) AppleWebKit/537.36 (KHTML, like Gecko) Version/4.0 Chrome/60.0.3112.107 Moblie Safari/537.36"
147.93.128.101 - - [22/Nov/2024:10:11:18 -0800] "GET /wp-includes/IXR/index.php HTTP/1.0" 301 - "-" "Mozlila/5.0 (Linux; Android 7.0; SM-G892A Bulid/NRD90M; wv) AppleWebKit/537.36 (KHTML, like Gecko) Version/4.0 Chrome/60.0.3112.107 Moblie Safari/537.36"
147.93.128.101 - - [22/Nov/2024:10:11:19 -0800] "GET /wp-includes/IXR/ HTTP/1.0" 200 2538 "-" "Mozlila/5.0 (Linux; Android 7.0; SM-G892A Bulid/NRD90M; wv) AppleWebKit/537.36 (KHTML, like Gecko) Version/4.0 Chrome/60.0.3112.107 Moblie Safari/537.36"
147.93.128.101 - - [22/Nov/2024:10:11:26 -0800] "GET /wp-includes/PHPMailer/index.php HTTP/1.0" 301 - "-" "Mozlila/5.0 (Linux; Android 7.0; SM-G892A Bulid/NRD90M; wv) AppleWebKit/537.36 (KHTML, like Gecko) Version/4.0 Chrome/60.0.3112.107 Moblie Safari/537.36"
147.93.128.101 - - [22/Nov/2024:10:11:28 -0800] "GET /wp-includes/PHPMailer/ HTTP/1.0" 200 1182 "-" "Mozlila/5.0 (Linux; Android 7.0; SM-G892A Bulid/NRD90M; wv) AppleWebKit/537.36 (KHTML, like Gecko) Version/4.0 Chrome/60.0.3112.107 Moblie Safari/537.36"
147.93.128.101 - - [22/Nov/2024:10:11:32 -0800] "GET /wp-content/plugins/index.php HTTP/1.0" 200 - "-" "Mozlila/5.0 (Linux; Android 7.0; SM-G892A Bulid/NRD90M; wv) AppleWebKit/537.36 (KHTML, like Gecko) Version/4.0 Chrome/60.0.3112.107 Moblie Safari/537.36"
147.93.128.101 - - [22/Nov/2024:10:11:35 -0800] "GET /wp-includes/Requests/index.php HTTP/1.0" 301 - "-" "Mozlila/5.0 (Linux; Android 7.0; SM-G892A Bulid/NRD90M; wv) AppleWebKit/537.36 (KHTML, like Gecko) Version/4.0 Chrome/60.0.3112.107 Moblie Safari/537.36"
147.93.128.101 - - [22/Nov/2024:10:11:37 -0800] "GET /wp-includes/Requests/ HTTP/1.0" 200 990 "-" "Mozlila/5.0 (Linux; Android 7.0; SM-G892A Bulid/NRD90M; wv) AppleWebKit/537.36 (KHTML, like Gecko) Version/4.0 Chrome/60.0.3112.107 Moblie Safari/537.36"
209.182.200.39 - - [22/Nov/2024:10:12:10 -0800] "POST /wp-cron.php?doing_wp_cron=1732299130.7396180629730224609375 HTTP/1.0" 200 - "-" "WordPress/6.7.1; https://chappellehappybirthday.click"
147.93.128.101 - - [22/Nov/2024:10:12:07 -0800] "GET /wp-includes/Requests/Auth/index.php HTTP/1.0" 301 - "-" "Mozlila/5.0 (Linux; Android 7.0; SM-G892A Bulid/NRD90M; wv) AppleWebKit/537.36 (KHTML, like Gecko) Version/4.0 Chrome/60.0.3112.107 Moblie Safari/537.36"
209.182.200.39 - - [22/Nov/2024:10:14:11 -0800] "POST /wp-cron.php?doing_wp_cron=1732299251.4694929122924804687500 HTTP/1.0" 200 - "-" "WordPress/6.7.1; https://chappellehappybirthday.click"
85.208.96.206 - - [22/Nov/2024:10:14:09 -0800] "GET /?p=12756&post_type=clients HTTP/1.0" 301 - "-" "Mozilla/5.0 (compatible; SemrushBot/7~bl; +http://www.semrush.com/bot.html)"
167.71.172.36 - - [22/Nov/2024:10:26:46 -0800] "GET / HTTP/1.0" 301 - "-" "Mozilla/5.0 (X11; Linux x86_64) AppleWebKit/537.36 (KHTML, like Gecko) Chrome/129.0.0.0 Safari/537.36"
209.182.200.39 - - [22/Nov/2024:10:26:51 -0800] "POST /wp-cron.php?doing_wp_cron=1732300009.6016530990600585937500 HTTP/1.0" 200 - "-" "WordPress/6.7.1; https://chappellehappybirthday.click"
209.182.200.39 - - [22/Nov/2024:10:37:42 -0800] "POST /wp-cron.php?doing_wp_cron=1732300662.4522340297698974609375 HTTP/1.0" 200 - "-" "WordPress/6.7.1; https://chappellehappybirthday.click"
104.244.79.252 - - [22/Nov/2024:10:37:40 -0800] "GET /wp-login.php HTTP/1.0" 200 9244 "-" "Mozilla/5.0 (Windows NT 6.3; WOW64) AppleWebKit/537.36 (KHTML, like Gecko) Chrome/36.0.1985.125 Safari/537.36"
104.244.79.252 - - [22/Nov/2024:10:37:42 -0800] "POST /wp-login.php HTTP/1.0" 200 9734 "-" "Mozilla/5.0 (Windows NT 6.3; WOW64) AppleWebKit/537.36 (KHTML, like Gecko) Chrome/36.0.1985.125 Safari/537.36"
209.182.200.39 - - [22/Nov/2024:10:38:35 -0800] "POST /wp-cron.php?doing_wp_cron=1732300715.2937750816345214843750 HTTP/1.0" 200 - "-" "WordPress/6.7.1; https://chappellehappybirthday.click"
85.208.96.195 - - [22/Nov/2024:10:38:33 -0800] "GET /checkout-2/ HTTP/1.0" 302 - "-" "Mozilla/5.0 (compatible; SemrushBot/7~bl; +http://www.semrush.com/bot.html)"
185.191.171.10 - - [22/Nov/2024:10:38:46 -0800] "GET /cart-2/ HTTP/1.0" 200 349626 "-" "Mozilla/5.0 (compatible; SemrushBot/7~bl; +http://www.semrush.com/bot.html)"
85.208.96.207 - - [22/Nov/2024:10:39:30 -0800] "GET /robots.txt HTTP/1.0" 200 30 "-" "Mozilla/5.0 (compatible; SemrushBot/7~bl; +http://www.semrush.com/bot.html)"
209.182.200.39 - - [22/Nov/2024:10:39:33 -0800] "POST /wp-cron.php?doing_wp_cron=1732300773.1036820411682128906250 HTTP/1.0" 200 - "-" "WordPress/6.7.1; https://chappellehappybirthday.click"
85.208.96.197 - - [22/Nov/2024:10:39:31 -0800] "GET /?p=12742&post_type=clients HTTP/1.0" 301 - "-" "Mozilla/5.0 (compatible; SemrushBot/7~bl; +http://www.semrush.com/bot.html)"
209.182.200.39 - - [22/Nov/2024:10:46:00 -0800] "POST /wp-cron.php?doing_wp_cron=1732301160.0334401130676269531250 HTTP/1.0" 200 - "-" "WordPress/6.7.1; https://chappellehappybirthday.click"
85.208.96.195 - - [22/Nov/2024:10:45:58 -0800] "GET /?p=1293&post_type=clients HTTP/1.0" 301 - "-" "Mozilla/5.0 (compatible; SemrushBot/7~bl; +http://www.semrush.com/bot.html)"
209.182.200.39 - - [22/Nov/2024:10:46:41 -0800] "POST /wp-cron.php?doing_wp_cron=1732301200.8597860336303710937500 HTTP/1.0" 200 - "-" "WordPress/6.7.1; https://chappellehappybirthday.click"
209.141.35.195 - - [22/Nov/2024:10:46:39 -0800] "GET /wp-login.php HTTP/1.0" 200 9244 "-" "Mozilla/5.0 (X11; Linux x86_64) AppleWebKit/537.36 (KHTML, like Gecko) Ubuntu Chromium/36.0.1985.125 Chrome/36.0.1985.125 Safari/537.36"
209.182.200.39 - - [22/Nov/2024:10:48:41 -0800] "POST /wp-cron.php?doing_wp_cron=1732301321.1655011177062988281250 HTTP/1.0" 200 - "-" "WordPress/6.7.1; https://chappellehappybirthday.click"
107.189.1.73 - - [22/Nov/2024:10:48:39 -0800] "GET /wp-login.php HTTP/1.0" 200 9244 "-" "Mozilla/5.0 (Macintosh; Intel Mac OS X 10_7_5) AppleWebKit/537.36 (KHTML, like Gecko) Chrome/36.0.1985.125 Safari/537.36"
107.189.1.73 - - [22/Nov/2024:10:48:42 -0800] "POST /wp-login.php HTTP/1.0" 200 9756 "-" "Mozilla/5.0 (Macintosh; Intel Mac OS X 10_7_5) AppleWebKit/537.36 (KHTML, like Gecko) Chrome/36.0.1985.125 Safari/537.36"
209.182.200.39 - - [22/Nov/2024:10:50:39 -0800] "POST /wp-cron.php?doing_wp_cron=1732301439.8830370903015136718750 HTTP/1.0" 200 - "-" "WordPress/6.7.1; https://chappellehappybirthday.click"
185.147.125.18 - - [22/Nov/2024:10:50:38 -0800] "GET / HTTP/1.0" 301 - "http://chappellehappybirthday.click/" "Mozilla/5.0 (Windows NT 10.0.0; Win64; x64; ) AppleWebKit/537.36 (KHTML, like Gecko) Chrome/124.0.6367.91 Chrome/124.0.6367.91 Not-A.Brand/99 Safari/537.36"
185.147.125.18 - - [22/Nov/2024:10:50:40 -0800] "GET / HTTP/1.0" 200 380570 "https://chappellehappybirthday.click/" "Mozilla/5.0 (Windows NT 10.0.0; Win64; x64; ) AppleWebKit/537.36 (KHTML, like Gecko) Chrome/124.0.6367.91 Chrome/124.0.6367.91 Not-A.Brand/99 Safari/537.36"
185.147.125.18 - - [22/Nov/2024:10:50:44 -0800] "GET /contact-2/ HTTP/1.0" 200 309868 "https://chappellehappybirthday.click/contact-2/" "Mozilla/5.0 (Windows NT 10.0.0; Win64; x64; ) AppleWebKit/537.36 (KHTML, like Gecko) Chrome/124.0.6367.91 Chrome/124.0.6367.91 Not-A.Brand/99 Safari/537.36"
185.147.125.18 - - [22/Nov/2024:10:50:47 -0800] "POST /wp-admin/admin-ajax.php HTTP/1.0" 400 1 "https://chappellehappybirthday.click/contact-2/" "Mozilla/5.0 (Windows NT 10.0.0; Win64; x64; ) AppleWebKit/537.36 (KHTML, like Gecko) Chrome/124.0.6367.91 Chrome/124.0.6367.91 Not-A.Brand/99 Safari/537.36"
209.182.200.39 - - [22/Nov/2024:10:56:37 -0800] "POST /wp-cron.php?doing_wp_cron=1732301797.4833569526672363281250 HTTP/1.0" 200 - "-" "WordPress/6.7.1; https://chappellehappybirthday.click"
185.191.171.13 - - [22/Nov/2024:10:56:36 -0800] "GET /?p=1300&post_type=clients HTTP/1.0" 301 - "-" "Mozilla/5.0 (compatible; SemrushBot/7~bl; +http://www.semrush.com/bot.html)"
209.182.200.39 - - [22/Nov/2024:10:57:54 -0800] "POST /wp-cron.php?doing_wp_cron=1732301874.5644121170043945312500 HTTP/1.0" 200 - "-" "WordPress/6.7.1; https://chappellehappybirthday.click"
217.144.191.209 - - [22/Nov/2024:10:57:52 -0800] "GET /wp-content/plugins/wordpresss3cll/includes.php HTTP/1.0" 404 280286 "www.google.com" "Mozlila/5.0 (Linux; Android 7.0; SM-G892A Build/NRD90M; wv) AppleWebKit/537.36 (KHTML, like Gecko) Version/4.0 Chrome/60.0.3112.107 Mobile Safari/537.36"
209.182.200.39 - - [22/Nov/2024:11:07:50 -0800] "POST /wp-cron.php?doing_wp_cron=1732302470.8517129421234130859375 HTTP/1.0" 200 - "-" "WordPress/6.7.1; https://chappellehappybirthday.click"
85.208.96.203 - - [22/Nov/2024:11:07:48 -0800] "GET /take-me-out-of-country-6/ HTTP/1.0" 200 303323 "-" "Mozilla/5.0 (compatible; SemrushBot/7~bl; +http://www.semrush.com/bot.html)"
85.208.96.203 - - [22/Nov/2024:11:07:52 -0800] "GET /take-me-out-of-country-6/ HTTP/1.0" 200 303284 "-" "Mozilla/5.0 (compatible; SemrushBot/7~bl; +http://www.semrush.com/bot.html)"
209.182.200.39 - - [22/Nov/2024:11:09:54 -0800] "POST /wp-cron.php?doing_wp_cron=1732302594.1435160636901855468750 HTTP/1.0" 200 - "-" "WordPress/6.7.1; https://chappellehappybirthday.click"
107.189.3.107 - - [22/Nov/2024:11:09:52 -0800] "GET /wp-login.php HTTP/1.0" 200 9244 "-" "Mozilla/5.0 (iPhone; CPU iPhone OS 7_1_2 like Mac OS X) AppleWebKit/537.51.1 (KHTML, like Gecko) GSA/4.1.0.31802 Mobile/11D257 Safari/9537.53"
107.189.3.107 - - [22/Nov/2024:11:09:54 -0800] "POST /wp-login.php HTTP/1.0" 200 9728 "-" "Mozilla/5.0 (iPhone; CPU iPhone OS 7_1_2 like Mac OS X) AppleWebKit/537.51.1 (KHTML, like Gecko) GSA/4.1.0.31802 Mobile/11D257 Safari/9537.53"
209.182.200.39 - - [22/Nov/2024:11:14:07 -0800] "POST /wp-cron.php?doing_wp_cron=1732302847.6236770153045654296875 HTTP/1.0" 200 - "-" "WordPress/6.7.1; https://chappellehappybirthday.click"
51.222.253.9 - - [22/Nov/2024:11:14:05 -0800] "GET /listings/business-place/new-zealand/ HTTP/1.0" 200 288248 "-" "Mozilla/5.0 (compatible; AhrefsBot/7.0; +http://ahrefs.com/robot/)"
85.208.96.211 - - [22/Nov/2024:11:14:26 -0800] "GET /listings/little-bright-dog/ HTTP/1.0" 200 334744 "-" "Mozilla/5.0 (compatible; SemrushBot/7~bl; +http://www.semrush.com/bot.html)"
51.222.253.6 - - [22/Nov/2024:11:19:35 -0800] "GET /listings/business-category/hotels-travel/tour-guide/ HTTP/1.0" 200 288264 "-" "Mozilla/5.0 (compatible; AhrefsBot/7.0; +http://ahrefs.com/robot/)"
185.191.171.17 - - [22/Nov/2024:11:19:41 -0800] "GET /?p=1296&post_type=clients HTTP/1.0" 301 - "-" "Mozilla/5.0 (compatible; SemrushBot/7~bl; +http://www.semrush.com/bot.html)"
209.182.200.39 - - [22/Nov/2024:11:21:30 -0800] "POST /wp-cron.php?doing_wp_cron=1732303290.5907289981842041015625 HTTP/1.0" 200 - "-" "WordPress/6.7.1; https://chappellehappybirthday.click"
185.191.171.14 - - [22/Nov/2024:11:21:29 -0800] "GET /?p=720&post_type=testimonial HTTP/1.0" 301 - "-" "Mozilla/5.0 (compatible; SemrushBot/7~bl; +http://www.semrush.com/bot.html)"
209.182.200.39 - - [22/Nov/2024:11:23:45 -0800] "POST /wp-cron.php?doing_wp_cron=1732303425.2629361152648925781250 HTTP/1.0" 200 - "-" "WordPress/6.7.1; https://chappellehappybirthday.click"
185.191.171.1 - - [22/Nov/2024:11:23:43 -0800] "GET /take-me-out-of-country-9/ HTTP/1.0" 200 302828 "-" "Mozilla/5.0 (compatible; SemrushBot/7~bl; +http://www.semrush.com/bot.html)"
185.191.171.1 - - [22/Nov/2024:11:23:46 -0800] "GET /take-me-out-of-country-9/ HTTP/1.0" 200 302789 "-" "Mozilla/5.0 (compatible; SemrushBot/7~bl; +http://www.semrush.com/bot.html)"
46.101.1.225 - - [22/Nov/2024:11:26:04 -0800] "GET / HTTP/1.0" 406 300 "-" "-"
209.182.200.39 - - [22/Nov/2024:11:26:07 -0800] "POST /wp-cron.php?doing_wp_cron=1732303567.0444009304046630859375 HTTP/1.0" 200 - "-" "WordPress/6.7.1; https://chappellehappybirthday.click"
46.101.1.225 - - [22/Nov/2024:11:26:05 -0800] "GET / HTTP/1.0" 301 - "-" "Mozilla/5.0 (Linux; Android 6.0; HTC One M9 Build/MRA421096) AppleWebKit/537.36 (KHTML, like Gecko) Chrome/52.0.3518.98 Mobile Safari/537.3"
46.101.1.225 - - [22/Nov/2024:11:26:07 -0800] "GET /server HTTP/1.0" 404 281999 "-" "Go-http-client/1.1"
46.101.1.225 - - [22/Nov/2024:11:26:09 -0800] "GET /.vscode/sftp.json HTTP/1.0" 404 281971 "-" "Go-http-client/1.1"
46.101.1.225 - - [22/Nov/2024:11:26:11 -0800] "GET /about HTTP/1.0" 404 281998 "-" "Go-http-client/1.1"
46.101.1.225 - - [22/Nov/2024:11:26:13 -0800] "GET /debug/default/view?panel=config HTTP/1.0" 404 281813 "-" "Go-http-client/1.1"
46.101.1.225 - - [22/Nov/2024:11:26:15 -0800] "GET /v2/_catalog HTTP/1.0" 404 282004 "-" "Go-http-client/1.1"
46.101.1.225 - - [22/Nov/2024:11:26:17 -0800] "GET /ecp/Current/exporttool/microsoft.exchange.ediscovery.exporttool.application HTTP/1.0" 404 281857 "-" "Go-http-client/1.1"
46.101.1.225 - - [22/Nov/2024:11:26:19 -0800] "GET /server-status HTTP/1.0" 403 228 "-" "Go-http-client/1.1"
46.101.1.225 - - [22/Nov/2024:11:26:19 -0800] "GET /login.action HTTP/1.0" 404 281966 "-" "Go-http-client/1.1"
46.101.1.225 - - [22/Nov/2024:11:26:21 -0800] "GET /_all_dbs HTTP/1.0" 404 282001 "-" "Mozilla/5.0 (l9scan/2.0.435323e2230323e2238313e2930323; +https://leakix.net)"
46.101.1.225 - - [22/Nov/2024:11:26:23 -0800] "GET /.DS_Store HTTP/1.0" 404 281963 "-" "Go-http-client/1.1"
46.101.1.225 - - [22/Nov/2024:11:26:25 -0800] "GET /.env HTTP/1.0" 406 300 "-" "Go-http-client/1.1"
46.101.1.225 - - [22/Nov/2024:11:26:25 -0800] "GET /.git/config HTTP/1.0" 406 300 "-" "Go-http-client/1.1"
46.101.1.225 - - [22/Nov/2024:11:26:25 -0800] "GET /s/435323e2230323e2238313e2930323/_/;/META-INF/maven/com.atlassian.jira/jira-webapp-dist/pom.properties HTTP/1.0" 404 281884 "-" "Go-http-client/1.1"
46.101.1.225 - - [22/Nov/2024:11:26:27 -0800] "GET /config.json HTTP/1.0" 404 281965 "-" "Go-http-client/1.1"
46.101.1.225 - - [22/Nov/2024:11:26:29 -0800] "GET /telescope/requests HTTP/1.0" 404 282011 "-" "Go-http-client/1.1"
46.101.1.225 - - [22/Nov/2024:11:26:31 -0800] "GET /?rest_route=/wp/v2/users/ HTTP/1.0" 200 1345 "-" "Go-http-client/1.1"
209.182.200.39 - - [22/Nov/2024:11:30:38 -0800] "POST /wp-cron.php?doing_wp_cron=1732303838.3917169570922851562500 HTTP/1.0" 200 - "-" "WordPress/6.7.1; https://chappellehappybirthday.click"
185.191.171.10 - - [22/Nov/2024:11:30:36 -0800] "GET /product/back-wireless-headphones/ HTTP/1.0" 200 294219 "-" "Mozilla/5.0 (compatible; SemrushBot/7~bl; +http://www.semrush.com/bot.html)"
185.191.171.3 - - [22/Nov/2024:11:56:53 -0800] "GET /robots.txt HTTP/1.0" 200 30 "-" "Mozilla/5.0 (compatible; SemrushBot/7~bl; +http://www.semrush.com/bot.html)"
209.182.200.39 - - [22/Nov/2024:11:56:58 -0800] "POST /wp-cron.php?doing_wp_cron=1732305418.5242180824279785156250 HTTP/1.0" 200 - "-" "WordPress/6.7.1; https://chappellehappybirthday.click"
85.208.96.194 - - [22/Nov/2024:11:56:56 -0800] "GET /hfb-post/header-2/ HTTP/1.0" 301 - "-" "Mozilla/5.0 (compatible; SemrushBot/7~bl; +http://www.semrush.com/bot.html)"
85.208.96.200 - - [22/Nov/2024:12:19:36 -0800] "GET /product-tag/dresses/ HTTP/1.0" 200 287334 "-" "Mozilla/5.0 (compatible; SemrushBot/7~bl; +http://www.semrush.com/bot.html)"
185.191.171.18 - - [22/Nov/2024:12:40:49 -0800] "GET /?p=12935&post_type=testimonial HTTP/1.0" 301 - "-" "Mozilla/5.0 (compatible; SemrushBot/7~bl; +http://www.semrush.com/bot.html)"
209.182.200.39 - - [22/Nov/2024:12:51:13 -0800] "POST /wp-cron.php?doing_wp_cron=1732308673.4307971000671386718750 HTTP/1.0" 200 - "-" "WordPress/6.7.1; https://chappellehappybirthday.click"
185.191.171.11 - - [22/Nov/2024:12:51:11 -0800] "GET /?p=180&post_type=clients HTTP/1.0" 301 - "-" "Mozilla/5.0 (compatible; SemrushBot/7~bl; +http://www.semrush.com/bot.html)"
209.182.200.39 - - [22/Nov/2024:12:59:55 -0800] "POST /wp-cron.php?doing_wp_cron=1732309195.0024960041046142578125 HTTP/1.0" 200 - "-" "WordPress/6.7.1; https://chappellehappybirthday.click"
52.167.144.194 - - [22/Nov/2024:12:59:52 -0800] "GET /product-tag/hotel/ HTTP/1.0" 200 287271 "-" "Mozilla/5.0 AppleWebKit/537.36 (KHTML, like Gecko; compatible; bingbot/2.0; +http://www.bing.com/bingbot.htm) Chrome/116.0.1938.76 Safari/537.36"
209.182.200.39 - - [22/Nov/2024:13:11:00 -0800] "POST /wp-cron.php?doing_wp_cron=1732309860.5434811115264892578125 HTTP/1.0" 200 - "-" "WordPress/6.7.1; https://chappellehappybirthday.click"
50.18.99.69 - - [22/Nov/2024:13:10:58 -0800] "GET / HTTP/1.0" 301 - "-" "Mozilla/5.0 (X11; Linux x86_64) AppleWebKit/537.36 (KHTML, like Gecko) Chrome/51.0.2704.103 Safari/537.36"
50.18.99.69 - - [22/Nov/2024:13:11:00 -0800] "GET / HTTP/1.0" 200 380637 "-" "Mozilla/5.0 (X11; Linux x86_64) AppleWebKit/537.36 (KHTML, like Gecko) Chrome/51.0.2704.103 Safari/537.36"
185.191.171.3 - - [22/Nov/2024:13:17:35 -0800] "GET /robots.txt HTTP/1.0" 200 30 "-" "Mozilla/5.0 (compatible; SemrushBot/7~bl; +http://www.semrush.com/bot.html)"
209.182.200.39 - - [22/Nov/2024:13:17:39 -0800] "POST /wp-cron.php?doing_wp_cron=1732310259.2092781066894531250000 HTTP/1.0" 200 - "-" "WordPress/6.7.1; https://chappellehappybirthday.click"
185.191.171.15 - - [22/Nov/2024:13:17:37 -0800] "GET /?p=12751&post_type=clients HTTP/1.0" 301 - "-" "Mozilla/5.0 (compatible; SemrushBot/7~bl; +http://www.semrush.com/bot.html)"
152.42.220.94 - - [22/Nov/2024:13:19:21 -0800] "GET /wp-admin/setup-config.php?step=1 HTTP/1.0" 409 2665 "-" "Apache/2.4.34 (Ubuntu) OpenSSL/1.1.1 (internal dummy connection)"
209.182.200.39 - - [22/Nov/2024:13:19:23 -0800] "POST /wp-cron.php?doing_wp_cron=1732310363.8746230602264404296875 HTTP/1.0" 200 - "-" "WordPress/6.7.1; https://chappellehappybirthday.click"
152.42.220.94 - - [22/Nov/2024:13:19:22 -0800] "GET /wordpress/wp-admin/setup-config.php?step=1 HTTP/1.0" 404 281758 "-" "Apache/2.4.34 (Ubuntu) OpenSSL/1.1.1 (internal dummy connection)"
209.182.200.39 - - [22/Nov/2024:13:20:32 -0800] "POST /wp-cron.php?doing_wp_cron=1732310432.7896709442138671875000 HTTP/1.0" 200 - "-" "WordPress/6.7.1; https://chappellehappybirthday.click"
85.208.96.205 - - [22/Nov/2024:13:20:31 -0800] "GET /?p=12754&post_type=clients HTTP/1.0" 301 - "-" "Mozilla/5.0 (compatible; SemrushBot/7~bl; +http://www.semrush.com/bot.html)"
209.182.200.39 - - [22/Nov/2024:13:22:11 -0800] "POST /wp-cron.php?doing_wp_cron=1732310531.1138949394226074218750 HTTP/1.0" 200 - "-" "WordPress/6.7.1; https://chappellehappybirthday.click"
85.208.96.210 - - [22/Nov/2024:13:22:09 -0800] "GET /take-me-out-of-country-4/ HTTP/1.0" 200 302744 "-" "Mozilla/5.0 (compatible; SemrushBot/7~bl; +http://www.semrush.com/bot.html)"
85.208.96.210 - - [22/Nov/2024:13:22:13 -0800] "GET /take-me-out-of-country-4/ HTTP/1.0" 200 302705 "-" "Mozilla/5.0 (compatible; SemrushBot/7~bl; +http://www.semrush.com/bot.html)"
209.182.200.39 - - [22/Nov/2024:13:30:15 -0800] "POST /wp-cron.php?doing_wp_cron=1732311015.0235888957977294921875 HTTP/1.0" 200 - "-" "WordPress/6.7.1; https://chappellehappybirthday.click"
52.195.210.12 - - [22/Nov/2024:13:30:13 -0800] "GET /wp-login.php HTTP/1.0" 302 - "-" "Mozilla/5.0"
52.195.210.12 - - [22/Nov/2024:13:30:15 -0800] "GET /wp-login.php HTTP/1.0" 200 9244 "-" "Mozilla/5.0"
52.195.210.12 - - [22/Nov/2024:13:30:17 -0800] "GET /?author=1 HTTP/1.0" 301 - "-" "Mozilla/5.0"
52.195.210.12 - - [22/Nov/2024:13:30:18 -0800] "GET /?author=2 HTTP/1.0" 200 283755 "-" "Mozilla/5.0"
52.195.210.12 - - [22/Nov/2024:13:30:20 -0800] "GET /?author=3 HTTP/1.0" 200 283749 "-" "Mozilla/5.0"
52.195.210.12 - - [22/Nov/2024:13:30:22 -0800] "GET /?author=4 HTTP/1.0" 200 283845 "-" "Mozilla/5.0"
52.195.210.12 - - [22/Nov/2024:13:30:24 -0800] "GET /?author=5 HTTP/1.0" 301 - "-" "Mozilla/5.0"
52.195.210.12 - - [22/Nov/2024:13:30:26 -0800] "GET /?author=6 HTTP/1.0" 200 283791 "-" "Mozilla/5.0"
52.195.210.12 - - [22/Nov/2024:13:30:28 -0800] "GET /?author=7 HTTP/1.0" 404 282205 "-" "Mozilla/5.0"
209.182.200.39 - - [22/Nov/2024:13:44:56 -0800] "POST /wp-cron.php?doing_wp_cron=1732311895.9680418968200683593750 HTTP/1.0" 200 - "-" "WordPress/6.7.1; https://chappellehappybirthday.click"
185.191.171.14 - - [22/Nov/2024:13:44:53 -0800] "GET /hfb-post/footer-classiads-malt/ HTTP/1.0" 301 - "-" "Mozilla/5.0 (compatible; SemrushBot/7~bl; +http://www.semrush.com/bot.html)"
209.182.200.39 - - [22/Nov/2024:13:46:10 -0800] "POST /wp-cron.php?doing_wp_cron=1732311970.0312469005584716796875 HTTP/1.0" 200 - "-" "WordPress/6.7.1; https://chappellehappybirthday.click"
85.208.96.208 - - [22/Nov/2024:13:46:05 -0800] "GET /?p=907&post_type=clients HTTP/1.0" 301 - "-" "Mozilla/5.0 (compatible; SemrushBot/7~bl; +http://www.semrush.com/bot.html)"
209.182.200.39 - - [22/Nov/2024:14:03:05 -0800] "POST /wp-cron.php?doing_wp_cron=1732312985.8999550342559814453125 HTTP/1.0" 200 - "-" "WordPress/6.7.1; https://chappellehappybirthday.click"
185.191.171.11 - - [22/Nov/2024:14:03:03 -0800] "GET /categories-2-2/ HTTP/1.0" 200 323399 "-" "Mozilla/5.0 (compatible; SemrushBot/7~bl; +http://www.semrush.com/bot.html)"
209.182.200.39 - - [22/Nov/2024:14:06:31 -0800] "POST /wp-cron.php?doing_wp_cron=1732313191.7275300025939941406250 HTTP/1.0" 200 - "-" "WordPress/6.7.1; https://chappellehappybirthday.click"
85.208.96.206 - - [22/Nov/2024:14:06:30 -0800] "GET /product-tag/booking/ HTTP/1.0" 200 287287 "-" "Mozilla/5.0 (compatible; SemrushBot/7~bl; +http://www.semrush.com/bot.html)"
209.182.200.39 - - [22/Nov/2024:14:07:09 -0800] "POST /wp-cron.php?doing_wp_cron=1732313229.1458370685577392578125 HTTP/1.0" 200 - "-" "WordPress/6.7.1; https://chappellehappybirthday.click"
205.185.123.37 - - [22/Nov/2024:14:07:07 -0800] "GET /wp-login.php HTTP/1.0" 200 9244 "-" "Mozilla/5.0 (Windows NT 6.1; WOW64; rv:30.0) Gecko/20100101 Firefox/30.0"
205.185.123.37 - - [22/Nov/2024:14:07:09 -0800] "POST /wp-login.php HTTP/1.0" 200 9734 "-" "Mozilla/5.0 (Windows NT 6.1; WOW64; rv:30.0) Gecko/20100101 Firefox/30.0"
209.182.200.39 - - [22/Nov/2024:14:08:15 -0800] "POST /wp-cron.php?doing_wp_cron=1732313295.2473449707031250000000 HTTP/1.0" 200 - "-" "WordPress/6.7.1; https://chappellehappybirthday.click"
51.222.253.3 - - [22/Nov/2024:14:08:13 -0800] "GET /product-tag/forsale/ HTTP/1.0" 200 287300 "-" "Mozilla/5.0 (compatible; AhrefsBot/7.0; +http://ahrefs.com/robot/)"
209.182.200.39 - - [22/Nov/2024:14:16:31 -0800] "POST /wp-cron.php?doing_wp_cron=1732313791.5472629070281982421875 HTTP/1.0" 200 - "-" "WordPress/6.7.1; https://chappellehappybirthday.click"
85.208.96.193 - - [22/Nov/2024:14:16:29 -0800] "GET /product-tag/cleaning/ HTTP/1.0" 200 287330 "-" "Mozilla/5.0 (compatible; SemrushBot/7~bl; +http://www.semrush.com/bot.html)"
209.182.200.39 - - [22/Nov/2024:14:17:10 -0800] "POST /wp-cron.php?doing_wp_cron=1732313830.5709280967712402343750 HTTP/1.0" 200 - "-" "WordPress/6.7.1; https://chappellehappybirthday.click"
51.222.253.1 - - [22/Nov/2024:14:17:09 -0800] "GET /product/laptop-for-sale-2/ HTTP/1.0" 200 299671 "-" "Mozilla/5.0 (compatible; AhrefsBot/7.0; +http://ahrefs.com/robot/)"
185.191.171.9 - - [22/Nov/2024:14:25:10 -0800] "GET /robots.txt HTTP/1.0" 200 30 "-" "Mozilla/5.0 (compatible; SemrushBot/7~bl; +http://www.semrush.com/bot.html)"
209.182.200.39 - - [22/Nov/2024:14:25:12 -0800] "POST /wp-cron.php?doing_wp_cron=1732314312.4846279621124267578125 HTTP/1.0" 200 - "-" "WordPress/6.7.1; https://chappellehappybirthday.click"
185.191.171.6 - - [22/Nov/2024:14:25:10 -0800] "GET /hfb-post/mobile-header/ HTTP/1.0" 301 - "-" "Mozilla/5.0 (compatible; SemrushBot/7~bl; +http://www.semrush.com/bot.html)"
209.182.200.39 - - [22/Nov/2024:14:27:25 -0800] "POST /wp-cron.php?doing_wp_cron=1732314445.2539501190185546875000 HTTP/1.0" 200 - "-" "WordPress/6.7.1; https://chappellehappybirthday.click"
85.208.96.208 - - [22/Nov/2024:14:27:23 -0800] "GET /product/laptop-for-sale-2/ HTTP/1.0" 200 299632 "-" "Mozilla/5.0 (compatible; SemrushBot/7~bl; +http://www.semrush.com/bot.html)"
85.208.96.208 - - [22/Nov/2024:14:27:26 -0800] "GET /product/laptop-for-sale-2/ HTTP/1.0" 200 299632 "-" "Mozilla/5.0 (compatible; SemrushBot/7~bl; +http://www.semrush.com/bot.html)"
209.182.200.39 - - [22/Nov/2024:14:35:06 -0800] "POST /wp-cron.php?doing_wp_cron=1732314906.0931150913238525390625 HTTP/1.0" 200 - "-" "WordPress/6.7.1; https://chappellehappybirthday.click"
185.191.171.3 - - [22/Nov/2024:14:35:04 -0800] "GET /take-me-out-of-country-2/ HTTP/1.0" 200 302607 "-" "Mozilla/5.0 (compatible; SemrushBot/7~bl; +http://www.semrush.com/bot.html)"
185.191.171.3 - - [22/Nov/2024:14:35:07 -0800] "GET /take-me-out-of-country-2/ HTTP/1.0" 200 302568 "-" "Mozilla/5.0 (compatible; SemrushBot/7~bl; +http://www.semrush.com/bot.html)"
209.182.200.39 - - [22/Nov/2024:14:39:23 -0800] "POST /wp-cron.php?doing_wp_cron=1732315163.6225318908691406250000 HTTP/1.0" 200 - "-" "WordPress/6.7.1; https://chappellehappybirthday.click"
185.191.171.11 - - [22/Nov/2024:14:39:22 -0800] "GET /?p=1301&post_type=clients HTTP/1.0" 301 - "-" "Mozilla/5.0 (compatible; SemrushBot/7~bl; +http://www.semrush.com/bot.html)"
209.182.200.39 - - [22/Nov/2024:14:41:24 -0800] "POST /wp-cron.php?doing_wp_cron=1732315284.4037969112396240234375 HTTP/1.0" 200 - "-" "WordPress/6.7.1; https://chappellehappybirthday.click"
107.189.3.107 - - [22/Nov/2024:14:41:23 -0800] "GET /wp-login.php HTTP/1.0" 200 9244 "-" "Mozilla/5.0 (Macintosh; Intel Mac OS X 10_9_2) AppleWebKit/537.36 (KHTML, like Gecko) Chrome/36.0.1985.125 Safari/537.36"
107.189.3.107 - - [22/Nov/2024:14:41:24 -0800] "POST /wp-login.php HTTP/1.0" 200 9716 "-" "Mozilla/5.0 (Macintosh; Intel Mac OS X 10_9_2) AppleWebKit/537.36 (KHTML, like Gecko) Chrome/36.0.1985.125 Safari/537.36"
209.182.200.39 - - [22/Nov/2024:14:49:41 -0800] "POST /wp-cron.php?doing_wp_cron=1732315781.4494171142578125000000 HTTP/1.0" 200 - "-" "WordPress/6.7.1; https://chappellehappybirthday.click"
185.191.171.16 - - [22/Nov/2024:14:49:39 -0800] "GET /product/gold/ HTTP/1.0" 200 297427 "-" "Mozilla/5.0 (compatible; SemrushBot/7~bl; +http://www.semrush.com/bot.html)"
165.22.62.110 - - [22/Nov/2024:14:51:38 -0800] "GET /sftp-config.json HTTP/1.0" 406 300 "-" "Mozilla/5.0 (Macintosh; Intel Mac OS X 10.15; rv:77.0) Gecko/20100101 Firefox/77.0"
209.182.200.39 - - [22/Nov/2024:14:51:40 -0800] "POST /wp-cron.php?doing_wp_cron=1732315900.7966260910034179687500 HTTP/1.0" 200 - "-" "WordPress/6.7.1; https://chappellehappybirthday.click"
165.22.62.110 - - [22/Nov/2024:14:51:39 -0800] "GET /.vscode/sftp.json HTTP/1.0" 404 281905 "-" "Mozilla/5.0 (Macintosh; Intel Mac OS X 10.15; rv:77.0) Gecko/20100101 Firefox/77.0"
165.22.62.110 - - [22/Nov/2024:14:51:41 -0800] "GET /.vscode/ftp-sync.json HTTP/1.0" 404 281909 "-" "Mozilla/5.0 (Macintosh; Intel Mac OS X 10.15; rv:77.0) Gecko/20100101 Firefox/77.0"
165.22.62.110 - - [22/Nov/2024:14:51:44 -0800] "GET /.ftpconfig HTTP/1.0" 404 281898 "-" "Mozilla/5.0 (Macintosh; Intel Mac OS X 10.15; rv:77.0) Gecko/20100101 Firefox/77.0"
165.22.62.110 - - [22/Nov/2024:14:51:46 -0800] "GET /ftpsync.settings HTTP/1.0" 404 281904 "-" "Mozilla/5.0 (Macintosh; Intel Mac OS X 10.15; rv:77.0) Gecko/20100101 Firefox/77.0"
165.22.62.110 - - [22/Nov/2024:14:51:49 -0800] "GET /ftp-sync.json HTTP/1.0" 404 281901 "-" "Mozilla/5.0 (Macintosh; Intel Mac OS X 10.15; rv:77.0) Gecko/20100101 Firefox/77.0"
165.22.62.110 - - [22/Nov/2024:14:51:51 -0800] "GET /.ftp-sync.json HTTP/1.0" 404 281902 "-" "Mozilla/5.0 (Macintosh; Intel Mac OS X 10.15; rv:77.0) Gecko/20100101 Firefox/77.0"
209.182.200.39 - - [22/Nov/2024:15:07:19 -0800] "POST /wp-cron.php?doing_wp_cron=1732316839.3019430637359619140625 HTTP/1.0" 200 - "-" "WordPress/6.7.1; https://chappellehappybirthday.click"
199.195.252.235 - - [22/Nov/2024:15:07:17 -0800] "GET /wp-login.php HTTP/1.0" 200 9244 "-" "Mozilla/5.0 (X11; Linux x86_64) AppleWebKit/537.36 (KHTML, like Gecko) Ubuntu Chromium/36.0.1985.125 Chrome/36.0.1985.125 Safari/537.36"
199.195.252.235 - - [22/Nov/2024:15:07:19 -0800] "POST /wp-login.php HTTP/1.0" 200 9734 "-" "Mozilla/5.0 (X11; Linux x86_64) AppleWebKit/537.36 (KHTML, like Gecko) Ubuntu Chromium/36.0.1985.125 Chrome/36.0.1985.125 Safari/537.36"
185.191.171.10 - - [22/Nov/2024:15:07:38 -0800] "GET /?p=78&post_type=testimonial HTTP/1.0" 301 - "-" "Mozilla/5.0 (compatible; SemrushBot/7~bl; +http://www.semrush.com/bot.html)"
209.182.200.39 - - [22/Nov/2024:15:08:18 -0800] "POST /wp-cron.php?doing_wp_cron=1732316898.3371090888977050781250 HTTP/1.0" 200 - "-" "WordPress/6.7.1; https://chappellehappybirthday.click"
185.191.171.10 - - [22/Nov/2024:15:08:16 -0800] "GET /?p=181&post_type=clients HTTP/1.0" 301 - "-" "Mozilla/5.0 (compatible; SemrushBot/7~bl; +http://www.semrush.com/bot.html)"
209.182.200.39 - - [22/Nov/2024:15:21:19 -0800] "POST /wp-cron.php?doing_wp_cron=1732317679.5176620483398437500000 HTTP/1.0" 200 - "-" "WordPress/6.7.1; https://chappellehappybirthday.click"
85.208.96.210 - - [22/Nov/2024:15:21:17 -0800] "GET /listings/villa-with-pool/ HTTP/1.0" 200 336768 "-" "Mozilla/5.0 (compatible; SemrushBot/7~bl; +http://www.semrush.com/bot.html)"
209.182.200.39 - - [22/Nov/2024:15:23:53 -0800] "POST /wp-cron.php?doing_wp_cron=1732317833.2216169834136962890625 HTTP/1.0" 200 - "-" "WordPress/6.7.1; https://chappellehappybirthday.click"
85.208.96.201 - - [22/Nov/2024:15:23:51 -0800] "GET /listings/tour-guide-2/ HTTP/1.0" 200 335720 "-" "Mozilla/5.0 (compatible; SemrushBot/7~bl; +http://www.semrush.com/bot.html)"
85.208.96.206 - - [22/Nov/2024:15:33:38 -0800] "GET /robots.txt HTTP/1.0" 200 30 "-" "Mozilla/5.0 (compatible; SemrushBot/7~bl; +http://www.semrush.com/bot.html)"
209.182.200.39 - - [22/Nov/2024:15:33:41 -0800] "POST /wp-cron.php?doing_wp_cron=1732318421.0800919532775878906250 HTTP/1.0" 200 - "-" "WordPress/6.7.1; https://chappellehappybirthday.click"
85.208.96.197 - - [22/Nov/2024:15:33:38 -0800] "GET /?p=82&post_type=testimonial HTTP/1.0" 301 - "-" "Mozilla/5.0 (compatible; SemrushBot/7~bl; +http://www.semrush.com/bot.html)"
209.182.200.39 - - [22/Nov/2024:15:36:45 -0800] "POST /wp-cron.php?doing_wp_cron=1732318605.8505671024322509765625 HTTP/1.0" 200 - "-" "WordPress/6.7.1; https://chappellehappybirthday.click"
188.166.234.134 - - [22/Nov/2024:15:36:42 -0800] "GET / HTTP/1.0" 301 - "-" "Mozilla/5.0 (Windows NT 10.0; Win64; x64) AppleWebKit/537.36 (KHTML, like Gecko) Chrome/78.0.3904.108 Safari/537.36"
188.166.234.134 - - [22/Nov/2024:15:36:46 -0800] "GET / HTTP/1.0" 200 380587 "-" "Mozilla/5.0 (Windows NT 10.0; Win64; x64) AppleWebKit/537.36 (KHTML, like Gecko) Chrome/78.0.3904.108 Safari/537.36"
209.182.200.39 - - [22/Nov/2024:15:37:06 -0800] "POST /wp-cron.php?doing_wp_cron=1732318626.0477149486541748046875 HTTP/1.0" 200 - "-" "WordPress/6.7.1; https://chappellehappybirthday.click"
188.166.234.134 - - [22/Nov/2024:15:36:58 -0800] "GET //wp-includes/wlwmanifest.xml HTTP/1.0" 301 - "-" "Mozilla/5.0 (Windows NT 10.0; Win64; x64) AppleWebKit/537.36 (KHTML, like Gecko) Chrome/78.0.3904.108 Safari/537.36"
188.166.234.134 - - [22/Nov/2024:15:37:06 -0800] "GET //xmlrpc.php?rsd HTTP/1.0" 200 882 "-" "Mozilla/5.0 (Windows NT 10.0; Win64; x64) AppleWebKit/537.36 (KHTML, like Gecko) Chrome/78.0.3904.108 Safari/537.36"
188.166.234.134 - - [22/Nov/2024:15:37:13 -0800] "GET //?author=1 HTTP/1.0" 301 - "-" "Mozilla/5.0 (Windows NT 10.0; Win64; x64) AppleWebKit/537.36 (KHTML, like Gecko) Chrome/78.0.3904.108 Safari/537.36"
188.166.234.134 - - [22/Nov/2024:15:37:20 -0800] "GET //?author=2 HTTP/1.0" 301 - "-" "Mozilla/5.0 (Windows NT 10.0; Win64; x64) AppleWebKit/537.36 (KHTML, like Gecko) Chrome/78.0.3904.108 Safari/537.36"
188.166.234.134 - - [22/Nov/2024:15:37:28 -0800] "GET //wp-json/wp/v2/users/ HTTP/1.0" 503 282 "-" "Mozilla/5.0 (Windows NT 10.0; Win64; x64) AppleWebKit/537.36 (KHTML, like Gecko) Chrome/78.0.3904.108 Safari/537.36"
188.166.234.134 - - [22/Nov/2024:15:37:35 -0800] "POST //xmlrpc.php HTTP/1.0" 200 403 "-" "Mozilla/5.0 (Windows NT 10.0; Win64; x64) AppleWebKit/537.36 (KHTML, like Gecko) Chrome/78.0.3904.108 Safari/537.36"
188.166.234.134 - - [22/Nov/2024:15:37:42 -0800] "POST //xmlrpc.php HTTP/1.0" 503 282 "-" "Mozilla/5.0 (Windows NT 10.0; Win64; x64) AppleWebKit/537.36 (KHTML, like Gecko) Chrome/78.0.3904.108 Safari/537.36"
185.191.171.5 - - [22/Nov/2024:15:37:38 -0800] "GET /?p=12747&post_type=clients HTTP/1.0" 301 - "-" "Mozilla/5.0 (compatible; SemrushBot/7~bl; +http://www.semrush.com/bot.html)"
209.182.200.39 - - [22/Nov/2024:15:42:13 -0800] "POST /wp-cron.php?doing_wp_cron=1732318933.8845989704132080078125 HTTP/1.0" 200 - "-" "WordPress/6.7.1; https://chappellehappybirthday.click"
185.191.171.5 - - [22/Nov/2024:15:42:12 -0800] "GET /listings/audi-a6-1-8-tfsi-2016/void(0); HTTP/1.0" 301 - "-" "Mozilla/5.0 (compatible; SemrushBot/7~bl; +http://www.semrush.com/bot.html)"
85.208.96.194 - - [22/Nov/2024:15:42:24 -0800] "GET /listings/audi-a6-1-8-tfsi-2016/void(0 HTTP/1.0" 404 282099 "-" "Mozilla/5.0 (compatible; SemrushBot/7~bl; +http://www.semrush.com/bot.html)"
209.182.200.39 - - [22/Nov/2024:15:47:43 -0800] "POST /wp-cron.php?doing_wp_cron=1732319263.3039669990539550781250 HTTP/1.0" 200 - "-" "WordPress/6.7.1; https://chappellehappybirthday.click"
51.222.253.14 - - [22/Nov/2024:15:47:40 -0800] "GET /product/silver/feed/ HTTP/1.0" 200 780 "-" "Mozilla/5.0 (compatible; AhrefsBot/7.0; +http://ahrefs.com/robot/)"
209.182.200.39 - - [22/Nov/2024:15:54:54 -0800] "POST /wp-cron.php?doing_wp_cron=1732319694.0590100288391113281250 HTTP/1.0" 200 - "-" "WordPress/6.7.1; https://chappellehappybirthday.click"
185.191.171.9 - - [22/Nov/2024:15:54:51 -0800] "GET /hfb-post/header-classiads-malt/ HTTP/1.0" 301 - "-" "Mozilla/5.0 (compatible; SemrushBot/7~bl; +http://www.semrush.com/bot.html)"
209.182.200.39 - - [22/Nov/2024:16:03:00 -0800] "POST /wp-cron.php?doing_wp_cron=1732320180.6064379215240478515625 HTTP/1.0" 200 - "-" "WordPress/6.7.1; https://chappellehappybirthday.click"
85.208.96.198 - - [22/Nov/2024:16:02:55 -0800] "GET /author/admin/void(0); HTTP/1.0" 301 - "-" "Mozilla/5.0 (compatible; SemrushBot/7~bl; +http://www.semrush.com/bot.html)"
209.182.200.39 - - [22/Nov/2024:16:03:12 -0800] "POST /wp-cron.php?doing_wp_cron=1732320192.6657180786132812500000 HTTP/1.0" 200 - "-" "WordPress/6.7.1; https://chappellehappybirthday.click"
85.208.96.209 - - [22/Nov/2024:16:03:11 -0800] "GET /author/admin/void(0 HTTP/1.0" 404 282081 "-" "Mozilla/5.0 (compatible; SemrushBot/7~bl; +http://www.semrush.com/bot.html)"
209.182.200.39 - - [22/Nov/2024:16:07:13 -0800] "POST /wp-cron.php?doing_wp_cron=1732320433.1029980182647705078125 HTTP/1.0" 200 - "-" "WordPress/6.7.1; https://chappellehappybirthday.click"
167.94.145.110 - - [22/Nov/2024:16:07:10 -0800] "GET / HTTP/1.0" 301 - "-" "Mozilla/5.0 (compatible; CensysInspect/1.1; +https://about.censys.io/)"
209.182.200.39 - - [22/Nov/2024:16:07:21 -0800] "POST /wp-cron.php?doing_wp_cron=1732320441.8989911079406738281250 HTTP/1.0" 200 - "-" "WordPress/6.7.1; https://chappellehappybirthday.click"
167.94.145.110 - - [22/Nov/2024:16:07:21 -0800] "GET / HTTP/1.0" 200 380589 "-" "Mozilla/5.0 (compatible; CensysInspect/1.1; +https://about.censys.io/)"
167.94.145.110 - - [22/Nov/2024:16:07:28 -0800] "GET /favicon.ico HTTP/1.0" 302 - "-" "Mozilla/5.0 (compatible; CensysInspect/1.1; +https://about.censys.io/)"
167.94.145.110 - - [22/Nov/2024:16:07:30 -0800] "GET /wp-content/uploads/2017/11/f.png HTTP/1.0" 200 1087 "https://chappellehappybirthday.click/favicon.ico" "Mozilla/5.0 (compatible; CensysInspect/1.1; +https://about.censys.io/)"
209.182.200.39 - - [22/Nov/2024:16:14:59 -0800] "POST /wp-cron.php?doing_wp_cron=1732320899.5066630840301513671875 HTTP/1.0" 200 - "-" "WordPress/6.7.1; https://chappellehappybirthday.click"
209.141.62.139 - - [22/Nov/2024:16:14:57 -0800] "GET /wp-login.php HTTP/1.0" 200 9244 "-" "Mozilla/5.0 (Windows NT 5.1; rv:30.0) Gecko/20100101 Firefox/30.0"
209.141.62.139 - - [22/Nov/2024:16:14:59 -0800] "POST /wp-login.php HTTP/1.0" 200 9746 "-" "Mozilla/5.0 (Windows NT 5.1; rv:30.0) Gecko/20100101 Firefox/30.0"
209.182.200.39 - - [22/Nov/2024:16:19:23 -0800] "POST /wp-cron.php?doing_wp_cron=1732321163.3417670726776123046875 HTTP/1.0" 200 - "-" "WordPress/6.7.1; https://chappellehappybirthday.click"
185.191.171.13 - - [22/Nov/2024:16:19:21 -0800] "GET /?p=12944&post_type=testimonial HTTP/1.0" 301 - "-" "Mozilla/5.0 (compatible; SemrushBot/7~bl; +http://www.semrush.com/bot.html)"
209.182.200.39 - - [22/Nov/2024:16:26:18 -0800] "POST /wp-cron.php?doing_wp_cron=1732321578.0341839790344238281250 HTTP/1.0" 200 - "-" "WordPress/6.7.1; https://chappellehappybirthday.click"
85.208.96.209 - - [22/Nov/2024:16:26:16 -0800] "GET /?p=905&post_type=clients HTTP/1.0" 301 - "-" "Mozilla/5.0 (compatible; SemrushBot/7~bl; +http://www.semrush.com/bot.html)"
199.45.154.139 - - [22/Nov/2024:16:26:47 -0800] "GET / HTTP/1.0" 200 380571 "-" "Mozilla/5.0 (compatible; CensysInspect/1.1; +https://about.censys.io/)"
209.182.200.39 - - [22/Nov/2024:16:26:57 -0800] "POST /wp-cron.php?doing_wp_cron=1732321617.6803550720214843750000 HTTP/1.0" 200 - "-" "WordPress/6.7.1; https://chappellehappybirthday.click"
199.45.154.139 - - [22/Nov/2024:16:26:56 -0800] "GET /favicon.ico HTTP/1.0" 302 - "-" "Mozilla/5.0 (compatible; CensysInspect/1.1; +https://about.censys.io/)"
199.45.154.139 - - [22/Nov/2024:16:26:59 -0800] "GET /wp-content/uploads/2017/11/f.png HTTP/1.0" 200 1087 "https://chappellehappybirthday.click/favicon.ico" "Mozilla/5.0 (compatible; CensysInspect/1.1; +https://about.censys.io/)"
209.182.200.39 - - [22/Nov/2024:16:27:23 -0800] "POST /wp-cron.php?doing_wp_cron=1732321643.7143309116363525390625 HTTP/1.0" 200 - "-" "WordPress/6.7.1; https://chappellehappybirthday.click"
185.191.171.8 - - [22/Nov/2024:16:27:22 -0800] "GET /take-me-out-of-country/ HTTP/1.0" 200 302561 "-" "Mozilla/5.0 (compatible; SemrushBot/7~bl; +http://www.semrush.com/bot.html)"
185.191.171.8 - - [22/Nov/2024:16:27:25 -0800] "GET /take-me-out-of-country/ HTTP/1.0" 200 302522 "-" "Mozilla/5.0 (compatible; SemrushBot/7~bl; +http://www.semrush.com/bot.html)"
209.182.200.39 - - [22/Nov/2024:16:29:30 -0800] "POST /wp-cron.php?doing_wp_cron=1732321769.9992799758911132812500 HTTP/1.0" 200 - "-" "WordPress/6.7.1; https://chappellehappybirthday.click"
85.208.96.193 - - [22/Nov/2024:16:29:28 -0800] "GET /?p=1299&post_type=clients HTTP/1.0" 301 - "-" "Mozilla/5.0 (compatible; SemrushBot/7~bl; +http://www.semrush.com/bot.html)"
185.191.171.12 - - [22/Nov/2024:16:38:14 -0800] "GET /robots.txt HTTP/1.0" 200 30 "-" "Mozilla/5.0 (compatible; SemrushBot/7~bl; +http://www.semrush.com/bot.html)"
209.182.200.39 - - [22/Nov/2024:16:38:17 -0800] "POST /wp-cron.php?doing_wp_cron=1732322297.1172089576721191406250 HTTP/1.0" 200 - "-" "WordPress/6.7.1; https://chappellehappybirthday.click"
85.208.96.202 - - [22/Nov/2024:16:38:15 -0800] "GET /?p=12749&post_type=clients HTTP/1.0" 301 - "-" "Mozilla/5.0 (compatible; SemrushBot/7~bl; +http://www.semrush.com/bot.html)"
209.182.200.39 - - [22/Nov/2024:16:44:17 -0800] "POST /wp-cron.php?doing_wp_cron=1732322657.2065649032592773437500 HTTP/1.0" 200 - "-" "WordPress/6.7.1; https://chappellehappybirthday.click"
85.208.96.200 - - [22/Nov/2024:16:44:15 -0800] "GET /my-dashboard/ HTTP/1.0" 302 284722 "-" "Mozilla/5.0 (compatible; SemrushBot/7~bl; +http://www.semrush.com/bot.html)"
185.191.171.14 - - [22/Nov/2024:16:44:28 -0800] "GET /login/?redirect_to=https%3A%2F%2Fchappellehappybirthday.click%2Fmy-dashboard%2F HTTP/1.0" 200 295675 "-" "Mozilla/5.0 (compatible; SemrushBot/7~bl; +http://www.semrush.com/bot.html)"
209.182.200.39 - - [22/Nov/2024:17:01:32 -0800] "POST /wp-cron.php?doing_wp_cron=1732323692.2981469631195068359375 HTTP/1.0" 200 - "-" "WordPress/6.7.1; https://chappellehappybirthday.click"
51.222.253.17 - - [22/Nov/2024:17:01:30 -0800] "GET /product-category/cars/?add-to-cart=2590 HTTP/1.0" 200 287537 "-" "Mozilla/5.0 (compatible; AhrefsBot/7.0; +http://ahrefs.com/robot/)"
209.182.200.39 - - [22/Nov/2024:17:09:12 -0800] "POST /wp-cron.php?doing_wp_cron=1732324152.1524169445037841796875 HTTP/1.0" 200 - "-" "WordPress/6.7.1; https://chappellehappybirthday.click"
185.191.171.6 - - [22/Nov/2024:17:09:10 -0800] "GET /listings/best-restaurants-in-usa/void(0); HTTP/1.0" 301 - "-" "Mozilla/5.0 (compatible; SemrushBot/7~bl; +http://www.semrush.com/bot.html)"
185.191.171.18 - - [22/Nov/2024:17:09:22 -0800] "GET /listings/best-restaurants-in-usa/void(0 HTTP/1.0" 404 282101 "-" "Mozilla/5.0 (compatible; SemrushBot/7~bl; +http://www.semrush.com/bot.html)"
209.182.200.39 - - [22/Nov/2024:17:10:36 -0800] "POST /wp-cron.php?doing_wp_cron=1732324236.6311390399932861328125 HTTP/1.0" 200 - "-" "WordPress/6.7.1; https://chappellehappybirthday.click"
85.208.96.196 - - [22/Nov/2024:17:10:34 -0800] "GET /?p=12640&post_type=clients HTTP/1.0" 301 - "-" "Mozilla/5.0 (compatible; SemrushBot/7~bl; +http://www.semrush.com/bot.html)"
209.182.200.39 - - [22/Nov/2024:17:21:48 -0800] "POST /wp-cron.php?doing_wp_cron=1732324907.8104970455169677734375 HTTP/1.0" 200 - "-" "WordPress/6.7.1; https://chappellehappybirthday.click"
185.191.171.14 - - [22/Nov/2024:17:21:45 -0800] "GET /product-tag/shop/ HTTP/1.0" 200 308246 "-" "Mozilla/5.0 (compatible; SemrushBot/7~bl; +http://www.semrush.com/bot.html)"
209.182.200.39 - - [22/Nov/2024:17:29:20 -0800] "POST /wp-cron.php?doing_wp_cron=1732325360.6693720817565917968750 HTTP/1.0" 200 - "-" "WordPress/6.7.1; https://chappellehappybirthday.click"
85.208.96.203 - - [22/Nov/2024:17:29:18 -0800] "GET /home-with-map-2/void(0); HTTP/1.0" 301 - "-" "Mozilla/5.0 (compatible; SemrushBot/7~bl; +http://www.semrush.com/bot.html)"
85.208.96.204 - - [22/Nov/2024:17:29:31 -0800] "GET /home-with-map-2/void(0 HTTP/1.0" 404 282257 "-" "Mozilla/5.0 (compatible; SemrushBot/7~bl; +http://www.semrush.com/bot.html)"
209.182.200.39 - - [22/Nov/2024:17:34:07 -0800] "POST /wp-cron.php?doing_wp_cron=1732325647.8218259811401367187500 HTTP/1.0" 200 - "-" "WordPress/6.7.1; https://chappellehappybirthday.click"
185.191.171.11 - - [22/Nov/2024:17:34:05 -0800] "GET /listings/books-for-sale/ HTTP/1.0" 200 335280 "-" "Mozilla/5.0 (compatible; SemrushBot/7~bl; +http://www.semrush.com/bot.html)"
209.182.200.39 - - [22/Nov/2024:17:50:10 -0800] "POST /wp-cron.php?doing_wp_cron=1732326610.4243109226226806640625 HTTP/1.0" 200 - "-" "WordPress/6.7.1; https://chappellehappybirthday.click"
109.248.138.29 - - [22/Nov/2024:17:50:06 -0800] "GET / HTTP/1.0" 301 - "-" "Python/3.11 aiohttp/3.9.3"
46.8.192.220 - - [22/Nov/2024:17:50:11 -0800] "GET / HTTP/1.0" 200 380634 "-" "Python/3.11 aiohttp/3.9.3"
209.182.200.39 - - [22/Nov/2024:18:14:58 -0800] "POST /wp-cron.php?doing_wp_cron=1732328098.7318649291992187500000 HTTP/1.0" 200 - "-" "WordPress/6.7.1; https://chappellehappybirthday.click"
103.251.66.247 - - [22/Nov/2024:18:14:47 -0800] "GET / HTTP/1.0" 301 - "-" "Mozilla/5.0 (Windows NT 10.0; Win64; x64) AppleWebKit/537.36 (KHTML, like Gecko) Chrome/95.0.4638.69 Safari/537.36"
103.251.66.247 - - [22/Nov/2024:18:15:00 -0800] "GET / HTTP/1.0" 200 173248 "-" "Mozilla/5.0 (Windows NT 10.0; Win64; x64) AppleWebKit/537.36 (KHTML, like Gecko) Chrome/95.0.4638.69 Safari/537.36"
103.251.66.247 - - [22/Nov/2024:18:15:14 -0800] "GET //feed/ HTTP/1.0" 301 - "-" "Mozilla/5.0 (Windows NT 10.0; Win64; x64) AppleWebKit/537.36 (KHTML, like Gecko) Chrome/95.0.4638.69 Safari/537.36"
