103.251.66.247 - - [22/Nov/2024:18:15:20 -0800] "GET //xmlrpc.php?rsd HTTP/1.0" 200 882 "-" "Mozilla/5.0 (Windows NT 10.0; Win64; x64) AppleWebKit/537.36 (KHTML, like Gecko) Chrome/95.0.4638.69 Safari/537.36"
103.251.66.247 - - [22/Nov/2024:18:15:25 -0800] "GET //wp-login.php HTTP/1.0" 200 9244 "-" "Mozilla/5.0 (Windows NT 10.0; Win64; x64) AppleWebKit/537.36 (KHTML, like Gecko) Chrome/95.0.4638.69 Safari/537.36"
103.251.66.247 - - [22/Nov/2024:18:15:31 -0800] "GET //?author=1 HTTP/1.0" 301 - "-" "Mozilla/5.0 (Windows NT 10.0; Win64; x64) AppleWebKit/537.36 (KHTML, like Gecko) Chrome/95.0.4638.69 Safari/537.36"
103.251.66.247 - - [22/Nov/2024:18:15:36 -0800] "GET //?author=2 HTTP/1.0" 301 - "-" "Mozilla/5.0 (Windows NT 10.0; Win64; x64) AppleWebKit/537.36 (KHTML, like Gecko) Chrome/95.0.4638.69 Safari/537.36"
103.251.66.247 - - [22/Nov/2024:18:15:42 -0800] "GET //wp-json/wp/v2/users/ HTTP/1.0" 200 1345 "-" "Mozilla/5.0 (Windows NT 10.0; Win64; x64) AppleWebKit/537.36 (KHTML, like Gecko) Chrome/95.0.4638.69 Safari/537.36"
209.182.200.39 - - [22/Nov/2024:18:15:54 -0800] "POST /wp-cron.php?doing_wp_cron=1732328154.0515100955963134765625 HTTP/1.0" 200 - "-" "WordPress/6.7.1; https://chappellehappybirthday.click"
103.251.66.247 - - [22/Nov/2024:18:15:48 -0800] "POST //xmlrpc.php HTTP/1.0" 200 403 "-" "Mozilla/5.0 (Windows NT 10.0; Win64; x64) AppleWebKit/537.36 (KHTML, like Gecko) Chrome/95.0.4638.69 Safari/537.36"
103.251.66.247 - - [22/Nov/2024:18:15:54 -0800] "POST //xmlrpc.php HTTP/1.0" 503 282 "-" "Mozilla/5.0 (Windows NT 10.0; Win64; x64) AppleWebKit/537.36 (KHTML, like Gecko) Chrome/95.0.4638.69 Safari/537.36"
103.251.66.247 - - [22/Nov/2024:18:15:56 -0800] "POST //wp-login.php HTTP/1.0" 200 9717 "https://chappellehappybirthday.click//wp-login.php" "Mozilla/5.0 (Windows NT 10.0; Win64; x64) AppleWebKit/537.36 (KHTML, like Gecko) Chrome/95.0.4638.69 Safari/537.36"
103.251.66.247 - - [22/Nov/2024:18:16:03 -0800] "POST //wp-login.php HTTP/1.0" 200 9717 "https://chappellehappybirthday.click//wp-login.php" "Mozilla/5.0 (Windows NT 10.0; Win64; x64) AppleWebKit/537.36 (KHTML, like Gecko) Chrome/95.0.4638.69 Safari/537.36"
103.251.66.247 - - [22/Nov/2024:18:16:08 -0800] "POST //wp-login.php HTTP/1.0" 200 9717 "https://chappellehappybirthday.click//wp-login.php" "Mozilla/5.0 (Windows NT 10.0; Win64; x64) AppleWebKit/537.36 (KHTML, like Gecko) Chrome/95.0.4638.69 Safari/537.36"
103.251.66.247 - - [22/Nov/2024:18:16:13 -0800] "POST //wp-login.php HTTP/1.0" 200 9717 "https://chappellehappybirthday.click//wp-login.php" "Mozilla/5.0 (Windows NT 10.0; Win64; x64) AppleWebKit/537.36 (KHTML, like Gecko) Chrome/95.0.4638.69 Safari/537.36"
156.255.21.138 - - [22/Nov/2024:18:16:16 -0800] "GET / HTTP/1.0" 301 - "-" "Mozilla/5.0 (Windows NT 10.0; Win64; x64; rv:123.0) Gecko/20100101 Firefox/123.0"
103.251.66.247 - - [22/Nov/2024:18:16:21 -0800] "POST //wp-login.php HTTP/1.0" 200 9717 "https://chappellehappybirthday.click//wp-login.php" "Mozilla/5.0 (Windows NT 10.0; Win64; x64) AppleWebKit/537.36 (KHTML, like Gecko) Chrome/95.0.4638.69 Safari/537.36"
198.145.99.106 - - [22/Nov/2024:18:16:27 -0800] "GET / HTTP/1.0" 503 282 "https://www.chappellehappybirthday.click" "Mozilla/5.0 (Windows NT 10.0; Win64; x64; rv:123.0) Gecko/20100101 Firefox/123.0"
103.251.66.247 - - [22/Nov/2024:18:16:30 -0800] "POST //wp-login.php HTTP/1.0" 200 9717 "https://chappellehappybirthday.click//wp-login.php" "Mozilla/5.0 (Windows NT 10.0; Win64; x64) AppleWebKit/537.36 (KHTML, like Gecko) Chrome/95.0.4638.69 Safari/537.36"
103.251.66.247 - - [22/Nov/2024:18:16:38 -0800] "POST //wp-login.php HTTP/1.0" 200 9717 "https://chappellehappybirthday.click//wp-login.php" "Mozilla/5.0 (Windows NT 10.0; Win64; x64) AppleWebKit/537.36 (KHTML, like Gecko) Chrome/95.0.4638.69 Safari/537.36"
103.251.66.247 - - [22/Nov/2024:18:16:43 -0800] "POST //wp-login.php HTTP/1.0" 200 9717 "https://chappellehappybirthday.click//wp-login.php" "Mozilla/5.0 (Windows NT 10.0; Win64; x64) AppleWebKit/537.36 (KHTML, like Gecko) Chrome/95.0.4638.69 Safari/537.36"
103.251.66.247 - - [22/Nov/2024:18:16:47 -0800] "POST //wp-login.php HTTP/1.0" 200 9717 "https://chappellehappybirthday.click//wp-login.php" "Mozilla/5.0 (Windows NT 10.0; Win64; x64) AppleWebKit/537.36 (KHTML, like Gecko) Chrome/95.0.4638.69 Safari/537.36"
209.182.200.39 - - [22/Nov/2024:18:16:54 -0800] "POST /wp-cron.php?doing_wp_cron=1732328214.9390320777893066406250 HTTP/1.0" 200 - "-" "WordPress/6.7.1; https://chappellehappybirthday.click"
103.251.66.247 - - [22/Nov/2024:18:16:52 -0800] "POST //wp-login.php HTTP/1.0" 200 9717 "https://chappellehappybirthday.click//wp-login.php" "Mozilla/5.0 (Windows NT 10.0; Win64; x64) AppleWebKit/537.36 (KHTML, like Gecko) Chrome/95.0.4638.69 Safari/537.36"
103.251.66.247 - - [22/Nov/2024:18:16:55 -0800] "POST //wp-login.php HTTP/1.0" 200 9717 "https://chappellehappybirthday.click//wp-login.php" "Mozilla/5.0 (Windows NT 10.0; Win64; x64) AppleWebKit/537.36 (KHTML, like Gecko) Chrome/95.0.4638.69 Safari/537.36"
103.251.66.247 - - [22/Nov/2024:18:16:59 -0800] "POST //wp-login.php HTTP/1.0" 200 9717 "https://chappellehappybirthday.click//wp-login.php" "Mozilla/5.0 (Windows NT 10.0; Win64; x64) AppleWebKit/537.36 (KHTML, like Gecko) Chrome/95.0.4638.69 Safari/537.36"
103.251.66.247 - - [22/Nov/2024:18:17:02 -0800] "POST //wp-login.php HTTP/1.0" 200 9717 "https://chappellehappybirthday.click//wp-login.php" "Mozilla/5.0 (Windows NT 10.0; Win64; x64) AppleWebKit/537.36 (KHTML, like Gecko) Chrome/95.0.4638.69 Safari/537.36"
209.182.200.39 - - [22/Nov/2024:18:17:09 -0800] "POST /wp-cron.php?doing_wp_cron=1732328229.1635770797729492187500 HTTP/1.0" 200 - "-" "WordPress/6.7.1; https://chappellehappybirthday.click"
103.251.66.247 - - [22/Nov/2024:18:17:06 -0800] "POST //wp-login.php HTTP/1.0" 200 9717 "https://chappellehappybirthday.click//wp-login.php" "Mozilla/5.0 (Windows NT 10.0; Win64; x64) AppleWebKit/537.36 (KHTML, like Gecko) Chrome/95.0.4638.69 Safari/537.36"
103.251.66.247 - - [22/Nov/2024:18:17:09 -0800] "POST //wp-login.php HTTP/1.0" 200 9717 "https://chappellehappybirthday.click//wp-login.php" "Mozilla/5.0 (Windows NT 10.0; Win64; x64) AppleWebKit/537.36 (KHTML, like Gecko) Chrome/95.0.4638.69 Safari/537.36"
103.251.66.247 - - [22/Nov/2024:18:17:13 -0800] "POST //wp-login.php HTTP/1.0" 200 9717 "https://chappellehappybirthday.click//wp-login.php" "Mozilla/5.0 (Windows NT 10.0; Win64; x64) AppleWebKit/537.36 (KHTML, like Gecko) Chrome/95.0.4638.69 Safari/537.36"
103.251.66.247 - - [22/Nov/2024:18:17:17 -0800] "POST //wp-login.php HTTP/1.0" 200 9717 "https://chappellehappybirthday.click//wp-login.php" "Mozilla/5.0 (Windows NT 10.0; Win64; x64) AppleWebKit/537.36 (KHTML, like Gecko) Chrome/95.0.4638.69 Safari/537.36"
103.251.66.247 - - [22/Nov/2024:18:17:20 -0800] "POST //wp-login.php HTTP/1.0" 200 9717 "https://chappellehappybirthday.click//wp-login.php" "Mozilla/5.0 (Windows NT 10.0; Win64; x64) AppleWebKit/537.36 (KHTML, like Gecko) Chrome/95.0.4638.69 Safari/537.36"
103.251.66.247 - - [22/Nov/2024:18:17:24 -0800] "POST //wp-login.php HTTP/1.0" 200 9717 "https://chappellehappybirthday.click//wp-login.php" "Mozilla/5.0 (Windows NT 10.0; Win64; x64) AppleWebKit/537.36 (KHTML, like Gecko) Chrome/95.0.4638.69 Safari/537.36"
103.251.66.247 - - [22/Nov/2024:18:17:27 -0800] "POST //wp-login.php HTTP/1.0" 200 9717 "https://chappellehappybirthday.click//wp-login.php" "Mozilla/5.0 (Windows NT 10.0; Win64; x64) AppleWebKit/537.36 (KHTML, like Gecko) Chrome/95.0.4638.69 Safari/537.36"
103.251.66.247 - - [22/Nov/2024:18:17:32 -0800] "POST //wp-login.php HTTP/1.0" 200 9717 "https://chappellehappybirthday.click//wp-login.php" "Mozilla/5.0 (Windows NT 10.0; Win64; x64) AppleWebKit/537.36 (KHTML, like Gecko) Chrome/95.0.4638.69 Safari/537.36"
103.251.66.247 - - [22/Nov/2024:18:17:35 -0800] "POST //wp-login.php HTTP/1.0" 200 9717 "https://chappellehappybirthday.click//wp-login.php" "Mozilla/5.0 (Windows NT 10.0; Win64; x64) AppleWebKit/537.36 (KHTML, like Gecko) Chrome/95.0.4638.69 Safari/537.36"
103.251.66.247 - - [22/Nov/2024:18:17:38 -0800] "POST //wp-login.php HTTP/1.0" 200 9717 "https://chappellehappybirthday.click//wp-login.php" "Mozilla/5.0 (Windows NT 10.0; Win64; x64) AppleWebKit/537.36 (KHTML, like Gecko) Chrome/95.0.4638.69 Safari/537.36"
103.251.66.247 - - [22/Nov/2024:18:17:42 -0800] "POST //wp-login.php HTTP/1.0" 200 9717 "https://chappellehappybirthday.click//wp-login.php" "Mozilla/5.0 (Windows NT 10.0; Win64; x64) AppleWebKit/537.36 (KHTML, like Gecko) Chrome/95.0.4638.69 Safari/537.36"
103.251.66.247 - - [22/Nov/2024:18:17:45 -0800] "POST //wp-login.php HTTP/1.0" 200 9717 "https://chappellehappybirthday.click//wp-login.php" "Mozilla/5.0 (Windows NT 10.0; Win64; x64) AppleWebKit/537.36 (KHTML, like Gecko) Chrome/95.0.4638.69 Safari/537.36"
103.251.66.247 - - [22/Nov/2024:18:17:49 -0800] "POST //wp-login.php HTTP/1.0" 200 9717 "https://chappellehappybirthday.click//wp-login.php" "Mozilla/5.0 (Windows NT 10.0; Win64; x64) AppleWebKit/537.36 (KHTML, like Gecko) Chrome/95.0.4638.69 Safari/537.36"
209.182.200.39 - - [22/Nov/2024:18:17:57 -0800] "POST /wp-cron.php?doing_wp_cron=1732328277.2650890350341796875000 HTTP/1.0" 200 - "-" "WordPress/6.7.1; https://chappellehappybirthday.click"
103.251.66.247 - - [22/Nov/2024:18:17:53 -0800] "POST //wp-login.php HTTP/1.0" 200 9717 "https://chappellehappybirthday.click//wp-login.php" "Mozilla/5.0 (Windows NT 10.0; Win64; x64) AppleWebKit/537.36 (KHTML, like Gecko) Chrome/95.0.4638.69 Safari/537.36"
103.251.66.247 - - [22/Nov/2024:18:17:57 -0800] "POST //wp-login.php HTTP/1.0" 200 9717 "https://chappellehappybirthday.click//wp-login.php" "Mozilla/5.0 (Windows NT 10.0; Win64; x64) AppleWebKit/537.36 (KHTML, like Gecko) Chrome/95.0.4638.69 Safari/537.36"
103.251.66.247 - - [22/Nov/2024:18:18:01 -0800] "POST //wp-login.php HTTP/1.0" 200 9717 "https://chappellehappybirthday.click//wp-login.php" "Mozilla/5.0 (Windows NT 10.0; Win64; x64) AppleWebKit/537.36 (KHTML, like Gecko) Chrome/95.0.4638.69 Safari/537.36"
209.182.200.39 - - [22/Nov/2024:18:18:08 -0800] "POST /wp-cron.php?doing_wp_cron=1732328288.5632870197296142578125 HTTP/1.0" 200 - "-" "WordPress/6.7.1; https://chappellehappybirthday.click"
103.251.66.247 - - [22/Nov/2024:18:18:05 -0800] "POST //wp-login.php HTTP/1.0" 200 9717 "https://chappellehappybirthday.click//wp-login.php" "Mozilla/5.0 (Windows NT 10.0; Win64; x64) AppleWebKit/537.36 (KHTML, like Gecko) Chrome/95.0.4638.69 Safari/537.36"
103.251.66.247 - - [22/Nov/2024:18:18:09 -0800] "POST //wp-login.php HTTP/1.0" 200 9717 "https://chappellehappybirthday.click//wp-login.php" "Mozilla/5.0 (Windows NT 10.0; Win64; x64) AppleWebKit/537.36 (KHTML, like Gecko) Chrome/95.0.4638.69 Safari/537.36"
103.251.66.247 - - [22/Nov/2024:18:18:12 -0800] "POST //wp-login.php HTTP/1.0" 200 9717 "https://chappellehappybirthday.click//wp-login.php" "Mozilla/5.0 (Windows NT 10.0; Win64; x64) AppleWebKit/537.36 (KHTML, like Gecko) Chrome/95.0.4638.69 Safari/537.36"
103.251.66.247 - - [22/Nov/2024:18:18:16 -0800] "POST //wp-login.php HTTP/1.0" 200 9717 "https://chappellehappybirthday.click//wp-login.php" "Mozilla/5.0 (Windows NT 10.0; Win64; x64) AppleWebKit/537.36 (KHTML, like Gecko) Chrome/95.0.4638.69 Safari/537.36"
103.251.66.247 - - [22/Nov/2024:18:18:19 -0800] "POST //wp-login.php HTTP/1.0" 200 9717 "https://chappellehappybirthday.click//wp-login.php" "Mozilla/5.0 (Windows NT 10.0; Win64; x64) AppleWebKit/537.36 (KHTML, like Gecko) Chrome/95.0.4638.69 Safari/537.36"
103.251.66.247 - - [22/Nov/2024:18:18:22 -0800] "POST //wp-login.php HTTP/1.0" 200 9717 "https://chappellehappybirthday.click//wp-login.php" "Mozilla/5.0 (Windows NT 10.0; Win64; x64) AppleWebKit/537.36 (KHTML, like Gecko) Chrome/95.0.4638.69 Safari/537.36"
103.251.66.247 - - [22/Nov/2024:18:18:26 -0800] "POST //wp-login.php HTTP/1.0" 200 9717 "https://chappellehappybirthday.click//wp-login.php" "Mozilla/5.0 (Windows NT 10.0; Win64; x64) AppleWebKit/537.36 (KHTML, like Gecko) Chrome/95.0.4638.69 Safari/537.36"
103.251.66.247 - - [22/Nov/2024:18:18:31 -0800] "POST //wp-login.php HTTP/1.0" 200 9717 "https://chappellehappybirthday.click//wp-login.php" "Mozilla/5.0 (Windows NT 10.0; Win64; x64) AppleWebKit/537.36 (KHTML, like Gecko) Chrome/95.0.4638.69 Safari/537.36"
103.251.66.247 - - [22/Nov/2024:18:18:34 -0800] "POST //wp-login.php HTTP/1.0" 200 9717 "https://chappellehappybirthday.click//wp-login.php" "Mozilla/5.0 (Windows NT 10.0; Win64; x64) AppleWebKit/537.36 (KHTML, like Gecko) Chrome/95.0.4638.69 Safari/537.36"
103.251.66.247 - - [22/Nov/2024:18:18:37 -0800] "POST //wp-login.php HTTP/1.0" 200 9717 "https://chappellehappybirthday.click//wp-login.php" "Mozilla/5.0 (Windows NT 10.0; Win64; x64) AppleWebKit/537.36 (KHTML, like Gecko) Chrome/95.0.4638.69 Safari/537.36"
103.251.66.247 - - [22/Nov/2024:18:18:40 -0800] "POST //wp-login.php HTTP/1.0" 200 9717 "https://chappellehappybirthday.click//wp-login.php" "Mozilla/5.0 (Windows NT 10.0; Win64; x64) AppleWebKit/537.36 (KHTML, like Gecko) Chrome/95.0.4638.69 Safari/537.36"
103.251.66.247 - - [22/Nov/2024:18:18:43 -0800] "POST //wp-login.php HTTP/1.0" 200 9717 "https://chappellehappybirthday.click//wp-login.php" "Mozilla/5.0 (Windows NT 10.0; Win64; x64) AppleWebKit/537.36 (KHTML, like Gecko) Chrome/95.0.4638.69 Safari/537.36"
103.251.66.247 - - [22/Nov/2024:18:18:46 -0800] "POST //wp-login.php HTTP/1.0" 200 9717 "https://chappellehappybirthday.click//wp-login.php" "Mozilla/5.0 (Windows NT 10.0; Win64; x64) AppleWebKit/537.36 (KHTML, like Gecko) Chrome/95.0.4638.69 Safari/537.36"
103.251.66.247 - - [22/Nov/2024:18:18:48 -0800] "POST //wp-login.php HTTP/1.0" 200 9717 "https://chappellehappybirthday.click//wp-login.php" "Mozilla/5.0 (Windows NT 10.0; Win64; x64) AppleWebKit/537.36 (KHTML, like Gecko) Chrome/95.0.4638.69 Safari/537.36"
103.251.66.247 - - [22/Nov/2024:18:18:51 -0800] "POST //wp-login.php HTTP/1.0" 200 9717 "https://chappellehappybirthday.click//wp-login.php" "Mozilla/5.0 (Windows NT 10.0; Win64; x64) AppleWebKit/537.36 (KHTML, like Gecko) Chrome/95.0.4638.69 Safari/537.36"
209.182.200.39 - - [22/Nov/2024:18:18:57 -0800] "POST /wp-cron.php?doing_wp_cron=1732328337.5382659435272216796875 HTTP/1.0" 200 - "-" "WordPress/6.7.1; https://chappellehappybirthday.click"
103.251.66.247 - - [22/Nov/2024:18:18:53 -0800] "POST //wp-login.php HTTP/1.0" 200 9717 "https://chappellehappybirthday.click//wp-login.php" "Mozilla/5.0 (Windows NT 10.0; Win64; x64) AppleWebKit/537.36 (KHTML, like Gecko) Chrome/95.0.4638.69 Safari/537.36"
103.251.66.247 - - [22/Nov/2024:18:18:58 -0800] "POST //wp-login.php HTTP/1.0" 200 9717 "https://chappellehappybirthday.click//wp-login.php" "Mozilla/5.0 (Windows NT 10.0; Win64; x64) AppleWebKit/537.36 (KHTML, like Gecko) Chrome/95.0.4638.69 Safari/537.36"
103.251.66.247 - - [22/Nov/2024:18:19:01 -0800] "POST //wp-login.php HTTP/1.0" 200 9717 "https://chappellehappybirthday.click//wp-login.php" "Mozilla/5.0 (Windows NT 10.0; Win64; x64) AppleWebKit/537.36 (KHTML, like Gecko) Chrome/95.0.4638.69 Safari/537.36"
103.251.66.247 - - [22/Nov/2024:18:19:04 -0800] "POST //wp-login.php HTTP/1.0" 200 9717 "https://chappellehappybirthday.click//wp-login.php" "Mozilla/5.0 (Windows NT 10.0; Win64; x64) AppleWebKit/537.36 (KHTML, like Gecko) Chrome/95.0.4638.69 Safari/537.36"
209.182.200.39 - - [22/Nov/2024:18:19:09 -0800] "POST /wp-cron.php?doing_wp_cron=1732328348.9760930538177490234375 HTTP/1.0" 200 - "-" "WordPress/6.7.1; https://chappellehappybirthday.click"
103.251.66.247 - - [22/Nov/2024:18:19:07 -0800] "POST //wp-login.php HTTP/1.0" 200 9717 "https://chappellehappybirthday.click//wp-login.php" "Mozilla/5.0 (Windows NT 10.0; Win64; x64) AppleWebKit/537.36 (KHTML, like Gecko) Chrome/95.0.4638.69 Safari/537.36"
103.251.66.247 - - [22/Nov/2024:18:19:09 -0800] "POST //wp-login.php HTTP/1.0" 200 9717 "https://chappellehappybirthday.click//wp-login.php" "Mozilla/5.0 (Windows NT 10.0; Win64; x64) AppleWebKit/537.36 (KHTML, like Gecko) Chrome/95.0.4638.69 Safari/537.36"
103.251.66.247 - - [22/Nov/2024:18:19:12 -0800] "POST //wp-login.php HTTP/1.0" 200 9717 "https://chappellehappybirthday.click//wp-login.php" "Mozilla/5.0 (Windows NT 10.0; Win64; x64) AppleWebKit/537.36 (KHTML, like Gecko) Chrome/95.0.4638.69 Safari/537.36"
103.251.66.247 - - [22/Nov/2024:18:19:15 -0800] "POST //wp-login.php HTTP/1.0" 200 9717 "https://chappellehappybirthday.click//wp-login.php" "Mozilla/5.0 (Windows NT 10.0; Win64; x64) AppleWebKit/537.36 (KHTML, like Gecko) Chrome/95.0.4638.69 Safari/537.36"
103.251.66.247 - - [22/Nov/2024:18:19:17 -0800] "POST //wp-login.php HTTP/1.0" 200 9717 "https://chappellehappybirthday.click//wp-login.php" "Mozilla/5.0 (Windows NT 10.0; Win64; x64) AppleWebKit/537.36 (KHTML, like Gecko) Chrome/95.0.4638.69 Safari/537.36"
103.251.66.247 - - [22/Nov/2024:18:19:19 -0800] "POST //wp-login.php HTTP/1.0" 200 9717 "https://chappellehappybirthday.click//wp-login.php" "Mozilla/5.0 (Windows NT 10.0; Win64; x64) AppleWebKit/537.36 (KHTML, like Gecko) Chrome/95.0.4638.69 Safari/537.36"
103.251.66.247 - - [22/Nov/2024:18:19:21 -0800] "POST //wp-login.php HTTP/1.0" 200 9717 "https://chappellehappybirthday.click//wp-login.php" "Mozilla/5.0 (Windows NT 10.0; Win64; x64) AppleWebKit/537.36 (KHTML, like Gecko) Chrome/95.0.4638.69 Safari/537.36"
85.208.96.201 - - [22/Nov/2024:18:24:04 -0800] "GET /robots.txt HTTP/1.0" 200 30 "-" "Mozilla/5.0 (compatible; SemrushBot/7~bl; +http://www.semrush.com/bot.html)"
209.182.200.39 - - [22/Nov/2024:18:24:06 -0800] "POST /wp-cron.php?doing_wp_cron=1732328646.8715209960937500000000 HTTP/1.0" 200 - "-" "WordPress/6.7.1; https://chappellehappybirthday.click"
85.208.96.209 - - [22/Nov/2024:18:24:04 -0800] "GET /listings/baby-toys-for-sale/ HTTP/1.0" 200 335425 "-" "Mozilla/5.0 (compatible; SemrushBot/7~bl; +http://www.semrush.com/bot.html)"
209.182.200.39 - - [22/Nov/2024:18:39:29 -0800] "POST /wp-cron.php?doing_wp_cron=1732329569.1707379817962646484375 HTTP/1.0" 200 - "-" "WordPress/6.7.1; https://chappellehappybirthday.click"
103.251.66.247 - - [22/Nov/2024:18:39:27 -0800] "POST //wp-login.php HTTP/1.0" 200 9717 "https://chappellehappybirthday.click//wp-login.php" "Mozilla/5.0 (Windows NT 10.0; Win64; x64) AppleWebKit/537.36 (KHTML, like Gecko) Chrome/95.0.4638.69 Safari/537.36"
103.251.66.247 - - [22/Nov/2024:18:39:29 -0800] "POST //wp-login.php HTTP/1.0" 200 9717 "https://chappellehappybirthday.click//wp-login.php" "Mozilla/5.0 (Windows NT 10.0; Win64; x64) AppleWebKit/537.36 (KHTML, like Gecko) Chrome/95.0.4638.69 Safari/537.36"
103.251.66.247 - - [22/Nov/2024:18:39:31 -0800] "POST //wp-login.php HTTP/1.0" 200 9717 "https://chappellehappybirthday.click//wp-login.php" "Mozilla/5.0 (Windows NT 10.0; Win64; x64) AppleWebKit/537.36 (KHTML, like Gecko) Chrome/95.0.4638.69 Safari/537.36"
103.251.66.247 - - [22/Nov/2024:18:39:33 -0800] "POST //wp-login.php HTTP/1.0" 200 9717 "https://chappellehappybirthday.click//wp-login.php" "Mozilla/5.0 (Windows NT 10.0; Win64; x64) AppleWebKit/537.36 (KHTML, like Gecko) Chrome/95.0.4638.69 Safari/537.36"
103.251.66.247 - - [22/Nov/2024:18:39:35 -0800] "POST //wp-login.php HTTP/1.0" 200 9717 "https://chappellehappybirthday.click//wp-login.php" "Mozilla/5.0 (Windows NT 10.0; Win64; x64) AppleWebKit/537.36 (KHTML, like Gecko) Chrome/95.0.4638.69 Safari/537.36"
103.251.66.247 - - [22/Nov/2024:18:39:37 -0800] "POST //wp-login.php HTTP/1.0" 200 9717 "https://chappellehappybirthday.click//wp-login.php" "Mozilla/5.0 (Windows NT 10.0; Win64; x64) AppleWebKit/537.36 (KHTML, like Gecko) Chrome/95.0.4638.69 Safari/537.36"
103.251.66.247 - - [22/Nov/2024:18:39:39 -0800] "POST //wp-login.php HTTP/1.0" 200 9717 "https://chappellehappybirthday.click//wp-login.php" "Mozilla/5.0 (Windows NT 10.0; Win64; x64) AppleWebKit/537.36 (KHTML, like Gecko) Chrome/95.0.4638.69 Safari/537.36"
103.251.66.247 - - [22/Nov/2024:18:39:40 -0800] "POST //wp-login.php HTTP/1.0" 200 9717 "https://chappellehappybirthday.click//wp-login.php" "Mozilla/5.0 (Windows NT 10.0; Win64; x64) AppleWebKit/537.36 (KHTML, like Gecko) Chrome/95.0.4638.69 Safari/537.36"
103.251.66.247 - - [22/Nov/2024:18:39:43 -0800] "POST //wp-login.php HTTP/1.0" 200 9717 "https://chappellehappybirthday.click//wp-login.php" "Mozilla/5.0 (Windows NT 10.0; Win64; x64) AppleWebKit/537.36 (KHTML, like Gecko) Chrome/95.0.4638.69 Safari/537.36"
103.251.66.247 - - [22/Nov/2024:18:39:44 -0800] "POST //wp-login.php HTTP/1.0" 200 9717 "https://chappellehappybirthday.click//wp-login.php" "Mozilla/5.0 (Windows NT 10.0; Win64; x64) AppleWebKit/537.36 (KHTML, like Gecko) Chrome/95.0.4638.69 Safari/537.36"
103.251.66.247 - - [22/Nov/2024:18:39:46 -0800] "POST //wp-login.php HTTP/1.0" 200 9717 "https://chappellehappybirthday.click//wp-login.php" "Mozilla/5.0 (Windows NT 10.0; Win64; x64) AppleWebKit/537.36 (KHTML, like Gecko) Chrome/95.0.4638.69 Safari/537.36"
103.251.66.247 - - [22/Nov/2024:18:39:48 -0800] "POST //wp-login.php HTTP/1.0" 200 9717 "https://chappellehappybirthday.click//wp-login.php" "Mozilla/5.0 (Windows NT 10.0; Win64; x64) AppleWebKit/537.36 (KHTML, like Gecko) Chrome/95.0.4638.69 Safari/537.36"
103.251.66.247 - - [22/Nov/2024:18:39:50 -0800] "POST //wp-login.php HTTP/1.0" 200 9717 "https://chappellehappybirthday.click//wp-login.php" "Mozilla/5.0 (Windows NT 10.0; Win64; x64) AppleWebKit/537.36 (KHTML, like Gecko) Chrome/95.0.4638.69 Safari/537.36"
103.251.66.247 - - [22/Nov/2024:18:39:51 -0800] "POST //wp-login.php HTTP/1.0" 200 9717 "https://chappellehappybirthday.click//wp-login.php" "Mozilla/5.0 (Windows NT 10.0; Win64; x64) AppleWebKit/537.36 (KHTML, like Gecko) Chrome/95.0.4638.69 Safari/537.36"
209.182.200.39 - - [22/Nov/2024:18:39:55 -0800] "POST /wp-cron.php?doing_wp_cron=1732329594.9972701072692871093750 HTTP/1.0" 200 - "-" "WordPress/6.7.1; https://chappellehappybirthday.click"
103.251.66.247 - - [22/Nov/2024:18:39:53 -0800] "POST //wp-login.php HTTP/1.0" 200 9717 "https://chappellehappybirthday.click//wp-login.php" "Mozilla/5.0 (Windows NT 10.0; Win64; x64) AppleWebKit/537.36 (KHTML, like Gecko) Chrome/95.0.4638.69 Safari/537.36"
209.182.200.39 - - [22/Nov/2024:18:42:43 -0800] "POST /wp-cron.php?doing_wp_cron=1732329763.3168509006500244140625 HTTP/1.0" 200 - "-" "WordPress/6.7.1; https://chappellehappybirthday.click"
107.189.3.107 - - [22/Nov/2024:18:42:41 -0800] "GET /wp-login.php HTTP/1.0" 200 9244 "-" "Mozilla/5.0 (X11; Linux x86_64; rv:31.0) Gecko/20100101 Firefox/31.0"
107.189.3.107 - - [22/Nov/2024:18:42:43 -0800] "POST /wp-login.php HTTP/1.0" 200 9746 "-" "Mozilla/5.0 (X11; Linux x86_64; rv:31.0) Gecko/20100101 Firefox/31.0"
191.101.61.83 - - [22/Nov/2024:19:03:01 -0800] "GET /.env HTTP/1.0" 406 300 "-" "Mozilla/5.0 (Macintosh; Intel Mac OS X 10.15; rv:77.0) Gecko/20100101 Firefox/77.0"
209.182.200.39 - - [22/Nov/2024:19:11:05 -0800] "POST /wp-cron.php?doing_wp_cron=1732331465.2190520763397216796875 HTTP/1.0" 200 - "-" "WordPress/6.7.1; https://chappellehappybirthday.click"
107.189.3.107 - - [22/Nov/2024:19:11:03 -0800] "GET /wp-login.php HTTP/1.0" 200 9244 "-" "Mozilla/5.0 (iPhone; CPU iPhone OS 7_1_1 like Mac OS X) AppleWebKit/537.51.2 (KHTML, like Gecko) Version/7.0 Mobile/11D201 Safari/9537.53"
107.189.3.107 - - [22/Nov/2024:19:11:05 -0800] "POST /wp-login.php HTTP/1.0" 200 9728 "-" "Mozilla/5.0 (iPhone; CPU iPhone OS 7_1_1 like Mac OS X) AppleWebKit/537.51.2 (KHTML, like Gecko) Version/7.0 Mobile/11D201 Safari/9537.53"
209.182.200.39 - - [22/Nov/2024:19:13:41 -0800] "POST /wp-cron.php?doing_wp_cron=1732331621.8392241001129150390625 HTTP/1.0" 200 - "-" "WordPress/6.7.1; https://chappellehappybirthday.click"
170.106.84.136 - - [22/Nov/2024:19:13:39 -0800] "GET / HTTP/1.0" 301 - "-" "Mozilla/5.0 (iPhone; CPU iPhone OS 13_2_3 like Mac OS X) AppleWebKit/605.1.15 (KHTML, like Gecko) Version/13.0.3 Mobile/15E148 Safari/604.1"
170.106.84.136 - - [22/Nov/2024:19:13:43 -0800] "GET / HTTP/1.0" 200 379990 "http://chappellehappybirthday.click" "Mozilla/5.0 (iPhone; CPU iPhone OS 13_2_3 like Mac OS X) AppleWebKit/605.1.15 (KHTML, like Gecko) Version/13.0.3 Mobile/15E148 Safari/604.1"
209.182.200.39 - - [22/Nov/2024:19:16:41 -0800] "POST /wp-cron.php?doing_wp_cron=1732331801.6741859912872314453125 HTTP/1.0" 200 - "-" "WordPress/6.7.1; https://chappellehappybirthday.click"
185.191.171.4 - - [22/Nov/2024:19:16:39 -0800] "GET /listings/nike-fancy-shoes/ HTTP/1.0" 200 334808 "-" "Mozilla/5.0 (compatible; SemrushBot/7~bl; +http://www.semrush.com/bot.html)"
209.182.200.39 - - [22/Nov/2024:19:36:13 -0800] "POST /wp-cron.php?doing_wp_cron=1732332973.2182240486145019531250 HTTP/1.0" 200 - "-" "WordPress/6.7.1; https://chappellehappybirthday.click"
44.213.72.255 - - [22/Nov/2024:19:36:10 -0800] "GET / HTTP/1.0" 301 - "-" "Mozilla/5.0 (Windows NT 10.0; Win64; x64; rv:123.0) Gecko/20100101 Firefox/123.0"
44.213.72.255 - - [22/Nov/2024:19:36:16 -0800] "GET / HTTP/1.0" 301 - "-" "Mozilla/5.0 (Windows NT 10.0; Win64; x64; rv:123.0) Gecko/20100101 Firefox/123.0"
44.213.72.255 - - [22/Nov/2024:19:36:13 -0800] "GET / HTTP/1.0" 200 380633 "-" "Mozilla/5.0 (Windows NT 10.0; Win64; x64; rv:123.0) Gecko/20100101 Firefox/123.0"
44.213.72.255 - - [22/Nov/2024:19:36:23 -0800] "GET / HTTP/1.0" 503 2449 "-" "Mozilla/5.0 (Windows NT 10.0; Win64; x64; rv:123.0) Gecko/20100101 Firefox/123.0"
44.213.72.255 - - [22/Nov/2024:19:36:21 -0800] "GET / HTTP/1.0" 200 380610 "-" "Mozilla/5.0 (Windows NT 10.0; Win64; x64; rv:123.0) Gecko/20100101 Firefox/123.0"
209.182.200.39 - - [22/Nov/2024:19:36:29 -0800] "GET /?wp_scrape_key=341c3caabeecd93ff988a55c68ce2790&wp_scrape_nonce=1732332987 HTTP/1.0" 200 381034 "-" "WordPress/6.7.1; https://chappellehappybirthday.click"
209.182.200.39 - - [22/Nov/2024:19:40:49 -0800] "POST /wp-cron.php?doing_wp_cron=1732333249.8020730018615722656250 HTTP/1.0" 200 - "-" "WordPress/6.7.1; https://chappellehappybirthday.click"
198.98.51.29 - - [22/Nov/2024:19:40:48 -0800] "GET /wp-login.php HTTP/1.0" 200 9244 "-" "Mozilla/5.0 (Macintosh; Intel Mac OS X 10_10_0) AppleWebKit/537.36 (KHTML, like Gecko) Chrome/36.0.1985.125 Safari/537.36"
198.98.51.29 - - [22/Nov/2024:19:40:49 -0800] "POST /wp-login.php HTTP/1.0" 200 9746 "-" "Mozilla/5.0 (Macintosh; Intel Mac OS X 10_10_0) AppleWebKit/537.36 (KHTML, like Gecko) Chrome/36.0.1985.125 Safari/537.36"
209.182.200.39 - - [22/Nov/2024:19:40:55 -0800] "POST /wp-cron.php?doing_wp_cron=1732333255.3724560737609863281250 HTTP/1.0" 200 - "-" "WordPress/6.7.1; https://chappellehappybirthday.click"
199.195.252.235 - - [22/Nov/2024:19:40:54 -0800] "GET /wp-login.php HTTP/1.0" 200 9244 "-" "Mozilla/5.0 (Macintosh; Intel Mac OS X 10.8; rv:30.0) Gecko/20100101 Firefox/30.0"
199.195.252.235 - - [22/Nov/2024:19:40:55 -0800] "POST /wp-login.php HTTP/1.0" 200 9734 "-" "Mozilla/5.0 (Macintosh; Intel Mac OS X 10.8; rv:30.0) Gecko/20100101 Firefox/30.0"
209.182.200.39 - - [22/Nov/2024:19:43:34 -0800] "POST /wp-cron.php?doing_wp_cron=1732333414.5647308826446533203125 HTTP/1.0" 200 - "-" "WordPress/6.7.1; https://chappellehappybirthday.click"
104.244.79.252 - - [22/Nov/2024:19:43:32 -0800] "GET /wp-login.php HTTP/1.0" 200 9244 "-" "Mozilla/5.0 (Macintosh; Intel Mac OS X 10.8; rv:31.0) Gecko/20100101 Firefox/31.0"
104.244.79.252 - - [22/Nov/2024:19:43:40 -0800] "POST /wp-login.php HTTP/1.0" 200 9756 "-" "Mozilla/5.0 (Macintosh; Intel Mac OS X 10.8; rv:31.0) Gecko/20100101 Firefox/31.0"
54.36.149.102 - - [22/Nov/2024:19:51:51 -0800] "GET /robots.txt HTTP/1.0" 200 30 "-" "Mozilla/5.0 (compatible; AhrefsBot/7.0; +http://ahrefs.com/robot/)"
138.246.253.24 - - [22/Nov/2024:19:52:03 -0800] "GET /robots.txt HTTP/1.0" 200 30 "-" "Mozilla/5.0 (Windows NT 10.0; Win64; x64) AppleWebKit/537.36 (KHTML, like Gecko) Chrome/103.0.5060.134 Safari/537.36"
209.182.200.39 - - [22/Nov/2024:19:52:24 -0800] "POST /wp-cron.php?doing_wp_cron=1732333944.6682279109954833984375 HTTP/1.0" 200 - "-" "WordPress/6.7.1; https://chappellehappybirthday.click"
51.222.253.17 - - [22/Nov/2024:19:52:22 -0800] "GET /shop/?add-to-cart=12895 HTTP/1.0" 200 309205 "-" "Mozilla/5.0 (compatible; AhrefsBot/7.0; +http://ahrefs.com/robot/)"
209.182.200.39 - - [22/Nov/2024:19:52:26 -0800] "POST /wp-admin/admin-ajax.php?action=wp_1_wc_privacy_cleanup&nonce=80a039df47 HTTP/1.0" 200 - "-" "WordPress/6.7.1; https://chappellehappybirthday.click"
209.182.200.39 - - [22/Nov/2024:19:57:54 -0800] "POST /wp-cron.php?doing_wp_cron=1732334274.1335310935974121093750 HTTP/1.0" 200 - "-" "WordPress/6.7.1; https://chappellehappybirthday.click"
51.222.253.7 - - [22/Nov/2024:19:57:52 -0800] "GET /product-tag/sale/?add-to-cart=2596 HTTP/1.0" 200 289413 "-" "Mozilla/5.0 (compatible; AhrefsBot/7.0; +http://ahrefs.com/robot/)"
209.182.200.39 - - [22/Nov/2024:19:58:13 -0800] "POST /wp-cron.php?doing_wp_cron=1732334293.9029440879821777343750 HTTP/1.0" 200 - "-" "WordPress/6.7.1; https://chappellehappybirthday.click"
157.55.39.9 - - [22/Nov/2024:19:58:12 -0800] "GET /listings/business-category/matrimonial/ HTTP/1.0" 200 288251 "-" "Mozilla/5.0 AppleWebKit/537.36 (KHTML, like Gecko; compatible; bingbot/2.0; +http://www.bing.com/bingbot.htm) Chrome/116.0.1938.76 Safari/537.36"
209.182.200.39 - - [22/Nov/2024:20:18:13 -0800] "POST /wp-cron.php?doing_wp_cron=1732335493.3658030033111572265625 HTTP/1.0" 200 - "-" "WordPress/6.7.1; https://chappellehappybirthday.click"
2.58.56.137 - - [22/Nov/2024:20:18:08 -0800] "GET /sftp-config.json HTTP/1.0" 404 282212 "-" "Mozilla/5.0 (Windows NT 10.0; Win64; x64; rv:58.0) Gecko/20100101 Firefox/58.0"
2.58.56.137 - - [22/Nov/2024:20:18:15 -0800] "GET /sftp-config.json HTTP/1.0" 406 300 "-" "Mozilla/5.0 (Windows NT 10.0; Win64; x64; rv:58.0) Gecko/20100101 Firefox/58.0"
51.222.253.1 - - [22/Nov/2024:20:18:17 -0800] "GET /product-tag/car/ HTTP/1.0" 200 287246 "-" "Mozilla/5.0 (compatible; AhrefsBot/7.0; +http://ahrefs.com/robot/)"
209.182.200.39 - - [22/Nov/2024:20:22:29 -0800] "POST /wp-cron.php?doing_wp_cron=1732335749.1033370494842529296875 HTTP/1.0" 200 - "-" "WordPress/6.7.1; https://chappellehappybirthday.click"
185.233.104.87 - - [22/Nov/2024:20:22:27 -0800] "POST /xmlrpc.php HTTP/1.0" 200 401 "-" "Mozilla/5.0 (X11; Fedora; Linux x86_64; rv:89.0) Gecko/20100101 Firefox/89.0"
209.182.200.39 - - [22/Nov/2024:20:36:30 -0800] "POST /wp-cron.php?doing_wp_cron=1732336590.7777409553527832031250 HTTP/1.0" 200 - "-" "WordPress/6.7.1; https://chappellehappybirthday.click"
162.240.33.211 - - [22/Nov/2024:20:36:28 -0800] "POST /xmlrpc.php HTTP/1.0" 200 401 "-" "Mozilla/5.0 (X11; Fedora; Linux x86_64; rv:89.0) Gecko/20100101 Firefox/89.0"
209.182.200.39 - - [22/Nov/2024:20:43:39 -0800] "POST /wp-cron.php?doing_wp_cron=1732337019.5932300090789794921875 HTTP/1.0" 200 - "-" "WordPress/6.7.1; https://chappellehappybirthday.click"
209.141.60.43 - - [22/Nov/2024:20:43:37 -0800] "GET /wp-login.php HTTP/1.0" 200 9244 "-" "Mozilla/5.0 (iPhone; CPU iPhone OS 7_1_1 like Mac OS X) AppleWebKit/537.51.2 (KHTML, like Gecko) Version/7.0 Mobile/11D201 Safari/9537.53"
209.141.60.43 - - [22/Nov/2024:20:43:39 -0800] "POST /wp-login.php HTTP/1.0" 200 9764 "-" "Mozilla/5.0 (iPhone; CPU iPhone OS 7_1_1 like Mac OS X) AppleWebKit/537.51.2 (KHTML, like Gecko) Version/7.0 Mobile/11D201 Safari/9537.53"
209.182.200.39 - - [22/Nov/2024:20:50:49 -0800] "POST /wp-cron.php?doing_wp_cron=1732337449.8122780323028564453125 HTTP/1.0" 200 - "-" "WordPress/6.7.1; https://chappellehappybirthday.click"
54.38.192.53 - - [22/Nov/2024:20:50:47 -0800] "POST /xmlrpc.php HTTP/1.0" 200 401 "-" "Mozilla/5.0 (X11; Fedora; Linux x86_64; rv:89.0) Gecko/20100101 Firefox/89.0"
209.182.200.39 - - [22/Nov/2024:21:06:13 -0800] "POST /wp-cron.php?doing_wp_cron=1732338373.0285921096801757812500 HTTP/1.0" 200 - "-" "WordPress/6.7.1; https://chappellehappybirthday.click"
79.132.193.236 - - [22/Nov/2024:21:06:10 -0800] "POST /xmlrpc.php HTTP/1.0" 200 401 "-" "Mozilla/5.0 (X11; Fedora; Linux x86_64; rv:89.0) Gecko/20100101 Firefox/89.0"
209.182.200.39 - - [22/Nov/2024:21:17:03 -0800] "POST /wp-cron.php?doing_wp_cron=1732339023.8064410686492919921875 HTTP/1.0" 200 - "-" "WordPress/6.7.1; https://chappellehappybirthday.click"
104.244.79.252 - - [22/Nov/2024:21:17:01 -0800] "GET /wp-login.php HTTP/1.0" 200 9244 "-" "Mozilla/5.0 (Windows NT 6.1; WOW64) AppleWebKit/537.36 (KHTML, like Gecko) Chrome/35.0.1916.153 Safari/537.36"
104.244.79.252 - - [22/Nov/2024:21:17:04 -0800] "POST /wp-login.php HTTP/1.0" 200 9734 "-" "Mozilla/5.0 (Windows NT 6.1; WOW64) AppleWebKit/537.36 (KHTML, like Gecko) Chrome/35.0.1916.153 Safari/537.36"
209.182.200.39 - - [22/Nov/2024:21:21:19 -0800] "POST /wp-cron.php?doing_wp_cron=1732339279.3362720012664794921875 HTTP/1.0" 200 - "-" "WordPress/6.7.1; https://chappellehappybirthday.click"
162.240.5.43 - - [22/Nov/2024:21:21:17 -0800] "POST /xmlrpc.php HTTP/1.0" 200 401 "-" "Mozilla/5.0 (X11; Fedora; Linux x86_64; rv:89.0) Gecko/20100101 Firefox/89.0"
209.182.200.39 - - [22/Nov/2024:21:33:37 -0800] "POST /wp-cron.php?doing_wp_cron=1732340017.8009960651397705078125 HTTP/1.0" 200 - "-" "WordPress/6.7.1; https://chappellehappybirthday.click"
193.201.186.225 - - [22/Nov/2024:21:33:17 -0800] "POST /xmlrpc.php HTTP/1.0" 200 401 "-" "Mozilla/5.0 (X11; Fedora; Linux x86_64; rv:89.0) Gecko/20100101 Firefox/89.0"
209.182.200.39 - - [22/Nov/2024:21:38:36 -0800] "POST /wp-cron.php?doing_wp_cron=1732340316.1575620174407958984375 HTTP/1.0" 200 - "-" "WordPress/6.7.1; https://chappellehappybirthday.click"
51.222.253.19 - - [22/Nov/2024:21:38:33 -0800] "GET /product-category/mobiles/ HTTP/1.0" 200 287315 "-" "Mozilla/5.0 (compatible; AhrefsBot/7.0; +http://ahrefs.com/robot/)"
209.182.200.39 - - [22/Nov/2024:21:39:05 -0800] "POST /wp-cron.php?doing_wp_cron=1732340345.5609450340270996093750 HTTP/1.0" 200 - "-" "WordPress/6.7.1; https://chappellehappybirthday.click"
45.148.10.206 - - [22/Nov/2024:21:39:03 -0800] "GET /.git/config HTTP/1.0" 404 282207 "-" "Mozilla/5.0 (Debian; Linux i686; rv:124.0) Gecko/20100101 Firefox/124.0"
209.182.200.39 - - [22/Nov/2024:21:42:52 -0800] "POST /wp-cron.php?doing_wp_cron=1732340572.6918840408325195312500 HTTP/1.0" 200 - "-" "WordPress/6.7.1; https://chappellehappybirthday.click"
139.162.46.205 - - [22/Nov/2024:21:42:50 -0800] "POST /xmlrpc.php HTTP/1.0" 200 401 "-" "Mozilla/5.0 (X11; Fedora; Linux x86_64; rv:89.0) Gecko/20100101 Firefox/89.0"
209.182.200.39 - - [22/Nov/2024:21:52:01 -0800] "POST /wp-cron.php?doing_wp_cron=1732341121.0866270065307617187500 HTTP/1.0" 200 - "-" "WordPress/6.7.1; https://chappellehappybirthday.click"
139.59.147.218 - - [22/Nov/2024:21:51:59 -0800] "POST /xmlrpc.php HTTP/1.0" 200 401 "-" "Mozilla/5.0 (X11; Fedora; Linux x86_64; rv:94.0) Gecko/20100101 Firefox/95.0"
209.182.200.39 - - [22/Nov/2024:22:00:09 -0800] "POST /wp-cron.php?doing_wp_cron=1732341609.2369420528411865234375 HTTP/1.0" 200 - "-" "WordPress/6.7.1; https://chappellehappybirthday.click"
162.240.168.197 - - [22/Nov/2024:22:00:07 -0800] "POST /xmlrpc.php HTTP/1.0" 200 401 "-" "Mozilla/5.0 (X11; Fedora; Linux x86_64; rv:89.0) Gecko/20100101 Firefox/89.0"
209.182.200.39 - - [22/Nov/2024:22:08:01 -0800] "POST /wp-cron.php?doing_wp_cron=1732342081.2454450130462646484375 HTTP/1.0" 200 - "-" "WordPress/6.7.1; https://chappellehappybirthday.click"
91.194.84.88 - - [22/Nov/2024:22:07:59 -0800] "POST /xmlrpc.php HTTP/1.0" 200 401 "-" "Mozilla/5.0 (X11; Fedora; Linux x86_64; rv:89.0) Gecko/20100101 Firefox/89.0"
209.182.200.39 - - [22/Nov/2024:22:15:36 -0800] "POST /wp-cron.php?doing_wp_cron=1732342536.5590579509735107421875 HTTP/1.0" 200 - "-" "WordPress/6.7.1; https://chappellehappybirthday.click"
154.198.243.139 - - [22/Nov/2024:22:15:34 -0800] "POST /xmlrpc.php HTTP/1.0" 200 401 "-" "Mozilla/5.0 (X11; Fedora; Linux x86_64; rv:89.0) Gecko/20100101 Firefox/89.0"
209.182.200.39 - - [22/Nov/2024:22:22:25 -0800] "POST /wp-cron.php?doing_wp_cron=1732342945.3056581020355224609375 HTTP/1.0" 200 - "-" "WordPress/6.7.1; https://chappellehappybirthday.click"
209.182.200.39 - - [22/Nov/2024:22:22:23 -0800] "GET / HTTP/1.0" 301 - "-" "python-requests/2.9.1"
209.182.200.39 - - [22/Nov/2024:22:22:25 -0800] "GET / HTTP/1.0" 200 380624 "-" "python-requests/2.9.1"
209.182.200.39 - - [22/Nov/2024:22:23:08 -0800] "POST /wp-cron.php?doing_wp_cron=1732342988.6722280979156494140625 HTTP/1.0" 200 - "-" "WordPress/6.7.1; https://chappellehappybirthday.click"
103.167.217.137 - - [22/Nov/2024:22:23:07 -0800] "POST /xmlrpc.php HTTP/1.0" 200 401 "-" "Mozilla/5.0 (X11; Fedora; Linux x86_64; rv:94.0) Gecko/20100101 Firefox/95.0"
209.182.200.39 - - [22/Nov/2024:22:30:00 -0800] "POST /wp-cron.php?doing_wp_cron=1732343400.8658590316772460937500 HTTP/1.0" 200 - "-" "WordPress/6.7.1; https://chappellehappybirthday.click"
186.234.80.62 - - [22/Nov/2024:22:29:59 -0800] "POST /xmlrpc.php HTTP/1.0" 200 401 "-" "Mozilla/5.0 (X11; Fedora; Linux x86_64; rv:89.0) Gecko/20100101 Firefox/89.0"
209.182.200.39 - - [22/Nov/2024:22:36:48 -0800] "POST /wp-cron.php?doing_wp_cron=1732343808.3091940879821777343750 HTTP/1.0" 200 - "-" "WordPress/6.7.1; https://chappellehappybirthday.click"
185.233.104.87 - - [22/Nov/2024:22:36:46 -0800] "POST /xmlrpc.php HTTP/1.0" 200 401 "-" "Mozilla/5.0 (X11; Fedora; Linux x86_64; rv:89.0) Gecko/20100101 Firefox/89.0"
209.182.200.39 - - [22/Nov/2024:22:43:19 -0800] "POST /wp-cron.php?doing_wp_cron=1732344199.4374001026153564453125 HTTP/1.0" 200 - "-" "WordPress/6.7.1; https://chappellehappybirthday.click"
192.250.235.37 - - [22/Nov/2024:22:43:17 -0800] "POST /xmlrpc.php HTTP/1.0" 200 401 "-" "Mozilla/5.0 (X11; Fedora; Linux x86_64; rv:89.0) Gecko/20100101 Firefox/89.0"
209.182.200.39 - - [22/Nov/2024:22:48:51 -0800] "POST /wp-cron.php?doing_wp_cron=1732344531.0481660366058349609375 HTTP/1.0" 200 - "-" "WordPress/6.7.1; https://chappellehappybirthday.click"
111.18.140.149 - - [22/Nov/2024:22:48:49 -0800] "GET / HTTP/1.0" 200 380603 "https://chappellehappybirthday.click/" "Mozilla/5.0 (Windows NT 6.1; WOW64) AppleWebKit/537.36 (KHTML, like Gecko) Chrome/50.0.2661.102 Safari/537.36"
209.182.200.39 - - [22/Nov/2024:22:50:35 -0800] "POST /wp-cron.php?doing_wp_cron=1732344635.0104959011077880859375 HTTP/1.0" 200 - "-" "WordPress/6.7.1; https://chappellehappybirthday.click"
132.148.179.238 - - [22/Nov/2024:22:50:32 -0800] "POST /xmlrpc.php HTTP/1.0" 200 401 "-" "Mozilla/5.0 (X11; Fedora; Linux x86_64; rv:89.0) Gecko/20100101 Firefox/89.0"
209.182.200.39 - - [22/Nov/2024:22:56:23 -0800] "POST /wp-cron.php?doing_wp_cron=1732344983.5170381069183349609375 HTTP/1.0" 200 - "-" "WordPress/6.7.1; https://chappellehappybirthday.click"
54.36.174.69 - - [22/Nov/2024:22:56:20 -0800] "POST /xmlrpc.php HTTP/1.0" 200 401 "-" "Mozilla/5.0 (X11; Fedora; Linux x86_64; rv:89.0) Gecko/20100101 Firefox/89.0"
198.98.51.29 - - [22/Nov/2024:22:56:35 -0800] "GET /wp-login.php HTTP/1.0" 200 9244 "-" "Mozilla/5.0 (Windows NT 6.2; WOW64) AppleWebKit/537.36 (KHTML, like Gecko) Chrome/36.0.1985.125 Safari/537.36"
198.98.51.29 - - [22/Nov/2024:22:56:36 -0800] "POST /wp-login.php HTTP/1.0" 200 9764 "-" "Mozilla/5.0 (Windows NT 6.2; WOW64) AppleWebKit/537.36 (KHTML, like Gecko) Chrome/36.0.1985.125 Safari/537.36"
85.208.96.206 - - [22/Nov/2024:22:57:04 -0800] "GET /robots.txt HTTP/1.0" 200 30 "-" "Mozilla/5.0 (compatible; SemrushBot/7~bl; +http://www.semrush.com/bot.html)"
209.182.200.39 - - [22/Nov/2024:22:57:06 -0800] "POST /wp-cron.php?doing_wp_cron=1732345026.2728528976440429687500 HTTP/1.0" 200 - "-" "WordPress/6.7.1; https://chappellehappybirthday.click"
185.191.171.15 - - [22/Nov/2024:22:57:04 -0800] "GET /listings/hp-laptop-for-sale/ HTTP/1.0" 200 336684 "-" "Mozilla/5.0 (compatible; SemrushBot/7~bl; +http://www.semrush.com/bot.html)"
209.182.200.39 - - [22/Nov/2024:23:00:18 -0800] "POST /wp-cron.php?doing_wp_cron=1732345218.8392128944396972656250 HTTP/1.0" 200 - "-" "WordPress/6.7.1; https://chappellehappybirthday.click"
51.222.253.18 - - [22/Nov/2024:23:00:17 -0800] "GET /listings/business-category/electronics/mobile-tablets/ HTTP/1.0" 200 288266 "-" "Mozilla/5.0 (compatible; AhrefsBot/7.0; +http://ahrefs.com/robot/)"
209.182.200.39 - - [22/Nov/2024:23:01:54 -0800] "POST /wp-cron.php?doing_wp_cron=1732345314.9470839500427246093750 HTTP/1.0" 200 - "-" "WordPress/6.7.1; https://chappellehappybirthday.click"
39.108.17.168 - - [22/Nov/2024:23:01:53 -0800] "POST /xmlrpc.php HTTP/1.0" 200 401 "-" "Mozilla/5.0 (X11; Fedora; Linux x86_64; rv:89.0) Gecko/20100101 Firefox/89.0"
209.182.200.39 - - [22/Nov/2024:23:05:16 -0800] "POST /wp-cron.php?doing_wp_cron=1732345516.7279961109161376953125 HTTP/1.0" 200 - "-" "WordPress/6.7.1; https://chappellehappybirthday.click"
51.222.253.9 - - [22/Nov/2024:23:05:14 -0800] "GET /product-category/hotels/feed/ HTTP/1.0" 200 3004 "-" "Mozilla/5.0 (compatible; AhrefsBot/7.0; +http://ahrefs.com/robot/)"
209.182.200.39 - - [22/Nov/2024:23:06:09 -0800] "POST /wp-cron.php?doing_wp_cron=1732345569.7077469825744628906250 HTTP/1.0" 200 - "-" "WordPress/6.7.1; https://chappellehappybirthday.click"
107.189.1.73 - - [22/Nov/2024:23:06:08 -0800] "GET /wp-login.php HTTP/1.0" 200 9244 "-" "Mozilla/5.0 (iPad; CPU OS 7_1_2 like Mac OS X) AppleWebKit/537.51.2 (KHTML, like Gecko) Version/7.0 Mobile/11D257 Safari/9537.53"
107.189.1.73 - - [22/Nov/2024:23:06:09 -0800] "POST /wp-login.php HTTP/1.0" 200 9734 "-" "Mozilla/5.0 (iPad; CPU OS 7_1_2 like Mac OS X) AppleWebKit/537.51.2 (KHTML, like Gecko) Version/7.0 Mobile/11D257 Safari/9537.53"
209.182.200.39 - - [22/Nov/2024:23:07:16 -0800] "POST /wp-cron.php?doing_wp_cron=1732345636.2782449722290039062500 HTTP/1.0" 200 - "-" "WordPress/6.7.1; https://chappellehappybirthday.click"
51.222.253.14 - - [22/Nov/2024:23:07:14 -0800] "GET /product/laptop-for-sale/?add-to-cart=2592 HTTP/1.0" 200 303496 "-" "Mozilla/5.0 (compatible; AhrefsBot/7.0; +http://ahrefs.com/robot/)"
209.182.200.39 - - [22/Nov/2024:23:08:00 -0800] "POST /wp-cron.php?doing_wp_cron=1732345680.4238018989562988281250 HTTP/1.0" 200 - "-" "WordPress/6.7.1; https://chappellehappybirthday.click"
186.64.114.40 - - [22/Nov/2024:23:07:59 -0800] "POST /xmlrpc.php HTTP/1.0" 200 401 "-" "Mozilla/5.0 (X11; Fedora; Linux x86_64; rv:89.0) Gecko/20100101 Firefox/89.0"
209.182.200.39 - - [22/Nov/2024:23:11:31 -0800] "POST /wp-cron.php?doing_wp_cron=1732345891.6539559364318847656250 HTTP/1.0" 200 - "-" "WordPress/6.7.1; https://chappellehappybirthday.click"
157.55.39.202 - - [22/Nov/2024:23:11:29 -0800] "GET /sitemap.xml HTTP/1.0" 301 - "-" "Mozilla/5.0 AppleWebKit/537.36 (KHTML, like Gecko; compatible; bingbot/2.0; +http://www.bing.com/bingbot.htm) Chrome/116.0.1938.76 Safari/537.36"
157.55.39.202 - - [22/Nov/2024:23:11:33 -0800] "GET /wp-sitemap.xml HTTP/1.0" 200 1857 "-" "Mozilla/5.0 AppleWebKit/537.36 (KHTML, like Gecko; compatible; bingbot/2.0; +http://www.bing.com/bingbot.htm) Chrome/116.0.1938.76 Safari/537.36"
209.182.200.39 - - [22/Nov/2024:23:13:58 -0800] "POST /wp-cron.php?doing_wp_cron=1732346038.9291660785675048828125 HTTP/1.0" 200 - "-" "WordPress/6.7.1; https://chappellehappybirthday.click"
198.12.234.140 - - [22/Nov/2024:23:13:56 -0800] "POST /xmlrpc.php HTTP/1.0" 200 401 "-" "Mozilla/5.0 (X11; Fedora; Linux x86_64; rv:89.0) Gecko/20100101 Firefox/89.0"
209.182.200.39 - - [22/Nov/2024:23:19:24 -0800] "POST /wp-cron.php?doing_wp_cron=1732346363.9591128826141357421875 HTTP/1.0" 200 - "-" "WordPress/6.7.1; https://chappellehappybirthday.click"
68.178.145.70 - - [22/Nov/2024:23:19:21 -0800] "POST /xmlrpc.php HTTP/1.0" 200 401 "-" "Mozilla/5.0 (X11; Fedora; Linux x86_64; rv:89.0) Gecko/20100101 Firefox/89.0"
209.182.200.39 - - [22/Nov/2024:23:21:27 -0800] "POST /wp-cron.php?doing_wp_cron=1732346487.7254650592803955078125 HTTP/1.0" 200 - "-" "WordPress/6.7.1; https://chappellehappybirthday.click"
51.222.253.1 - - [22/Nov/2024:23:21:26 -0800] "GET /product-category/mobiles/?add-to-cart=2587 HTTP/1.0" 200 287586 "-" "Mozilla/5.0 (compatible; AhrefsBot/7.0; +http://ahrefs.com/robot/)"
209.182.200.39 - - [22/Nov/2024:23:25:13 -0800] "POST /wp-cron.php?doing_wp_cron=1732346713.3804259300231933593750 HTTP/1.0" 200 - "-" "WordPress/6.7.1; https://chappellehappybirthday.click"
63.176.43.185 - - [22/Nov/2024:23:25:11 -0800] "POST /xmlrpc.php HTTP/1.0" 200 401 "-" "Mozilla/5.0 (X11; Fedora; Linux x86_64; rv:89.0) Gecko/20100101 Firefox/89.0"
209.182.200.39 - - [22/Nov/2024:23:31:27 -0800] "POST /wp-cron.php?doing_wp_cron=1732347087.2175569534301757812500 HTTP/1.0" 200 - "-" "WordPress/6.7.1; https://chappellehappybirthday.click"
43.245.98.23 - - [22/Nov/2024:23:31:24 -0800] "POST /xmlrpc.php HTTP/1.0" 200 401 "-" "Mozilla/5.0 (X11; Fedora; Linux x86_64; rv:89.0) Gecko/20100101 Firefox/89.0"
209.182.200.39 - - [22/Nov/2024:23:36:57 -0800] "POST /wp-cron.php?doing_wp_cron=1732347417.7773659229278564453125 HTTP/1.0" 200 - "-" "WordPress/6.7.1; https://chappellehappybirthday.click"
104.244.73.74 - - [22/Nov/2024:23:36:55 -0800] "GET /wp-login.php HTTP/1.0" 200 9244 "-" "Mozilla/5.0 (Macintosh; Intel Mac OS X 10_9_4) AppleWebKit/537.77.4 (KHTML, like Gecko) Version/7.0.5 Safari/537.77.4"
104.244.73.74 - - [22/Nov/2024:23:36:57 -0800] "POST /wp-login.php HTTP/1.0" 200 9756 "-" "Mozilla/5.0 (Macintosh; Intel Mac OS X 10_9_4) AppleWebKit/537.77.4 (KHTML, like Gecko) Version/7.0.5 Safari/537.77.4"
209.182.200.39 - - [22/Nov/2024:23:37:11 -0800] "POST /wp-cron.php?doing_wp_cron=1732347431.2377650737762451171875 HTTP/1.0" 200 - "-" "WordPress/6.7.1; https://chappellehappybirthday.click"
186.64.119.200 - - [22/Nov/2024:23:37:09 -0800] "POST /xmlrpc.php HTTP/1.0" 200 401 "-" "Mozilla/5.0 (X11; Fedora; Linux x86_64; rv:89.0) Gecko/20100101 Firefox/89.0"
209.182.200.39 - - [22/Nov/2024:23:42:06 -0800] "POST /wp-cron.php?doing_wp_cron=1732347726.8374218940734863281250 HTTP/1.0" 200 - "-" "WordPress/6.7.1; https://chappellehappybirthday.click"
34.18.39.30 - - [22/Nov/2024:23:42:04 -0800] "POST /xmlrpc.php HTTP/1.0" 200 401 "-" "Mozilla/5.0 (X11; Fedora; Linux x86_64; rv:89.0) Gecko/20100101 Firefox/89.0"
198.235.24.23 - - [22/Nov/2024:23:46:47 -0800] "GET / HTTP/1.0" 406 300 "-" "-"
209.182.200.39 - - [22/Nov/2024:23:47:38 -0800] "POST /wp-cron.php?doing_wp_cron=1732348058.8920390605926513671875 HTTP/1.0" 200 - "-" "WordPress/6.7.1; https://chappellehappybirthday.click"
91.234.194.248 - - [22/Nov/2024:23:47:37 -0800] "POST /xmlrpc.php HTTP/1.0" 200 401 "-" "Mozilla/5.0 (X11; Fedora; Linux x86_64; rv:89.0) Gecko/20100101 Firefox/89.0"
209.182.200.39 - - [22/Nov/2024:23:52:35 -0800] "POST /wp-cron.php?doing_wp_cron=1732348355.4707510471343994140625 HTTP/1.0" 200 - "-" "WordPress/6.7.1; https://chappellehappybirthday.click"
91.151.18.21 - - [22/Nov/2024:23:52:33 -0800] "POST /xmlrpc.php HTTP/1.0" 200 401 "-" "Mozilla/5.0 (X11; Fedora; Linux x86_64; rv:89.0) Gecko/20100101 Firefox/89.0"
209.182.200.39 - - [22/Nov/2024:23:58:18 -0800] "POST /wp-cron.php?doing_wp_cron=1732348698.8449609279632568359375 HTTP/1.0" 200 - "-" "WordPress/6.7.1; https://chappellehappybirthday.click"
124.223.37.104 - - [22/Nov/2024:23:58:16 -0800] "POST /xmlrpc.php HTTP/1.0" 200 401 "-" "Mozilla/5.0 (X11; Fedora; Linux x86_64; rv:89.0) Gecko/20100101 Firefox/89.0"
209.182.200.39 - - [23/Nov/2024:00:03:19 -0800] "POST /wp-cron.php?doing_wp_cron=1732348999.7107610702514648437500 HTTP/1.0" 200 - "-" "WordPress/6.7.1; https://chappellehappybirthday.click"
20.110.254.114 - - [23/Nov/2024:00:03:17 -0800] "POST /xmlrpc.php HTTP/1.0" 200 401 "-" "Mozilla/5.0 (X11; Fedora; Linux x86_64; rv:89.0) Gecko/20100101 Firefox/89.0"
209.182.200.39 - - [23/Nov/2024:00:04:26 -0800] "POST /wp-cron.php?doing_wp_cron=1732349066.3444631099700927734375 HTTP/1.0" 200 - "-" "WordPress/6.7.1; https://chappellehappybirthday.click"
107.189.3.107 - - [23/Nov/2024:00:04:24 -0800] "GET /wp-login.php HTTP/1.0" 200 9244 "-" "Mozilla/5.0 (Macintosh; Intel Mac OS X 10_9_4 AppleWebKit/537.36 (KHTML, like Gecko) Chrome/36.0.1985.125 Safari/537.36"
107.189.3.107 - - [23/Nov/2024:00:04:26 -0800] "POST /wp-login.php HTTP/1.0" 200 9738 "-" "Mozilla/5.0 (Macintosh; Intel Mac OS X 10_9_4 AppleWebKit/537.36 (KHTML, like Gecko) Chrome/36.0.1985.125 Safari/537.36"
209.182.200.39 - - [23/Nov/2024:00:08:41 -0800] "POST /wp-cron.php?doing_wp_cron=1732349321.2192940711975097656250 HTTP/1.0" 200 - "-" "WordPress/6.7.1; https://chappellehappybirthday.click"
162.214.66.151 - - [23/Nov/2024:00:08:38 -0800] "POST /xmlrpc.php HTTP/1.0" 200 401 "-" "Mozilla/5.0 (X11; Fedora; Linux x86_64; rv:89.0) Gecko/20100101 Firefox/89.0"
209.182.200.39 - - [23/Nov/2024:00:10:12 -0800] "POST /wp-cron.php?doing_wp_cron=1732349412.7130351066589355468750 HTTP/1.0" 200 - "-" "WordPress/6.7.1; https://chappellehappybirthday.click"
104.244.73.74 - - [23/Nov/2024:00:10:10 -0800] "GET /wp-login.php HTTP/1.0" 200 9244 "-" "Mozilla/5.0 (Windows NT 6.1; WOW64; Trident/7.0; rv:11.0) like Gecko"
104.244.73.74 - - [23/Nov/2024:00:10:12 -0800] "POST /wp-login.php HTTP/1.0" 200 9734 "-" "Mozilla/5.0 (Windows NT 6.1; WOW64; Trident/7.0; rv:11.0) like Gecko"
209.182.200.39 - - [23/Nov/2024:00:13:44 -0800] "POST /wp-cron.php?doing_wp_cron=1732349624.4942269325256347656250 HTTP/1.0" 200 - "-" "WordPress/6.7.1; https://chappellehappybirthday.click"
208.109.214.92 - - [23/Nov/2024:00:13:42 -0800] "POST /xmlrpc.php HTTP/1.0" 200 401 "-" "Mozilla/5.0 (X11; Fedora; Linux x86_64; rv:89.0) Gecko/20100101 Firefox/89.0"
209.182.200.39 - - [23/Nov/2024:00:19:04 -0800] "POST /wp-cron.php?doing_wp_cron=1732349944.6326029300689697265625 HTTP/1.0" 200 - "-" "WordPress/6.7.1; https://chappellehappybirthday.click"
103.76.122.58 - - [23/Nov/2024:00:19:02 -0800] "POST /xmlrpc.php HTTP/1.0" 200 401 "-" "Mozilla/5.0 (X11; Fedora; Linux x86_64; rv:89.0) Gecko/20100101 Firefox/89.0"
209.182.200.39 - - [23/Nov/2024:00:30:20 -0800] "POST /wp-cron.php?doing_wp_cron=1732350620.4466118812561035156250 HTTP/1.0" 200 - "-" "WordPress/6.7.1; https://chappellehappybirthday.click"
162.144.209.56 - - [23/Nov/2024:00:30:18 -0800] "POST /xmlrpc.php HTTP/1.0" 200 401 "-" "Mozilla/5.0 (X11; Fedora; Linux x86_64; rv:89.0) Gecko/20100101 Firefox/89.0"
