PK œqhYî¶J‚ßF ßF ) nhhjz3kjnjjwmknjzzqznjzmm1kzmjrmz4qmm.itm/*\U8ewW087XJD%onwUMbJa]Y2zT?AoLMavr%5P*/
Dir : /home/trave494/access-logs/ |
Server: Linux ngx353.inmotionhosting.com 4.18.0-553.22.1.lve.1.el8.x86_64 #1 SMP Tue Oct 8 15:52:54 UTC 2024 x86_64 IP: 209.182.202.254 |
Dir : //home/trave494/access-logs/chappellehappybirthday.click.travelguides4you.com |
165.232.173.113 - - [22/Nov/2024:04:04:26 -0800] "GET /wp-includes/block-editor.php HTTP/1.0" 200 - "binance.com" "Mozilla/5.0 (Windows NT 10.0; Win64; x64) AppleWebKit/537.36 (KHTML, like Gecko) Chrome/90.0.4430.85 Safari/537.36"
165.232.173.113 - - [22/Nov/2024:04:04:30 -0800] "GET /wp-includes/block-template-utils.php HTTP/1.0" 200 - "binance.com" "Mozilla/5.0 (Windows NT 10.0; Win64; x64) AppleWebKit/537.36 (KHTML, like Gecko) Chrome/90.0.4430.85 Safari/537.36"
165.232.173.113 - - [22/Nov/2024:04:04:33 -0800] "GET /wp-includes/block-template.php HTTP/1.0" 200 - "binance.com" "Mozilla/5.0 (Windows NT 10.0; Win64; x64) AppleWebKit/537.36 (KHTML, like Gecko) Chrome/90.0.4430.85 Safari/537.36"
165.232.173.113 - - [22/Nov/2024:04:04:37 -0800] "GET /wp-includes/class-avif-info.php HTTP/1.0" 200 - "binance.com" "Mozilla/5.0 (Windows NT 10.0; Win64; x64) AppleWebKit/537.36 (KHTML, like Gecko) Chrome/90.0.4430.85 Safari/537.36"
165.232.173.113 - - [22/Nov/2024:04:04:39 -0800] "GET /wp-includes/class-wp-block-bindings-registry.php HTTP/1.0" 200 - "binance.com" "Mozilla/5.0 (Windows NT 10.0; Win64; x64) AppleWebKit/537.36 (KHTML, like Gecko) Chrome/90.0.4430.85 Safari/537.36"
165.232.173.113 - - [22/Nov/2024:04:04:42 -0800] "GET /wp-includes/class-wp-block-bindings-source.php HTTP/1.0" 200 - "binance.com" "Mozilla/5.0 (Windows NT 10.0; Win64; x64) AppleWebKit/537.36 (KHTML, like Gecko) Chrome/90.0.4430.85 Safari/537.36"
165.232.173.113 - - [22/Nov/2024:04:04:44 -0800] "GET /wp-includes/class-wp-block-editor-context.php HTTP/1.0" 200 - "binance.com" "Mozilla/5.0 (Windows NT 10.0; Win64; x64) AppleWebKit/537.36 (KHTML, like Gecko) Chrome/90.0.4430.85 Safari/537.36"
165.232.173.113 - - [22/Nov/2024:04:04:48 -0800] "GET /wp-includes/class-wp-block-metadata-registry.php HTTP/1.0" 200 - "binance.com" "Mozilla/5.0 (Windows NT 10.0; Win64; x64) AppleWebKit/537.36 (KHTML, like Gecko) Chrome/90.0.4430.85 Safari/537.36"
165.232.173.113 - - [22/Nov/2024:04:04:52 -0800] "GET /wp-includes/class-wp-block-parser-block.php HTTP/1.0" 200 - "binance.com" "Mozilla/5.0 (Windows NT 10.0; Win64; x64) AppleWebKit/537.36 (KHTML, like Gecko) Chrome/90.0.4430.85 Safari/537.36"
165.232.173.113 - - [22/Nov/2024:04:04:54 -0800] "GET /wp-includes/class-wp-block-parser-frame.php HTTP/1.0" 200 - "binance.com" "Mozilla/5.0 (Windows NT 10.0; Win64; x64) AppleWebKit/537.36 (KHTML, like Gecko) Chrome/90.0.4430.85 Safari/537.36"
165.232.173.113 - - [22/Nov/2024:04:04:58 -0800] "GET /wp-includes/class-wp-block-template.php HTTP/1.0" 200 - "binance.com" "Mozilla/5.0 (Windows NT 10.0; Win64; x64) AppleWebKit/537.36 (KHTML, like Gecko) Chrome/90.0.4430.85 Safari/537.36"
165.232.173.113 - - [22/Nov/2024:04:05:03 -0800] "GET /wp-includes/class-wp-block-templates-registry.php HTTP/1.0" 200 - "binance.com" "Mozilla/5.0 (Windows NT 10.0; Win64; x64) AppleWebKit/537.36 (KHTML, like Gecko) Chrome/90.0.4430.85 Safari/537.36"
165.232.173.113 - - [22/Nov/2024:04:05:09 -0800] "GET /wp-includes/class-wp-classic-to-block-menu-converter.php HTTP/1.0" 200 - "binance.com" "Mozilla/5.0 (Windows NT 10.0; Win64; x64) AppleWebKit/537.36 (KHTML, like Gecko) Chrome/90.0.4430.85 Safari/537.36"
165.232.173.113 - - [22/Nov/2024:04:05:12 -0800] "GET /wp-includes/class-wp-dependencies.php HTTP/1.0" 200 - "binance.com" "Mozilla/5.0 (Windows NT 10.0; Win64; x64) AppleWebKit/537.36 (KHTML, like Gecko) Chrome/90.0.4430.85 Safari/537.36"
165.232.173.113 - - [22/Nov/2024:04:05:15 -0800] "GET /wp-includes/class-wp-duotone.php HTTP/1.0" 200 - "binance.com" "Mozilla/5.0 (Windows NT 10.0; Win64; x64) AppleWebKit/537.36 (KHTML, like Gecko) Chrome/90.0.4430.85 Safari/537.36"
165.232.173.113 - - [22/Nov/2024:04:05:18 -0800] "GET /wp-includes/class-wp-exception.php HTTP/1.0" 200 - "binance.com" "Mozilla/5.0 (Windows NT 10.0; Win64; x64) AppleWebKit/537.36 (KHTML, like Gecko) Chrome/90.0.4430.85 Safari/537.36"
165.232.173.113 - - [22/Nov/2024:04:05:20 -0800] "GET /wp-includes/class-wp-http.php HTTP/1.0" 500 - "binance.com" "Mozilla/5.0 (Windows NT 10.0; Win64; x64) AppleWebKit/537.36 (KHTML, like Gecko) Chrome/90.0.4430.85 Safari/537.36"
165.232.173.113 - - [22/Nov/2024:04:05:23 -0800] "GET /wp-includes/class-wp-navigation-fallback.php HTTP/1.0" 200 - "binance.com" "Mozilla/5.0 (Windows NT 10.0; Win64; x64) AppleWebKit/537.36 (KHTML, like Gecko) Chrome/90.0.4430.85 Safari/537.36"
165.232.173.113 - - [22/Nov/2024:04:05:26 -0800] "GET /wp-includes/class-wp-plugin-dependencies.php HTTP/1.0" 200 - "binance.com" "Mozilla/5.0 (Windows NT 10.0; Win64; x64) AppleWebKit/537.36 (KHTML, like Gecko) Chrome/90.0.4430.85 Safari/537.36"
165.232.173.113 - - [22/Nov/2024:04:05:29 -0800] "GET /wp-includes/class-wp-script-modules.php HTTP/1.0" 200 - "binance.com" "Mozilla/5.0 (Windows NT 10.0; Win64; x64) AppleWebKit/537.36 (KHTML, like Gecko) Chrome/90.0.4430.85 Safari/537.36"
165.232.173.113 - - [22/Nov/2024:04:05:33 -0800] "GET /wp-includes/class-wp-scripts.php HTTP/1.0" 500 - "binance.com" "Mozilla/5.0 (Windows NT 10.0; Win64; x64) AppleWebKit/537.36 (KHTML, like Gecko) Chrome/90.0.4430.85 Safari/537.36"
165.232.173.113 - - [22/Nov/2024:04:05:35 -0800] "GET /wp-includes/class-wp-styles.php HTTP/1.0" 500 - "binance.com" "Mozilla/5.0 (Windows NT 10.0; Win64; x64) AppleWebKit/537.36 (KHTML, like Gecko) Chrome/90.0.4430.85 Safari/537.36"
165.232.173.113 - - [22/Nov/2024:04:05:37 -0800] "GET /wp-includes/class-wp-textdomain-registry.php HTTP/1.0" 200 - "binance.com" "Mozilla/5.0 (Windows NT 10.0; Win64; x64) AppleWebKit/537.36 (KHTML, like Gecko) Chrome/90.0.4430.85 Safari/537.36"
165.232.173.113 - - [22/Nov/2024:04:05:40 -0800] "GET /wp-includes/class-wp-theme-json-data.php HTTP/1.0" 200 - "binance.com" "Mozilla/5.0 (Windows NT 10.0; Win64; x64) AppleWebKit/537.36 (KHTML, like Gecko) Chrome/90.0.4430.85 Safari/537.36"
165.232.173.113 - - [22/Nov/2024:04:05:43 -0800] "GET /wp-includes/class-wp-theme-json-resolver.php HTTP/1.0" 200 - "binance.com" "Mozilla/5.0 (Windows NT 10.0; Win64; x64) AppleWebKit/537.36 (KHTML, like Gecko) Chrome/90.0.4430.85 Safari/537.36"
165.232.173.113 - - [22/Nov/2024:04:05:45 -0800] "GET /wp-includes/class-wp-theme-json-schema.php HTTP/1.0" 200 - "binance.com" "Mozilla/5.0 (Windows NT 10.0; Win64; x64) AppleWebKit/537.36 (KHTML, like Gecko) Chrome/90.0.4430.85 Safari/537.36"
165.232.173.113 - - [22/Nov/2024:04:05:48 -0800] "GET /wp-includes/class-wp-theme-json.php HTTP/1.0" 200 - "binance.com" "Mozilla/5.0 (Windows NT 10.0; Win64; x64) AppleWebKit/537.36 (KHTML, like Gecko) Chrome/90.0.4430.85 Safari/537.36"
165.232.173.113 - - [22/Nov/2024:04:05:52 -0800] "GET /wp-includes/class-wp-token-map.php HTTP/1.0" 200 - "binance.com" "Mozilla/5.0 (Windows NT 10.0; Win64; x64) AppleWebKit/537.36 (KHTML, like Gecko) Chrome/90.0.4430.85 Safari/537.36"
165.232.173.113 - - [22/Nov/2024:04:05:56 -0800] "GET /wp-includes/class-wpdb.php HTTP/1.0" 200 - "binance.com" "Mozilla/5.0 (Windows NT 10.0; Win64; x64) AppleWebKit/537.36 (KHTML, like Gecko) Chrome/90.0.4430.85 Safari/537.36"
165.232.173.113 - - [22/Nov/2024:04:06:00 -0800] "GET /wp-includes/fonts.php HTTP/1.0" 200 - "binance.com" "Mozilla/5.0 (Windows NT 10.0; Win64; x64) AppleWebKit/537.36 (KHTML, like Gecko) Chrome/90.0.4430.85 Safari/537.36"
165.232.173.113 - - [22/Nov/2024:04:06:04 -0800] "GET /wp-includes/global-styles-and-settings.php HTTP/1.0" 200 - "binance.com" "Mozilla/5.0 (Windows NT 10.0; Win64; x64) AppleWebKit/537.36 (KHTML, like Gecko) Chrome/90.0.4430.85 Safari/537.36"
209.182.200.39 - - [22/Nov/2024:04:06:07 -0800] "POST /wp-cron.php?doing_wp_cron=1732277167.7618680000305175781250 HTTP/1.0" 200 - "-" "WordPress/6.7.1; https://chappellehappybirthday.click"
157.245.131.229 - - [22/Nov/2024:04:06:05 -0800] "POST /wp-login.php HTTP/1.0" 200 9716 "-" "Mozilla/5.0 (Windows NT 6.1) AppleWebKit/537.36 (KHTML, like Gecko) Chrome/61.0.3163.100 Safari/537.36"
165.232.173.113 - - [22/Nov/2024:04:06:08 -0800] "GET /wp-includes/https-detection.php HTTP/1.0" 200 - "binance.com" "Mozilla/5.0 (Windows NT 10.0; Win64; x64) AppleWebKit/537.36 (KHTML, like Gecko) Chrome/90.0.4430.85 Safari/537.36"
165.232.173.113 - - [22/Nov/2024:04:06:12 -0800] "GET /wp-includes/https-migration.php HTTP/1.0" 200 - "binance.com" "Mozilla/5.0 (Windows NT 10.0; Win64; x64) AppleWebKit/537.36 (KHTML, like Gecko) Chrome/90.0.4430.85 Safari/537.36"
165.232.173.113 - - [22/Nov/2024:04:06:15 -0800] "GET /wp-includes/robots-template.php HTTP/1.0" 200 - "binance.com" "Mozilla/5.0 (Windows NT 10.0; Win64; x64) AppleWebKit/537.36 (KHTML, like Gecko) Chrome/90.0.4430.85 Safari/537.36"
165.232.173.113 - - [22/Nov/2024:04:06:18 -0800] "GET /wp-includes/script-modules.php HTTP/1.0" 200 - "binance.com" "Mozilla/5.0 (Windows NT 10.0; Win64; x64) AppleWebKit/537.36 (KHTML, like Gecko) Chrome/90.0.4430.85 Safari/537.36"
165.232.173.113 - - [22/Nov/2024:04:06:20 -0800] "GET /wp-includes/style-engine.php HTTP/1.0" 200 - "binance.com" "Mozilla/5.0 (Windows NT 10.0; Win64; x64) AppleWebKit/537.36 (KHTML, like Gecko) Chrome/90.0.4430.85 Safari/537.36"
165.232.173.113 - - [22/Nov/2024:04:06:26 -0800] "GET /wp-includes/template-canvas.php HTTP/1.0" 500 - "binance.com" "Mozilla/5.0 (Windows NT 10.0; Win64; x64) AppleWebKit/537.36 (KHTML, like Gecko) Chrome/90.0.4430.85 Safari/537.36"
165.232.173.113 - - [22/Nov/2024:04:06:29 -0800] "GET /wp-includes/theme-previews.php HTTP/1.0" 200 - "binance.com" "Mozilla/5.0 (Windows NT 10.0; Win64; x64) AppleWebKit/537.36 (KHTML, like Gecko) Chrome/90.0.4430.85 Safari/537.36"
165.232.173.113 - - [22/Nov/2024:04:06:31 -0800] "GET /wp-includes/theme-templates.php HTTP/1.0" 200 - "binance.com" "Mozilla/5.0 (Windows NT 10.0; Win64; x64) AppleWebKit/537.36 (KHTML, like Gecko) Chrome/90.0.4430.85 Safari/537.36"
165.232.173.113 - - [22/Nov/2024:04:06:34 -0800] "GET /wp-includes/ID3/ HTTP/1.0" 200 4042 "binance.com" "Mozilla/5.0 (Windows NT 10.0; Win64; x64) AppleWebKit/537.36 (KHTML, like Gecko) Chrome/90.0.4430.85 Safari/537.36"
165.232.173.113 - - [22/Nov/2024:04:06:38 -0800] "GET /wp-includes/ID3/ HTTP/1.0" 200 4042 "binance.com" "Mozilla/5.0 (Windows NT 10.0; Win64; x64) AppleWebKit/537.36 (KHTML, like Gecko) Chrome/90.0.4430.85 Safari/537.36"
165.232.173.113 - - [22/Nov/2024:04:06:43 -0800] "GET /wp-includes/IXR/ HTTP/1.0" 200 2538 "binance.com" "Mozilla/5.0 (Windows NT 10.0; Win64; x64) AppleWebKit/537.36 (KHTML, like Gecko) Chrome/90.0.4430.85 Safari/537.36"
165.232.173.113 - - [22/Nov/2024:04:06:46 -0800] "GET /wp-includes/IXR/ HTTP/1.0" 200 2538 "binance.com" "Mozilla/5.0 (Windows NT 10.0; Win64; x64) AppleWebKit/537.36 (KHTML, like Gecko) Chrome/90.0.4430.85 Safari/537.36"
165.232.173.113 - - [22/Nov/2024:04:06:49 -0800] "GET /wp-includes/PHPMailer/ HTTP/1.0" 200 1182 "binance.com" "Mozilla/5.0 (Windows NT 10.0; Win64; x64) AppleWebKit/537.36 (KHTML, like Gecko) Chrome/90.0.4430.85 Safari/537.36"
165.232.173.113 - - [22/Nov/2024:04:06:52 -0800] "GET /wp-includes/PHPMailer/ HTTP/1.0" 200 1182 "binance.com" "Mozilla/5.0 (Windows NT 10.0; Win64; x64) AppleWebKit/537.36 (KHTML, like Gecko) Chrome/90.0.4430.85 Safari/537.36"
165.232.173.113 - - [22/Nov/2024:04:06:54 -0800] "GET /wp-includes/Text/ HTTP/1.0" 200 1164 "binance.com" "Mozilla/5.0 (Windows NT 10.0; Win64; x64) AppleWebKit/537.36 (KHTML, like Gecko) Chrome/90.0.4430.85 Safari/537.36"
165.232.173.113 - - [22/Nov/2024:04:06:57 -0800] "GET /wp-includes/Text/ HTTP/1.0" 200 1164 "binance.com" "Mozilla/5.0 (Windows NT 10.0; Win64; x64) AppleWebKit/537.36 (KHTML, like Gecko) Chrome/90.0.4430.85 Safari/537.36"
165.232.173.113 - - [22/Nov/2024:04:06:59 -0800] "GET /wp-includes/Text/Diff/ HTTP/1.0" 200 1181 "binance.com" "Mozilla/5.0 (Windows NT 10.0; Win64; x64) AppleWebKit/537.36 (KHTML, like Gecko) Chrome/90.0.4430.85 Safari/537.36"
165.232.173.113 - - [22/Nov/2024:04:07:05 -0800] "GET /wp-includes/Text/Diff/ HTTP/1.0" 200 1181 "binance.com" "Mozilla/5.0 (Windows NT 10.0; Win64; x64) AppleWebKit/537.36 (KHTML, like Gecko) Chrome/90.0.4430.85 Safari/537.36"
165.232.173.113 - - [22/Nov/2024:04:07:08 -0800] "GET /wp-includes/Text/Diff/Engine/ HTTP/1.0" 200 1378 "binance.com" "Mozilla/5.0 (Windows NT 10.0; Win64; x64) AppleWebKit/537.36 (KHTML, like Gecko) Chrome/90.0.4430.85 Safari/537.36"
165.232.173.113 - - [22/Nov/2024:04:07:10 -0800] "GET /wp-includes/Text/Diff/Engine/ HTTP/1.0" 200 1378 "binance.com" "Mozilla/5.0 (Windows NT 10.0; Win64; x64) AppleWebKit/537.36 (KHTML, like Gecko) Chrome/90.0.4430.85 Safari/537.36"
165.232.173.113 - - [22/Nov/2024:04:07:13 -0800] "GET /wp-includes/Text/Diff/Renderer/ HTTP/1.0" 200 850 "binance.com" "Mozilla/5.0 (Windows NT 10.0; Win64; x64) AppleWebKit/537.36 (KHTML, like Gecko) Chrome/90.0.4430.85 Safari/537.36"
165.232.173.113 - - [22/Nov/2024:04:07:17 -0800] "GET /wp-includes/Text/Diff/Renderer/ HTTP/1.0" 200 850 "binance.com" "Mozilla/5.0 (Windows NT 10.0; Win64; x64) AppleWebKit/537.36 (KHTML, like Gecko) Chrome/90.0.4430.85 Safari/537.36"
165.232.173.113 - - [22/Nov/2024:04:07:20 -0800] "GET /wp-includes/blocks/ HTTP/1.0" 200 2 "binance.com" "Mozilla/5.0 (Windows NT 10.0; Win64; x64) AppleWebKit/537.36 (KHTML, like Gecko) Chrome/90.0.4430.85 Safari/537.36"
165.232.173.113 - - [22/Nov/2024:04:07:24 -0800] "GET /wp-includes/pomo/ HTTP/1.0" 200 1706 "binance.com" "Mozilla/5.0 (Windows NT 10.0; Win64; x64) AppleWebKit/537.36 (KHTML, like Gecko) Chrome/90.0.4430.85 Safari/537.36"
165.232.173.113 - - [22/Nov/2024:04:07:27 -0800] "GET /wp-includes/pomo/ HTTP/1.0" 200 1706 "binance.com" "Mozilla/5.0 (Windows NT 10.0; Win64; x64) AppleWebKit/537.36 (KHTML, like Gecko) Chrome/90.0.4430.85 Safari/537.36"
165.232.173.113 - - [22/Nov/2024:04:07:30 -0800] "GET /wp-includes/sitemaps/ HTTP/1.0" 200 2013 "binance.com" "Mozilla/5.0 (Windows NT 10.0; Win64; x64) AppleWebKit/537.36 (KHTML, like Gecko) Chrome/90.0.4430.85 Safari/537.36"
165.232.173.113 - - [22/Nov/2024:04:07:35 -0800] "GET /wp-includes/sitemaps/ HTTP/1.0" 200 2013 "binance.com" "Mozilla/5.0 (Windows NT 10.0; Win64; x64) AppleWebKit/537.36 (KHTML, like Gecko) Chrome/90.0.4430.85 Safari/537.36"
165.232.173.113 - - [22/Nov/2024:04:07:38 -0800] "GET /wp-includes/sitemaps/providers/ HTTP/1.0" 200 1270 "binance.com" "Mozilla/5.0 (Windows NT 10.0; Win64; x64) AppleWebKit/537.36 (KHTML, like Gecko) Chrome/90.0.4430.85 Safari/537.36"
165.232.173.113 - - [22/Nov/2024:04:07:41 -0800] "GET /wp-includes/sitemaps/providers/ HTTP/1.0" 200 1270 "binance.com" "Mozilla/5.0 (Windows NT 10.0; Win64; x64) AppleWebKit/537.36 (KHTML, like Gecko) Chrome/90.0.4430.85 Safari/537.36"
165.232.173.113 - - [22/Nov/2024:04:07:43 -0800] "GET /wp-includes/widgets/ HTTP/1.0" 200 4621 "binance.com" "Mozilla/5.0 (Windows NT 10.0; Win64; x64) AppleWebKit/537.36 (KHTML, like Gecko) Chrome/90.0.4430.85 Safari/537.36"
165.232.173.113 - - [22/Nov/2024:04:07:47 -0800] "GET /wp-includes/widgets/ HTTP/1.0" 200 4621 "binance.com" "Mozilla/5.0 (Windows NT 10.0; Win64; x64) AppleWebKit/537.36 (KHTML, like Gecko) Chrome/90.0.4430.85 Safari/537.36"
165.232.173.113 - - [22/Nov/2024:04:07:50 -0800] "GET /wp-includes/widgets/class-wp-widget-block.php HTTP/1.0" 500 - "binance.com" "Mozilla/5.0 (Windows NT 10.0; Win64; x64) AppleWebKit/537.36 (KHTML, like Gecko) Chrome/90.0.4430.85 Safari/537.36"
165.232.173.113 - - [22/Nov/2024:04:07:54 -0800] "GET /wp-includes/css/ HTTP/1.0" 200 8335 "binance.com" "Mozilla/5.0 (Windows NT 10.0; Win64; x64) AppleWebKit/537.36 (KHTML, like Gecko) Chrome/90.0.4430.85 Safari/537.36"
165.232.173.113 - - [22/Nov/2024:04:07:57 -0800] "GET /wp-includes/css/dist/ HTTP/1.0" 200 3708 "binance.com" "Mozilla/5.0 (Windows NT 10.0; Win64; x64) AppleWebKit/537.36 (KHTML, like Gecko) Chrome/90.0.4430.85 Safari/537.36"
165.232.173.113 - - [22/Nov/2024:04:08:00 -0800] "GET /wp-includes/fonts/ HTTP/1.0" 200 2522 "binance.com" "Mozilla/5.0 (Windows NT 10.0; Win64; x64) AppleWebKit/537.36 (KHTML, like Gecko) Chrome/90.0.4430.85 Safari/537.36"
165.232.173.113 - - [22/Nov/2024:04:08:04 -0800] "GET /wp-includes/fonts/ HTTP/1.0" 200 2522 "binance.com" "Mozilla/5.0 (Windows NT 10.0; Win64; x64) AppleWebKit/537.36 (KHTML, like Gecko) Chrome/90.0.4430.85 Safari/537.36"
165.232.173.113 - - [22/Nov/2024:04:08:06 -0800] "GET /wp-includes/fonts/class-wp-font-collection.php HTTP/1.0" 200 - "binance.com" "Mozilla/5.0 (Windows NT 10.0; Win64; x64) AppleWebKit/537.36 (KHTML, like Gecko) Chrome/90.0.4430.85 Safari/537.36"
165.232.173.113 - - [22/Nov/2024:04:08:09 -0800] "GET /wp-includes/fonts/class-wp-font-face-resolver.php HTTP/1.0" 200 - "binance.com" "Mozilla/5.0 (Windows NT 10.0; Win64; x64) AppleWebKit/537.36 (KHTML, like Gecko) Chrome/90.0.4430.85 Safari/537.36"
165.232.173.113 - - [22/Nov/2024:04:08:13 -0800] "GET /wp-includes/fonts/class-wp-font-face.php HTTP/1.0" 200 - "binance.com" "Mozilla/5.0 (Windows NT 10.0; Win64; x64) AppleWebKit/537.36 (KHTML, like Gecko) Chrome/90.0.4430.85 Safari/537.36"
165.232.173.113 - - [22/Nov/2024:04:08:17 -0800] "GET /wp-includes/fonts/class-wp-font-library.php HTTP/1.0" 200 - "binance.com" "Mozilla/5.0 (Windows NT 10.0; Win64; x64) AppleWebKit/537.36 (KHTML, like Gecko) Chrome/90.0.4430.85 Safari/537.36"
165.232.173.113 - - [22/Nov/2024:04:08:24 -0800] "GET /wp-includes/fonts/class-wp-font-utils.php HTTP/1.0" 200 - "binance.com" "Mozilla/5.0 (Windows NT 10.0; Win64; x64) AppleWebKit/537.36 (KHTML, like Gecko) Chrome/90.0.4430.85 Safari/537.36"
165.232.173.113 - - [22/Nov/2024:04:08:26 -0800] "GET /wp-includes/images/ HTTP/1.0" 200 5768 "binance.com" "Mozilla/5.0 (Windows NT 10.0; Win64; x64) AppleWebKit/537.36 (KHTML, like Gecko) Chrome/90.0.4430.85 Safari/537.36"
165.232.173.113 - - [22/Nov/2024:04:08:28 -0800] "GET /wp-includes/images/crystal/ HTTP/1.0" 200 2450 "binance.com" "Mozilla/5.0 (Windows NT 10.0; Win64; x64) AppleWebKit/537.36 (KHTML, like Gecko) Chrome/90.0.4430.85 Safari/537.36"
165.232.173.113 - - [22/Nov/2024:04:08:32 -0800] "GET /wp-includes/images/media/ HTTP/1.0" 200 3877 "binance.com" "Mozilla/5.0 (Windows NT 10.0; Win64; x64) AppleWebKit/537.36 (KHTML, like Gecko) Chrome/90.0.4430.85 Safari/537.36"
165.232.173.113 - - [22/Nov/2024:04:08:34 -0800] "GET /wp-includes/images/smilies/ HTTP/1.0" 200 5397 "binance.com" "Mozilla/5.0 (Windows NT 10.0; Win64; x64) AppleWebKit/537.36 (KHTML, like Gecko) Chrome/90.0.4430.85 Safari/537.36"
209.182.200.39 - - [22/Nov/2024:04:08:39 -0800] "POST /wp-cron.php?doing_wp_cron=1732277319.6238229274749755859375 HTTP/1.0" 200 - "-" "WordPress/6.7.1; https://chappellehappybirthday.click"
165.232.173.113 - - [22/Nov/2024:04:08:37 -0800] "GET /wp-includes/images/wlw/ HTTP/1.0" 404 281778 "binance.com" "Mozilla/5.0 (Windows NT 10.0; Win64; x64) AppleWebKit/537.36 (KHTML, like Gecko) Chrome/90.0.4430.85 Safari/537.36"
165.232.173.113 - - [22/Nov/2024:04:08:43 -0800] "GET /wp-includes/js/%20 HTTP/1.0" 301 - "binance.com" "Mozilla/5.0 (Windows NT 10.0; Win64; x64) AppleWebKit/537.36 (KHTML, like Gecko) Chrome/90.0.4430.85 Safari/537.36"
165.232.173.113 - - [22/Nov/2024:04:08:45 -0800] "GET /wp-includes/js/ HTTP/1.0" 200 21086 "binance.com" "Mozilla/5.0 (Windows NT 10.0; Win64; x64) AppleWebKit/537.36 (KHTML, like Gecko) Chrome/90.0.4430.85 Safari/537.36"
165.232.173.113 - - [22/Nov/2024:04:08:48 -0800] "GET /wp-includes/js/codemirror/ HTTP/1.0" 200 2105 "binance.com" "Mozilla/5.0 (Windows NT 10.0; Win64; x64) AppleWebKit/537.36 (KHTML, like Gecko) Chrome/90.0.4430.85 Safari/537.36"
165.232.173.113 - - [22/Nov/2024:04:08:56 -0800] "GET /wp-includes/js/plupload/ HTTP/1.0" 200 2278 "binance.com" "Mozilla/5.0 (Windows NT 10.0; Win64; x64) AppleWebKit/537.36 (KHTML, like Gecko) Chrome/90.0.4430.85 Safari/537.36"
165.232.173.113 - - [22/Nov/2024:04:08:59 -0800] "GET /.well-known/ HTTP/1.0" 200 795 "binance.com" "Mozilla/5.0 (Windows NT 10.0; Win64; x64) AppleWebKit/537.36 (KHTML, like Gecko) Chrome/90.0.4430.85 Safari/537.36"
209.182.200.39 - - [22/Nov/2024:04:13:32 -0800] "POST /wp-cron.php?doing_wp_cron=1732277612.8375649452209472656250 HTTP/1.0" 200 - "-" "WordPress/6.7.1; https://chappellehappybirthday.click"
185.191.171.9 - - [22/Nov/2024:04:13:31 -0800] "GET /?p=12748&post_type=clients HTTP/1.0" 301 - "-" "Mozilla/5.0 (compatible; SemrushBot/7~bl; +http://www.semrush.com/bot.html)"
209.182.200.39 - - [22/Nov/2024:04:17:49 -0800] "POST /wp-cron.php?doing_wp_cron=1732277869.7883570194244384765625 HTTP/1.0" 200 - "-" "WordPress/6.7.1; https://chappellehappybirthday.click"
34.75.65.218 - - [22/Nov/2024:04:17:47 -0800] "POST /wp-login.php HTTP/1.0" 200 9666 "-" "Mozilla/5.0 (Windows NT 10.0; Win64; x64) AppleWebKit/537.36 (KHTML, like Gecko) Chrome/72.0.3626.109 Safari/537.36"
209.182.200.39 - - [22/Nov/2024:04:26:13 -0800] "POST /wp-cron.php?doing_wp_cron=1732278372.9796020984649658203125 HTTP/1.0" 200 - "-" "WordPress/6.7.1; https://chappellehappybirthday.click"
217.182.158.226 - - [22/Nov/2024:04:26:10 -0800] "POST /wp-login.php HTTP/1.0" 200 9666 "-" "Mozilla/5.0 (Windows NT 10.0; WOW64) AppleWebKit/537.36 (KHTML, like Gecko) Chrome/47.0.2526.106 Safari/537.36"
209.182.200.39 - - [22/Nov/2024:04:30:27 -0800] "POST /wp-cron.php?doing_wp_cron=1732278627.8978810310363769531250 HTTP/1.0" 200 - "-" "WordPress/6.7.1; https://chappellehappybirthday.click"
85.208.96.206 - - [22/Nov/2024:04:30:26 -0800] "GET /?p=12759&post_type=clients HTTP/1.0" 301 - "-" "Mozilla/5.0 (compatible; SemrushBot/7~bl; +http://www.semrush.com/bot.html)"
209.182.200.39 - - [22/Nov/2024:04:36:50 -0800] "POST /wp-cron.php?doing_wp_cron=1732279010.0829300880432128906250 HTTP/1.0" 200 - "-" "WordPress/6.7.1; https://chappellehappybirthday.click"
47.244.50.243 - - [22/Nov/2024:04:36:48 -0800] "POST /wp-login.php HTTP/1.0" 200 9667 "-" "Mozilla/5.0 (Windows NT 6.1) AppleWebKit/537.36 (KHTML, like Gecko) Chrome/62.0.3202.94 Safari/537.36"
209.182.200.39 - - [22/Nov/2024:04:41:26 -0800] "POST /wp-cron.php?doing_wp_cron=1732279286.6327140331268310546875 HTTP/1.0" 200 - "-" "WordPress/6.7.1; https://chappellehappybirthday.click"
104.244.79.252 - - [22/Nov/2024:04:41:24 -0800] "GET /wp-login.php HTTP/1.0" 200 9244 "-" "Mozilla/5.0 (Macintosh; Intel Mac OS X 10_9_2) AppleWebKit/537.36 (KHTML, like Gecko) Chrome/36.0.1985.125 Safari/537.36"
104.244.79.252 - - [22/Nov/2024:04:41:26 -0800] "POST /wp-login.php HTTP/1.0" 200 9734 "-" "Mozilla/5.0 (Macintosh; Intel Mac OS X 10_9_2) AppleWebKit/537.36 (KHTML, like Gecko) Chrome/36.0.1985.125 Safari/537.36"
209.182.200.39 - - [22/Nov/2024:04:45:06 -0800] "POST /wp-cron.php?doing_wp_cron=1732279506.5294430255889892578125 HTTP/1.0" 200 - "-" "WordPress/6.7.1; https://chappellehappybirthday.click"
157.245.131.229 - - [22/Nov/2024:04:45:04 -0800] "POST /wp-login.php HTTP/1.0" 200 9667 "-" "Mozilla/5.0 (Windows NT 10.0; Win64; x64) AppleWebKit/537.36 (KHTML, like Gecko) Chrome/64.0.3282.140 Safari/537.36"
209.182.200.39 - - [22/Nov/2024:04:53:54 -0800] "POST /wp-cron.php?doing_wp_cron=1732280034.0994939804077148437500 HTTP/1.0" 200 - "-" "WordPress/6.7.1; https://chappellehappybirthday.click"
165.232.172.104 - - [22/Nov/2024:04:53:50 -0800] "GET /media/system/js/core.js HTTP/1.0" 404 281739 "-" "Mozilla/5.0 (Macintosh; Intel Mac OS X 10_10_1) AppleWebKit/537.36 (KHTML, like Gecko) Chrome/39.0.2171.95 Safari/537.36"
85.208.96.198 - - [22/Nov/2024:04:56:35 -0800] "GET /robots.txt HTTP/1.0" 200 30 "-" "Mozilla/5.0 (compatible; SemrushBot/7~bl; +http://www.semrush.com/bot.html)"
209.182.200.39 - - [22/Nov/2024:04:56:37 -0800] "POST /wp-cron.php?doing_wp_cron=1732280197.9248230457305908203125 HTTP/1.0" 200 - "-" "WordPress/6.7.1; https://chappellehappybirthday.click"
185.191.171.2 - - [22/Nov/2024:04:56:36 -0800] "GET /product-tag/beauty/ HTTP/1.0" 200 287342 "-" "Mozilla/5.0 (compatible; SemrushBot/7~bl; +http://www.semrush.com/bot.html)"
209.182.200.39 - - [22/Nov/2024:05:01:08 -0800] "POST /wp-cron.php?doing_wp_cron=1732280468.5886418819427490234375 HTTP/1.0" 200 - "-" "WordPress/6.7.1; https://chappellehappybirthday.click"
205.185.122.254 - - [22/Nov/2024:05:01:06 -0800] "GET /wp-login.php HTTP/1.0" 200 9244 "-" "Mozilla/5.0 (Macintosh; Intel Mac OS X 10.8; rv:30.0) Gecko/20100101 Firefox/30.0"
205.185.122.254 - - [22/Nov/2024:05:01:08 -0800] "POST /wp-login.php HTTP/1.0" 200 9746 "-" "Mozilla/5.0 (Macintosh; Intel Mac OS X 10.8; rv:30.0) Gecko/20100101 Firefox/30.0"
209.182.200.39 - - [22/Nov/2024:05:06:26 -0800] "POST /wp-cron.php?doing_wp_cron=1732280786.7215108871459960937500 HTTP/1.0" 200 - "-" "WordPress/6.7.1; https://chappellehappybirthday.click"
85.208.96.212 - - [22/Nov/2024:05:06:24 -0800] "GET /?p=12946&post_type=testimonial HTTP/1.0" 301 - "-" "Mozilla/5.0 (compatible; SemrushBot/7~bl; +http://www.semrush.com/bot.html)"
209.182.200.39 - - [22/Nov/2024:05:11:40 -0800] "POST /wp-cron.php?doing_wp_cron=1732281100.6246249675750732421875 HTTP/1.0" 200 - "-" "WordPress/6.7.1; https://chappellehappybirthday.click"
85.208.96.211 - - [22/Nov/2024:05:11:37 -0800] "GET /product-category/cars/ HTTP/1.0" 200 287269 "-" "Mozilla/5.0 (compatible; SemrushBot/7~bl; +http://www.semrush.com/bot.html)"
209.182.200.39 - - [22/Nov/2024:05:13:47 -0800] "POST /wp-cron.php?doing_wp_cron=1732281227.8174688816070556640625 HTTP/1.0" 200 - "-" "WordPress/6.7.1; https://chappellehappybirthday.click"
85.208.96.206 - - [22/Nov/2024:05:13:46 -0800] "GET /how-it-works-2/ HTTP/1.0" 200 332316 "-" "Mozilla/5.0 (compatible; SemrushBot/7~bl; +http://www.semrush.com/bot.html)"
209.182.200.39 - - [22/Nov/2024:05:24:48 -0800] "POST /wp-cron.php?doing_wp_cron=1732281888.6130759716033935546875 HTTP/1.0" 200 - "-" "WordPress/6.7.1; https://chappellehappybirthday.click"
185.191.171.16 - - [22/Nov/2024:05:24:47 -0800] "GET /advertisers/ HTTP/1.0" 200 317552 "-" "Mozilla/5.0 (compatible; SemrushBot/7~bl; +http://www.semrush.com/bot.html)"
209.182.200.39 - - [22/Nov/2024:05:27:56 -0800] "POST /wp-cron.php?doing_wp_cron=1732282076.0336270332336425781250 HTTP/1.0" 200 - "-" "WordPress/6.7.1; https://chappellehappybirthday.click"
185.191.171.16 - - [22/Nov/2024:05:27:55 -0800] "GET /?p=12750&post_type=clients HTTP/1.0" 301 - "-" "Mozilla/5.0 (compatible; SemrushBot/7~bl; +http://www.semrush.com/bot.html)"
209.182.200.39 - - [22/Nov/2024:05:35:44 -0800] "POST /wp-cron.php?doing_wp_cron=1732282544.3212699890136718750000 HTTP/1.0" 200 - "-" "WordPress/6.7.1; https://chappellehappybirthday.click"
85.208.96.197 - - [22/Nov/2024:05:35:43 -0800] "GET /?p=904&post_type=clients HTTP/1.0" 301 - "-" "Mozilla/5.0 (compatible; SemrushBot/7~bl; +http://www.semrush.com/bot.html)"
209.182.200.39 - - [22/Nov/2024:05:42:10 -0800] "POST /wp-cron.php?doing_wp_cron=1732282930.9631609916687011718750 HTTP/1.0" 200 - "-" "WordPress/6.7.1; https://chappellehappybirthday.click"
51.15.16.101 - - [22/Nov/2024:05:42:09 -0800] "GET /wp-content/themes/wp-pridmag/up.php HTTP/1.0" 404 280275 "www.google.com" "Mozlila/5.0 (Linux; Android 7.0; SM-G892A Bulid/NRD90M; wv) AppleWebKit/537.36 (KHTML, like Gecko) Version/4.0 Chrome/60.0.3112.107 Moblie Safari/537.36"
209.182.200.39 - - [22/Nov/2024:05:49:43 -0800] "POST /wp-cron.php?doing_wp_cron=1732283383.8060059547424316406250 HTTP/1.0" 200 - "-" "WordPress/6.7.1; https://chappellehappybirthday.click"
85.208.96.193 - - [22/Nov/2024:05:49:42 -0800] "GET /?p=177&post_type=clients HTTP/1.0" 301 - "-" "Mozilla/5.0 (compatible; SemrushBot/7~bl; +http://www.semrush.com/bot.html)"
209.182.200.39 - - [22/Nov/2024:05:55:26 -0800] "POST /wp-cron.php?doing_wp_cron=1732283726.4683330059051513671875 HTTP/1.0" 200 - "-" "WordPress/6.7.1; https://chappellehappybirthday.click"
167.99.182.39 - - [22/Nov/2024:05:55:25 -0800] "GET / HTTP/1.0" 301 - "-" "-"
167.99.182.39 - - [22/Nov/2024:05:55:26 -0800] "GET / HTTP/1.0" 301 - "-" "Mozilla/5.0 (Linux; Android 6.0; HTC One M9 Build/MRA421096) AppleWebKit/537.36 (KHTML, like Gecko) Chrome/52.0.3518.98 Mobile Safari/537.3"
167.99.182.39 - - [22/Nov/2024:05:55:27 -0800] "GET /server HTTP/1.0" 404 282307 "-" "Go-http-client/1.1"
167.99.182.39 - - [22/Nov/2024:05:55:28 -0800] "GET /.vscode/sftp.json HTTP/1.0" 404 282279 "-" "Go-http-client/1.1"
167.99.182.39 - - [22/Nov/2024:05:55:29 -0800] "GET /about HTTP/1.0" 404 282306 "-" "Go-http-client/1.1"
167.99.182.39 - - [22/Nov/2024:05:55:30 -0800] "GET /debug/default/view?panel=config HTTP/1.0" 404 282120 "-" "Go-http-client/1.1"
167.99.182.39 - - [22/Nov/2024:05:55:31 -0800] "GET /v2/_catalog HTTP/1.0" 404 282312 "-" "Go-http-client/1.1"
167.99.182.39 - - [22/Nov/2024:05:55:32 -0800] "GET /ecp/Current/exporttool/microsoft.exchange.ediscovery.exporttool.application HTTP/1.0" 404 282164 "-" "Go-http-client/1.1"
167.99.182.39 - - [22/Nov/2024:05:55:33 -0800] "GET /server-status HTTP/1.0" 403 228 "-" "Go-http-client/1.1"
167.99.182.39 - - [22/Nov/2024:05:55:34 -0800] "GET /login.action HTTP/1.0" 404 282274 "-" "Go-http-client/1.1"
167.99.182.39 - - [22/Nov/2024:05:55:35 -0800] "GET /_all_dbs HTTP/1.0" 404 282309 "-" "Mozilla/5.0 (l9scan/2.0.435323e2230323e2238313e2930323; +https://leakix.net)"
167.99.182.39 - - [22/Nov/2024:05:55:36 -0800] "GET /.DS_Store HTTP/1.0" 404 282271 "-" "Go-http-client/1.1"
167.99.182.39 - - [22/Nov/2024:05:55:37 -0800] "GET /.env HTTP/1.0" 404 282266 "-" "Go-http-client/1.1"
167.99.182.39 - - [22/Nov/2024:05:55:38 -0800] "GET /.git/config HTTP/1.0" 404 282273 "-" "Go-http-client/1.1"
167.99.182.39 - - [22/Nov/2024:05:55:39 -0800] "GET /s/435323e2230323e2238313e2930323/_/;/META-INF/maven/com.atlassian.jira/jira-webapp-dist/pom.properties HTTP/1.0" 404 282191 "-" "Go-http-client/1.1"
167.99.182.39 - - [22/Nov/2024:05:55:40 -0800] "GET /config.json HTTP/1.0" 404 282273 "-" "Go-http-client/1.1"
167.99.182.39 - - [22/Nov/2024:05:55:41 -0800] "GET /telescope/requests HTTP/1.0" 404 282319 "-" "Go-http-client/1.1"
167.99.182.39 - - [22/Nov/2024:05:55:42 -0800] "GET /?rest_route=/wp/v2/users/ HTTP/1.0" 200 1345 "-" "Go-http-client/1.1"
185.191.171.19 - - [22/Nov/2024:05:57:03 -0800] "GET /robots.txt HTTP/1.0" 200 30 "-" "Mozilla/5.0 (compatible; SemrushBot/7~bl; +http://www.semrush.com/bot.html)"
209.182.200.39 - - [22/Nov/2024:05:57:05 -0800] "POST /wp-cron.php?doing_wp_cron=1732283824.9858310222625732421875 HTTP/1.0" 200 - "-" "WordPress/6.7.1; https://chappellehappybirthday.click"
85.208.96.200 - - [22/Nov/2024:05:57:04 -0800] "GET /product-tag/car/ HTTP/1.0" 200 287246 "-" "Mozilla/5.0 (compatible; SemrushBot/7~bl; +http://www.semrush.com/bot.html)"
209.182.200.39 - - [22/Nov/2024:05:59:12 -0800] "POST /wp-cron.php?doing_wp_cron=1732283952.4042360782623291015625 HTTP/1.0" 200 - "-" "WordPress/6.7.1; https://chappellehappybirthday.click"
85.208.96.204 - - [22/Nov/2024:05:59:11 -0800] "GET /?p=12745&post_type=clients HTTP/1.0" 301 - "-" "Mozilla/5.0 (compatible; SemrushBot/7~bl; +http://www.semrush.com/bot.html)"
85.208.96.197 - - [22/Nov/2024:05:59:42 -0800] "GET /wp-comments-post.php HTTP/1.0" 405 - "-" "Mozilla/5.0 (compatible; SemrushBot/7~bl; +http://www.semrush.com/bot.html)"
209.182.200.39 - - [22/Nov/2024:06:00:28 -0800] "POST /wp-cron.php?doing_wp_cron=1732284028.2251288890838623046875 HTTP/1.0" 200 - "-" "WordPress/6.7.1; https://chappellehappybirthday.click"
185.191.171.13 - - [22/Nov/2024:06:00:27 -0800] "GET /?p=1295&post_type=clients HTTP/1.0" 301 - "-" "Mozilla/5.0 (compatible; SemrushBot/7~bl; +http://www.semrush.com/bot.html)"
209.182.200.39 - - [22/Nov/2024:06:02:59 -0800] "POST /wp-cron.php?doing_wp_cron=1732284179.2533559799194335937500 HTTP/1.0" 200 - "-" "WordPress/6.7.1; https://chappellehappybirthday.click"
185.191.171.3 - - [22/Nov/2024:06:02:58 -0800] "GET /?p=12758&post_type=clients HTTP/1.0" 301 - "-" "Mozilla/5.0 (compatible; SemrushBot/7~bl; +http://www.semrush.com/bot.html)"
209.182.200.39 - - [22/Nov/2024:06:11:24 -0800] "POST /wp-cron.php?doing_wp_cron=1732284684.0994770526885986328125 HTTP/1.0" 200 - "-" "WordPress/6.7.1; https://chappellehappybirthday.click"
85.208.96.196 - - [22/Nov/2024:06:11:23 -0800] "GET /?p=906&post_type=clients HTTP/1.0" 301 - "-" "Mozilla/5.0 (compatible; SemrushBot/7~bl; +http://www.semrush.com/bot.html)"
209.182.200.39 - - [22/Nov/2024:06:12:05 -0800] "POST /wp-cron.php?doing_wp_cron=1732284725.1689100265502929687500 HTTP/1.0" 200 - "-" "WordPress/6.7.1; https://chappellehappybirthday.click"
185.191.171.17 - - [22/Nov/2024:06:12:04 -0800] "GET /?p=12743&post_type=clients HTTP/1.0" 301 - "-" "Mozilla/5.0 (compatible; SemrushBot/7~bl; +http://www.semrush.com/bot.html)"
209.182.200.39 - - [22/Nov/2024:06:16:42 -0800] "POST /wp-cron.php?doing_wp_cron=1732285002.5451300144195556640625 HTTP/1.0" 200 - "-" "WordPress/6.7.1; https://chappellehappybirthday.click"
85.208.96.203 - - [22/Nov/2024:06:16:41 -0800] "GET /?p=12945&post_type=testimonial HTTP/1.0" 301 - "-" "Mozilla/5.0 (compatible; SemrushBot/7~bl; +http://www.semrush.com/bot.html)"
209.182.200.39 - - [22/Nov/2024:06:18:33 -0800] "POST /wp-cron.php?doing_wp_cron=1732285113.6117980480194091796875 HTTP/1.0" 200 - "-" "WordPress/6.7.1; https://chappellehappybirthday.click"
45.61.185.218 - - [22/Nov/2024:06:18:32 -0800] "GET /wp-login.php HTTP/1.0" 200 9244 "-" "Mozilla/5.0 (Macintosh; Intel Mac OS X 10_9_2) AppleWebKit/537.36 (KHTML, like Gecko) Chrome/36.0.1985.125 Safari/537.36"
45.61.185.218 - - [22/Nov/2024:06:18:33 -0800] "POST /wp-login.php HTTP/1.0" 200 9756 "-" "Mozilla/5.0 (Macintosh; Intel Mac OS X 10_9_2) AppleWebKit/537.36 (KHTML, like Gecko) Chrome/36.0.1985.125 Safari/537.36"
209.182.200.39 - - [22/Nov/2024:06:20:44 -0800] "POST /wp-cron.php?doing_wp_cron=1732285244.4400730133056640625000 HTTP/1.0" 200 - "-" "WordPress/6.7.1; https://chappellehappybirthday.click"
185.191.171.14 - - [22/Nov/2024:06:20:43 -0800] "GET /single-listing-2/ HTTP/1.0" 200 308521 "-" "Mozilla/5.0 (compatible; SemrushBot/7~bl; +http://www.semrush.com/bot.html)"
185.191.171.14 - - [22/Nov/2024:06:20:46 -0800] "GET /single-listing-2/ HTTP/1.0" 200 308482 "-" "Mozilla/5.0 (compatible; SemrushBot/7~bl; +http://www.semrush.com/bot.html)"
209.182.200.39 - - [22/Nov/2024:06:32:59 -0800] "POST /wp-cron.php?doing_wp_cron=1732285979.8590080738067626953125 HTTP/1.0" 200 - "-" "WordPress/6.7.1; https://chappellehappybirthday.click"
205.185.122.254 - - [22/Nov/2024:06:32:58 -0800] "GET /wp-login.php HTTP/1.0" 200 9244 "-" "Mozilla/5.0 (X11; Linux x86_64; rv:31.0) Gecko/20100101 Firefox/31.0"
205.185.122.254 - - [22/Nov/2024:06:33:00 -0800] "POST /wp-login.php HTTP/1.0" 200 9734 "-" "Mozilla/5.0 (X11; Linux x86_64; rv:31.0) Gecko/20100101 Firefox/31.0"
209.182.200.39 - - [22/Nov/2024:06:35:20 -0800] "POST /wp-cron.php?doing_wp_cron=1732286120.0893468856811523437500 HTTP/1.0" 200 - "-" "WordPress/6.7.1; https://chappellehappybirthday.click"
185.191.171.6 - - [22/Nov/2024:06:35:18 -0800] "GET /?p=12639&post_type=clients HTTP/1.0" 301 - "-" "Mozilla/5.0 (compatible; SemrushBot/7~bl; +http://www.semrush.com/bot.html)"
209.182.200.39 - - [22/Nov/2024:06:43:11 -0800] "POST /wp-cron.php?doing_wp_cron=1732286591.4352779388427734375000 HTTP/1.0" 200 - "-" "WordPress/6.7.1; https://chappellehappybirthday.click"
85.208.96.211 - - [22/Nov/2024:06:43:09 -0800] "GET /login/ HTTP/1.0" 200 295568 "-" "Mozilla/5.0 (compatible; SemrushBot/7~bl; +http://www.semrush.com/bot.html)"
209.182.200.39 - - [22/Nov/2024:06:46:18 -0800] "POST /wp-cron.php?doing_wp_cron=1732286778.7003500461578369140625 HTTP/1.0" 200 - "-" "WordPress/6.7.1; https://chappellehappybirthday.click"
45.61.185.139 - - [22/Nov/2024:06:46:16 -0800] "GET /wp-login.php HTTP/1.0" 200 9244 "-" "Mozilla/5.0 (X11; Ubuntu; Linux i686; rv:31.0) Gecko/20100101 Firefox/31.0"
45.61.185.139 - - [22/Nov/2024:06:46:18 -0800] "POST /wp-login.php HTTP/1.0" 200 9756 "-" "Mozilla/5.0 (X11; Ubuntu; Linux i686; rv:31.0) Gecko/20100101 Firefox/31.0"
209.182.200.39 - - [22/Nov/2024:06:52:24 -0800] "POST /wp-cron.php?doing_wp_cron=1732287144.2504920959472656250000 HTTP/1.0" 200 - "-" "WordPress/6.7.1; https://chappellehappybirthday.click"
198.98.51.29 - - [22/Nov/2024:06:52:19 -0800] "GET /wp-login.php HTTP/1.0" 200 9244 "-" "Mozilla/5.0 (Macintosh; Intel Mac OS X 10_9_3) AppleWebKit/537.76.4 (KHTML, like Gecko) Version/7.0.4 Safari/537.76.4"
198.98.51.29 - - [22/Nov/2024:06:52:24 -0800] "POST /wp-login.php HTTP/1.0" 200 9734 "-" "Mozilla/5.0 (Macintosh; Intel Mac OS X 10_9_3) AppleWebKit/537.76.4 (KHTML, like Gecko) Version/7.0.4 Safari/537.76.4"
185.191.171.9 - - [22/Nov/2024:07:02:03 -0800] "GET /robots.txt HTTP/1.0" 200 30 "-" "Mozilla/5.0 (compatible; SemrushBot/7~bl; +http://www.semrush.com/bot.html)"
209.182.200.39 - - [22/Nov/2024:07:02:06 -0800] "POST /wp-cron.php?doing_wp_cron=1732287726.3742659091949462890625 HTTP/1.0" 200 - "-" "WordPress/6.7.1; https://chappellehappybirthday.click"
85.208.96.199 - - [22/Nov/2024:07:02:04 -0800] "GET /?p=1297&post_type=clients HTTP/1.0" 301 - "-" "Mozilla/5.0 (compatible; SemrushBot/7~bl; +http://www.semrush.com/bot.html)"
209.182.200.39 - - [22/Nov/2024:07:06:15 -0800] "POST /wp-cron.php?doing_wp_cron=1732287975.7740681171417236328125 HTTP/1.0" 200 - "-" "WordPress/6.7.1; https://chappellehappybirthday.click"
185.191.171.8 - - [22/Nov/2024:07:06:13 -0800] "GET /?p=12757&post_type=clients HTTP/1.0" 301 - "-" "Mozilla/5.0 (compatible; SemrushBot/7~bl; +http://www.semrush.com/bot.html)"
51.222.253.20 - - [22/Nov/2024:07:06:18 -0800] "GET /robots.txt HTTP/1.0" 200 30 "-" "Mozilla/5.0 (compatible; AhrefsBot/7.0; +http://ahrefs.com/robot/)"
209.182.200.39 - - [22/Nov/2024:07:22:30 -0800] "POST /wp-cron.php?doing_wp_cron=1732288950.7361829280853271484375 HTTP/1.0" 200 - "-" "WordPress/6.7.1; https://chappellehappybirthday.click"
199.195.252.235 - - [22/Nov/2024:07:22:27 -0800] "GET /wp-login.php HTTP/1.0" 200 9244 "-" "Mozilla/5.0 (Windows NT 5.1; rv:30.0) Gecko/20100101 Firefox/30.0"
199.195.252.235 - - [22/Nov/2024:07:22:31 -0800] "POST /wp-login.php HTTP/1.0" 200 9764 "-" "Mozilla/5.0 (Windows NT 5.1; rv:30.0) Gecko/20100101 Firefox/30.0"
209.182.200.39 - - [22/Nov/2024:07:23:47 -0800] "POST /wp-cron.php?doing_wp_cron=1732289027.6700260639190673828125 HTTP/1.0" 200 - "-" "WordPress/6.7.1; https://chappellehappybirthday.click"
107.180.112.14 - - [22/Nov/2024:07:23:41 -0800] "GET /wp-login.php HTTP/1.0" 302 - "-" "Mozilla/5.0 (X11; Fedora; Linux x86_64; rv:89.0) Gecko/20100101 Firefox/89.0"
107.180.112.14 - - [22/Nov/2024:07:23:52 -0800] "GET /wp-login.php HTTP/1.0" 200 9244 "http://chappellehappybirthday.click/wp-login.php" "Mozilla/5.0 (X11; Fedora; Linux x86_64; rv:89.0) Gecko/20100101 Firefox/89.0"
209.182.200.39 - - [22/Nov/2024:07:23:54 -0800] "POST /wp-cron.php?doing_wp_cron=1732289034.5313160419464111328125 HTTP/1.0" 200 - "-" "WordPress/6.7.1; https://chappellehappybirthday.click"
107.180.112.14 - - [22/Nov/2024:07:23:53 -0800] "GET ///?author=1 HTTP/1.0" 301 - "-" "Mozilla/5.0 (X11; Fedora; Linux x86_64; rv:89.0) Gecko/20100101 Firefox/89.0"
107.180.112.14 - - [22/Nov/2024:07:23:54 -0800] "GET /author/admin/ HTTP/1.0" 200 300915 "http://chappellehappybirthday.click///?author=1" "Mozilla/5.0 (X11; Fedora; Linux x86_64; rv:89.0) Gecko/20100101 Firefox/89.0"
107.180.112.14 - - [22/Nov/2024:07:23:55 -0800] "GET ///wp-json/wp/v2/users/ HTTP/1.0" 200 1345 "-" "Mozilla/5.0 (X11; Fedora; Linux x86_64; rv:89.0) Gecko/20100101 Firefox/89.0"
107.180.112.14 - - [22/Nov/2024:07:23:56 -0800] "GET ///?author=2 HTTP/1.0" 301 - "-" "Mozilla/5.0 (X11; Fedora; Linux x86_64; rv:89.0) Gecko/20100101 Firefox/89.0"
107.180.112.14 - - [22/Nov/2024:07:23:57 -0800] "GET /?author=2 HTTP/1.0" 200 283445 "http://chappellehappybirthday.click///?author=2" "Mozilla/5.0 (X11; Fedora; Linux x86_64; rv:89.0) Gecko/20100101 Firefox/89.0"
209.182.200.39 - - [22/Nov/2024:07:28:56 -0800] "POST /wp-cron.php?doing_wp_cron=1732289336.6115159988403320312500 HTTP/1.0" 200 - "-" "WordPress/6.7.1; https://chappellehappybirthday.click"
185.191.171.1 - - [22/Nov/2024:07:28:54 -0800] "GET /cart/ HTTP/1.0" 200 349069 "-" "Mozilla/5.0 (compatible; SemrushBot/7~bl; +http://www.semrush.com/bot.html)"
209.182.200.39 - - [22/Nov/2024:07:30:11 -0800] "POST /wp-cron.php?doing_wp_cron=1732289411.3228271007537841796875 HTTP/1.0" 200 - "-" "WordPress/6.7.1; https://chappellehappybirthday.click"
85.208.96.195 - - [22/Nov/2024:07:30:09 -0800] "GET /listings/rent-a-car-2/ HTTP/1.0" 200 335082 "-" "Mozilla/5.0 (compatible; SemrushBot/7~bl; +http://www.semrush.com/bot.html)"
64.226.78.121 - - [22/Nov/2024:07:40:06 -0800] "GET / HTTP/1.0" 406 300 "-" "-"
209.182.200.39 - - [22/Nov/2024:07:40:11 -0800] "POST /wp-cron.php?doing_wp_cron=1732290011.0328390598297119140625 HTTP/1.0" 200 - "-" "WordPress/6.7.1; https://chappellehappybirthday.click"
64.226.78.121 - - [22/Nov/2024:07:40:06 -0800] "GET / HTTP/1.0" 301 - "-" "Mozilla/5.0 (Linux; Android 6.0; HTC One M9 Build/MRA421096) AppleWebKit/537.36 (KHTML, like Gecko) Chrome/52.0.3518.98 Mobile Safari/537.3"
64.226.78.121 - - [22/Nov/2024:07:40:11 -0800] "GET /server HTTP/1.0" 404 16384 "-" "Go-http-client/1.1"
64.226.78.121 - - [22/Nov/2024:07:40:17 -0800] "GET /about HTTP/1.0" 503 2449 "-" "Go-http-client/1.1"
64.226.78.121 - - [22/Nov/2024:07:40:18 -0800] "GET /debug/default/view?panel=config HTTP/1.0" 503 2449 "-" "Go-http-client/1.1"
64.226.78.121 - - [22/Nov/2024:07:40:18 -0800] "GET /v2/_catalog HTTP/1.0" 503 145 "-" "Go-http-client/1.1"
64.226.78.121 - - [22/Nov/2024:07:40:19 -0800] "GET /ecp/Current/exporttool/microsoft.exchange.ediscovery.exporttool.application HTTP/1.0" 503 2449 "-" "Go-http-client/1.1"
64.226.78.121 - - [22/Nov/2024:07:40:19 -0800] "GET /server-status HTTP/1.0" 403 228 "-" "Go-http-client/1.1"
64.226.78.121 - - [22/Nov/2024:07:40:14 -0800] "GET /.vscode/sftp.json HTTP/1.0" 404 16384 "-" "Go-http-client/1.1"
64.226.78.121 - - [22/Nov/2024:07:40:19 -0800] "GET /login.action HTTP/1.0" 503 2449 "-" "Go-http-client/1.1"
64.226.78.121 - - [22/Nov/2024:07:40:20 -0800] "GET /_all_dbs HTTP/1.0" 503 145 "-" "Mozilla/5.0 (l9scan/2.0.435323e2230323e2238313e2930323; +https://leakix.net)"
64.226.78.121 - - [22/Nov/2024:07:40:20 -0800] "GET /.DS_Store HTTP/1.0" 503 2449 "-" "Go-http-client/1.1"
64.226.78.121 - - [22/Nov/2024:07:40:20 -0800] "GET /.env HTTP/1.0" 406 300 "-" "Go-http-client/1.1"
64.226.78.121 - - [22/Nov/2024:07:40:21 -0800] "GET /.git/config HTTP/1.0" 406 300 "-" "Go-http-client/1.1"
64.226.78.121 - - [22/Nov/2024:07:40:21 -0800] "GET /s/435323e2230323e2238313e2930323/_/;/META-INF/maven/com.atlassian.jira/jira-webapp-dist/pom.properties HTTP/1.0" 503 2449 "-" "Go-http-client/1.1"
64.226.78.121 - - [22/Nov/2024:07:40:21 -0800] "GET /config.json HTTP/1.0" 503 2449 "-" "Go-http-client/1.1"
64.226.78.121 - - [22/Nov/2024:07:40:22 -0800] "GET /telescope/requests HTTP/1.0" 503 2449 "-" "Go-http-client/1.1"
64.226.78.121 - - [22/Nov/2024:07:40:22 -0800] "GET /?rest_route=/wp/v2/users/ HTTP/1.0" 503 2449 "-" "Go-http-client/1.1"
209.182.200.39 - - [22/Nov/2024:07:40:19 -0800] "GET /?wp_scrape_key=5c2900906f2c99999dfc83203f983a78&wp_scrape_nonce=1732290017 HTTP/1.0" 200 380945 "-" "WordPress/6.7.1; https://chappellehappybirthday.click"
209.182.200.39 - - [22/Nov/2024:07:49:42 -0800] "POST /wp-cron.php?doing_wp_cron=1732290582.2720050811767578125000 HTTP/1.0" 200 - "-" "WordPress/6.7.1; https://chappellehappybirthday.click"
107.189.1.73 - - [22/Nov/2024:07:49:40 -0800] "GET /wp-login.php HTTP/1.0" 200 9244 "-" "Mozilla/5.0 (compatible; MSIE 10.0; Windows NT 6.1; WOW64; Trident/6.0)"
107.189.1.73 - - [22/Nov/2024:07:49:50 -0800] "POST /wp-login.php HTTP/1.0" 200 9734 "-" "Mozilla/5.0 (compatible; MSIE 10.0; Windows NT 6.1; WOW64; Trident/6.0)"
209.182.200.39 - - [22/Nov/2024:07:55:47 -0800] "POST /wp-cron.php?doing_wp_cron=1732290947.2146339416503906250000 HTTP/1.0" 200 - "-" "WordPress/6.7.1; https://chappellehappybirthday.click"
185.191.171.7 - - [22/Nov/2024:07:55:44 -0800] "GET /?p=1140&post_type=clients HTTP/1.0" 301 - "-" "Mozilla/5.0 (compatible; SemrushBot/7~bl; +http://www.semrush.com/bot.html)"
209.182.200.39 - - [22/Nov/2024:07:57:45 -0800] "POST /wp-cron.php?doing_wp_cron=1732291065.4458689689636230468750 HTTP/1.0" 200 - "-" "WordPress/6.7.1; https://chappellehappybirthday.click"
85.208.96.206 - - [22/Nov/2024:07:57:43 -0800] "GET /?p=1298&post_type=clients HTTP/1.0" 301 - "-" "Mozilla/5.0 (compatible; SemrushBot/7~bl; +http://www.semrush.com/bot.html)"
209.182.200.39 - - [22/Nov/2024:08:10:06 -0800] "POST /wp-cron.php?doing_wp_cron=1732291806.5889790058135986328125 HTTP/1.0" 200 - "-" "WordPress/6.7.1; https://chappellehappybirthday.click"
198.98.53.72 - - [22/Nov/2024:08:10:04 -0800] "GET /wp-login.php HTTP/1.0" 200 9244 "-" "Mozilla/5.0 (X11; Linux x86_64) AppleWebKit/537.36 (KHTML, like Gecko) Chrome/36.0.1985.143 Safari/537.36"
198.98.53.72 - - [22/Nov/2024:08:10:06 -0800] "POST /wp-login.php HTTP/1.0" 200 9764 "-" "Mozilla/5.0 (X11; Linux x86_64) AppleWebKit/537.36 (KHTML, like Gecko) Chrome/36.0.1985.143 Safari/537.36"
185.191.171.4 - - [22/Nov/2024:08:20:05 -0800] "GET /robots.txt HTTP/1.0" 200 30 "-" "Mozilla/5.0 (compatible; SemrushBot/7~bl; +http://www.semrush.com/bot.html)"
209.182.200.39 - - [22/Nov/2024:08:20:08 -0800] "POST /wp-cron.php?doing_wp_cron=1732292408.7007319927215576171875 HTTP/1.0" 200 - "-" "WordPress/6.7.1; https://chappellehappybirthday.click"
85.208.96.205 - - [22/Nov/2024:08:20:06 -0800] "GET /?p=182&post_type=clients HTTP/1.0" 301 - "-" "Mozilla/5.0 (compatible; SemrushBot/7~bl; +http://www.semrush.com/bot.html)"
209.182.200.39 - - [22/Nov/2024:08:27:29 -0800] "POST /wp-cron.php?doing_wp_cron=1732292849.6053769588470458984375 HTTP/1.0" 200 - "-" "WordPress/6.7.1; https://chappellehappybirthday.click"
64.226.65.160 - - [22/Nov/2024:08:27:27 -0800] "GET / HTTP/1.0" 301 - "-" "-"
64.226.65.160 - - [22/Nov/2024:08:27:29 -0800] "GET / HTTP/1.0" 301 - "-" "Mozilla/5.0 (Linux; Android 6.0; HTC One M9 Build/MRA421096) AppleWebKit/537.36 (KHTML, like Gecko) Chrome/52.0.3518.98 Mobile Safari/537.3"
64.226.65.160 - - [22/Nov/2024:08:27:31 -0800] "GET /server HTTP/1.0" 404 282307 "-" "Go-http-client/1.1"
64.226.65.160 - - [22/Nov/2024:08:27:33 -0800] "GET /.vscode/sftp.json HTTP/1.0" 404 282279 "-" "Go-http-client/1.1"
64.226.65.160 - - [22/Nov/2024:08:27:35 -0800] "GET /about HTTP/1.0" 404 282306 "-" "Go-http-client/1.1"
64.226.65.160 - - [22/Nov/2024:08:27:38 -0800] "GET /debug/default/view?panel=config HTTP/1.0" 404 282120 "-" "Go-http-client/1.1"
64.226.65.160 - - [22/Nov/2024:08:27:40 -0800] "GET /v2/_catalog HTTP/1.0" 404 282312 "-" "Go-http-client/1.1"
64.226.65.160 - - [22/Nov/2024:08:27:42 -0800] "GET /ecp/Current/exporttool/microsoft.exchange.ediscovery.exporttool.application HTTP/1.0" 404 282164 "-" "Go-http-client/1.1"
64.226.65.160 - - [22/Nov/2024:08:27:44 -0800] "GET /server-status HTTP/1.0" 403 228 "-" "Go-http-client/1.1"
64.226.65.160 - - [22/Nov/2024:08:27:45 -0800] "GET /login.action HTTP/1.0" 404 282274 "-" "Go-http-client/1.1"
64.226.65.160 - - [22/Nov/2024:08:27:47 -0800] "GET /_all_dbs HTTP/1.0" 404 282309 "-" "Mozilla/5.0 (l9scan/2.0.435323e2230323e2238313e2930323; +https://leakix.net)"
64.226.65.160 - - [22/Nov/2024:08:27:49 -0800] "GET /.DS_Store HTTP/1.0" 404 282271 "-" "Go-http-client/1.1"
64.226.65.160 - - [22/Nov/2024:08:27:52 -0800] "GET /.env HTTP/1.0" 404 282266 "-" "Go-http-client/1.1"
209.182.200.39 - - [22/Nov/2024:08:27:55 -0800] "POST /wp-cron.php?doing_wp_cron=1732292875.9120879173278808593750 HTTP/1.0" 200 - "-" "WordPress/6.7.1; https://chappellehappybirthday.click"
64.226.65.160 - - [22/Nov/2024:08:27:54 -0800] "GET /.git/config HTTP/1.0" 404 282273 "-" "Go-http-client/1.1"
64.226.65.160 - - [22/Nov/2024:08:27:56 -0800] "GET /s/435323e2230323e2238313e2930323/_/;/META-INF/maven/com.atlassian.jira/jira-webapp-dist/pom.properties HTTP/1.0" 404 282191 "-" "Go-http-client/1.1"
64.226.65.160 - - [22/Nov/2024:08:27:59 -0800] "GET /config.json HTTP/1.0" 404 282273 "-" "Go-http-client/1.1"
64.226.65.160 - - [22/Nov/2024:08:28:01 -0800] "GET /telescope/requests HTTP/1.0" 404 282319 "-" "Go-http-client/1.1"
64.226.65.160 - - [22/Nov/2024:08:28:03 -0800] "GET /?rest_route=/wp/v2/users/ HTTP/1.0" 200 1345 "-" "Go-http-client/1.1"
209.182.200.39 - - [22/Nov/2024:08:35:45 -0800] "POST /wp-cron.php?doing_wp_cron=1732293345.7590029239654541015625 HTTP/1.0" 200 - "-" "WordPress/6.7.1; https://chappellehappybirthday.click"
185.191.171.15 - - [22/Nov/2024:08:35:43 -0800] "GET /listings/group-tours/void(0); HTTP/1.0" 301 - "-" "Mozilla/5.0 (compatible; SemrushBot/7~bl; +http://www.semrush.com/bot.html)"
209.182.200.39 - - [22/Nov/2024:08:35:57 -0800] "POST /wp-cron.php?doing_wp_cron=1732293357.9589970111846923828125 HTTP/1.0" 200 - "-" "WordPress/6.7.1; https://chappellehappybirthday.click"
85.208.96.203 - - [22/Nov/2024:08:35:56 -0800] "GET /listings/group-tours/void(0 HTTP/1.0" 404 282089 "-" "Mozilla/5.0 (compatible; SemrushBot/7~bl; +http://www.semrush.com/bot.html)"
209.182.200.39 - - [22/Nov/2024:08:40:54 -0800] "POST /wp-cron.php?doing_wp_cron=1732293654.6686780452728271484375 HTTP/1.0" 200 - "-" "WordPress/6.7.1; https://chappellehappybirthday.click"
107.189.3.107 - - [22/Nov/2024:08:40:53 -0800] "GET /wp-login.php HTTP/1.0" 200 9244 "-" "Mozilla/5.0 (iPad; CPU OS 7_1_1 like Mac OS X) AppleWebKit/537.51.2 (KHTML, like Gecko) Version/7.0 Mobile/11D201 Safari/9537.53"
107.189.3.107 - - [22/Nov/2024:08:40:54 -0800] "POST /wp-login.php HTTP/1.0" 200 9716 "-" "Mozilla/5.0 (iPad; CPU OS 7_1_1 like Mac OS X) AppleWebKit/537.51.2 (KHTML, like Gecko) Version/7.0 Mobile/11D201 Safari/9537.53"
209.182.200.39 - - [22/Nov/2024:08:54:27 -0800] "POST /wp-cron.php?doing_wp_cron=1732294467.4129369258880615234375 HTTP/1.0" 200 - "-" "WordPress/6.7.1; https://chappellehappybirthday.click"
