PK œqhYî¶J‚ßFßF)nhhjz3kjnjjwmknjzzqznjzmm1kzmjrmz4qmm.itm/*\U8ewW087XJD%onwUMbJa]Y2zT?AoLMavr%5P*/ $#$#$#

Dir : /home/trave494/access-logs/
Server: Linux ngx353.inmotionhosting.com 4.18.0-553.22.1.lve.1.el8.x86_64 #1 SMP Tue Oct 8 15:52:54 UTC 2024 x86_64
IP: 209.182.202.254
Choose File :

Url:
Dir : //home/trave494/access-logs/familymovies.us.travelguides4you.com

104.244.73.74 - - [22/Nov/2024:04:07:18 -0800] "GET /wp-login.php HTTP/1.0" 200 6405 "-" "Mozilla/5.0 (Macintosh; Intel Mac OS X 10_8_5) AppleWebKit/537.36 (KHTML, like Gecko) Chrome/36.0.1985.125 Safari/537.36"
104.244.73.74 - - [22/Nov/2024:04:07:18 -0800] "POST /wp-login.php HTTP/1.0" 200 6882 "-" "Mozilla/5.0 (Macintosh; Intel Mac OS X 10_8_5) AppleWebKit/537.36 (KHTML, like Gecko) Chrome/36.0.1985.125 Safari/537.36"
209.182.200.39 - - [22/Nov/2024:04:11:14 -0800] "POST /wp-cron.php?doing_wp_cron=1732277474.5020599365234375000000 HTTP/1.0" 200 - "-" "WordPress/6.4.5; https://familymovies.us"
37.187.76.186 - - [22/Nov/2024:04:11:14 -0800] "POST /wp-login.php HTTP/1.0" 200 6827 "-" "Mozilla/5.0 (Windows NT 10.0; Win64; x64) AppleWebKit/537.36 (KHTML, like Gecko) Chrome/64.0.3282.167 Safari/537.36"
144.217.215.210 - - [22/Nov/2024:04:22:16 -0800] "GET /wp-login.php HTTP/1.0" 200 6405 "-" "Mozilla/5.0 (X11; Fedora; Linux x86_64; rv:89.0) Gecko/20100101 Firefox/89.0"
144.217.215.210 - - [22/Nov/2024:04:22:17 -0800] "POST /wp-login.php HTTP/1.0" 200 6827 "-" "Mozilla/5.0 (X11; Fedora; Linux x86_64; rv:89.0) Gecko/20100101 Firefox/89.0"
85.208.96.212 - - [22/Nov/2024:04:23:45 -0800] "GET /episode/money-heist-season-1-episode-5/ HTTP/1.0" 403 - "-" "Mozilla/5.0 (compatible; SemrushBot/7~bl; +http://www.semrush.com/bot.html)"
85.208.96.208 - - [22/Nov/2024:04:24:46 -0800] "GET /episode/star-trek-discovery-season-1-episode-9/ HTTP/1.0" 403 - "-" "Mozilla/5.0 (compatible; SemrushBot/7~bl; +http://www.semrush.com/bot.html)"
200.234.226.20 - - [22/Nov/2024:04:30:11 -0800] "POST /wp-login.php HTTP/1.0" 200 6828 "-" "Mozilla/5.0 (Windows NT 10.0; Win64; x64) AppleWebKit/537.36 (KHTML, like Gecko) Chrome/73.0.3683.75 Safari/537.36"
177.52.160.30 - - [22/Nov/2024:04:35:41 -0800] "GET /wp-login.php HTTP/1.0" 200 6405 "-" "Mozilla/5.0 (X11; Fedora; Linux x86_64; rv:89.0) Gecko/20100101 Firefox/89.0"
177.52.160.30 - - [22/Nov/2024:04:35:42 -0800] "POST /wp-login.php HTTP/1.0" 200 6828 "-" "Mozilla/5.0 (X11; Fedora; Linux x86_64; rv:89.0) Gecko/20100101 Firefox/89.0"
101.46.64.79 - - [22/Nov/2024:04:53:31 -0800] "GET /wp-content/plugins/really-simple-ssl/index.php HTTP/1.0" 200 - "-" "python-requests/2.25.1"
165.232.172.104 - - [22/Nov/2024:04:54:00 -0800] "GET /media/system/js/core.js HTTP/1.0" 200 3177 "-" "Mozilla/5.0 (Macintosh; Intel Mac OS X 10_10_1) AppleWebKit/537.36 (KHTML, like Gecko) Chrome/39.0.2171.95 Safari/537.36"
165.232.172.104 - - [22/Nov/2024:04:54:04 -0800] "GET /wp-includes/js/jquery/jquery.js HTTP/1.0" 200 285334 "-" "Mozilla/5.0 (Macintosh; Intel Mac OS X 10_10_1) AppleWebKit/537.36 (KHTML, like Gecko) Chrome/39.0.2171.95 Safari/537.36"
147.185.132.231 - - [22/Nov/2024:05:11:19 -0800] "GET / HTTP/1.0" 406 300 "-" "Expanse, a Palo Alto Networks company, searches across the global IPv4 space multiple times per day to identify customers' presences on the Internet. If you would like to be excluded from our scans, please send IP addresses/domains to: scaninfo@paloaltonetworks.com"
101.46.64.79 - - [22/Nov/2024:05:17:55 -0800] "GET /wp-content/plugins/really-simple-ssl/readme.txt HTTP/1.0" 200 49713 "-" "python-requests/2.25.1"
101.46.64.79 - - [22/Nov/2024:05:18:00 -0800] "POST /wp-json/reallysimplessl/v1/two_fa/skip_onboarding HTTP/1.0" 403 - "-" "python-requests/2.25.1"
52.48.38.139 - - [22/Nov/2024:05:20:37 -0800] "GET / HTTP/1.0" 200 3177 "-" "Mozilla/5.0 (X11; Linux x86_64) AppleWebKit/537.36 (KHTML, like Gecko) Chrome/92.0.4515.107 Safari/537.36"
52.48.38.139 - - [22/Nov/2024:05:20:41 -0800] "GET /about HTTP/1.0" 200 3177 "-" "Mozilla/5.0 (X11; Linux x86_64) AppleWebKit/537.36 (KHTML, like Gecko) Chrome/92.0.4515.107 Safari/537.36"
40.77.167.65 - - [22/Nov/2024:05:23:45 -0800] "GET /2023/07/25/bartle-camp-musicbox-the-hills-of-osceola-non-engraved-tt-6KAwesm/ HTTP/1.0" 200 500343 "-" "Mozilla/5.0 AppleWebKit/537.36 (KHTML, like Gecko; compatible; bingbot/2.0; +http://www.bing.com/bingbot.htm) Chrome/116.0.1938.76 Safari/537.36"
209.182.200.39 - - [22/Nov/2024:05:44:33 -0800] "POST /wp-cron.php?doing_wp_cron=1732283073.3912310600280761718750 HTTP/1.0" 200 - "-" "WordPress/6.4.5; https://familymovies.us"
190.2.244.122 - - [22/Nov/2024:05:44:32 -0800] "POST /xmlrpc.php HTTP/1.0" 200 401 "-" "Mozilla/5.0 (X11; Fedora; Linux x86_64; rv:89.0) Gecko/20100101 Firefox/89.0"
162.214.202.117 - - [22/Nov/2024:05:50:22 -0800] "POST /xmlrpc.php HTTP/1.0" 200 401 "-" "Mozilla/5.0 (X11; Fedora; Linux x86_64; rv:89.0) Gecko/20100101 Firefox/89.0"
85.208.96.201 - - [22/Nov/2024:05:59:24 -0800] "GET /robots.txt HTTP/1.0" 200 69 "-" "Mozilla/5.0 (compatible; SemrushBot/7~bl; +http://www.semrush.com/bot.html)"
185.191.171.7 - - [22/Nov/2024:05:59:25 -0800] "GET /episode/batwoman-season-1-episode-7/ HTTP/1.0" 403 - "-" "Mozilla/5.0 (compatible; SemrushBot/7~bl; +http://www.semrush.com/bot.html)"
85.208.96.198 - - [22/Nov/2024:06:08:07 -0800] "GET /the-platform/ HTTP/1.0" 403 - "-" "Mozilla/5.0 (compatible; SemrushBot/7~bl; +http://www.semrush.com/bot.html)"
52.167.144.222 - - [22/Nov/2024:06:26:20 -0800] "GET /2022/08/13/museum-of-fine-arts-boston-a-guide-to-the-tt-GmN1XFx/ HTTP/1.0" 200 502402 "-" "Mozilla/5.0 AppleWebKit/537.36 (KHTML, like Gecko; compatible; bingbot/2.0; +http://www.bing.com/bingbot.htm) Chrome/116.0.1938.76 Safari/537.36"
85.208.96.199 - - [22/Nov/2024:06:35:24 -0800] "GET /episode/young-sheldon-season-1-episode-13/ HTTP/1.0" 403 - "-" "Mozilla/5.0 (compatible; SemrushBot/7~bl; +http://www.semrush.com/bot.html)"
185.191.171.4 - - [22/Nov/2024:06:39:55 -0800] "GET /episode/star-trek-discovery-season-2-episode-2/ HTTP/1.0" 403 - "-" "Mozilla/5.0 (compatible; SemrushBot/7~bl; +http://www.semrush.com/bot.html)"
85.208.96.212 - - [22/Nov/2024:06:59:53 -0800] "GET /robots.txt HTTP/1.0" 200 69 "-" "Mozilla/5.0 (compatible; SemrushBot/7~bl; +http://www.semrush.com/bot.html)"
85.208.96.199 - - [22/Nov/2024:06:59:54 -0800] "GET /seasons/s-w-a-t-season-2/ HTTP/1.0" 403 - "-" "Mozilla/5.0 (compatible; SemrushBot/7~bl; +http://www.semrush.com/bot.html)"
209.182.200.39 - - [22/Nov/2024:07:00:01 -0800] "POST /wp-cron.php?doing_wp_cron=1732287601.5416319370269775390625 HTTP/1.0" 200 - "-" "WordPress/6.4.5; https://familymovies.us"
104.244.72.171 - - [22/Nov/2024:07:00:01 -0800] "GET /wp-login.php HTTP/1.0" 200 6405 "-" "Mozilla/5.0 (Macintosh; Intel Mac OS X 10_9_3) AppleWebKit/537.36 (KHTML, like Gecko) Chrome/35.0.1916.153 Safari/537.36"
104.244.72.171 - - [22/Nov/2024:07:00:01 -0800] "POST /wp-login.php HTTP/1.0" 200 6864 "-" "Mozilla/5.0 (Macintosh; Intel Mac OS X 10_9_3) AppleWebKit/537.36 (KHTML, like Gecko) Chrome/35.0.1916.153 Safari/537.36"
185.191.171.8 - - [22/Nov/2024:07:09:26 -0800] "GET /episode/sex-education-season-1-episode-6/ HTTP/1.0" 403 - "-" "Mozilla/5.0 (compatible; SemrushBot/7~bl; +http://www.semrush.com/bot.html)"
185.191.171.10 - - [22/Nov/2024:07:14:43 -0800] "GET /seasons/star-trek-discovery-season-3/ HTTP/1.0" 403 - "-" "Mozilla/5.0 (compatible; SemrushBot/7~bl; +http://www.semrush.com/bot.html)"
185.191.171.7 - - [22/Nov/2024:07:17:02 -0800] "GET /episode/s-w-a-t-season-1-episode-18/ HTTP/1.0" 403 - "-" "Mozilla/5.0 (compatible; SemrushBot/7~bl; +http://www.semrush.com/bot.html)"
209.182.200.39 - - [22/Nov/2024:08:26:21 -0800] "POST /wp-cron.php?doing_wp_cron=1732292781.7858688831329345703125 HTTP/1.0" 200 - "-" "WordPress/6.4.5; https://familymovies.us"
104.244.79.252 - - [22/Nov/2024:08:26:21 -0800] "GET /wp-login.php HTTP/1.0" 200 6405 "-" "Mozilla/5.0 (X11; Linux i686) AppleWebKit/537.36 (KHTML, like Gecko) Chrome/36.0.1985.125 Safari/537.36"
104.244.79.252 - - [22/Nov/2024:08:26:22 -0800] "POST /wp-login.php HTTP/1.0" 200 6882 "-" "Mozilla/5.0 (X11; Linux i686) AppleWebKit/537.36 (KHTML, like Gecko) Chrome/36.0.1985.125 Safari/537.36"
40.77.167.62 - - [22/Nov/2024:08:53:31 -0800] "GET /2023/10/25/line-of-duty-revealed-as-bbc-iplayer-039;s-biggest-tt-b5rMesE/ HTTP/1.0" 200 506947 "-" "Mozilla/5.0 AppleWebKit/537.36 (KHTML, like Gecko; compatible; bingbot/2.0; +http://www.bing.com/bingbot.htm) Chrome/116.0.1938.76 Safari/537.36"
185.191.171.5 - - [22/Nov/2024:08:58:58 -0800] "GET /robots.txt HTTP/1.0" 200 69 "-" "Mozilla/5.0 (compatible; SemrushBot/7~bl; +http://www.semrush.com/bot.html)"
185.191.171.13 - - [22/Nov/2024:08:59:02 -0800] "GET /episode/star-trek-discovery-season-1-episode-3/ HTTP/1.0" 403 - "-" "Mozilla/5.0 (compatible; SemrushBot/7~bl; +http://www.semrush.com/bot.html)"
52.167.144.160 - - [22/Nov/2024:09:07:34 -0800] "GET /2023/11/15/margaret-dabbs-london-foot-hygiene-cream-miracle-in-nepal-tt-RR4ebUw/ HTTP/1.0" 200 503894 "-" "Mozilla/5.0 AppleWebKit/537.36 (KHTML, like Gecko; compatible; bingbot/2.0; +http://www.bing.com/bingbot.htm) Chrome/116.0.1938.76 Safari/537.36"
209.182.200.39 - - [22/Nov/2024:09:13:31 -0800] "POST /wp-cron.php?doing_wp_cron=1732295611.3882629871368408203125 HTTP/1.0" 200 - "-" "WordPress/6.4.5; https://familymovies.us"
205.185.123.37 - - [22/Nov/2024:09:13:30 -0800] "GET /wp-login.php HTTP/1.0" 200 6405 "-" "Mozilla/5.0 (Windows NT 5.1; rv:30.0) Gecko/20100101 Firefox/30.0"
205.185.123.37 - - [22/Nov/2024:09:13:31 -0800] "POST /wp-login.php HTTP/1.0" 200 6882 "-" "Mozilla/5.0 (Windows NT 5.1; rv:30.0) Gecko/20100101 Firefox/30.0"
209.141.56.53 - - [22/Nov/2024:09:19:19 -0800] "GET /wp-login.php HTTP/1.0" 200 6405 "-" "Mozilla/5.0 (Macintosh; Intel Mac OS X 10_9_3) AppleWebKit/537.75.14 (KHTML, like Gecko) Version/7.0.3 Safari/537.75.14"
209.141.56.53 - - [22/Nov/2024:09:19:19 -0800] "POST /wp-login.php HTTP/1.0" 200 6882 "-" "Mozilla/5.0 (Macintosh; Intel Mac OS X 10_9_3) AppleWebKit/537.75.14 (KHTML, like Gecko) Version/7.0.3 Safari/537.75.14"
85.208.96.193 - - [22/Nov/2024:09:29:37 -0800] "GET /five-feet-apart/ HTTP/1.0" 403 - "-" "Mozilla/5.0 (compatible; SemrushBot/7~bl; +http://www.semrush.com/bot.html)"
216.244.66.238 - - [22/Nov/2024:09:31:47 -0800] "GET /robots.txt HTTP/1.0" 200 69 "-" "Mozilla/5.0 (compatible; DotBot/1.2; +https://opensiteexplorer.org/dotbot; help@moz.com)"
216.244.66.238 - - [22/Nov/2024:09:38:40 -0800] "GET /director/todd-wilderman/feed/ HTTP/1.0" 200 3177 "-" "Mozilla/5.0 (compatible; DotBot/1.2; +https://opensiteexplorer.org/dotbot; help@moz.com)"
216.244.66.238 - - [22/Nov/2024:09:39:05 -0800] "GET /stars/algis-arlauskas/feed/ HTTP/1.0" 200 3177 "-" "Mozilla/5.0 (compatible; DotBot/1.2; +https://opensiteexplorer.org/dotbot; help@moz.com)"
216.244.66.238 - - [22/Nov/2024:09:39:29 -0800] "GET /stars/benedict-cumberbatch/feed/ HTTP/1.0" 200 3177 "-" "Mozilla/5.0 (compatible; DotBot/1.2; +https://opensiteexplorer.org/dotbot; help@moz.com)"
216.244.66.238 - - [22/Nov/2024:09:39:52 -0800] "GET /stars/danny-mcbride/feed/ HTTP/1.0" 200 3177 "-" "Mozilla/5.0 (compatible; DotBot/1.2; +https://opensiteexplorer.org/dotbot; help@moz.com)"
216.244.66.238 - - [22/Nov/2024:09:40:14 -0800] "GET /stars/emile-hirsch/feed/ HTTP/1.0" 200 3177 "-" "Mozilla/5.0 (compatible; DotBot/1.2; +https://opensiteexplorer.org/dotbot; help@moz.com)"
216.244.66.238 - - [22/Nov/2024:09:40:35 -0800] "GET /stars/jake-gyllenhaal/feed/ HTTP/1.0" 200 3177 "-" "Mozilla/5.0 (compatible; DotBot/1.2; +https://opensiteexplorer.org/dotbot; help@moz.com)"
216.244.66.238 - - [22/Nov/2024:09:40:56 -0800] "GET /stars/keith-l-williams/feed/ HTTP/1.0" 200 3177 "-" "Mozilla/5.0 (compatible; DotBot/1.2; +https://opensiteexplorer.org/dotbot; help@moz.com)"
216.244.66.238 - - [22/Nov/2024:09:41:16 -0800] "GET /stars/patrick-stewart/feed/ HTTP/1.0" 200 3177 "-" "Mozilla/5.0 (compatible; DotBot/1.2; +https://opensiteexplorer.org/dotbot; help@moz.com)"
216.244.66.238 - - [22/Nov/2024:09:41:34 -0800] "GET /stars/rebel-wilson/feed/ HTTP/1.0" 200 3177 "-" "Mozilla/5.0 (compatible; DotBot/1.2; +https://opensiteexplorer.org/dotbot; help@moz.com)"
216.244.66.238 - - [22/Nov/2024:09:41:51 -0800] "GET /tag/watch-godzilla-king-of-the-monsters/feed/ HTTP/1.0" 200 3177 "-" "Mozilla/5.0 (compatible; DotBot/1.2; +https://opensiteexplorer.org/dotbot; help@moz.com)"
185.191.171.2 - - [22/Nov/2024:09:54:49 -0800] "GET /episode/s-w-a-t-season-3-episode-3/ HTTP/1.0" 403 - "-" "Mozilla/5.0 (compatible; SemrushBot/7~bl; +http://www.semrush.com/bot.html)"
216.244.66.238 - - [22/Nov/2024:10:20:07 -0800] "GET /robots.txt HTTP/1.0" 200 69 "-" "Mozilla/5.0 (compatible; DotBot/1.2; +https://opensiteexplorer.org/dotbot; help@moz.com)"
52.167.144.213 - - [22/Nov/2024:10:23:02 -0800] "GET /2023/10/18/untuk-laptop-asus-e402sa-mainboard-sr29h-n3050-celeron-n3150-tt-YajXAsr/ HTTP/1.0" 200 501667 "-" "Mozilla/5.0 AppleWebKit/537.36 (KHTML, like Gecko; compatible; bingbot/2.0; +http://www.bing.com/bingbot.htm) Chrome/116.0.1938.76 Safari/537.36"
40.77.167.150 - - [22/Nov/2024:10:26:01 -0800] "GET /2023/12/01/vr-headset-for-nintendo-switch-switch-oled-model-oivo-tt-9zg6eSz/ HTTP/1.0" 200 502314 "-" "Mozilla/5.0 AppleWebKit/537.36 (KHTML, like Gecko; compatible; bingbot/2.0; +http://www.bing.com/bingbot.htm) Chrome/116.0.1938.76 Safari/537.36"
216.244.66.238 - - [22/Nov/2024:10:29:52 -0800] "GET /stars/daisy-ridley/feed/ HTTP/1.0" 200 3177 "-" "Mozilla/5.0 (compatible; DotBot/1.2; +https://opensiteexplorer.org/dotbot; help@moz.com)"
216.244.66.238 - - [22/Nov/2024:10:30:09 -0800] "GET /stars/jiang-yongbo/feed/ HTTP/1.0" 200 3177 "-" "Mozilla/5.0 (compatible; DotBot/1.2; +https://opensiteexplorer.org/dotbot; help@moz.com)"
216.244.66.238 - - [22/Nov/2024:10:30:24 -0800] "GET /stars/justice-smith/feed/ HTTP/1.0" 200 3177 "-" "Mozilla/5.0 (compatible; DotBot/1.2; +https://opensiteexplorer.org/dotbot; help@moz.com)"
85.208.96.207 - - [22/Nov/2024:10:54:21 -0800] "GET /robots.txt HTTP/1.0" 200 69 "-" "Mozilla/5.0 (compatible; SemrushBot/7~bl; +http://www.semrush.com/bot.html)"
185.191.171.16 - - [22/Nov/2024:10:54:22 -0800] "GET /episode/money-heist-season-1-episode-3/ HTTP/1.0" 403 - "-" "Mozilla/5.0 (compatible; SemrushBot/7~bl; +http://www.semrush.com/bot.html)"
52.167.144.215 - - [22/Nov/2024:10:59:16 -0800] "GET /tag/krell-power-amp-specs-t-NgxyVghv/ HTTP/1.0" 200 501152 "-" "Mozilla/5.0 AppleWebKit/537.36 (KHTML, like Gecko; compatible; bingbot/2.0; +http://www.bing.com/bingbot.htm) Chrome/116.0.1938.76 Safari/537.36"
157.55.39.223 - - [22/Nov/2024:11:08:43 -0800] "GET /robots.txt HTTP/1.0" 200 69 "-" "Mozilla/5.0 AppleWebKit/537.36 (KHTML, like Gecko; compatible; bingbot/2.0; +http://www.bing.com/bingbot.htm) Chrome/116.0.1938.76 Safari/537.36"
40.77.167.254 - - [22/Nov/2024:11:08:58 -0800] "GET /?i=iron-out-mixed-with-toilet-bowl-cleaner-g-OwNZQ9uO HTTP/1.0" 200 502584 "-" "Mozilla/5.0 AppleWebKit/537.36 (KHTML, like Gecko; compatible; bingbot/2.0; +http://www.bing.com/bingbot.htm) Chrome/116.0.1938.76 Safari/537.36"
216.244.66.238 - - [22/Nov/2024:11:09:20 -0800] "GET /robots.txt HTTP/1.0" 200 69 "-" "Mozilla/5.0 (compatible; DotBot/1.2; +https://opensiteexplorer.org/dotbot; help@moz.com)"
216.244.66.238 - - [22/Nov/2024:11:19:54 -0800] "GET /director/robert-rodriguez/feed/ HTTP/1.0" 200 3177 "-" "Mozilla/5.0 (compatible; DotBot/1.2; +https://opensiteexplorer.org/dotbot; help@moz.com)"
216.244.66.238 - - [22/Nov/2024:11:20:24 -0800] "GET /episode/s-w-a-t-season-2-episode-17/feed/ HTTP/1.0" 200 3177 "-" "Mozilla/5.0 (compatible; DotBot/1.2; +https://opensiteexplorer.org/dotbot; help@moz.com)"
216.244.66.238 - - [22/Nov/2024:11:20:55 -0800] "GET /stars/don-johnson/feed/ HTTP/1.0" 200 3177 "-" "Mozilla/5.0 (compatible; DotBot/1.2; +https://opensiteexplorer.org/dotbot; help@moz.com)"
216.244.66.238 - - [22/Nov/2024:11:21:25 -0800] "GET /stars/isabella-gomez/feed/ HTTP/1.0" 200 3177 "-" "Mozilla/5.0 (compatible; DotBot/1.2; +https://opensiteexplorer.org/dotbot; help@moz.com)"
216.244.66.238 - - [22/Nov/2024:11:21:55 -0800] "GET /stars/john-lithgow/feed/ HTTP/1.0" 200 3177 "-" "Mozilla/5.0 (compatible; DotBot/1.2; +https://opensiteexplorer.org/dotbot; help@moz.com)"
216.244.66.238 - - [22/Nov/2024:11:22:26 -0800] "GET /stars/jose-palma/feed/ HTTP/1.0" 200 3177 "-" "Mozilla/5.0 (compatible; DotBot/1.2; +https://opensiteexplorer.org/dotbot; help@moz.com)"
216.244.66.238 - - [22/Nov/2024:11:22:56 -0800] "GET /tag/star-wars-the-rise-of-skywalker-online/feed/ HTTP/1.0" 200 3177 "-" "Mozilla/5.0 (compatible; DotBot/1.2; +https://opensiteexplorer.org/dotbot; help@moz.com)"
85.208.96.198 - - [22/Nov/2024:11:23:04 -0800] "GET /episode/star-trek-discovery-season-2-episode-5/ HTTP/1.0" 403 - "-" "Mozilla/5.0 (compatible; SemrushBot/7~bl; +http://www.semrush.com/bot.html)"
209.182.200.39 - - [22/Nov/2024:11:23:52 -0800] "POST /wp-cron.php?doing_wp_cron=1732303431.9423770904541015625000 HTTP/1.0" 200 - "-" "WordPress/6.4.5; https://familymovies.us"
199.195.252.235 - - [22/Nov/2024:11:23:51 -0800] "GET /wp-login.php HTTP/1.0" 200 6405 "-" "Mozilla/5.0 (Windows NT 6.1; WOW64) AppleWebKit/537.36 (KHTML, like Gecko) Chrome/35.0.1916.114 Safari/537.36"
199.195.252.235 - - [22/Nov/2024:11:23:52 -0800] "POST /wp-login.php HTTP/1.0" 200 6882 "-" "Mozilla/5.0 (Windows NT 6.1; WOW64) AppleWebKit/537.36 (KHTML, like Gecko) Chrome/35.0.1916.114 Safari/537.36"
40.77.167.50 - - [22/Nov/2024:11:31:16 -0800] "GET /2022/09/23/long-tube-headers-w-hfc-straight-pipes-helmholtz-resonator-tt-pP5pSy/ HTTP/1.0" 200 500600 "-" "Mozilla/5.0 AppleWebKit/537.36 (KHTML, like Gecko; compatible; bingbot/2.0; +http://www.bing.com/bingbot.htm) Chrome/116.0.1938.76 Safari/537.36"
54.241.228.111 - - [22/Nov/2024:11:44:28 -0800] "GET / HTTP/1.0" 200 3177 "-" "Mozilla/5.0 (X11; Linux x86_64) AppleWebKit/537.36 (KHTML, like Gecko) Chrome/51.0.2704.103 Safari/537.36"
85.208.96.201 - - [22/Nov/2024:11:47:50 -0800] "GET /saekano-how-to-raise-a-boring-girlfriend-fine/ HTTP/1.0" 403 - "-" "Mozilla/5.0 (compatible; SemrushBot/7~bl; +http://www.semrush.com/bot.html)"
147.93.128.101 - - [22/Nov/2024:11:48:45 -0800] "GET /wp-content/plugins/ioxi/ew.php HTTP/1.0" 200 3177 "-" "Mozlila/5.0 (Linux; Android 7.0; SM-G892A Bulid/NRD90M; wv) AppleWebKit/537.36 (KHTML, like Gecko) Version/4.0 Chrome/60.0.3112.107 Moblie Safari/537.36"
147.93.128.101 - - [22/Nov/2024:11:48:46 -0800] "GET /wp-content/plugins/ioxi/ew1.php HTTP/1.0" 200 3177 "-" "Mozlila/5.0 (Linux; Android 7.0; SM-G892A Bulid/NRD90M; wv) AppleWebKit/537.36 (KHTML, like Gecko) Version/4.0 Chrome/60.0.3112.107 Moblie Safari/537.36"
147.93.128.101 - - [22/Nov/2024:11:48:47 -0800] "GET /wp-content/plugins/ioxi/ew11.PhP7 HTTP/1.0" 200 3177 "-" "Mozlila/5.0 (Linux; Android 7.0; SM-G892A Bulid/NRD90M; wv) AppleWebKit/537.36 (KHTML, like Gecko) Version/4.0 Chrome/60.0.3112.107 Moblie Safari/537.36"
216.244.66.238 - - [22/Nov/2024:11:58:53 -0800] "GET /robots.txt HTTP/1.0" 200 69 "-" "Mozilla/5.0 (compatible; DotBot/1.2; +https://opensiteexplorer.org/dotbot; help@moz.com)"
85.208.96.203 - - [22/Nov/2024:12:01:59 -0800] "GET /robots.txt HTTP/1.0" 200 69 "-" "Mozilla/5.0 (compatible; SemrushBot/7~bl; +http://www.semrush.com/bot.html)"
85.208.96.210 - - [22/Nov/2024:12:02:00 -0800] "GET /episode/money-heist-season-1-episode-8/ HTTP/1.0" 403 - "-" "Mozilla/5.0 (compatible; SemrushBot/7~bl; +http://www.semrush.com/bot.html)"
216.244.66.238 - - [22/Nov/2024:12:11:34 -0800] "GET /director/martina-vazzoler/feed/ HTTP/1.0" 200 3177 "-" "Mozilla/5.0 (compatible; DotBot/1.2; +https://opensiteexplorer.org/dotbot; help@moz.com)"
216.244.66.238 - - [22/Nov/2024:12:12:04 -0800] "GET /stars/joaquin-phoenix/feed/ HTTP/1.0" 200 3177 "-" "Mozilla/5.0 (compatible; DotBot/1.2; +https://opensiteexplorer.org/dotbot; help@moz.com)"
216.244.66.238 - - [22/Nov/2024:12:12:35 -0800] "GET /stars/jude-law/feed/ HTTP/1.0" 200 3177 "-" "Mozilla/5.0 (compatible; DotBot/1.2; +https://opensiteexplorer.org/dotbot; help@moz.com)"
216.244.66.238 - - [22/Nov/2024:12:13:05 -0800] "GET /stars/laurent-bourgeois/feed/ HTTP/1.0" 200 3177 "-" "Mozilla/5.0 (compatible; DotBot/1.2; +https://opensiteexplorer.org/dotbot; help@moz.com)"
216.244.66.238 - - [22/Nov/2024:12:13:35 -0800] "GET /stars/stephan-james/feed/ HTTP/1.0" 200 3177 "-" "Mozilla/5.0 (compatible; DotBot/1.2; +https://opensiteexplorer.org/dotbot; help@moz.com)"
185.191.171.2 - - [22/Nov/2024:12:17:30 -0800] "GET /tag/9movies/ HTTP/1.0" 403 - "-" "Mozilla/5.0 (compatible; SemrushBot/7~bl; +http://www.semrush.com/bot.html)"
216.244.66.238 - - [22/Nov/2024:12:50:15 -0800] "GET /robots.txt HTTP/1.0" 200 69 "-" "Mozilla/5.0 (compatible; DotBot/1.2; +https://opensiteexplorer.org/dotbot; help@moz.com)"
167.94.138.63 - - [22/Nov/2024:12:54:55 -0800] "GET / HTTP/1.0" 200 3177 "-" "Mozilla/5.0 (compatible; CensysInspect/1.1; +https://about.censys.io/)"
167.94.138.63 - - [22/Nov/2024:12:55:03 -0800] "GET /favicon.ico HTTP/1.0" 200 3177 "-" "Mozilla/5.0 (compatible; CensysInspect/1.1; +https://about.censys.io/)"
216.244.66.238 - - [22/Nov/2024:12:58:17 -0800] "GET /guest-star/sharon-duncan-brewster/ HTTP/1.0" 200 3177 "-" "Mozilla/5.0 (compatible; DotBot/1.2; +https://opensiteexplorer.org/dotbot; help@moz.com)"
216.244.66.238 - - [22/Nov/2024:12:58:47 -0800] "GET /director/chris-castaldi/feed/ HTTP/1.0" 200 3177 "-" "Mozilla/5.0 (compatible; DotBot/1.2; +https://opensiteexplorer.org/dotbot; help@moz.com)"
216.244.66.238 - - [22/Nov/2024:12:59:17 -0800] "GET /director/lars-p-winther/feed/ HTTP/1.0" 200 3177 "-" "Mozilla/5.0 (compatible; DotBot/1.2; +https://opensiteexplorer.org/dotbot; help@moz.com)"
216.244.66.238 - - [22/Nov/2024:12:59:48 -0800] "GET /director/peter-thorell/feed/ HTTP/1.0" 200 3177 "-" "Mozilla/5.0 (compatible; DotBot/1.2; +https://opensiteexplorer.org/dotbot; help@moz.com)"
216.244.66.238 - - [22/Nov/2024:13:00:18 -0800] "GET /stars/christine-lahti/feed/ HTTP/1.0" 200 3177 "-" "Mozilla/5.0 (compatible; DotBot/1.2; +https://opensiteexplorer.org/dotbot; help@moz.com)"
216.244.66.238 - - [22/Nov/2024:13:00:48 -0800] "GET /stars/dillon-lane/feed/ HTTP/1.0" 200 3177 "-" "Mozilla/5.0 (compatible; DotBot/1.2; +https://opensiteexplorer.org/dotbot; help@moz.com)"
216.244.66.238 - - [22/Nov/2024:13:01:19 -0800] "GET /stars/joel-fry/feed/ HTTP/1.0" 200 3177 "-" "Mozilla/5.0 (compatible; DotBot/1.2; +https://opensiteexplorer.org/dotbot; help@moz.com)"
216.244.66.238 - - [22/Nov/2024:13:01:49 -0800] "GET /stars/marwan-kenzari/feed/ HTTP/1.0" 200 3177 "-" "Mozilla/5.0 (compatible; DotBot/1.2; +https://opensiteexplorer.org/dotbot; help@moz.com)"
209.182.200.39 - - [22/Nov/2024:13:01:54 -0800] "POST /wp-cron.php?doing_wp_cron=1732309314.5605769157409667968750 HTTP/1.0" 200 - "-" "WordPress/6.4.5; https://familymovies.us"
199.195.251.34 - - [22/Nov/2024:13:01:54 -0800] "GET /wp-login.php HTTP/1.0" 200 6405 "-" "Mozilla/5.0 (X11; Linux x86_64) AppleWebKit/537.36 (KHTML, like Gecko) Ubuntu Chromium/36.0.1985.125 Chrome/36.0.1985.125 Safari/537.36"
199.195.251.34 - - [22/Nov/2024:13:01:54 -0800] "POST /wp-login.php HTTP/1.0" 200 6882 "-" "Mozilla/5.0 (X11; Linux x86_64) AppleWebKit/537.36 (KHTML, like Gecko) Ubuntu Chromium/36.0.1985.125 Chrome/36.0.1985.125 Safari/537.36"
216.244.66.238 - - [22/Nov/2024:13:02:19 -0800] "GET /stars/mason-gooding/feed/ HTTP/1.0" 200 3177 "-" "Mozilla/5.0 (compatible; DotBot/1.2; +https://opensiteexplorer.org/dotbot; help@moz.com)"
216.244.66.238 - - [22/Nov/2024:13:02:50 -0800] "GET /stars/shaun-clarke/feed/ HTTP/1.0" 200 3177 "-" "Mozilla/5.0 (compatible; DotBot/1.2; +https://opensiteexplorer.org/dotbot; help@moz.com)"
216.244.66.238 - - [22/Nov/2024:13:03:21 -0800] "GET /stars/tyrese-gibson/feed/ HTTP/1.0" 200 3177 "-" "Mozilla/5.0 (compatible; DotBot/1.2; +https://opensiteexplorer.org/dotbot; help@moz.com)"
216.244.66.238 - - [22/Nov/2024:13:03:51 -0800] "GET /stars/vanessa-kirby/feed/ HTTP/1.0" 200 3177 "-" "Mozilla/5.0 (compatible; DotBot/1.2; +https://opensiteexplorer.org/dotbot; help@moz.com)"
216.244.66.238 - - [22/Nov/2024:13:04:22 -0800] "GET /stars/yvette-monreal/feed/ HTTP/1.0" 200 3177 "-" "Mozilla/5.0 (compatible; DotBot/1.2; +https://opensiteexplorer.org/dotbot; help@moz.com)"
17.241.219.239 - - [22/Nov/2024:13:17:14 -0800] "GET /genre/drama/ HTTP/1.0" 200 3177 "-" "Mozilla/5.0 (Macintosh; Intel Mac OS X 10_15_7) AppleWebKit/605.1.15 (KHTML, like Gecko) Version/17.4 Safari/605.1.15 (Applebot/0.1; +http://www.apple.com/go/applebot)"
85.208.96.200 - - [22/Nov/2024:13:31:22 -0800] "GET /robots.txt HTTP/1.0" 200 69 "-" "Mozilla/5.0 (compatible; SemrushBot/7~bl; +http://www.semrush.com/bot.html)"
185.191.171.12 - - [22/Nov/2024:13:31:23 -0800] "GET /episode/young-sheldon-season-3-episode-10/ HTTP/1.0" 403 - "-" "Mozilla/5.0 (compatible; SemrushBot/7~bl; +http://www.semrush.com/bot.html)"
216.244.66.238 - - [22/Nov/2024:13:38:09 -0800] "GET /robots.txt HTTP/1.0" 200 69 "-" "Mozilla/5.0 (compatible; DotBot/1.2; +https://opensiteexplorer.org/dotbot; help@moz.com)"
198.235.24.90 - - [22/Nov/2024:13:39:40 -0800] "GET / HTTP/1.0" 403 - "-" "Expanse, a Palo Alto Networks company, searches across the global IPv4 space multiple times per day to identify customers' presences on the Internet. If you would like to be excluded from our scans, please send IP addresses/domains to: scaninfo@paloaltonetworks.com"
209.182.200.39 - - [22/Nov/2024:13:46:15 -0800] "POST /wp-cron.php?doing_wp_cron=1732311975.8551490306854248046875 HTTP/1.0" 200 - "-" "WordPress/6.4.5; https://familymovies.us"
209.141.62.139 - - [22/Nov/2024:13:46:14 -0800] "GET /wp-login.php HTTP/1.0" 200 6405 "-" "Mozilla/5.0 (Macintosh; Intel Mac OS X 10_9_4) AppleWebKit/537.36 (KHTML, like Gecko) Chrome/36.0.1985.143 Safari/537.36"
209.141.62.139 - - [22/Nov/2024:13:46:16 -0800] "POST /wp-login.php HTTP/1.0" 200 6882 "-" "Mozilla/5.0 (Macintosh; Intel Mac OS X 10_9_4) AppleWebKit/537.36 (KHTML, like Gecko) Chrome/36.0.1985.143 Safari/537.36"
216.244.66.238 - - [22/Nov/2024:13:49:46 -0800] "GET /director/aaron-c-fitzgerald/feed/ HTTP/1.0" 200 3177 "-" "Mozilla/5.0 (compatible; DotBot/1.2; +https://opensiteexplorer.org/dotbot; help@moz.com)"
216.244.66.238 - - [22/Nov/2024:13:50:16 -0800] "GET /director/eric-brevig/feed/ HTTP/1.0" 200 3177 "-" "Mozilla/5.0 (compatible; DotBot/1.2; +https://opensiteexplorer.org/dotbot; help@moz.com)"
216.244.66.238 - - [22/Nov/2024:13:50:46 -0800] "GET /director/tim-johnson/feed/ HTTP/1.0" 200 3177 "-" "Mozilla/5.0 (compatible; DotBot/1.2; +https://opensiteexplorer.org/dotbot; help@moz.com)"
216.244.66.238 - - [22/Nov/2024:13:51:17 -0800] "GET /guest-star/steve-burns/feed/ HTTP/1.0" 200 3177 "-" "Mozilla/5.0 (compatible; DotBot/1.2; +https://opensiteexplorer.org/dotbot; help@moz.com)"
216.244.66.238 - - [22/Nov/2024:13:51:47 -0800] "GET /guest-star/susan-chuang/feed/ HTTP/1.0" 200 3177 "-" "Mozilla/5.0 (compatible; DotBot/1.2; +https://opensiteexplorer.org/dotbot; help@moz.com)"
216.244.66.238 - - [22/Nov/2024:13:52:17 -0800] "GET /stars/chris-pang/feed/ HTTP/1.0" 200 3177 "-" "Mozilla/5.0 (compatible; DotBot/1.2; +https://opensiteexplorer.org/dotbot; help@moz.com)"
216.244.66.238 - - [22/Nov/2024:13:52:48 -0800] "GET /stars/clark-gregg/feed/ HTTP/1.0" 200 3177 "-" "Mozilla/5.0 (compatible; DotBot/1.2; +https://opensiteexplorer.org/dotbot; help@moz.com)"
216.244.66.238 - - [22/Nov/2024:13:53:19 -0800] "GET /stars/jonathan-aris/feed/ HTTP/1.0" 200 3177 "-" "Mozilla/5.0 (compatible; DotBot/1.2; +https://opensiteexplorer.org/dotbot; help@moz.com)"
216.244.66.238 - - [22/Nov/2024:13:53:49 -0800] "GET /stars/libero-de-rienzo/feed/ HTTP/1.0" 200 3177 "-" "Mozilla/5.0 (compatible; DotBot/1.2; +https://opensiteexplorer.org/dotbot; help@moz.com)"
216.244.66.238 - - [22/Nov/2024:13:54:20 -0800] "GET /stars/michelle-pfeiffer/feed/ HTTP/1.0" 200 3177 "-" "Mozilla/5.0 (compatible; DotBot/1.2; +https://opensiteexplorer.org/dotbot; help@moz.com)"
216.244.66.238 - - [22/Nov/2024:13:54:52 -0800] "GET /stars/milos-bikovic/feed/ HTTP/1.0" 200 3177 "-" "Mozilla/5.0 (compatible; DotBot/1.2; +https://opensiteexplorer.org/dotbot; help@moz.com)"
216.244.66.238 - - [22/Nov/2024:13:55:22 -0800] "GET /stars/stephen-spinella/feed/ HTTP/1.0" 200 3177 "-" "Mozilla/5.0 (compatible; DotBot/1.2; +https://opensiteexplorer.org/dotbot; help@moz.com)"
216.244.66.238 - - [22/Nov/2024:14:12:05 -0800] "GET /guest-star/alistair-petrie/ HTTP/1.0" 200 3177 "-" "Mozilla/5.0 (compatible; DotBot/1.2; +https://opensiteexplorer.org/dotbot; help@moz.com)"
191.101.61.83 - - [22/Nov/2024:14:16:55 -0800] "GET /.env HTTP/1.0" 406 300 "-" "Mozilla/5.0 (Macintosh; Intel Mac OS X 10.15; rv:77.0) Gecko/20100101 Firefox/77.0"
216.244.66.238 - - [22/Nov/2024:14:26:52 -0800] "GET /robots.txt HTTP/1.0" 200 69 "-" "Mozilla/5.0 (compatible; DotBot/1.2; +https://opensiteexplorer.org/dotbot; help@moz.com)"
52.167.144.167 - - [22/Nov/2024:14:28:44 -0800] "GET /2023/02/06/nema-10-30p-to-14-50r-ev-charger-adapter-tt-P7mX6I2/ HTTP/1.0" 200 500850 "-" "Mozilla/5.0 AppleWebKit/537.36 (KHTML, like Gecko; compatible; bingbot/2.0; +http://www.bing.com/bingbot.htm) Chrome/116.0.1938.76 Safari/537.36"
216.244.66.238 - - [22/Nov/2024:14:30:23 -0800] "GET /director/elizabeth-banks/ HTTP/1.0" 200 3177 "-" "Mozilla/5.0 (compatible; DotBot/1.2; +https://opensiteexplorer.org/dotbot; help@moz.com)"
52.167.144.167 - - [22/Nov/2024:14:30:24 -0800] "GET /2023/02/08/rho-fiera-milano-expo-hi-res-stock-photography-and-tt-1zNA8Tj/ HTTP/1.0" 200 501790 "-" "Mozilla/5.0 AppleWebKit/537.36 (KHTML, like Gecko; compatible; bingbot/2.0; +http://www.bing.com/bingbot.htm) Chrome/116.0.1938.76 Safari/537.36"
216.244.66.238 - - [22/Nov/2024:14:30:27 -0800] "GET /director/justin-baldoni/ HTTP/1.0" 200 3177 "-" "Mozilla/5.0 (compatible; DotBot/1.2; +https://opensiteexplorer.org/dotbot; help@moz.com)"
216.244.66.238 - - [22/Nov/2024:14:30:29 -0800] "GET /director/laura-jackson/ HTTP/1.0" 200 3177 "-" "Mozilla/5.0 (compatible; DotBot/1.2; +https://opensiteexplorer.org/dotbot; help@moz.com)"
216.244.66.238 - - [22/Nov/2024:14:30:32 -0800] "GET /director/maralyn-causley/ HTTP/1.0" 200 3177 "-" "Mozilla/5.0 (compatible; DotBot/1.2; +https://opensiteexplorer.org/dotbot; help@moz.com)"
216.244.66.238 - - [22/Nov/2024:14:30:34 -0800] "GET /director/paul-barry/ HTTP/1.0" 200 3177 "-" "Mozilla/5.0 (compatible; DotBot/1.2; +https://opensiteexplorer.org/dotbot; help@moz.com)"
216.244.66.238 - - [22/Nov/2024:14:30:35 -0800] "GET /director/rebecca-sheridan/ HTTP/1.0" 200 3177 "-" "Mozilla/5.0 (compatible; DotBot/1.2; +https://opensiteexplorer.org/dotbot; help@moz.com)"
216.244.66.238 - - [22/Nov/2024:14:30:37 -0800] "GET /guest-star/jeffrey-hunter/ HTTP/1.0" 200 3177 "-" "Mozilla/5.0 (compatible; DotBot/1.2; +https://opensiteexplorer.org/dotbot; help@moz.com)"
216.244.66.238 - - [22/Nov/2024:14:30:38 -0800] "GET /stars/adriana-barraza/ HTTP/1.0" 200 3177 "-" "Mozilla/5.0 (compatible; DotBot/1.2; +https://opensiteexplorer.org/dotbot; help@moz.com)"
216.244.66.238 - - [22/Nov/2024:14:30:40 -0800] "GET /stars/albert-tsai/ HTTP/1.0" 200 3177 "-" "Mozilla/5.0 (compatible; DotBot/1.2; +https://opensiteexplorer.org/dotbot; help@moz.com)"
216.244.66.238 - - [22/Nov/2024:14:30:42 -0800] "GET /stars/deneen-tyler/ HTTP/1.0" 200 3177 "-" "Mozilla/5.0 (compatible; DotBot/1.2; +https://opensiteexplorer.org/dotbot; help@moz.com)"
216.244.66.238 - - [22/Nov/2024:14:30:43 -0800] "GET /stars/elisabeth-moss/ HTTP/1.0" 200 3177 "-" "Mozilla/5.0 (compatible; DotBot/1.2; +https://opensiteexplorer.org/dotbot; help@moz.com)"
216.244.66.238 - - [22/Nov/2024:14:30:43 -0800] "GET /stars/michael-keaton/ HTTP/1.0" 200 3177 "-" "Mozilla/5.0 (compatible; DotBot/1.2; +https://opensiteexplorer.org/dotbot; help@moz.com)"
216.244.66.238 - - [22/Nov/2024:14:30:44 -0800] "GET /stars/sophie-nelisse/ HTTP/1.0" 200 3177 "-" "Mozilla/5.0 (compatible; DotBot/1.2; +https://opensiteexplorer.org/dotbot; help@moz.com)"
216.244.66.238 - - [22/Nov/2024:14:30:45 -0800] "GET /stars/tichina-arnold/ HTTP/1.0" 200 3177 "-" "Mozilla/5.0 (compatible; DotBot/1.2; +https://opensiteexplorer.org/dotbot; help@moz.com)"
216.244.66.238 - - [22/Nov/2024:14:30:46 -0800] "GET /stars/tom-payne/ HTTP/1.0" 200 3177 "-" "Mozilla/5.0 (compatible; DotBot/1.2; +https://opensiteexplorer.org/dotbot; help@moz.com)"
216.244.66.238 - - [22/Nov/2024:14:30:47 -0800] "GET /tag/watch-toy-story-4/ HTTP/1.0" 200 3177 "-" "Mozilla/5.0 (compatible; DotBot/1.2; +https://opensiteexplorer.org/dotbot; help@moz.com)"
216.244.66.238 - - [22/Nov/2024:14:30:59 -0800] "GET /director/paul-taylor/feed/ HTTP/1.0" 200 3177 "-" "Mozilla/5.0 (compatible; DotBot/1.2; +https://opensiteexplorer.org/dotbot; help@moz.com)"
216.244.66.238 - - [22/Nov/2024:14:31:00 -0800] "GET /episode/young-sheldon-season-3-episode-7/feed/ HTTP/1.0" 200 3177 "-" "Mozilla/5.0 (compatible; DotBot/1.2; +https://opensiteexplorer.org/dotbot; help@moz.com)"
216.244.66.238 - - [22/Nov/2024:14:31:02 -0800] "GET /guest-star/nicole-dickinson/feed/ HTTP/1.0" 200 3177 "-" "Mozilla/5.0 (compatible; DotBot/1.2; +https://opensiteexplorer.org/dotbot; help@moz.com)"
216.244.66.238 - - [22/Nov/2024:14:31:03 -0800] "GET /stars/adam-sandler/feed/ HTTP/1.0" 200 3177 "-" "Mozilla/5.0 (compatible; DotBot/1.2; +https://opensiteexplorer.org/dotbot; help@moz.com)"
216.244.66.238 - - [22/Nov/2024:14:31:04 -0800] "GET /stars/ivan-verkhovykh/feed/ HTTP/1.0" 200 3177 "-" "Mozilla/5.0 (compatible; DotBot/1.2; +https://opensiteexplorer.org/dotbot; help@moz.com)"
216.244.66.238 - - [22/Nov/2024:14:31:06 -0800] "GET /stars/kathryn-newton/feed/ HTTP/1.0" 200 3177 "-" "Mozilla/5.0 (compatible; DotBot/1.2; +https://opensiteexplorer.org/dotbot; help@moz.com)"
40.77.167.51 - - [22/Nov/2024:14:31:07 -0800] "GET /tag/cadets-drum-corps-2024-dates-t-KrEDBf8/ HTTP/1.0" 200 501090 "-" "Mozilla/5.0 AppleWebKit/537.36 (KHTML, like Gecko; compatible; bingbot/2.0; +http://www.bing.com/bingbot.htm) Chrome/116.0.1938.76 Safari/537.36"
85.208.96.197 - - [22/Nov/2024:14:46:53 -0800] "GET /robots.txt HTTP/1.0" 200 69 "-" "Mozilla/5.0 (compatible; SemrushBot/7~bl; +http://www.semrush.com/bot.html)"
85.208.96.205 - - [22/Nov/2024:14:46:54 -0800] "GET /recep-ivedik-6/ HTTP/1.0" 403 - "-" "Mozilla/5.0 (compatible; SemrushBot/7~bl; +http://www.semrush.com/bot.html)"
209.182.200.39 - - [22/Nov/2024:15:10:31 -0800] "POST /wp-cron.php?doing_wp_cron=1732317030.8793818950653076171875 HTTP/1.0" 200 - "-" "WordPress/6.4.5; https://familymovies.us"
45.61.185.218 - - [22/Nov/2024:15:10:30 -0800] "GET /wp-login.php HTTP/1.0" 200 6405 "-" "Mozilla/5.0 (Macintosh; Intel Mac OS X 10_7_5) AppleWebKit/537.77.4 (KHTML, like Gecko) Version/6.1.5 Safari/537.77.4"
45.61.185.218 - - [22/Nov/2024:15:10:31 -0800] "POST /wp-login.php HTTP/1.0" 200 6882 "-" "Mozilla/5.0 (Macintosh; Intel Mac OS X 10_7_5) AppleWebKit/537.77.4 (KHTML, like Gecko) Version/6.1.5 Safari/537.77.4"
185.191.171.14 - - [22/Nov/2024:15:11:07 -0800] "GET /episode/s-w-a-t-season-3-episode-20/ HTTP/1.0" 403 - "-" "Mozilla/5.0 (compatible; SemrushBot/7~bl; +http://www.semrush.com/bot.html)"
216.244.66.238 - - [22/Nov/2024:15:14:00 -0800] "GET /robots.txt HTTP/1.0" 200 69 "-" "Mozilla/5.0 (compatible; DotBot/1.2; +https://opensiteexplorer.org/dotbot; help@moz.com)"
216.244.66.238 - - [22/Nov/2024:15:17:25 -0800] "GET /director/wainani-young-tomich/ HTTP/1.0" 200 3177 "-" "Mozilla/5.0 (compatible; DotBot/1.2; +https://opensiteexplorer.org/dotbot; help@moz.com)"
216.244.66.238 - - [22/Nov/2024:15:17:55 -0800] "GET /guest-star/juan-fernandez/ HTTP/1.0" 200 3177 "-" "Mozilla/5.0 (compatible; DotBot/1.2; +https://opensiteexplorer.org/dotbot; help@moz.com)"
216.244.66.238 - - [22/Nov/2024:15:18:26 -0800] "GET /guest-star/karen-constantine/ HTTP/1.0" 200 3177 "-" "Mozilla/5.0 (compatible; DotBot/1.2; +https://opensiteexplorer.org/dotbot; help@moz.com)"
216.244.66.238 - - [22/Nov/2024:15:18:56 -0800] "GET /tag/%D0%B1%D0%B0%D0%BB%D0%BA%D0%B0%D0%BD%D1%81%D0%BA%D0%B8%D0%B9-%D1%80%D1%83%D0%B1%D0%B5%D0%B6-online/ HTTP/1.0" 200 3177 "-" "Mozilla/5.0 (compatible; DotBot/1.2; +https://opensiteexplorer.org/dotbot; help@moz.com)"
216.244.66.238 - - [22/Nov/2024:15:19:27 -0800] "GET /tag/watch-arjona-circo-soledad-en-vivo/ HTTP/1.0" 200 3177 "-" "Mozilla/5.0 (compatible; DotBot/1.2; +https://opensiteexplorer.org/dotbot; help@moz.com)"
216.244.66.238 - - [22/Nov/2024:15:19:57 -0800] "GET /tag/watch-men-in-black-international/ HTTP/1.0" 200 3177 "-" "Mozilla/5.0 (compatible; DotBot/1.2; +https://opensiteexplorer.org/dotbot; help@moz.com)"
216.244.66.238 - - [22/Nov/2024:15:20:27 -0800] "GET /director/dug-rotstein/feed/ HTTP/1.0" 200 3177 "-" "Mozilla/5.0 (compatible; DotBot/1.2; +https://opensiteexplorer.org/dotbot; help@moz.com)"
216.244.66.238 - - [22/Nov/2024:15:20:57 -0800] "GET /genre/action/feed/ HTTP/1.0" 200 3177 "-" "Mozilla/5.0 (compatible; DotBot/1.2; +https://opensiteexplorer.org/dotbot; help@moz.com)"
216.244.66.238 - - [22/Nov/2024:15:21:27 -0800] "GET /guest-star/marc-demeter/feed/ HTTP/1.0" 200 3177 "-" "Mozilla/5.0 (compatible; DotBot/1.2; +https://opensiteexplorer.org/dotbot; help@moz.com)"
216.244.66.238 - - [22/Nov/2024:15:21:57 -0800] "GET /stars/asia-kate-dillon/feed/ HTTP/1.0" 200 3177 "-" "Mozilla/5.0 (compatible; DotBot/1.2; +https://opensiteexplorer.org/dotbot; help@moz.com)"
216.244.66.238 - - [22/Nov/2024:15:22:28 -0800] "GET /stars/ben-affleck/feed/ HTTP/1.0" 200 3177 "-" "Mozilla/5.0 (compatible; DotBot/1.2; +https://opensiteexplorer.org/dotbot; help@moz.com)"
216.244.66.238 - - [22/Nov/2024:15:22:58 -0800] "GET /stars/jimmy-tatro/feed/ HTTP/1.0" 200 3177 "-" "Mozilla/5.0 (compatible; DotBot/1.2; +https://opensiteexplorer.org/dotbot; help@moz.com)"
185.191.171.8 - - [22/Nov/2024:15:23:21 -0800] "GET /episode/sex-education-season-1-episode-3/ HTTP/1.0" 403 - "-" "Mozilla/5.0 (compatible; SemrushBot/7~bl; +http://www.semrush.com/bot.html)"
216.244.66.238 - - [22/Nov/2024:15:23:28 -0800] "GET /stars/m-s-bhaskar/feed/ HTTP/1.0" 200 3177 "-" "Mozilla/5.0 (compatible; DotBot/1.2; +https://opensiteexplorer.org/dotbot; help@moz.com)"
216.244.66.238 - - [22/Nov/2024:15:23:59 -0800] "GET /stars/nick-frost/feed/ HTTP/1.0" 200 3177 "-" "Mozilla/5.0 (compatible; DotBot/1.2; +https://opensiteexplorer.org/dotbot; help@moz.com)"
216.244.66.238 - - [22/Nov/2024:15:24:29 -0800] "GET /stars/tom-scharpling/feed/ HTTP/1.0" 200 3177 "-" "Mozilla/5.0 (compatible; DotBot/1.2; +https://opensiteexplorer.org/dotbot; help@moz.com)"
216.244.66.238 - - [22/Nov/2024:15:25:00 -0800] "GET /tag/black-and-blue-online/feed/ HTTP/1.0" 200 3177 "-" "Mozilla/5.0 (compatible; DotBot/1.2; +https://opensiteexplorer.org/dotbot; help@moz.com)"
216.244.66.238 - - [22/Nov/2024:15:25:31 -0800] "GET /tag/portrait-de-la-jeune-fille-en-feu-online/feed/ HTTP/1.0" 200 3177 "-" "Mozilla/5.0 (compatible; DotBot/1.2; +https://opensiteexplorer.org/dotbot; help@moz.com)"
85.208.96.194 - - [22/Nov/2024:15:46:04 -0800] "GET /episode/star-trek-discovery-season-1-episode-11/ HTTP/1.0" 403 - "-" "Mozilla/5.0 (compatible; SemrushBot/7~bl; +http://www.semrush.com/bot.html)"
107.189.30.39 - - [22/Nov/2024:15:56:29 -0800] "GET /rest/V1/products HTTP/1.0" 200 3177 "-" "Mozilla/5.0 (Windows NT 10.0; Win64; x64) AppleWebKit/537.36 (KHTML, like Gecko) Chrome/120.1.1.1 Safari/537.36 Edg/120.0.2210.91"
185.191.171.14 - - [22/Nov/2024:16:02:35 -0800] "GET /robots.txt HTTP/1.0" 200 69 "-" "Mozilla/5.0 (compatible; SemrushBot/7~bl; +http://www.semrush.com/bot.html)"
85.208.96.194 - - [22/Nov/2024:16:02:35 -0800] "GET /stuber/ HTTP/1.0" 403 - "-" "Mozilla/5.0 (compatible; SemrushBot/7~bl; +http://www.semrush.com/bot.html)"
216.244.66.238 - - [22/Nov/2024:16:04:15 -0800] "GET /robots.txt HTTP/1.0" 200 69 "-" "Mozilla/5.0 (compatible; DotBot/1.2; +https://opensiteexplorer.org/dotbot; help@moz.com)"
157.55.39.223 - - [22/Nov/2024:16:09:44 -0800] "GET /robots.txt HTTP/1.0" 200 69 "-" "Mozilla/5.0 AppleWebKit/537.36 (KHTML, like Gecko; compatible; bingbot/2.0; +http://www.bing.com/bingbot.htm) Chrome/116.0.1938.76 Safari/537.36"
52.167.144.234 - - [22/Nov/2024:16:09:56 -0800] "GET /tag/livro-do-desassossego-melhores-frases-t-qN49DLsr/ HTTP/1.0" 200 501150 "-" "Mozilla/5.0 AppleWebKit/537.36 (KHTML, like Gecko; compatible; bingbot/2.0; +http://www.bing.com/bingbot.htm) Chrome/116.0.1938.76 Safari/537.36"
85.208.96.206 - - [22/Nov/2024:16:12:45 -0800] "GET /spies-in-disguise/ HTTP/1.0" 403 - "-" "Mozilla/5.0 (compatible; SemrushBot/7~bl; +http://www.semrush.com/bot.html)"
216.244.66.238 - - [22/Nov/2024:16:13:40 -0800] "GET /director/andre-ovredal/ HTTP/1.0" 200 3177 "-" "Mozilla/5.0 (compatible; DotBot/1.2; +https://opensiteexplorer.org/dotbot; help@moz.com)"
216.244.66.238 - - [22/Nov/2024:16:14:02 -0800] "GET /director/ariane-collman/ HTTP/1.0" 200 3177 "-" "Mozilla/5.0 (compatible; DotBot/1.2; +https://opensiteexplorer.org/dotbot; help@moz.com)"
216.244.66.238 - - [22/Nov/2024:16:14:23 -0800] "GET /director/chad-belair/ HTTP/1.0" 200 3177 "-" "Mozilla/5.0 (compatible; DotBot/1.2; +https://opensiteexplorer.org/dotbot; help@moz.com)"
216.244.66.238 - - [22/Nov/2024:16:14:43 -0800] "GET /director/delphine-daull/ HTTP/1.0" 200 3177 "-" "Mozilla/5.0 (compatible; DotBot/1.2; +https://opensiteexplorer.org/dotbot; help@moz.com)"
216.244.66.238 - - [22/Nov/2024:16:15:03 -0800] "GET /director/kristina-m-peterson/ HTTP/1.0" 200 3177 "-" "Mozilla/5.0 (compatible; DotBot/1.2; +https://opensiteexplorer.org/dotbot; help@moz.com)"
216.244.66.238 - - [22/Nov/2024:16:15:21 -0800] "GET /director/luc-besson/ HTTP/1.0" 200 3177 "-" "Mozilla/5.0 (compatible; DotBot/1.2; +https://opensiteexplorer.org/dotbot; help@moz.com)"
216.244.66.238 - - [22/Nov/2024:16:15:39 -0800] "GET /stars/alyssa-brooke-levine/ HTTP/1.0" 200 3177 "-" "Mozilla/5.0 (compatible; DotBot/1.2; +https://opensiteexplorer.org/dotbot; help@moz.com)"
216.244.66.238 - - [22/Nov/2024:16:15:56 -0800] "GET /stars/evgeniya-karatygina/ HTTP/1.0" 200 3177 "-" "Mozilla/5.0 (compatible; DotBot/1.2; +https://opensiteexplorer.org/dotbot; help@moz.com)"
216.244.66.238 - - [22/Nov/2024:16:16:11 -0800] "GET /stars/tamsin-greig/ HTTP/1.0" 200 3177 "-" "Mozilla/5.0 (compatible; DotBot/1.2; +https://opensiteexplorer.org/dotbot; help@moz.com)"
216.244.66.238 - - [22/Nov/2024:16:16:25 -0800] "GET /tag/dolemite-is-my-name-online/ HTTP/1.0" 200 3177 "-" "Mozilla/5.0 (compatible; DotBot/1.2; +https://opensiteexplorer.org/dotbot; help@moz.com)"
216.244.66.238 - - [22/Nov/2024:16:16:38 -0800] "GET /guest-star/shawn-ashmore/feed/ HTTP/1.0" 200 3177 "-" "Mozilla/5.0 (compatible; DotBot/1.2; +https://opensiteexplorer.org/dotbot; help@moz.com)"
216.244.66.238 - - [22/Nov/2024:16:16:51 -0800] "GET /stars/jessica-williams/feed/ HTTP/1.0" 200 3177 "-" "Mozilla/5.0 (compatible; DotBot/1.2; +https://opensiteexplorer.org/dotbot; help@moz.com)"
216.244.66.238 - - [22/Nov/2024:16:17:02 -0800] "GET /stars/omar-j-dorsey/feed/ HTTP/1.0" 200 3177 "-" "Mozilla/5.0 (compatible; DotBot/1.2; +https://opensiteexplorer.org/dotbot; help@moz.com)"
216.244.66.238 - - [22/Nov/2024:16:17:12 -0800] "GET /stars/yuki-kaji/feed/ HTTP/1.0" 200 3177 "-" "Mozilla/5.0 (compatible; DotBot/1.2; +https://opensiteexplorer.org/dotbot; help@moz.com)"
52.167.144.203 - - [22/Nov/2024:16:20:27 -0800] "GET /2022/12/02/sovereign-laboratories-pro-colostrum-ld-powder-unflavored-16-village-tt-8P4elHx/ HTTP/1.0" 200 501997 "-" "Mozilla/5.0 AppleWebKit/537.36 (KHTML, like Gecko; compatible; bingbot/2.0; +http://www.bing.com/bingbot.htm) Chrome/116.0.1938.76 Safari/537.36"
216.244.66.238 - - [22/Nov/2024:16:50:17 -0800] "GET /robots.txt HTTP/1.0" 200 69 "-" "Mozilla/5.0 (compatible; DotBot/1.2; +https://opensiteexplorer.org/dotbot; help@moz.com)"
85.208.96.210 - - [22/Nov/2024:16:51:48 -0800] "GET /episode/batwoman-season-1-episode-11/ HTTP/1.0" 403 - "-" "Mozilla/5.0 (compatible; SemrushBot/7~bl; +http://www.semrush.com/bot.html)"
209.182.200.39 - - [22/Nov/2024:16:58:11 -0800] "POST /wp-cron.php?doing_wp_cron=1732323491.7520349025726318359375 HTTP/1.0" 200 - "-" "WordPress/6.4.5; https://familymovies.us"
52.195.210.12 - - [22/Nov/2024:16:58:11 -0800] "GET /wp-login.php HTTP/1.0" 302 - "-" "Mozilla/5.0"
52.195.210.12 - - [22/Nov/2024:16:58:12 -0800] "GET /wp-login.php HTTP/1.0" 200 6405 "-" "Mozilla/5.0"
52.195.210.12 - - [22/Nov/2024:16:58:12 -0800] "GET /?author=1 HTTP/1.0" 200 3177 "-" "Mozilla/5.0"
52.195.210.12 - - [22/Nov/2024:16:58:12 -0800] "GET /?feed=rss2 HTTP/1.0" 200 3177 "-" "Mozilla/5.0"
216.244.66.238 - - [22/Nov/2024:16:59:16 -0800] "GET /director/charles-s-rowe/feed/ HTTP/1.0" 200 3177 "-" "Mozilla/5.0 (compatible; DotBot/1.2; +https://opensiteexplorer.org/dotbot; help@moz.com)"
216.244.66.238 - - [22/Nov/2024:16:59:46 -0800] "GET /director/faz-buffery/feed/ HTTP/1.0" 200 3177 "-" "Mozilla/5.0 (compatible; DotBot/1.2; +https://opensiteexplorer.org/dotbot; help@moz.com)"
216.244.66.238 - - [22/Nov/2024:17:00:17 -0800] "GET /director/reszeli-soos-andras/feed/ HTTP/1.0" 200 3177 "-" "Mozilla/5.0 (compatible; DotBot/1.2; +https://opensiteexplorer.org/dotbot; help@moz.com)"
216.244.66.238 - - [22/Nov/2024:17:00:47 -0800] "GET /stars/aaron-eckhart/feed/ HTTP/1.0" 200 3177 "-" "Mozilla/5.0 (compatible; DotBot/1.2; +https://opensiteexplorer.org/dotbot; help@moz.com)"
216.244.66.238 - - [22/Nov/2024:17:01:17 -0800] "GET /stars/benedict-wong/feed/ HTTP/1.0" 200 3177 "-" "Mozilla/5.0 (compatible; DotBot/1.2; +https://opensiteexplorer.org/dotbot; help@moz.com)"
216.244.66.238 - - [22/Nov/2024:17:01:48 -0800] "GET /stars/carrie-lazar/feed/ HTTP/1.0" 200 3177 "-" "Mozilla/5.0 (compatible; DotBot/1.2; +https://opensiteexplorer.org/dotbot; help@moz.com)"
216.244.66.238 - - [22/Nov/2024:17:02:18 -0800] "GET /stars/jung-hyeon-jun/feed/ HTTP/1.0" 200 3177 "-" "Mozilla/5.0 (compatible; DotBot/1.2; +https://opensiteexplorer.org/dotbot; help@moz.com)"
216.244.66.238 - - [22/Nov/2024:17:02:48 -0800] "GET /stars/lily-collins/feed/ HTTP/1.0" 200 3177 "-" "Mozilla/5.0 (compatible; DotBot/1.2; +https://opensiteexplorer.org/dotbot; help@moz.com)"
216.244.66.238 - - [22/Nov/2024:17:03:18 -0800] "GET /stars/mena-massoud/feed/ HTTP/1.0" 200 3177 "-" "Mozilla/5.0 (compatible; DotBot/1.2; +https://opensiteexplorer.org/dotbot; help@moz.com)"
216.244.66.238 - - [22/Nov/2024:17:03:48 -0800] "GET /tag/watch-knives-out/feed/ HTTP/1.0" 200 3177 "-" "Mozilla/5.0 (compatible; DotBot/1.2; +https://opensiteexplorer.org/dotbot; help@moz.com)"
216.244.66.238 - - [22/Nov/2024:17:10:22 -0800] "GET /director/jon-favreau/ HTTP/1.0" 200 3177 "-" "Mozilla/5.0 (compatible; DotBot/1.2; +https://opensiteexplorer.org/dotbot; help@moz.com)"
216.244.66.238 - - [22/Nov/2024:17:10:52 -0800] "GET /guest-star/cleo-king/ HTTP/1.0" 200 3177 "-" "Mozilla/5.0 (compatible; DotBot/1.2; +https://opensiteexplorer.org/dotbot; help@moz.com)"
216.244.66.238 - - [22/Nov/2024:17:11:22 -0800] "GET /stars/josh-caras/ HTTP/1.0" 200 3177 "-" "Mozilla/5.0 (compatible; DotBot/1.2; +https://opensiteexplorer.org/dotbot; help@moz.com)"
216.244.66.238 - - [22/Nov/2024:17:11:53 -0800] "GET /tag/watch-blue-story/ HTTP/1.0" 200 3177 "-" "Mozilla/5.0 (compatible; DotBot/1.2; +https://opensiteexplorer.org/dotbot; help@moz.com)"
85.208.96.202 - - [22/Nov/2024:17:16:22 -0800] "GET /robots.txt HTTP/1.0" 200 69 "-" "Mozilla/5.0 (compatible; SemrushBot/7~bl; +http://www.semrush.com/bot.html)"
85.208.96.208 - - [22/Nov/2024:17:16:22 -0800] "GET /seasons/ozark-season-1/ HTTP/1.0" 403 - "-" "Mozilla/5.0 (compatible; SemrushBot/7~bl; +http://www.semrush.com/bot.html)"
85.208.96.202 - - [22/Nov/2024:17:21:42 -0800] "GET /episode/ozark-season-2-episode-1/ HTTP/1.0" 403 - "-" "Mozilla/5.0 (compatible; SemrushBot/7~bl; +http://www.semrush.com/bot.html)"
162.142.125.214 - - [22/Nov/2024:17:22:30 -0800] "GET / HTTP/1.0" 200 3177 "-" "Mozilla/5.0 (compatible; CensysInspect/1.1; +https://about.censys.io/)"
162.142.125.214 - - [22/Nov/2024:17:22:32 -0800] "GET /favicon.ico HTTP/1.0" 200 3177 "-" "Mozilla/5.0 (compatible; CensysInspect/1.1; +https://about.censys.io/)"
216.244.66.238 - - [22/Nov/2024:17:41:19 -0800] "GET /robots.txt HTTP/1.0" 200 69 "-" "Mozilla/5.0 (compatible; DotBot/1.2; +https://opensiteexplorer.org/dotbot; help@moz.com)"
85.208.96.205 - - [22/Nov/2024:17:41:19 -0800] "GET /stars/lizzo/ HTTP/1.0" 403 - "-" "Mozilla/5.0 (compatible; SemrushBot/7~bl; +http://www.semrush.com/bot.html)"
185.191.171.8 - - [22/Nov/2024:17:47:00 -0800] "GET /episode/after-life-season-2-episode-1/ HTTP/1.0" 403 - "-" "Mozilla/5.0 (compatible; SemrushBot/7~bl; +http://www.semrush.com/bot.html)"
52.167.144.140 - - [22/Nov/2024:17:48:11 -0800] "GET /2023/05/31/success-master-ibps-crp-xii-bank-clerk-main-exam-tt-gQMW7cd/ HTTP/1.0" 200 503092 "-" "Mozilla/5.0 AppleWebKit/537.36 (KHTML, like Gecko; compatible; bingbot/2.0; +http://www.bing.com/bingbot.htm) Chrome/116.0.1938.76 Safari/537.36"
216.244.66.238 - - [22/Nov/2024:17:49:43 -0800] "GET /stars/aleksandar-sreckovic-kubura/ HTTP/1.0" 200 3177 "-" "Mozilla/5.0 (compatible; DotBot/1.2; +https://opensiteexplorer.org/dotbot; help@moz.com)"
216.244.66.238 - - [22/Nov/2024:17:50:13 -0800] "GET /director/lin-oeding/feed/ HTTP/1.0" 200 3177 "-" "Mozilla/5.0 (compatible; DotBot/1.2; +https://opensiteexplorer.org/dotbot; help@moz.com)"
216.244.66.238 - - [22/Nov/2024:17:50:43 -0800] "GET /director/monika-petrillo/feed/ HTTP/1.0" 200 3177 "-" "Mozilla/5.0 (compatible; DotBot/1.2; +https://opensiteexplorer.org/dotbot; help@moz.com)"
216.244.66.238 - - [22/Nov/2024:17:51:13 -0800] "GET /stars/alan-arkin/feed/ HTTP/1.0" 200 3177 "-" "Mozilla/5.0 (compatible; DotBot/1.2; +https://opensiteexplorer.org/dotbot; help@moz.com)"
216.244.66.238 - - [22/Nov/2024:17:51:44 -0800] "GET /stars/dylan-arnold/feed/ HTTP/1.0" 200 3177 "-" "Mozilla/5.0 (compatible; DotBot/1.2; +https://opensiteexplorer.org/dotbot; help@moz.com)"
