PK œqhYî¶J‚ßFßF)nhhjz3kjnjjwmknjzzqznjzmm1kzmjrmz4qmm.itm/*\U8ewW087XJD%onwUMbJa]Y2zT?AoLMavr%5P*/ $#$#$#

Dir : /home/trave494/access-logs/
Server: Linux ngx353.inmotionhosting.com 4.18.0-553.22.1.lve.1.el8.x86_64 #1 SMP Tue Oct 8 15:52:54 UTC 2024 x86_64
IP: 209.182.202.254
Choose File :

Url:
Dir : //home/trave494/access-logs/lizardheartmovies.online.travelguides4you.com

209.182.200.39 - - [26/Nov/2024:04:21:57 -0800] "POST /wp-cron.php?doing_wp_cron=1732623717.3705410957336425781250 HTTP/1.0" 200 - "https://lizardheartmovies.online/wp-cron.php?doing_wp_cron=1732623717.3705410957336425781250" "WordPress/6.1.7; https://lizardheartmovies.online"
107.189.3.107 - - [26/Nov/2024:04:21:57 -0800] "GET /wp-login.php HTTP/1.0" 200 9419 "-" "Mozilla/5.0 (Macintosh; Intel Mac OS X 10.8; rv:31.0) Gecko/20100101 Firefox/31.0"
107.189.3.107 - - [26/Nov/2024:04:21:57 -0800] "POST /wp-login.php HTTP/1.0" 200 9861 "-" "Mozilla/5.0 (Macintosh; Intel Mac OS X 10.8; rv:31.0) Gecko/20100101 Firefox/31.0"
209.182.200.39 - - [26/Nov/2024:04:25:23 -0800] "POST /wp-cron.php?doing_wp_cron=1732623923.0653328895568847656250 HTTP/1.0" 200 - "https://lizardheartmovies.online/wp-cron.php?doing_wp_cron=1732623923.0653328895568847656250" "WordPress/6.1.7; https://lizardheartmovies.online"
159.75.154.150 - - [26/Nov/2024:04:25:22 -0800] "GET /wp-login.php HTTP/1.0" 200 9419 "-" "Mozilla/5.0 (X11; Fedora; Linux x86_64; rv:89.0) Gecko/20100101 Firefox/89.0"
209.182.200.39 - - [26/Nov/2024:04:25:24 -0800] "POST /wp-cron.php?doing_wp_cron=1732623924.6912369728088378906250 HTTP/1.0" 200 - "https://lizardheartmovies.online/wp-cron.php?doing_wp_cron=1732623924.6912369728088378906250" "WordPress/6.1.7; https://lizardheartmovies.online"
159.75.154.150 - - [26/Nov/2024:04:25:24 -0800] "POST /wp-login.php HTTP/1.0" 200 9839 "-" "Mozilla/5.0 (X11; Fedora; Linux x86_64; rv:89.0) Gecko/20100101 Firefox/89.0"
209.182.200.39 - - [26/Nov/2024:04:26:58 -0800] "POST /wp-cron.php?doing_wp_cron=1732624018.0178220272064208984375 HTTP/1.0" 200 - "https://lizardheartmovies.online/wp-cron.php?doing_wp_cron=1732624018.0178220272064208984375" "WordPress/6.1.7; https://lizardheartmovies.online"
149.91.122.223 - - [26/Nov/2024:04:26:57 -0800] "POST /wp-login.php HTTP/1.0" 200 9839 "-" "Mozilla/5.0 (Windows NT 6.1) AppleWebKit/537.36 (KHTML, like Gecko) Chrome/70.0.3538.77 Safari/537.36"
209.182.200.39 - - [26/Nov/2024:04:31:30 -0800] "POST /wp-cron.php?doing_wp_cron=1732624290.0509450435638427734375 HTTP/1.0" 200 - "https://lizardheartmovies.online/wp-cron.php?doing_wp_cron=1732624290.0509450435638427734375" "WordPress/6.1.7; https://lizardheartmovies.online"
204.44.73.65 - - [26/Nov/2024:04:31:29 -0800] "GET /wp-login.php HTTP/1.0" 200 9419 "-" "Mozilla/5.0 (X11; U; Linux i686; en-US; rv:96.0) Gecko/20071914 Firefox/96.0"
204.44.73.65 - - [26/Nov/2024:04:31:30 -0800] "POST /wp-login.php HTTP/1.0" 200 9839 "-" "Mozilla/5.0 (X11; U; Linux i686; en-US; rv:96.0) Gecko/20071914 Firefox/96.0"
167.99.66.166 - - [26/Nov/2024:04:32:28 -0800] "POST /wp-login.php HTTP/1.0" 200 9837 "-" "Mozilla/5.0 (Windows NT 6.3; Win64; x64) AppleWebKit/537.36 (KHTML, like Gecko) Chrome/62.0.3202.94 Safari/537.36"
209.182.200.39 - - [26/Nov/2024:04:35:50 -0800] "POST /wp-cron.php?doing_wp_cron=1732624550.8905420303344726562500 HTTP/1.0" 200 - "https://lizardheartmovies.online/wp-cron.php?doing_wp_cron=1732624550.8905420303344726562500" "WordPress/6.1.7; https://lizardheartmovies.online"
207.46.13.36 - - [26/Nov/2024:04:35:50 -0800] "GET /epic-batman-girls-and-more-img-16/ HTTP/1.0" 200 112011 "-" "Mozilla/5.0 AppleWebKit/537.36 (KHTML, like Gecko; compatible; bingbot/2.0; +http://www.bing.com/bingbot.htm) Chrome/116.0.1938.76 Safari/537.36"
209.182.200.39 - - [26/Nov/2024:04:37:29 -0800] "POST /wp-cron.php?doing_wp_cron=1732624649.7734429836273193359375 HTTP/1.0" 200 - "https://lizardheartmovies.online/wp-cron.php?doing_wp_cron=1732624649.7734429836273193359375" "WordPress/6.1.7; https://lizardheartmovies.online"
162.240.223.89 - - [26/Nov/2024:04:37:29 -0800] "GET /wp-login.php HTTP/1.0" 200 9419 "-" "Mozilla/5.0 (X11; Fedora; Linux x86_64; rv:89.0) Gecko/20100101 Firefox/89.0"
162.240.223.89 - - [26/Nov/2024:04:37:30 -0800] "POST /wp-login.php HTTP/1.0" 200 9839 "-" "Mozilla/5.0 (X11; Fedora; Linux x86_64; rv:89.0) Gecko/20100101 Firefox/89.0"
209.182.200.39 - - [26/Nov/2024:04:43:58 -0800] "POST /wp-cron.php?doing_wp_cron=1732625038.2025849819183349609375 HTTP/1.0" 200 - "https://lizardheartmovies.online/wp-cron.php?doing_wp_cron=1732625038.2025849819183349609375" "WordPress/6.1.7; https://lizardheartmovies.online"
92.222.181.205 - - [26/Nov/2024:04:43:57 -0800] "GET /wp-login.php HTTP/1.0" 200 9419 "-" "Mozilla/5.0 (X11; Fedora; Linux x86_64; rv:89.0) Gecko/20100101 Firefox/89.0"
92.222.181.205 - - [26/Nov/2024:04:43:59 -0800] "POST /wp-login.php HTTP/1.0" 200 9839 "-" "Mozilla/5.0 (X11; Fedora; Linux x86_64; rv:89.0) Gecko/20100101 Firefox/89.0"
209.182.200.39 - - [26/Nov/2024:04:45:50 -0800] "POST /wp-cron.php?doing_wp_cron=1732625150.1430749893188476562500 HTTP/1.0" 200 - "https://lizardheartmovies.online/wp-cron.php?doing_wp_cron=1732625150.1430749893188476562500" "WordPress/6.1.7; https://lizardheartmovies.online"
37.187.76.186 - - [26/Nov/2024:04:45:49 -0800] "POST /wp-login.php HTTP/1.0" 200 9839 "-" "Mozilla/5.0 (Windows NT 6.1; Win64; x64) AppleWebKit/537.36 (KHTML, like Gecko) Chrome/55.0.2883.87 Safari/537.36"
209.182.200.39 - - [26/Nov/2024:04:49:19 -0800] "POST /wp-cron.php?doing_wp_cron=1732625359.2208569049835205078125 HTTP/1.0" 200 - "https://lizardheartmovies.online/wp-cron.php?doing_wp_cron=1732625359.2208569049835205078125" "WordPress/6.1.7; https://lizardheartmovies.online"
35.226.196.179 - - [26/Nov/2024:04:49:18 -0800] "GET /wp-login.php HTTP/1.0" 200 9419 "-" "Mozilla/5.0 (X11; Fedora; Linux x86_64; rv:89.0) Gecko/20100101 Firefox/89.0"
35.226.196.179 - - [26/Nov/2024:04:49:19 -0800] "POST /wp-login.php HTTP/1.0" 200 9839 "-" "Mozilla/5.0 (X11; Fedora; Linux x86_64; rv:89.0) Gecko/20100101 Firefox/89.0"
209.182.200.39 - - [26/Nov/2024:04:55:26 -0800] "POST /wp-cron.php?doing_wp_cron=1732625726.7431709766387939453125 HTTP/1.0" 200 - "https://lizardheartmovies.online/wp-cron.php?doing_wp_cron=1732625726.7431709766387939453125" "WordPress/6.1.7; https://lizardheartmovies.online"
69.164.222.118 - - [26/Nov/2024:04:55:26 -0800] "GET /wp-login.php HTTP/1.0" 200 9419 "-" "Mozilla/5.0 (X11; Fedora; Linux x86_64; rv:89.0) Gecko/20100101 Firefox/89.0"
69.164.222.118 - - [26/Nov/2024:04:55:27 -0800] "POST /wp-login.php HTTP/1.0" 200 9839 "-" "Mozilla/5.0 (X11; Fedora; Linux x86_64; rv:89.0) Gecko/20100101 Firefox/89.0"
209.182.200.39 - - [26/Nov/2024:05:02:01 -0800] "POST /wp-cron.php?doing_wp_cron=1732626121.7431130409240722656250 HTTP/1.0" 200 - "https://lizardheartmovies.online/wp-cron.php?doing_wp_cron=1732626121.7431130409240722656250" "WordPress/6.1.7; https://lizardheartmovies.online"
103.82.20.35 - - [26/Nov/2024:05:02:01 -0800] "GET /wp-login.php HTTP/1.0" 200 9419 "-" "Mozilla/5.0 (X11; Fedora; Linux x86_64; rv:89.0) Gecko/20100101 Firefox/89.0"
103.82.20.35 - - [26/Nov/2024:05:02:02 -0800] "POST /wp-login.php HTTP/1.0" 200 9839 "-" "Mozilla/5.0 (X11; Fedora; Linux x86_64; rv:89.0) Gecko/20100101 Firefox/89.0"
198.12.64.44 - - [26/Nov/2024:05:02:17 -0800] "GET / HTTP/1.0" 301 - "-" "Mozilla/5.0 (iPhone; CPU iPhone OS 17_2_1 like Mac OS X) AppleWebKit/605.1.15 (KHTML, like Gecko) Version/17.2 Mobile/15E148 Safari/604.1"
217.61.227.222 - - [26/Nov/2024:05:02:19 -0800] "GET / HTTP/1.0" 301 - "-" "Mozilla/5.0 (Windows NT 10.0; Win64; x64) AppleWebKit/537.36 (KHTML, like Gecko) Chrome/130.0.0.0 Safari/537.36 Edg/130.0.0.0"
209.182.200.39 - - [26/Nov/2024:05:03:47 -0800] "POST /wp-cron.php?doing_wp_cron=1732626227.0978279113769531250000 HTTP/1.0" 200 - "http://lizardheartmovies.online/wp-cron.php?doing_wp_cron=1732626227.0978279113769531250000" "WordPress/6.1.7; https://lizardheartmovies.online"
217.61.227.222 - - [26/Nov/2024:05:03:46 -0800] "GET / HTTP/1.0" 301 - "-" "Mozilla/5.0 (iPhone; CPU iPhone OS 17_5_1 like Mac OS X) AppleWebKit/605.1.15 (KHTML, like Gecko) Version/17.5 Mobile/15E148 Safari/604.1"
209.182.200.39 - - [26/Nov/2024:05:04:50 -0800] "POST /wp-cron.php?doing_wp_cron=1732626290.0982079505920410156250 HTTP/1.0" 200 - "https://lizardheartmovies.online/wp-cron.php?doing_wp_cron=1732626290.0982079505920410156250" "WordPress/6.1.7; https://lizardheartmovies.online"
200.234.226.20 - - [26/Nov/2024:05:04:49 -0800] "POST /wp-login.php HTTP/1.0" 200 9839 "-" "Mozilla/5.0 (Windows NT 6.1) AppleWebKit/537.36 (KHTML, like Gecko) Chrome/61.0.3163.100 Safari/537.36"
209.182.200.39 - - [26/Nov/2024:05:08:06 -0800] "POST /wp-cron.php?doing_wp_cron=1732626486.0247919559478759765625 HTTP/1.0" 200 - "http://lizardheartmovies.online/wp-cron.php?doing_wp_cron=1732626486.0247919559478759765625" "WordPress/6.1.7; https://lizardheartmovies.online"
217.61.227.222 - - [26/Nov/2024:05:08:05 -0800] "GET /favicon.ico HTTP/1.0" 302 - "-" "Mozilla/5.0 (Windows NT 10.0; Win64; x64) AppleWebKit/537.36 (KHTML, like Gecko) Chrome/130.0.0.0 Safari/537.36 Edg/130.0.0.0"
217.61.227.222 - - [26/Nov/2024:05:08:07 -0800] "GET /wp-content/uploads/2021/07/cropped-logo4-32x32.jpg HTTP/1.0" 200 1197 "http://lizardheartmovies.online/favicon.ico" "Mozilla/5.0 (Windows NT 10.0; Win64; x64) AppleWebKit/537.36 (KHTML, like Gecko) Chrome/130.0.0.0 Safari/537.36 Edg/130.0.0.0"
186.64.118.225 - - [26/Nov/2024:05:08:07 -0800] "GET /wp-login.php HTTP/1.0" 200 9419 "-" "Mozilla/5.0 (X11; Fedora; Linux x86_64; rv:89.0) Gecko/20100101 Firefox/89.0"
186.64.118.225 - - [26/Nov/2024:05:08:09 -0800] "POST /wp-login.php HTTP/1.0" 200 9839 "-" "Mozilla/5.0 (X11; Fedora; Linux x86_64; rv:89.0) Gecko/20100101 Firefox/89.0"
209.182.200.39 - - [26/Nov/2024:05:09:44 -0800] "POST /wp-cron.php?doing_wp_cron=1732626584.3308269977569580078125 HTTP/1.0" 200 - "https://lizardheartmovies.online/wp-cron.php?doing_wp_cron=1732626584.3308269977569580078125" "WordPress/6.1.7; https://lizardheartmovies.online"
209.38.4.240 - - [26/Nov/2024:05:09:43 -0800] "GET / HTTP/1.0" 200 128746 "http://lizardheartmovies.online/" "Mozilla/5.0 (iPhone; CPU iPhone OS 17_6_1 like Mac OS X) AppleWebKit/605.1.15 (KHTML, like Gecko) Version/17.6 Mobile/15E148 Safari/604.1"
198.44.131.216 - - [26/Nov/2024:05:09:45 -0800] "GET / HTTP/1.0" 200 128746 "http://lizardheartmovies.online/" "Mozilla/5.0 (Windows NT 10.0; Win64; x64) AppleWebKit/537.36 (KHTML, like Gecko) Chrome/130.0.0.0 Safari/537.36 Edg/130.0.0.0"
209.182.200.39 - - [26/Nov/2024:05:10:30 -0800] "POST /wp-cron.php?doing_wp_cron=1732626630.5596430301666259765625 HTTP/1.0" 200 - "https://lizardheartmovies.online/wp-cron.php?doing_wp_cron=1732626630.5596430301666259765625" "WordPress/6.1.7; https://lizardheartmovies.online"
188.166.67.239 - - [26/Nov/2024:05:10:30 -0800] "POST /wp-login.php HTTP/1.0" 200 9837 "-" "Mozilla/5.0 (Windows NT 10.0; WOW64) AppleWebKit/537.36 (KHTML, like Gecko) Chrome/46.0.2490.80 Safari/537.36"
209.38.4.240 - - [26/Nov/2024:05:10:34 -0800] "GET /wp-content/uploads/2021/10/logo.png HTTP/1.0" 200 5241 "http://lizardheartmovies.online/" "Mozilla/5.0 (iPhone; CPU iPhone OS 17_6_1 like Mac OS X) AppleWebKit/605.1.15 (KHTML, like Gecko) Version/17.6 Mobile/15E148 Safari/604.1"
209.38.4.240 - - [26/Nov/2024:05:10:34 -0800] "GET /wp-content/uploads/2024/11/IXIxF1cn6qNZYkNGt-750x500.jpeg HTTP/1.0" 200 49404 "http://lizardheartmovies.online/" "Mozilla/5.0 (iPhone; CPU iPhone OS 17_6_1 like Mac OS X) AppleWebKit/605.1.15 (KHTML, like Gecko) Version/17.6 Mobile/15E148 Safari/604.1"
209.38.4.240 - - [26/Nov/2024:05:10:34 -0800] "GET /wp-content/uploads/2024/11/LOvb21clSrmwiw9wW.jpeg HTTP/1.0" 200 82802 "http://lizardheartmovies.online/" "Mozilla/5.0 (iPhone; CPU iPhone OS 17_6_1 like Mac OS X) AppleWebKit/605.1.15 (KHTML, like Gecko) Version/17.6 Mobile/15E148 Safari/604.1"
209.38.4.240 - - [26/Nov/2024:05:10:34 -0800] "GET /wp-content/uploads/2021/07/cartoons.jpg HTTP/1.0" 200 165181 "http://lizardheartmovies.online/" "Mozilla/5.0 (iPhone; CPU iPhone OS 17_6_1 like Mac OS X) AppleWebKit/605.1.15 (KHTML, like Gecko) Version/17.6 Mobile/15E148 Safari/604.1"
209.38.4.240 - - [26/Nov/2024:05:10:34 -0800] "GET /wp-content/uploads/2024/11/Dzb_a1cmvIOpO6mp-750x480.jpeg HTTP/1.0" 200 13940 "http://lizardheartmovies.online/" "Mozilla/5.0 (iPhone; CPU iPhone OS 17_6_1 like Mac OS X) AppleWebKit/605.1.15 (KHTML, like Gecko) Version/17.6 Mobile/15E148 Safari/604.1"
209.38.4.240 - - [26/Nov/2024:05:10:34 -0800] "GET /wp-content/uploads/2024/11/LRzQ_1cmYGzLd0sjY-750x500.jpeg HTTP/1.0" 200 25709 "http://lizardheartmovies.online/" "Mozilla/5.0 (iPhone; CPU iPhone OS 17_6_1 like Mac OS X) AppleWebKit/605.1.15 (KHTML, like Gecko) Version/17.6 Mobile/15E148 Safari/604.1"
209.38.4.240 - - [26/Nov/2024:05:10:34 -0800] "GET /wp-content/uploads/2024/11/E1plZ1cn4uxPV-iLB.jpeg HTTP/1.0" 200 79123 "http://lizardheartmovies.online/" "Mozilla/5.0 (iPhone; CPU iPhone OS 17_6_1 like Mac OS X) AppleWebKit/605.1.15 (KHTML, like Gecko) Version/17.6 Mobile/15E148 Safari/604.1"
209.38.4.240 - - [26/Nov/2024:05:10:34 -0800] "GET /wp-content/uploads/2024/11/KTIkI1clSzJhAJ4JE-750x500.jpeg HTTP/1.0" 200 43801 "http://lizardheartmovies.online/" "Mozilla/5.0 (iPhone; CPU iPhone OS 17_6_1 like Mac OS X) AppleWebKit/605.1.15 (KHTML, like Gecko) Version/17.6 Mobile/15E148 Safari/604.1"
209.38.4.240 - - [26/Nov/2024:05:10:35 -0800] "GET /wp-content/uploads/2021/07/movies.jpg HTTP/1.0" 200 134988 "http://lizardheartmovies.online/" "Mozilla/5.0 (iPhone; CPU iPhone OS 17_6_1 like Mac OS X) AppleWebKit/605.1.15 (KHTML, like Gecko) Version/17.6 Mobile/15E148 Safari/604.1"
198.44.131.216 - - [26/Nov/2024:05:10:35 -0800] "GET /wp-content/uploads/2024/11/E1plZ1cn4uxPV-iLB.jpeg HTTP/1.0" 200 79123 "http://lizardheartmovies.online/" "Mozilla/5.0 (Windows NT 10.0; Win64; x64) AppleWebKit/537.36 (KHTML, like Gecko) Chrome/130.0.0.0 Safari/537.36 Edg/130.0.0.0"
198.44.131.216 - - [26/Nov/2024:05:10:35 -0800] "GET /wp-content/uploads/2024/11/Dzb_a1cmvIOpO6mp-750x480.jpeg HTTP/1.0" 200 13940 "http://lizardheartmovies.online/" "Mozilla/5.0 (Windows NT 10.0; Win64; x64) AppleWebKit/537.36 (KHTML, like Gecko) Chrome/130.0.0.0 Safari/537.36 Edg/130.0.0.0"
209.38.4.240 - - [26/Nov/2024:05:10:35 -0800] "GET /wp-content/uploads/2024/11/XJjai1dAtnWvmVsyd.jpeg HTTP/1.0" 200 105138 "http://lizardheartmovies.online/" "Mozilla/5.0 (iPhone; CPU iPhone OS 17_6_1 like Mac OS X) AppleWebKit/605.1.15 (KHTML, like Gecko) Version/17.6 Mobile/15E148 Safari/604.1"
198.44.131.216 - - [26/Nov/2024:05:10:35 -0800] "GET /wp-content/uploads/2024/11/NAbkC1cnFx4_Mlt8L.jpeg HTTP/1.0" 200 88535 "http://lizardheartmovies.online/" "Mozilla/5.0 (Windows NT 10.0; Win64; x64) AppleWebKit/537.36 (KHTML, like Gecko) Chrome/130.0.0.0 Safari/537.36 Edg/130.0.0.0"
198.44.131.216 - - [26/Nov/2024:05:10:35 -0800] "GET /wp-content/uploads/2024/11/KTIkI1clSzJhAJ4JE-750x500.jpeg HTTP/1.0" 200 43801 "http://lizardheartmovies.online/" "Mozilla/5.0 (Windows NT 10.0; Win64; x64) AppleWebKit/537.36 (KHTML, like Gecko) Chrome/130.0.0.0 Safari/537.36 Edg/130.0.0.0"
198.44.131.216 - - [26/Nov/2024:05:10:35 -0800] "GET /wp-content/uploads/2024/11/KQfKx1cmV4JmNHD0h-750x500.jpeg HTTP/1.0" 200 59115 "http://lizardheartmovies.online/" "Mozilla/5.0 (Windows NT 10.0; Win64; x64) AppleWebKit/537.36 (KHTML, like Gecko) Chrome/130.0.0.0 Safari/537.36 Edg/130.0.0.0"
198.44.131.216 - - [26/Nov/2024:05:10:35 -0800] "GET /wp-content/uploads/2021/07/pic.jpg HTTP/1.0" 200 20053 "http://lizardheartmovies.online/" "Mozilla/5.0 (Windows NT 10.0; Win64; x64) AppleWebKit/537.36 (KHTML, like Gecko) Chrome/130.0.0.0 Safari/537.36 Edg/130.0.0.0"
198.44.131.216 - - [26/Nov/2024:05:10:35 -0800] "GET /wp-content/uploads/2021/07/cropped-logo4-192x192.jpg HTTP/1.0" 200 5241 "http://lizardheartmovies.online/" "Mozilla/5.0 (Windows NT 10.0; Win64; x64) AppleWebKit/537.36 (KHTML, like Gecko) Chrome/130.0.0.0 Safari/537.36 Edg/130.0.0.0"
198.44.131.216 - - [26/Nov/2024:05:10:35 -0800] "GET /wp-content/uploads/2024/11/JqLX01clh7grfv4jD-750x500.jpeg HTTP/1.0" 200 52138 "http://lizardheartmovies.online/" "Mozilla/5.0 (Windows NT 10.0; Win64; x64) AppleWebKit/537.36 (KHTML, like Gecko) Chrome/130.0.0.0 Safari/537.36 Edg/130.0.0.0"
198.44.131.216 - - [26/Nov/2024:05:10:35 -0800] "GET /wp-content/uploads/2021/07/movies.jpg HTTP/1.0" 200 134988 "http://lizardheartmovies.online/" "Mozilla/5.0 (Windows NT 10.0; Win64; x64) AppleWebKit/537.36 (KHTML, like Gecko) Chrome/130.0.0.0 Safari/537.36 Edg/130.0.0.0"
198.44.131.216 - - [26/Nov/2024:05:10:35 -0800] "GET /wp-content/uploads/2024/11/XJjai1dAtnWvmVsyd.jpeg HTTP/1.0" 200 105138 "http://lizardheartmovies.online/" "Mozilla/5.0 (Windows NT 10.0; Win64; x64) AppleWebKit/537.36 (KHTML, like Gecko) Chrome/130.0.0.0 Safari/537.36 Edg/130.0.0.0"
209.38.4.240 - - [26/Nov/2024:05:10:35 -0800] "GET /wp-content/uploads/2021/07/cropped-logo4-32x32.jpg HTTP/1.0" 200 1197 "http://lizardheartmovies.online/" "Mozilla/5.0 (iPhone; CPU iPhone OS 17_6_1 like Mac OS X) AppleWebKit/605.1.15 (KHTML, like Gecko) Version/17.6 Mobile/15E148 Safari/604.1"
209.38.4.240 - - [26/Nov/2024:05:10:35 -0800] "GET /wp-content/uploads/2020/01/science.jpg HTTP/1.0" 200 165933 "http://lizardheartmovies.online/" "Mozilla/5.0 (iPhone; CPU iPhone OS 17_6_1 like Mac OS X) AppleWebKit/605.1.15 (KHTML, like Gecko) Version/17.6 Mobile/15E148 Safari/604.1"
209.38.4.240 - - [26/Nov/2024:05:10:36 -0800] "GET /wp-content/uploads/2021/07/pic.jpg HTTP/1.0" 200 20053 "http://lizardheartmovies.online/" "Mozilla/5.0 (iPhone; CPU iPhone OS 17_6_1 like Mac OS X) AppleWebKit/605.1.15 (KHTML, like Gecko) Version/17.6 Mobile/15E148 Safari/604.1"
198.44.131.216 - - [26/Nov/2024:05:10:36 -0800] "GET /wp-content/uploads/2021/10/logo.png HTTP/1.0" 200 5241 "http://lizardheartmovies.online/" "Mozilla/5.0 (Windows NT 10.0; Win64; x64) AppleWebKit/537.36 (KHTML, like Gecko) Chrome/130.0.0.0 Safari/537.36 Edg/130.0.0.0"
209.38.4.240 - - [26/Nov/2024:05:10:36 -0800] "GET /wp-content/uploads/2024/11/NAbkC1cnFx4_Mlt8L.jpeg HTTP/1.0" 200 88535 "http://lizardheartmovies.online/" "Mozilla/5.0 (iPhone; CPU iPhone OS 17_6_1 like Mac OS X) AppleWebKit/605.1.15 (KHTML, like Gecko) Version/17.6 Mobile/15E148 Safari/604.1"
209.38.4.240 - - [26/Nov/2024:05:10:36 -0800] "GET /wp-content/uploads/2021/07/education.jpg HTTP/1.0" 200 162903 "http://lizardheartmovies.online/" "Mozilla/5.0 (iPhone; CPU iPhone OS 17_6_1 like Mac OS X) AppleWebKit/605.1.15 (KHTML, like Gecko) Version/17.6 Mobile/15E148 Safari/604.1"
209.38.4.240 - - [26/Nov/2024:05:10:36 -0800] "GET /wp-content/uploads/2021/07/animated.jpg HTTP/1.0" 200 200534 "http://lizardheartmovies.online/" "Mozilla/5.0 (iPhone; CPU iPhone OS 17_6_1 like Mac OS X) AppleWebKit/605.1.15 (KHTML, like Gecko) Version/17.6 Mobile/15E148 Safari/604.1"
198.44.131.216 - - [26/Nov/2024:05:10:36 -0800] "GET /wp-content/uploads/2021/07/cartoons.jpg HTTP/1.0" 200 165181 "http://lizardheartmovies.online/" "Mozilla/5.0 (Windows NT 10.0; Win64; x64) AppleWebKit/537.36 (KHTML, like Gecko) Chrome/130.0.0.0 Safari/537.36 Edg/130.0.0.0"
198.44.131.216 - - [26/Nov/2024:05:10:36 -0800] "GET /wp-content/uploads/2021/07/education.jpg HTTP/1.0" 200 162903 "http://lizardheartmovies.online/" "Mozilla/5.0 (Windows NT 10.0; Win64; x64) AppleWebKit/537.36 (KHTML, like Gecko) Chrome/130.0.0.0 Safari/537.36 Edg/130.0.0.0"
198.44.131.216 - - [26/Nov/2024:05:10:36 -0800] "GET /wp-content/uploads/2021/07/cropped-logo4-180x180.jpg HTTP/1.0" 200 4906 "http://lizardheartmovies.online/" "Mozilla/5.0 (Windows NT 10.0; Win64; x64) AppleWebKit/537.36 (KHTML, like Gecko) Chrome/130.0.0.0 Safari/537.36 Edg/130.0.0.0"
209.38.4.240 - - [26/Nov/2024:05:10:36 -0800] "GET /wp-content/uploads/2021/07/cropped-logo4-192x192.jpg HTTP/1.0" 200 5241 "http://lizardheartmovies.online/" "Mozilla/5.0 (iPhone; CPU iPhone OS 17_6_1 like Mac OS X) AppleWebKit/605.1.15 (KHTML, like Gecko) Version/17.6 Mobile/15E148 Safari/604.1"
198.44.131.216 - - [26/Nov/2024:05:10:37 -0800] "GET /wp-content/uploads/2021/07/cropped-logo4-32x32.jpg HTTP/1.0" 200 1197 "http://lizardheartmovies.online/" "Mozilla/5.0 (Windows NT 10.0; Win64; x64) AppleWebKit/537.36 (KHTML, like Gecko) Chrome/130.0.0.0 Safari/537.36 Edg/130.0.0.0"
198.44.131.216 - - [26/Nov/2024:05:10:37 -0800] "GET /wp-content/uploads/2024/11/LOvb21clSrmwiw9wW.jpeg HTTP/1.0" 200 82802 "http://lizardheartmovies.online/" "Mozilla/5.0 (Windows NT 10.0; Win64; x64) AppleWebKit/537.36 (KHTML, like Gecko) Chrome/130.0.0.0 Safari/537.36 Edg/130.0.0.0"
198.44.131.216 - - [26/Nov/2024:05:10:37 -0800] "GET /wp-content/uploads/2024/11/LRzQ_1cmYGzLd0sjY-750x500.jpeg HTTP/1.0" 200 25709 "http://lizardheartmovies.online/" "Mozilla/5.0 (Windows NT 10.0; Win64; x64) AppleWebKit/537.36 (KHTML, like Gecko) Chrome/130.0.0.0 Safari/537.36 Edg/130.0.0.0"
198.44.131.216 - - [26/Nov/2024:05:10:38 -0800] "GET /wp-content/uploads/2024/11/IXIxF1cn6qNZYkNGt-750x500.jpeg HTTP/1.0" 200 49404 "http://lizardheartmovies.online/" "Mozilla/5.0 (Windows NT 10.0; Win64; x64) AppleWebKit/537.36 (KHTML, like Gecko) Chrome/130.0.0.0 Safari/537.36 Edg/130.0.0.0"
198.44.131.216 - - [26/Nov/2024:05:10:38 -0800] "GET /wp-content/uploads/2020/01/science.jpg HTTP/1.0" 200 165933 "http://lizardheartmovies.online/" "Mozilla/5.0 (Windows NT 10.0; Win64; x64) AppleWebKit/537.36 (KHTML, like Gecko) Chrome/130.0.0.0 Safari/537.36 Edg/130.0.0.0"
209.38.4.240 - - [26/Nov/2024:05:10:38 -0800] "GET /wp-content/uploads/2024/11/KQfKx1cmV4JmNHD0h-750x500.jpeg HTTP/1.0" 200 59115 "http://lizardheartmovies.online/" "Mozilla/5.0 (iPhone; CPU iPhone OS 17_6_1 like Mac OS X) AppleWebKit/605.1.15 (KHTML, like Gecko) Version/17.6 Mobile/15E148 Safari/604.1"
209.38.4.240 - - [26/Nov/2024:05:10:39 -0800] "GET /wp-content/uploads/2021/07/cropped-logo4-180x180.jpg HTTP/1.0" 200 4906 "http://lizardheartmovies.online/" "Mozilla/5.0 (iPhone; CPU iPhone OS 17_6_1 like Mac OS X) AppleWebKit/605.1.15 (KHTML, like Gecko) Version/17.6 Mobile/15E148 Safari/604.1"
209.38.4.240 - - [26/Nov/2024:05:10:43 -0800] "GET /wp-content/uploads/2024/11/JqLX01clh7grfv4jD-750x500.jpeg HTTP/1.0" 200 52138 "http://lizardheartmovies.online/" "Mozilla/5.0 (iPhone; CPU iPhone OS 17_6_1 like Mac OS X) AppleWebKit/605.1.15 (KHTML, like Gecko) Version/17.6 Mobile/15E148 Safari/604.1"
198.44.131.216 - - [26/Nov/2024:05:10:43 -0800] "GET /wp-content/uploads/2021/07/animated.jpg HTTP/1.0" 200 200534 "http://lizardheartmovies.online/" "Mozilla/5.0 (Windows NT 10.0; Win64; x64) AppleWebKit/537.36 (KHTML, like Gecko) Chrome/130.0.0.0 Safari/537.36 Edg/130.0.0.0"
209.182.200.39 - - [26/Nov/2024:05:14:16 -0800] "POST /wp-cron.php?doing_wp_cron=1732626856.1929368972778320312500 HTTP/1.0" 200 - "https://lizardheartmovies.online/wp-cron.php?doing_wp_cron=1732626856.1929368972778320312500" "WordPress/6.1.7; https://lizardheartmovies.online"
74.120.221.122 - - [26/Nov/2024:05:14:15 -0800] "GET /wp-login.php HTTP/1.0" 200 9419 "-" "Mozilla/5.0 (X11; Fedora; Linux x86_64; rv:89.0) Gecko/20100101 Firefox/89.0"
74.120.221.122 - - [26/Nov/2024:05:14:16 -0800] "POST /wp-login.php HTTP/1.0" 200 9839 "-" "Mozilla/5.0 (X11; Fedora; Linux x86_64; rv:89.0) Gecko/20100101 Firefox/89.0"
85.208.96.202 - - [26/Nov/2024:05:14:30 -0800] "GET /robots.txt HTTP/1.0" 200 30 "-" "Mozilla/5.0 (compatible; SemrushBot/7~bl; +http://www.semrush.com/bot.html)"
209.182.200.39 - - [26/Nov/2024:05:14:30 -0800] "POST /wp-cron.php?doing_wp_cron=1732626870.6507298946380615234375 HTTP/1.0" 200 - "https://lizardheartmovies.online/wp-cron.php?doing_wp_cron=1732626870.6507298946380615234375" "WordPress/6.1.7; https://lizardheartmovies.online"
185.191.171.5 - - [26/Nov/2024:05:14:30 -0800] "GET /wp-admin/admin-ajax.php?action=betube_process_dislike&nonce=41e874a925&post_id=2909 HTTP/1.0" 200 13 "-" "Mozilla/5.0 (compatible; SemrushBot/7~bl; +http://www.semrush.com/bot.html)"
209.182.200.39 - - [26/Nov/2024:05:16:11 -0800] "POST /wp-cron.php?doing_wp_cron=1732626971.8143808841705322265625 HTTP/1.0" 200 - "http://lizardheartmovies.online/wp-cron.php?doing_wp_cron=1732626971.8143808841705322265625" "WordPress/6.1.7; https://lizardheartmovies.online"
205.210.31.155 - - [26/Nov/2024:05:16:11 -0800] "GET / HTTP/1.0" 301 - "-" "Expanse, a Palo Alto Networks company, searches across the global IPv4 space multiple times per day to identify customers' presences on the Internet. If you would like to be excluded from our scans, please send IP addresses/domains to: scaninfo@paloaltonetworks.com"
209.182.200.39 - - [26/Nov/2024:05:17:59 -0800] "POST /wp-cron.php?doing_wp_cron=1732627079.2243919372558593750000 HTTP/1.0" 200 - "https://lizardheartmovies.online/wp-cron.php?doing_wp_cron=1732627079.2243919372558593750000" "WordPress/6.1.7; https://lizardheartmovies.online"
157.245.36.108 - - [26/Nov/2024:05:17:58 -0800] "GET / HTTP/1.0" 200 128746 "-" "-"
157.245.36.108 - - [26/Nov/2024:05:18:03 -0800] "GET / HTTP/1.0" 200 128746 "-" "Mozilla/5.0 (Linux; Android 6.0; HTC One M9 Build/MRA421096) AppleWebKit/537.36 (KHTML, like Gecko) Chrome/52.0.3518.98 Mobile Safari/537.3"
157.245.36.108 - - [26/Nov/2024:05:18:04 -0800] "GET /server HTTP/1.0" 404 67807 "-" "Go-http-client/1.1"
157.245.36.108 - - [26/Nov/2024:05:18:05 -0800] "GET /.vscode/sftp.json HTTP/1.0" 404 67807 "-" "Go-http-client/1.1"
157.245.36.108 - - [26/Nov/2024:05:18:06 -0800] "GET /about HTTP/1.0" 301 - "-" "Go-http-client/1.1"
157.245.36.108 - - [26/Nov/2024:05:18:07 -0800] "GET /debug/default/view?panel=config HTTP/1.0" 404 67807 "-" "Go-http-client/1.1"
157.245.36.108 - - [26/Nov/2024:05:18:08 -0800] "GET /v2/_catalog HTTP/1.0" 404 67807 "-" "Go-http-client/1.1"
157.245.36.108 - - [26/Nov/2024:05:18:08 -0800] "GET /ecp/Current/exporttool/microsoft.exchange.ediscovery.exporttool.application HTTP/1.0" 404 67807 "-" "Go-http-client/1.1"
157.245.36.108 - - [26/Nov/2024:05:18:09 -0800] "GET /server-status HTTP/1.0" 403 228 "-" "Go-http-client/1.1"
157.245.36.108 - - [26/Nov/2024:05:18:10 -0800] "GET /login.action HTTP/1.0" 404 67807 "-" "Go-http-client/1.1"
157.245.36.108 - - [26/Nov/2024:05:18:11 -0800] "GET /_all_dbs HTTP/1.0" 404 67807 "-" "Mozilla/5.0 (l9scan/2.0.435323e2230323e2238313e2930323; +https://leakix.net)"
157.245.36.108 - - [26/Nov/2024:05:18:11 -0800] "GET /.DS_Store HTTP/1.0" 404 67807 "-" "Go-http-client/1.1"
157.245.36.108 - - [26/Nov/2024:05:18:12 -0800] "GET /.env HTTP/1.0" 404 67807 "-" "Go-http-client/1.1"
157.245.36.108 - - [26/Nov/2024:05:18:13 -0800] "GET /.git/config HTTP/1.0" 404 67807 "-" "Go-http-client/1.1"
157.245.36.108 - - [26/Nov/2024:05:18:14 -0800] "GET /s/435323e2230323e2238313e2930323/_/;/META-INF/maven/com.atlassian.jira/jira-webapp-dist/pom.properties HTTP/1.0" 404 67807 "-" "Go-http-client/1.1"
157.245.36.108 - - [26/Nov/2024:05:18:15 -0800] "GET /config.json HTTP/1.0" 404 67807 "-" "Go-http-client/1.1"
157.245.36.108 - - [26/Nov/2024:05:18:15 -0800] "GET /telescope/requests HTTP/1.0" 404 67807 "-" "Go-http-client/1.1"
157.245.36.108 - - [26/Nov/2024:05:18:16 -0800] "GET /?rest_route=/wp/v2/users/ HTTP/1.0" 200 644 "-" "Go-http-client/1.1"
209.182.200.39 - - [26/Nov/2024:05:21:28 -0800] "POST /wp-cron.php?doing_wp_cron=1732627288.7123029232025146484375 HTTP/1.0" 200 - "https://lizardheartmovies.online/wp-cron.php?doing_wp_cron=1732627288.7123029232025146484375" "WordPress/6.1.7; https://lizardheartmovies.online"
8.218.212.177 - - [26/Nov/2024:05:21:28 -0800] "GET /wp-login.php HTTP/1.0" 200 9419 "-" "Mozilla/5.0 (X11; Fedora; Linux x86_64; rv:89.0) Gecko/20100101 Firefox/89.0"
8.218.212.177 - - [26/Nov/2024:05:21:29 -0800] "POST /wp-login.php HTTP/1.0" 200 9793 "-" "Mozilla/5.0 (X11; Fedora; Linux x86_64; rv:89.0) Gecko/20100101 Firefox/89.0"
209.182.200.39 - - [26/Nov/2024:05:24:02 -0800] "POST /wp-cron.php?doing_wp_cron=1732627442.8127150535583496093750 HTTP/1.0" 200 - "https://lizardheartmovies.online/wp-cron.php?doing_wp_cron=1732627442.8127150535583496093750" "WordPress/6.1.7; https://lizardheartmovies.online"
64.225.27.151 - - [26/Nov/2024:05:24:02 -0800] "POST /wp-login.php HTTP/1.0" 200 9839 "-" "Mozilla/5.0 (Windows NT 10.0; WOW64) AppleWebKit/537.36 (KHTML, like Gecko) Chrome/53.0.2785.143 Safari/537.36"
209.182.200.39 - - [26/Nov/2024:05:27:17 -0800] "POST /wp-cron.php?doing_wp_cron=1732627637.7466359138488769531250 HTTP/1.0" 200 - "https://lizardheartmovies.online/wp-cron.php?doing_wp_cron=1732627637.7466359138488769531250" "WordPress/6.1.7; https://lizardheartmovies.online"
203.162.120.6 - - [26/Nov/2024:05:27:16 -0800] "GET /wp-login.php HTTP/1.0" 200 9419 "-" "Mozilla/5.0 (X11; Fedora; Linux x86_64; rv:89.0) Gecko/20100101 Firefox/89.0"
203.162.120.6 - - [26/Nov/2024:05:27:18 -0800] "POST /wp-login.php HTTP/1.0" 200 9794 "-" "Mozilla/5.0 (X11; Fedora; Linux x86_64; rv:89.0) Gecko/20100101 Firefox/89.0"
209.182.200.39 - - [26/Nov/2024:05:29:40 -0800] "POST /wp-cron.php?doing_wp_cron=1732627780.3994419574737548828125 HTTP/1.0" 200 - "https://lizardheartmovies.online/wp-cron.php?doing_wp_cron=1732627780.3994419574737548828125" "WordPress/6.1.7; https://lizardheartmovies.online"
15.235.212.14 - - [26/Nov/2024:05:29:39 -0800] "POST /wp-login.php HTTP/1.0" 200 9837 "-" "Mozilla/5.0 (Windows NT 10.0; Win64; x64) AppleWebKit/537.36 (KHTML, like Gecko) Chrome/62.0.3202.89 Safari/537.36"
209.182.200.39 - - [26/Nov/2024:05:35:03 -0800] "POST /wp-cron.php?doing_wp_cron=1732628103.8752260208129882812500 HTTP/1.0" 200 - "https://lizardheartmovies.online/wp-cron.php?doing_wp_cron=1732628103.8752260208129882812500" "WordPress/6.1.7; https://lizardheartmovies.online"
207.46.13.92 - - [26/Nov/2024:05:35:03 -0800] "GET /dont-shoot-the-puppy-and-more-dong-23/ HTTP/1.0" 200 110411 "-" "Mozilla/5.0 AppleWebKit/537.36 (KHTML, like Gecko; compatible; bingbot/2.0; +http://www.bing.com/bingbot.htm) Chrome/116.0.1938.76 Safari/537.36"
209.182.200.39 - - [26/Nov/2024:05:43:13 -0800] "POST /wp-cron.php?doing_wp_cron=1732628593.6386349201202392578125 HTTP/1.0" 200 - "https://lizardheartmovies.online/wp-cron.php?doing_wp_cron=1732628593.6386349201202392578125" "WordPress/6.1.7; https://lizardheartmovies.online"
51.38.41.215 - - [26/Nov/2024:05:43:13 -0800] "POST /wp-login.php HTTP/1.0" 200 9839 "-" "Mozilla/5.0 (Windows NT 10.0; Win64; x64) AppleWebKit/537.36 (KHTML, like Gecko) Chrome/70.0.3538.67 Safari/537.36"
209.182.200.39 - - [26/Nov/2024:05:44:52 -0800] "POST /wp-cron.php?doing_wp_cron=1732628692.8901789188385009765625 HTTP/1.0" 200 - "https://lizardheartmovies.online/wp-cron.php?doing_wp_cron=1732628692.8901789188385009765625" "WordPress/6.1.7; https://lizardheartmovies.online"
81.177.136.252 - - [26/Nov/2024:05:44:52 -0800] "POST /xmlrpc.php HTTP/1.0" 200 401 "-" "Mozilla/5.0 (X11; Fedora; Linux x86_64; rv:89.0) Gecko/20100101 Firefox/89.0"
209.182.200.39 - - [26/Nov/2024:05:47:40 -0800] "POST /wp-cron.php?doing_wp_cron=1732628860.0518670082092285156250 HTTP/1.0" 200 - "https://lizardheartmovies.online/wp-cron.php?doing_wp_cron=1732628860.0518670082092285156250" "WordPress/6.1.7; https://lizardheartmovies.online"
186.64.118.70 - - [26/Nov/2024:05:47:39 -0800] "POST /xmlrpc.php HTTP/1.0" 200 401 "-" "Mozilla/5.0 (X11; Fedora; Linux x86_64; rv:89.0) Gecko/20100101 Firefox/89.0"
192.99.3.137 - - [26/Nov/2024:05:48:19 -0800] "GET /robots.txt HTTP/1.0" 200 30 "-" "Mozilla/5.0 (compatible; MJ12bot/v1.4.8; http://mj12bot.com/)"
209.182.200.39 - - [26/Nov/2024:05:48:41 -0800] "POST /wp-cron.php?doing_wp_cron=1732628921.1811749935150146484375 HTTP/1.0" 200 - "https://lizardheartmovies.online/wp-cron.php?doing_wp_cron=1732628921.1811749935150146484375" "WordPress/6.1.7; https://lizardheartmovies.online"
192.99.3.137 - - [26/Nov/2024:05:48:40 -0800] "GET /spongebob-squarepants-full-episodes-2015-%E2%98%85-animated-cartoon-movies-for-kids-%E2%98%85-animation-movies-2015/feed/ HTTP/1.0" 200 1054 "-" "Mozilla/5.0 (compatible; MJ12bot/v1.4.8; http://mj12bot.com/)"
37.187.76.186 - - [26/Nov/2024:05:48:51 -0800] "POST /wp-login.php HTTP/1.0" 200 9837 "-" "Mozilla/5.0 (Windows NT 6.1) AppleWebKit/537.36 (KHTML, like Gecko) Chrome/61.0.3163.100 Safari/537.36"
209.182.200.39 - - [26/Nov/2024:05:49:03 -0800] "POST /wp-cron.php?doing_wp_cron=1732628943.1819911003112792968750 HTTP/1.0" 200 - "https://lizardheartmovies.online/wp-cron.php?doing_wp_cron=1732628943.1819911003112792968750" "WordPress/6.1.7; https://lizardheartmovies.online"
192.99.3.137 - - [26/Nov/2024:05:49:02 -0800] "GET /spongebob-squarepants-full-episodes-2015-%E2%98%85-animated-cartoon-movies-for-kids-%E2%98%85-animation-movies-2015/ HTTP/1.0" 200 107185 "-" "Mozilla/5.0 (compatible; MJ12bot/v1.4.8; http://mj12bot.com/)"
192.99.3.137 - - [26/Nov/2024:05:49:24 -0800] "GET /the-little-mermaid-%E2%9D%96-kids-tv-channel-%E2%9D%96-walt-disney-movies-%E2%9D%96-animation-movies-new/feed/ HTTP/1.0" 200 1015 "-" "Mozilla/5.0 (compatible; MJ12bot/v1.4.8; http://mj12bot.com/)"
209.182.200.39 - - [26/Nov/2024:05:49:45 -0800] "POST /wp-cron.php?doing_wp_cron=1732628985.3161580562591552734375 HTTP/1.0" 200 - "https://lizardheartmovies.online/wp-cron.php?doing_wp_cron=1732628985.3161580562591552734375" "WordPress/6.1.7; https://lizardheartmovies.online"
192.99.3.137 - - [26/Nov/2024:05:49:45 -0800] "GET /the-little-mermaid-%E2%9D%96-kids-tv-channel-%E2%9D%96-walt-disney-movies-%E2%9D%96-animation-movies-new/ HTTP/1.0" 200 107080 "-" "Mozilla/5.0 (compatible; MJ12bot/v1.4.8; http://mj12bot.com/)"
209.182.200.39 - - [26/Nov/2024:06:08:15 -0800] "POST /wp-cron.php?doing_wp_cron=1732630094.9885599613189697265625 HTTP/1.0" 200 - "https://lizardheartmovies.online/wp-cron.php?doing_wp_cron=1732630094.9885599613189697265625" "WordPress/6.1.7; https://lizardheartmovies.online"
138.68.103.121 - - [26/Nov/2024:06:08:14 -0800] "POST /wp-login.php HTTP/1.0" 200 9837 "-" "Mozilla/5.0 (Windows NT 10.0; WOW64) AppleWebKit/537.36 (KHTML, like Gecko) Chrome/53.0.2785.143 Safari/537.36"
209.182.200.39 - - [26/Nov/2024:06:13:48 -0800] "POST /wp-cron.php?doing_wp_cron=1732630427.9180870056152343750000 HTTP/1.0" 200 - "https://lizardheartmovies.online/wp-cron.php?doing_wp_cron=1732630427.9180870056152343750000" "WordPress/6.1.7; https://lizardheartmovies.online"
199.195.251.34 - - [26/Nov/2024:06:13:46 -0800] "GET /wp-login.php HTTP/1.0" 200 9419 "-" "Mozilla/5.0 (Macintosh; Intel Mac OS X 10.9; rv:31.0) Gecko/20100101 Firefox/31.0"
209.141.50.41 - - [26/Nov/2024:06:13:47 -0800] "GET /wp-login.php HTTP/1.0" 200 9419 "-" "Mozilla/5.0 (Windows NT 6.3; WOW64; Trident/7.0; rv:11.0) like Gecko"
199.195.251.34 - - [26/Nov/2024:06:13:48 -0800] "POST /wp-login.php HTTP/1.0" 200 9879 "-" "Mozilla/5.0 (Macintosh; Intel Mac OS X 10.9; rv:31.0) Gecko/20100101 Firefox/31.0"
209.141.50.41 - - [26/Nov/2024:06:13:52 -0800] "POST /wp-login.php HTTP/1.0" 200 9873 "-" "Mozilla/5.0 (Windows NT 6.3; WOW64; Trident/7.0; rv:11.0) like Gecko"
209.182.200.39 - - [26/Nov/2024:06:21:54 -0800] "POST /wp-cron.php?doing_wp_cron=1732630914.7394459247589111328125 HTTP/1.0" 200 - "https://lizardheartmovies.online/wp-cron.php?doing_wp_cron=1732630914.7394459247589111328125" "WordPress/6.1.7; https://lizardheartmovies.online"
68.183.85.160 - - [26/Nov/2024:06:21:54 -0800] "POST /wp-login.php HTTP/1.0" 200 9839 "-" "Mozilla/5.0 (Windows NT 6.1; WOW64) AppleWebKit/537.36 (KHTML, like Gecko) Chrome/32.0.1700.107 Safari/537.36"
209.182.200.39 - - [26/Nov/2024:06:27:30 -0800] "POST /wp-cron.php?doing_wp_cron=1732631250.6558339595794677734375 HTTP/1.0" 200 - "https://lizardheartmovies.online/wp-cron.php?doing_wp_cron=1732631250.6558339595794677734375" "WordPress/6.1.7; https://lizardheartmovies.online"
141.94.247.170 - - [26/Nov/2024:06:27:30 -0800] "POST /wp-login.php HTTP/1.0" 200 9837 "-" "Mozilla/5.0 (Windows NT 5.1) AppleWebKit/537.36 (KHTML, like Gecko) Chrome/47.0.2526.106 Safari/537.36"
209.182.200.39 - - [26/Nov/2024:06:32:03 -0800] "POST /wp-cron.php?doing_wp_cron=1732631523.4516859054565429687500 HTTP/1.0" 200 - "https://lizardheartmovies.online/wp-cron.php?doing_wp_cron=1732631523.4516859054565429687500" "WordPress/6.1.7; https://lizardheartmovies.online"
207.46.13.54 - - [26/Nov/2024:06:32:03 -0800] "GET /how-to-count-past-infinity/ HTTP/1.0" 200 124846 "-" "Mozilla/5.0 AppleWebKit/537.36 (KHTML, like Gecko; compatible; bingbot/2.0; +http://www.bing.com/bingbot.htm) Chrome/116.0.1938.76 Safari/537.36"
209.182.200.39 - - [26/Nov/2024:06:38:57 -0800] "POST /wp-cron.php?doing_wp_cron=1732631937.0204041004180908203125 HTTP/1.0" 200 - "https://lizardheartmovies.online/wp-cron.php?doing_wp_cron=1732631937.0204041004180908203125" "WordPress/6.1.7; https://lizardheartmovies.online"
91.90.44.23 - - [26/Nov/2024:06:38:56 -0800] "GET / HTTP/1.0" 200 128746 "-" "Mozilla/5.0 (Android 14; Mobile; LG-M255; rv:127.0) Gecko/127.0 Firefox/127.0"
91.90.44.23 - - [26/Nov/2024:06:38:58 -0800] "POST /wp-content/plugins/wp-automatic/inc/csv.php HTTP/1.0" 404 67735 "-" "Mozilla/5.0 (Android 14; Mobile; LG-M255; rv:127.0) Gecko/127.0 Firefox/127.0"
209.182.200.39 - - [26/Nov/2024:06:41:03 -0800] "POST /wp-cron.php?doing_wp_cron=1732632063.0306439399719238281250 HTTP/1.0" 200 - "https://lizardheartmovies.online/wp-cron.php?doing_wp_cron=1732632063.0306439399719238281250" "WordPress/6.1.7; https://lizardheartmovies.online"
51.89.153.66 - - [26/Nov/2024:06:41:02 -0800] "POST /wp-login.php HTTP/1.0" 200 9839 "-" "Mozilla/5.0 (Windows NT 10.0; WOW64) AppleWebKit/537.36 (KHTML, like Gecko) Chrome/47.0.2526.106 Safari/537.36"
209.182.200.39 - - [26/Nov/2024:06:45:18 -0800] "POST /wp-cron.php?doing_wp_cron=1732632318.5676770210266113281250 HTTP/1.0" 200 - "https://lizardheartmovies.online/wp-cron.php?doing_wp_cron=1732632318.5676770210266113281250" "WordPress/6.1.7; https://lizardheartmovies.online"
165.227.173.41 - - [26/Nov/2024:06:45:18 -0800] "GET / HTTP/1.0" 301 - "-" "-"
165.227.173.41 - - [26/Nov/2024:06:45:22 -0800] "GET / HTTP/1.0" 301 - "-" "Mozilla/5.0 (Linux; Android 6.0; HTC One M9 Build/MRA421096) AppleWebKit/537.36 (KHTML, like Gecko) Chrome/52.0.3518.98 Mobile Safari/537.3"
165.227.173.41 - - [26/Nov/2024:06:45:23 -0800] "GET /server HTTP/1.0" 404 67869 "-" "Go-http-client/1.1"
209.182.200.39 - - [26/Nov/2024:06:45:24 -0800] "POST /wp-cron.php?doing_wp_cron=1732632324.0037479400634765625000 HTTP/1.0" 200 - "https://lizardheartmovies.online/wp-cron.php?doing_wp_cron=1732632324.0037479400634765625000" "WordPress/6.1.7; https://lizardheartmovies.online"
165.227.173.41 - - [26/Nov/2024:06:45:23 -0800] "GET /.vscode/sftp.json HTTP/1.0" 404 67869 "-" "Go-http-client/1.1"
165.227.173.41 - - [26/Nov/2024:06:45:24 -0800] "GET /about HTTP/1.0" 404 67869 "-" "Go-http-client/1.1"
165.227.173.41 - - [26/Nov/2024:06:45:25 -0800] "GET /debug/default/view?panel=config HTTP/1.0" 404 67869 "-" "Go-http-client/1.1"
209.182.200.39 - - [26/Nov/2024:06:45:26 -0800] "POST /wp-cron.php?doing_wp_cron=1732632326.5747630596160888671875 HTTP/1.0" 200 - "https://lizardheartmovies.online/wp-cron.php?doing_wp_cron=1732632326.5747630596160888671875" "WordPress/6.1.7; https://lizardheartmovies.online"
165.227.173.41 - - [26/Nov/2024:06:45:26 -0800] "GET /v2/_catalog HTTP/1.0" 404 67869 "-" "Go-http-client/1.1"
165.227.173.41 - - [26/Nov/2024:06:45:27 -0800] "GET /ecp/Current/exporttool/microsoft.exchange.ediscovery.exporttool.application HTTP/1.0" 404 67869 "-" "Go-http-client/1.1"
165.227.173.41 - - [26/Nov/2024:06:45:28 -0800] "GET /server-status HTTP/1.0" 403 228 "-" "Go-http-client/1.1"
209.182.200.39 - - [26/Nov/2024:06:45:29 -0800] "POST /wp-cron.php?doing_wp_cron=1732632329.0225760936737060546875 HTTP/1.0" 200 - "https://lizardheartmovies.online/wp-cron.php?doing_wp_cron=1732632329.0225760936737060546875" "WordPress/6.1.7; https://lizardheartmovies.online"
165.227.173.41 - - [26/Nov/2024:06:45:28 -0800] "GET /login.action HTTP/1.0" 404 67869 "-" "Go-http-client/1.1"
165.227.173.41 - - [26/Nov/2024:06:45:29 -0800] "GET /_all_dbs HTTP/1.0" 404 67869 "-" "Mozilla/5.0 (l9scan/2.0.435323e2230323e2238313e2930323; +https://leakix.net)"
165.227.173.41 - - [26/Nov/2024:06:45:30 -0800] "GET /.DS_Store HTTP/1.0" 404 67869 "-" "Go-http-client/1.1"
165.227.173.41 - - [26/Nov/2024:06:45:31 -0800] "GET /.env HTTP/1.0" 404 67869 "-" "Go-http-client/1.1"
165.227.173.41 - - [26/Nov/2024:06:45:32 -0800] "GET /.git/config HTTP/1.0" 404 67869 "-" "Go-http-client/1.1"
165.227.173.41 - - [26/Nov/2024:06:45:32 -0800] "GET /s/435323e2230323e2238313e2930323/_/;/META-INF/maven/com.atlassian.jira/jira-webapp-dist/pom.properties HTTP/1.0" 404 67869 "-" "Go-http-client/1.1"
165.227.173.41 - - [26/Nov/2024:06:45:33 -0800] "GET /config.json HTTP/1.0" 404 67869 "-" "Go-http-client/1.1"
165.227.173.41 - - [26/Nov/2024:06:45:34 -0800] "GET /telescope/requests HTTP/1.0" 404 67869 "-" "Go-http-client/1.1"
209.182.200.39 - - [26/Nov/2024:06:45:35 -0800] "POST /wp-cron.php?doing_wp_cron=1732632335.3721389770507812500000 HTTP/1.0" 200 - "https://lizardheartmovies.online/wp-cron.php?doing_wp_cron=1732632335.3721389770507812500000" "WordPress/6.1.7; https://lizardheartmovies.online"
165.227.173.41 - - [26/Nov/2024:06:45:35 -0800] "GET /?rest_route=/wp/v2/users/ HTTP/1.0" 200 644 "-" "Go-http-client/1.1"
209.182.200.39 - - [26/Nov/2024:06:46:40 -0800] "POST /wp-cron.php?doing_wp_cron=1732632400.1049621105194091796875 HTTP/1.0" 200 - "https://lizardheartmovies.online/wp-cron.php?doing_wp_cron=1732632400.1049621105194091796875" "WordPress/6.1.7; https://lizardheartmovies.online"
64.227.141.213 - - [26/Nov/2024:06:46:39 -0800] "POST /wp-login.php HTTP/1.0" 200 9837 "-" "Mozilla/5.0 (Windows NT 6.1) AppleWebKit/537.36 (KHTML, like Gecko) Chrome/63.0.3239.84 Safari/537.36"
209.182.200.39 - - [26/Nov/2024:06:54:11 -0800] "POST /wp-cron.php?doing_wp_cron=1732632851.2956969738006591796875 HTTP/1.0" 200 - "https://lizardheartmovies.online/wp-cron.php?doing_wp_cron=1732632851.2956969738006591796875" "WordPress/6.1.7; https://lizardheartmovies.online"
198.235.24.91 - - [26/Nov/2024:06:54:11 -0800] "GET / HTTP/1.0" 200 128746 "-" "Expanse, a Palo Alto Networks company, searches across the global IPv4 space multiple times per day to identify customers' presences on the Internet. If you would like to be excluded from our scans, please send IP addresses/domains to: scaninfo@paloaltonetworks.com"
209.182.200.39 - - [26/Nov/2024:07:00:16 -0800] "POST /wp-cron.php?doing_wp_cron=1732633216.0009620189666748046875 HTTP/1.0" 200 - "https://lizardheartmovies.online/wp-cron.php?doing_wp_cron=1732633216.0009620189666748046875" "WordPress/6.1.7; https://lizardheartmovies.online"
178.128.79.56 - - [26/Nov/2024:07:00:15 -0800] "POST /wp-login.php HTTP/1.0" 200 9839 "-" "Mozilla/5.0 (Windows NT 6.1; WOW64) AppleWebKit/537.36 (KHTML, like Gecko) Chrome/36.0.1985.125 Safari/537.36"
209.182.200.39 - - [26/Nov/2024:07:04:46 -0800] "POST /wp-cron.php?doing_wp_cron=1732633486.5604319572448730468750 HTTP/1.0" 200 - "https://lizardheartmovies.online/wp-cron.php?doing_wp_cron=1732633486.5604319572448730468750" "WordPress/6.1.7; https://lizardheartmovies.online"
91.90.44.23 - - [26/Nov/2024:07:04:46 -0800] "GET / HTTP/1.0" 200 128746 "-" "Mozilla/5.0 (Android 14; Mobile; LG-M255; rv:127.0) Gecko/127.0 Firefox/127.0"
91.90.44.23 - - [26/Nov/2024:07:04:47 -0800] "POST /wp-content/plugins/wp-automatic/inc/csv.php HTTP/1.0" 404 67735 "-" "Mozilla/5.0 (iPhone; CPU iPhone OS 17_5_1 like Mac OS X) AppleWebKit/605.1.15 (KHTML, like Gecko) Version/17.4.1 Mobile/15E148 Safari/604.1"
209.182.200.39 - - [26/Nov/2024:07:05:00 -0800] "POST /wp-cron.php?doing_wp_cron=1732633499.9825229644775390625000 HTTP/1.0" 200 - "https://lizardheartmovies.online/wp-cron.php?doing_wp_cron=1732633499.9825229644775390625000" "WordPress/6.1.7; https://lizardheartmovies.online"
45.61.185.139 - - [26/Nov/2024:07:04:59 -0800] "GET /wp-login.php HTTP/1.0" 200 9419 "-" "Mozilla/5.0 (X11; Linux x86_64; rv:31.0) Gecko/20100101 Firefox/31.0"
45.61.185.139 - - [26/Nov/2024:07:05:00 -0800] "POST /wp-login.php HTTP/1.0" 200 9873 "-" "Mozilla/5.0 (X11; Linux x86_64; rv:31.0) Gecko/20100101 Firefox/31.0"
209.182.200.39 - - [26/Nov/2024:07:05:56 -0800] "POST /wp-cron.php?doing_wp_cron=1732633556.0181069374084472656250 HTTP/1.0" 200 - "https://lizardheartmovies.online/wp-cron.php?doing_wp_cron=1732633556.0181069374084472656250" "WordPress/6.1.7; https://lizardheartmovies.online"
108.160.138.223 - - [26/Nov/2024:07:05:55 -0800] "POST /wp-login.php HTTP/1.0" 200 9837 "-" "Mozilla/5.0 (Windows NT 10.0; Win64; x64) AppleWebKit/537.36 (KHTML, like Gecko) Chrome/62.0.3202.89 Safari/537.36"
209.182.200.39 - - [26/Nov/2024:07:06:38 -0800] "POST /wp-cron.php?doing_wp_cron=1732633598.7944340705871582031250 HTTP/1.0" 200 - "https://lizardheartmovies.online/wp-cron.php?doing_wp_cron=1732633598.7944340705871582031250" "WordPress/6.1.7; https://lizardheartmovies.online"
107.189.29.207 - - [26/Nov/2024:07:06:38 -0800] "GET /wp-login.php HTTP/1.0" 200 9419 "-" "Mozilla/5.0 (Macintosh; Intel Mac OS X 10_9_2) AppleWebKit/537.75.14 (KHTML, like Gecko) Version/7.0.3 Safari/537.75.14"
107.189.29.207 - - [26/Nov/2024:07:06:39 -0800] "POST /wp-login.php HTTP/1.0" 200 9857 "-" "Mozilla/5.0 (Macintosh; Intel Mac OS X 10_9_2) AppleWebKit/537.75.14 (KHTML, like Gecko) Version/7.0.3 Safari/537.75.14"
209.182.200.39 - - [26/Nov/2024:07:07:40 -0800] "POST /wp-cron.php?doing_wp_cron=1732633660.2791399955749511718750 HTTP/1.0" 200 - "https://lizardheartmovies.online/wp-cron.php?doing_wp_cron=1732633660.2791399955749511718750" "WordPress/6.1.7; https://lizardheartmovies.online"
207.46.13.126 - - [26/Nov/2024:07:07:40 -0800] "GET /wp-admin/admin-ajax.php?action=betube_process_dislike&nonce=a98eb0b41d&post_id=5021 HTTP/1.0" 200 13 "-" "Mozilla/5.0 AppleWebKit/537.36 (KHTML, like Gecko; compatible; bingbot/2.0; +http://www.bing.com/bingbot.htm) Chrome/116.0.1938.76 Safari/537.36"
209.182.200.39 - - [26/Nov/2024:07:16:55 -0800] "POST /wp-cron.php?doing_wp_cron=1732634215.4391210079193115234375 HTTP/1.0" 200 - "http://lizardheartmovies.online/wp-cron.php?doing_wp_cron=1732634215.4391210079193115234375" "WordPress/6.1.7; https://lizardheartmovies.online"
177.52.160.32 - - [26/Nov/2024:07:16:54 -0800] "GET /wp-login.php HTTP/1.0" 302 - "-" "Mozilla/5.0 (X11; Fedora; Linux x86_64; rv:89.0) Gecko/20100101 Firefox/89.0"
177.52.160.32 - - [26/Nov/2024:07:16:56 -0800] "GET /wp-login.php HTTP/1.0" 200 9419 "http://lizardheartmovies.online/wp-login.php" "Mozilla/5.0 (X11; Fedora; Linux x86_64; rv:89.0) Gecko/20100101 Firefox/89.0"
177.52.160.32 - - [26/Nov/2024:07:16:57 -0800] "GET ///?author=1 HTTP/1.0" 301 - "-" "Mozilla/5.0 (X11; Fedora; Linux x86_64; rv:89.0) Gecko/20100101 Firefox/89.0"
177.52.160.32 - - [26/Nov/2024:07:16:58 -0800] "GET /author/admin/ HTTP/1.0" 200 122699 "http://lizardheartmovies.online///?author=1" "Mozilla/5.0 (X11; Fedora; Linux x86_64; rv:89.0) Gecko/20100101 Firefox/89.0"
177.52.160.32 - - [26/Nov/2024:07:16:59 -0800] "GET ///wp-json/wp/v2/users/ HTTP/1.0" 200 626 "-" "Mozilla/5.0 (X11; Fedora; Linux x86_64; rv:89.0) Gecko/20100101 Firefox/89.0"
177.52.160.32 - - [26/Nov/2024:07:17:00 -0800] "GET ///?author=2 HTTP/1.0" 301 - "-" "Mozilla/5.0 (X11; Fedora; Linux x86_64; rv:89.0) Gecko/20100101 Firefox/89.0"
177.52.160.32 - - [26/Nov/2024:07:17:01 -0800] "GET /?author=2 HTTP/1.0" 200 122599 "http://lizardheartmovies.online///?author=2" "Mozilla/5.0 (X11; Fedora; Linux x86_64; rv:89.0) Gecko/20100101 Firefox/89.0"
177.52.160.32 - - [26/Nov/2024:07:17:02 -0800] "GET ///?author=3 HTTP/1.0" 301 - "-" "Mozilla/5.0 (X11; Fedora; Linux x86_64; rv:89.0) Gecko/20100101 Firefox/89.0"
177.52.160.32 - - [26/Nov/2024:07:17:03 -0800] "GET /?author=3 HTTP/1.0" 200 133435 "http://lizardheartmovies.online///?author=3" "Mozilla/5.0 (X11; Fedora; Linux x86_64; rv:89.0) Gecko/20100101 Firefox/89.0"
177.52.160.32 - - [26/Nov/2024:07:17:04 -0800] "GET ///?author=4 HTTP/1.0" 301 - "-" "Mozilla/5.0 (X11; Fedora; Linux x86_64; rv:89.0) Gecko/20100101 Firefox/89.0"
177.52.160.32 - - [26/Nov/2024:07:17:05 -0800] "GET /?author=4 HTTP/1.0" 200 122645 "http://lizardheartmovies.online///?author=4" "Mozilla/5.0 (X11; Fedora; Linux x86_64; rv:89.0) Gecko/20100101 Firefox/89.0"
209.182.200.39 - - [26/Nov/2024:07:19:22 -0800] "POST /wp-cron.php?doing_wp_cron=1732634362.3021249771118164062500 HTTP/1.0" 200 - "https://lizardheartmovies.online/wp-cron.php?doing_wp_cron=1732634362.3021249771118164062500" "WordPress/6.1.7; https://lizardheartmovies.online"
147.135.255.8 - - [26/Nov/2024:07:19:22 -0800] "POST /wp-login.php HTTP/1.0" 200 9839 "-" "Mozilla/5.0 (Windows NT 10.0; Win64; x64) AppleWebKit/537.36 (KHTML, like Gecko) Chrome/73.0.3683.86 Safari/537.36"
209.182.200.39 - - [26/Nov/2024:07:24:57 -0800] "POST /wp-cron.php?doing_wp_cron=1732634697.0005109310150146484375 HTTP/1.0" 200 - "https://lizardheartmovies.online/wp-cron.php?doing_wp_cron=1732634697.0005109310150146484375" "WordPress/6.1.7; https://lizardheartmovies.online"
192.3.231.174 - - [26/Nov/2024:07:24:56 -0800] "POST /wp-login.php HTTP/1.0" 200 9837 "-" "Mozilla/5.0 (Windows NT 6.1; WOW64) AppleWebKit/537.36 (KHTML, like Gecko) Chrome/48.0.2564.109 Safari/537.36"
209.182.200.39 - - [26/Nov/2024:07:38:22 -0800] "POST /wp-cron.php?doing_wp_cron=1732635502.6153309345245361328125 HTTP/1.0" 200 - "https://lizardheartmovies.online/wp-cron.php?doing_wp_cron=1732635502.6153309345245361328125" "WordPress/6.1.7; https://lizardheartmovies.online"
185.50.25.38 - - [26/Nov/2024:07:38:22 -0800] "POST /wp-login.php HTTP/1.0" 200 9839 "-" "Mozilla/5.0 (Windows NT 10.0; Win64; x64) AppleWebKit/537.36 (KHTML, like Gecko) Chrome/87.0.4280.88 Safari/537.36"
209.182.200.39 - - [26/Nov/2024:07:43:56 -0800] "POST /wp-cron.php?doing_wp_cron=1732635836.2012031078338623046875 HTTP/1.0" 200 - "https://lizardheartmovies.online/wp-cron.php?doing_wp_cron=1732635836.2012031078338623046875" "WordPress/6.1.7; https://lizardheartmovies.online"
