209.182.200.39 - - [26/Nov/2024:10:38:59 -0800] "POST /wp-cron.php?doing_wp_cron=1732646339.7629070281982421875000 HTTP/1.0" 200 - "https://lizardheartmovies.online/wp-cron.php?doing_wp_cron=1732646339.7629070281982421875000" "WordPress/6.1.7; https://lizardheartmovies.online"
54.38.85.21 - - [26/Nov/2024:10:38:59 -0800] "GET /animation-movies-2016-full-movies-english-%E2%98%82-new-animation-movies-2016-full-movies-english/feed/ HTTP/1.0" 200 1008 "-" "Mozilla/5.0 (compatible; MJ12bot/v1.4.8; http://mj12bot.com/)"
54.38.85.21 - - [26/Nov/2024:10:39:21 -0800] "GET /animation-movies-for-kid-2017-%E2%9D%82-cartoon-new-compilation-%E2%9D%82-company-picnic-%E2%9D%82-monitoon/feed/ HTTP/1.0" 200 1024 "-" "Mozilla/5.0 (compatible; MJ12bot/v1.4.8; http://mj12bot.com/)"
209.182.200.39 - - [26/Nov/2024:10:39:43 -0800] "POST /wp-cron.php?doing_wp_cron=1732646382.9899730682373046875000 HTTP/1.0" 200 - "https://lizardheartmovies.online/wp-cron.php?doing_wp_cron=1732646382.9899730682373046875000" "WordPress/6.1.7; https://lizardheartmovies.online"
54.38.85.21 - - [26/Nov/2024:10:39:42 -0800] "GET /animation-movies-for-kid-2017-%E2%9D%82-cartoon-new-compilation-%E2%9D%82-company-picnic-%E2%9D%82-monitoon/ HTTP/1.0" 200 107527 "-" "Mozilla/5.0 (compatible; MJ12bot/v1.4.8; http://mj12bot.com/)"
209.182.200.39 - - [26/Nov/2024:10:40:07 -0800] "POST /wp-cron.php?doing_wp_cron=1732646407.1638190746307373046875 HTTP/1.0" 200 - "https://lizardheartmovies.online/wp-cron.php?doing_wp_cron=1732646407.1638190746307373046875" "WordPress/6.1.7; https://lizardheartmovies.online"
54.38.85.21 - - [26/Nov/2024:10:40:07 -0800] "GET /animation/%E0%B8%A0%E0%B8%B2%E0%B8%9E%E0%B8%A2%E0%B8%99%E0%B8%95%E0%B8%A3%E0%B9%8C%E0%B8%97%E0%B8%B5%E0%B9%88%E0%B8%94%E0%B8%B5%E0%B8%97%E0%B8%B5%E0%B9%88%E0%B8%AA%E0%B8%B8%E0%B8%94%E0%B9%80%E0%B8%84%E0%B8%A5/ HTTP/1.0" 404 67807 "-" "Mozilla/5.0 (compatible; MJ12bot/v1.4.8; http://mj12bot.com/)"
209.182.200.39 - - [26/Nov/2024:10:40:30 -0800] "POST /wp-cron.php?doing_wp_cron=1732646430.5178480148315429687500 HTTP/1.0" 200 - "https://lizardheartmovies.online/wp-cron.php?doing_wp_cron=1732646430.5178480148315429687500" "WordPress/6.1.7; https://lizardheartmovies.online"
54.38.85.21 - - [26/Nov/2024:10:40:30 -0800] "GET /animation/%E0%B8%A0%E0%B8%B2%E0%B8%9E%E0%B8%A2%E0%B8%99%E0%B8%95%E0%B8%A3%E0%B9%8C%E0%B8%97%E0%B8%B5%E0%B9%88%E0%B8%94%E0%B8%B5%E0%B8%97%E0%B8%B5%E0%B9%88%E0%B8%AA%E0%B8%B8%E0%B8%94%E0%B9%80%E0%B8%84%E0%B8%A5/feed/ HTTP/1.0" 200 895 "-" "Mozilla/5.0 (compatible; MJ12bot/v1.4.8; http://mj12bot.com/)"
209.182.200.39 - - [26/Nov/2024:10:41:01 -0800] "POST /wp-cron.php?doing_wp_cron=1732646461.4549150466918945312500 HTTP/1.0" 200 - "https://lizardheartmovies.online/wp-cron.php?doing_wp_cron=1732646461.4549150466918945312500" "WordPress/6.1.7; https://lizardheartmovies.online"
54.38.85.21 - - [26/Nov/2024:10:40:57 -0800] "GET /animation/%E2%9C%94-best-animated-movies/ HTTP/1.0" 404 67807 "-" "Mozilla/5.0 (compatible; MJ12bot/v1.4.8; http://mj12bot.com/)"
209.182.200.39 - - [26/Nov/2024:10:41:27 -0800] "POST /wp-cron.php?doing_wp_cron=1732646487.3591010570526123046875 HTTP/1.0" 200 - "https://lizardheartmovies.online/wp-cron.php?doing_wp_cron=1732646487.3591010570526123046875" "WordPress/6.1.7; https://lizardheartmovies.online"
54.38.85.21 - - [26/Nov/2024:10:41:25 -0800] "GET /animation/%E2%9C%94-best-animated-movies/feed/ HTTP/1.0" 200 727 "-" "Mozilla/5.0 (compatible; MJ12bot/v1.4.8; http://mj12bot.com/)"
209.182.200.39 - - [26/Nov/2024:10:41:49 -0800] "POST /wp-cron.php?doing_wp_cron=1732646509.9642040729522705078125 HTTP/1.0" 200 - "https://lizardheartmovies.online/wp-cron.php?doing_wp_cron=1732646509.9642040729522705078125" "WordPress/6.1.7; https://lizardheartmovies.online"
54.38.85.21 - - [26/Nov/2024:10:41:49 -0800] "GET /animation/animated-cartoon-movies-for-kids-animation-movies-2015-length-%C2%A4-children-movies-2015/ HTTP/1.0" 404 67807 "-" "Mozilla/5.0 (compatible; MJ12bot/v1.4.8; http://mj12bot.com/)"
209.182.200.39 - - [26/Nov/2024:10:42:13 -0800] "POST /wp-cron.php?doing_wp_cron=1732646533.1399240493774414062500 HTTP/1.0" 200 - "https://lizardheartmovies.online/wp-cron.php?doing_wp_cron=1732646533.1399240493774414062500" "WordPress/6.1.7; https://lizardheartmovies.online"
54.38.85.21 - - [26/Nov/2024:10:42:13 -0800] "GET /animation/animated-cartoon-movies-for-kids-animation-movies-2015-length-%C2%A4-children-movies-2015/feed/ HTTP/1.0" 200 786 "-" "Mozilla/5.0 (compatible; MJ12bot/v1.4.8; http://mj12bot.com/)"
209.182.200.39 - - [26/Nov/2024:10:42:36 -0800] "POST /wp-cron.php?doing_wp_cron=1732646556.5529201030731201171875 HTTP/1.0" 200 - "https://lizardheartmovies.online/wp-cron.php?doing_wp_cron=1732646556.5529201030731201171875" "WordPress/6.1.7; https://lizardheartmovies.online"
54.38.85.21 - - [26/Nov/2024:10:42:36 -0800] "GET /animation/animation-movies-2015-length-%E2%99%A5-cartoon-movies-english-disney-movies-animated-for-kid/ HTTP/1.0" 301 - "-" "Mozilla/5.0 (compatible; MJ12bot/v1.4.8; http://mj12bot.com/)"
209.182.200.39 - - [26/Nov/2024:10:43:00 -0800] "POST /wp-cron.php?doing_wp_cron=1732646580.6086649894714355468750 HTTP/1.0" 200 - "https://lizardheartmovies.online/wp-cron.php?doing_wp_cron=1732646580.6086649894714355468750" "WordPress/6.1.7; https://lizardheartmovies.online"
54.38.85.21 - - [26/Nov/2024:10:43:00 -0800] "GET /animation-movies-2015-length-%E2%99%A5-cartoon-movies-english-disney-movies-animated-for-kid/ HTTP/1.0" 200 108291 "-" "Mozilla/5.0 (compatible; MJ12bot/v1.4.8; http://mj12bot.com/)"
209.182.200.39 - - [26/Nov/2024:10:43:27 -0800] "POST /wp-cron.php?doing_wp_cron=1732646607.0057730674743652343750 HTTP/1.0" 200 - "https://lizardheartmovies.online/wp-cron.php?doing_wp_cron=1732646607.0057730674743652343750" "WordPress/6.1.7; https://lizardheartmovies.online"
54.38.85.21 - - [26/Nov/2024:10:43:26 -0800] "GET /animation/animation-movies-2015-length-%E2%99%A5-cartoon-movies-english-disney-movies-animated-for-kid/feed/ HTTP/1.0" 200 789 "-" "Mozilla/5.0 (compatible; MJ12bot/v1.4.8; http://mj12bot.com/)"
209.182.200.39 - - [26/Nov/2024:10:43:50 -0800] "POST /wp-cron.php?doing_wp_cron=1732646630.0784940719604492187500 HTTP/1.0" 200 - "https://lizardheartmovies.online/wp-cron.php?doing_wp_cron=1732646630.0784940719604492187500" "WordPress/6.1.7; https://lizardheartmovies.online"
54.38.85.21 - - [26/Nov/2024:10:43:49 -0800] "GET /animation/best-animation-movies-2016-full-movies-english-animated-cartoon-movies-for-kids%E2%98%85animation-movies/ HTTP/1.0" 301 - "-" "Mozilla/5.0 (compatible; MJ12bot/v1.4.8; http://mj12bot.com/)"
209.182.200.39 - - [26/Nov/2024:10:44:15 -0800] "POST /wp-cron.php?doing_wp_cron=1732646655.1237659454345703125000 HTTP/1.0" 200 - "https://lizardheartmovies.online/wp-cron.php?doing_wp_cron=1732646655.1237659454345703125000" "WordPress/6.1.7; https://lizardheartmovies.online"
54.38.85.21 - - [26/Nov/2024:10:44:12 -0800] "GET /best-animation-movies-2016-full-movies-english-animated-cartoon-movies-for-kids%E2%98%85animation-movies/ HTTP/1.0" 200 107084 "-" "Mozilla/5.0 (compatible; MJ12bot/v1.4.8; http://mj12bot.com/)"
209.182.200.39 - - [26/Nov/2024:10:44:38 -0800] "POST /wp-cron.php?doing_wp_cron=1732646678.7312729358673095703125 HTTP/1.0" 200 - "https://lizardheartmovies.online/wp-cron.php?doing_wp_cron=1732646678.7312729358673095703125" "WordPress/6.1.7; https://lizardheartmovies.online"
54.38.85.21 - - [26/Nov/2024:10:44:38 -0800] "GET /best-action-sci-fi-movies-2018-%E2%9D%84-top-action-movies-full-length-english-hollywood/ HTTP/1.0" 200 106987 "-" "Mozilla/5.0 (compatible; MJ12bot/v1.4.8; http://mj12bot.com/)"
209.182.200.39 - - [26/Nov/2024:10:45:02 -0800] "POST /wp-cron.php?doing_wp_cron=1732646702.9692618846893310546875 HTTP/1.0" 200 - "https://lizardheartmovies.online/wp-cron.php?doing_wp_cron=1732646702.9692618846893310546875" "WordPress/6.1.7; https://lizardheartmovies.online"
54.38.85.21 - - [26/Nov/2024:10:45:02 -0800] "GET /best-action-sci-fi-movies-2018-%E2%9D%84-top-action-movies-full-length-english-hollywood/feed/ HTTP/1.0" 200 979 "-" "Mozilla/5.0 (compatible; MJ12bot/v1.4.8; http://mj12bot.com/)"
209.182.200.39 - - [26/Nov/2024:10:47:46 -0800] "POST /wp-cron.php?doing_wp_cron=1732646866.6755809783935546875000 HTTP/1.0" 200 - "https://lizardheartmovies.online/wp-cron.php?doing_wp_cron=1732646866.6755809783935546875000" "WordPress/6.1.7; https://lizardheartmovies.online"
54.38.85.21 - - [26/Nov/2024:10:47:46 -0800] "GET /best-animation-movies-2016-full-movies-english-animated-cartoon-movies-for-kids%E2%98%85animation-movies/ HTTP/1.0" 200 106965 "-" "Mozilla/5.0 (compatible; MJ12bot/v1.4.8; http://mj12bot.com/)"
54.38.85.21 - - [26/Nov/2024:10:48:07 -0800] "GET /best-animation-movies-2016-full-movies-english-animated-cartoon-movies-for-kids%E2%98%85animation-movies/feed/ HTTP/1.0" 200 1027 "-" "Mozilla/5.0 (compatible; MJ12bot/v1.4.8; http://mj12bot.com/)"
209.141.56.53 - - [26/Nov/2024:10:48:11 -0800] "GET /wp-login.php HTTP/1.0" 200 9419 "-" "Mozilla/5.0 (X11; Linux x86_64) AppleWebKit/537.36 (KHTML, like Gecko) Chrome/35.0.1916.153 Safari/537.36"
209.141.56.53 - - [26/Nov/2024:10:48:12 -0800] "POST /wp-login.php HTTP/1.0" 200 9873 "-" "Mozilla/5.0 (X11; Linux x86_64) AppleWebKit/537.36 (KHTML, like Gecko) Chrome/35.0.1916.153 Safari/537.36"
209.182.200.39 - - [26/Nov/2024:10:48:29 -0800] "POST /wp-cron.php?doing_wp_cron=1732646909.2611370086669921875000 HTTP/1.0" 200 - "https://lizardheartmovies.online/wp-cron.php?doing_wp_cron=1732646909.2611370086669921875000" "WordPress/6.1.7; https://lizardheartmovies.online"
54.38.85.21 - - [26/Nov/2024:10:48:29 -0800] "GET /best-war-movies-of-all-times-%E2%96%B6-war-movies-2018-full-length-english-subtitles/ HTTP/1.0" 200 106642 "-" "Mozilla/5.0 (compatible; MJ12bot/v1.4.8; http://mj12bot.com/)"
209.182.200.39 - - [26/Nov/2024:10:48:52 -0800] "POST /wp-cron.php?doing_wp_cron=1732646932.2064030170440673828125 HTTP/1.0" 200 - "https://lizardheartmovies.online/wp-cron.php?doing_wp_cron=1732646932.2064030170440673828125" "WordPress/6.1.7; https://lizardheartmovies.online"
54.38.85.21 - - [26/Nov/2024:10:48:51 -0800] "GET /best-war-movies-of-all-times-%E2%96%B6-war-movies-2018-full-length-english-subtitles/feed/ HTTP/1.0" 200 967 "-" "Mozilla/5.0 (compatible; MJ12bot/v1.4.8; http://mj12bot.com/)"
209.182.200.39 - - [26/Nov/2024:10:49:14 -0800] "POST /wp-cron.php?doing_wp_cron=1732646954.6343600749969482421875 HTTP/1.0" 200 - "https://lizardheartmovies.online/wp-cron.php?doing_wp_cron=1732646954.6343600749969482421875" "WordPress/6.1.7; https://lizardheartmovies.online"
54.38.85.21 - - [26/Nov/2024:10:49:14 -0800] "GET /carrot-sharpener-lu%CC%88t-27/ HTTP/1.0" 200 117947 "-" "Mozilla/5.0 (compatible; MJ12bot/v1.4.8; http://mj12bot.com/)"
209.182.200.39 - - [26/Nov/2024:10:49:36 -0800] "POST /wp-cron.php?doing_wp_cron=1732646976.9636940956115722656250 HTTP/1.0" 200 - "https://lizardheartmovies.online/wp-cron.php?doing_wp_cron=1732646976.9636940956115722656250" "WordPress/6.1.7; https://lizardheartmovies.online"
54.38.85.21 - - [26/Nov/2024:10:49:36 -0800] "GET /carrot-sharpener-lu%CC%88t-27-2/ HTTP/1.0" 200 117985 "-" "Mozilla/5.0 (compatible; MJ12bot/v1.4.8; http://mj12bot.com/)"
209.182.200.39 - - [26/Nov/2024:10:49:59 -0800] "POST /wp-cron.php?doing_wp_cron=1732646999.2237429618835449218750 HTTP/1.0" 200 - "https://lizardheartmovies.online/wp-cron.php?doing_wp_cron=1732646999.2237429618835449218750" "WordPress/6.1.7; https://lizardheartmovies.online"
54.38.85.21 - - [26/Nov/2024:10:49:59 -0800] "GET /carrot-sharpener-lu%CC%88t-27-2/feed/ HTTP/1.0" 200 810 "-" "Mozilla/5.0 (compatible; MJ12bot/v1.4.8; http://mj12bot.com/)"
54.38.85.21 - - [26/Nov/2024:10:50:20 -0800] "GET /carrot-sharpener-lu%CC%88t-27/feed/ HTTP/1.0" 200 806 "-" "Mozilla/5.0 (compatible; MJ12bot/v1.4.8; http://mj12bot.com/)"
209.182.200.39 - - [26/Nov/2024:10:50:42 -0800] "POST /wp-cron.php?doing_wp_cron=1732647042.6142220497131347656250 HTTP/1.0" 200 - "https://lizardheartmovies.online/wp-cron.php?doing_wp_cron=1732647042.6142220497131347656250" "WordPress/6.1.7; https://lizardheartmovies.online"
54.38.85.21 - - [26/Nov/2024:10:50:42 -0800] "GET /cartoons-for-children%E2%98%86animation-movies-for-kids-2018-disney-movies-for-kids/ HTTP/1.0" 200 107160 "-" "Mozilla/5.0 (compatible; MJ12bot/v1.4.8; http://mj12bot.com/)"
209.182.200.39 - - [26/Nov/2024:10:51:05 -0800] "POST /wp-cron.php?doing_wp_cron=1732647064.9933381080627441406250 HTTP/1.0" 200 - "https://lizardheartmovies.online/wp-cron.php?doing_wp_cron=1732647064.9933381080627441406250" "WordPress/6.1.7; https://lizardheartmovies.online"
54.38.85.21 - - [26/Nov/2024:10:51:04 -0800] "GET /cartoons-for-children%E2%98%86animation-movies-for-kids-2018-disney-movies-for-kids/feed/ HTTP/1.0" 200 964 "-" "Mozilla/5.0 (compatible; MJ12bot/v1.4.8; http://mj12bot.com/)"
209.182.200.39 - - [26/Nov/2024:10:51:26 -0800] "POST /wp-cron.php?doing_wp_cron=1732647086.3967580795288085937500 HTTP/1.0" 200 - "https://lizardheartmovies.online/wp-cron.php?doing_wp_cron=1732647086.3967580795288085937500" "WordPress/6.1.7; https://lizardheartmovies.online"
54.38.85.21 - - [26/Nov/2024:10:51:26 -0800] "GET /comedy/%E0%B4%85%E0%B4%B2%E0%B4%B5%E0%B4%B2%E0%B4%BE%E0%B4%A4%E0%B4%BF-malayalam-comedy-movies-malayalam-comedy-scenes-from-movies-hd/ HTTP/1.0" 404 67807 "-" "Mozilla/5.0 (compatible; MJ12bot/v1.4.8; http://mj12bot.com/)"
209.182.200.39 - - [26/Nov/2024:10:51:47 -0800] "POST /wp-cron.php?doing_wp_cron=1732647107.4524331092834472656250 HTTP/1.0" 200 - "https://lizardheartmovies.online/wp-cron.php?doing_wp_cron=1732647107.4524331092834472656250" "WordPress/6.1.7; https://lizardheartmovies.online"
54.38.85.21 - - [26/Nov/2024:10:51:47 -0800] "GET /comedy/%E0%B4%85%E0%B4%B2%E0%B4%B5%E0%B4%B2%E0%B4%BE%E0%B4%A4%E0%B4%BF-malayalam-comedy-movies-malayalam-comedy-scenes-from-movies-hd/feed/ HTTP/1.0" 200 820 "-" "Mozilla/5.0 (compatible; MJ12bot/v1.4.8; http://mj12bot.com/)"
209.182.200.39 - - [26/Nov/2024:10:52:09 -0800] "POST /wp-cron.php?doing_wp_cron=1732647129.7822039127349853515625 HTTP/1.0" 200 - "https://lizardheartmovies.online/wp-cron.php?doing_wp_cron=1732647129.7822039127349853515625" "WordPress/6.1.7; https://lizardheartmovies.online"
54.38.85.21 - - [26/Nov/2024:10:52:09 -0800] "GET /crime/2017-h%E1%B4%85-m%E1%B4%8F%E1%B4%A0%C9%AA%E1%B4%87-black-delta-best-action-movies-length-action-crime-movies/ HTTP/1.0" 404 67807 "-" "Mozilla/5.0 (compatible; MJ12bot/v1.4.8; http://mj12bot.com/)"
209.182.200.39 - - [26/Nov/2024:10:52:31 -0800] "POST /wp-cron.php?doing_wp_cron=1732647151.0056459903717041015625 HTTP/1.0" 200 - "https://lizardheartmovies.online/wp-cron.php?doing_wp_cron=1732647151.0056459903717041015625" "WordPress/6.1.7; https://lizardheartmovies.online"
54.38.85.21 - - [26/Nov/2024:10:52:30 -0800] "GET /crime/2017-h%E1%B4%85-m%E1%B4%8F%E1%B4%A0%C9%AA%E1%B4%87-black-delta-best-action-movies-length-action-crime-movies/feed/ HTTP/1.0" 200 801 "-" "Mozilla/5.0 (compatible; MJ12bot/v1.4.8; http://mj12bot.com/)"
209.182.200.39 - - [26/Nov/2024:10:52:52 -0800] "POST /wp-cron.php?doing_wp_cron=1732647172.2970340251922607421875 HTTP/1.0" 200 - "https://lizardheartmovies.online/wp-cron.php?doing_wp_cron=1732647172.2970340251922607421875" "WordPress/6.1.7; https://lizardheartmovies.online"
54.38.85.21 - - [26/Nov/2024:10:52:52 -0800] "GET /crime/new-action-movies-2016-full-movie-english-hollywood-%E2%9C%AA-adventure-crime-movies-hollywood/ HTTP/1.0" 404 67807 "-" "Mozilla/5.0 (compatible; MJ12bot/v1.4.8; http://mj12bot.com/)"
209.182.200.39 - - [26/Nov/2024:10:53:14 -0800] "POST /wp-cron.php?doing_wp_cron=1732647194.0055510997772216796875 HTTP/1.0" 200 - "https://lizardheartmovies.online/wp-cron.php?doing_wp_cron=1732647194.0055510997772216796875" "WordPress/6.1.7; https://lizardheartmovies.online"
54.38.85.21 - - [26/Nov/2024:10:53:13 -0800] "GET /crime/new-action-movies-2016-full-movie-english-hollywood-%E2%9C%AA-adventure-crime-movies-hollywood/feed/ HTTP/1.0" 200 787 "-" "Mozilla/5.0 (compatible; MJ12bot/v1.4.8; http://mj12bot.com/)"
209.182.200.39 - - [26/Nov/2024:10:53:50 -0800] "POST /wp-cron.php?doing_wp_cron=1732647230.2621960639953613281250 HTTP/1.0" 200 - "https://lizardheartmovies.online/wp-cron.php?doing_wp_cron=1732647230.2621960639953613281250" "WordPress/6.1.7; https://lizardheartmovies.online"
54.38.85.21 - - [26/Nov/2024:10:53:35 -0800] "GET /dog-butt-floss-and-more-lu%CC%88t-21/ HTTP/1.0" 200 119730 "-" "Mozilla/5.0 (compatible; MJ12bot/v1.4.8; http://mj12bot.com/)"
209.182.200.39 - - [26/Nov/2024:10:54:15 -0800] "POST /wp-cron.php?doing_wp_cron=1732647255.4042758941650390625000 HTTP/1.0" 200 - "https://lizardheartmovies.online/wp-cron.php?doing_wp_cron=1732647255.4042758941650390625000" "WordPress/6.1.7; https://lizardheartmovies.online"
54.38.85.21 - - [26/Nov/2024:10:54:15 -0800] "GET /dog-butt-floss-and-more-lu%CC%88t-21-2/ HTTP/1.0" 200 120004 "-" "Mozilla/5.0 (compatible; MJ12bot/v1.4.8; http://mj12bot.com/)"
209.182.200.39 - - [26/Nov/2024:10:54:37 -0800] "POST /wp-cron.php?doing_wp_cron=1732647277.5221679210662841796875 HTTP/1.0" 200 - "https://lizardheartmovies.online/wp-cron.php?doing_wp_cron=1732647277.5221679210662841796875" "WordPress/6.1.7; https://lizardheartmovies.online"
54.38.85.21 - - [26/Nov/2024:10:54:37 -0800] "GET /dog-butt-floss-and-more-lu%CC%88t-21-2/feed/ HTTP/1.0" 200 832 "-" "Mozilla/5.0 (compatible; MJ12bot/v1.4.8; http://mj12bot.com/)"
209.182.200.39 - - [26/Nov/2024:10:54:58 -0800] "POST /wp-cron.php?doing_wp_cron=1732647298.7666709423065185546875 HTTP/1.0" 200 - "https://lizardheartmovies.online/wp-cron.php?doing_wp_cron=1732647298.7666709423065185546875" "WordPress/6.1.7; https://lizardheartmovies.online"
54.38.85.21 - - [26/Nov/2024:10:54:58 -0800] "GET /dog-butt-floss-and-more-lu%CC%88t-21/feed/ HTTP/1.0" 200 828 "-" "Mozilla/5.0 (compatible; MJ12bot/v1.4.8; http://mj12bot.com/)"
54.38.85.21 - - [26/Nov/2024:10:55:19 -0800] "GET /drama/9muses-drama-%EB%82%98%EC%9D%B8%EB%AE%A4%EC%A7%80%EC%8A%A4-drama/ HTTP/1.0" 404 67807 "-" "Mozilla/5.0 (compatible; MJ12bot/v1.4.8; http://mj12bot.com/)"
209.182.200.39 - - [26/Nov/2024:10:55:40 -0800] "POST /wp-cron.php?doing_wp_cron=1732647340.8611879348754882812500 HTTP/1.0" 200 - "https://lizardheartmovies.online/wp-cron.php?doing_wp_cron=1732647340.8611879348754882812500" "WordPress/6.1.7; https://lizardheartmovies.online"
54.38.85.21 - - [26/Nov/2024:10:55:40 -0800] "GET /drama/9muses-drama-%EB%82%98%EC%9D%B8%EB%AE%A4%EC%A7%80%EC%8A%A4-drama-2/ HTTP/1.0" 404 67807 "-" "Mozilla/5.0 (compatible; MJ12bot/v1.4.8; http://mj12bot.com/)"
209.182.200.39 - - [26/Nov/2024:10:56:04 -0800] "POST /wp-cron.php?doing_wp_cron=1732647364.2337241172790527343750 HTTP/1.0" 200 - "https://lizardheartmovies.online/wp-cron.php?doing_wp_cron=1732647364.2337241172790527343750" "WordPress/6.1.7; https://lizardheartmovies.online"
54.38.85.21 - - [26/Nov/2024:10:56:04 -0800] "GET /drama/9muses-drama-%EB%82%98%EC%9D%B8%EB%AE%A4%EC%A7%80%EC%8A%A4-drama-2/feed/ HTTP/1.0" 200 759 "-" "Mozilla/5.0 (compatible; MJ12bot/v1.4.8; http://mj12bot.com/)"
54.38.85.21 - - [26/Nov/2024:10:56:24 -0800] "GET /drama/9muses-drama-%EB%82%98%EC%9D%B8%EB%AE%A4%EC%A7%80%EC%8A%A4-drama-3/ HTTP/1.0" 404 67807 "-" "Mozilla/5.0 (compatible; MJ12bot/v1.4.8; http://mj12bot.com/)"
185.191.171.13 - - [26/Nov/2024:10:56:36 -0800] "GET /robots.txt HTTP/1.0" 200 30 "-" "Mozilla/5.0 (compatible; SemrushBot/7~bl; +http://www.semrush.com/bot.html)"
209.182.200.39 - - [26/Nov/2024:10:56:36 -0800] "POST /wp-cron.php?doing_wp_cron=1732647396.9663140773773193359375 HTTP/1.0" 200 - "https://lizardheartmovies.online/wp-cron.php?doing_wp_cron=1732647396.9663140773773193359375" "WordPress/6.1.7; https://lizardheartmovies.online"
85.208.96.199 - - [26/Nov/2024:10:56:36 -0800] "GET /wp-admin/admin-ajax.php?action=betube_process_like&disabled=true&is_comment=0&nonce=e3e2b4145e&post_id=13631 HTTP/1.0" 200 13 "-" "Mozilla/5.0 (compatible; SemrushBot/7~bl; +http://www.semrush.com/bot.html)"
54.38.85.21 - - [26/Nov/2024:10:56:46 -0800] "GET /drama/9muses-drama-%EB%82%98%EC%9D%B8%EB%AE%A4%EC%A7%80%EC%8A%A4-drama-3/feed/ HTTP/1.0" 200 759 "-" "Mozilla/5.0 (compatible; MJ12bot/v1.4.8; http://mj12bot.com/)"
54.38.85.21 - - [26/Nov/2024:10:57:07 -0800] "GET /drama/9muses-drama-%EB%82%98%EC%9D%B8%EB%AE%A4%EC%A7%80%EC%8A%A4-drama-4/ HTTP/1.0" 404 67807 "-" "Mozilla/5.0 (compatible; MJ12bot/v1.4.8; http://mj12bot.com/)"
209.182.200.39 - - [26/Nov/2024:10:57:37 -0800] "POST /wp-cron.php?doing_wp_cron=1732647457.6023120880126953125000 HTTP/1.0" 200 - "https://lizardheartmovies.online/wp-cron.php?doing_wp_cron=1732647457.6023120880126953125000" "WordPress/6.1.7; https://lizardheartmovies.online"
54.38.85.21 - - [26/Nov/2024:10:57:36 -0800] "GET /drama/9muses-drama-%EB%82%98%EC%9D%B8%EB%AE%A4%EC%A7%80%EC%8A%A4-drama-4/feed/ HTTP/1.0" 200 759 "-" "Mozilla/5.0 (compatible; MJ12bot/v1.4.8; http://mj12bot.com/)"
209.182.200.39 - - [26/Nov/2024:10:58:01 -0800] "POST /wp-cron.php?doing_wp_cron=1732647481.8658370971679687500000 HTTP/1.0" 200 - "https://lizardheartmovies.online/wp-cron.php?doing_wp_cron=1732647481.8658370971679687500000" "WordPress/6.1.7; https://lizardheartmovies.online"
54.38.85.21 - - [26/Nov/2024:10:57:58 -0800] "GET /drama/9muses-drama-%EB%82%98%EC%9D%B8%EB%AE%A4%EC%A7%80%EC%8A%A4-drama-5/ HTTP/1.0" 404 67807 "-" "Mozilla/5.0 (compatible; MJ12bot/v1.4.8; http://mj12bot.com/)"
54.38.85.21 - - [26/Nov/2024:10:58:22 -0800] "GET /drama/9muses-drama-%EB%82%98%EC%9D%B8%EB%AE%A4%EC%A7%80%EC%8A%A4-drama-5/feed/ HTTP/1.0" 200 759 "-" "Mozilla/5.0 (compatible; MJ12bot/v1.4.8; http://mj12bot.com/)"
209.182.200.39 - - [26/Nov/2024:10:58:44 -0800] "POST /wp-cron.php?doing_wp_cron=1732647524.2774279117584228515625 HTTP/1.0" 200 - "https://lizardheartmovies.online/wp-cron.php?doing_wp_cron=1732647524.2774279117584228515625" "WordPress/6.1.7; https://lizardheartmovies.online"
54.38.85.21 - - [26/Nov/2024:10:58:44 -0800] "GET /drama/9muses-drama-%EB%82%98%EC%9D%B8%EB%AE%A4%EC%A7%80%EC%8A%A4-drama/feed/ HTTP/1.0" 200 757 "-" "Mozilla/5.0 (compatible; MJ12bot/v1.4.8; http://mj12bot.com/)"
209.182.200.39 - - [26/Nov/2024:10:59:05 -0800] "POST /wp-cron.php?doing_wp_cron=1732647545.2241640090942382812500 HTTP/1.0" 200 - "https://lizardheartmovies.online/wp-cron.php?doing_wp_cron=1732647545.2241640090942382812500" "WordPress/6.1.7; https://lizardheartmovies.online"
54.38.85.21 - - [26/Nov/2024:10:59:05 -0800] "GET /drama/napoleon-2023-%E2%80%A7-drama-historical-drama/ HTTP/1.0" 404 67807 "-" "Mozilla/5.0 (compatible; MJ12bot/v1.4.8; http://mj12bot.com/)"
209.182.200.39 - - [26/Nov/2024:10:59:26 -0800] "POST /wp-cron.php?doing_wp_cron=1732647566.1949748992919921875000 HTTP/1.0" 200 - "https://lizardheartmovies.online/wp-cron.php?doing_wp_cron=1732647566.1949748992919921875000" "WordPress/6.1.7; https://lizardheartmovies.online"
54.38.85.21 - - [26/Nov/2024:10:59:26 -0800] "GET /drama/napoleon-2023-%E2%80%A7-drama-historical-drama/feed/ HTTP/1.0" 200 739 "-" "Mozilla/5.0 (compatible; MJ12bot/v1.4.8; http://mj12bot.com/)"
209.182.200.39 - - [26/Nov/2024:10:59:47 -0800] "POST /wp-cron.php?doing_wp_cron=1732647587.1116809844970703125000 HTTP/1.0" 200 - "https://lizardheartmovies.online/wp-cron.php?doing_wp_cron=1732647587.1116809844970703125000" "WordPress/6.1.7; https://lizardheartmovies.online"
54.38.85.21 - - [26/Nov/2024:10:59:46 -0800] "GET /f%E1%B4%9C%CA%9F%CA%9F-h%E1%B4%85-m%E1%B4%8F%E1%B4%A0%C9%AA%E1%B4%87-the-ring-of-mordor-best-fantasy-adventure-action-full-length-movies/ HTTP/1.0" 200 107617 "-" "Mozilla/5.0 (compatible; MJ12bot/v1.4.8; http://mj12bot.com/)"
209.182.200.39 - - [26/Nov/2024:11:00:09 -0800] "POST /wp-cron.php?doing_wp_cron=1732647609.0748410224914550781250 HTTP/1.0" 200 - "https://lizardheartmovies.online/wp-cron.php?doing_wp_cron=1732647609.0748410224914550781250" "WordPress/6.1.7; https://lizardheartmovies.online"
54.38.85.21 - - [26/Nov/2024:11:00:08 -0800] "GET /f%E1%B4%9C%CA%9F%CA%9F-h%E1%B4%85-m%E1%B4%8F%E1%B4%A0%C9%AA%E1%B4%87-the-ring-of-mordor-best-fantasy-adventure-action-full-length-movies/feed/ HTTP/1.0" 200 1101 "-" "Mozilla/5.0 (compatible; MJ12bot/v1.4.8; http://mj12bot.com/)"
209.182.200.39 - - [26/Nov/2024:11:00:29 -0800] "POST /wp-cron.php?doing_wp_cron=1732647629.9309220314025878906250 HTTP/1.0" 200 - "https://lizardheartmovies.online/wp-cron.php?doing_wp_cron=1732647629.9309220314025878906250" "WordPress/6.1.7; https://lizardheartmovies.online"
54.38.85.21 - - [26/Nov/2024:11:00:29 -0800] "GET /f%E1%B4%9C%CA%9F%CA%9F-h%E1%B4%85-m%E1%B4%8F%E1%B4%A0%C9%AA%E1%B4%87-the-ring-of-mordor-best-fantasy-adventure-action-length-movies/ HTTP/1.0" 200 108656 "-" "Mozilla/5.0 (compatible; MJ12bot/v1.4.8; http://mj12bot.com/)"
209.182.200.39 - - [26/Nov/2024:11:00:51 -0800] "POST /wp-cron.php?doing_wp_cron=1732647651.8410570621490478515625 HTTP/1.0" 200 - "https://lizardheartmovies.online/wp-cron.php?doing_wp_cron=1732647651.8410570621490478515625" "WordPress/6.1.7; https://lizardheartmovies.online"
54.38.85.21 - - [26/Nov/2024:11:00:51 -0800] "GET /f%E1%B4%9C%CA%9F%CA%9F-h%E1%B4%85-m%E1%B4%8F%E1%B4%A0%C9%AA%E1%B4%87-the-ring-of-mordor-best-fantasy-adventure-action-length-movies-by-robe/ HTTP/1.0" 200 107477 "-" "Mozilla/5.0 (compatible; MJ12bot/v1.4.8; http://mj12bot.com/)"
209.182.200.39 - - [26/Nov/2024:11:01:14 -0800] "POST /wp-cron.php?doing_wp_cron=1732647674.6475560665130615234375 HTTP/1.0" 200 - "https://lizardheartmovies.online/wp-cron.php?doing_wp_cron=1732647674.6475560665130615234375" "WordPress/6.1.7; https://lizardheartmovies.online"
54.38.85.21 - - [26/Nov/2024:11:01:14 -0800] "GET /f%E1%B4%9C%CA%9F%CA%9F-h%E1%B4%85-m%E1%B4%8F%E1%B4%A0%C9%AA%E1%B4%87-the-ring-of-mordor-best-fantasy-adventure-action-length-movies-by-robe/feed/ HTTP/1.0" 200 1102 "-" "Mozilla/5.0 (compatible; MJ12bot/v1.4.8; http://mj12bot.com/)"
209.182.200.39 - - [26/Nov/2024:11:01:35 -0800] "POST /wp-cron.php?doing_wp_cron=1732647695.6605339050292968750000 HTTP/1.0" 200 - "https://lizardheartmovies.online/wp-cron.php?doing_wp_cron=1732647695.6605339050292968750000" "WordPress/6.1.7; https://lizardheartmovies.online"
54.38.85.21 - - [26/Nov/2024:11:01:35 -0800] "GET /f%E1%B4%9C%CA%9F%CA%9F-h%E1%B4%85-m%E1%B4%8F%E1%B4%A0%C9%AA%E1%B4%87-the-ring-of-mordor-best-fantasy-adventure-action-length-movies/feed/ HTTP/1.0" 200 1078 "-" "Mozilla/5.0 (compatible; MJ12bot/v1.4.8; http://mj12bot.com/)"
209.182.200.39 - - [26/Nov/2024:11:01:56 -0800] "POST /wp-cron.php?doing_wp_cron=1732647716.6831030845642089843750 HTTP/1.0" 200 - "https://lizardheartmovies.online/wp-cron.php?doing_wp_cron=1732647716.6831030845642089843750" "WordPress/6.1.7; https://lizardheartmovies.online"
54.38.85.21 - - [26/Nov/2024:11:01:56 -0800] "GET /hunting-emma-2021-%D9%85%D8%AA%D8%B1%D8%AC%D9%85-%D9%83%D8%A7%D9%85%D9%84/ HTTP/1.0" 200 106331 "-" "Mozilla/5.0 (compatible; MJ12bot/v1.4.8; http://mj12bot.com/)"
54.38.85.21 - - [26/Nov/2024:11:02:18 -0800] "GET /hunting-emma-2021-%D9%85%D8%AA%D8%B1%D8%AC%D9%85-%D9%83%D8%A7%D9%85%D9%84/feed/ HTTP/1.0" 200 904 "-" "Mozilla/5.0 (compatible; MJ12bot/v1.4.8; http://mj12bot.com/)"
209.182.200.39 - - [26/Nov/2024:11:02:39 -0800] "POST /wp-cron.php?doing_wp_cron=1732647759.7612578868865966796875 HTTP/1.0" 200 - "https://lizardheartmovies.online/wp-cron.php?doing_wp_cron=1732647759.7612578868865966796875" "WordPress/6.1.7; https://lizardheartmovies.online"
54.38.85.21 - - [26/Nov/2024:11:02:39 -0800] "GET /ika-butoni-fashion-show-2018-ho%CC%82tel-de-crillon-paris-fashion-channel/ HTTP/1.0" 200 110313 "-" "Mozilla/5.0 (compatible; MJ12bot/v1.4.8; http://mj12bot.com/)"
209.182.200.39 - - [26/Nov/2024:11:03:01 -0800] "POST /wp-cron.php?doing_wp_cron=1732647781.6326589584350585937500 HTTP/1.0" 200 - "https://lizardheartmovies.online/wp-cron.php?doing_wp_cron=1732647781.6326589584350585937500" "WordPress/6.1.7; https://lizardheartmovies.online"
54.38.85.21 - - [26/Nov/2024:11:03:01 -0800] "GET /ika-butoni-fashion-show-2018-ho%CC%82tel-de-crillon-paris-fashion-channel-2/ HTTP/1.0" 200 110193 "-" "Mozilla/5.0 (compatible; MJ12bot/v1.4.8; http://mj12bot.com/)"
209.182.200.39 - - [26/Nov/2024:11:04:00 -0800] "POST /wp-cron.php?doing_wp_cron=1732647840.8521499633789062500000 HTTP/1.0" 200 - "https://lizardheartmovies.online/wp-cron.php?doing_wp_cron=1732647840.8521499633789062500000" "WordPress/6.1.7; https://lizardheartmovies.online"
54.38.85.21 - - [26/Nov/2024:11:03:23 -0800] "GET /ika-butoni-fashion-show-2018-ho%CC%82tel-de-crillon-paris-fashion-channel-2/feed/ HTTP/1.0" 200 955 "-" "Mozilla/5.0 (compatible; MJ12bot/v1.4.8; http://mj12bot.com/)"
54.38.85.21 - - [26/Nov/2024:11:04:21 -0800] "GET /ika-butoni-fashion-show-2018-ho%CC%82tel-de-crillon-paris-fashion-channel/feed/ HTTP/1.0" 200 951 "-" "Mozilla/5.0 (compatible; MJ12bot/v1.4.8; http://mj12bot.com/)"
209.182.200.39 - - [26/Nov/2024:11:04:42 -0800] "POST /wp-cron.php?doing_wp_cron=1732647882.7537961006164550781250 HTTP/1.0" 200 - "https://lizardheartmovies.online/wp-cron.php?doing_wp_cron=1732647882.7537961006164550781250" "WordPress/6.1.7; https://lizardheartmovies.online"
54.38.85.21 - - [26/Nov/2024:11:04:42 -0800] "GET /kungfu-boys-%E9%BE%8D%E6%8B%B3%E5%B0%8F%E5%AD%90-%E9%BE%99%E6%8B%B3%E5%B0%8F%E5%AD%90-best-action-kids-movie/ HTTP/1.0" 200 107750 "-" "Mozilla/5.0 (compatible; MJ12bot/v1.4.8; http://mj12bot.com/)"
209.182.200.39 - - [26/Nov/2024:11:05:05 -0800] "POST /wp-cron.php?doing_wp_cron=1732647905.1351211071014404296875 HTTP/1.0" 200 - "https://lizardheartmovies.online/wp-cron.php?doing_wp_cron=1732647905.1351211071014404296875" "WordPress/6.1.7; https://lizardheartmovies.online"
54.38.85.21 - - [26/Nov/2024:11:05:04 -0800] "GET /kungfu-boys-%E9%BE%8D%E6%8B%B3%E5%B0%8F%E5%AD%90-%E9%BE%99%E6%8B%B3%E5%B0%8F%E5%AD%90-best-action-kids-movie/feed/ HTTP/1.0" 200 1007 "-" "Mozilla/5.0 (compatible; MJ12bot/v1.4.8; http://mj12bot.com/)"
209.182.200.39 - - [26/Nov/2024:11:05:26 -0800] "POST /wp-cron.php?doing_wp_cron=1732647926.1780819892883300781250 HTTP/1.0" 200 - "https://lizardheartmovies.online/wp-cron.php?doing_wp_cron=1732647926.1780819892883300781250" "WordPress/6.1.7; https://lizardheartmovies.online"
54.38.85.21 - - [26/Nov/2024:11:05:25 -0800] "GET /lifes-too-short-for-staying-still-%E2%9C%A8-bumping-jumping-and-chasing-new-adventures-every-day-aeronfly-make-your-safar-suhana/ HTTP/1.0" 200 110174 "-" "Mozilla/5.0 (compatible; MJ12bot/v1.4.8; http://mj12bot.com/)"
209.182.200.39 - - [26/Nov/2024:11:05:48 -0800] "POST /wp-cron.php?doing_wp_cron=1732647948.2072830200195312500000 HTTP/1.0" 200 - "https://lizardheartmovies.online/wp-cron.php?doing_wp_cron=1732647948.2072830200195312500000" "WordPress/6.1.7; https://lizardheartmovies.online"
54.38.85.21 - - [26/Nov/2024:11:05:48 -0800] "GET /lifes-too-short-for-staying-still-%E2%9C%A8-bumping-jumping-and-chasing-new-adventures-every-day-aeronfly-make-your-safar-suhana/feed/ HTTP/1.0" 200 1119 "-" "Mozilla/5.0 (compatible; MJ12bot/v1.4.8; http://mj12bot.com/)"
209.182.200.39 - - [26/Nov/2024:11:06:09 -0800] "POST /wp-cron.php?doing_wp_cron=1732647969.2252919673919677734375 HTTP/1.0" 200 - "https://lizardheartmovies.online/wp-cron.php?doing_wp_cron=1732647969.2252919673919677734375" "WordPress/6.1.7; https://lizardheartmovies.online"
54.38.85.21 - - [26/Nov/2024:11:06:09 -0800] "GET /m%CD%8F%CC%BA%CD%93%CC%B2%CC%A5%CC%AAi%CD%87%CD%94%CC%A0s%CC%B7%CD%8E%CC%B9%CC%B2%CC%BB%CC%BB%CC%98%CC%9Dt%CC%9E%CC%96%CD%8D%CD%9A%CC%A4k%CC%A5%CC%9Ea%CD%80%CC%B8%CD%95%CC%AE%CD%8D%CD%89/ HTTP/1.0" 200 115810 "-" "Mozilla/5.0 (compatible; MJ12bot/v1.4.8; http://mj12bot.com/)"
209.182.200.39 - - [26/Nov/2024:11:06:34 -0800] "POST /wp-cron.php?doing_wp_cron=1732647994.6689770221710205078125 HTTP/1.0" 200 - "https://lizardheartmovies.online/wp-cron.php?doing_wp_cron=1732647994.6689770221710205078125" "WordPress/6.1.7; https://lizardheartmovies.online"
54.38.85.21 - - [26/Nov/2024:11:06:34 -0800] "GET /m%CD%8F%CC%BA%CD%93%CC%B2%CC%A5%CC%AAi%CD%87%CD%94%CC%A0s%CC%B7%CD%8E%CC%B9%CC%B2%CC%BB%CC%BB%CC%98%CC%9Dt%CC%9E%CC%96%CD%8D%CD%9A%CC%A4k%CC%A5%CC%9Ea%CD%80%CC%B8%CD%95%CC%AE%CD%8D%CD%89/feed/ HTTP/1.0" 200 1206 "-" "Mozilla/5.0 (compatible; MJ12bot/v1.4.8; http://mj12bot.com/)"
209.182.200.39 - - [26/Nov/2024:11:06:55 -0800] "POST /wp-cron.php?doing_wp_cron=1732648015.5604689121246337890625 HTTP/1.0" 200 - "https://lizardheartmovies.online/wp-cron.php?doing_wp_cron=1732648015.5604689121246337890625" "WordPress/6.1.7; https://lizardheartmovies.online"
54.38.85.21 - - [26/Nov/2024:11:06:55 -0800] "GET /moana-2-first-trailer-2024-auli%CA%BBi-cravalho-dwayne-johnson-disney/ HTTP/1.0" 200 106506 "-" "Mozilla/5.0 (compatible; MJ12bot/v1.4.8; http://mj12bot.com/)"
209.182.200.39 - - [26/Nov/2024:11:07:18 -0800] "POST /wp-cron.php?doing_wp_cron=1732648038.1371080875396728515625 HTTP/1.0" 200 - "https://lizardheartmovies.online/wp-cron.php?doing_wp_cron=1732648038.1371080875396728515625" "WordPress/6.1.7; https://lizardheartmovies.online"
54.38.85.21 - - [26/Nov/2024:11:07:17 -0800] "GET /moana-2-first-trailer-2024-auli%CA%BBi-cravalho-dwayne-johnson-disney/feed/ HTTP/1.0" 200 937 "-" "Mozilla/5.0 (compatible; MJ12bot/v1.4.8; http://mj12bot.com/)"
209.182.200.39 - - [26/Nov/2024:11:07:39 -0800] "POST /wp-cron.php?doing_wp_cron=1732648059.1644051074981689453125 HTTP/1.0" 200 - "https://lizardheartmovies.online/wp-cron.php?doing_wp_cron=1732648059.1644051074981689453125" "WordPress/6.1.7; https://lizardheartmovies.online"
54.38.85.21 - - [26/Nov/2024:11:07:38 -0800] "GET /new-animation-movies-2015-full-length-english-%E2%96%B2-walt-disney-movies-2015-%E2%96%B2-kids-movies/ HTTP/1.0" 200 106819 "-" "Mozilla/5.0 (compatible; MJ12bot/v1.4.8; http://mj12bot.com/)"
209.182.200.39 - - [26/Nov/2024:11:08:01 -0800] "POST /wp-cron.php?doing_wp_cron=1732648081.0537788867950439453125 HTTP/1.0" 200 - "https://lizardheartmovies.online/wp-cron.php?doing_wp_cron=1732648081.0537788867950439453125" "WordPress/6.1.7; https://lizardheartmovies.online"
54.38.85.21 - - [26/Nov/2024:11:08:00 -0800] "GET /new-animation-movies-2015-full-length-english-%E2%96%B2-walt-disney-movies-2015-%E2%96%B2-kids-movies/feed/ HTTP/1.0" 200 1012 "-" "Mozilla/5.0 (compatible; MJ12bot/v1.4.8; http://mj12bot.com/)"
54.38.85.21 - - [26/Nov/2024:11:08:21 -0800] "GET /new-animation-movies-2015-full-movies-english-%E2%99%A5-animation-movies-full-length-english-2015/ HTTP/1.0" 200 109407 "-" "Mozilla/5.0 (compatible; MJ12bot/v1.4.8; http://mj12bot.com/)"
209.182.200.39 - - [26/Nov/2024:11:08:43 -0800] "POST /wp-cron.php?doing_wp_cron=1732648123.7983109951019287109375 HTTP/1.0" 200 - "https://lizardheartmovies.online/wp-cron.php?doing_wp_cron=1732648123.7983109951019287109375" "WordPress/6.1.7; https://lizardheartmovies.online"
54.38.85.21 - - [26/Nov/2024:11:08:43 -0800] "GET /new-animation-movies-2015-full-movies-english-%E2%99%A5-animation-movies-full-length-english-2015/feed/ HTTP/1.0" 200 1006 "-" "Mozilla/5.0 (compatible; MJ12bot/v1.4.8; http://mj12bot.com/)"
209.182.200.39 - - [26/Nov/2024:11:09:04 -0800] "POST /wp-cron.php?doing_wp_cron=1732648144.6397709846496582031250 HTTP/1.0" 200 - "https://lizardheartmovies.online/wp-cron.php?doing_wp_cron=1732648144.6397709846496582031250" "WordPress/6.1.7; https://lizardheartmovies.online"
54.38.85.21 - - [26/Nov/2024:11:09:04 -0800] "GET /new-comedy-movies-2015-full-movies-english-%E2%98%85-funny-movies-%E2%98%85-romantic-movies-2014-full-movies/ HTTP/1.0" 200 107621 "-" "Mozilla/5.0 (compatible; MJ12bot/v1.4.8; http://mj12bot.com/)"
209.182.200.39 - - [26/Nov/2024:11:09:26 -0800] "POST /wp-cron.php?doing_wp_cron=1732648166.3859879970550537109375 HTTP/1.0" 200 - "https://lizardheartmovies.online/wp-cron.php?doing_wp_cron=1732648166.3859879970550537109375" "WordPress/6.1.7; https://lizardheartmovies.online"
54.38.85.21 - - [26/Nov/2024:11:09:26 -0800] "GET /patricia-avendan%CC%83o-bridal-week-2010-barcelona-fashion-channel/ HTTP/1.0" 200 109744 "-" "Mozilla/5.0 (compatible; MJ12bot/v1.4.8; http://mj12bot.com/)"
209.182.200.39 - - [26/Nov/2024:11:09:48 -0800] "POST /wp-cron.php?doing_wp_cron=1732648188.2961170673370361328125 HTTP/1.0" 200 - "https://lizardheartmovies.online/wp-cron.php?doing_wp_cron=1732648188.2961170673370361328125" "WordPress/6.1.7; https://lizardheartmovies.online"
54.38.85.21 - - [26/Nov/2024:11:09:48 -0800] "GET /patricia-avendan%CC%83o-bridal-week-2010-barcelona-fashion-channel/feed/ HTTP/1.0" 200 923 "-" "Mozilla/5.0 (compatible; MJ12bot/v1.4.8; http://mj12bot.com/)"
209.182.200.39 - - [26/Nov/2024:11:10:09 -0800] "POST /wp-cron.php?doing_wp_cron=1732648209.8528521060943603515625 HTTP/1.0" 200 - "https://lizardheartmovies.online/wp-cron.php?doing_wp_cron=1732648209.8528521060943603515625" "WordPress/6.1.7; https://lizardheartmovies.online"
54.38.85.21 - - [26/Nov/2024:11:10:09 -0800] "GET /poema%CC%88-swim-highlights-resort-2020-fashion-channel/ HTTP/1.0" 200 111210 "-" "Mozilla/5.0 (compatible; MJ12bot/v1.4.8; http://mj12bot.com/)"
209.182.200.39 - - [26/Nov/2024:11:10:32 -0800] "POST /wp-cron.php?doing_wp_cron=1732648232.1528680324554443359375 HTTP/1.0" 200 - "https://lizardheartmovies.online/wp-cron.php?doing_wp_cron=1732648232.1528680324554443359375" "WordPress/6.1.7; https://lizardheartmovies.online"
54.38.85.21 - - [26/Nov/2024:11:10:31 -0800] "GET /poema%CC%88-swim-highlights-resort-2020-fashion-channel-2/ HTTP/1.0" 200 111277 "-" "Mozilla/5.0 (compatible; MJ12bot/v1.4.8; http://mj12bot.com/)"
209.182.200.39 - - [26/Nov/2024:11:10:54 -0800] "POST /wp-cron.php?doing_wp_cron=1732648254.4297029972076416015625 HTTP/1.0" 200 - "https://lizardheartmovies.online/wp-cron.php?doing_wp_cron=1732648254.4297029972076416015625" "WordPress/6.1.7; https://lizardheartmovies.online"
54.38.85.21 - - [26/Nov/2024:11:10:54 -0800] "GET /poema%CC%88-swim-highlights-resort-2020-fashion-channel-2/feed/ HTTP/1.0" 200 894 "-" "Mozilla/5.0 (compatible; MJ12bot/v1.4.8; http://mj12bot.com/)"
209.182.200.39 - - [26/Nov/2024:11:11:15 -0800] "POST /wp-cron.php?doing_wp_cron=1732648275.7365961074829101562500 HTTP/1.0" 200 - "https://lizardheartmovies.online/wp-cron.php?doing_wp_cron=1732648275.7365961074829101562500" "WordPress/6.1.7; https://lizardheartmovies.online"
54.38.85.21 - - [26/Nov/2024:11:11:15 -0800] "GET /poema%CC%88-swim-highlights-resort-2020-fashion-channel-3/ HTTP/1.0" 200 111335 "-" "Mozilla/5.0 (compatible; MJ12bot/v1.4.8; http://mj12bot.com/)"
209.182.200.39 - - [26/Nov/2024:11:11:38 -0800] "POST /wp-cron.php?doing_wp_cron=1732648298.0333080291748046875000 HTTP/1.0" 200 - "https://lizardheartmovies.online/wp-cron.php?doing_wp_cron=1732648298.0333080291748046875000" "WordPress/6.1.7; https://lizardheartmovies.online"
54.38.85.21 - - [26/Nov/2024:11:11:37 -0800] "GET /poema%CC%88-swim-highlights-resort-2020-fashion-channel-3/feed/ HTTP/1.0" 200 894 "-" "Mozilla/5.0 (compatible; MJ12bot/v1.4.8; http://mj12bot.com/)"
209.182.200.39 - - [26/Nov/2024:11:11:59 -0800] "POST /wp-cron.php?doing_wp_cron=1732648319.2656989097595214843750 HTTP/1.0" 200 - "https://lizardheartmovies.online/wp-cron.php?doing_wp_cron=1732648319.2656989097595214843750" "WordPress/6.1.7; https://lizardheartmovies.online"
54.38.85.21 - - [26/Nov/2024:11:11:58 -0800] "GET /poema%CC%88-swim-highlights-resort-2020-fashion-channel/feed/ HTTP/1.0" 200 890 "-" "Mozilla/5.0 (compatible; MJ12bot/v1.4.8; http://mj12bot.com/)"
54.38.85.21 - - [26/Nov/2024:11:12:20 -0800] "GET /robbery-zombies-hindi-voice-over-film-explained-in-hindi_urdu-summarized-%E0%A4%B9%E0%A4%BF%E0%A4%A8%E0%A5%8D%E0%A4%A6%E0%A5%80-full-slasher/ HTTP/1.0" 200 107890 "-" "Mozilla/5.0 (compatible; MJ12bot/v1.4.8; http://mj12bot.com/)"
209.182.200.39 - - [26/Nov/2024:11:12:42 -0800] "POST /wp-cron.php?doing_wp_cron=1732648362.5494520664215087890625 HTTP/1.0" 200 - "https://lizardheartmovies.online/wp-cron.php?doing_wp_cron=1732648362.5494520664215087890625" "WordPress/6.1.7; https://lizardheartmovies.online"
54.38.85.21 - - [26/Nov/2024:11:12:42 -0800] "GET /robbery-zombies-hindi-voice-over-film-explained-in-hindi_urdu-summarized-%E0%A4%B9%E0%A4%BF%E0%A4%A8%E0%A5%8D%E0%A4%A6%E0%A5%80-full-slasher/feed/ HTTP/1.0" 200 1136 "-" "Mozilla/5.0 (compatible; MJ12bot/v1.4.8; http://mj12bot.com/)"
209.182.200.39 - - [26/Nov/2024:11:13:03 -0800] "POST /wp-cron.php?doing_wp_cron=1732648383.8506460189819335937500 HTTP/1.0" 200 - "https://lizardheartmovies.online/wp-cron.php?doing_wp_cron=1732648383.8506460189819335937500" "WordPress/6.1.7; https://lizardheartmovies.online"
54.38.85.21 - - [26/Nov/2024:11:13:03 -0800] "GET /rottweiler-the-dog-of-death-full-movie-action-horror%D8%A7%D9%82%D9%88%D9%89-%D8%A7%D9%81%D9%84%D8%A7%D9%85-%D8%A7%D9%84%D8%B1%D8%B9%D8%A8/ HTTP/1.0" 200 111515 "-" "Mozilla/5.0 (compatible; MJ12bot/v1.4.8; http://mj12bot.com/)"
54.38.85.21 - - [26/Nov/2024:11:13:25 -0800] "GET /rottweiler-the-dog-of-death-full-movie-action-horror%D8%A7%D9%82%D9%88%D9%89-%D8%A7%D9%81%D9%84%D8%A7%D9%85-%D8%A7%D9%84%D8%B1%D8%B9%D8%A8/feed/ HTTP/1.0" 200 1104 "-" "Mozilla/5.0 (compatible; MJ12bot/v1.4.8; http://mj12bot.com/)"
209.182.200.39 - - [26/Nov/2024:11:13:47 -0800] "POST /wp-cron.php?doing_wp_cron=1732648427.1373839378356933593750 HTTP/1.0" 200 - "https://lizardheartmovies.online/wp-cron.php?doing_wp_cron=1732648427.1373839378356933593750" "WordPress/6.1.7; https://lizardheartmovies.online"
54.38.85.21 - - [26/Nov/2024:11:13:46 -0800] "GET /shayar-%D8%B4%D8%A7%D8%B9%D8%B1-official-trailer-satinder-sartaaj-neeru-bajwa-latest-punjabi-movies-2024/ HTTP/1.0" 200 107143 "-" "Mozilla/5.0 (compatible; MJ12bot/v1.4.8; http://mj12bot.com/)"
209.182.200.39 - - [26/Nov/2024:11:14:09 -0800] "POST /wp-cron.php?doing_wp_cron=1732648449.6434869766235351562500 HTTP/1.0" 200 - "https://lizardheartmovies.online/wp-cron.php?doing_wp_cron=1732648449.6434869766235351562500" "WordPress/6.1.7; https://lizardheartmovies.online"
54.38.85.21 - - [26/Nov/2024:11:14:09 -0800] "GET /shayar-%D8%B4%D8%A7%D8%B9%D8%B1-official-trailer-satinder-sartaaj-neeru-bajwa-latest-punjabi-movies-2024/feed/ HTTP/1.0" 200 1029 "-" "Mozilla/5.0 (compatible; MJ12bot/v1.4.8; http://mj12bot.com/)"
209.182.200.39 - - [26/Nov/2024:11:14:30 -0800] "POST /wp-cron.php?doing_wp_cron=1732648470.8453650474548339843750 HTTP/1.0" 200 - "https://lizardheartmovies.online/wp-cron.php?doing_wp_cron=1732648470.8453650474548339843750" "WordPress/6.1.7; https://lizardheartmovies.online"
54.38.85.21 - - [26/Nov/2024:11:14:30 -0800] "GET /snake-in-the-eagles-shadow-hindi-dubbed-%E2%94%82-full-movie-%E2%94%82-jackie-chan-%E2%94%82-yuen-siu-tien/ HTTP/1.0" 200 109524 "-" "Mozilla/5.0 (compatible; MJ12bot/v1.4.8; http://mj12bot.com/)"
209.182.200.39 - - [26/Nov/2024:11:14:52 -0800] "POST /wp-cron.php?doing_wp_cron=1732648492.8568639755249023437500 HTTP/1.0" 200 - "https://lizardheartmovies.online/wp-cron.php?doing_wp_cron=1732648492.8568639755249023437500" "WordPress/6.1.7; https://lizardheartmovies.online"
54.38.85.21 - - [26/Nov/2024:11:14:52 -0800] "GET /snake-in-the-eagles-shadow-hindi-dubbed-%E2%94%82-full-movie-%E2%94%82-jackie-chan-%E2%94%82-yuen-siu-tien/feed/ HTTP/1.0" 200 1030 "-" "Mozilla/5.0 (compatible; MJ12bot/v1.4.8; http://mj12bot.com/)"
209.182.200.39 - - [26/Nov/2024:11:15:13 -0800] "POST /wp-cron.php?doing_wp_cron=1732648513.8252649307250976562500 HTTP/1.0" 200 - "https://lizardheartmovies.online/wp-cron.php?doing_wp_cron=1732648513.8252649307250976562500" "WordPress/6.1.7; https://lizardheartmovies.online"
54.38.85.21 - - [26/Nov/2024:11:15:13 -0800] "GET /super-action-movies-chinese-martial-arts-%E2%9D%84-action-movies-2018-full-movies-english-hollywood/ HTTP/1.0" 200 106673 "-" "Mozilla/5.0 (compatible; MJ12bot/v1.4.8; http://mj12bot.com/)"
209.182.200.39 - - [26/Nov/2024:11:15:35 -0800] "POST /wp-cron.php?doing_wp_cron=1732648535.6596629619598388671875 HTTP/1.0" 200 - "https://lizardheartmovies.online/wp-cron.php?doing_wp_cron=1732648535.6596629619598388671875" "WordPress/6.1.7; https://lizardheartmovies.online"
54.38.85.21 - - [26/Nov/2024:11:15:35 -0800] "GET /super-action-movies-chinese-martial-arts-%E2%9D%84-action-movies-2018-full-movies-english-hollywood/feed/ HTTP/1.0" 200 1012 "-" "Mozilla/5.0 (compatible; MJ12bot/v1.4.8; http://mj12bot.com/)"
209.182.200.39 - - [26/Nov/2024:11:15:56 -0800] "POST /wp-cron.php?doing_wp_cron=1732648556.5542330741882324218750 HTTP/1.0" 200 - "https://lizardheartmovies.online/wp-cron.php?doing_wp_cron=1732648556.5542330741882324218750" "WordPress/6.1.7; https://lizardheartmovies.online"
54.38.85.21 - - [26/Nov/2024:11:15:56 -0800] "GET /t%CA%9C%E1%B4%87-i%CA%80%E1%B4%8F%C9%B4-c%CA%80%E1%B4%8F%E1%B4%A1%C9%B4-magical-adventure-movies-fantasy-adventure-action-full-length-movies-part-1/ HTTP/1.0" 200 108058 "-" "Mozilla/5.0 (compatible; MJ12bot/v1.4.8; http://mj12bot.com/)"
54.38.85.21 - - [26/Nov/2024:11:16:18 -0800] "GET /t%CA%9C%E1%B4%87-i%CA%80%E1%B4%8F%C9%B4-c%CA%80%E1%B4%8F%E1%B4%A1%C9%B4-magical-adventure-movies-fantasy-adventure-action-full-length-movies-part-1/feed/ HTTP/1.0" 200 1124 "-" "Mozilla/5.0 (compatible; MJ12bot/v1.4.8; http://mj12bot.com/)"
209.182.200.39 - - [26/Nov/2024:11:16:39 -0800] "POST /wp-cron.php?doing_wp_cron=1732648599.3563621044158935546875 HTTP/1.0" 200 - "https://lizardheartmovies.online/wp-cron.php?doing_wp_cron=1732648599.3563621044158935546875" "WordPress/6.1.7; https://lizardheartmovies.online"
54.38.85.21 - - [26/Nov/2024:11:16:39 -0800] "GET /t%CA%9C%E1%B4%87-i%CA%80%E1%B4%8F%C9%B4-c%CA%80%E1%B4%8F%E1%B4%A1%C9%B4-magical-adventure-movies-fantasy-adventure-action-full-length-movies-part-2/ HTTP/1.0" 200 107794 "-" "Mozilla/5.0 (compatible; MJ12bot/v1.4.8; http://mj12bot.com/)"
209.182.200.39 - - [26/Nov/2024:11:17:01 -0800] "POST /wp-cron.php?doing_wp_cron=1732648621.3054759502410888671875 HTTP/1.0" 200 - "https://lizardheartmovies.online/wp-cron.php?doing_wp_cron=1732648621.3054759502410888671875" "WordPress/6.1.7; https://lizardheartmovies.online"
54.38.85.21 - - [26/Nov/2024:11:17:01 -0800] "GET /t%CA%9C%E1%B4%87-i%CA%80%E1%B4%8F%C9%B4-c%CA%80%E1%B4%8F%E1%B4%A1%C9%B4-magical-adventure-movies-fantasy-adventure-action-full-length-movies-part-2/feed/ HTTP/1.0" 200 1123 "-" "Mozilla/5.0 (compatible; MJ12bot/v1.4.8; http://mj12bot.com/)"
54.38.85.21 - - [26/Nov/2024:11:17:22 -0800] "GET /unicorn-farts-on-your-lips-lu%CC%88t-23/ HTTP/1.0" 200 116500 "-" "Mozilla/5.0 (compatible; MJ12bot/v1.4.8; http://mj12bot.com/)"
209.182.200.39 - - [26/Nov/2024:11:17:43 -0800] "POST /wp-cron.php?doing_wp_cron=1732648663.8376650810241699218750 HTTP/1.0" 200 - "https://lizardheartmovies.online/wp-cron.php?doing_wp_cron=1732648663.8376650810241699218750" "WordPress/6.1.7; https://lizardheartmovies.online"
54.38.85.21 - - [26/Nov/2024:11:17:43 -0800] "GET /unicorn-farts-on-your-lips-lu%CC%88t-23/feed/ HTTP/1.0" 200 846 "-" "Mozilla/5.0 (compatible; MJ12bot/v1.4.8; http://mj12bot.com/)"
209.182.200.39 - - [26/Nov/2024:11:18:04 -0800] "POST /wp-cron.php?doing_wp_cron=1732648684.8401319980621337890625 HTTP/1.0" 200 - "https://lizardheartmovies.online/wp-cron.php?doing_wp_cron=1732648684.8401319980621337890625" "WordPress/6.1.7; https://lizardheartmovies.online"
54.38.85.21 - - [26/Nov/2024:11:18:04 -0800] "GET /zombie-bottle-opener-lu%CC%88t-24/ HTTP/1.0" 200 116842 "-" "Mozilla/5.0 (compatible; MJ12bot/v1.4.8; http://mj12bot.com/)"
209.182.200.39 - - [26/Nov/2024:11:18:26 -0800] "POST /wp-cron.php?doing_wp_cron=1732648706.6589710712432861328125 HTTP/1.0" 200 - "https://lizardheartmovies.online/wp-cron.php?doing_wp_cron=1732648706.6589710712432861328125" "WordPress/6.1.7; https://lizardheartmovies.online"
54.38.85.21 - - [26/Nov/2024:11:18:26 -0800] "GET /zombie-bottle-opener-lu%CC%88t-24/feed/ HTTP/1.0" 200 826 "-" "Mozilla/5.0 (compatible; MJ12bot/v1.4.8; http://mj12bot.com/)"
209.182.200.39 - - [26/Nov/2024:11:24:00 -0800] "POST /wp-cron.php?doing_wp_cron=1732649040.5225329399108886718750 HTTP/1.0" 200 - "https://lizardheartmovies.online/wp-cron.php?doing_wp_cron=1732649040.5225329399108886718750" "WordPress/6.1.7; https://lizardheartmovies.online"
199.195.252.235 - - [26/Nov/2024:11:24:00 -0800] "GET /wp-login.php HTTP/1.0" 200 9419 "-" "Mozilla/5.0 (Windows NT 6.1; rv:30.0) Gecko/20100101 Firefox/30.0"
199.195.252.235 - - [26/Nov/2024:11:24:00 -0800] "POST /wp-login.php HTTP/1.0" 200 9857 "-" "Mozilla/5.0 (Windows NT 6.1; rv:30.0) Gecko/20100101 Firefox/30.0"
209.182.200.39 - - [26/Nov/2024:11:28:04 -0800] "POST /wp-cron.php?doing_wp_cron=1732649284.3564798831939697265625 HTTP/1.0" 200 - "https://lizardheartmovies.online/wp-cron.php?doing_wp_cron=1732649284.3564798831939697265625" "WordPress/6.1.7; https://lizardheartmovies.online"
170.199.224.168 - - [26/Nov/2024:11:28:04 -0800] "GET /author/trustyourgut2018/ HTTP/1.0" 200 109299 "-" "Mozilla/5.0 (Windows NT 10.0; Win64; x64) AppleWebKit/537.36 (KHTML, like Gecko) Chrome/121.0.0.0 Safari/537.36"
209.182.200.39 - - [26/Nov/2024:11:29:29 -0800] "POST /wp-cron.php?doing_wp_cron=1732649369.3723359107971191406250 HTTP/1.0" 200 - "https://lizardheartmovies.online/wp-cron.php?doing_wp_cron=1732649369.3723359107971191406250" "WordPress/6.1.7; https://lizardheartmovies.online"
107.189.3.107 - - [26/Nov/2024:11:29:29 -0800] "GET /wp-login.php HTTP/1.0" 200 9419 "-" "Mozilla/5.0 (Macintosh; Intel Mac OS X 10_7_5) AppleWebKit/537.77.4 (KHTML, like Gecko) Version/6.1.5 Safari/537.77.4"
107.189.3.107 - - [26/Nov/2024:11:29:29 -0800] "POST /wp-login.php HTTP/1.0" 200 9855 "-" "Mozilla/5.0 (Macintosh; Intel Mac OS X 10_7_5) AppleWebKit/537.77.4 (KHTML, like Gecko) Version/6.1.5 Safari/537.77.4"
209.182.200.39 - - [26/Nov/2024:11:36:28 -0800] "POST /wp-cron.php?doing_wp_cron=1732649788.1599769592285156250000 HTTP/1.0" 200 - "https://lizardheartmovies.online/wp-cron.php?doing_wp_cron=1732649788.1599769592285156250000" "WordPress/6.1.7; https://lizardheartmovies.online"
