158.62.222.135 - - [26/Nov/2024:11:36:27 -0800] "GET /author/melaniasonamission/ HTTP/1.0" 200 108583 "-" "Mozilla/5.0 (Windows NT 10.0; Win64; x64) AppleWebKit/537.36 (KHTML, like Gecko) Chrome/121.0.0.0 Safari/537.36"
209.182.200.39 - - [26/Nov/2024:11:47:20 -0800] "POST /wp-cron.php?doing_wp_cron=1732650440.1439819335937500000000 HTTP/1.0" 200 - "https://lizardheartmovies.online/wp-cron.php?doing_wp_cron=1732650440.1439819335937500000000" "WordPress/6.1.7; https://lizardheartmovies.online"
205.185.123.37 - - [26/Nov/2024:11:47:19 -0800] "GET /wp-login.php HTTP/1.0" 200 9419 "-" "Mozilla/5.0 (Macintosh; Intel Mac OS X 10.8; rv:31.0) Gecko/20100101 Firefox/31.0"
205.185.123.37 - - [26/Nov/2024:11:47:20 -0800] "POST /wp-login.php HTTP/1.0" 200 9879 "-" "Mozilla/5.0 (Macintosh; Intel Mac OS X 10.8; rv:31.0) Gecko/20100101 Firefox/31.0"
65.108.46.72 - - [26/Nov/2024:12:05:14 -0800] "GET /robots.txt HTTP/1.0" 200 30 "-" "Mozilla/5.0 (compatible; MJ12bot/v1.4.8; http://mj12bot.com/)"
209.182.200.39 - - [26/Nov/2024:12:05:36 -0800] "POST /wp-cron.php?doing_wp_cron=1732651536.3144390583038330078125 HTTP/1.0" 200 - "https://lizardheartmovies.online/wp-cron.php?doing_wp_cron=1732651536.3144390583038330078125" "WordPress/6.1.7; https://lizardheartmovies.online"
65.108.46.72 - - [26/Nov/2024:12:05:35 -0800] "GET /fast-x-part-2-first-trailer-2025/feed/ HTTP/1.0" 200 823 "-" "Mozilla/5.0 (compatible; MJ12bot/v1.4.8; http://mj12bot.com/)"
65.108.46.72 - - [26/Nov/2024:12:05:57 -0800] "GET /kubra-season-2-official-trailer-netflix/feed/ HTTP/1.0" 200 841 "-" "Mozilla/5.0 (compatible; MJ12bot/v1.4.8; http://mj12bot.com/)"
65.108.46.72 - - [26/Nov/2024:12:06:19 -0800] "GET /new-animation-movies-2015-full-movies-english-kids-movies-comedy-movies-cartoon-movies-disney-movies-2017-online-f/feed/ HTTP/1.0" 200 1087 "-" "Mozilla/5.0 (compatible; MJ12bot/v1.4.8; http://mj12bot.com/)"
209.182.200.39 - - [26/Nov/2024:12:06:40 -0800] "POST /wp-cron.php?doing_wp_cron=1732651600.7312099933624267578125 HTTP/1.0" 200 - "https://lizardheartmovies.online/wp-cron.php?doing_wp_cron=1732651600.7312099933624267578125" "WordPress/6.1.7; https://lizardheartmovies.online"
65.108.46.72 - - [26/Nov/2024:12:06:40 -0800] "GET /stranger-things-the-first-shadow-meet-henry-creel-netflix_720pfh/feed/ HTTP/1.0" 200 915 "-" "Mozilla/5.0 (compatible; MJ12bot/v1.4.8; http://mj12bot.com/)"
209.182.200.39 - - [26/Nov/2024:12:07:02 -0800] "POST /wp-cron.php?doing_wp_cron=1732651622.2534959316253662109375 HTTP/1.0" 200 - "https://lizardheartmovies.online/wp-cron.php?doing_wp_cron=1732651622.2534959316253662109375" "WordPress/6.1.7; https://lizardheartmovies.online"
65.108.46.72 - - [26/Nov/2024:12:07:02 -0800] "GET /the-little-mermaid-official-trailer-netflix/feed/ HTTP/1.0" 200 858 "-" "Mozilla/5.0 (compatible; MJ12bot/v1.4.8; http://mj12bot.com/)"
209.182.200.39 - - [26/Nov/2024:12:14:46 -0800] "POST /wp-cron.php?doing_wp_cron=1732652086.6758530139923095703125 HTTP/1.0" 200 - "https://lizardheartmovies.online/wp-cron.php?doing_wp_cron=1732652086.6758530139923095703125" "WordPress/6.1.7; https://lizardheartmovies.online"
202.137.142.139 - - [26/Nov/2024:12:14:46 -0800] "POST /xmlrpc.php HTTP/1.0" 200 401 "-" "Mozilla/5.0 (X11; Fedora; Linux x86_64; rv:89.0) Gecko/20100101 Firefox/89.0"
209.182.200.39 - - [26/Nov/2024:12:15:34 -0800] "POST /wp-cron.php?doing_wp_cron=1732652134.3654739856719970703125 HTTP/1.0" 200 - "https://lizardheartmovies.online/wp-cron.php?doing_wp_cron=1732652134.3654739856719970703125" "WordPress/6.1.7; https://lizardheartmovies.online"
103.154.184.15 - - [26/Nov/2024:12:15:34 -0800] "POST /wp-login.php HTTP/1.0" 200 9793 "-" "Mozilla/5.0 (Windows NT 10.0; Win64; x64) AppleWebKit/537.36 (KHTML, like Gecko) Chrome/87.0.4280.88 Safari/537.36"
209.182.200.39 - - [26/Nov/2024:12:17:00 -0800] "POST /wp-cron.php?doing_wp_cron=1732652220.8207418918609619140625 HTTP/1.0" 200 - "https://lizardheartmovies.online/wp-cron.php?doing_wp_cron=1732652220.8207418918609619140625" "WordPress/6.1.7; https://lizardheartmovies.online"
173.236.197.230 - - [26/Nov/2024:12:17:00 -0800] "POST /wp-login.php HTTP/1.0" 200 9793 "-" "Mozilla/5.0 (Windows NT 10.0; Win64; x64) AppleWebKit/537.36 (KHTML, like Gecko) Chrome/78.0.3904.70 Safari/537.36"
209.182.200.39 - - [26/Nov/2024:12:22:43 -0800] "POST /wp-cron.php?doing_wp_cron=1732652563.2028090953826904296875 HTTP/1.0" 200 - "https://lizardheartmovies.online/wp-cron.php?doing_wp_cron=1732652563.2028090953826904296875" "WordPress/6.1.7; https://lizardheartmovies.online"
103.110.84.177 - - [26/Nov/2024:12:22:42 -0800] "POST /wp-login.php HTTP/1.0" 200 9794 "-" "Mozilla/5.0 (Windows NT 6.1; WOW64) AppleWebKit/537.36 (KHTML, like Gecko) Chrome/48.0.2564.109 Safari/537.36"
209.182.200.39 - - [26/Nov/2024:12:24:09 -0800] "POST /wp-cron.php?doing_wp_cron=1732652649.7638509273529052734375 HTTP/1.0" 200 - "https://lizardheartmovies.online/wp-cron.php?doing_wp_cron=1732652649.7638509273529052734375" "WordPress/6.1.7; https://lizardheartmovies.online"
185.50.25.6 - - [26/Nov/2024:12:24:09 -0800] "POST /wp-login.php HTTP/1.0" 200 9794 "-" "Mozilla/5.0 (Windows NT 6.1) AppleWebKit/537.36 (KHTML, like Gecko) Chrome/63.0.3239.84 Safari/537.36"
209.182.200.39 - - [26/Nov/2024:12:28:00 -0800] "POST /wp-cron.php?doing_wp_cron=1732652880.8372740745544433593750 HTTP/1.0" 200 - "https://lizardheartmovies.online/wp-cron.php?doing_wp_cron=1732652880.8372740745544433593750" "WordPress/6.1.7; https://lizardheartmovies.online"
74.120.221.122 - - [26/Nov/2024:12:28:00 -0800] "POST /xmlrpc.php HTTP/1.0" 200 401 "-" "Mozilla/5.0 (X11; Fedora; Linux x86_64; rv:89.0) Gecko/20100101 Firefox/89.0"
209.182.200.39 - - [26/Nov/2024:12:29:50 -0800] "POST /wp-cron.php?doing_wp_cron=1732652990.8832659721374511718750 HTTP/1.0" 200 - "https://lizardheartmovies.online/wp-cron.php?doing_wp_cron=1732652990.8832659721374511718750" "WordPress/6.1.7; https://lizardheartmovies.online"
173.205.81.73 - - [26/Nov/2024:12:29:50 -0800] "POST /wp-login.php HTTP/1.0" 200 9839 "-" "Mozilla/5.0 (Windows NT 6.1; WOW64) AppleWebKit/537.36 (KHTML, like Gecko) Chrome/47.0.2526.111 Safari/537.36"
209.182.200.39 - - [26/Nov/2024:12:31:20 -0800] "POST /wp-cron.php?doing_wp_cron=1732653080.7084279060363769531250 HTTP/1.0" 200 - "https://lizardheartmovies.online/wp-cron.php?doing_wp_cron=1732653080.7084279060363769531250" "WordPress/6.1.7; https://lizardheartmovies.online"
217.182.158.226 - - [26/Nov/2024:12:31:20 -0800] "POST /wp-login.php HTTP/1.0" 200 9839 "-" "Mozilla/5.0 (Windows NT 10.0; WOW64) AppleWebKit/537.36 (KHTML, like Gecko) Chrome/53.0.2785.143 Safari/537.36"
209.182.200.39 - - [26/Nov/2024:12:38:38 -0800] "POST /wp-cron.php?doing_wp_cron=1732653518.1922600269317626953125 HTTP/1.0" 200 - "https://lizardheartmovies.online/wp-cron.php?doing_wp_cron=1732653518.1922600269317626953125" "WordPress/6.1.7; https://lizardheartmovies.online"
103.188.82.198 - - [26/Nov/2024:12:38:29 -0800] "POST /wp-login.php HTTP/1.0" 200 9839 "-" "Mozilla/5.0 (Windows NT 6.1) AppleWebKit/537.36 (KHTML, like Gecko) Chrome/70.0.3538.77 Safari/537.36"
209.182.200.39 - - [26/Nov/2024:12:41:03 -0800] "POST /wp-cron.php?doing_wp_cron=1732653663.4318358898162841796875 HTTP/1.0" 200 - "https://lizardheartmovies.online/wp-cron.php?doing_wp_cron=1732653663.4318358898162841796875" "WordPress/6.1.7; https://lizardheartmovies.online"
137.74.194.43 - - [26/Nov/2024:12:41:03 -0800] "POST /xmlrpc.php HTTP/1.0" 200 401 "-" "Mozilla/5.0 (X11; Fedora; Linux x86_64; rv:89.0) Gecko/20100101 Firefox/89.0"
209.182.200.39 - - [26/Nov/2024:12:42:46 -0800] "POST /wp-cron.php?doing_wp_cron=1732653766.3871910572052001953125 HTTP/1.0" 200 - "http://lizardheartmovies.online/wp-cron.php?doing_wp_cron=1732653766.3871910572052001953125" "WordPress/6.1.7; https://lizardheartmovies.online"
212.113.103.18 - - [26/Nov/2024:12:42:44 -0800] "GET /members/wp-login.php HTTP/1.0" 404 67760 "-" "Mozilla/5.0 (X11; Ubuntu; Linux x86_64; rv:62.0) Gecko/20100101 Firefox/62.0"
209.182.200.39 - - [26/Nov/2024:12:44:13 -0800] "POST /wp-cron.php?doing_wp_cron=1732653853.3830149173736572265625 HTTP/1.0" 200 - "https://lizardheartmovies.online/wp-cron.php?doing_wp_cron=1732653853.3830149173736572265625" "WordPress/6.1.7; https://lizardheartmovies.online"
108.160.138.223 - - [26/Nov/2024:12:44:12 -0800] "POST /wp-login.php HTTP/1.0" 200 9839 "-" "Mozilla/5.0 (Windows NT 10.0; WOW64) AppleWebKit/537.36 (KHTML, like Gecko) Chrome/46.0.2490.80 Safari/537.36"
209.182.200.39 - - [26/Nov/2024:12:45:43 -0800] "POST /wp-cron.php?doing_wp_cron=1732653943.4472479820251464843750 HTTP/1.0" 200 - "https://lizardheartmovies.online/wp-cron.php?doing_wp_cron=1732653943.4472479820251464843750" "WordPress/6.1.7; https://lizardheartmovies.online"
188.166.188.97 - - [26/Nov/2024:12:45:42 -0800] "POST /wp-login.php HTTP/1.0" 200 9839 "-" "Mozilla/5.0 (Windows NT 10.0; WOW64) AppleWebKit/537.36 (KHTML, like Gecko) Chrome/53.0.2785.143 Safari/537.36"
209.182.200.39 - - [26/Nov/2024:12:51:35 -0800] "POST /wp-cron.php?doing_wp_cron=1732654295.8306028842926025390625 HTTP/1.0" 200 - "https://lizardheartmovies.online/wp-cron.php?doing_wp_cron=1732654295.8306028842926025390625" "WordPress/6.1.7; https://lizardheartmovies.online"
49.12.4.109 - - [26/Nov/2024:12:51:35 -0800] "POST /wp-login.php HTTP/1.0" 200 9839 "-" "Mozilla/5.0 (Windows NT 10.0; WOW64) AppleWebKit/537.36 (KHTML, like Gecko) Chrome/79.0.3945.130 Safari/537.36"
209.182.200.39 - - [26/Nov/2024:12:53:06 -0800] "POST /wp-cron.php?doing_wp_cron=1732654386.5652260780334472656250 HTTP/1.0" 200 - "https://lizardheartmovies.online/wp-cron.php?doing_wp_cron=1732654386.5652260780334472656250" "WordPress/6.1.7; https://lizardheartmovies.online"
185.50.25.38 - - [26/Nov/2024:12:53:06 -0800] "POST /wp-login.php HTTP/1.0" 200 9839 "-" "Mozilla/5.0 (Windows NT 10.0; WOW64) AppleWebKit/537.36 (KHTML, like Gecko) Chrome/79.0.3945.130 Safari/537.36"
209.182.200.39 - - [26/Nov/2024:12:55:23 -0800] "POST /wp-cron.php?doing_wp_cron=1732654523.8923139572143554687500 HTTP/1.0" 200 - "https://lizardheartmovies.online/wp-cron.php?doing_wp_cron=1732654523.8923139572143554687500" "WordPress/6.1.7; https://lizardheartmovies.online"
67.222.154.26 - - [26/Nov/2024:12:55:23 -0800] "POST /xmlrpc.php HTTP/1.0" 200 401 "-" "Mozilla/5.0 (X11; Fedora; Linux x86_64; rv:89.0) Gecko/20100101 Firefox/89.0"
209.182.200.39 - - [26/Nov/2024:12:58:59 -0800] "POST /wp-cron.php?doing_wp_cron=1732654739.0062971115112304687500 HTTP/1.0" 200 - "https://lizardheartmovies.online/wp-cron.php?doing_wp_cron=1732654739.0062971115112304687500" "WordPress/6.1.7; https://lizardheartmovies.online"
64.227.146.23 - - [26/Nov/2024:12:58:58 -0800] "POST /wp-login.php HTTP/1.0" 200 9839 "-" "Mozilla/5.0 (Windows NT 6.1; Win64; x64) AppleWebKit/537.36 (KHTML, like Gecko) Chrome/78.0.3904.97 Safari/537.36"
209.182.200.39 - - [26/Nov/2024:13:00:28 -0800] "POST /wp-cron.php?doing_wp_cron=1732654828.4441869258880615234375 HTTP/1.0" 200 - "https://lizardheartmovies.online/wp-cron.php?doing_wp_cron=1732654828.4441869258880615234375" "WordPress/6.1.7; https://lizardheartmovies.online"
108.179.219.178 - - [26/Nov/2024:13:00:28 -0800] "POST /wp-login.php HTTP/1.0" 200 9839 "-" "Mozilla/5.0 (Windows NT 6.1; WOW64) AppleWebKit/537.36 (KHTML, like Gecko) Chrome/36.0.1985.125 Safari/537.36"
209.182.200.39 - - [26/Nov/2024:13:00:56 -0800] "POST /wp-cron.php?doing_wp_cron=1732654856.8346369266510009765625 HTTP/1.0" 200 - "http://lizardheartmovies.online/wp-cron.php?doing_wp_cron=1732654856.8346369266510009765625" "WordPress/6.1.7; https://lizardheartmovies.online"
139.59.143.102 - - [26/Nov/2024:13:00:56 -0800] "GET / HTTP/1.0" 301 - "-" "-"
139.59.143.102 - - [26/Nov/2024:13:00:57 -0800] "GET / HTTP/1.0" 301 - "-" "Mozilla/5.0 (Linux; Android 6.0; HTC One M9 Build/MRA421096) AppleWebKit/537.36 (KHTML, like Gecko) Chrome/52.0.3518.98 Mobile Safari/537.3"
139.59.143.102 - - [26/Nov/2024:13:00:57 -0800] "GET /server HTTP/1.0" 301 - "-" "Go-http-client/1.1"
139.59.143.102 - - [26/Nov/2024:13:00:58 -0800] "GET /.vscode/sftp.json HTTP/1.0" 301 - "-" "Go-http-client/1.1"
139.59.143.102 - - [26/Nov/2024:13:00:58 -0800] "GET /about HTTP/1.0" 301 - "-" "Go-http-client/1.1"
139.59.143.102 - - [26/Nov/2024:13:00:59 -0800] "GET /debug/default/view?panel=config HTTP/1.0" 301 - "-" "Go-http-client/1.1"
139.59.143.102 - - [26/Nov/2024:13:01:00 -0800] "GET /v2/_catalog HTTP/1.0" 301 - "-" "Go-http-client/1.1"
139.59.143.102 - - [26/Nov/2024:13:01:01 -0800] "GET /ecp/Current/exporttool/microsoft.exchange.ediscovery.exporttool.application HTTP/1.0" 301 - "-" "Go-http-client/1.1"
139.59.143.102 - - [26/Nov/2024:13:01:01 -0800] "GET /server-status HTTP/1.0" 403 228 "-" "Go-http-client/1.1"
139.59.143.102 - - [26/Nov/2024:13:01:02 -0800] "GET /login.action HTTP/1.0" 301 - "-" "Go-http-client/1.1"
139.59.143.102 - - [26/Nov/2024:13:01:02 -0800] "GET /_all_dbs HTTP/1.0" 301 - "-" "Mozilla/5.0 (l9scan/2.0.435323e2230323e2238313e2930323; +https://leakix.net)"
139.59.143.102 - - [26/Nov/2024:13:01:03 -0800] "GET /.DS_Store HTTP/1.0" 301 - "-" "Go-http-client/1.1"
139.59.143.102 - - [26/Nov/2024:13:01:03 -0800] "GET /.env HTTP/1.0" 301 - "-" "Go-http-client/1.1"
139.59.143.102 - - [26/Nov/2024:13:01:04 -0800] "GET /.git/config HTTP/1.0" 301 - "-" "Go-http-client/1.1"
139.59.143.102 - - [26/Nov/2024:13:01:05 -0800] "GET /s/435323e2230323e2238313e2930323/_/;/META-INF/maven/com.atlassian.jira/jira-webapp-dist/pom.properties HTTP/1.0" 301 - "-" "Go-http-client/1.1"
139.59.143.102 - - [26/Nov/2024:13:01:05 -0800] "GET /config.json HTTP/1.0" 301 - "-" "Go-http-client/1.1"
139.59.143.102 - - [26/Nov/2024:13:01:08 -0800] "GET /telescope/requests HTTP/1.0" 301 - "-" "Go-http-client/1.1"
139.59.143.102 - - [26/Nov/2024:13:01:08 -0800] "GET /?rest_route=/wp/v2/users/ HTTP/1.0" 200 626 "-" "Go-http-client/1.1"
209.182.200.39 - - [26/Nov/2024:13:02:09 -0800] "POST /wp-cron.php?doing_wp_cron=1732654929.2522819042205810546875 HTTP/1.0" 200 - "https://lizardheartmovies.online/wp-cron.php?doing_wp_cron=1732654929.2522819042205810546875" "WordPress/6.1.7; https://lizardheartmovies.online"
5.61.25.34 - - [26/Nov/2024:13:02:08 -0800] "POST /xmlrpc.php HTTP/1.0" 200 403 "-" "Mozilla/5.0 (Windows NT 6.1; Win64; x64; rv:61.0) Gecko/20100101 Firefox/61.0"
154.85.196.130 - - [26/Nov/2024:13:02:11 -0800] "POST /xmlrpc.php HTTP/1.0" 200 403 "-" "Mozilla/5.0 (X11; Linux x86_64) AppleWebKit/537.36 (KHTML, like Gecko) Chrome/44.0.2403.157 Safari/537.36"
220.158.233.124 - - [26/Nov/2024:13:02:11 -0800] "POST /xmlrpc.php HTTP/1.0" 200 403 "-" "Mozilla/5.0 (Windows NT 10.0; Win64; x64) AppleWebKit/537.36 (KHTML, like Gecko) Chrome/88.0.4324.190 Safari/537.36"
154.85.196.130 - - [26/Nov/2024:13:02:17 -0800] "POST /xmlrpc.php HTTP/1.0" 200 403 "-" "Mozilla/5.0 (Windows NT 6.1; WOW64; rv:41.0) Gecko/20100101 Firefox/41.0"
61.219.181.31 - - [26/Nov/2024:13:02:19 -0800] "POST /xmlrpc.php HTTP/1.0" 200 403 "-" "Mozilla/5.0 (Windows NT 10.0; Win64; x64) AppleWebKit/537.36 (KHTML, like Gecko) Chrome/90.0.4430.212 Safari/537.36"
3.22.149.52 - - [26/Nov/2024:13:02:23 -0800] "POST /xmlrpc.php HTTP/1.0" 200 403 "-" "Mozilla/5.0 (Windows NT 10.0; Win64; x64) AppleWebKit/537.36 (KHTML, like Gecko) Chrome/90.0.4430.212 Safari/537.36"
103.98.6.153 - - [26/Nov/2024:13:02:24 -0800] "POST /xmlrpc.php HTTP/1.0" 200 403 "-" "Mozilla/5.0 (Macintosh; Intel Mac OS X 11_4) AppleWebKit/537.36 (KHTML, like Gecko) Chrome/91.0.4472.114 Safari/537.36"
209.182.200.39 - - [26/Nov/2024:13:02:27 -0800] "POST /wp-cron.php?doing_wp_cron=1732654947.7440629005432128906250 HTTP/1.0" 200 - "https://lizardheartmovies.online/wp-cron.php?doing_wp_cron=1732654947.7440629005432128906250" "WordPress/6.1.7; https://lizardheartmovies.online"
185.107.112.154 - - [26/Nov/2024:13:02:27 -0800] "POST /xmlrpc.php HTTP/1.0" 200 403 "-" "Mozilla/5.0 (Windows NT 10.0; Win64; x64) AppleWebKit/537.36 (KHTML, like Gecko) Chrome/87.0.4280.88 Safari/537.36"
209.182.200.39 - - [26/Nov/2024:13:02:29 -0800] "POST /wp-cron.php?doing_wp_cron=1732654949.9506740570068359375000 HTTP/1.0" 200 - "https://lizardheartmovies.online/wp-cron.php?doing_wp_cron=1732654949.9506740570068359375000" "WordPress/6.1.7; https://lizardheartmovies.online"
220.158.233.124 - - [26/Nov/2024:13:02:29 -0800] "POST /xmlrpc.php HTTP/1.0" 200 403 "-" "Mozilla/5.0 (Windows NT 10.0; Win64; x64) AppleWebKit/537.36 (KHTML, like Gecko) Chrome/87.0.4280.141 Safari/537.36"
103.98.6.153 - - [26/Nov/2024:13:02:32 -0800] "POST /xmlrpc.php HTTP/1.0" 200 403 "-" "Mozilla/5.0 (Linux; Android 10; SM-A102U) AppleWebKit/537.36 (KHTML, like Gecko) Chrome/91.0.4472.114 Mobile Safari/537.36"
209.182.200.39 - - [26/Nov/2024:13:02:38 -0800] "POST /wp-cron.php?doing_wp_cron=1732654958.6071701049804687500000 HTTP/1.0" 200 - "https://lizardheartmovies.online/wp-cron.php?doing_wp_cron=1732654958.6071701049804687500000" "WordPress/6.1.7; https://lizardheartmovies.online"
216.238.121.249 - - [26/Nov/2024:13:02:38 -0800] "POST /xmlrpc.php HTTP/1.0" 200 403 "-" "Mozilla/5.0 (Windows NT 6.1; WOW64; rv:45.0) Gecko/20100101 Firefox/45.0"
157.241.65.229 - - [26/Nov/2024:13:02:39 -0800] "POST /xmlrpc.php HTTP/1.0" 200 403 "-" "Mozilla/5.0 (Macintosh; Intel Mac OS X 10_10; rv:33.0) Gecko/20100101 Firefox/33.0"
103.127.199.160 - - [26/Nov/2024:13:02:42 -0800] "POST /xmlrpc.php HTTP/1.0" 200 403 "-" "Mozilla/5.0 (Windows NT 6.1; WOW64; rv:41.0) Gecko/20100101 Firefox/41.0"
103.98.6.153 - - [26/Nov/2024:13:02:44 -0800] "POST /xmlrpc.php HTTP/1.0" 200 403 "-" "Mozilla/5.0 (X11; Ubuntu; Linux i686; rv:24.0) Gecko/20100101 Firefox/24.0"
185.98.5.190 - - [26/Nov/2024:13:02:44 -0800] "POST /xmlrpc.php HTTP/1.0" 200 403 "-" "Mozilla/5.0 (Windows NT 10.0; Win64; x64; rv:58.0) Gecko/20100101 Firefox/58.0"
209.182.200.39 - - [26/Nov/2024:13:06:26 -0800] "POST /wp-cron.php?doing_wp_cron=1732655186.4811580181121826171875 HTTP/1.0" 200 - "https://lizardheartmovies.online/wp-cron.php?doing_wp_cron=1732655186.4811580181121826171875" "WordPress/6.1.7; https://lizardheartmovies.online"
51.38.235.150 - - [26/Nov/2024:13:06:26 -0800] "POST /wp-login.php HTTP/1.0" 200 9839 "-" "Mozilla/5.0 (Windows; U; Windows NT 5.1; en-US) AppleWebKit/533.4 (KHTML, like Gecko) Chrome/5.0.375.99 Safari/533.4"
209.182.200.39 - - [26/Nov/2024:13:07:57 -0800] "POST /wp-cron.php?doing_wp_cron=1732655277.7832360267639160156250 HTTP/1.0" 200 - "https://lizardheartmovies.online/wp-cron.php?doing_wp_cron=1732655277.7832360267639160156250" "WordPress/6.1.7; https://lizardheartmovies.online"
143.110.177.134 - - [26/Nov/2024:13:07:57 -0800] "POST /wp-login.php HTTP/1.0" 200 9839 "-" "Mozilla/5.0 (Windows NT 10.0; Win64; x64) AppleWebKit/537.36 (KHTML, like Gecko) Chrome/62.0.3202.89 Safari/537.36"
207.46.13.157 - - [26/Nov/2024:13:08:12 -0800] "GET /the-power-of-suggestion-mind-field-s2-ep-6-4/ HTTP/1.0" 200 108773 "-" "Mozilla/5.0 AppleWebKit/537.36 (KHTML, like Gecko; compatible; bingbot/2.0; +http://www.bing.com/bingbot.htm) Chrome/116.0.1938.76 Safari/537.36"
209.182.200.39 - - [26/Nov/2024:13:10:01 -0800] "POST /wp-cron.php?doing_wp_cron=1732655401.4320580959320068359375 HTTP/1.0" 200 - "https://lizardheartmovies.online/wp-cron.php?doing_wp_cron=1732655401.4320580959320068359375" "WordPress/6.1.7; https://lizardheartmovies.online"
157.245.201.51 - - [26/Nov/2024:13:10:01 -0800] "POST /xmlrpc.php HTTP/1.0" 200 401 "-" "Mozilla/5.0 (X11; Fedora; Linux x86_64; rv:89.0) Gecko/20100101 Firefox/89.0"
209.182.200.39 - - [26/Nov/2024:13:13:58 -0800] "POST /wp-cron.php?doing_wp_cron=1732655638.8182148933410644531250 HTTP/1.0" 200 - "https://lizardheartmovies.online/wp-cron.php?doing_wp_cron=1732655638.8182148933410644531250" "WordPress/6.1.7; https://lizardheartmovies.online"
51.79.254.110 - - [26/Nov/2024:13:13:58 -0800] "POST /wp-login.php HTTP/1.0" 200 9837 "-" "Mozilla/5.0 (Windows NT 6.1; Win64; x64) AppleWebKit/537.36 (KHTML, like Gecko) Chrome/67.0.3396.87 Safari/537.36"
209.182.200.39 - - [26/Nov/2024:13:15:29 -0800] "POST /wp-cron.php?doing_wp_cron=1732655729.3776710033416748046875 HTTP/1.0" 200 - "https://lizardheartmovies.online/wp-cron.php?doing_wp_cron=1732655729.3776710033416748046875" "WordPress/6.1.7; https://lizardheartmovies.online"
171.244.0.91 - - [26/Nov/2024:13:15:29 -0800] "POST /wp-login.php HTTP/1.0" 200 9839 "-" "Mozilla/5.0 (Windows NT 10.0; Win64; x64) AppleWebKit/537.36 (KHTML, like Gecko) Chrome/73.0.3683.75 Safari/537.36"
209.182.200.39 - - [26/Nov/2024:13:21:33 -0800] "POST /wp-cron.php?doing_wp_cron=1732656092.9536499977111816406250 HTTP/1.0" 200 - "https://lizardheartmovies.online/wp-cron.php?doing_wp_cron=1732656092.9536499977111816406250" "WordPress/6.1.7; https://lizardheartmovies.online"
91.218.64.199 - - [26/Nov/2024:13:21:28 -0800] "POST /wp-login.php HTTP/1.0" 200 9837 "-" "Mozilla/5.0 (Windows NT 6.3; Win64; x64) AppleWebKit/537.36 (KHTML, like Gecko) Chrome/79.0.3945.130 Safari/537.36"
209.182.200.39 - - [26/Nov/2024:13:21:34 -0800] "GET / HTTP/1.0" 200 128746 "https://lizardheartmovies.online/" "WordPress/6.1.7; https://lizardheartmovies.online"
209.182.200.39 - - [26/Nov/2024:13:23:00 -0800] "POST /wp-cron.php?doing_wp_cron=1732656180.1155910491943359375000 HTTP/1.0" 200 - "https://lizardheartmovies.online/wp-cron.php?doing_wp_cron=1732656180.1155910491943359375000" "WordPress/6.1.7; https://lizardheartmovies.online"
37.187.76.186 - - [26/Nov/2024:13:22:59 -0800] "POST /wp-login.php HTTP/1.0" 200 9839 "-" "Mozilla/5.0 (Windows NT 10.0; WOW64) AppleWebKit/537.36 (KHTML, like Gecko) Chrome/47.0.2526.106 Safari/537.36"
209.182.200.39 - - [26/Nov/2024:13:25:05 -0800] "POST /wp-cron.php?doing_wp_cron=1732656305.9298489093780517578125 HTTP/1.0" 200 - "https://lizardheartmovies.online/wp-cron.php?doing_wp_cron=1732656305.9298489093780517578125" "WordPress/6.1.7; https://lizardheartmovies.online"
199.195.252.235 - - [26/Nov/2024:13:25:05 -0800] "GET /wp-login.php HTTP/1.0" 200 9419 "-" "Mozilla/5.0 (Windows NT 6.1; WOW64; Trident/7.0; rv:11.0) like Gecko"
199.195.252.235 - - [26/Nov/2024:13:25:06 -0800] "POST /wp-login.php HTTP/1.0" 200 9857 "-" "Mozilla/5.0 (Windows NT 6.1; WOW64; Trident/7.0; rv:11.0) like Gecko"
209.182.200.39 - - [26/Nov/2024:13:25:38 -0800] "POST /wp-cron.php?doing_wp_cron=1732656338.8190209865570068359375 HTTP/1.0" 200 - "https://lizardheartmovies.online/wp-cron.php?doing_wp_cron=1732656338.8190209865570068359375" "WordPress/6.1.7; https://lizardheartmovies.online"
92.222.181.205 - - [26/Nov/2024:13:25:35 -0800] "POST /xmlrpc.php HTTP/1.0" 200 401 "-" "Mozilla/5.0 (X11; Fedora; Linux x86_64; rv:89.0) Gecko/20100101 Firefox/89.0"
209.182.200.39 - - [26/Nov/2024:13:29:00 -0800] "POST /wp-cron.php?doing_wp_cron=1732656540.6367340087890625000000 HTTP/1.0" 200 - "https://lizardheartmovies.online/wp-cron.php?doing_wp_cron=1732656540.6367340087890625000000" "WordPress/6.1.7; https://lizardheartmovies.online"
188.166.188.97 - - [26/Nov/2024:13:29:00 -0800] "POST /wp-login.php HTTP/1.0" 200 9837 "-" "Mozilla/5.0 (Windows NT 10.0; Win64; x64) AppleWebKit/537.36 (KHTML, like Gecko) Chrome/73.0.3683.86 Safari/537.36"
209.182.200.39 - - [26/Nov/2024:13:30:33 -0800] "POST /wp-cron.php?doing_wp_cron=1732656633.6880300045013427734375 HTTP/1.0" 200 - "https://lizardheartmovies.online/wp-cron.php?doing_wp_cron=1732656633.6880300045013427734375" "WordPress/6.1.7; https://lizardheartmovies.online"
188.165.239.173 - - [26/Nov/2024:13:30:33 -0800] "POST /wp-login.php HTTP/1.0" 200 9839 "-" "Mozilla/5.0 (Windows NT 6.1; WOW64) AppleWebKit/537.36 (KHTML, like Gecko) Chrome/36.0.1985.125 Safari/537.36"
209.182.200.39 - - [26/Nov/2024:13:36:35 -0800] "POST /wp-cron.php?doing_wp_cron=1732656995.0296120643615722656250 HTTP/1.0" 200 - "https://lizardheartmovies.online/wp-cron.php?doing_wp_cron=1732656995.0296120643615722656250" "WordPress/6.1.7; https://lizardheartmovies.online"
182.69.118.149 - - [26/Nov/2024:13:36:34 -0800] "POST /wp-login.php HTTP/1.0" 200 9837 "-" "Mozilla/5.0 (Windows NT 6.1; WOW64) AppleWebKit/537.36 (KHTML, like Gecko) Chrome/47.0.2526.111 Safari/537.36"
209.182.200.39 - - [26/Nov/2024:13:38:06 -0800] "POST /wp-cron.php?doing_wp_cron=1732657086.5789310932159423828125 HTTP/1.0" 200 - "https://lizardheartmovies.online/wp-cron.php?doing_wp_cron=1732657086.5789310932159423828125" "WordPress/6.1.7; https://lizardheartmovies.online"
49.12.4.109 - - [26/Nov/2024:13:38:06 -0800] "POST /wp-login.php HTTP/1.0" 200 9839 "-" "Mozilla/5.0 (Windows NT 6.1; Win64; x64) AppleWebKit/537.36 (KHTML, like Gecko) Chrome/60.0.3112.113 Safari/537.36"
209.182.200.39 - - [26/Nov/2024:13:40:39 -0800] "POST /wp-cron.php?doing_wp_cron=1732657239.1329729557037353515625 HTTP/1.0" 200 - "https://lizardheartmovies.online/wp-cron.php?doing_wp_cron=1732657239.1329729557037353515625" "WordPress/6.1.7; https://lizardheartmovies.online"
8.218.212.177 - - [26/Nov/2024:13:40:38 -0800] "POST /xmlrpc.php HTTP/1.0" 200 401 "-" "Mozilla/5.0 (X11; Fedora; Linux x86_64; rv:89.0) Gecko/20100101 Firefox/89.0"
209.182.200.39 - - [26/Nov/2024:13:44:08 -0800] "POST /wp-cron.php?doing_wp_cron=1732657448.1898961067199707031250 HTTP/1.0" 200 - "https://lizardheartmovies.online/wp-cron.php?doing_wp_cron=1732657448.1898961067199707031250" "WordPress/6.1.7; https://lizardheartmovies.online"
164.92.80.194 - - [26/Nov/2024:13:44:07 -0800] "POST /wp-login.php HTTP/1.0" 200 9837 "-" "Mozilla/5.0 (Windows NT 6.1; Win64; x64) AppleWebKit/537.36 (KHTML, like Gecko) Chrome/79.0.3945.117 Safari/537.36"
85.208.96.210 - - [26/Nov/2024:13:44:09 -0800] "GET /robots.txt HTTP/1.0" 200 30 "-" "Mozilla/5.0 (compatible; SemrushBot/7~bl; +http://www.semrush.com/bot.html)"
85.208.96.195 - - [26/Nov/2024:13:44:10 -0800] "GET /wp-admin/admin-ajax.php?action=betube_process_like&disabled=true&is_comment=0&nonce=2357b23835&post_id=4704 HTTP/1.0" 200 13 "-" "Mozilla/5.0 (compatible; SemrushBot/7~bl; +http://www.semrush.com/bot.html)"
209.182.200.39 - - [26/Nov/2024:13:45:40 -0800] "POST /wp-cron.php?doing_wp_cron=1732657540.7078690528869628906250 HTTP/1.0" 200 - "https://lizardheartmovies.online/wp-cron.php?doing_wp_cron=1732657540.7078690528869628906250" "WordPress/6.1.7; https://lizardheartmovies.online"
49.12.4.109 - - [26/Nov/2024:13:45:40 -0800] "POST /wp-login.php HTTP/1.0" 200 9839 "-" "Mozilla/5.0 (Windows NT 5.1) AppleWebKit/537.36 (KHTML, like Gecko) Chrome/47.0.2526.106 Safari/537.36"
209.182.200.39 - - [26/Nov/2024:13:51:41 -0800] "POST /wp-cron.php?doing_wp_cron=1732657901.2528500556945800781250 HTTP/1.0" 200 - "https://lizardheartmovies.online/wp-cron.php?doing_wp_cron=1732657901.2528500556945800781250" "WordPress/6.1.7; https://lizardheartmovies.online"
138.128.245.84 - - [26/Nov/2024:13:51:40 -0800] "POST /wp-login.php HTTP/1.0" 200 9837 "-" "Mozilla/5.0 (Windows NT 10.0; Win64; x64) AppleWebKit/537.36 (KHTML, like Gecko) Chrome/54.0.2840.99 Safari/537.36"
192.3.231.174 - - [26/Nov/2024:13:53:13 -0800] "POST /wp-login.php HTTP/1.0" 200 9839 "-" "Mozilla/5.0 (Windows NT 6.1) AppleWebKit/537.36 (KHTML, like Gecko) Chrome/65.0.3325.181 Safari/537.36"
209.182.200.39 - - [26/Nov/2024:13:54:20 -0800] "POST /wp-cron.php?doing_wp_cron=1732658060.0659840106964111328125 HTTP/1.0" 200 - "https://lizardheartmovies.online/wp-cron.php?doing_wp_cron=1732658060.0659840106964111328125" "WordPress/6.1.7; https://lizardheartmovies.online"
52.167.144.175 - - [26/Nov/2024:13:54:19 -0800] "GET /you-dont-type-alone/ HTTP/1.0" 200 112609 "-" "Mozilla/5.0 AppleWebKit/537.36 (KHTML, like Gecko; compatible; bingbot/2.0; +http://www.bing.com/bingbot.htm) Chrome/116.0.1938.76 Safari/537.36"
209.182.200.39 - - [26/Nov/2024:13:56:34 -0800] "POST /wp-cron.php?doing_wp_cron=1732658194.2667820453643798828125 HTTP/1.0" 200 - "https://lizardheartmovies.online/wp-cron.php?doing_wp_cron=1732658194.2667820453643798828125" "WordPress/6.1.7; https://lizardheartmovies.online"
91.234.194.248 - - [26/Nov/2024:13:56:34 -0800] "POST /xmlrpc.php HTTP/1.0" 200 401 "-" "Mozilla/5.0 (X11; Fedora; Linux x86_64; rv:89.0) Gecko/20100101 Firefox/89.0"
209.182.200.39 - - [26/Nov/2024:13:59:12 -0800] "POST /wp-cron.php?doing_wp_cron=1732658352.0337059497833251953125 HTTP/1.0" 200 - "https://lizardheartmovies.online/wp-cron.php?doing_wp_cron=1732658352.0337059497833251953125" "WordPress/6.1.7; https://lizardheartmovies.online"
64.227.146.23 - - [26/Nov/2024:13:59:11 -0800] "POST /wp-login.php HTTP/1.0" 200 9839 "-" "Mozilla/5.0 (Windows NT 6.1; Win64; x64) AppleWebKit/537.36 (KHTML, like Gecko) Chrome/79.0.3945.117 Safari/537.36"
209.182.200.39 - - [26/Nov/2024:14:00:44 -0800] "POST /wp-cron.php?doing_wp_cron=1732658444.2325201034545898437500 HTTP/1.0" 200 - "https://lizardheartmovies.online/wp-cron.php?doing_wp_cron=1732658444.2325201034545898437500" "WordPress/6.1.7; https://lizardheartmovies.online"
103.110.84.177 - - [26/Nov/2024:14:00:44 -0800] "POST /wp-login.php HTTP/1.0" 200 9839 "-" "Mozilla/5.0 (Windows NT 6.1; Win64; x64) AppleWebKit/537.36 (KHTML, like Gecko) Chrome/80.0.3987.106 Safari/537.36"
65.108.64.210 - - [26/Nov/2024:14:01:45 -0800] "GET /robots.txt HTTP/1.0" 200 30 "-" "Mozilla/5.0 (compatible; MJ12bot/v1.4.8; http://mj12bot.com/)"
209.182.200.39 - - [26/Nov/2024:14:02:06 -0800] "POST /wp-cron.php?doing_wp_cron=1732658526.5279901027679443359375 HTTP/1.0" 200 - "https://lizardheartmovies.online/wp-cron.php?doing_wp_cron=1732658526.5279901027679443359375" "WordPress/6.1.7; https://lizardheartmovies.online"
65.108.64.210 - - [26/Nov/2024:14:02:06 -0800] "GET /%E0%A4%B8%E0%A4%B0%E0%A5%8D%E0%A4%AA-%E0%A4%A6%E0%A5%8D%E0%A4%B5%E0%A5%80%E0%A4%AA-serpent-king-island-full-movie-shao-yun-steven-liu/feed/ HTTP/1.0" 200 1066 "-" "Mozilla/5.0 (compatible; MJ12bot/v1.4.8; http://mj12bot.com/)"
209.182.200.39 - - [26/Nov/2024:14:02:28 -0800] "POST /wp-cron.php?doing_wp_cron=1732658548.1086690425872802734375 HTTP/1.0" 200 - "https://lizardheartmovies.online/wp-cron.php?doing_wp_cron=1732658548.1086690425872802734375" "WordPress/6.1.7; https://lizardheartmovies.online"
65.108.64.210 - - [26/Nov/2024:14:02:27 -0800] "GET /%E1%B4%B4%E1%B4%B0-animation-cartoon-movies-for-kids-2016-%E2%99%A5-%D1%81%D0%BE%D0%B1%D0%B0%D1%87%D0%B8%D0%B9-%D0%BF%D0%B0%D1%82%D1%80%D1%83%D0%BB%D1%8C-%E2%99%A5-paw-patrol-pups-save-full-episodes-2/feed/ HTTP/1.0" 200 1242 "-" "Mozilla/5.0 (compatible; MJ12bot/v1.4.8; http://mj12bot.com/)"
209.182.200.39 - - [26/Nov/2024:14:02:49 -0800] "POST /wp-cron.php?doing_wp_cron=1732658569.4735639095306396484375 HTTP/1.0" 200 - "https://lizardheartmovies.online/wp-cron.php?doing_wp_cron=1732658569.4735639095306396484375" "WordPress/6.1.7; https://lizardheartmovies.online"
65.108.64.210 - - [26/Nov/2024:14:02:49 -0800] "GET /%E1%B4%B4%E1%B4%B0-best-paw-patrol-animation-movies-for-kids-2016-%E2%98%86%E2%99%A5-new-cartoon-movies-in-urdu-the-new-pup-czb6dvgaj0m-7/feed/ HTTP/1.0" 200 1106 "-" "Mozilla/5.0 (compatible; MJ12bot/v1.4.8; http://mj12bot.com/)"
209.182.200.39 - - [26/Nov/2024:14:03:10 -0800] "POST /wp-cron.php?doing_wp_cron=1732658590.9319860935211181640625 HTTP/1.0" 200 - "https://lizardheartmovies.online/wp-cron.php?doing_wp_cron=1732658590.9319860935211181640625" "WordPress/6.1.7; https://lizardheartmovies.online"
65.108.64.210 - - [26/Nov/2024:14:03:10 -0800] "GET /%EB%9D%BC%ED%91%B8%ED%8C%8C-%EC%98%A4%EB%8A%98-%EB%9D%BC%EB%B0%94%EB%9E%91-%EB%94%94%EC%A0%80%ED%8A%B8-%EB%A8%B9%EC%9C%BC%EB%9F%AC-%EA%B0%88-%EC%B9%9C%EA%B5%AC%EB%93%A4-%EA%B5%AC%ED%95%A8/feed/ HTTP/1.0" 200 1172 "-" "Mozilla/5.0 (compatible; MJ12bot/v1.4.8; http://mj12bot.com/)"
209.182.200.39 - - [26/Nov/2024:14:03:32 -0800] "POST /wp-cron.php?doing_wp_cron=1732658612.5147008895874023437500 HTTP/1.0" 200 - "https://lizardheartmovies.online/wp-cron.php?doing_wp_cron=1732658612.5147008895874023437500" "WordPress/6.1.7; https://lizardheartmovies.online"
65.108.64.210 - - [26/Nov/2024:14:03:32 -0800] "GET /animation-movies-for-kid-2017-%E2%9D%82-cartoon-new-compilation-%E2%9D%82-company-picnic-%E2%9D%82-monitoon/ HTTP/1.0" 200 107194 "-" "Mozilla/5.0 (compatible; MJ12bot/v1.4.8; http://mj12bot.com/)"
209.182.200.39 - - [26/Nov/2024:14:03:54 -0800] "POST /wp-cron.php?doing_wp_cron=1732658634.3417930603027343750000 HTTP/1.0" 200 - "https://lizardheartmovies.online/wp-cron.php?doing_wp_cron=1732658634.3417930603027343750000" "WordPress/6.1.7; https://lizardheartmovies.online"
65.108.64.210 - - [26/Nov/2024:14:03:54 -0800] "GET /animation-movies-for-kid-2017-%E2%9D%82-cartoon-new-compilation-%E2%9D%82-larrys-gym-%E2%9D%82-monitoon/feed/ HTTP/1.0" 200 1019 "-" "Mozilla/5.0 (compatible; MJ12bot/v1.4.8; http://mj12bot.com/)"
209.182.200.39 - - [26/Nov/2024:14:04:15 -0800] "POST /wp-cron.php?doing_wp_cron=1732658655.8408141136169433593750 HTTP/1.0" 200 - "https://lizardheartmovies.online/wp-cron.php?doing_wp_cron=1732658655.8408141136169433593750" "WordPress/6.1.7; https://lizardheartmovies.online"
65.108.64.210 - - [26/Nov/2024:14:04:15 -0800] "GET /animation-movies-for-kid-2017-%E2%9D%82-cartoon-new-compilation-%E2%9D%82-salsa-imbecilicus-%E2%9D%82-monitoon/feed/ HTTP/1.0" 200 1033 "-" "Mozilla/5.0 (compatible; MJ12bot/v1.4.8; http://mj12bot.com/)"
209.182.200.39 - - [26/Nov/2024:14:04:37 -0800] "POST /wp-cron.php?doing_wp_cron=1732658677.3085229396820068359375 HTTP/1.0" 200 - "https://lizardheartmovies.online/wp-cron.php?doing_wp_cron=1732658677.3085229396820068359375" "WordPress/6.1.7; https://lizardheartmovies.online"
65.108.64.210 - - [26/Nov/2024:14:04:37 -0800] "GET /animation-movies-for-kid-2017-%E2%9D%82-cartoon-new-compilation-%E2%9D%82-larrys-gym-%E2%9D%82-monitoon/ HTTP/1.0" 200 107144 "-" "Mozilla/5.0 (compatible; MJ12bot/v1.4.8; http://mj12bot.com/)"
209.182.200.39 - - [26/Nov/2024:14:04:58 -0800] "POST /wp-cron.php?doing_wp_cron=1732658698.9203350543975830078125 HTTP/1.0" 200 - "https://lizardheartmovies.online/wp-cron.php?doing_wp_cron=1732658698.9203350543975830078125" "WordPress/6.1.7; https://lizardheartmovies.online"
65.108.64.210 - - [26/Nov/2024:14:04:58 -0800] "GET /animation-movies-for-kid-2017-%E2%9D%82-cartoon-new-compilation-%E2%9D%82-salsa-imbecilicus-%E2%9D%82-monitoon/ HTTP/1.0" 200 107349 "-" "Mozilla/5.0 (compatible; MJ12bot/v1.4.8; http://mj12bot.com/)"
65.108.64.210 - - [26/Nov/2024:14:05:20 -0800] "GET /best-kids-movie-disney-cartoon-movies-for-kids-%E2%99%94-english-full-hd/feed/ HTTP/1.0" 200 939 "-" "Mozilla/5.0 (compatible; MJ12bot/v1.4.8; http://mj12bot.com/)"
209.182.200.39 - - [26/Nov/2024:14:05:42 -0800] "POST /wp-cron.php?doing_wp_cron=1732658742.1720020771026611328125 HTTP/1.0" 200 - "https://lizardheartmovies.online/wp-cron.php?doing_wp_cron=1732658742.1720020771026611328125" "WordPress/6.1.7; https://lizardheartmovies.online"
65.108.64.210 - - [26/Nov/2024:14:05:41 -0800] "GET /best-kids-movie-disney-cartoon-movies-for-kids-%E2%99%94-english-full-hd/ HTTP/1.0" 200 106464 "-" "Mozilla/5.0 (compatible; MJ12bot/v1.4.8; http://mj12bot.com/)"
209.182.200.39 - - [26/Nov/2024:14:06:03 -0800] "POST /wp-cron.php?doing_wp_cron=1732658763.9230780601501464843750 HTTP/1.0" 200 - "https://lizardheartmovies.online/wp-cron.php?doing_wp_cron=1732658763.9230780601501464843750" "WordPress/6.1.7; https://lizardheartmovies.online"
65.108.64.210 - - [26/Nov/2024:14:06:03 -0800] "GET /furiosa-a-mad-max-saga-2024-full-movie-action-movie-furiosa-a-mad-max-saga-english-movie-2024-hollywood-movie-dailymotion-review-facts-explained-movie/ HTTP/1.0" 200 117405 "-" "Mozilla/5.0 (compatible; MJ12bot/v1.4.8; http://mj12bot.com/)"
209.182.200.39 - - [26/Nov/2024:14:06:26 -0800] "POST /wp-cron.php?doing_wp_cron=1732658786.4312438964843750000000 HTTP/1.0" 200 - "https://lizardheartmovies.online/wp-cron.php?doing_wp_cron=1732658786.4312438964843750000000" "WordPress/6.1.7; https://lizardheartmovies.online"
65.108.64.210 - - [26/Nov/2024:14:06:26 -0800] "GET /new-action-films-2015-%E2%99%A5-best-cartoon-sci-fi-movies-2015-%E2%99%A5-english-%E2%99%A5-full-hd-3/feed/ HTTP/1.0" 200 1004 "-" "Mozilla/5.0 (compatible; MJ12bot/v1.4.8; http://mj12bot.com/)"
209.182.200.39 - - [26/Nov/2024:14:06:40 -0800] "POST /wp-cron.php?doing_wp_cron=1732658800.7615129947662353515625 HTTP/1.0" 200 - "https://lizardheartmovies.online/wp-cron.php?doing_wp_cron=1732658800.7615129947662353515625" "WordPress/6.1.7; https://lizardheartmovies.online"
179.124.41.135 - - [26/Nov/2024:14:06:40 -0800] "POST /wp-login.php HTTP/1.0" 200 9839 "-" "Mozilla/5.0 (Windows NT 6.1; Win64; x64) AppleWebKit/537.36 (KHTML, like Gecko) Chrome/79.0.3945.117 Safari/537.36"
65.108.64.210 - - [26/Nov/2024:14:06:47 -0800] "GET /new-action-films-2015-%E2%99%A5-best-cartoon-sci-fi-movies-2015-%E2%99%A5-english-%E2%99%A5-full-hd-3/ HTTP/1.0" 200 108993 "-" "Mozilla/5.0 (compatible; MJ12bot/v1.4.8; http://mj12bot.com/)"
209.182.200.39 - - [26/Nov/2024:14:07:10 -0800] "POST /wp-cron.php?doing_wp_cron=1732658830.1529660224914550781250 HTTP/1.0" 200 - "https://lizardheartmovies.online/wp-cron.php?doing_wp_cron=1732658830.1529660224914550781250" "WordPress/6.1.7; https://lizardheartmovies.online"
65.108.64.210 - - [26/Nov/2024:14:07:10 -0800] "GET /new-cartoon-for-kids-about-cars-2016-%E2%9C%AC-animation-movies-for-children-hd-%E2%9C%93/feed/ HTTP/1.0" 200 976 "-" "Mozilla/5.0 (compatible; MJ12bot/v1.4.8; http://mj12bot.com/)"
209.182.200.39 - - [26/Nov/2024:14:07:31 -0800] "POST /wp-cron.php?doing_wp_cron=1732658851.6134970188140869140625 HTTP/1.0" 200 - "https://lizardheartmovies.online/wp-cron.php?doing_wp_cron=1732658851.6134970188140869140625" "WordPress/6.1.7; https://lizardheartmovies.online"
65.108.64.210 - - [26/Nov/2024:14:07:31 -0800] "GET /new-cartoon-for-kids-about-cars-2016-%E2%9C%AC-animation-movies-for-children-hd-%E2%9C%93/ HTTP/1.0" 200 106757 "-" "Mozilla/5.0 (compatible; MJ12bot/v1.4.8; http://mj12bot.com/)"
65.108.64.210 - - [26/Nov/2024:14:07:53 -0800] "GET /the-simpsons-funniest-moments-2017-%E2%9D%8B-new-animation-movies-2017-%E2%9D%8B-cartoon-animation-kids-16/feed/ HTTP/1.0" 200 1028 "-" "Mozilla/5.0 (compatible; MJ12bot/v1.4.8; http://mj12bot.com/)"
87.98.173.252 - - [26/Nov/2024:14:08:12 -0800] "POST /wp-login.php HTTP/1.0" 200 9839 "-" "Mozilla/5.0 (Windows NT 6.3; Win64; x64) AppleWebKit/537.36 (KHTML, like Gecko) Chrome/68.0.3440.106 Safari/537.36"
65.108.64.210 - - [26/Nov/2024:14:08:14 -0800] "GET /the-simpsons-funniest-moments-2017-%E2%9D%8B-new-animation-movies-2017-%E2%9D%8B-cartoon-animation-kids-16/ HTTP/1.0" 200 107142 "-" "Mozilla/5.0 (compatible; MJ12bot/v1.4.8; http://mj12bot.com/)"
209.182.200.39 - - [26/Nov/2024:14:08:36 -0800] "POST /wp-cron.php?doing_wp_cron=1732658916.6626451015472412109375 HTTP/1.0" 200 - "https://lizardheartmovies.online/wp-cron.php?doing_wp_cron=1732658916.6626451015472412109375" "WordPress/6.1.7; https://lizardheartmovies.online"
65.108.64.210 - - [26/Nov/2024:14:08:36 -0800] "GET /%E0%A4%B8%E0%A4%B0%E0%A5%8D%E0%A4%AA-%E0%A4%A6%E0%A5%8D%E0%A4%B5%E0%A5%80%E0%A4%AA-serpent-king-island-full-movie-shao-yun-steven-liu/ HTTP/1.0" 200 110126 "-" "Mozilla/5.0 (compatible; MJ12bot/v1.4.8; http://mj12bot.com/)"
209.182.200.39 - - [26/Nov/2024:14:08:58 -0800] "POST /wp-cron.php?doing_wp_cron=1732658938.4775099754333496093750 HTTP/1.0" 200 - "https://lizardheartmovies.online/wp-cron.php?doing_wp_cron=1732658938.4775099754333496093750" "WordPress/6.1.7; https://lizardheartmovies.online"
65.108.64.210 - - [26/Nov/2024:14:08:58 -0800] "GET /%E1%B4%B4%E1%B4%B0-animation-cartoon-movies-for-kids-2016-%E2%99%A5-%D1%81%D0%BE%D0%B1%D0%B0%D1%87%D0%B8%D0%B9-%D0%BF%D0%B0%D1%82%D1%80%D1%83%D0%BB%D1%8C-%E2%99%A5-paw-patrol-pups-save-full-episodes-2/ HTTP/1.0" 200 107953 "-" "Mozilla/5.0 (compatible; MJ12bot/v1.4.8; http://mj12bot.com/)"
65.108.64.210 - - [26/Nov/2024:14:09:20 -0800] "GET /%E1%B4%B4%E1%B4%B0-best-paw-patrol-animation-movies-for-kids-2016-%E2%98%86%E2%99%A5-new-cartoon-movies-in-urdu-the-new-pup-czb6dvgaj0m-7/ HTTP/1.0" 200 107861 "-" "Mozilla/5.0 (compatible; MJ12bot/v1.4.8; http://mj12bot.com/)"
209.182.200.39 - - [26/Nov/2024:14:09:42 -0800] "POST /wp-cron.php?doing_wp_cron=1732658982.1485939025878906250000 HTTP/1.0" 200 - "https://lizardheartmovies.online/wp-cron.php?doing_wp_cron=1732658982.1485939025878906250000" "WordPress/6.1.7; https://lizardheartmovies.online"
65.108.64.210 - - [26/Nov/2024:14:09:41 -0800] "GET /%EB%9D%BC%ED%91%B8%ED%8C%8C-%EC%98%A4%EB%8A%98-%EB%9D%BC%EB%B0%94%EB%9E%91-%EB%94%94%EC%A0%80%ED%8A%B8-%EB%A8%B9%EC%9C%BC%EB%9F%AC-%EA%B0%88-%EC%B9%9C%EA%B5%AC%EB%93%A4-%EA%B5%AC%ED%95%A8/ HTTP/1.0" 200 107747 "-" "Mozilla/5.0 (compatible; MJ12bot/v1.4.8; http://mj12bot.com/)"
209.182.200.39 - - [26/Nov/2024:14:12:22 -0800] "POST /wp-cron.php?doing_wp_cron=1732659142.7621119022369384765625 HTTP/1.0" 200 - "https://lizardheartmovies.online/wp-cron.php?doing_wp_cron=1732659142.7621119022369384765625" "WordPress/6.1.7; https://lizardheartmovies.online"
81.69.197.181 - - [26/Nov/2024:14:12:22 -0800] "POST /xmlrpc.php HTTP/1.0" 200 401 "-" "Mozilla/5.0 (X11; Fedora; Linux x86_64; rv:89.0) Gecko/20100101 Firefox/89.0"
209.182.200.39 - - [26/Nov/2024:14:14:12 -0800] "POST /wp-cron.php?doing_wp_cron=1732659252.0759289264678955078125 HTTP/1.0" 200 - "https://lizardheartmovies.online/wp-cron.php?doing_wp_cron=1732659252.0759289264678955078125" "WordPress/6.1.7; https://lizardheartmovies.online"
178.128.79.56 - - [26/Nov/2024:14:14:11 -0800] "POST /wp-login.php HTTP/1.0" 200 9839 "-" "Mozilla/5.0 (Windows NT 10.0; Win64; x64) AppleWebKit/537.36 (KHTML, like Gecko) Chrome/64.0.3282.167 Safari/537.36"
209.182.200.39 - - [26/Nov/2024:14:14:30 -0800] "POST /wp-cron.php?doing_wp_cron=1732659270.4538500308990478515625 HTTP/1.0" 200 - "http://lizardheartmovies.online/wp-cron.php?doing_wp_cron=1732659270.4538500308990478515625" "WordPress/6.1.7; https://lizardheartmovies.online"
157.245.36.108 - - [26/Nov/2024:14:14:30 -0800] "GET / HTTP/1.0" 301 - "-" "-"
157.245.36.108 - - [26/Nov/2024:14:14:30 -0800] "GET / HTTP/1.0" 301 - "-" "Mozilla/5.0 (Linux; Android 6.0; HTC One M9 Build/MRA421096) AppleWebKit/537.36 (KHTML, like Gecko) Chrome/52.0.3518.98 Mobile Safari/537.3"
157.245.36.108 - - [26/Nov/2024:14:14:31 -0800] "GET /server HTTP/1.0" 404 67822 "-" "Go-http-client/1.1"
157.245.36.108 - - [26/Nov/2024:14:14:31 -0800] "GET /.vscode/sftp.json HTTP/1.0" 404 67822 "-" "Go-http-client/1.1"
157.245.36.108 - - [26/Nov/2024:14:14:32 -0800] "GET /about HTTP/1.0" 404 67822 "-" "Go-http-client/1.1"
157.245.36.108 - - [26/Nov/2024:14:14:32 -0800] "GET /debug/default/view?panel=config HTTP/1.0" 404 67822 "-" "Go-http-client/1.1"
157.245.36.108 - - [26/Nov/2024:14:14:33 -0800] "GET /v2/_catalog HTTP/1.0" 404 67822 "-" "Go-http-client/1.1"
157.245.36.108 - - [26/Nov/2024:14:14:33 -0800] "GET /ecp/Current/exporttool/microsoft.exchange.ediscovery.exporttool.application HTTP/1.0" 404 67822 "-" "Go-http-client/1.1"
157.245.36.108 - - [26/Nov/2024:14:14:34 -0800] "GET /server-status HTTP/1.0" 403 228 "-" "Go-http-client/1.1"
157.245.36.108 - - [26/Nov/2024:14:14:34 -0800] "GET /login.action HTTP/1.0" 404 67822 "-" "Go-http-client/1.1"
157.245.36.108 - - [26/Nov/2024:14:14:34 -0800] "GET /_all_dbs HTTP/1.0" 404 67822 "-" "Mozilla/5.0 (l9scan/2.0.435323e2230323e2238313e2930323; +https://leakix.net)"
209.182.200.39 - - [26/Nov/2024:14:14:35 -0800] "POST /wp-cron.php?doing_wp_cron=1732659275.4351129531860351562500 HTTP/1.0" 200 - "http://lizardheartmovies.online/wp-cron.php?doing_wp_cron=1732659275.4351129531860351562500" "WordPress/6.1.7; https://lizardheartmovies.online"
157.245.36.108 - - [26/Nov/2024:14:14:35 -0800] "GET /.DS_Store HTTP/1.0" 404 67822 "-" "Go-http-client/1.1"
157.245.36.108 - - [26/Nov/2024:14:14:35 -0800] "GET /.env HTTP/1.0" 404 67822 "-" "Go-http-client/1.1"
157.245.36.108 - - [26/Nov/2024:14:14:36 -0800] "GET /.git/config HTTP/1.0" 404 67822 "-" "Go-http-client/1.1"
157.245.36.108 - - [26/Nov/2024:14:14:36 -0800] "GET /s/435323e2230323e2238313e2930323/_/;/META-INF/maven/com.atlassian.jira/jira-webapp-dist/pom.properties HTTP/1.0" 404 67822 "-" "Go-http-client/1.1"
157.245.36.108 - - [26/Nov/2024:14:14:37 -0800] "GET /config.json HTTP/1.0" 404 67822 "-" "Go-http-client/1.1"
157.245.36.108 - - [26/Nov/2024:14:14:37 -0800] "GET /telescope/requests HTTP/1.0" 404 67822 "-" "Go-http-client/1.1"
157.245.36.108 - - [26/Nov/2024:14:14:38 -0800] "GET /?rest_route=/wp/v2/users/ HTTP/1.0" 200 626 "-" "Go-http-client/1.1"
209.182.200.39 - - [26/Nov/2024:14:15:38 -0800] "POST /wp-cron.php?doing_wp_cron=1732659338.5552508831024169921875 HTTP/1.0" 200 - "https://lizardheartmovies.online/wp-cron.php?doing_wp_cron=1732659338.5552508831024169921875" "WordPress/6.1.7; https://lizardheartmovies.online"
49.12.4.109 - - [26/Nov/2024:14:15:38 -0800] "POST /wp-login.php HTTP/1.0" 200 9839 "-" "Mozilla/5.0 (Windows NT 10.0; Win64; x64) AppleWebKit/537.36 (KHTML, like Gecko) Chrome/72.0.3626.109 Safari/537.36"
209.182.200.39 - - [26/Nov/2024:14:21:38 -0800] "POST /wp-cron.php?doing_wp_cron=1732659698.3908491134643554687500 HTTP/1.0" 200 - "https://lizardheartmovies.online/wp-cron.php?doing_wp_cron=1732659698.3908491134643554687500" "WordPress/6.1.7; https://lizardheartmovies.online"
103.110.84.177 - - [26/Nov/2024:14:21:38 -0800] "POST /wp-login.php HTTP/1.0" 200 9839 "-" "Mozilla/5.0 (Windows NT 6.1; Win64; x64) AppleWebKit/537.36 (KHTML, like Gecko) Chrome/70.0.3538.67 Safari/537.36"
209.182.200.39 - - [26/Nov/2024:14:23:09 -0800] "POST /wp-cron.php?doing_wp_cron=1732659789.6014769077301025390625 HTTP/1.0" 200 - "https://lizardheartmovies.online/wp-cron.php?doing_wp_cron=1732659789.6014769077301025390625" "WordPress/6.1.7; https://lizardheartmovies.online"
103.110.84.177 - - [26/Nov/2024:14:23:09 -0800] "POST /wp-login.php HTTP/1.0" 200 9839 "-" "Mozilla/5.0 (Windows NT 6.1; Win64; x64) AppleWebKit/537.36 (KHTML, like Gecko) Chrome/55.0.2883.87 Safari/537.36"
209.182.200.39 - - [26/Nov/2024:14:28:02 -0800] "POST /wp-cron.php?doing_wp_cron=1732660082.5298480987548828125000 HTTP/1.0" 200 - "https://lizardheartmovies.online/wp-cron.php?doing_wp_cron=1732660082.5298480987548828125000" "WordPress/6.1.7; https://lizardheartmovies.online"
89.26.249.46 - - [26/Nov/2024:14:28:02 -0800] "POST /xmlrpc.php HTTP/1.0" 200 401 "-" "Mozilla/5.0 (X11; Fedora; Linux x86_64; rv:89.0) Gecko/20100101 Firefox/89.0"
209.182.200.39 - - [26/Nov/2024:14:29:09 -0800] "POST /wp-cron.php?doing_wp_cron=1732660149.0750739574432373046875 HTTP/1.0" 200 - "https://lizardheartmovies.online/wp-cron.php?doing_wp_cron=1732660149.0750739574432373046875" "WordPress/6.1.7; https://lizardheartmovies.online"
49.232.145.205 - - [26/Nov/2024:14:29:08 -0800] "POST /wp-login.php HTTP/1.0" 200 9839 "-" "Mozilla/5.0 (Windows NT 6.1) AppleWebKit/537.36 (KHTML, like Gecko) Chrome/70.0.3538.77 Safari/537.36"
209.182.200.39 - - [26/Nov/2024:14:30:41 -0800] "POST /wp-cron.php?doing_wp_cron=1732660241.6130409240722656250000 HTTP/1.0" 200 - "https://lizardheartmovies.online/wp-cron.php?doing_wp_cron=1732660241.6130409240722656250000" "WordPress/6.1.7; https://lizardheartmovies.online"
103.110.84.177 - - [26/Nov/2024:14:30:41 -0800] "POST /wp-login.php HTTP/1.0" 200 9839 "-" "Mozilla/5.0 (Windows NT 6.1; WOW64) AppleWebKit/537.36 (KHTML, like Gecko) Chrome/63.0.3239.132 Safari/537.36"
209.182.200.39 - - [26/Nov/2024:14:35:57 -0800] "POST /wp-cron.php?doing_wp_cron=1732660557.0217049121856689453125 HTTP/1.0" 200 - "https://lizardheartmovies.online/wp-cron.php?doing_wp_cron=1732660557.0217049121856689453125" "WordPress/6.1.7; https://lizardheartmovies.online"
107.189.29.207 - - [26/Nov/2024:14:35:56 -0800] "GET /wp-login.php HTTP/1.0" 200 9419 "-" "Mozilla/5.0 (Macintosh; Intel Mac OS X 10_6_8) AppleWebKit/537.36 (KHTML, like Gecko) Chrome/36.0.1985.125 Safari/537.36"
107.189.29.207 - - [26/Nov/2024:14:35:57 -0800] "POST /wp-login.php HTTP/1.0" 200 9857 "-" "Mozilla/5.0 (Macintosh; Intel Mac OS X 10_6_8) AppleWebKit/537.36 (KHTML, like Gecko) Chrome/36.0.1985.125 Safari/537.36"
139.59.143.102 - - [26/Nov/2024:14:36:09 -0800] "GET / HTTP/1.0" 301 - "-" "-"
139.59.143.102 - - [26/Nov/2024:14:36:09 -0800] "GET / HTTP/1.0" 301 - "-" "Mozilla/5.0 (Linux; Android 6.0; HTC One M9 Build/MRA421096) AppleWebKit/537.36 (KHTML, like Gecko) Chrome/52.0.3518.98 Mobile Safari/537.3"
139.59.143.102 - - [26/Nov/2024:14:36:10 -0800] "GET /server HTTP/1.0" 404 67760 "-" "Go-http-client/1.1"
139.59.143.102 - - [26/Nov/2024:14:36:10 -0800] "GET /.vscode/sftp.json HTTP/1.0" 404 67760 "-" "Go-http-client/1.1"
139.59.143.102 - - [26/Nov/2024:14:36:11 -0800] "GET /about HTTP/1.0" 301 - "-" "Go-http-client/1.1"
139.59.143.102 - - [26/Nov/2024:14:36:11 -0800] "GET /debug/default/view?panel=config HTTP/1.0" 404 67760 "-" "Go-http-client/1.1"
139.59.143.102 - - [26/Nov/2024:14:36:12 -0800] "GET /v2/_catalog HTTP/1.0" 404 67760 "-" "Go-http-client/1.1"
139.59.143.102 - - [26/Nov/2024:14:36:12 -0800] "GET /ecp/Current/exporttool/microsoft.exchange.ediscovery.exporttool.application HTTP/1.0" 404 67760 "-" "Go-http-client/1.1"
139.59.143.102 - - [26/Nov/2024:14:36:13 -0800] "GET /server-status HTTP/1.0" 403 228 "-" "Go-http-client/1.1"
139.59.143.102 - - [26/Nov/2024:14:36:13 -0800] "GET /login.action HTTP/1.0" 404 67760 "-" "Go-http-client/1.1"
139.59.143.102 - - [26/Nov/2024:14:36:14 -0800] "GET /_all_dbs HTTP/1.0" 404 67760 "-" "Mozilla/5.0 (l9scan/2.0.435323e2230323e2238313e2930323; +https://leakix.net)"
139.59.143.102 - - [26/Nov/2024:14:36:14 -0800] "GET /.DS_Store HTTP/1.0" 404 67760 "-" "Go-http-client/1.1"
139.59.143.102 - - [26/Nov/2024:14:36:15 -0800] "GET /.env HTTP/1.0" 404 67760 "-" "Go-http-client/1.1"
139.59.143.102 - - [26/Nov/2024:14:36:15 -0800] "GET /.git/config HTTP/1.0" 404 67760 "-" "Go-http-client/1.1"
139.59.143.102 - - [26/Nov/2024:14:36:16 -0800] "GET /s/435323e2230323e2238313e2930323/_/;/META-INF/maven/com.atlassian.jira/jira-webapp-dist/pom.properties HTTP/1.0" 404 67760 "-" "Go-http-client/1.1"
139.59.143.102 - - [26/Nov/2024:14:36:16 -0800] "GET /config.json HTTP/1.0" 404 67760 "-" "Go-http-client/1.1"
