217.182.158.226 - - [26/Nov/2024:07:43:55 -0800] "POST /wp-login.php HTTP/1.0" 200 9837 "-" "Mozilla/5.0 (Windows NT 6.0) AppleWebKit/537.36 (KHTML, like Gecko) Chrome/49.0.2623.112 Safari/537.36"
209.182.200.39 - - [26/Nov/2024:07:49:56 -0800] "POST /wp-cron.php?doing_wp_cron=1732636196.6416618824005126953125 HTTP/1.0" 200 - "https://lizardheartmovies.online/wp-cron.php?doing_wp_cron=1732636196.6416618824005126953125" "WordPress/6.1.7; https://lizardheartmovies.online"
154.85.196.130 - - [26/Nov/2024:07:49:56 -0800] "POST /xmlrpc.php HTTP/1.0" 200 403 "-" "Mozilla/5.0 (Windows; U; Windows NT 5.1; en-US; rv:1.7.5) Gecko/20041107 Firefox/1.0"
129.153.39.45 - - [26/Nov/2024:07:49:57 -0800] "POST /xmlrpc.php HTTP/1.0" 200 403 "-" "Mozilla/5.0 (Windows NT 10.0; Win64; x64) AppleWebKit/537.36 (KHTML, like Gecko) Chrome/79.0.3945.130 Safari/537.36"
103.98.6.153 - - [26/Nov/2024:07:49:58 -0800] "POST /xmlrpc.php HTTP/1.0" 200 403 "-" "Mozilla/5.0 (Linux; Android 10) AppleWebKit/537.36 (KHTML, like Gecko) Chrome/91.0.4472.114 Mobile Safari/537.36"
148.76.75.204 - - [26/Nov/2024:07:50:02 -0800] "POST /xmlrpc.php HTTP/1.0" 200 403 "-" "Mozilla/5.0 (Windows NT 6.1; WOW64; rv:40.0) Gecko/20100101 Firefox/40.1"
156.242.41.124 - - [26/Nov/2024:07:50:03 -0800] "POST /xmlrpc.php HTTP/1.0" 200 403 "-" "Mozilla/5.0 (Windows NT 10.0; Win64; x64) AppleWebKit/537.36 (KHTML, like Gecko) Chrome/63.0.3239.132 Safari/537.36"
93.177.90.112 - - [26/Nov/2024:07:50:06 -0800] "POST /xmlrpc.php HTTP/1.0" 200 403 "-" "Mozilla/5.0 (Windows NT 10.0; WOW64) AppleWebKit/537.36 (KHTML, like Gecko) Chrome/91.0.4472.114 Safari/537.36"
185.30.35.42 - - [26/Nov/2024:07:50:14 -0800] "POST /xmlrpc.php HTTP/1.0" 200 403 "-" "Mozilla/5.0 (Macintosh; Intel Mac OS X 10_10; rv:33.0) Gecko/20100101 Firefox/33.0"
64.227.133.39 - - [26/Nov/2024:07:50:20 -0800] "POST /xmlrpc.php HTTP/1.0" 200 403 "-" "Mozilla/5.0 (Windows NT 10.0; Win64; x64; rv:67.0) Gecko/20100101 Firefox/67.0"
54.67.71.114 - - [26/Nov/2024:07:50:22 -0800] "POST /xmlrpc.php HTTP/1.0" 200 403 "-" "Mozilla/5.0 (Windows NT 10.0; Win64; x64; rv:88.0) Gecko/20100101 Firefox/88.0"
166.0.175.226 - - [26/Nov/2024:07:50:22 -0800] "POST /xmlrpc.php HTTP/1.0" 200 403 "-" "Mozilla/5.0 (Macintosh; Intel Mac OS X 11_4) AppleWebKit/537.36 (KHTML, like Gecko) Chrome/91.0.4472.114 Safari/537.36"
209.182.200.39 - - [26/Nov/2024:07:50:27 -0800] "POST /wp-cron.php?doing_wp_cron=1732636227.0726909637451171875000 HTTP/1.0" 200 - "https://lizardheartmovies.online/wp-cron.php?doing_wp_cron=1732636227.0726909637451171875000" "WordPress/6.1.7; https://lizardheartmovies.online"
64.227.133.39 - - [26/Nov/2024:07:50:26 -0800] "POST /xmlrpc.php HTTP/1.0" 200 403 "-" "Mozilla/5.0 (Linux; Android 10; LM-Q720) AppleWebKit/537.36 (KHTML, like Gecko) Chrome/91.0.4472.114 Mobile Safari/537.36"
61.219.181.31 - - [26/Nov/2024:07:50:27 -0800] "POST /xmlrpc.php HTTP/1.0" 200 403 "-" "Mozilla/5.0 (Windows NT 5.1; rv:52.0) Gecko/20100101 Firefox/52.0"
209.182.200.39 - - [26/Nov/2024:07:50:28 -0800] "POST /wp-cron.php?doing_wp_cron=1732636228.4692039489746093750000 HTTP/1.0" 200 - "https://lizardheartmovies.online/wp-cron.php?doing_wp_cron=1732636228.4692039489746093750000" "WordPress/6.1.7; https://lizardheartmovies.online"
148.59.41.143 - - [26/Nov/2024:07:50:28 -0800] "POST /xmlrpc.php HTTP/1.0" 200 403 "-" "Mozilla/5.0 (Windows NT 6.1) AppleWebKit/537.36 (KHTML, like Gecko) Chrome/56.0.2924.76 Safari/537.36"
209.182.200.39 - - [26/Nov/2024:07:50:38 -0800] "POST /wp-cron.php?doing_wp_cron=1732636238.2161009311676025390625 HTTP/1.0" 200 - "https://lizardheartmovies.online/wp-cron.php?doing_wp_cron=1732636238.2161009311676025390625" "WordPress/6.1.7; https://lizardheartmovies.online"
148.76.75.204 - - [26/Nov/2024:07:50:38 -0800] "POST /xmlrpc.php HTTP/1.0" 200 403 "-" "Mozilla/5.0 (Macintosh; Intel Mac OS X 11_4) AppleWebKit/537.36 (KHTML, like Gecko) Chrome/91.0.4472.114 Safari/537.36"
41.111.172.42 - - [26/Nov/2024:07:50:41 -0800] "POST /xmlrpc.php HTTP/1.0" 200 403 "-" "Mozilla/5.0 (Windows NT 6.1; Win64; x64) AppleWebKit/537.36 (KHTML, like Gecko) Chrome/69.0.3497.100 Safari/537.36"
41.111.172.42 - - [26/Nov/2024:07:50:41 -0800] "POST /xmlrpc.php HTTP/1.0" 200 403 "-" "Mozilla/5.0 (Windows NT 10.0; Win64; x64; rv:65.0) Gecko/20100101 Firefox/65.0"
209.182.200.39 - - [26/Nov/2024:07:52:54 -0800] "POST /wp-cron.php?doing_wp_cron=1732636374.7064270973205566406250 HTTP/1.0" 200 - "http://lizardheartmovies.online/wp-cron.php?doing_wp_cron=1732636374.7064270973205566406250" "WordPress/6.1.7; https://lizardheartmovies.online"
206.81.24.227 - - [26/Nov/2024:07:52:54 -0800] "GET / HTTP/1.0" 301 - "-" "-"
209.182.200.39 - - [26/Nov/2024:07:52:55 -0800] "POST /wp-cron.php?doing_wp_cron=1732636375.2230169773101806640625 HTTP/1.0" 200 - "http://lizardheartmovies.online/wp-cron.php?doing_wp_cron=1732636375.2230169773101806640625" "WordPress/6.1.7; https://lizardheartmovies.online"
206.81.24.227 - - [26/Nov/2024:07:52:55 -0800] "GET / HTTP/1.0" 301 - "-" "Mozilla/5.0 (Linux; Android 6.0; HTC One M9 Build/MRA421096) AppleWebKit/537.36 (KHTML, like Gecko) Chrome/52.0.3518.98 Mobile Safari/537.3"
206.81.24.227 - - [26/Nov/2024:07:52:55 -0800] "GET /server HTTP/1.0" 404 67822 "-" "Go-http-client/1.1"
206.81.24.227 - - [26/Nov/2024:07:52:56 -0800] "GET /.vscode/sftp.json HTTP/1.0" 404 67822 "-" "Go-http-client/1.1"
206.81.24.227 - - [26/Nov/2024:07:52:56 -0800] "GET /about HTTP/1.0" 404 67822 "-" "Go-http-client/1.1"
206.81.24.227 - - [26/Nov/2024:07:52:57 -0800] "GET /debug/default/view?panel=config HTTP/1.0" 404 67822 "-" "Go-http-client/1.1"
206.81.24.227 - - [26/Nov/2024:07:52:57 -0800] "GET /v2/_catalog HTTP/1.0" 404 67822 "-" "Go-http-client/1.1"
206.81.24.227 - - [26/Nov/2024:07:52:57 -0800] "GET /ecp/Current/exporttool/microsoft.exchange.ediscovery.exporttool.application HTTP/1.0" 404 67822 "-" "Go-http-client/1.1"
206.81.24.227 - - [26/Nov/2024:07:52:58 -0800] "GET /server-status HTTP/1.0" 403 228 "-" "Go-http-client/1.1"
206.81.24.227 - - [26/Nov/2024:07:52:58 -0800] "GET /login.action HTTP/1.0" 404 67822 "-" "Go-http-client/1.1"
206.81.24.227 - - [26/Nov/2024:07:52:59 -0800] "GET /_all_dbs HTTP/1.0" 404 67822 "-" "Mozilla/5.0 (l9scan/2.0.435323e2230323e2238313e2930323; +https://leakix.net)"
206.81.24.227 - - [26/Nov/2024:07:52:59 -0800] "GET /.DS_Store HTTP/1.0" 404 67822 "-" "Go-http-client/1.1"
206.81.24.227 - - [26/Nov/2024:07:53:00 -0800] "GET /.env HTTP/1.0" 404 67822 "-" "Go-http-client/1.1"
206.81.24.227 - - [26/Nov/2024:07:53:00 -0800] "GET /.git/config HTTP/1.0" 404 67822 "-" "Go-http-client/1.1"
206.81.24.227 - - [26/Nov/2024:07:53:01 -0800] "GET /s/435323e2230323e2238313e2930323/_/;/META-INF/maven/com.atlassian.jira/jira-webapp-dist/pom.properties HTTP/1.0" 404 67822 "-" "Go-http-client/1.1"
206.81.24.227 - - [26/Nov/2024:07:53:01 -0800] "GET /config.json HTTP/1.0" 404 67822 "-" "Go-http-client/1.1"
206.81.24.227 - - [26/Nov/2024:07:53:02 -0800] "GET /telescope/requests HTTP/1.0" 404 67822 "-" "Go-http-client/1.1"
206.81.24.227 - - [26/Nov/2024:07:53:02 -0800] "GET /?rest_route=/wp/v2/users/ HTTP/1.0" 200 626 "-" "Go-http-client/1.1"
209.182.200.39 - - [26/Nov/2024:07:56:10 -0800] "POST /wp-cron.php?doing_wp_cron=1732636570.2536859512329101562500 HTTP/1.0" 200 - "https://lizardheartmovies.online/wp-cron.php?doing_wp_cron=1732636570.2536859512329101562500" "WordPress/6.1.7; https://lizardheartmovies.online"
157.55.39.13 - - [26/Nov/2024:07:56:09 -0800] "GET /movies_category/bollywood-movies/ HTTP/1.0" 200 95748 "-" "Mozilla/5.0 AppleWebKit/537.36 (KHTML, like Gecko; compatible; bingbot/2.0; +http://www.bing.com/bingbot.htm) Chrome/116.0.1938.76 Safari/537.36"
52.167.144.213 - - [26/Nov/2024:07:56:16 -0800] "GET /damsel-trailer-1-2018-movieclips-trailers/ HTTP/1.0" 200 109817 "-" "Mozilla/5.0 AppleWebKit/537.36 (KHTML, like Gecko; compatible; bingbot/2.0; +http://www.bing.com/bingbot.htm) Chrome/116.0.1938.76 Safari/537.36"
209.182.200.39 - - [26/Nov/2024:07:57:17 -0800] "POST /wp-cron.php?doing_wp_cron=1732636637.6786930561065673828125 HTTP/1.0" 200 - "https://lizardheartmovies.online/wp-cron.php?doing_wp_cron=1732636637.6786930561065673828125" "WordPress/6.1.7; https://lizardheartmovies.online"
34.75.65.218 - - [26/Nov/2024:07:57:17 -0800] "POST /wp-login.php HTTP/1.0" 200 9839 "-" "Mozilla/5.0 (Windows NT 6.1) AppleWebKit/537.36 (KHTML, like Gecko) Chrome/56.0.2924.87 Safari/537.36"
209.182.200.39 - - [26/Nov/2024:07:58:36 -0800] "POST /wp-cron.php?doing_wp_cron=1732636716.1711230278015136718750 HTTP/1.0" 200 - "https://lizardheartmovies.online/wp-cron.php?doing_wp_cron=1732636716.1711230278015136718750" "WordPress/6.1.7; https://lizardheartmovies.online"
107.189.29.207 - - [26/Nov/2024:07:58:35 -0800] "GET /wp-login.php HTTP/1.0" 200 9419 "-" "Mozilla/5.0 (Windows NT 6.3; WOW64; rv:31.0) Gecko/20100101 Firefox/31.0"
107.189.29.207 - - [26/Nov/2024:07:58:36 -0800] "POST /wp-login.php HTTP/1.0" 200 9857 "-" "Mozilla/5.0 (Windows NT 6.3; WOW64; rv:31.0) Gecko/20100101 Firefox/31.0"
209.182.200.39 - - [26/Nov/2024:08:02:49 -0800] "POST /wp-cron.php?doing_wp_cron=1732636969.2574810981750488281250 HTTP/1.0" 200 - "https://lizardheartmovies.online/wp-cron.php?doing_wp_cron=1732636969.2574810981750488281250" "WordPress/6.1.7; https://lizardheartmovies.online"
138.68.103.121 - - [26/Nov/2024:08:02:48 -0800] "POST /wp-login.php HTTP/1.0" 200 9837 "-" "Mozilla/5.0 (Windows NT 6.1; Win64; x64) AppleWebKit/537.36 (KHTML, like Gecko) Chrome/67.0.3396.87 Safari/537.36"
209.182.200.39 - - [26/Nov/2024:08:16:10 -0800] "POST /wp-cron.php?doing_wp_cron=1732637770.9467060565948486328125 HTTP/1.0" 200 - "https://lizardheartmovies.online/wp-cron.php?doing_wp_cron=1732637770.9467060565948486328125" "WordPress/6.1.7; https://lizardheartmovies.online"
139.99.193.45 - - [26/Nov/2024:08:16:10 -0800] "POST /wp-login.php HTTP/1.0" 200 9839 "-" "Mozilla/5.0 (Windows NT 6.1; WOW64) AppleWebKit/537.36 (KHTML, like Gecko) Chrome/41.0.2272.101 Safari/537.36"
209.182.200.39 - - [26/Nov/2024:08:21:49 -0800] "POST /wp-cron.php?doing_wp_cron=1732638109.4106130599975585937500 HTTP/1.0" 200 - "https://lizardheartmovies.online/wp-cron.php?doing_wp_cron=1732638109.4106130599975585937500" "WordPress/6.1.7; https://lizardheartmovies.online"
164.77.90.26 - - [26/Nov/2024:08:21:49 -0800] "POST /wp-login.php HTTP/1.0" 200 9837 "-" "Mozilla/5.0 (Windows NT 6.3; WOW64) AppleWebKit/537.36 (KHTML, like Gecko) Chrome/47.0.2526.106 Safari/537.36"
209.182.200.39 - - [26/Nov/2024:08:35:13 -0800] "POST /wp-cron.php?doing_wp_cron=1732638913.5239520072937011718750 HTTP/1.0" 200 - "https://lizardheartmovies.online/wp-cron.php?doing_wp_cron=1732638913.5239520072937011718750" "WordPress/6.1.7; https://lizardheartmovies.online"
116.62.206.174 - - [26/Nov/2024:08:35:12 -0800] "POST /wp-login.php HTTP/1.0" 200 9839 "-" "Mozilla/5.0 (Windows NT 6.1; WOW64) AppleWebKit/537.36 (KHTML, like Gecko) Chrome/36.0.1985.125 Safari/537.36"
49.51.36.179 - - [26/Nov/2024:08:39:05 -0800] "GET / HTTP/1.0" 301 - "-" "Mozilla/5.0 (iPhone; CPU iPhone OS 13_2_3 like Mac OS X) AppleWebKit/605.1.15 (KHTML, like Gecko) Version/13.0.3 Mobile/15E148 Safari/604.1"
209.182.200.39 - - [26/Nov/2024:08:39:30 -0800] "POST /wp-cron.php?doing_wp_cron=1732639145.2352910041809082031250 HTTP/1.0" 200 - "http://lizardheartmovies.online/wp-cron.php?doing_wp_cron=1732639145.2352910041809082031250" "WordPress/6.1.7; https://lizardheartmovies.online"
49.51.36.179 - - [26/Nov/2024:08:39:30 -0800] "GET / HTTP/1.0" 200 128746 "http://www.lizardheartmovies.online" "Mozilla/5.0 (iPhone; CPU iPhone OS 13_2_3 like Mac OS X) AppleWebKit/605.1.15 (KHTML, like Gecko) Version/13.0.3 Mobile/15E148 Safari/604.1"
209.182.200.39 - - [26/Nov/2024:08:39:46 -0800] "POST /wp-cron.php?doing_wp_cron=1732639186.0167319774627685546875 HTTP/1.0" 200 - "http://lizardheartmovies.online/wp-cron.php?doing_wp_cron=1732639186.0167319774627685546875" "WordPress/6.1.7; https://lizardheartmovies.online"
69.163.180.244 - - [26/Nov/2024:08:39:45 -0800] "GET /wp-login.php HTTP/1.0" 302 - "-" "Mozilla/5.0 (X11; Ubuntu; Linux x86_64; rv:62.0) Gecko/20100101 Firefox/62.0"
69.163.180.244 - - [26/Nov/2024:08:39:46 -0800] "GET /wp-login.php HTTP/1.0" 200 9419 "http://lizardheartmovies.online/wp-login.php" "Mozilla/5.0 (X11; Ubuntu; Linux x86_64; rv:62.0) Gecko/20100101 Firefox/62.0"
69.163.180.244 - - [26/Nov/2024:08:39:46 -0800] "GET ///?author=1 HTTP/1.0" 301 - "-" "Mozilla/5.0 (X11; Ubuntu; Linux x86_64; rv:62.0) Gecko/20100101 Firefox/62.0"
69.163.180.244 - - [26/Nov/2024:08:39:46 -0800] "GET /author/admin/ HTTP/1.0" 200 122699 "http://lizardheartmovies.online///?author=1" "Mozilla/5.0 (X11; Ubuntu; Linux x86_64; rv:62.0) Gecko/20100101 Firefox/62.0"
69.163.180.244 - - [26/Nov/2024:08:39:47 -0800] "GET ///wp-json/wp/v2/users/ HTTP/1.0" 200 626 "-" "Mozilla/5.0 (X11; Ubuntu; Linux x86_64; rv:62.0) Gecko/20100101 Firefox/62.0"
69.163.180.244 - - [26/Nov/2024:08:39:47 -0800] "GET ///?author=2 HTTP/1.0" 301 - "-" "Mozilla/5.0 (X11; Ubuntu; Linux x86_64; rv:62.0) Gecko/20100101 Firefox/62.0"
69.163.180.244 - - [26/Nov/2024:08:39:47 -0800] "GET /?author=2 HTTP/1.0" 200 122599 "http://lizardheartmovies.online///?author=2" "Mozilla/5.0 (X11; Ubuntu; Linux x86_64; rv:62.0) Gecko/20100101 Firefox/62.0"
69.163.180.244 - - [26/Nov/2024:08:39:48 -0800] "GET ///?author=3 HTTP/1.0" 301 - "-" "Mozilla/5.0 (X11; Ubuntu; Linux x86_64; rv:62.0) Gecko/20100101 Firefox/62.0"
69.163.180.244 - - [26/Nov/2024:08:39:48 -0800] "GET /?author=3 HTTP/1.0" 200 133435 "http://lizardheartmovies.online///?author=3" "Mozilla/5.0 (X11; Ubuntu; Linux x86_64; rv:62.0) Gecko/20100101 Firefox/62.0"
69.163.180.244 - - [26/Nov/2024:08:39:48 -0800] "GET ///?author=4 HTTP/1.0" 301 - "-" "Mozilla/5.0 (X11; Ubuntu; Linux x86_64; rv:62.0) Gecko/20100101 Firefox/62.0"
69.163.180.244 - - [26/Nov/2024:08:39:48 -0800] "GET /?author=4 HTTP/1.0" 200 122645 "http://lizardheartmovies.online///?author=4" "Mozilla/5.0 (X11; Ubuntu; Linux x86_64; rv:62.0) Gecko/20100101 Firefox/62.0"
69.163.180.244 - - [26/Nov/2024:08:39:49 -0800] "GET ///?author=5 HTTP/1.0" 301 - "-" "Mozilla/5.0 (X11; Ubuntu; Linux x86_64; rv:62.0) Gecko/20100101 Firefox/62.0"
69.163.180.244 - - [26/Nov/2024:08:39:49 -0800] "GET /?author=5 HTTP/1.0" 200 128620 "http://lizardheartmovies.online///?author=5" "Mozilla/5.0 (X11; Ubuntu; Linux x86_64; rv:62.0) Gecko/20100101 Firefox/62.0"
69.163.180.244 - - [26/Nov/2024:08:39:49 -0800] "GET ///?author=6 HTTP/1.0" 301 - "-" "Mozilla/5.0 (X11; Ubuntu; Linux x86_64; rv:62.0) Gecko/20100101 Firefox/62.0"
69.163.180.244 - - [26/Nov/2024:08:39:49 -0800] "GET /?author=6 HTTP/1.0" 200 122617 "http://lizardheartmovies.online///?author=6" "Mozilla/5.0 (X11; Ubuntu; Linux x86_64; rv:62.0) Gecko/20100101 Firefox/62.0"
69.163.180.244 - - [26/Nov/2024:08:39:50 -0800] "GET ///?author=7 HTTP/1.0" 301 - "-" "Mozilla/5.0 (X11; Ubuntu; Linux x86_64; rv:62.0) Gecko/20100101 Firefox/62.0"
69.163.180.244 - - [26/Nov/2024:08:39:50 -0800] "GET /?author=7 HTTP/1.0" 200 128918 "http://lizardheartmovies.online///?author=7" "Mozilla/5.0 (X11; Ubuntu; Linux x86_64; rv:62.0) Gecko/20100101 Firefox/62.0"
69.163.180.244 - - [26/Nov/2024:08:39:50 -0800] "GET ///?author=8 HTTP/1.0" 301 - "-" "Mozilla/5.0 (X11; Ubuntu; Linux x86_64; rv:62.0) Gecko/20100101 Firefox/62.0"
69.163.180.244 - - [26/Nov/2024:08:39:50 -0800] "GET /?author=8 HTTP/1.0" 200 128562 "http://lizardheartmovies.online///?author=8" "Mozilla/5.0 (X11; Ubuntu; Linux x86_64; rv:62.0) Gecko/20100101 Firefox/62.0"
69.163.180.244 - - [26/Nov/2024:08:39:51 -0800] "GET ///?author=9 HTTP/1.0" 301 - "-" "Mozilla/5.0 (X11; Ubuntu; Linux x86_64; rv:62.0) Gecko/20100101 Firefox/62.0"
69.163.180.244 - - [26/Nov/2024:08:39:51 -0800] "GET /?author=9 HTTP/1.0" 200 128310 "http://lizardheartmovies.online///?author=9" "Mozilla/5.0 (X11; Ubuntu; Linux x86_64; rv:62.0) Gecko/20100101 Firefox/62.0"
69.163.180.244 - - [26/Nov/2024:08:39:51 -0800] "GET ///?author=10 HTTP/1.0" 301 - "-" "Mozilla/5.0 (X11; Ubuntu; Linux x86_64; rv:62.0) Gecko/20100101 Firefox/62.0"
69.163.180.244 - - [26/Nov/2024:08:39:51 -0800] "GET /?author=10 HTTP/1.0" 200 130946 "http://lizardheartmovies.online///?author=10" "Mozilla/5.0 (X11; Ubuntu; Linux x86_64; rv:62.0) Gecko/20100101 Firefox/62.0"
69.163.180.244 - - [26/Nov/2024:08:39:52 -0800] "GET ///?author=11 HTTP/1.0" 301 - "-" "Mozilla/5.0 (X11; Ubuntu; Linux x86_64; rv:62.0) Gecko/20100101 Firefox/62.0"
69.163.180.244 - - [26/Nov/2024:08:39:52 -0800] "GET /?author=11 HTTP/1.0" 200 128798 "http://lizardheartmovies.online///?author=11" "Mozilla/5.0 (X11; Ubuntu; Linux x86_64; rv:62.0) Gecko/20100101 Firefox/62.0"
69.163.180.244 - - [26/Nov/2024:08:39:52 -0800] "GET ///?author=12 HTTP/1.0" 301 - "-" "Mozilla/5.0 (X11; Ubuntu; Linux x86_64; rv:62.0) Gecko/20100101 Firefox/62.0"
69.163.180.244 - - [26/Nov/2024:08:39:53 -0800] "GET /?author=12 HTTP/1.0" 404 67760 "http://lizardheartmovies.online///?author=12" "Mozilla/5.0 (X11; Ubuntu; Linux x86_64; rv:62.0) Gecko/20100101 Firefox/62.0"
209.182.200.39 - - [26/Nov/2024:08:40:38 -0800] "POST /wp-cron.php?doing_wp_cron=1732639238.9331688880920410156250 HTTP/1.0" 200 - "https://lizardheartmovies.online/wp-cron.php?doing_wp_cron=1732639238.9331688880920410156250" "WordPress/6.1.7; https://lizardheartmovies.online"
47.244.50.243 - - [26/Nov/2024:08:40:38 -0800] "POST /wp-login.php HTTP/1.0" 200 9837 "-" "Mozilla/5.0 (Windows NT 6.1) AppleWebKit/537.36 (KHTML, like Gecko) Chrome/61.0.3163.100 Safari/537.36"
209.182.200.39 - - [26/Nov/2024:08:54:00 -0800] "POST /wp-cron.php?doing_wp_cron=1732640040.4813721179962158203125 HTTP/1.0" 200 - "https://lizardheartmovies.online/wp-cron.php?doing_wp_cron=1732640040.4813721179962158203125" "WordPress/6.1.7; https://lizardheartmovies.online"
64.23.129.165 - - [26/Nov/2024:08:54:00 -0800] "POST /wp-login.php HTTP/1.0" 200 9839 "-" "Mozilla/5.0 (Windows NT 6.1) AppleWebKit/537.36 (KHTML, like Gecko) Chrome/59.0.3071.115 Safari/537.36"
209.182.200.39 - - [26/Nov/2024:08:57:34 -0800] "POST /wp-cron.php?doing_wp_cron=1732640254.2572538852691650390625 HTTP/1.0" 200 - "https://lizardheartmovies.online/wp-cron.php?doing_wp_cron=1732640254.2572538852691650390625" "WordPress/6.1.7; https://lizardheartmovies.online"
154.16.206.113 - - [26/Nov/2024:08:57:34 -0800] "GET /register/ HTTP/1.0" 200 85880 "-" "Mozilla/5.0 (Macintosh; Intel Mac OS X 12_5) AppleWebKit/537.36 (KHTML, like Gecko) Chrome/114.0.0.0 Safari/537.36 Vivaldi/5.3.2679.68"
209.182.200.39 - - [26/Nov/2024:08:57:35 -0800] "POST /wp-cron.php?doing_wp_cron=1732640255.9409360885620117187500 HTTP/1.0" 200 - "https://lizardheartmovies.online/wp-cron.php?doing_wp_cron=1732640255.9409360885620117187500" "WordPress/6.1.7; https://lizardheartmovies.online"
154.16.206.113 - - [26/Nov/2024:08:57:35 -0800] "POST /register/ HTTP/1.0" 200 85889 "https://lizardheartmovies.online/register/" "Mozilla/5.0 (Windows NT 6.3; Win64; x64) AppleWebKit/537.36 (KHTML, like Gecko) Chrome/103.0.0.0 Safari/537.36"
154.16.206.113 - - [26/Nov/2024:08:57:37 -0800] "GET /xmlrpc.php HTTP/1.0" 405 42 "https://lizardheartmovies.online/register/" "Mozilla/5.0 (Windows NT 6.3; Win64; x64) AppleWebKit/537.36 (KHTML, like Gecko) Chrome/103.0.0.0 Safari/537.36"
154.16.206.113 - - [26/Nov/2024:08:57:38 -0800] "POST /xmlrpc.php HTTP/1.0" 200 403 "https://lizardheartmovies.online/xmlrpc.php" "Mozilla/5.0 (Windows NT 6.3; Win64; x64) AppleWebKit/537.36 (KHTML, like Gecko) Chrome/103.0.0.0 Safari/537.36"
154.16.206.113 - - [26/Nov/2024:08:57:39 -0800] "POST /xmlrpc.php HTTP/1.0" 200 403 "https://lizardheartmovies.online/xmlrpc.php" "Mozilla/5.0 (Windows NT 6.3; Win64; x64) AppleWebKit/537.36 (KHTML, like Gecko) Chrome/103.0.0.0 Safari/537.36"
154.16.206.113 - - [26/Nov/2024:08:57:41 -0800] "GET /register/ HTTP/1.0" 200 85880 "https://lizardheartmovies.online/xmlrpc.php" "Mozilla/5.0 (Windows NT 6.3; Win64; x64) AppleWebKit/537.36 (KHTML, like Gecko) Chrome/103.0.0.0 Safari/537.36"
154.16.206.113 - - [26/Nov/2024:08:57:42 -0800] "GET /wp-admin/post-new.php HTTP/1.0" 302 - "https://lizardheartmovies.online/register/" "Mozilla/5.0 (Windows NT 6.3; Win64; x64) AppleWebKit/537.36 (KHTML, like Gecko) Chrome/103.0.0.0 Safari/537.36"
154.16.206.113 - - [26/Nov/2024:08:57:43 -0800] "GET /wp-login.php?redirect_to=https%3A%2F%2Flizardheartmovies.online%2Fwp-admin%2Fpost-new.php&reauth=1 HTTP/1.0" 200 9548 "https://lizardheartmovies.online/wp-admin/post-new.php" "Mozilla/5.0 (Windows NT 6.3; Win64; x64) AppleWebKit/537.36 (KHTML, like Gecko) Chrome/103.0.0.0 Safari/537.36"
209.182.200.39 - - [26/Nov/2024:08:59:34 -0800] "POST /wp-cron.php?doing_wp_cron=1732640374.7089939117431640625000 HTTP/1.0" 200 - "https://lizardheartmovies.online/wp-cron.php?doing_wp_cron=1732640374.7089939117431640625000" "WordPress/6.1.7; https://lizardheartmovies.online"
66.181.72.85 - - [26/Nov/2024:08:59:34 -0800] "POST /wp-login.php HTTP/1.0" 200 9837 "-" "Mozilla/5.0 (Windows NT 6.1; Win64; x64) AppleWebKit/537.36 (KHTML, like Gecko) Chrome/67.0.3396.87 Safari/537.36"
92.205.212.113 - - [26/Nov/2024:08:59:34 -0800] "GET /wp-login.php HTTP/1.0" 302 - "" "Mozilla/5.0 (Windows NT 10.0; Win64; x64; rv:131.0) Gecko/20100101 Firefox/131.0"
209.182.200.39 - - [26/Nov/2024:08:59:35 -0800] "POST /wp-cron.php?doing_wp_cron=1732640375.9413940906524658203125 HTTP/1.0" 200 - "https://lizardheartmovies.online/wp-cron.php?doing_wp_cron=1732640375.9413940906524658203125" "WordPress/6.1.7; https://lizardheartmovies.online"
92.205.212.113 - - [26/Nov/2024:08:59:35 -0800] "GET /wp-login.php HTTP/1.0" 200 9419 "http://lizardheartmovies.online/wp-login.php" "Mozilla/5.0 (Windows NT 10.0; Win64; x64; rv:131.0) Gecko/20100101 Firefox/131.0"
92.205.212.113 - - [26/Nov/2024:08:59:36 -0800] "GET /wp-json/wp/v2/users HTTP/1.0" 200 644 "http://lizardheartmovies.online/wp-login.php" "Mozilla/5.0 (Windows NT 10.0; Win64; x64; rv:131.0) Gecko/20100101 Firefox/131.0"
92.205.212.113 - - [26/Nov/2024:08:59:37 -0800] "POST /wp-login.php HTTP/1.0" 200 9839 "https://lizardheartmovies.online/wp-login.php?redirect_to=https%3A%2F%2Flizardheartmovies.online%2Fwp-admin%2F" "Mozilla/5.0 (Windows NT 10.0; Win64; x64; rv:131.0) Gecko/20100101 Firefox/131.0"
209.182.200.39 - - [26/Nov/2024:09:02:10 -0800] "POST /wp-cron.php?doing_wp_cron=1732640530.1079299449920654296875 HTTP/1.0" 200 - "https://lizardheartmovies.online/wp-cron.php?doing_wp_cron=1732640530.1079299449920654296875" "WordPress/6.1.7; https://lizardheartmovies.online"
57.141.0.21 - - [26/Nov/2024:09:02:09 -0800] "GET /disney-classics-movies-donald-duck-cartoons-full-english-chip-and-dale-episodes-pluto-2/ HTTP/1.0" 200 107124 "-" "meta-externalagent/1.1 (+https://developers.facebook.com/docs/sharing/webmasters/crawler)"
209.182.200.39 - - [26/Nov/2024:09:12:53 -0800] "POST /wp-cron.php?doing_wp_cron=1732641173.4536681175231933593750 HTTP/1.0" 200 - "https://lizardheartmovies.online/wp-cron.php?doing_wp_cron=1732641173.4536681175231933593750" "WordPress/6.1.7; https://lizardheartmovies.online"
119.28.78.54 - - [26/Nov/2024:09:12:53 -0800] "POST /wp-login.php HTTP/1.0" 200 9839 "-" "Mozilla/5.0 (Windows NT 10.0; WOW64) AppleWebKit/537.36 (KHTML, like Gecko) Chrome/46.0.2490.86 Safari/537.36"
209.182.200.39 - - [26/Nov/2024:09:13:56 -0800] "POST /wp-cron.php?doing_wp_cron=1732641236.7496960163116455078125 HTTP/1.0" 200 - "https://lizardheartmovies.online/wp-cron.php?doing_wp_cron=1732641236.7496960163116455078125" "WordPress/6.1.7; https://lizardheartmovies.online"
156.242.41.124 - - [26/Nov/2024:09:13:56 -0800] "POST /xmlrpc.php HTTP/1.0" 200 403 "-" "Mozilla/5.0 (Windows NT 6.1; WOW64; rv:17.0) Gecko/20100101 Firefox/17.0"
125.212.214.104 - - [26/Nov/2024:09:13:58 -0800] "POST /xmlrpc.php HTTP/1.0" 200 403 "-" "Mozilla/5.0 (Windows NT 6.1) AppleWebKit/537.36 (KHTML, like Gecko) Chrome/56.0.2924.76 Safari/537.36"
185.107.112.154 - - [26/Nov/2024:09:14:01 -0800] "POST /xmlrpc.php HTTP/1.0" 200 403 "-" "Mozilla/5.0 (Windows NT 10.0; Win64; x64) AppleWebKit/537.36 (KHTML, like Gecko) Chrome/80.0.3987.163 Safari/537.36"
23.237.60.106 - - [26/Nov/2024:09:14:05 -0800] "POST /xmlrpc.php HTTP/1.0" 200 403 "-" "Mozilla/5.0 (Linux; Android 10; SM-G960U) AppleWebKit/537.36 (KHTML, like Gecko) Chrome/91.0.4472.114 Mobile Safari/537.36"
166.0.175.226 - - [26/Nov/2024:09:14:07 -0800] "POST /xmlrpc.php HTTP/1.0" 200 403 "-" "Mozilla/5.0 (Windows NT 5.1; rv:30.0) Gecko/20100101 Firefox/30.0"
154.85.196.130 - - [26/Nov/2024:09:14:07 -0800] "POST /xmlrpc.php HTTP/1.0" 200 403 "-" "Mozilla/5.0 (Windows NT 10.0; Win64; x64) AppleWebKit/537.36 (KHTML, like Gecko) Chrome/69.0.3497.100 Safari/537.36"
62.113.200.125 - - [26/Nov/2024:09:14:10 -0800] "POST /xmlrpc.php HTTP/1.0" 200 403 "-" "Mozilla/5.0 (Windows NT 10.0; Win64; x64; rv:58.0) Gecko/20100101 Firefox/58.0"
148.76.75.204 - - [26/Nov/2024:09:14:12 -0800] "POST /xmlrpc.php HTTP/1.0" 200 403 "-" "Mozilla/5.0 (Macintosh; Intel Mac OS X 11_4) AppleWebKit/537.36 (KHTML, like Gecko) Chrome/91.0.4472.114 Safari/537.36"
216.238.121.249 - - [26/Nov/2024:09:14:14 -0800] "POST /xmlrpc.php HTTP/1.0" 200 403 "-" "Mozilla/5.0 (Windows NT 6.1; WOW64; rv:40.0) Gecko/20100101 Firefox/40.1"
47.119.22.84 - - [26/Nov/2024:09:14:20 -0800] "POST /xmlrpc.php HTTP/1.0" 200 403 "-" "Mozilla/5.0 (Windows NT 6.1; WOW64; rv:50.0) Gecko/20100101 Firefox/50.0"
89.201.167.100 - - [26/Nov/2024:09:14:22 -0800] "POST /xmlrpc.php HTTP/1.0" 200 403 "-" "Mozilla/5.0 (Windows NT 6.1; Win64; x64; rv:57.0) Gecko/20100101 Firefox/57.0"
154.85.196.130 - - [26/Nov/2024:09:14:25 -0800] "POST /xmlrpc.php HTTP/1.0" 200 403 "-" "Mozilla/5.0 (Windows NT 6.1) AppleWebKit/537.36 (KHTML, like Gecko) Chrome/56.0.2924.76 Safari/537.36"
209.182.200.39 - - [26/Nov/2024:09:14:32 -0800] "POST /wp-cron.php?doing_wp_cron=1732641272.0978770256042480468750 HTTP/1.0" 200 - "https://lizardheartmovies.online/wp-cron.php?doing_wp_cron=1732641272.0978770256042480468750" "WordPress/6.1.7; https://lizardheartmovies.online"
154.85.196.130 - - [26/Nov/2024:09:14:31 -0800] "POST /xmlrpc.php HTTP/1.0" 200 403 "-" "Mozilla/5.0 (Windows NT 6.1; WOW64; rv:47.0) Gecko/20100101 Firefox/47.0"
89.201.167.100 - - [26/Nov/2024:09:14:34 -0800] "POST /xmlrpc.php HTTP/1.0" 200 403 "-" "Mozilla/5.0 (Linux; Android 10; SM-A205U) AppleWebKit/537.36 (KHTML, like Gecko) Chrome/91.0.4472.114 Mobile Safari/537.36"
209.182.200.39 - - [26/Nov/2024:09:14:40 -0800] "POST /wp-cron.php?doing_wp_cron=1732641280.2196609973907470703125 HTTP/1.0" 200 - "https://lizardheartmovies.online/wp-cron.php?doing_wp_cron=1732641280.2196609973907470703125" "WordPress/6.1.7; https://lizardheartmovies.online"
185.165.31.131 - - [26/Nov/2024:09:14:40 -0800] "POST /xmlrpc.php HTTP/1.0" 200 403 "-" "Mozilla/5.0 (Windows NT 10.0; Win64; x64) AppleWebKit/537.36 (KHTML, like Gecko) Chrome/79.0.3945.130 Safari/537.36"
209.182.200.39 - - [26/Nov/2024:09:18:20 -0800] "POST /wp-cron.php?doing_wp_cron=1732641500.0037760734558105468750 HTTP/1.0" 200 - "https://lizardheartmovies.online/wp-cron.php?doing_wp_cron=1732641500.0037760734558105468750" "WordPress/6.1.7; https://lizardheartmovies.online"
49.232.145.205 - - [26/Nov/2024:09:18:19 -0800] "POST /wp-login.php HTTP/1.0" 200 9837 "-" "Mozilla/5.0 (Windows NT 6.1; WOW64) AppleWebKit/537.36 (KHTML, like Gecko) Chrome/48.0.2564.109 Safari/537.36"
209.182.200.39 - - [26/Nov/2024:09:31:21 -0800] "POST /wp-cron.php?doing_wp_cron=1732642281.6481881141662597656250 HTTP/1.0" 200 - "https://lizardheartmovies.online/wp-cron.php?doing_wp_cron=1732642281.6481881141662597656250" "WordPress/6.1.7; https://lizardheartmovies.online"
193.164.17.45 - - [26/Nov/2024:09:31:21 -0800] "POST /wp-login.php HTTP/1.0" 200 9839 "-" "Mozilla/5.0 (Windows NT 10.0; WOW64) AppleWebKit/537.36 (KHTML, like Gecko) Chrome/79.0.3945.130 Safari/537.36"
209.182.200.39 - - [26/Nov/2024:09:36:50 -0800] "POST /wp-cron.php?doing_wp_cron=1732642610.3100090026855468750000 HTTP/1.0" 200 - "https://lizardheartmovies.online/wp-cron.php?doing_wp_cron=1732642610.3100090026855468750000" "WordPress/6.1.7; https://lizardheartmovies.online"
167.99.66.166 - - [26/Nov/2024:09:36:49 -0800] "POST /wp-login.php HTTP/1.0" 200 9837 "-" "Mozilla/5.0 (Windows NT 6.3; Win64; x64) AppleWebKit/537.36 (KHTML, like Gecko) Chrome/62.0.3202.94 Safari/537.36"
209.182.200.39 - - [26/Nov/2024:09:49:59 -0800] "POST /wp-cron.php?doing_wp_cron=1732643399.5496010780334472656250 HTTP/1.0" 200 - "https://lizardheartmovies.online/wp-cron.php?doing_wp_cron=1732643399.5496010780334472656250" "WordPress/6.1.7; https://lizardheartmovies.online"
15.235.212.14 - - [26/Nov/2024:09:49:59 -0800] "POST /wp-login.php HTTP/1.0" 200 9839 "-" "Mozilla/5.0 (Windows NT 6.1; WOW64) AppleWebKit/537.36 (KHTML, like Gecko) Chrome/52.0.2743.116 Safari/537.36"
209.182.200.39 - - [26/Nov/2024:09:50:44 -0800] "POST /wp-cron.php?doing_wp_cron=1732643444.4705669879913330078125 HTTP/1.0" 200 - "https://lizardheartmovies.online/wp-cron.php?doing_wp_cron=1732643444.4705669879913330078125" "WordPress/6.1.7; https://lizardheartmovies.online"
57.141.0.15 - - [26/Nov/2024:09:50:44 -0800] "GET /2024/11/15/ HTTP/1.0" 200 114587 "-" "meta-externalagent/1.1 (+https://developers.facebook.com/docs/sharing/webmasters/crawler)"
209.182.200.39 - - [26/Nov/2024:09:55:21 -0800] "POST /wp-cron.php?doing_wp_cron=1732643721.2457199096679687500000 HTTP/1.0" 200 - "https://lizardheartmovies.online/wp-cron.php?doing_wp_cron=1732643721.2457199096679687500000" "WordPress/6.1.7; https://lizardheartmovies.online"
51.68.224.123 - - [26/Nov/2024:09:55:20 -0800] "POST /wp-login.php HTTP/1.0" 200 9837 "-" "Mozilla/5.0 (Windows NT 6.3; Win64; x64) AppleWebKit/537.36 (KHTML, like Gecko) Chrome/57.0.2987.133 Safari/537.36"
199.195.252.235 - - [26/Nov/2024:09:55:38 -0800] "GET /wp-login.php HTTP/1.0" 200 9419 "-" "Mozilla/5.0 (Macintosh; Intel Mac OS X 10_9_2) AppleWebKit/537.36 (KHTML, like Gecko) Chrome/35.0.1916.153 Safari/537.36"
199.195.252.235 - - [26/Nov/2024:09:55:38 -0800] "POST /wp-login.php HTTP/1.0" 200 9857 "-" "Mozilla/5.0 (Macintosh; Intel Mac OS X 10_9_2) AppleWebKit/537.36 (KHTML, like Gecko) Chrome/35.0.1916.153 Safari/537.36"
209.182.200.39 - - [26/Nov/2024:10:08:29 -0800] "POST /wp-cron.php?doing_wp_cron=1732644509.9545350074768066406250 HTTP/1.0" 200 - "https://lizardheartmovies.online/wp-cron.php?doing_wp_cron=1732644509.9545350074768066406250" "WordPress/6.1.7; https://lizardheartmovies.online"
35.204.172.12 - - [26/Nov/2024:10:08:29 -0800] "POST /wp-login.php HTTP/1.0" 200 9839 "-" "Mozilla/5.0 (Windows NT 6.1) AppleWebKit/537.36 (KHTML, like Gecko) Chrome/59.0.3071.115 Safari/537.36"
209.182.200.39 - - [26/Nov/2024:10:13:15 -0800] "POST /wp-cron.php?doing_wp_cron=1732644795.0493719577789306640625 HTTP/1.0" 200 - "https://lizardheartmovies.online/wp-cron.php?doing_wp_cron=1732644795.0493719577789306640625" "WordPress/6.1.7; https://lizardheartmovies.online"
57.141.0.20 - - [26/Nov/2024:10:13:14 -0800] "GET /donald-duck-cartoons-chip-and-dale-cartoons-full-episodes-new-disney-movies-classics/ HTTP/1.0" 200 108246 "-" "meta-externalagent/1.1 (+https://developers.facebook.com/docs/sharing/webmasters/crawler)"
209.182.200.39 - - [26/Nov/2024:10:13:59 -0800] "POST /wp-cron.php?doing_wp_cron=1732644839.6353330612182617187500 HTTP/1.0" 200 - "https://lizardheartmovies.online/wp-cron.php?doing_wp_cron=1732644839.6353330612182617187500" "WordPress/6.1.7; https://lizardheartmovies.online"
164.77.90.26 - - [26/Nov/2024:10:13:59 -0800] "POST /wp-login.php HTTP/1.0" 200 9837 "-" "Mozilla/5.0 (Windows NT 6.1; WOW64) AppleWebKit/537.36 (KHTML, like Gecko) Chrome/36.0.1985.125 Safari/537.36"
51.222.253.12 - - [26/Nov/2024:10:15:11 -0800] "GET /robots.txt HTTP/1.0" 200 30 "-" "Mozilla/5.0 (compatible; AhrefsBot/7.0; +http://ahrefs.com/robot/)"
54.38.85.21 - - [26/Nov/2024:10:23:48 -0800] "GET /robots.txt HTTP/1.0" 200 30 "-" "Mozilla/5.0 (compatible; MJ12bot/v1.4.8; http://mj12bot.com/)"
209.182.200.39 - - [26/Nov/2024:10:24:46 -0800] "POST /wp-cron.php?doing_wp_cron=1732645486.0740029811859130859375 HTTP/1.0" 200 - "https://lizardheartmovies.online/wp-cron.php?doing_wp_cron=1732645486.0740029811859130859375" "WordPress/6.1.7; https://lizardheartmovies.online"
54.38.85.21 - - [26/Nov/2024:10:24:45 -0800] "GET /%D8%B3%D8%A7%D8%AA_%D8%A8%DA%BE%D8%A7%D8%A6%DB%8C_%D8%A7%DB%8C%DA%A9_%D8%A8%DB%81%D9%86__urdu_story__stories_in_urdu__urdu_fairy_tales__urdu_kahaniya360p/feed/ HTTP/1.0" 200 1150 "-" "Mozilla/5.0 (compatible; MJ12bot/v1.4.8; http://mj12bot.com/)"
209.182.200.39 - - [26/Nov/2024:10:25:20 -0800] "POST /wp-cron.php?doing_wp_cron=1732645520.3042840957641601562500 HTTP/1.0" 200 - "https://lizardheartmovies.online/wp-cron.php?doing_wp_cron=1732645520.3042840957641601562500" "WordPress/6.1.7; https://lizardheartmovies.online"
54.38.85.21 - - [26/Nov/2024:10:25:20 -0800] "GET /%D9%87%D8%A8%D9%88%D8%B7-%D8%B7%D8%A8%D9%82-%D8%B7%D8%A7%D8%A6%D8%B1-%D8%A8%D8%B5%D8%AD%D8%B1%D8%A7%D8%A1-%D8%A7%D9%84%D8%B3%D8%B9%D9%88%D8%AF%D9%8A%D8%A9-a-ufo-lands-on-saudi-arabia-3/ HTTP/1.0" 200 107668 "-" "Mozilla/5.0 (compatible; MJ12bot/v1.4.8; http://mj12bot.com/)"
209.182.200.39 - - [26/Nov/2024:10:25:47 -0800] "POST /wp-cron.php?doing_wp_cron=1732645547.1810259819030761718750 HTTP/1.0" 200 - "https://lizardheartmovies.online/wp-cron.php?doing_wp_cron=1732645547.1810259819030761718750" "WordPress/6.1.7; https://lizardheartmovies.online"
54.38.85.21 - - [26/Nov/2024:10:25:46 -0800] "GET /%D9%87%D8%A8%D9%88%D8%B7-%D8%B7%D8%A8%D9%82-%D8%B7%D8%A7%D8%A6%D8%B1-%D8%A8%D8%B5%D8%AD%D8%B1%D8%A7%D8%A1-%D8%A7%D9%84%D8%B3%D8%B9%D9%88%D8%AF%D9%8A%D8%A9-a-ufo-lands-on-saudi-arabia-3/feed/ HTTP/1.0" 200 1171 "-" "Mozilla/5.0 (compatible; MJ12bot/v1.4.8; http://mj12bot.com/)"
209.182.200.39 - - [26/Nov/2024:10:26:19 -0800] "POST /wp-cron.php?doing_wp_cron=1732645579.2968139648437500000000 HTTP/1.0" 200 - "https://lizardheartmovies.online/wp-cron.php?doing_wp_cron=1732645579.2968139648437500000000" "WordPress/6.1.7; https://lizardheartmovies.online"
54.38.85.21 - - [26/Nov/2024:10:26:19 -0800] "GET /%E0%A4%AA%E0%A4%BE%E0%A4%A8%E0%A5%80-%E0%A4%AE%E0%A5%87%E0%A4%82-%E0%A4%97%E0%A4%BF%E0%A4%B0%E0%A4%A4%E0%A5%87-%E0%A4%B9%E0%A5%80-%E0%A4%96%E0%A5%87%E0%A4%B2-%E0%A4%96%E0%A4%A4%E0%A5%8D%E0%A4%AE-winn/ HTTP/1.0" 200 108770 "-" "Mozilla/5.0 (compatible; MJ12bot/v1.4.8; http://mj12bot.com/)"
209.182.200.39 - - [26/Nov/2024:10:26:45 -0800] "POST /wp-cron.php?doing_wp_cron=1732645605.7084441184997558593750 HTTP/1.0" 200 - "https://lizardheartmovies.online/wp-cron.php?doing_wp_cron=1732645605.7084441184997558593750" "WordPress/6.1.7; https://lizardheartmovies.online"
54.38.85.21 - - [26/Nov/2024:10:26:45 -0800] "GET /%E0%A4%AA%E0%A4%BE%E0%A4%A8%E0%A5%80-%E0%A4%AE%E0%A5%87%E0%A4%82-%E0%A4%97%E0%A4%BF%E0%A4%B0%E0%A4%A4%E0%A5%87-%E0%A4%B9%E0%A5%80-%E0%A4%96%E0%A5%87%E0%A4%B2-%E0%A4%96%E0%A4%A4%E0%A5%8D%E0%A4%AE-winn/feed/ HTTP/1.0" 200 1228 "-" "Mozilla/5.0 (compatible; MJ12bot/v1.4.8; http://mj12bot.com/)"
209.182.200.39 - - [26/Nov/2024:10:27:06 -0800] "POST /wp-cron.php?doing_wp_cron=1732645626.3032510280609130859375 HTTP/1.0" 200 - "https://lizardheartmovies.online/wp-cron.php?doing_wp_cron=1732645626.3032510280609130859375" "WordPress/6.1.7; https://lizardheartmovies.online"
141.94.247.170 - - [26/Nov/2024:10:27:06 -0800] "POST /wp-login.php HTTP/1.0" 200 9839 "-" "Mozilla/5.0 (Windows NT 6.3; Win64; x64) AppleWebKit/537.36 (KHTML, like Gecko) Chrome/62.0.3202.94 Safari/537.36"
54.38.85.21 - - [26/Nov/2024:10:27:12 -0800] "GET /%E0%B0%AC%E0%B1%8D%E0%B0%AF%E0%B0%BE%E0%B0%9F%E0%B0%BF%E0%B0%B2%E0%B1%8D-%E0%B0%AB%E0%B1%80%E0%B0%B2%E0%B1%8D%E0%B0%A1%E0%B1%8D-%E0%B0%AB%E0%B0%BE%E0%B0%B2%E0%B1%8D-%E0%B0%85%E0%B0%AB%E0%B1%8D/ HTTP/1.0" 200 111390 "-" "Mozilla/5.0 (compatible; MJ12bot/v1.4.8; http://mj12bot.com/)"
209.182.200.39 - - [26/Nov/2024:10:27:38 -0800] "POST /wp-cron.php?doing_wp_cron=1732645657.9986920356750488281250 HTTP/1.0" 200 - "https://lizardheartmovies.online/wp-cron.php?doing_wp_cron=1732645657.9986920356750488281250" "WordPress/6.1.7; https://lizardheartmovies.online"
54.38.85.21 - - [26/Nov/2024:10:27:37 -0800] "GET /%E0%B0%AC%E0%B1%8D%E0%B0%AF%E0%B0%BE%E0%B0%9F%E0%B0%BF%E0%B0%B2%E0%B1%8D-%E0%B0%AB%E0%B1%80%E0%B0%B2%E0%B1%8D%E0%B0%A1%E0%B1%8D-%E0%B0%AB%E0%B0%BE%E0%B0%B2%E0%B1%8D-%E0%B0%85%E0%B0%AB%E0%B1%8D/feed/ HTTP/1.0" 200 1333 "-" "Mozilla/5.0 (compatible; MJ12bot/v1.4.8; http://mj12bot.com/)"
209.182.200.39 - - [26/Nov/2024:10:28:11 -0800] "POST /wp-cron.php?doing_wp_cron=1732645691.4906020164489746093750 HTTP/1.0" 200 - "https://lizardheartmovies.online/wp-cron.php?doing_wp_cron=1732645691.4906020164489746093750" "WordPress/6.1.7; https://lizardheartmovies.online"
54.38.85.21 - - [26/Nov/2024:10:28:04 -0800] "GET /%E2%80%8C%E2%80%8C/ HTTP/1.0" 200 105648 "-" "Mozilla/5.0 (compatible; MJ12bot/v1.4.8; http://mj12bot.com/)"
209.182.200.39 - - [26/Nov/2024:10:28:40 -0800] "POST /wp-cron.php?doing_wp_cron=1732645720.0483670234680175781250 HTTP/1.0" 200 - "https://lizardheartmovies.online/wp-cron.php?doing_wp_cron=1732645720.0483670234680175781250" "WordPress/6.1.7; https://lizardheartmovies.online"
54.38.85.21 - - [26/Nov/2024:10:28:39 -0800] "GET /%E2%80%8C%E2%80%8C-2/ HTTP/1.0" 200 105662 "-" "Mozilla/5.0 (compatible; MJ12bot/v1.4.8; http://mj12bot.com/)"
209.182.200.39 - - [26/Nov/2024:10:29:04 -0800] "POST /wp-cron.php?doing_wp_cron=1732645744.8643391132354736328125 HTTP/1.0" 200 - "https://lizardheartmovies.online/wp-cron.php?doing_wp_cron=1732645744.8643391132354736328125" "WordPress/6.1.7; https://lizardheartmovies.online"
54.38.85.21 - - [26/Nov/2024:10:29:04 -0800] "GET /%E2%80%8C%E2%80%8C-2/feed/ HTTP/1.0" 200 767 "-" "Mozilla/5.0 (compatible; MJ12bot/v1.4.8; http://mj12bot.com/)"
209.182.200.39 - - [26/Nov/2024:10:29:29 -0800] "POST /wp-cron.php?doing_wp_cron=1732645769.0735509395599365234375 HTTP/1.0" 200 - "https://lizardheartmovies.online/wp-cron.php?doing_wp_cron=1732645769.0735509395599365234375" "WordPress/6.1.7; https://lizardheartmovies.online"
54.38.85.21 - - [26/Nov/2024:10:29:28 -0800] "GET /%E2%80%8C%E2%80%8C/feed/ HTTP/1.0" 200 763 "-" "Mozilla/5.0 (compatible; MJ12bot/v1.4.8; http://mj12bot.com/)"
209.182.200.39 - - [26/Nov/2024:10:29:52 -0800] "POST /wp-cron.php?doing_wp_cron=1732645792.6895880699157714843750 HTTP/1.0" 200 - "https://lizardheartmovies.online/wp-cron.php?doing_wp_cron=1732645792.6895880699157714843750" "WordPress/6.1.7; https://lizardheartmovies.online"
54.38.85.21 - - [26/Nov/2024:10:29:52 -0800] "GET /%E2%9C%85-in-the-blood-full-movie-new-action-movies-hd-english-movi-action-movie-romantic-movie-horror-movie-adventure-movie-canadian-movie-usa-movie-world-movie-seris-movies-c/ HTTP/1.0" 200 112750 "-" "Mozilla/5.0 (compatible; MJ12bot/v1.4.8; http://mj12bot.com/)"
209.182.200.39 - - [26/Nov/2024:10:30:18 -0800] "POST /wp-cron.php?doing_wp_cron=1732645818.3761670589447021484375 HTTP/1.0" 200 - "https://lizardheartmovies.online/wp-cron.php?doing_wp_cron=1732645818.3761670589447021484375" "WordPress/6.1.7; https://lizardheartmovies.online"
54.38.85.21 - - [26/Nov/2024:10:30:18 -0800] "GET /%E2%9C%85-in-the-blood-full-movie-new-action-movies-hd-english-movi-action-movie-romantic-movie-horror-movie-adventure-movie-canadian-movie-usa-movie-world-movie-seris-movies-c/feed/ HTTP/1.0" 200 1404 "-" "Mozilla/5.0 (compatible; MJ12bot/v1.4.8; http://mj12bot.com/)"
209.182.200.39 - - [26/Nov/2024:10:30:42 -0800] "POST /wp-cron.php?doing_wp_cron=1732645842.7284419536590576171875 HTTP/1.0" 200 - "https://lizardheartmovies.online/wp-cron.php?doing_wp_cron=1732645842.7284419536590576171875" "WordPress/6.1.7; https://lizardheartmovies.online"
54.38.85.21 - - [26/Nov/2024:10:30:42 -0800] "GET /%E3%80%90eng-sub%E3%80%91because-she-was-deceived-she-killed-the-only-person-in-the-world-who-loved-her-short-tv/ HTTP/1.0" 200 107633 "-" "Mozilla/5.0 (compatible; MJ12bot/v1.4.8; http://mj12bot.com/)"
209.182.200.39 - - [26/Nov/2024:10:31:09 -0800] "POST /wp-cron.php?doing_wp_cron=1732645869.6675529479980468750000 HTTP/1.0" 200 - "https://lizardheartmovies.online/wp-cron.php?doing_wp_cron=1732645869.6675529479980468750000" "WordPress/6.1.7; https://lizardheartmovies.online"
54.38.85.21 - - [26/Nov/2024:10:31:09 -0800] "GET /%E3%80%90eng-sub%E3%80%91because-she-was-deceived-she-killed-the-only-person-in-the-world-who-loved-her-short-tv/feed/ HTTP/1.0" 200 1055 "-" "Mozilla/5.0 (compatible; MJ12bot/v1.4.8; http://mj12bot.com/)"
209.182.200.39 - - [26/Nov/2024:10:31:32 -0800] "POST /wp-cron.php?doing_wp_cron=1732645892.6114099025726318359375 HTTP/1.0" 200 - "https://lizardheartmovies.online/wp-cron.php?doing_wp_cron=1732645892.6114099025726318359375" "WordPress/6.1.7; https://lizardheartmovies.online"
54.38.85.21 - - [26/Nov/2024:10:31:32 -0800] "GET /%E9%9B%BB%E5%BD%B1%EF%BC%81%E5%8A%9F%E5%A4%AB%E5%A5%B3%E5%AD%A9%E6%88%B0%E5%8A%9B%E5%BC%B7%E6%82%8D%EF%BC%8C%E4%B8%80%E5%87%BA%E6%89%8B%E5%B0%B1%E5%A4%A7%E6%AE%BA%E5%9B%9B%E6%96%B9-%E2%9A%94%EF%B8%8F/ HTTP/1.0" 200 109012 "-" "Mozilla/5.0 (compatible; MJ12bot/v1.4.8; http://mj12bot.com/)"
209.182.200.39 - - [26/Nov/2024:10:31:56 -0800] "POST /wp-cron.php?doing_wp_cron=1732645916.5524420738220214843750 HTTP/1.0" 200 - "https://lizardheartmovies.online/wp-cron.php?doing_wp_cron=1732645916.5524420738220214843750" "WordPress/6.1.7; https://lizardheartmovies.online"
54.38.85.21 - - [26/Nov/2024:10:31:56 -0800] "GET /%E9%9B%BB%E5%BD%B1%EF%BC%81%E5%8A%9F%E5%A4%AB%E5%A5%B3%E5%AD%A9%E6%88%B0%E5%8A%9B%E5%BC%B7%E6%82%8D%EF%BC%8C%E4%B8%80%E5%87%BA%E6%89%8B%E5%B0%B1%E5%A4%A7%E6%AE%BA%E5%9B%9B%E6%96%B9-%E2%9A%94%EF%B8%8F/feed/ HTTP/1.0" 200 1205 "-" "Mozilla/5.0 (compatible; MJ12bot/v1.4.8; http://mj12bot.com/)"
87.98.173.252 - - [26/Nov/2024:10:32:37 -0800] "POST /wp-login.php HTTP/1.0" 200 9837 "-" "Mozilla/5.0 (Windows NT 6.1; Win64; x64) AppleWebKit/537.36 (KHTML, like Gecko) Chrome/80.0.3987.163 Safari/537.36"
209.182.200.39 - - [26/Nov/2024:10:32:37 -0800] "POST /wp-cron.php?doing_wp_cron=1732645957.2609069347381591796875 HTTP/1.0" 200 - "https://lizardheartmovies.online/wp-cron.php?doing_wp_cron=1732645957.2609069347381591796875" "WordPress/6.1.7; https://lizardheartmovies.online"
209.141.50.41 - - [26/Nov/2024:10:32:27 -0800] "GET /wp-login.php HTTP/1.0" 200 9419 "-" "Mozilla/5.0 (Macintosh; Intel Mac OS X 10_9_4 AppleWebKit/537.36 (KHTML, like Gecko) Chrome/36.0.1985.125 Safari/537.36"
209.182.200.39 - - [26/Nov/2024:10:32:39 -0800] "POST /wp-cron.php?doing_wp_cron=1732645959.6374840736389160156250 HTTP/1.0" 200 - "https://lizardheartmovies.online/wp-cron.php?doing_wp_cron=1732645959.6374840736389160156250" "WordPress/6.1.7; https://lizardheartmovies.online"
209.141.50.41 - - [26/Nov/2024:10:32:39 -0800] "POST /wp-login.php HTTP/1.0" 200 9857 "-" "Mozilla/5.0 (Macintosh; Intel Mac OS X 10_9_4 AppleWebKit/537.36 (KHTML, like Gecko) Chrome/36.0.1985.125 Safari/537.36"
54.38.85.21 - - [26/Nov/2024:10:32:20 -0800] "GET /%E9%9B%BB%E5%BD%B1%EF%BC%81%E5%8A%9F%E5%A4%AB%E5%A5%B3%E5%AD%A9%E6%88%B0%E5%8A%9B%E5%BC%B7%E6%82%8D%EF%BC%8C%E4%B8%80%E5%87%BA%E6%89%8B%E5%B0%B1%E5%A4%A7%E6%AE%BA%E5%9B%9B%E6%96%B9-%E2%9A%94-2/ HTTP/1.0" 200 108611 "-" "Mozilla/5.0 (compatible; MJ12bot/v1.4.8; http://mj12bot.com/)"
207.46.13.157 - - [26/Nov/2024:10:32:15 -0800] "GET /latest-south-indian-hindi-dubbed-movie-aravinda-sametha-veera-raghava-jr-ntr/ HTTP/1.0" 200 106553 "-" "Mozilla/5.0 AppleWebKit/537.36 (KHTML, like Gecko; compatible; bingbot/2.0; +http://www.bing.com/bingbot.htm) Chrome/116.0.1938.76 Safari/537.36"
54.38.85.21 - - [26/Nov/2024:10:33:10 -0800] "GET /%E9%9B%BB%E5%BD%B1%EF%BC%81%E5%8A%9F%E5%A4%AB%E5%A5%B3%E5%AD%A9%E6%88%B0%E5%8A%9B%E5%BC%B7%E6%82%8D%EF%BC%8C%E4%B8%80%E5%87%BA%E6%89%8B%E5%B0%B1%E5%A4%A7%E6%AE%BA%E5%9B%9B%E6%96%B9-%E2%9A%94-2/feed/ HTTP/1.0" 200 1188 "-" "Mozilla/5.0 (compatible; MJ12bot/v1.4.8; http://mj12bot.com/)"
54.38.85.21 - - [26/Nov/2024:10:33:33 -0800] "GET /99-%E0%B6%B1%E0%B7%8A-%E0%B6%B6%E0%B7%9A%E0%B6%BB%E0%B7%94%E0%B6%B1%E0%B7%9A-danger-accident/ HTTP/1.0" 200 106259 "-" "Mozilla/5.0 (compatible; MJ12bot/v1.4.8; http://mj12bot.com/)"
209.182.200.39 - - [26/Nov/2024:10:33:56 -0800] "POST /wp-cron.php?doing_wp_cron=1732646036.7864789962768554687500 HTTP/1.0" 200 - "https://lizardheartmovies.online/wp-cron.php?doing_wp_cron=1732646036.7864789962768554687500" "WordPress/6.1.7; https://lizardheartmovies.online"
54.38.85.21 - - [26/Nov/2024:10:33:56 -0800] "GET /99-%E0%B6%B1%E0%B7%8A-%E0%B6%B6%E0%B7%9A%E0%B6%BB%E0%B7%94%E0%B6%B1%E0%B7%9A-danger-accident/feed/ HTTP/1.0" 200 953 "-" "Mozilla/5.0 (compatible; MJ12bot/v1.4.8; http://mj12bot.com/)"
54.38.85.21 - - [26/Nov/2024:10:34:22 -0800] "GET /adventure/%E2%87%A8%E2%87%A8-%E2%93%93%E2%93%9E%E2%93%A6%E2%93%9D%E2%93%9B%E2%93%9E%E2%93%90%E2%93%93-adventures-in-babysitting-full-%E2%93%9C%E2%93%9E%E2%93%A5%E2%93%98%E2%93%94/ HTTP/1.0" 404 67807 "-" "Mozilla/5.0 (compatible; MJ12bot/v1.4.8; http://mj12bot.com/)"
209.182.200.39 - - [26/Nov/2024:10:34:55 -0800] "POST /wp-cron.php?doing_wp_cron=1732646095.7064011096954345703125 HTTP/1.0" 200 - "https://lizardheartmovies.online/wp-cron.php?doing_wp_cron=1732646095.7064011096954345703125" "WordPress/6.1.7; https://lizardheartmovies.online"
54.38.85.21 - - [26/Nov/2024:10:34:45 -0800] "GET /adventure/%E2%87%A8%E2%87%A8-%E2%93%93%E2%93%9E%E2%93%A6%E2%93%9D%E2%93%9B%E2%93%9E%E2%93%90%E2%93%93-adventures-in-babysitting-full-%E2%93%9C%E2%93%9E%E2%93%A5%E2%93%98%E2%93%94/feed/ HTTP/1.0" 200 865 "-" "Mozilla/5.0 (compatible; MJ12bot/v1.4.8; http://mj12bot.com/)"
54.38.85.21 - - [26/Nov/2024:10:35:18 -0800] "GET /animation-movies-2015-animation-movies-2015-%E2%98%85-comedy-movies-2015-%E2%98%85-cartoons-for-kids-201/ HTTP/1.0" 200 108219 "-" "Mozilla/5.0 (compatible; MJ12bot/v1.4.8; http://mj12bot.com/)"
209.182.200.39 - - [26/Nov/2024:10:35:43 -0800] "POST /wp-cron.php?doing_wp_cron=1732646143.4037139415740966796875 HTTP/1.0" 200 - "https://lizardheartmovies.online/wp-cron.php?doing_wp_cron=1732646143.4037139415740966796875" "WordPress/6.1.7; https://lizardheartmovies.online"
54.38.85.21 - - [26/Nov/2024:10:35:43 -0800] "GET /animation-movies-2015-animation-movies-2015-%E2%98%85-comedy-movies-2015-%E2%98%85-cartoons-for-kids-201/feed/ HTTP/1.0" 200 1029 "-" "Mozilla/5.0 (compatible; MJ12bot/v1.4.8; http://mj12bot.com/)"
209.182.200.39 - - [26/Nov/2024:10:36:07 -0800] "POST /wp-cron.php?doing_wp_cron=1732646167.0350461006164550781250 HTTP/1.0" 200 - "https://lizardheartmovies.online/wp-cron.php?doing_wp_cron=1732646167.0350461006164550781250" "WordPress/6.1.7; https://lizardheartmovies.online"
54.38.85.21 - - [26/Nov/2024:10:36:06 -0800] "GET /animation-movies-2015-length-%E2%99%A5-cartoon-movies-english-disney-movies-animated-for-kid/ HTTP/1.0" 200 108767 "-" "Mozilla/5.0 (compatible; MJ12bot/v1.4.8; http://mj12bot.com/)"
209.182.200.39 - - [26/Nov/2024:10:36:35 -0800] "POST /wp-cron.php?doing_wp_cron=1732646195.6121609210968017578125 HTTP/1.0" 200 - "https://lizardheartmovies.online/wp-cron.php?doing_wp_cron=1732646195.6121609210968017578125" "WordPress/6.1.7; https://lizardheartmovies.online"
54.38.85.21 - - [26/Nov/2024:10:36:35 -0800] "GET /animation-movies-2015-length-%E2%99%A5-cartoon-movies-english-disney-movies-animated-for-kid/feed/ HTTP/1.0" 200 991 "-" "Mozilla/5.0 (compatible; MJ12bot/v1.4.8; http://mj12bot.com/)"
209.182.200.39 - - [26/Nov/2024:10:36:57 -0800] "POST /wp-cron.php?doing_wp_cron=1732646217.5738320350646972656250 HTTP/1.0" 200 - "https://lizardheartmovies.online/wp-cron.php?doing_wp_cron=1732646217.5738320350646972656250" "WordPress/6.1.7; https://lizardheartmovies.online"
54.38.85.21 - - [26/Nov/2024:10:36:57 -0800] "GET /animation-movies-2015-length-english-%E2%82%AA-new-cartoon-movies-%E2%99%A1-walt-disney-movies-2015/ HTTP/1.0" 200 106911 "-" "Mozilla/5.0 (compatible; MJ12bot/v1.4.8; http://mj12bot.com/)"
54.38.85.21 - - [26/Nov/2024:10:37:23 -0800] "GET /animation-movies-2015-length-english-%E2%82%AA-new-cartoon-movies-%E2%99%A1-walt-disney-movies-2015-2/ HTTP/1.0" 200 106831 "-" "Mozilla/5.0 (compatible; MJ12bot/v1.4.8; http://mj12bot.com/)"
209.182.200.39 - - [26/Nov/2024:10:37:48 -0800] "POST /wp-cron.php?doing_wp_cron=1732646268.5581579208374023437500 HTTP/1.0" 200 - "https://lizardheartmovies.online/wp-cron.php?doing_wp_cron=1732646268.5581579208374023437500" "WordPress/6.1.7; https://lizardheartmovies.online"
54.38.85.21 - - [26/Nov/2024:10:37:48 -0800] "GET /animation-movies-2015-length-english-%E2%82%AA-new-cartoon-movies-%E2%99%A1-walt-disney-movies-2015-2/feed/ HTTP/1.0" 200 1010 "-" "Mozilla/5.0 (compatible; MJ12bot/v1.4.8; http://mj12bot.com/)"
198.98.51.29 - - [26/Nov/2024:10:37:54 -0800] "GET /wp-login.php HTTP/1.0" 200 9419 "-" "Mozilla/5.0 (Windows NT 6.3; WOW64; Trident/7.0; rv:11.0) like Gecko"
198.98.51.29 - - [26/Nov/2024:10:37:54 -0800] "POST /wp-login.php HTTP/1.0" 200 9879 "-" "Mozilla/5.0 (Windows NT 6.3; WOW64; Trident/7.0; rv:11.0) like Gecko"
209.182.200.39 - - [26/Nov/2024:10:38:13 -0800] "POST /wp-cron.php?doing_wp_cron=1732646293.2641420364379882812500 HTTP/1.0" 200 - "https://lizardheartmovies.online/wp-cron.php?doing_wp_cron=1732646293.2641420364379882812500" "WordPress/6.1.7; https://lizardheartmovies.online"
54.38.85.21 - - [26/Nov/2024:10:38:13 -0800] "GET /animation-movies-2015-length-english-%E2%82%AA-new-cartoon-movies-%E2%99%A1-walt-disney-movies-2015/feed/ HTTP/1.0" 200 1006 "-" "Mozilla/5.0 (compatible; MJ12bot/v1.4.8; http://mj12bot.com/)"
209.182.200.39 - - [26/Nov/2024:10:38:36 -0800] "POST /wp-cron.php?doing_wp_cron=1732646316.9079070091247558593750 HTTP/1.0" 200 - "https://lizardheartmovies.online/wp-cron.php?doing_wp_cron=1732646316.9079070091247558593750" "WordPress/6.1.7; https://lizardheartmovies.online"
54.38.85.21 - - [26/Nov/2024:10:38:36 -0800] "GET /animation-movies-2016-full-movies-english-%E2%98%82-new-animation-movies-2016-full-movies-english/ HTTP/1.0" 200 107968 "-" "Mozilla/5.0 (compatible; MJ12bot/v1.4.8; http://mj12bot.com/)"
