111.119.238.163 - - [26/Nov/2024:07:55:28 -0800] "GET /cgi-sys/suspendedpage.cgi?_wpnonce=5ffb3fa28e&remove_item=bd4d08cd70f4be1982372107b3b448ef HTTP/1.0" 200 7646 "-" "Mozilla/5.0 (Windows NT 10.0; Win64; x64) AppleWebKit/537.36 (KHTML, like Gecko) Chrome/101.0.4951.64 Safari/537.36 Edg/101.0.1210.47"
166.108.236.52 - - [26/Nov/2024:07:58:19 -0800] "GET /product/finger-dinosaur-tricky-tyrannosaurus-model-biting-hand-fidget-mosasaurus-jurassic-dino-toy-for-children-dino-movable-joints/?_wpnonce=724f22057b&add_to_wishlist=20663 HTTP/1.0" 200 3177 "-" "Mozilla/5.0 (Windows NT 10.0; Win64; x64) AppleWebKit/537.36 (KHTML, like Gecko) Chrome/104.0.0.0 Safari/537.36"
185.191.171.14 - - [26/Nov/2024:07:59:15 -0800] "GET /robots.txt HTTP/1.0" 200 30 "-" "Mozilla/5.0 (compatible; SemrushBot/7~bl; +http://www.semrush.com/bot.html)"
185.191.171.9 - - [26/Nov/2024:07:59:16 -0800] "GET /sample-page/ HTTP/1.0" 200 3177 "-" "Mozilla/5.0 (compatible; SemrushBot/7~bl; +http://www.semrush.com/bot.html)"
216.244.66.195 - - [26/Nov/2024:08:01:41 -0800] "GET /robots.txt HTTP/1.0" 200 30 "-" "Mozilla/5.0 (compatible; DotBot/1.2; +https://opensiteexplorer.org/dotbot; help@moz.com)"
209.182.200.39 - - [26/Nov/2024:08:01:59 -0800] "POST /wp-cron.php?doing_wp_cron=1732636919.7885680198669433593750 HTTP/1.0" 200 - "https://llizardheartsallinone.shop/wp-cron.php?doing_wp_cron=1732636919.7885680198669433593750" "WordPress/5.3.18; http://llizardheartsallinone.shop"
107.189.29.207 - - [26/Nov/2024:08:01:59 -0800] "GET /wp-login.php HTTP/1.0" 200 5262 "-" "Mozilla/5.0 (Macintosh; Intel Mac OS X 10_6_8) AppleWebKit/534.59.10 (KHTML, like Gecko) Version/5.1.9 Safari/534.59.10"
107.189.29.207 - - [26/Nov/2024:08:02:00 -0800] "POST /wp-login.php HTTP/1.0" 200 6290 "-" "Mozilla/5.0 (Macintosh; Intel Mac OS X 10_6_8) AppleWebKit/534.59.10 (KHTML, like Gecko) Version/5.1.9 Safari/534.59.10"
101.44.249.75 - - [26/Nov/2024:08:11:25 -0800] "GET /product/3pcs-nylon-wire-rope-threader-needle-big-eye-knitting-needle-weave-yarn-needle-for-sewing-and-fabric-art-craft-accessory-yarn-needle-large-eye/ HTTP/1.0" 200 3177 "-" "Mozilla/5.0 (Windows NT 10.0; Win64; x64) AppleWebKit/537.36 (KHTML, like Gecko) Chrome/101.0.4951.64 Safari/537.36 Edg/101.0.1210.47"
144.126.145.58 - - [26/Nov/2024:08:14:37 -0800] "GET /wp-login.php HTTP/1.0" 406 300 "-" "Mozilla/5.0 (X11; Ubuntu; Linux x86_64; rv:62.0) Gecko/20100101 Firefox/62.0"
119.8.45.118 - - [26/Nov/2024:08:16:36 -0800] "GET /product/2pcs-dragons-blood-easy-cream-retinol-placenta-dragon-blood-face-cream-firm-anti-wrinkle-cream-for-women-reduce-fine-lines-moisturize-rejuvenate-skin/ HTTP/1.0" 200 3177 "-" "Mozilla/5.0 (Windows NT 10.0; Win64; x64) AppleWebKit/537.36 (KHTML, like Gecko) Chrome/104.0.0.0 Safari/537.36"
34.226.201.24 - - [26/Nov/2024:08:18:22 -0800] "GET / HTTP/1.0" 200 3177 "-" "-"
34.226.201.24 - - [26/Nov/2024:08:18:34 -0800] "GET / HTTP/1.0" 200 3177 "-" "-"
34.226.201.24 - - [26/Nov/2024:08:18:35 -0800] "GET / HTTP/1.0" 200 3177 "-" "-"
216.244.66.195 - - [26/Nov/2024:08:23:24 -0800] "GET /cgi-sys/suspendedpage.cgi?filter_size=a1706-a1989-a2159,m1-chip-air-13-a2337,old-air13-a1369a1466 HTTP/1.0" 200 7646 "-" "Mozilla/5.0 (compatible; DotBot/1.2; +https://opensiteexplorer.org/dotbot; help@moz.com)"
216.244.66.195 - - [26/Nov/2024:08:25:07 -0800] "GET /cgi-sys/suspendedpage.cgi?filter_size=2020-air-13-a2179,2022-air-13-6-a2681,pro-13-a1706-a1708 HTTP/1.0" 200 7646 "-" "Mozilla/5.0 (compatible; DotBot/1.2; +https://opensiteexplorer.org/dotbot; help@moz.com)"
102.129.252.122 - - [26/Nov/2024:08:25:31 -0800] "GET / HTTP/1.0" 200 3177 "-" "Mozilla/5.0 (X11; Ubuntu; Linux x86_64; rv:126.0) Gecko/20100101 Firefox/126.0"
102.129.252.122 - - [26/Nov/2024:08:25:33 -0800] "GET / HTTP/1.0" 200 3177 "-" "Mozilla/5.0 (X11; Ubuntu; Linux x86_64; rv:126.0) Gecko/20100101 Firefox/126.0"
102.129.252.122 - - [26/Nov/2024:08:25:33 -0800] "GET / HTTP/1.0" 200 3177 "-" "Mozilla/5.0 (X11; Ubuntu; Linux x86_64; rv:126.0) Gecko/20100101 Firefox/126.0"
102.129.252.122 - - [26/Nov/2024:08:25:33 -0800] "GET / HTTP/1.0" 200 3177 "-" "Mozilla/5.0 (X11; Ubuntu; Linux x86_64; rv:126.0) Gecko/20100101 Firefox/126.0"
102.129.252.122 - - [26/Nov/2024:08:25:34 -0800] "GET / HTTP/1.0" 200 3177 "-" "Mozilla/5.0 (X11; Ubuntu; Linux x86_64; rv:126.0) Gecko/20100101 Firefox/126.0"
102.129.252.122 - - [26/Nov/2024:08:25:36 -0800] "GET / HTTP/1.0" 200 3177 "-" "Mozilla/5.0 (X11; Linux x86_64) AppleWebKit/537.36 (KHTML, like Gecko) HeadlessChrome/111.0.5563.19 Safari/537.36"
40.77.167.22 - - [26/Nov/2024:08:25:51 -0800] "GET /color/km-068/ HTTP/1.0" 200 3177 "-" "Mozilla/5.0 AppleWebKit/537.36 (KHTML, like Gecko; compatible; bingbot/2.0; +http://www.bing.com/bingbot.htm) Chrome/116.0.1938.76 Safari/537.36"
216.244.66.195 - - [26/Nov/2024:08:26:51 -0800] "GET /cgi-sys/suspendedpage.cgi?filter_size=air-m2-a2681,m1-chip-pro-13-a2338,pro13-a1708 HTTP/1.0" 200 7646 "-" "Mozilla/5.0 (compatible; DotBot/1.2; +https://opensiteexplorer.org/dotbot; help@moz.com)"
216.244.66.195 - - [26/Nov/2024:08:27:21 -0800] "GET /wp-content/uploads/2023/12/51Kxs7ba2hL._AC_.jpg HTTP/1.0" 200 54845 "-" "Mozilla/5.0 (compatible; DotBot/1.2; +https://opensiteexplorer.org/dotbot; help@moz.com)"
216.244.66.195 - - [26/Nov/2024:08:27:57 -0800] "GET /shop/?filter_size=2019-pro16-a2141,model-a1708,old-air-a1466-a1369 HTTP/1.0" 200 3177 "-" "Mozilla/5.0 (compatible; DotBot/1.2; +https://opensiteexplorer.org/dotbot; help@moz.com)"
216.244.66.195 - - [26/Nov/2024:08:28:32 -0800] "GET /shop/?filter_size=matebook-13s,matebook-x-pro HTTP/1.0" 200 3177 "-" "Mozilla/5.0 (compatible; DotBot/1.2; +https://opensiteexplorer.org/dotbot; help@moz.com)"
124.243.138.21 - - [26/Nov/2024:08:33:10 -0800] "GET /product/new-r16-drone-4k-hd-dual-lens-mini-drone-wifi-1080p-real-time-transmission-fpv-drone-follow-me-foldable-rc-quadcopter-toy/ HTTP/1.0" 200 3177 "-" "Mozilla/5.0 (Windows NT 10.0; Win64; x64) AppleWebKit/537.36 (KHTML, like Gecko) Chrome/104.0.0.0 Safari/537.36"
18.217.193.146 - - [26/Nov/2024:08:34:34 -0800] "GET / HTTP/1.0" 200 3177 "-" "Mozilla/5.0 (Windows NT 10.0; Win64; x64) AppleWebKit/537.36 (KHTML, like Gecko) Chrome/100.0.4896.75 Safari/537.36"
18.217.193.146 - - [26/Nov/2024:08:34:34 -0800] "GET / HTTP/1.0" 200 3177 "-" "Mozilla/5.0 (iPhone; CPU iPhone OS 14_8_1 like Mac OS X) AppleWebKit/605.1.15 (KHTML, like Gecko) Version/14.1.2 Mobile/15E148 Safari/604.1"
18.217.193.146 - - [26/Nov/2024:08:34:53 -0800] "GET //drvee07.github.io/loc/indo.jt.js HTTP/1.0" 200 3177 "-" "Mozilla/5.0 (Windows; U; Windows NT 6.0; en-US) AppleWebKit/527  (KHTML, like Gecko, Safari/419.3) Arora/0.6 (Change: )"
18.217.193.146 - - [26/Nov/2024:08:34:54 -0800] "GET //drvee07.github.io/loc/drv.js HTTP/1.0" 200 3177 "-" "Mozilla/5.0 (Windows NT 10.0; WOW64) AppleWebKit/537.36 (KHTML, like Gecko) Chrome/80.0.3987.87 Safari/537.36 SE 2.X MetaSr 1.0"
18.217.193.146 - - [26/Nov/2024:08:34:54 -0800] "GET //drvee07.github.io/loc/drv.js HTTP/1.0" 200 3177 "-" "Opera/9.5 (Microsoft Windows; PPC; Opera Mobi; U) SonyEricssonX1i/R2AA Profile/MIDP-2.0 Configuration/CLDC-1.1"
18.217.193.146 - - [26/Nov/2024:08:34:54 -0800] "GET //ajax.googleapis.com/ajax/libs/jquery/1.12.0/jquery.min.js HTTP/1.0" 200 3177 "-" "Mozilla/5.0 (iPhone; CPU iPhone OS 15_1_1 like Mac OS X) AppleWebKit/605.1.15 (KHTML, like Gecko) Version/15.1 Mobile/15E148 Safari/604.1"
18.217.193.146 - - [26/Nov/2024:08:34:54 -0800] "GET //ajax.googleapis.com/ajax/libs/jquery/1.12.0/jquery.min.js HTTP/1.0" 200 3177 "-" "Mozilla/5.0 (Macintosh; Intel Mac OS X 10_15_7) AppleWebKit/537.36 (KHTML, like Gecko) Chrome/98.0.4758.109 Safari/537.36"
18.217.193.146 - - [26/Nov/2024:08:34:54 -0800] "GET //drvee07.github.io/loc/indo.jt.js HTTP/1.0" 200 3177 "-" "Mozilla/5.0 (Windows NT 6.1; WOW64) AppleWebKit/537.36 (KHTML, like Gecko) Maxthon/4.4.6.1000 Chrome/30.0.1599.101 Safari/537.36"
18.217.193.146 - - [26/Nov/2024:08:35:09 -0800] "GET //drvee07.github.io/loc/indo.jt.js HTTP/1.0" 200 3177 "-" "Mozilla/5.0 (Linux; Android 11; Redmi Note 8T) AppleWebKit/537.36 (KHTML, like Gecko) Chrome/101.0.4951.41 Mobile Safari/537.36"
18.217.193.146 - - [26/Nov/2024:08:35:09 -0800] "GET //drvee07.github.io/loc/drv.js HTTP/1.0" 200 3177 "-" "Mozilla/5.0 (Linux; Android 7.0; LGL84VL Build/NRD90U) AppleWebKit/537.36 (KHTML, like Gecko) Chrome/59.0.3071.125 Mobile Safari/537.36"
18.217.193.146 - - [26/Nov/2024:08:35:09 -0800] "GET //ajax.googleapis.com/ajax/libs/jquery/1.12.0/jquery.min.js HTTP/1.0" 200 3177 "-" "Mozilla/5.0 (Linux; Android 10; POCO F1) AppleWebKit/537.36 (KHTML, like Gecko) Chrome/101.0.4951.41 Mobile Safari/537.36"
18.217.193.146 - - [26/Nov/2024:08:35:09 -0800] "GET //ajax.googleapis.com/ajax/libs/jquery/1.12.0/jquery.min.js HTTP/1.0" 200 3177 "-" "Mozilla/5.0 (Linux; U; Android 11; zh-CN; M2012K11AC Build/RKQ1.200826.002) AppleWebKit/537.36 (KHTML, like Gecko) Version/4.0 Chrome/78.0.3904.108 Quark/5.4.8.200 Mobile Safari/537.36"
18.217.193.146 - - [26/Nov/2024:08:35:09 -0800] "GET //drvee07.github.io/loc/drv.js HTTP/1.0" 200 3177 "-" "Mozilla/5.0 (X11; Linux x86_64) AppleWebKit/537.36 (KHTML, like Gecko) QtWebEngine/5.15.3 Chrome/87.0.4280.144 Safari/537.36"
18.217.193.146 - - [26/Nov/2024:08:35:10 -0800] "GET //drvee07.github.io/loc/indo.jt.js HTTP/1.0" 200 3177 "-" "Mozilla/3.0 (compatible; NetPositive/2.1.1; BeOS)"
18.217.193.146 - - [26/Nov/2024:08:35:26 -0800] "GET //drvee07.github.io/loc/indo.jt.js HTTP/1.0" 200 3177 "-" "Mozilla/5.0 (Macintosh; Intel Mac OS X 10_13_6) AppleWebKit/537.36 (KHTML, like Gecko) Chrome/101.0.4951.54 Safari/537.36"
18.217.193.146 - - [26/Nov/2024:08:35:26 -0800] "GET //ajax.googleapis.com/ajax/libs/jquery/1.12.0/jquery.min.js HTTP/1.0" 200 3177 "-" "Mozilla/5.0 (Linux; Android 11; SM-A505G) AppleWebKit/537.36 (KHTML, like Gecko) Chrome/101.0.4951.61 Mobile Safari/537.36"
18.217.193.146 - - [26/Nov/2024:08:35:26 -0800] "GET //drvee07.github.io/loc/drv.js HTTP/1.0" 200 3177 "-" "POLARIS/6.01 (BREW 3.1.5; U; en-us; LG; LX265; POLARIS/6.01/WAP) MMP/2.0 profile/MIDP-2.1 Configuration/CLDC-1.1"
18.217.193.146 - - [26/Nov/2024:08:35:26 -0800] "GET //ajax.googleapis.com/ajax/libs/jquery/1.12.0/jquery.min.js HTTP/1.0" 200 3177 "-" "Mozilla/5.0 (X11; Linux x86_64) AppleWebKit/537.36 (KHTML, like Gecko) Chrome/89.0.4389.114 Safari/537.36"
18.217.193.146 - - [26/Nov/2024:08:35:26 -0800] "GET //drvee07.github.io/loc/drv.js HTTP/1.0" 200 3177 "-" "Mozilla/5.0 (X11; U; Linux i686; rv:19.0) Gecko/20100101 Slackware/13 Firefox/19.0"
18.217.193.146 - - [26/Nov/2024:08:35:26 -0800] "GET //drvee07.github.io/loc/indo.jt.js HTTP/1.0" 200 3177 "-" "Mozilla/5.0 (Macintosh; Intel Mac OS X 10_13_6) AppleWebKit/537.36 (KHTML, like Gecko) Chrome/101.0.4951.54 Safari/537.36"
18.217.193.146 - - [26/Nov/2024:08:35:45 -0800] "GET //drvee07.github.io/loc/drv.js HTTP/1.0" 200 3177 "-" "Mozilla/5.0 (iPhone; CPU iPhone OS 10_3_3 like Mac OS X) AppleWebKit/603.3.8 (KHTML, like Gecko) Version/10.0 Mobile/14G60 Safari/602.1"
18.217.193.146 - - [26/Nov/2024:08:35:45 -0800] "GET //ajax.googleapis.com/ajax/libs/jquery/1.12.0/jquery.min.js HTTP/1.0" 200 3177 "-" "Opera/7.51 (Windows NT 5.1; U) [en]"
18.217.193.146 - - [26/Nov/2024:08:35:45 -0800] "GET //drvee07.github.io/loc/indo.jt.js HTTP/1.0" 200 3177 "-" "Mozilla/5.0 (X11; Linux x86_64) AppleWebKit/537.36 (KHTML like Gecko) Chrome/36.0.1985.125 Safari/537.36"
18.217.193.146 - - [26/Nov/2024:08:35:45 -0800] "GET //drvee07.github.io/loc/indo.jt.js HTTP/1.0" 200 3177 "-" "Mozilla/5.0 (X11; Linux x86_64) AppleWebKit/537.36 (KHTML, like Gecko) Chrome/45.0.2454.85 Safari/537.36 OPR/32.0.1948.25"
18.217.193.146 - - [26/Nov/2024:08:35:45 -0800] "GET //drvee07.github.io/loc/drv.js HTTP/1.0" 200 3177 "-" "Mozilla/5.0 (X11; Linux x86_64) AppleWebKit/537.36 (KHTML, like Gecko) Chrome/97.0.4692.71 Safari/537.36"
18.217.193.146 - - [26/Nov/2024:08:35:46 -0800] "GET //ajax.googleapis.com/ajax/libs/jquery/1.12.0/jquery.min.js HTTP/1.0" 200 3177 "-" "HTC-ST7377/1.59.502.3 (67150) Opera/9.50 (Windows NT 5.1; U; en) UP.Link/6.3.1.17.0"
18.217.193.146 - - [26/Nov/2024:08:36:00 -0800] "GET //drvee07.github.io/loc/indo.jt.js HTTP/1.0" 200 3177 "-" "Mozilla/5.0 (Macintosh; Intel Mac OS X 10_14_6) AppleWebKit/537.36 (KHTML, like Gecko) Chrome/100.0.4896.127 Safari/537.36"
18.217.193.146 - - [26/Nov/2024:08:36:01 -0800] "GET //ajax.googleapis.com/ajax/libs/jquery/1.12.0/jquery.min.js HTTP/1.0" 200 3177 "-" "Mozilla/5.0 (Macintosh; Intel Mac OS X 10_12_3) AppleWebKit/537.36 (KHTML, like Gecko) Chrome/101.0.4951.54 Safari/537.36"
18.217.193.146 - - [26/Nov/2024:08:36:01 -0800] "GET //drvee07.github.io/loc/indo.jt.js HTTP/1.0" 200 3177 "-" "Mozilla/5.0 (X11; U; Linux x86_64; en-AU) AppleWebKit/534.35 (KHTML, like Gecko) Chrome/11.0.696.65 Safari/534.35 Puffin/3.9174IT"
18.217.193.146 - - [26/Nov/2024:08:36:01 -0800] "GET //drvee07.github.io/loc/drv.js HTTP/1.0" 200 3177 "-" "Mozilla/5.0 (MSIE 9.0; Windows NT 10.0; Win64; x64) AppleWebKit/537.36 (KHTML, like Gecko) Chrome/51.0.2704.79 Safari/537.36 Edge/14.14931"
18.217.193.146 - - [26/Nov/2024:08:36:01 -0800] "GET //drvee07.github.io/loc/drv.js HTTP/1.0" 200 3177 "-" "Mozilla/5.0 (Linux; Android 12; Pixel 4a) AppleWebKit/537.36 (KHTML, like Gecko) Chrome/101.0.4951.41 Mobile Safari/537.36"
18.217.193.146 - - [26/Nov/2024:08:36:01 -0800] "GET //ajax.googleapis.com/ajax/libs/jquery/1.12.0/jquery.min.js HTTP/1.0" 200 3177 "-" "Mozilla/5.0 (X11; Linux x86_64) AppleWebKit/537.36 (KHTML, like Gecko) Chrome/100.0.4896.147 Safari/537.36"
18.217.193.146 - - [26/Nov/2024:08:36:21 -0800] "GET //drvee07.github.io/loc/indo.jt.js HTTP/1.0" 200 3177 "-" "Mozilla/5.0 (Linux; Android 9; moto g(6) plus) AppleWebKit/537.36 (KHTML, like Gecko) Chrome/101.0.4951.61 Mobile Safari/537.36"
18.217.193.146 - - [26/Nov/2024:08:36:21 -0800] "GET //drvee07.github.io/loc/drv.js HTTP/1.0" 200 3177 "-" "Mozilla/5.0 (Windows NT 6.3; rv:36.0) Gecko/20100101 Firefox/36.0"
18.217.193.146 - - [26/Nov/2024:08:36:21 -0800] "GET //ajax.googleapis.com/ajax/libs/jquery/1.12.0/jquery.min.js HTTP/1.0" 200 3177 "-" "msnbot/1.0 ( http://search.msn.com/msnbot.htm)"
18.217.193.146 - - [26/Nov/2024:08:36:21 -0800] "GET //ajax.googleapis.com/ajax/libs/jquery/1.12.0/jquery.min.js HTTP/1.0" 200 3177 "-" "Mozilla/5.0 (Macintosh; Intel Mac OS X 10_15_6) AppleWebKit/537.36 (KHTML, like Gecko) Chrome/98.0.4758.102 Safari/537.36"
18.217.193.146 - - [26/Nov/2024:08:36:21 -0800] "GET //drvee07.github.io/loc/indo.jt.js HTTP/1.0" 200 3177 "-" "Mozilla/5.0 (Windows NT 10.0; Win64; x64) AppleWebKit/537.36 (KHTML, like Gecko) Chrome/103.0.5030.0 Safari/537.36"
18.217.193.146 - - [26/Nov/2024:08:36:21 -0800] "GET //drvee07.github.io/loc/drv.js HTTP/1.0" 200 3177 "-" "Mozilla/5.0 (X11; Linux i686; rv:2.0b6pre) Gecko/20100907 Firefox/4.0b6pre"
209.182.200.39 - - [26/Nov/2024:08:42:02 -0800] "POST /wp-cron.php?doing_wp_cron=1732639322.1348989009857177734375 HTTP/1.0" 200 - "https://llizardheartsallinone.shop/wp-cron.php?doing_wp_cron=1732639322.1348989009857177734375" "WordPress/5.3.18; http://llizardheartsallinone.shop"
205.185.126.220 - - [26/Nov/2024:08:42:02 -0800] "GET /wp-login.php HTTP/1.0" 200 5262 "-" "Mozilla/5.0 (X11; Linux x86_64; rv:31.0) Gecko/20100101 Firefox/31.0"
205.185.126.220 - - [26/Nov/2024:08:42:02 -0800] "POST /wp-login.php HTTP/1.0" 200 6290 "-" "Mozilla/5.0 (X11; Linux x86_64; rv:31.0) Gecko/20100101 Firefox/31.0"
111.119.239.59 - - [26/Nov/2024:08:49:48 -0800] "GET /product/cartoon-usb-stick-pen-drive-usb-flash-drive-64gb-32gb-16gb-8gb-4gb-pendrive-128gb-cute-animal-duck-memory-stick-flash-u-disk/ HTTP/1.0" 200 3177 "-" "Mozilla/5.0 (Windows NT 10.0; Win64; x64) AppleWebKit/537.36 (KHTML, like Gecko) Chrome/101.0.4951.67 Safari/537.36"
207.46.13.157 - - [26/Nov/2024:08:50:36 -0800] "GET /color/train/ HTTP/1.0" 200 3177 "-" "Mozilla/5.0 AppleWebKit/537.36 (KHTML, like Gecko; compatible; bingbot/2.0; +http://www.bing.com/bingbot.htm) Chrome/116.0.1938.76 Safari/537.36"
216.244.66.195 - - [26/Nov/2024:08:51:44 -0800] "GET /robots.txt HTTP/1.0" 200 30 "-" "Mozilla/5.0 (compatible; DotBot/1.2; +https://opensiteexplorer.org/dotbot; help@moz.com)"
209.182.200.39 - - [26/Nov/2024:08:55:43 -0800] "POST /wp-cron.php?doing_wp_cron=1732640143.3858571052551269531250 HTTP/1.0" 200 - "https://llizardheartsallinone.shop/wp-cron.php?doing_wp_cron=1732640143.3858571052551269531250" "WordPress/5.3.18; http://llizardheartsallinone.shop"
199.195.251.34 - - [26/Nov/2024:08:55:43 -0800] "GET /wp-login.php HTTP/1.0" 200 5262 "-" "Mozilla/5.0 (Macintosh; Intel Mac OS X 10.6; rv:31.0) Gecko/20100101 Firefox/31.0"
199.195.251.34 - - [26/Nov/2024:08:55:43 -0800] "POST /wp-login.php HTTP/1.0" 200 6290 "-" "Mozilla/5.0 (Macintosh; Intel Mac OS X 10.6; rv:31.0) Gecko/20100101 Firefox/31.0"
157.55.39.61 - - [26/Nov/2024:08:58:58 -0800] "GET /color/new-2/ HTTP/1.0" 200 3177 "-" "Mozilla/5.0 AppleWebKit/537.36 (KHTML, like Gecko; compatible; bingbot/2.0; +http://www.bing.com/bingbot.htm) Chrome/116.0.1938.76 Safari/537.36"
216.244.66.195 - - [26/Nov/2024:09:14:07 -0800] "GET /cgi-sys/suspendedpage.cgi?filter_size=2021-pro-16-a2485,2022-pro-13-a2338,model-a2289-a2251 HTTP/1.0" 200 7646 "-" "Mozilla/5.0 (compatible; DotBot/1.2; +https://opensiteexplorer.org/dotbot; help@moz.com)"
207.46.13.153 - - [26/Nov/2024:09:15:19 -0800] "GET /color/white-mcqueen/ HTTP/1.0" 200 3177 "-" "Mozilla/5.0 AppleWebKit/537.36 (KHTML, like Gecko; compatible; bingbot/2.0; +http://www.bing.com/bingbot.htm) Chrome/116.0.1938.76 Safari/537.36"
216.244.66.195 - - [26/Nov/2024:09:15:43 -0800] "GET /cgi-sys/suspendedpage.cgi?filter_size=air-13-chip-m1-a2337,pro-13-a1706-a1708,retina12-a1534-a1931 HTTP/1.0" 200 7646 "-" "Mozilla/5.0 (compatible; DotBot/1.2; +https://opensiteexplorer.org/dotbot; help@moz.com)"
216.244.66.195 - - [26/Nov/2024:09:17:26 -0800] "GET /product-category/apppliances/?filter_size=oldair13-a1369-a1466,pro13-a1708 HTTP/1.0" 200 3177 "-" "Mozilla/5.0 (compatible; DotBot/1.2; +https://opensiteexplorer.org/dotbot; help@moz.com)"
216.244.66.195 - - [26/Nov/2024:09:17:40 -0800] "GET /cgi-sys/suspendedpage.cgi?filter_size=13-3-pro-a1706-a1708,15pro-a1707-a1990,retina12-a1534-a1931 HTTP/1.0" 200 7646 "-" "Mozilla/5.0 (compatible; DotBot/1.2; +https://opensiteexplorer.org/dotbot; help@moz.com)"
216.244.66.195 - - [26/Nov/2024:09:17:42 -0800] "GET /shop/?filter_size=m1-m2-pro-13-a2338,model-a1707-a1990 HTTP/1.0" 200 3177 "-" "Mozilla/5.0 (compatible; DotBot/1.2; +https://opensiteexplorer.org/dotbot; help@moz.com)"
216.244.66.195 - - [26/Nov/2024:09:17:43 -0800] "GET /wp-content/uploads/2024/03/51r-OLYz6WL._AC_.jpg HTTP/1.0" 200 37419 "-" "Mozilla/5.0 (compatible; DotBot/1.2; +https://opensiteexplorer.org/dotbot; help@moz.com)"
207.46.13.102 - - [26/Nov/2024:09:27:29 -0800] "GET /color/d7101/ HTTP/1.0" 200 3177 "-" "Mozilla/5.0 AppleWebKit/537.36 (KHTML, like Gecko; compatible; bingbot/2.0; +http://www.bing.com/bingbot.htm) Chrome/116.0.1938.76 Safari/537.36"
207.46.13.102 - - [26/Nov/2024:09:28:39 -0800] "GET /color/dualcamera-4k-white/ HTTP/1.0" 200 3177 "-" "Mozilla/5.0 AppleWebKit/537.36 (KHTML, like Gecko; compatible; bingbot/2.0; +http://www.bing.com/bingbot.htm) Chrome/116.0.1938.76 Safari/537.36"
205.210.31.131 - - [26/Nov/2024:09:39:07 -0800] "GET / HTTP/1.0" 406 300 "-" "Expanse, a Palo Alto Networks company, searches across the global IPv4 space multiple times per day to identify customers' presences on the Internet. If you would like to be excluded from our scans, please send IP addresses/domains to: scaninfo@paloaltonetworks.com"
216.244.66.195 - - [26/Nov/2024:09:41:12 -0800] "GET /robots.txt HTTP/1.0" 200 30 "-" "Mozilla/5.0 (compatible; DotBot/1.2; +https://opensiteexplorer.org/dotbot; help@moz.com)"
209.182.200.39 - - [26/Nov/2024:09:41:24 -0800] "POST /wp-cron.php?doing_wp_cron=1732642884.4031190872192382812500 HTTP/1.0" 200 - "https://llizardheartsallinone.shop/wp-cron.php?doing_wp_cron=1732642884.4031190872192382812500" "WordPress/5.3.18; http://llizardheartsallinone.shop"
199.195.252.235 - - [26/Nov/2024:09:41:24 -0800] "GET /wp-login.php HTTP/1.0" 200 5262 "-" "Mozilla/5.0 (Windows NT 6.3; WOW64; rv:31.0) Gecko/20100101 Firefox/31.0"
199.195.252.235 - - [26/Nov/2024:09:41:24 -0800] "POST /wp-login.php HTTP/1.0" 200 6290 "-" "Mozilla/5.0 (Windows NT 6.3; WOW64; rv:31.0) Gecko/20100101 Firefox/31.0"
199.195.251.34 - - [26/Nov/2024:09:45:16 -0800] "GET /wp-login.php HTTP/1.0" 200 5262 "-" "Mozilla/5.0 (Macintosh; Intel Mac OS X 10.9; rv:30.0) Gecko/20100101 Firefox/30.0"
199.195.251.34 - - [26/Nov/2024:09:45:16 -0800] "POST /wp-login.php HTTP/1.0" 200 6290 "-" "Mozilla/5.0 (Macintosh; Intel Mac OS X 10.9; rv:30.0) Gecko/20100101 Firefox/30.0"
67.211.221.178 - - [26/Nov/2024:10:00:56 -0800] "GET /.well-known/acme-challenge/E438N6HH3YJ7NFTDWHEORWLL2YYC14S6 HTTP/1.0" 404 236 "-" "Cpanel-HTTP-Client/1.0"
67.211.221.178 - - [26/Nov/2024:10:01:01 -0800] "GET /.well-known/acme-challenge/94LC7WL4QYGGJ13COBCBG3G83IOI9MXL HTTP/1.0" 404 236 "-" "Cpanel-HTTP-Client/1.0"
67.211.221.178 - - [26/Nov/2024:10:01:03 -0800] "GET /.well-known/acme-challenge/E38OSN8NZ718S1BX4LUU4CJ5DBW4SG72 HTTP/1.0" 404 236 "-" "Cpanel-HTTP-Client/1.0"
216.244.66.195 - - [26/Nov/2024:10:07:04 -0800] "GET /cgi-sys/suspendedpage.cgi?filter_size=pro-dvd-rom-13-a1278,pro15-a1707-a1990 HTTP/1.0" 200 7646 "-" "Mozilla/5.0 (compatible; DotBot/1.2; +https://opensiteexplorer.org/dotbot; help@moz.com)"
216.244.66.195 - - [26/Nov/2024:10:07:21 -0800] "GET /shop/?filter_size=model-a1425-a1502,model-a1708 HTTP/1.0" 200 3177 "-" "Mozilla/5.0 (compatible; DotBot/1.2; +https://opensiteexplorer.org/dotbot; help@moz.com)"
216.244.66.195 - - [26/Nov/2024:10:07:37 -0800] "GET /cgi-sys/suspendedpage.cgi?filter_size=2020-air13-a2179,pro-16-2-a2485,pro13-a1502-a1425 HTTP/1.0" 200 7646 "-" "Mozilla/5.0 (compatible; DotBot/1.2; +https://opensiteexplorer.org/dotbot; help@moz.com)"
216.244.66.195 - - [26/Nov/2024:10:07:53 -0800] "GET /cgi-sys/suspendedpage.cgi?filter_size=2020-air-13-a2179,m1-chip-air-13-a2337,pro-13-a1989-a2159 HTTP/1.0" 200 7646 "-" "Mozilla/5.0 (compatible; DotBot/1.2; +https://opensiteexplorer.org/dotbot; help@moz.com)"
205.210.31.105 - - [26/Nov/2024:10:20:26 -0800] "GET / HTTP/1.0" 406 300 "-" "Expanse, a Palo Alto Networks company, searches across the global IPv4 space multiple times per day to identify customers' presences on the Internet. If you would like to be excluded from our scans, please send IP addresses/domains to: scaninfo@paloaltonetworks.com"
209.182.200.39 - - [26/Nov/2024:10:20:47 -0800] "POST /wp-cron.php?doing_wp_cron=1732645246.6984169483184814453125 HTTP/1.0" 200 - "https://llizardheartsallinone.shop/wp-cron.php?doing_wp_cron=1732645246.6984169483184814453125" "WordPress/5.3.18; http://llizardheartsallinone.shop"
45.61.185.218 - - [26/Nov/2024:10:20:46 -0800] "GET /wp-login.php HTTP/1.0" 200 5262 "-" "Mozilla/5.0 (Macintosh; Intel Mac OS X 10_9_3) AppleWebKit/537.36 (KHTML, like Gecko) Chrome/36.0.1985.125 Safari/537.36"
45.61.185.218 - - [26/Nov/2024:10:20:47 -0800] "POST /wp-login.php HTTP/1.0" 200 6290 "-" "Mozilla/5.0 (Macintosh; Intel Mac OS X 10_9_3) AppleWebKit/537.36 (KHTML, like Gecko) Chrome/36.0.1985.125 Safari/537.36"
216.244.66.195 - - [26/Nov/2024:10:29:00 -0800] "GET /robots.txt HTTP/1.0" 200 30 "-" "Mozilla/5.0 (compatible; DotBot/1.2; +https://opensiteexplorer.org/dotbot; help@moz.com)"
40.77.167.14 - - [26/Nov/2024:10:29:43 -0800] "GET /product/kodak-mini-shot-3-retro-4pass-2-in-1-instant-digital-camera-and-photo-printer-3x3-inches-60-sheets-cartridge-bundle-white/feed/ HTTP/1.0" 200 3177 "-" "Mozilla/5.0 AppleWebKit/537.36 (KHTML, like Gecko; compatible; bingbot/2.0; +http://www.bing.com/bingbot.htm) Chrome/116.0.1938.76 Safari/537.36"
185.196.220.26 - - [26/Nov/2024:10:41:11 -0800] "GET / HTTP/1.0" 200 3177 "-" "Mozilla/5.0 (compatible; Googlebot/2.1; +http://www.google.com/bot.html)"
216.244.66.195 - - [26/Nov/2024:10:47:23 -0800] "GET /product/9lives-wet-kitten-food-meaty-pate-with-real-ocean-whitefish-tuna-5-5-ounce-can-pack-of-4/feed/ HTTP/1.0" 200 3177 "-" "Mozilla/5.0 (compatible; DotBot/1.2; +https://opensiteexplorer.org/dotbot; help@moz.com)"
216.244.66.195 - - [26/Nov/2024:10:51:19 -0800] "GET /cgi-sys/suspendedpage.cgi?filter_size=m1-chip-air-13-a2337,m1-chip-pro-13-a2338,old-air13-a1369a1466 HTTP/1.0" 200 7646 "-" "Mozilla/5.0 (compatible; DotBot/1.2; +https://opensiteexplorer.org/dotbot; help@moz.com)"
216.244.66.195 - - [26/Nov/2024:10:53:08 -0800] "GET /product/disney-frozen-2-bracelet-necklace-earring-bracelet-three-piece-cute-anna-elsa-princess-doll-toys-fashion-accessories-gifts/feed/ HTTP/1.0" 200 3177 "-" "Mozilla/5.0 (compatible; DotBot/1.2; +https://opensiteexplorer.org/dotbot; help@moz.com)"
216.244.66.195 - - [26/Nov/2024:10:53:13 -0800] "GET /shop/?filter_size=a2159-a1706-a1989,m1-m2-pro-13-a2338,model-a2289-a2251 HTTP/1.0" 200 3177 "-" "Mozilla/5.0 (compatible; DotBot/1.2; +https://opensiteexplorer.org/dotbot; help@moz.com)"
216.244.66.195 - - [26/Nov/2024:10:53:27 -0800] "GET /cgi-sys/suspendedpage.cgi?filter_size=2021-pro-14-a2442,a2337-a2179-a1932,model-a1278-13cd HTTP/1.0" 200 7646 "-" "Mozilla/5.0 (compatible; DotBot/1.2; +https://opensiteexplorer.org/dotbot; help@moz.com)"
216.244.66.195 - - [26/Nov/2024:10:53:45 -0800] "GET /wp-content/uploads/2024/03/51W2L3o5-SL._AC_.jpg HTTP/1.0" 200 33741 "-" "Mozilla/5.0 (compatible; DotBot/1.2; +https://opensiteexplorer.org/dotbot; help@moz.com)"
216.244.66.195 - - [26/Nov/2024:10:54:53 -0800] "GET /shop/?filter_size=matebook-14-2021,matebook-xpro-2022 HTTP/1.0" 200 3177 "-" "Mozilla/5.0 (compatible; DotBot/1.2; +https://opensiteexplorer.org/dotbot; help@moz.com)"
216.244.66.195 - - [26/Nov/2024:10:56:00 -0800] "GET /cgi-sys/suspendedpage.cgi?filter_size=new-pro16-inch-a2141,pro-14-2-a2442 HTTP/1.0" 200 7646 "-" "Mozilla/5.0 (compatible; DotBot/1.2; +https://opensiteexplorer.org/dotbot; help@moz.com)"
216.244.66.195 - - [26/Nov/2024:10:56:03 -0800] "GET /shop/?filter_size=12-inch-a1534-a1931,a1278-with-cd-rom,model-a1708 HTTP/1.0" 200 3177 "-" "Mozilla/5.0 (compatible; DotBot/1.2; +https://opensiteexplorer.org/dotbot; help@moz.com)"
207.46.13.51 - - [26/Nov/2024:11:04:39 -0800] "GET /color/animal/ HTTP/1.0" 200 3177 "-" "Mozilla/5.0 AppleWebKit/537.36 (KHTML, like Gecko; compatible; bingbot/2.0; +http://www.bing.com/bingbot.htm) Chrome/116.0.1938.76 Safari/537.36"
216.244.66.195 - - [26/Nov/2024:11:17:22 -0800] "GET /robots.txt HTTP/1.0" 200 30 "-" "Mozilla/5.0 (compatible; DotBot/1.2; +https://opensiteexplorer.org/dotbot; help@moz.com)"
52.167.144.140 - - [26/Nov/2024:11:25:59 -0800] "GET /product/%E3%80%90best-80lbs-strongest-suction%E3%80%91-car-phone-holder-mount-2024-ultimate%E3%80%90military-grade-patent-safety-certs%E3%80%91-dashboard-windshield-vent-truck-cradle-stand-for-iphone-15-pr/feed/ HTTP/1.0" 200 3177 "-" "Mozilla/5.0 AppleWebKit/537.36 (KHTML, like Gecko; compatible; bingbot/2.0; +http://www.bing.com/bingbot.htm) Chrome/116.0.1938.76 Safari/537.36"
209.182.200.39 - - [26/Nov/2024:11:33:19 -0800] "POST /wp-cron.php?doing_wp_cron=1732649599.5853350162506103515625 HTTP/1.0" 200 - "http://llizardheartsallinone.shop/wp-cron.php?doing_wp_cron=1732649599.5853350162506103515625" "WordPress/5.3.18; http://llizardheartsallinone.shop"
185.125.103.165 - - [26/Nov/2024:11:33:19 -0800] "GET /wp-login.php HTTP/1.0" 200 5245 "-" "Mozilla/5.0 (Windows NT 5.1; WOW64) AppleWebKit/537.36 (KHTML, like Gecko) Chrome/52.0.2774.86 Safari/537.36"
185.125.103.165 - - [26/Nov/2024:11:34:02 -0800] "POST /wp-login.php HTTP/1.0" 302 - "http://llizardheartsallinone.shop/wp-login.php" "Mozilla/5.0 (Windows NT 5.1; WOW64) AppleWebKit/537.36 (KHTML, like Gecko) Chrome/52.0.2774.86 Safari/537.36"
185.125.103.165 - - [26/Nov/2024:11:34:02 -0800] "GET /wp-admin/ HTTP/1.0" 200 139052 "http://llizardheartsallinone.shop/wp-login.php" "Mozilla/5.0 (Windows NT 5.1; WOW64) AppleWebKit/537.36 (KHTML, like Gecko) Chrome/52.0.2774.86 Safari/537.36"
185.125.103.165 - - [26/Nov/2024:11:34:04 -0800] "GET /wp-admin/plugin-editor.php?file=wp-automatic%2Fp_ads.php&plugin=wp-automatic%2Fwp-automatic.php HTTP/1.0" 200 171200 "http://llizardheartsallinone.shop/wp-admin/" "Mozilla/5.0 (Windows NT 5.1; WOW64) AppleWebKit/537.36 (KHTML, like Gecko) Chrome/52.0.2774.86 Safari/537.36"
185.125.103.165 - - [26/Nov/2024:11:34:05 -0800] "POST /wp-admin/admin-ajax.php HTTP/1.0" 406 300 "http://llizardheartsallinone.shop/wp-admin/plugin-editor.php?file=wp-automatic%2Fp_ads.php&plugin=wp-automatic%2Fwp-automatic.php" "Mozilla/5.0 (Windows NT 5.1; WOW64) AppleWebKit/537.36 (KHTML, like Gecko) Chrome/52.0.2774.86 Safari/537.36"
185.125.103.165 - - [26/Nov/2024:11:34:06 -0800] "GET /wp-content/plugins/wp-automatic/p_ads.php HTTP/1.0" 500 - "http://llizardheartsallinone.shop/wp-admin/admin-ajax.php" "Mozilla/5.0 (Windows NT 5.1; WOW64) AppleWebKit/537.36 (KHTML, like Gecko) Chrome/52.0.2774.86 Safari/537.36"
185.125.103.165 - - [26/Nov/2024:11:34:06 -0800] "POST /wp-content/plugins/wp-automatic/p_ads.php HTTP/1.0" 406 300 "http://llizardheartsallinone.shop/wp-content/plugins/wp-automatic/p_ads.php" "Mozilla/5.0 (Windows NT 5.1; WOW64) AppleWebKit/537.36 (KHTML, like Gecko) Chrome/52.0.2774.86 Safari/537.36"
185.125.103.165 - - [26/Nov/2024:11:34:07 -0800] "GET /wp-content/plugins/wp-automatic/fd9da762a020.php HTTP/1.0" 200 3177 "http://llizardheartsallinone.shop/wp-content/plugins/wp-automatic/p_ads.php" "Mozilla/5.0 (Windows NT 5.1; WOW64) AppleWebKit/537.36 (KHTML, like Gecko) Chrome/52.0.2774.86 Safari/537.36"
185.125.103.165 - - [26/Nov/2024:11:34:07 -0800] "POST /wp-content/plugins/wp-automatic/p_ads.php HTTP/1.0" 500 - "http://llizardheartsallinone.shop/wp-content/plugins/wp-automatic/fd9da762a020.php" "Mozilla/5.0 (Windows NT 5.1; WOW64) AppleWebKit/537.36 (KHTML, like Gecko) Chrome/52.0.2774.86 Safari/537.36"
185.125.103.165 - - [26/Nov/2024:11:34:08 -0800] "GET /wp-content/plugins/wp-automatic/fd9da762a020.php HTTP/1.0" 200 3177 "http://llizardheartsallinone.shop/wp-content/plugins/wp-automatic/p_ads.php" "Mozilla/5.0 (Windows NT 5.1; WOW64) AppleWebKit/537.36 (KHTML, like Gecko) Chrome/52.0.2774.86 Safari/537.36"
216.244.66.195 - - [26/Nov/2024:11:35:52 -0800] "GET /cgi-sys/suspendedpage.cgi?filter_size=2021-pro-16-a2485,a1278-with-cd-rom,a2159-a1706-a1989,model-a1708 HTTP/1.0" 200 7646 "-" "Mozilla/5.0 (compatible; DotBot/1.2; +https://opensiteexplorer.org/dotbot; help@moz.com)"
216.244.66.195 - - [26/Nov/2024:11:35:53 -0800] "GET /wp-content/uploads/2024/03/31JBIx0saPL._AC_.jpg HTTP/1.0" 200 12051 "-" "Mozilla/5.0 (compatible; DotBot/1.2; +https://opensiteexplorer.org/dotbot; help@moz.com)"
216.244.66.195 - - [26/Nov/2024:11:39:58 -0800] "GET /product/12pcs-set-mini-cartoon-cupcake-princess-dolls-toys-creative-transformed-cute-cake-doll-beautiful-toy-for-girls-birthday-gifts/feed/ HTTP/1.0" 200 3177 "-" "Mozilla/5.0 (compatible; DotBot/1.2; +https://opensiteexplorer.org/dotbot; help@moz.com)"
216.244.66.195 - - [26/Nov/2024:11:40:16 -0800] "GET /cgi-sys/suspendedpage.cgi?filter_size=2020pro13-a2251a2289,a1706-a1989-a2159,pro-12-a1534-a1931 HTTP/1.0" 200 7646 "-" "Mozilla/5.0 (compatible; DotBot/1.2; +https://opensiteexplorer.org/dotbot; help@moz.com)"
216.244.66.195 - - [26/Nov/2024:11:40:17 -0800] "GET /cgi-sys/suspendedpage.cgi?filter_size=oldair13-a1369-a1466,pro-retina-15-a1398,pro13-a1502-a1425 HTTP/1.0" 200 7646 "-" "Mozilla/5.0 (compatible; DotBot/1.2; +https://opensiteexplorer.org/dotbot; help@moz.com)"
216.244.66.195 - - [26/Nov/2024:11:40:19 -0800] "GET /wp-content/uploads/2024/03/51jwTC-u79L._AC_.jpg HTTP/1.0" 200 39687 "-" "Mozilla/5.0 (compatible; DotBot/1.2; +https://opensiteexplorer.org/dotbot; help@moz.com)"
216.244.66.195 - - [26/Nov/2024:12:04:58 -0800] "GET /robots.txt HTTP/1.0" 200 30 "-" "Mozilla/5.0 (compatible; DotBot/1.2; +https://opensiteexplorer.org/dotbot; help@moz.com)"
209.182.200.39 - - [26/Nov/2024:12:18:46 -0800] "POST /wp-cron.php?doing_wp_cron=1732652326.4098539352416992187500 HTTP/1.0" 200 - "https://llizardheartsallinone.shop/wp-cron.php?doing_wp_cron=1732652326.4098539352416992187500" "WordPress/5.3.18; http://llizardheartsallinone.shop"
107.189.29.207 - - [26/Nov/2024:12:18:46 -0800] "GET /wp-login.php HTTP/1.0" 200 5262 "-" "Mozilla/5.0 (Windows NT 5.1) AppleWebKit/537.36 (KHTML, like Gecko) Chrome/36.0.1985.125 Safari/537.36"
107.189.29.207 - - [26/Nov/2024:12:18:46 -0800] "POST /wp-login.php HTTP/1.0" 200 6290 "-" "Mozilla/5.0 (Windows NT 5.1) AppleWebKit/537.36 (KHTML, like Gecko) Chrome/36.0.1985.125 Safari/537.36"
216.244.66.195 - - [26/Nov/2024:12:21:55 -0800] "GET /cgi-sys/suspendedpage.cgi?filter_size=new-pro16-inch-a2141,pro-12-a1534-a1931,pro15-a1707-a1990 HTTP/1.0" 200 7646 "-" "Mozilla/5.0 (compatible; DotBot/1.2; +https://opensiteexplorer.org/dotbot; help@moz.com)"
216.244.66.195 - - [26/Nov/2024:12:22:25 -0800] "GET /wp-content/uploads/2024/03/41RZoO-sRiL._AC_.jpg HTTP/1.0" 200 23988 "-" "Mozilla/5.0 (compatible; DotBot/1.2; +https://opensiteexplorer.org/dotbot; help@moz.com)"
216.244.66.195 - - [26/Nov/2024:12:24:24 -0800] "GET /cgi-sys/suspendedpage.cgi?filter_size=2019-air-13-a1932,model-a1466-a1369,model-a1708 HTTP/1.0" 200 7646 "-" "Mozilla/5.0 (compatible; DotBot/1.2; +https://opensiteexplorer.org/dotbot; help@moz.com)"
216.244.66.195 - - [26/Nov/2024:12:26:31 -0800] "GET /product/usb3-0-flash-drive-high-speed-pd090-16gb-32gb-64gb-128gb-256gb-metal-write-speed-from-10mb-60mb/feed/ HTTP/1.0" 200 3177 "-" "Mozilla/5.0 (compatible; DotBot/1.2; +https://opensiteexplorer.org/dotbot; help@moz.com)"
216.244.66.195 - - [26/Nov/2024:12:26:52 -0800] "GET /cgi-sys/suspendedpage.cgi?filter_size=matebook-13-2020,matebook-14-2021,matebook-d14 HTTP/1.0" 200 7646 "-" "Mozilla/5.0 (compatible; DotBot/1.2; +https://opensiteexplorer.org/dotbot; help@moz.com)"
216.244.66.195 - - [26/Nov/2024:12:26:55 -0800] "GET /product/1set-magnetic-toy-refrigerator-wooden-early-education-refrigerator-stickers-english-alphabet-digital-refrigerator-sticker-lxx/feed/ HTTP/1.0" 200 3177 "-" "Mozilla/5.0 (compatible; DotBot/1.2; +https://opensiteexplorer.org/dotbot; help@moz.com)"
216.244.66.195 - - [26/Nov/2024:12:26:56 -0800] "GET /product/jaster-2in1-high-speed-usb-flash-drive-otg-2-0-pendrive-128gb-64gb-usb-stick-32gb-256gb-pendrive-flash-disk-for-android-micro-pc/feed/ HTTP/1.0" 200 3177 "-" "Mozilla/5.0 (compatible; DotBot/1.2; +https://opensiteexplorer.org/dotbot; help@moz.com)"
216.244.66.195 - - [26/Nov/2024:12:27:11 -0800] "GET /cgi-sys/suspendedpage.cgi?filter_size=13-3-pro-a2251-a2289,13-3-pro-m1-a2338,2021-pro-14-a2442 HTTP/1.0" 200 7646 "-" "Mozilla/5.0 (compatible; DotBot/1.2; +https://opensiteexplorer.org/dotbot; help@moz.com)"
216.244.66.195 - - [26/Nov/2024:12:27:13 -0800] "GET /wp-content/uploads/2024/03/41B9j+OZt4L._AC_.jpg HTTP/1.0" 200 21185 "-" "Mozilla/5.0 (compatible; DotBot/1.2; +https://opensiteexplorer.org/dotbot; help@moz.com)"
216.244.66.195 - - [26/Nov/2024:12:27:14 -0800] "GET /wp-content/uploads/2024/03/41IjPKYFt-L._AC_.jpg HTTP/1.0" 200 16702 "-" "Mozilla/5.0 (compatible; DotBot/1.2; +https://opensiteexplorer.org/dotbot; help@moz.com)"
216.244.66.195 - - [26/Nov/2024:12:32:31 -0800] "GET /shop/?filter_size=16-inch-2,macbook-12-inch,macbook-13-inch,macbook-16-inch HTTP/1.0" 200 3177 "-" "Mozilla/5.0 (compatible; DotBot/1.2; +https://opensiteexplorer.org/dotbot; help@moz.com)"
40.77.167.32 - - [26/Nov/2024:12:35:29 -0800] "GET /color/mood-uncle/ HTTP/1.0" 200 3177 "-" "Mozilla/5.0 AppleWebKit/537.36 (KHTML, like Gecko; compatible; bingbot/2.0; +http://www.bing.com/bingbot.htm) Chrome/116.0.1938.76 Safari/537.36"
205.185.126.220 - - [26/Nov/2024:12:39:23 -0800] "GET /wp-login.php HTTP/1.0" 200 5262 "-" "Mozilla/5.0 (Macintosh; Intel Mac OS X 10_7_5) AppleWebKit/537.36 (KHTML, like Gecko) Chrome/36.0.1985.125 Safari/537.36"
205.185.126.220 - - [26/Nov/2024:12:39:23 -0800] "POST /wp-login.php HTTP/1.0" 200 6290 "-" "Mozilla/5.0 (Macintosh; Intel Mac OS X 10_7_5) AppleWebKit/537.36 (KHTML, like Gecko) Chrome/36.0.1985.125 Safari/537.36"
52.167.144.198 - - [26/Nov/2024:12:43:37 -0800] "GET /color/606/ HTTP/1.0" 200 3177 "-" "Mozilla/5.0 AppleWebKit/537.36 (KHTML, like Gecko; compatible; bingbot/2.0; +http://www.bing.com/bingbot.htm) Chrome/116.0.1938.76 Safari/537.36"
47.236.134.154 - - [26/Nov/2024:12:46:34 -0800] "GET / HTTP/1.0" 200 3177 "-" "Mozilla/5.0 (Windows NT 10.0; Win64; x64) AppleWebKit/537.36 (KHTML, like Gecko) Chrome/95.0.4638.69 Safari/537.36"
47.236.134.154 - - [26/Nov/2024:12:46:34 -0800] "GET / HTTP/1.0" 200 3177 "-" "Mozilla/5.0 (Windows NT 10.0; Win64; x64) AppleWebKit/537.36 (KHTML, like Gecko) Chrome/95.0.4638.69 Safari/537.36"
47.236.134.154 - - [26/Nov/2024:12:46:34 -0800] "GET /wp-includes/ID3/license.txt HTTP/1.0" 200 1361 "-" "Mozilla/5.0 (Windows NT 10.0; Win64; x64) AppleWebKit/537.36 (KHTML, like Gecko) Chrome/95.0.4638.69 Safari/537.36"
47.236.134.154 - - [26/Nov/2024:12:46:34 -0800] "GET /feed/ HTTP/1.0" 200 3177 "-" "Mozilla/5.0 (Windows NT 10.0; Win64; x64) AppleWebKit/537.36 (KHTML, like Gecko) Chrome/95.0.4638.69 Safari/537.36"
47.236.134.154 - - [26/Nov/2024:12:46:34 -0800] "GET /wp-includes/ID3/license.txt HTTP/1.0" 200 1361 "-" "Mozilla/5.0 (Windows NT 10.0; Win64; x64) AppleWebKit/537.36 (KHTML, like Gecko) Chrome/95.0.4638.69 Safari/537.36"
47.236.134.154 - - [26/Nov/2024:12:46:35 -0800] "GET /feed/ HTTP/1.0" 200 3177 "-" "Mozilla/5.0 (Windows NT 10.0; Win64; x64) AppleWebKit/537.36 (KHTML, like Gecko) Chrome/95.0.4638.69 Safari/537.36"
47.236.134.154 - - [26/Nov/2024:12:46:35 -0800] "GET /xmlrpc.php?rsd HTTP/1.0" 200 3177 "-" "Mozilla/5.0 (Windows NT 10.0; Win64; x64) AppleWebKit/537.36 (KHTML, like Gecko) Chrome/95.0.4638.69 Safari/537.36"
47.236.134.154 - - [26/Nov/2024:12:46:35 -0800] "GET /xmlrpc.php?rsd HTTP/1.0" 200 3177 "-" "Mozilla/5.0 (Windows NT 10.0; Win64; x64) AppleWebKit/537.36 (KHTML, like Gecko) Chrome/95.0.4638.69 Safari/537.36"
47.236.134.154 - - [26/Nov/2024:12:46:35 -0800] "GET /blog/wp-includes/wlwmanifest.xml HTTP/1.0" 200 3177 "-" "Mozilla/5.0 (Windows NT 10.0; Win64; x64) AppleWebKit/537.36 (KHTML, like Gecko) Chrome/95.0.4638.69 Safari/537.36"
47.236.134.154 - - [26/Nov/2024:12:46:35 -0800] "GET /blog/wp-includes/wlwmanifest.xml HTTP/1.0" 200 3177 "-" "Mozilla/5.0 (Windows NT 10.0; Win64; x64) AppleWebKit/537.36 (KHTML, like Gecko) Chrome/95.0.4638.69 Safari/537.36"
47.236.134.154 - - [26/Nov/2024:12:46:35 -0800] "GET /web/wp-includes/wlwmanifest.xml HTTP/1.0" 200 3177 "-" "Mozilla/5.0 (Windows NT 10.0; Win64; x64) AppleWebKit/537.36 (KHTML, like Gecko) Chrome/95.0.4638.69 Safari/537.36"
47.236.134.154 - - [26/Nov/2024:12:46:36 -0800] "GET /web/wp-includes/wlwmanifest.xml HTTP/1.0" 200 3177 "-" "Mozilla/5.0 (Windows NT 10.0; Win64; x64) AppleWebKit/537.36 (KHTML, like Gecko) Chrome/95.0.4638.69 Safari/537.36"
47.236.134.154 - - [26/Nov/2024:12:46:36 -0800] "GET /wordpress/wp-includes/wlwmanifest.xml HTTP/1.0" 200 3177 "-" "Mozilla/5.0 (Windows NT 10.0; Win64; x64) AppleWebKit/537.36 (KHTML, like Gecko) Chrome/95.0.4638.69 Safari/537.36"
47.236.134.154 - - [26/Nov/2024:12:46:36 -0800] "GET /wordpress/wp-includes/wlwmanifest.xml HTTP/1.0" 200 3177 "-" "Mozilla/5.0 (Windows NT 10.0; Win64; x64) AppleWebKit/537.36 (KHTML, like Gecko) Chrome/95.0.4638.69 Safari/537.36"
47.236.134.154 - - [26/Nov/2024:12:46:36 -0800] "GET /wp/wp-includes/wlwmanifest.xml HTTP/1.0" 200 3177 "-" "Mozilla/5.0 (Windows NT 10.0; Win64; x64) AppleWebKit/537.36 (KHTML, like Gecko) Chrome/95.0.4638.69 Safari/537.36"
47.236.134.154 - - [26/Nov/2024:12:46:36 -0800] "GET /wp/wp-includes/wlwmanifest.xml HTTP/1.0" 200 3177 "-" "Mozilla/5.0 (Windows NT 10.0; Win64; x64) AppleWebKit/537.36 (KHTML, like Gecko) Chrome/95.0.4638.69 Safari/537.36"
47.236.134.154 - - [26/Nov/2024:12:46:37 -0800] "GET /2020/wp-includes/wlwmanifest.xml HTTP/1.0" 200 3177 "-" "Mozilla/5.0 (Windows NT 10.0; Win64; x64) AppleWebKit/537.36 (KHTML, like Gecko) Chrome/95.0.4638.69 Safari/537.36"
47.236.134.154 - - [26/Nov/2024:12:46:37 -0800] "GET /2020/wp-includes/wlwmanifest.xml HTTP/1.0" 200 3177 "-" "Mozilla/5.0 (Windows NT 10.0; Win64; x64) AppleWebKit/537.36 (KHTML, like Gecko) Chrome/95.0.4638.69 Safari/537.36"
47.236.134.154 - - [26/Nov/2024:12:46:37 -0800] "GET /2019/wp-includes/wlwmanifest.xml HTTP/1.0" 200 3177 "-" "Mozilla/5.0 (Windows NT 10.0; Win64; x64) AppleWebKit/537.36 (KHTML, like Gecko) Chrome/95.0.4638.69 Safari/537.36"
47.236.134.154 - - [26/Nov/2024:12:46:37 -0800] "GET /2019/wp-includes/wlwmanifest.xml HTTP/1.0" 200 3177 "-" "Mozilla/5.0 (Windows NT 10.0; Win64; x64) AppleWebKit/537.36 (KHTML, like Gecko) Chrome/95.0.4638.69 Safari/537.36"
47.236.134.154 - - [26/Nov/2024:12:46:37 -0800] "GET /2021/wp-includes/wlwmanifest.xml HTTP/1.0" 200 3177 "-" "Mozilla/5.0 (Windows NT 10.0; Win64; x64) AppleWebKit/537.36 (KHTML, like Gecko) Chrome/95.0.4638.69 Safari/537.36"
47.236.134.154 - - [26/Nov/2024:12:46:38 -0800] "GET /2021/wp-includes/wlwmanifest.xml HTTP/1.0" 200 3177 "-" "Mozilla/5.0 (Windows NT 10.0; Win64; x64) AppleWebKit/537.36 (KHTML, like Gecko) Chrome/95.0.4638.69 Safari/537.36"
47.236.134.154 - - [26/Nov/2024:12:46:38 -0800] "GET /shop/wp-includes/wlwmanifest.xml HTTP/1.0" 200 3177 "-" "Mozilla/5.0 (Windows NT 10.0; Win64; x64) AppleWebKit/537.36 (KHTML, like Gecko) Chrome/95.0.4638.69 Safari/537.36"
47.236.134.154 - - [26/Nov/2024:12:46:38 -0800] "GET /shop/wp-includes/wlwmanifest.xml HTTP/1.0" 200 3177 "-" "Mozilla/5.0 (Windows NT 10.0; Win64; x64) AppleWebKit/537.36 (KHTML, like Gecko) Chrome/95.0.4638.69 Safari/537.36"
47.236.134.154 - - [26/Nov/2024:12:46:38 -0800] "GET /wp1/wp-includes/wlwmanifest.xml HTTP/1.0" 200 3177 "-" "Mozilla/5.0 (Windows NT 10.0; Win64; x64) AppleWebKit/537.36 (KHTML, like Gecko) Chrome/95.0.4638.69 Safari/537.36"
47.236.134.154 - - [26/Nov/2024:12:46:38 -0800] "GET /wp1/wp-includes/wlwmanifest.xml HTTP/1.0" 200 3177 "-" "Mozilla/5.0 (Windows NT 10.0; Win64; x64) AppleWebKit/537.36 (KHTML, like Gecko) Chrome/95.0.4638.69 Safari/537.36"
47.236.134.154 - - [26/Nov/2024:12:46:39 -0800] "GET /test/wp-includes/wlwmanifest.xml HTTP/1.0" 200 3177 "-" "Mozilla/5.0 (Windows NT 10.0; Win64; x64) AppleWebKit/537.36 (KHTML, like Gecko) Chrome/95.0.4638.69 Safari/537.36"
47.236.134.154 - - [26/Nov/2024:12:46:39 -0800] "GET /test/wp-includes/wlwmanifest.xml HTTP/1.0" 200 3177 "-" "Mozilla/5.0 (Windows NT 10.0; Win64; x64) AppleWebKit/537.36 (KHTML, like Gecko) Chrome/95.0.4638.69 Safari/537.36"
47.236.134.154 - - [26/Nov/2024:12:46:39 -0800] "GET /site/wp-includes/wlwmanifest.xml HTTP/1.0" 200 3177 "-" "Mozilla/5.0 (Windows NT 10.0; Win64; x64) AppleWebKit/537.36 (KHTML, like Gecko) Chrome/95.0.4638.69 Safari/537.36"
47.236.134.154 - - [26/Nov/2024:12:46:39 -0800] "GET /site/wp-includes/wlwmanifest.xml HTTP/1.0" 200 3177 "-" "Mozilla/5.0 (Windows NT 10.0; Win64; x64) AppleWebKit/537.36 (KHTML, like Gecko) Chrome/95.0.4638.69 Safari/537.36"
47.236.134.154 - - [26/Nov/2024:12:46:39 -0800] "GET /cms/wp-includes/wlwmanifest.xml HTTP/1.0" 200 3177 "-" "Mozilla/5.0 (Windows NT 10.0; Win64; x64) AppleWebKit/537.36 (KHTML, like Gecko) Chrome/95.0.4638.69 Safari/537.36"
47.236.134.154 - - [26/Nov/2024:12:46:39 -0800] "GET /cms/wp-includes/wlwmanifest.xml HTTP/1.0" 200 3177 "-" "Mozilla/5.0 (Windows NT 10.0; Win64; x64) AppleWebKit/537.36 (KHTML, like Gecko) Chrome/95.0.4638.69 Safari/537.36"
216.244.66.195 - - [26/Nov/2024:12:53:07 -0800] "GET /robots.txt HTTP/1.0" 200 30 "-" "Mozilla/5.0 (compatible; DotBot/1.2; +https://opensiteexplorer.org/dotbot; help@moz.com)"
67.211.221.178 - - [26/Nov/2024:13:01:56 -0800] "GET /.well-known/acme-challenge/BWBWBOBS20D9BHSMETJSXCNIWMVA3S-6 HTTP/1.0" 404 236 "-" "Cpanel-HTTP-Client/1.0"
67.211.221.178 - - [26/Nov/2024:13:02:01 -0800] "GET /.well-known/acme-challenge/RWC46QHWVQXRH2FYMZRIK4YLA1WMOJW3 HTTP/1.0" 404 236 "-" "Cpanel-HTTP-Client/1.0"
67.211.221.178 - - [26/Nov/2024:13:02:03 -0800] "GET /.well-known/acme-challenge/MN29JPLRZV-F_78I3NL5RBOUF7596P6Q HTTP/1.0" 404 236 "-" "Cpanel-HTTP-Client/1.0"
17.241.227.41 - - [26/Nov/2024:13:02:55 -0800] "GET /robots.txt HTTP/1.0" 200 30 "-" "Mozilla/5.0 (Macintosh; Intel Mac OS X 10_15_7) AppleWebKit/605.1.15 (KHTML, like Gecko) Version/17.4 Safari/605.1.15 (Applebot/0.1; +http://www.apple.com/go/applebot)"
17.241.227.41 - - [26/Nov/2024:13:02:55 -0800] "GET /product-category/beauty/ HTTP/1.0" 200 3177 "-" "Mozilla/5.0 (Macintosh; Intel Mac OS X 10_15_7) AppleWebKit/605.1.15 (KHTML, like Gecko) Version/17.4 Safari/605.1.15 (Applebot/0.1; +http://www.apple.com/go/applebot)"
216.244.66.195 - - [26/Nov/2024:13:11:20 -0800] "GET /wp-content/uploads/2023/12/51+l0xPiInL.jpg HTTP/1.0" 200 43766 "-" "Mozilla/5.0 (compatible; DotBot/1.2; +https://opensiteexplorer.org/dotbot; help@moz.com)"
216.244.66.195 - - [26/Nov/2024:13:12:55 -0800] "GET /cgi-sys/suspendedpage.cgi?filter_size=air13-3-a1466-a1369,m1-chip-pro-13-a2338,pro15-a1707-a1990 HTTP/1.0" 200 7646 "-" "Mozilla/5.0 (compatible; DotBot/1.2; +https://opensiteexplorer.org/dotbot; help@moz.com)"
216.244.66.195 - - [26/Nov/2024:13:14:13 -0800] "GET /cgi-sys/suspendedpage.cgi?filter_size=magicbook-x15-2021,matebook-14s,matebook-d14 HTTP/1.0" 200 7646 "-" "Mozilla/5.0 (compatible; DotBot/1.2; +https://opensiteexplorer.org/dotbot; help@moz.com)"
216.244.66.195 - - [26/Nov/2024:13:14:16 -0800] "GET /product/2g-gsm-unlock-bar-luxury-bt-dial-metal-body-fm-camera-signature-senior-mobile-phone-single-sim-good-signal-k8-russian-key/feed/ HTTP/1.0" 200 3177 "-" "Mozilla/5.0 (compatible; DotBot/1.2; +https://opensiteexplorer.org/dotbot; help@moz.com)"
216.244.66.195 - - [26/Nov/2024:13:14:44 -0800] "GET /cgi-sys/suspendedpage.cgi?filter_size=13-3-air-a1369-a1466,13-3-air-m1-a2337,13-3-pro-a2251-a2289 HTTP/1.0" 200 7646 "-" "Mozilla/5.0 (compatible; DotBot/1.2; +https://opensiteexplorer.org/dotbot; help@moz.com)"
216.244.66.195 - - [26/Nov/2024:13:15:03 -0800] "GET /cgi-sys/suspendedpage.cgi?filter_size=2020-air13-a2179,pro-14-2-a2442,pro13-a1708,pro15-a1707-a1990 HTTP/1.0" 200 7646 "-" "Mozilla/5.0 (compatible; DotBot/1.2; +https://opensiteexplorer.org/dotbot; help@moz.com)"
52.167.144.136 - - [26/Nov/2024:13:25:15 -0800] "GET /color/yuan-lv/ HTTP/1.0" 200 3177 "-" "Mozilla/5.0 AppleWebKit/537.36 (KHTML, like Gecko; compatible; bingbot/2.0; +http://www.bing.com/bingbot.htm) Chrome/116.0.1938.76 Safari/537.36"
209.182.200.39 - - [26/Nov/2024:13:35:47 -0800] "POST /wp-cron.php?doing_wp_cron=1732656947.6277909278869628906250 HTTP/1.0" 200 - "https://llizardheartsallinone.shop/wp-cron.php?doing_wp_cron=1732656947.6277909278869628906250" "WordPress/5.3.18; http://llizardheartsallinone.shop"
199.195.252.235 - - [26/Nov/2024:13:35:47 -0800] "GET /wp-login.php HTTP/1.0" 200 5262 "-" "Mozilla/5.0 (Macintosh; Intel Mac OS X 10_9_4) AppleWebKit/537.36 (KHTML, like Gecko) Chrome/35.0.1916.153 Safari/537.36"
199.195.252.235 - - [26/Nov/2024:13:35:47 -0800] "POST /wp-login.php HTTP/1.0" 200 6290 "-" "Mozilla/5.0 (Macintosh; Intel Mac OS X 10_9_4) AppleWebKit/537.36 (KHTML, like Gecko) Chrome/35.0.1916.153 Safari/537.36"
216.244.66.195 - - [26/Nov/2024:13:43:39 -0800] "GET /robots.txt HTTP/1.0" 200 30 "-" "Mozilla/5.0 (compatible; DotBot/1.2; +https://opensiteexplorer.org/dotbot; help@moz.com)"
216.244.66.195 - - [26/Nov/2024:14:06:49 -0800] "GET /product/120-240pcs-assembled-building-blocks-diy-smart-stick-blocks-imagination-creativity-educational-learning-toys-children-gift-gyh/feed/ HTTP/1.0" 200 3177 "-" "Mozilla/5.0 (compatible; DotBot/1.2; +https://opensiteexplorer.org/dotbot; help@moz.com)"
216.244.66.195 - - [26/Nov/2024:14:07:04 -0800] "GET /product/2020-laptop-protective-case-for-macbook-air-13-case-for-m1-chip-pro-13-a2338-cover-for-air-13-a2179-shell-for-macbook-pro14-case/feed/ HTTP/1.0" 200 3177 "-" "Mozilla/5.0 (compatible; DotBot/1.2; +https://opensiteexplorer.org/dotbot; help@moz.com)"
85.208.96.212 - - [26/Nov/2024:14:14:44 -0800] "GET /robots.txt HTTP/1.0" 200 30 "-" "Mozilla/5.0 (compatible; SemrushBot/7~bl; +http://www.semrush.com/bot.html)"
85.208.96.198 - - [26/Nov/2024:14:14:45 -0800] "GET /?action=yith-woocompare-add-product&id=9335 HTTP/1.0" 200 3177 "-" "Mozilla/5.0 (compatible; SemrushBot/7~bl; +http://www.semrush.com/bot.html)"
209.182.200.39 - - [26/Nov/2024:14:25:35 -0800] "POST /wp-cron.php?doing_wp_cron=1732659935.8775188922882080078125 HTTP/1.0" 200 - "https://llizardheartsallinone.shop/wp-cron.php?doing_wp_cron=1732659935.8775188922882080078125" "WordPress/5.3.18; http://llizardheartsallinone.shop"
198.98.51.29 - - [26/Nov/2024:14:25:35 -0800] "GET /wp-login.php HTTP/1.0" 200 5262 "-" "Mozilla/5.0 (X11; Linux x86_64) AppleWebKit/537.36 (KHTML, like Gecko) Chrome/35.0.1916.153 Safari/537.36"
198.98.51.29 - - [26/Nov/2024:14:25:36 -0800] "POST /wp-login.php HTTP/1.0" 200 6290 "-" "Mozilla/5.0 (X11; Linux x86_64) AppleWebKit/537.36 (KHTML, like Gecko) Chrome/35.0.1916.153 Safari/537.36"
216.244.66.195 - - [26/Nov/2024:14:31:43 -0800] "GET /robots.txt HTTP/1.0" 200 30 "-" "Mozilla/5.0 (compatible; DotBot/1.2; +https://opensiteexplorer.org/dotbot; help@moz.com)"
209.141.37.13 - - [26/Nov/2024:14:32:15 -0800] "GET /wp-login.php HTTP/1.0" 200 5262 "-" "Mozilla/5.0 (Windows NT 6.2; WOW64) AppleWebKit/537.36 (KHTML, like Gecko) Chrome/36.0.1985.125 Safari/537.36"
209.141.37.13 - - [26/Nov/2024:14:32:15 -0800] "POST /wp-login.php HTTP/1.0" 200 6290 "-" "Mozilla/5.0 (Windows NT 6.2; WOW64) AppleWebKit/537.36 (KHTML, like Gecko) Chrome/36.0.1985.125 Safari/537.36"
198.98.51.29 - - [26/Nov/2024:14:46:42 -0800] "GET /wp-login.php HTTP/1.0" 200 5262 "-" "Mozilla/5.0 (Macintosh; Intel Mac OS X 10_9_4 AppleWebKit/537.36 (KHTML, like Gecko) Chrome/36.0.1985.125 Safari/537.36"
198.98.51.29 - - [26/Nov/2024:14:46:42 -0800] "POST /wp-login.php HTTP/1.0" 200 6290 "-" "Mozilla/5.0 (Macintosh; Intel Mac OS X 10_9_4 AppleWebKit/537.36 (KHTML, like Gecko) Chrome/36.0.1985.125 Safari/537.36"
