85.208.96.206 - - [22/Nov/2024:17:59:19 -0800] "GET /35546584.shtml HTTP/1.0" 404 56106 "-" "Mozilla/5.0 (compatible; SemrushBot/7~bl; +http://www.semrush.com/bot.html)"
185.191.171.3 - - [22/Nov/2024:17:59:30 -0800] "GET /35073472.shtml HTTP/1.0" 404 56106 "-" "Mozilla/5.0 (compatible; SemrushBot/7~bl; +http://www.semrush.com/bot.html)"
209.182.200.39 - - [22/Nov/2024:17:59:41 -0800] "POST /wp-cron.php?doing_wp_cron=1732327181.5024158954620361328125 HTTP/1.0" 200 - "-" "WordPress/6.7.1; https://misipress.com"
85.208.96.202 - - [22/Nov/2024:17:59:41 -0800] "GET /40924174.shtml HTTP/1.0" 404 56106 "-" "Mozilla/5.0 (compatible; SemrushBot/7~bl; +http://www.semrush.com/bot.html)"
185.191.171.8 - - [22/Nov/2024:17:59:52 -0800] "GET /13551754.shtml HTTP/1.0" 404 56106 "-" "Mozilla/5.0 (compatible; SemrushBot/7~bl; +http://www.semrush.com/bot.html)"
209.182.200.39 - - [22/Nov/2024:18:00:03 -0800] "POST /wp-cron.php?doing_wp_cron=1732327203.7661869525909423828125 HTTP/1.0" 200 - "-" "WordPress/6.7.1; https://misipress.com"
185.191.171.19 - - [22/Nov/2024:18:00:03 -0800] "GET /45307606.shtml HTTP/1.0" 404 56106 "-" "Mozilla/5.0 (compatible; SemrushBot/7~bl; +http://www.semrush.com/bot.html)"
185.191.171.2 - - [22/Nov/2024:18:00:14 -0800] "GET /54942592.shtml HTTP/1.0" 404 56106 "-" "Mozilla/5.0 (compatible; SemrushBot/7~bl; +http://www.semrush.com/bot.html)"
185.191.171.16 - - [22/Nov/2024:18:00:27 -0800] "GET /22449172.shtml HTTP/1.0" 404 56106 "-" "Mozilla/5.0 (compatible; SemrushBot/7~bl; +http://www.semrush.com/bot.html)"
209.182.200.39 - - [22/Nov/2024:18:00:39 -0800] "POST /wp-cron.php?doing_wp_cron=1732327239.9005820751190185546875 HTTP/1.0" 200 - "-" "WordPress/6.7.1; https://misipress.com"
185.191.171.1 - - [22/Nov/2024:18:00:39 -0800] "GET /35581558.shtml HTTP/1.0" 404 56106 "-" "Mozilla/5.0 (compatible; SemrushBot/7~bl; +http://www.semrush.com/bot.html)"
209.182.200.39 - - [22/Nov/2024:18:00:51 -0800] "POST /wp-cron.php?doing_wp_cron=1732327251.0381810665130615234375 HTTP/1.0" 200 - "-" "WordPress/6.7.1; https://misipress.com"
85.208.96.210 - - [22/Nov/2024:18:00:50 -0800] "GET /eugene-henri-cauchois-impressionist-painter/ HTTP/1.0" 200 111196 "-" "Mozilla/5.0 (compatible; SemrushBot/7~bl; +http://www.semrush.com/bot.html)"
85.208.96.200 - - [22/Nov/2024:18:00:58 -0800] "GET /robots.txt HTTP/1.0" 200 30 "-" "Mozilla/5.0 (compatible; SemrushBot/7~bl; +http://www.semrush.com/bot.html)"
209.182.200.39 - - [22/Nov/2024:18:01:02 -0800] "POST /wp-cron.php?doing_wp_cron=1732327261.9973220825195312500000 HTTP/1.0" 200 - "-" "WordPress/6.7.1; https://misipress.com"
85.208.96.202 - - [22/Nov/2024:18:01:01 -0800] "GET /26547898.shtml HTTP/1.0" 404 56106 "-" "Mozilla/5.0 (compatible; SemrushBot/7~bl; +http://www.semrush.com/bot.html)"
185.191.171.2 - - [22/Nov/2024:18:01:14 -0800] "GET /54297508.shtml HTTP/1.0" 404 56106 "-" "Mozilla/5.0 (compatible; SemrushBot/7~bl; +http://www.semrush.com/bot.html)"
185.191.171.2 - - [22/Nov/2024:18:01:25 -0800] "GET /12680842.shtml HTTP/1.0" 404 56106 "-" "Mozilla/5.0 (compatible; SemrushBot/7~bl; +http://www.semrush.com/bot.html)"
209.182.200.39 - - [22/Nov/2024:18:01:37 -0800] "POST /wp-cron.php?doing_wp_cron=1732327297.1520171165466308593750 HTTP/1.0" 200 - "-" "WordPress/6.7.1; https://misipress.com"
185.191.171.15 - - [22/Nov/2024:18:01:36 -0800] "GET /putin-ally-orban-ominously-warns-of-big-plans-with-trump-world-news/ HTTP/1.0" 200 72817 "-" "Mozilla/5.0 (compatible; SemrushBot/7~bl; +http://www.semrush.com/bot.html)"
185.191.171.17 - - [22/Nov/2024:18:01:48 -0800] "GET /24093076.shtml HTTP/1.0" 404 56106 "-" "Mozilla/5.0 (compatible; SemrushBot/7~bl; +http://www.semrush.com/bot.html)"
209.182.200.39 - - [22/Nov/2024:18:01:59 -0800] "POST /wp-cron.php?doing_wp_cron=1732327319.5549058914184570312500 HTTP/1.0" 200 - "-" "WordPress/6.7.1; https://misipress.com"
85.208.96.212 - - [22/Nov/2024:18:01:59 -0800] "GET /56720416.shtml HTTP/1.0" 404 56106 "-" "Mozilla/5.0 (compatible; SemrushBot/7~bl; +http://www.semrush.com/bot.html)"
185.191.171.13 - - [22/Nov/2024:18:02:11 -0800] "GET /57040096.shtml HTTP/1.0" 404 56106 "-" "Mozilla/5.0 (compatible; SemrushBot/7~bl; +http://www.semrush.com/bot.html)"
209.182.200.39 - - [22/Nov/2024:18:02:42 -0800] "POST /wp-cron.php?doing_wp_cron=1732327362.3408789634704589843750 HTTP/1.0" 200 - "-" "WordPress/6.7.1; https://misipress.com"
85.208.96.207 - - [22/Nov/2024:18:02:42 -0800] "GET /43075210.shtml HTTP/1.0" 404 56106 "-" "Mozilla/5.0 (compatible; SemrushBot/7~bl; +http://www.semrush.com/bot.html)"
185.191.171.10 - - [22/Nov/2024:18:02:53 -0800] "GET /23914588.shtml HTTP/1.0" 404 56106 "-" "Mozilla/5.0 (compatible; SemrushBot/7~bl; +http://www.semrush.com/bot.html)"
209.182.200.39 - - [22/Nov/2024:18:03:07 -0800] "POST /wp-cron.php?doing_wp_cron=1732327387.0829520225524902343750 HTTP/1.0" 200 - "-" "WordPress/6.7.1; https://misipress.com"
85.208.96.202 - - [22/Nov/2024:18:03:06 -0800] "GET /50553994.shtml HTTP/1.0" 404 56106 "-" "Mozilla/5.0 (compatible; SemrushBot/7~bl; +http://www.semrush.com/bot.html)"
209.182.200.39 - - [22/Nov/2024:18:03:40 -0800] "POST /wp-cron.php?doing_wp_cron=1732327420.1840410232543945312500 HTTP/1.0" 200 - "-" "WordPress/6.7.1; https://misipress.com"
85.208.96.193 - - [22/Nov/2024:18:03:39 -0800] "GET /52320622.shtml HTTP/1.0" 404 56106 "-" "Mozilla/5.0 (compatible; SemrushBot/7~bl; +http://www.semrush.com/bot.html)"
185.191.171.18 - - [22/Nov/2024:18:03:50 -0800] "GET /52587094.shtml HTTP/1.0" 404 56106 "-" "Mozilla/5.0 (compatible; SemrushBot/7~bl; +http://www.semrush.com/bot.html)"
209.182.200.39 - - [22/Nov/2024:18:04:01 -0800] "POST /wp-cron.php?doing_wp_cron=1732327441.9497339725494384765625 HTTP/1.0" 200 - "-" "WordPress/6.7.1; https://misipress.com"
185.191.171.2 - - [22/Nov/2024:18:04:01 -0800] "GET /36883552.shtml HTTP/1.0" 404 56106 "-" "Mozilla/5.0 (compatible; SemrushBot/7~bl; +http://www.semrush.com/bot.html)"
85.208.96.212 - - [22/Nov/2024:18:04:12 -0800] "GET /61244806.shtml HTTP/1.0" 404 56106 "-" "Mozilla/5.0 (compatible; SemrushBot/7~bl; +http://www.semrush.com/bot.html)"
85.208.96.205 - - [22/Nov/2024:18:04:28 -0800] "GET /27995296.shtml HTTP/1.0" 404 56106 "-" "Mozilla/5.0 (compatible; SemrushBot/7~bl; +http://www.semrush.com/bot.html)"
209.182.200.39 - - [22/Nov/2024:18:04:40 -0800] "POST /wp-cron.php?doing_wp_cron=1732327480.1322638988494873046875 HTTP/1.0" 200 - "-" "WordPress/6.7.1; https://misipress.com"
85.208.96.206 - - [22/Nov/2024:18:04:39 -0800] "GET /62322862.shtml HTTP/1.0" 404 56106 "-" "Mozilla/5.0 (compatible; SemrushBot/7~bl; +http://www.semrush.com/bot.html)"
85.208.96.205 - - [22/Nov/2024:18:04:51 -0800] "GET /56088544.shtml HTTP/1.0" 404 56106 "-" "Mozilla/5.0 (compatible; SemrushBot/7~bl; +http://www.semrush.com/bot.html)"
209.182.200.39 - - [22/Nov/2024:18:05:02 -0800] "POST /wp-cron.php?doing_wp_cron=1732327502.8903861045837402343750 HTTP/1.0" 200 - "-" "WordPress/6.7.1; https://misipress.com"
85.208.96.205 - - [22/Nov/2024:18:05:02 -0800] "GET /27124222.shtml HTTP/1.0" 404 56106 "-" "Mozilla/5.0 (compatible; SemrushBot/7~bl; +http://www.semrush.com/bot.html)"
185.191.171.8 - - [22/Nov/2024:18:05:13 -0800] "GET /29640550.shtml HTTP/1.0" 404 56106 "-" "Mozilla/5.0 (compatible; SemrushBot/7~bl; +http://www.semrush.com/bot.html)"
185.191.171.17 - - [22/Nov/2024:18:05:24 -0800] "GET /44314366.shtml HTTP/1.0" 404 56106 "-" "Mozilla/5.0 (compatible; SemrushBot/7~bl; +http://www.semrush.com/bot.html)"
209.182.200.39 - - [22/Nov/2024:18:05:35 -0800] "POST /wp-cron.php?doing_wp_cron=1732327535.9159200191497802734375 HTTP/1.0" 200 - "-" "WordPress/6.7.1; https://misipress.com"
185.191.171.1 - - [22/Nov/2024:18:05:35 -0800] "GET /60592144.shtml HTTP/1.0" 404 56106 "-" "Mozilla/5.0 (compatible; SemrushBot/7~bl; +http://www.semrush.com/bot.html)"
185.191.171.6 - - [22/Nov/2024:18:05:46 -0800] "GET /53495932.shtml HTTP/1.0" 404 56106 "-" "Mozilla/5.0 (compatible; SemrushBot/7~bl; +http://www.semrush.com/bot.html)"
209.182.200.39 - - [22/Nov/2024:18:05:57 -0800] "POST /wp-cron.php?doing_wp_cron=1732327557.4760339260101318359375 HTTP/1.0" 200 - "-" "WordPress/6.7.1; https://misipress.com"
85.208.96.195 - - [22/Nov/2024:18:05:57 -0800] "GET /64010650.shtml HTTP/1.0" 404 56106 "-" "Mozilla/5.0 (compatible; SemrushBot/7~bl; +http://www.semrush.com/bot.html)"
85.208.96.210 - - [22/Nov/2024:18:06:08 -0800] "GET /36877918.shtml HTTP/1.0" 404 56106 "-" "Mozilla/5.0 (compatible; SemrushBot/7~bl; +http://www.semrush.com/bot.html)"
185.191.171.17 - - [22/Nov/2024:18:06:19 -0800] "GET /27146902.shtml HTTP/1.0" 404 56106 "-" "Mozilla/5.0 (compatible; SemrushBot/7~bl; +http://www.semrush.com/bot.html)"
85.208.96.199 - - [22/Nov/2024:18:06:29 -0800] "GET /30186130.shtml HTTP/1.0" 404 56106 "-" "Mozilla/5.0 (compatible; SemrushBot/7~bl; +http://www.semrush.com/bot.html)"
209.182.200.39 - - [22/Nov/2024:18:06:40 -0800] "POST /wp-cron.php?doing_wp_cron=1732327600.8430829048156738281250 HTTP/1.0" 200 - "-" "WordPress/6.7.1; https://misipress.com"
185.191.171.18 - - [22/Nov/2024:18:06:40 -0800] "GET /15377314.shtml HTTP/1.0" 404 56106 "-" "Mozilla/5.0 (compatible; SemrushBot/7~bl; +http://www.semrush.com/bot.html)"
209.182.200.39 - - [22/Nov/2024:18:06:56 -0800] "POST /wp-cron.php?doing_wp_cron=1732327615.9939060211181640625000 HTTP/1.0" 200 - "-" "WordPress/6.7.1; https://misipress.com"
185.191.171.6 - - [22/Nov/2024:18:06:55 -0800] "GET /51480256.shtml HTTP/1.0" 404 56106 "-" "Mozilla/5.0 (compatible; SemrushBot/7~bl; +http://www.semrush.com/bot.html)"
185.191.171.12 - - [22/Nov/2024:18:07:27 -0800] "GET /47961022.shtml HTTP/1.0" 404 56106 "-" "Mozilla/5.0 (compatible; SemrushBot/7~bl; +http://www.semrush.com/bot.html)"
209.182.200.39 - - [22/Nov/2024:18:07:40 -0800] "POST /wp-cron.php?doing_wp_cron=1732327660.7334270477294921875000 HTTP/1.0" 200 - "-" "WordPress/6.7.1; https://misipress.com"
85.208.96.212 - - [22/Nov/2024:18:07:40 -0800] "GET /61347154.shtml HTTP/1.0" 404 56106 "-" "Mozilla/5.0 (compatible; SemrushBot/7~bl; +http://www.semrush.com/bot.html)"
185.191.171.5 - - [22/Nov/2024:18:07:51 -0800] "GET /51469006.shtml HTTP/1.0" 404 56106 "-" "Mozilla/5.0 (compatible; SemrushBot/7~bl; +http://www.semrush.com/bot.html)"
209.182.200.39 - - [22/Nov/2024:18:08:03 -0800] "POST /wp-cron.php?doing_wp_cron=1732327683.9337000846862792968750 HTTP/1.0" 200 - "-" "WordPress/6.7.1; https://misipress.com"
85.208.96.206 - - [22/Nov/2024:18:08:03 -0800] "GET /38065900.shtml HTTP/1.0" 404 56106 "-" "Mozilla/5.0 (compatible; SemrushBot/7~bl; +http://www.semrush.com/bot.html)"
185.191.171.2 - - [22/Nov/2024:18:08:29 -0800] "GET /60786022.shtml HTTP/1.0" 404 56106 "-" "Mozilla/5.0 (compatible; SemrushBot/7~bl; +http://www.semrush.com/bot.html)"
209.182.200.39 - - [22/Nov/2024:18:08:48 -0800] "POST /wp-cron.php?doing_wp_cron=1732327728.0624148845672607421875 HTTP/1.0" 200 - "-" "WordPress/6.7.1; https://misipress.com"
185.191.171.4 - - [22/Nov/2024:18:08:47 -0800] "GET /22902754.shtml HTTP/1.0" 404 56106 "-" "Mozilla/5.0 (compatible; SemrushBot/7~bl; +http://www.semrush.com/bot.html)"
209.182.200.39 - - [22/Nov/2024:18:09:01 -0800] "POST /wp-cron.php?doing_wp_cron=1732327741.2409510612487792968750 HTTP/1.0" 200 - "-" "WordPress/6.7.1; https://misipress.com"
85.208.96.210 - - [22/Nov/2024:18:09:01 -0800] "GET /ufc-fight-night-184-breakdown-skill-circumstances-favor-alistair-overeem-over-alexander-volkov/ HTTP/1.0" 200 69773 "-" "Mozilla/5.0 (compatible; SemrushBot/7~bl; +http://www.semrush.com/bot.html)"
85.208.96.210 - - [22/Nov/2024:18:09:03 -0800] "GET /ufc-fight-night-184-breakdown-skill-circumstances-favor-alistair-overeem-over-alexander-volkov/ HTTP/1.0" 200 69773 "-" "Mozilla/5.0 (compatible; SemrushBot/7~bl; +http://www.semrush.com/bot.html)"
52.167.144.56 - - [22/Nov/2024:18:09:09 -0800] "GET /robots.txt HTTP/1.0" 200 30 "-" "Mozilla/5.0 AppleWebKit/537.36 (KHTML, like Gecko; compatible; bingbot/2.0; +http://www.bing.com/bingbot.htm) Chrome/116.0.1938.76 Safari/537.36"
40.77.167.74 - - [22/Nov/2024:18:09:13 -0800] "GET /category/movies/ HTTP/1.0" 200 468220 "-" "Mozilla/5.0 AppleWebKit/537.36 (KHTML, like Gecko; compatible; bingbot/2.0; +http://www.bing.com/bingbot.htm) Chrome/116.0.1938.76 Safari/537.36"
85.208.96.198 - - [22/Nov/2024:18:09:14 -0800] "GET /19385860.shtml HTTP/1.0" 404 56106 "-" "Mozilla/5.0 (compatible; SemrushBot/7~bl; +http://www.semrush.com/bot.html)"
85.208.96.205 - - [22/Nov/2024:18:09:25 -0800] "GET /43644874.shtml HTTP/1.0" 404 56106 "-" "Mozilla/5.0 (compatible; SemrushBot/7~bl; +http://www.semrush.com/bot.html)"
209.182.200.39 - - [22/Nov/2024:18:09:36 -0800] "POST /wp-cron.php?doing_wp_cron=1732327776.5857739448547363281250 HTTP/1.0" 200 - "-" "WordPress/6.7.1; https://misipress.com"
85.208.96.208 - - [22/Nov/2024:18:09:36 -0800] "GET /9962158.shtml HTTP/1.0" 404 56097 "-" "Mozilla/5.0 (compatible; SemrushBot/7~bl; +http://www.semrush.com/bot.html)"
85.208.96.204 - - [22/Nov/2024:18:09:47 -0800] "GET /15442942.shtml HTTP/1.0" 404 56106 "-" "Mozilla/5.0 (compatible; SemrushBot/7~bl; +http://www.semrush.com/bot.html)"
209.182.200.39 - - [22/Nov/2024:18:09:58 -0800] "POST /wp-cron.php?doing_wp_cron=1732327798.7812080383300781250000 HTTP/1.0" 200 - "-" "WordPress/6.7.1; https://misipress.com"
185.191.171.6 - - [22/Nov/2024:18:09:58 -0800] "GET /preserving-your-fine-arts-and-antiques-during-a-move-a-comprehensive-guide/ HTTP/1.0" 200 85635 "-" "Mozilla/5.0 (compatible; SemrushBot/7~bl; +http://www.semrush.com/bot.html)"
185.191.171.5 - - [22/Nov/2024:18:10:09 -0800] "GET /55705018.shtml HTTP/1.0" 404 56106 "-" "Mozilla/5.0 (compatible; SemrushBot/7~bl; +http://www.semrush.com/bot.html)"
185.191.171.18 - - [22/Nov/2024:18:10:20 -0800] "GET /12176068.shtml HTTP/1.0" 404 56106 "-" "Mozilla/5.0 (compatible; SemrushBot/7~bl; +http://www.semrush.com/bot.html)"
209.182.200.39 - - [22/Nov/2024:18:10:32 -0800] "POST /wp-cron.php?doing_wp_cron=1732327832.3216760158538818359375 HTTP/1.0" 200 - "-" "WordPress/6.7.1; https://misipress.com"
185.191.171.13 - - [22/Nov/2024:18:10:32 -0800] "GET /63017320.shtml HTTP/1.0" 404 56106 "-" "Mozilla/5.0 (compatible; SemrushBot/7~bl; +http://www.semrush.com/bot.html)"
85.208.96.211 - - [22/Nov/2024:18:10:43 -0800] "GET /21287146.shtml HTTP/1.0" 404 56106 "-" "Mozilla/5.0 (compatible; SemrushBot/7~bl; +http://www.semrush.com/bot.html)"
3.95.148.113 - - [22/Nov/2024:18:10:48 -0800] "GET / HTTP/1.0" 301 230 "-" "Mozilla/5.0 (Windows NT 6.1; WOW64; rv:50.0) Gecko/20100101 Firefox/50.0"
3.95.148.113 - - [22/Nov/2024:18:10:48 -0800] "GET / HTTP/1.0" 200 122867 "-" "Mozilla/5.0 (Windows NT 6.1; WOW64; rv:50.0) Gecko/20100101 Firefox/50.0"
209.182.200.39 - - [22/Nov/2024:18:10:50 -0800] "POST /wp-cron.php?doing_wp_cron=1732327850.1178610324859619140625 HTTP/1.0" 200 - "-" "WordPress/6.7.1; https://misipress.com"
3.95.148.113 - - [22/Nov/2024:18:10:49 -0800] "GET /contact-us/ HTTP/1.0" 200 69309 "-" "Mozilla/5.0 (Windows NT 6.1; WOW64; rv:50.0) Gecko/20100101 Firefox/50.0"
3.95.148.113 - - [22/Nov/2024:18:10:51 -0800] "GET /contact-us/ HTTP/1.0" 200 69309 "-" "Mozilla/5.0 (Windows NT 6.1; WOW64; rv:50.0) Gecko/20100101 Firefox/50.0"
3.95.148.113 - - [22/Nov/2024:18:10:52 -0800] "GET / HTTP/1.0" 301 230 "-" "Mozilla/5.0 (Windows NT 6.1; WOW64; rv:50.0) Gecko/20100101 Firefox/50.0"
3.95.148.113 - - [22/Nov/2024:18:10:52 -0800] "GET / HTTP/1.0" 200 122867 "-" "Mozilla/5.0 (Windows NT 6.1; WOW64; rv:50.0) Gecko/20100101 Firefox/50.0"
3.95.148.113 - - [22/Nov/2024:18:10:53 -0800] "GET /archives/ HTTP/1.0" 200 79390 "-" "Mozilla/5.0 (Windows NT 6.1; WOW64; rv:50.0) Gecko/20100101 Firefox/50.0"
185.191.171.18 - - [22/Nov/2024:18:10:54 -0800] "GET /47360272.shtml HTTP/1.0" 404 56106 "-" "Mozilla/5.0 (compatible; SemrushBot/7~bl; +http://www.semrush.com/bot.html)"
3.95.148.113 - - [22/Nov/2024:18:10:54 -0800] "GET /contact-us/ HTTP/1.0" 200 69309 "-" "Mozilla/5.0 (Windows NT 6.1; WOW64; rv:50.0) Gecko/20100101 Firefox/50.0"
209.182.200.39 - - [22/Nov/2024:18:10:55 -0800] "POST /wp-cron.php?doing_wp_cron=1732327855.9510340690612792968750 HTTP/1.0" 200 - "-" "WordPress/6.7.1; https://misipress.com"
3.95.148.113 - - [22/Nov/2024:18:10:55 -0800] "GET / HTTP/1.0" 200 122867 "-" "Mozilla/5.0 (Windows NT 6.1; WOW64; rv:50.0) Gecko/20100101 Firefox/50.0"
3.95.148.113 - - [22/Nov/2024:18:10:57 -0800] "GET /gatwick-airport-live-hundreds-evacuated-after-security-incident-uk-news/ HTTP/1.0" 200 70056 "-" "Mozilla/5.0 (Windows NT 6.1; WOW64; rv:50.0) Gecko/20100101 Firefox/50.0"
185.191.171.3 - - [22/Nov/2024:18:11:05 -0800] "GET /59269162.shtml HTTP/1.0" 404 56106 "-" "Mozilla/5.0 (compatible; SemrushBot/7~bl; +http://www.semrush.com/bot.html)"
185.191.171.18 - - [22/Nov/2024:18:11:15 -0800] "GET /49452376.shtml HTTP/1.0" 404 56106 "-" "Mozilla/5.0 (compatible; SemrushBot/7~bl; +http://www.semrush.com/bot.html)"
85.208.96.205 - - [22/Nov/2024:18:11:26 -0800] "GET /44415922.shtml HTTP/1.0" 404 56106 "-" "Mozilla/5.0 (compatible; SemrushBot/7~bl; +http://www.semrush.com/bot.html)"
209.182.200.39 - - [22/Nov/2024:18:11:40 -0800] "POST /wp-cron.php?doing_wp_cron=1732327900.1156570911407470703125 HTTP/1.0" 200 - "-" "WordPress/6.7.1; https://misipress.com"
185.191.171.3 - - [22/Nov/2024:18:11:39 -0800] "GET /60377692.shtml HTTP/1.0" 404 56106 "-" "Mozilla/5.0 (compatible; SemrushBot/7~bl; +http://www.semrush.com/bot.html)"
64.226.78.155 - - [22/Nov/2024:18:11:45 -0800] "GET /tag/open/ HTTP/1.0" 200 82178 "-" "Mozilla/5.0 (Windows NT 10.0; Win64; x64) AppleWebKit/537.36 (KHTML, like Gecko) Chrome/124.0.0.0 Safari/537.36"
185.191.171.12 - - [22/Nov/2024:18:11:50 -0800] "GET /63512914.shtml HTTP/1.0" 404 56106 "-" "Mozilla/5.0 (compatible; SemrushBot/7~bl; +http://www.semrush.com/bot.html)"
209.182.200.39 - - [22/Nov/2024:18:12:08 -0800] "POST /wp-cron.php?doing_wp_cron=1732327928.7610940933227539062500 HTTP/1.0" 200 - "-" "WordPress/6.7.1; https://misipress.com"
85.208.96.211 - - [22/Nov/2024:18:12:08 -0800] "GET /38547184.shtml HTTP/1.0" 404 56106 "-" "Mozilla/5.0 (compatible; SemrushBot/7~bl; +http://www.semrush.com/bot.html)"
85.208.96.211 - - [22/Nov/2024:18:12:19 -0800] "GET /31509562.shtml HTTP/1.0" 404 56106 "-" "Mozilla/5.0 (compatible; SemrushBot/7~bl; +http://www.semrush.com/bot.html)"
85.208.96.209 - - [22/Nov/2024:18:12:30 -0800] "GET /44329810.shtml HTTP/1.0" 404 56106 "-" "Mozilla/5.0 (compatible; SemrushBot/7~bl; +http://www.semrush.com/bot.html)"
209.182.200.39 - - [22/Nov/2024:18:12:42 -0800] "POST /wp-cron.php?doing_wp_cron=1732327962.3996920585632324218750 HTTP/1.0" 200 - "-" "WordPress/6.7.1; https://misipress.com"
85.208.96.206 - - [22/Nov/2024:18:12:42 -0800] "GET /40411732.shtml HTTP/1.0" 404 56106 "-" "Mozilla/5.0 (compatible; SemrushBot/7~bl; +http://www.semrush.com/bot.html)"
85.208.96.212 - - [22/Nov/2024:18:12:53 -0800] "GET /uss-decision-to-lift-missile-ban-could-lead-to-wwiii-says-russian-official-politics-news/ HTTP/1.0" 200 71948 "-" "Mozilla/5.0 (compatible; SemrushBot/7~bl; +http://www.semrush.com/bot.html)"
209.182.200.39 - - [22/Nov/2024:18:13:07 -0800] "POST /wp-cron.php?doing_wp_cron=1732327987.5939939022064208984375 HTTP/1.0" 200 - "-" "WordPress/6.7.1; https://misipress.com"
85.208.96.205 - - [22/Nov/2024:18:13:07 -0800] "GET /49933462.shtml HTTP/1.0" 404 56106 "-" "Mozilla/5.0 (compatible; SemrushBot/7~bl; +http://www.semrush.com/bot.html)"
185.191.171.1 - - [22/Nov/2024:18:13:24 -0800] "GET /40851724.shtml HTTP/1.0" 404 56106 "-" "Mozilla/5.0 (compatible; SemrushBot/7~bl; +http://www.semrush.com/bot.html)"
209.182.200.39 - - [22/Nov/2024:18:13:36 -0800] "POST /wp-cron.php?doing_wp_cron=1732328016.0614280700683593750000 HTTP/1.0" 200 - "-" "WordPress/6.7.1; https://misipress.com"
185.191.171.7 - - [22/Nov/2024:18:13:35 -0800] "GET /20016544.shtml HTTP/1.0" 404 56106 "-" "Mozilla/5.0 (compatible; SemrushBot/7~bl; +http://www.semrush.com/bot.html)"
185.191.171.9 - - [22/Nov/2024:18:13:47 -0800] "GET /30665182.shtml HTTP/1.0" 404 56106 "-" "Mozilla/5.0 (compatible; SemrushBot/7~bl; +http://www.semrush.com/bot.html)"
209.182.200.39 - - [22/Nov/2024:18:13:59 -0800] "POST /wp-cron.php?doing_wp_cron=1732328039.0254490375518798828125 HTTP/1.0" 200 - "-" "WordPress/6.7.1; https://misipress.com"
85.208.96.206 - - [22/Nov/2024:18:13:58 -0800] "GET /18082318.shtml HTTP/1.0" 404 56106 "-" "Mozilla/5.0 (compatible; SemrushBot/7~bl; +http://www.semrush.com/bot.html)"
185.191.171.1 - - [22/Nov/2024:18:14:09 -0800] "GET /44647852.shtml HTTP/1.0" 404 56106 "-" "Mozilla/5.0 (compatible; SemrushBot/7~bl; +http://www.semrush.com/bot.html)"
185.191.171.16 - - [22/Nov/2024:18:14:21 -0800] "GET /22136548.shtml HTTP/1.0" 404 56106 "-" "Mozilla/5.0 (compatible; SemrushBot/7~bl; +http://www.semrush.com/bot.html)"
209.182.200.39 - - [22/Nov/2024:18:14:32 -0800] "POST /wp-cron.php?doing_wp_cron=1732328072.4480180740356445312500 HTTP/1.0" 200 - "-" "WordPress/6.7.1; https://misipress.com"
85.208.96.208 - - [22/Nov/2024:18:14:32 -0800] "GET /40539550.shtml HTTP/1.0" 404 56106 "-" "Mozilla/5.0 (compatible; SemrushBot/7~bl; +http://www.semrush.com/bot.html)"
185.191.171.12 - - [22/Nov/2024:18:14:44 -0800] "GET /33012382.shtml HTTP/1.0" 404 56106 "-" "Mozilla/5.0 (compatible; SemrushBot/7~bl; +http://www.semrush.com/bot.html)"
209.182.200.39 - - [22/Nov/2024:18:14:56 -0800] "POST /wp-cron.php?doing_wp_cron=1732328096.5403070449829101562500 HTTP/1.0" 200 - "-" "WordPress/6.7.1; https://misipress.com"
185.191.171.18 - - [22/Nov/2024:18:14:55 -0800] "GET /64113502.shtml HTTP/1.0" 404 56106 "-" "Mozilla/5.0 (compatible; SemrushBot/7~bl; +http://www.semrush.com/bot.html)"
185.191.171.8 - - [22/Nov/2024:18:15:08 -0800] "GET /20678314.shtml HTTP/1.0" 404 56106 "-" "Mozilla/5.0 (compatible; SemrushBot/7~bl; +http://www.semrush.com/bot.html)"
209.182.200.39 - - [22/Nov/2024:18:15:46 -0800] "POST /wp-cron.php?doing_wp_cron=1732328146.1442170143127441406250 HTTP/1.0" 200 - "-" "WordPress/6.7.1; https://misipress.com"
185.191.171.19 - - [22/Nov/2024:18:15:45 -0800] "GET /18223546.shtml HTTP/1.0" 404 56106 "-" "Mozilla/5.0 (compatible; SemrushBot/7~bl; +http://www.semrush.com/bot.html)"
209.182.200.39 - - [22/Nov/2024:18:16:10 -0800] "POST /wp-cron.php?doing_wp_cron=1732328170.3487529754638671875000 HTTP/1.0" 200 - "-" "WordPress/6.7.1; https://misipress.com"
85.208.96.207 - - [22/Nov/2024:18:16:09 -0800] "GET /61965310.shtml HTTP/1.0" 404 56106 "-" "Mozilla/5.0 (compatible; SemrushBot/7~bl; +http://www.semrush.com/bot.html)"
185.191.171.13 - - [22/Nov/2024:18:16:22 -0800] "GET /27486724.shtml HTTP/1.0" 404 56106 "-" "Mozilla/5.0 (compatible; SemrushBot/7~bl; +http://www.semrush.com/bot.html)"
209.182.200.39 - - [22/Nov/2024:18:16:35 -0800] "POST /wp-cron.php?doing_wp_cron=1732328195.2398810386657714843750 HTTP/1.0" 200 - "-" "WordPress/6.7.1; https://misipress.com"
185.191.171.9 - - [22/Nov/2024:18:16:34 -0800] "GET /29592436.shtml HTTP/1.0" 404 56106 "-" "Mozilla/5.0 (compatible; SemrushBot/7~bl; +http://www.semrush.com/bot.html)"
185.191.171.14 - - [22/Nov/2024:18:16:46 -0800] "GET /47408548.shtml HTTP/1.0" 404 56106 "-" "Mozilla/5.0 (compatible; SemrushBot/7~bl; +http://www.semrush.com/bot.html)"
209.182.200.39 - - [22/Nov/2024:18:16:58 -0800] "POST /wp-cron.php?doing_wp_cron=1732328218.4540541172027587890625 HTTP/1.0" 200 - "-" "WordPress/6.7.1; https://misipress.com"
185.191.171.1 - - [22/Nov/2024:18:16:58 -0800] "GET /25327912.shtml HTTP/1.0" 404 56106 "-" "Mozilla/5.0 (compatible; SemrushBot/7~bl; +http://www.semrush.com/bot.html)"
185.191.171.10 - - [22/Nov/2024:18:17:09 -0800] "GET /25239658.shtml HTTP/1.0" 404 56106 "-" "Mozilla/5.0 (compatible; SemrushBot/7~bl; +http://www.semrush.com/bot.html)"
185.191.171.13 - - [22/Nov/2024:18:17:21 -0800] "GET /princess-kates-gold-pearl-hoops-are-flying-off-shelves-royal-news/ HTTP/1.0" 200 72543 "-" "Mozilla/5.0 (compatible; SemrushBot/7~bl; +http://www.semrush.com/bot.html)"
209.182.200.39 - - [22/Nov/2024:18:17:34 -0800] "POST /wp-cron.php?doing_wp_cron=1732328254.6489369869232177734375 HTTP/1.0" 200 - "-" "WordPress/6.7.1; https://misipress.com"
85.208.96.210 - - [22/Nov/2024:18:17:34 -0800] "GET /38604928.shtml HTTP/1.0" 404 56106 "-" "Mozilla/5.0 (compatible; SemrushBot/7~bl; +http://www.semrush.com/bot.html)"
85.208.96.208 - - [22/Nov/2024:18:17:46 -0800] "GET /47061382.shtml HTTP/1.0" 404 56106 "-" "Mozilla/5.0 (compatible; SemrushBot/7~bl; +http://www.semrush.com/bot.html)"
209.182.200.39 - - [22/Nov/2024:18:17:58 -0800] "POST /wp-cron.php?doing_wp_cron=1732328278.0313930511474609375000 HTTP/1.0" 200 - "-" "WordPress/6.7.1; https://misipress.com"
185.191.171.5 - - [22/Nov/2024:18:17:57 -0800] "GET /62858164.shtml HTTP/1.0" 404 56106 "-" "Mozilla/5.0 (compatible; SemrushBot/7~bl; +http://www.semrush.com/bot.html)"
85.208.96.206 - - [22/Nov/2024:18:18:09 -0800] "GET /30517312.shtml HTTP/1.0" 404 56106 "-" "Mozilla/5.0 (compatible; SemrushBot/7~bl; +http://www.semrush.com/bot.html)"
85.208.96.204 - - [22/Nov/2024:18:18:21 -0800] "GET /47272846.shtml HTTP/1.0" 404 56106 "-" "Mozilla/5.0 (compatible; SemrushBot/7~bl; +http://www.semrush.com/bot.html)"
209.182.200.39 - - [22/Nov/2024:18:18:32 -0800] "POST /wp-cron.php?doing_wp_cron=1732328312.3002688884735107421875 HTTP/1.0" 200 - "-" "WordPress/6.7.1; https://misipress.com"
185.191.171.7 - - [22/Nov/2024:18:18:32 -0800] "GET /27273676.shtml HTTP/1.0" 404 56106 "-" "Mozilla/5.0 (compatible; SemrushBot/7~bl; +http://www.semrush.com/bot.html)"
185.191.171.13 - - [22/Nov/2024:18:18:43 -0800] "GET /10872202.shtml HTTP/1.0" 404 56106 "-" "Mozilla/5.0 (compatible; SemrushBot/7~bl; +http://www.semrush.com/bot.html)"
209.182.200.39 - - [22/Nov/2024:18:19:00 -0800] "POST /wp-cron.php?doing_wp_cron=1732328340.7494010925292968750000 HTTP/1.0" 200 - "-" "WordPress/6.7.1; https://misipress.com"
85.208.96.204 - - [22/Nov/2024:18:19:00 -0800] "GET /48140302.shtml HTTP/1.0" 404 56106 "-" "Mozilla/5.0 (compatible; SemrushBot/7~bl; +http://www.semrush.com/bot.html)"
185.191.171.13 - - [22/Nov/2024:18:19:13 -0800] "GET /63799384.shtml HTTP/1.0" 404 56106 "-" "Mozilla/5.0 (compatible; SemrushBot/7~bl; +http://www.semrush.com/bot.html)"
185.191.171.5 - - [22/Nov/2024:18:19:33 -0800] "GET /28675516.shtml HTTP/1.0" 404 56106 "-" "Mozilla/5.0 (compatible; SemrushBot/7~bl; +http://www.semrush.com/bot.html)"
85.208.96.210 - - [22/Nov/2024:18:19:43 -0800] "GET /28340230.shtml HTTP/1.0" 404 56106 "-" "Mozilla/5.0 (compatible; SemrushBot/7~bl; +http://www.semrush.com/bot.html)"
85.208.96.203 - - [22/Nov/2024:18:19:55 -0800] "GET /37857748.shtml HTTP/1.0" 404 56106 "-" "Mozilla/5.0 (compatible; SemrushBot/7~bl; +http://www.semrush.com/bot.html)"
209.182.200.39 - - [22/Nov/2024:18:20:06 -0800] "POST /wp-cron.php?doing_wp_cron=1732328406.1747710704803466796875 HTTP/1.0" 200 - "-" "WordPress/6.7.1; https://misipress.com"
185.191.171.13 - - [22/Nov/2024:18:20:06 -0800] "GET /32738188.shtml HTTP/1.0" 404 56106 "-" "Mozilla/5.0 (compatible; SemrushBot/7~bl; +http://www.semrush.com/bot.html)"
85.208.96.210 - - [22/Nov/2024:18:20:25 -0800] "GET /14474092.shtml HTTP/1.0" 404 56106 "-" "Mozilla/5.0 (compatible; SemrushBot/7~bl; +http://www.semrush.com/bot.html)"
209.182.200.39 - - [22/Nov/2024:18:20:35 -0800] "POST /wp-cron.php?doing_wp_cron=1732328435.9518840312957763671875 HTTP/1.0" 200 - "-" "WordPress/6.7.1; https://misipress.com"
85.208.96.196 - - [22/Nov/2024:18:20:35 -0800] "GET /56563186.shtml HTTP/1.0" 404 56106 "-" "Mozilla/5.0 (compatible; SemrushBot/7~bl; +http://www.semrush.com/bot.html)"
85.208.96.195 - - [22/Nov/2024:18:20:46 -0800] "GET /58717246.shtml HTTP/1.0" 404 56106 "-" "Mozilla/5.0 (compatible; SemrushBot/7~bl; +http://www.semrush.com/bot.html)"
209.182.200.39 - - [22/Nov/2024:18:20:58 -0800] "POST /wp-cron.php?doing_wp_cron=1732328458.1799409389495849609375 HTTP/1.0" 200 - "-" "WordPress/6.7.1; https://misipress.com"
85.208.96.210 - - [22/Nov/2024:18:20:57 -0800] "GET /42475612.shtml HTTP/1.0" 404 56106 "-" "Mozilla/5.0 (compatible; SemrushBot/7~bl; +http://www.semrush.com/bot.html)"
185.191.171.14 - - [22/Nov/2024:18:21:09 -0800] "GET /12589474.shtml HTTP/1.0" 404 56106 "-" "Mozilla/5.0 (compatible; SemrushBot/7~bl; +http://www.semrush.com/bot.html)"
185.191.171.3 - - [22/Nov/2024:18:21:20 -0800] "GET /42128644.shtml HTTP/1.0" 404 56106 "-" "Mozilla/5.0 (compatible; SemrushBot/7~bl; +http://www.semrush.com/bot.html)"
85.208.96.209 - - [22/Nov/2024:18:21:30 -0800] "GET /53011858.shtml HTTP/1.0" 404 56106 "-" "Mozilla/5.0 (compatible; SemrushBot/7~bl; +http://www.semrush.com/bot.html)"
209.182.200.39 - - [22/Nov/2024:18:21:41 -0800] "POST /wp-cron.php?doing_wp_cron=1732328501.9310948848724365234375 HTTP/1.0" 200 - "-" "WordPress/6.7.1; https://misipress.com"
185.191.171.3 - - [22/Nov/2024:18:21:41 -0800] "GET /57406234.shtml HTTP/1.0" 404 56106 "-" "Mozilla/5.0 (compatible; SemrushBot/7~bl; +http://www.semrush.com/bot.html)"
85.208.96.204 - - [22/Nov/2024:18:21:52 -0800] "GET /34117960.shtml HTTP/1.0" 404 56106 "-" "Mozilla/5.0 (compatible; SemrushBot/7~bl; +http://www.semrush.com/bot.html)"
209.182.200.39 - - [22/Nov/2024:18:22:09 -0800] "POST /wp-cron.php?doing_wp_cron=1732328529.7867419719696044921875 HTTP/1.0" 200 - "-" "WordPress/6.7.1; https://misipress.com"
85.208.96.205 - - [22/Nov/2024:18:22:09 -0800] "GET /63914962.shtml HTTP/1.0" 404 56106 "-" "Mozilla/5.0 (compatible; SemrushBot/7~bl; +http://www.semrush.com/bot.html)"
185.191.171.14 - - [22/Nov/2024:18:22:23 -0800] "GET /61261978.shtml HTTP/1.0" 404 56106 "-" "Mozilla/5.0 (compatible; SemrushBot/7~bl; +http://www.semrush.com/bot.html)"
209.182.200.39 - - [22/Nov/2024:18:22:37 -0800] "POST /wp-cron.php?doing_wp_cron=1732328557.2880680561065673828125 HTTP/1.0" 200 - "-" "WordPress/6.7.1; https://misipress.com"
185.191.171.12 - - [22/Nov/2024:18:22:37 -0800] "GET /48595306.shtml HTTP/1.0" 404 56106 "-" "Mozilla/5.0 (compatible; SemrushBot/7~bl; +http://www.semrush.com/bot.html)"
209.182.200.39 - - [22/Nov/2024:18:23:01 -0800] "POST /wp-cron.php?doing_wp_cron=1732328581.4712970256805419921875 HTTP/1.0" 200 - "-" "WordPress/6.7.1; https://misipress.com"
85.208.96.210 - - [22/Nov/2024:18:23:01 -0800] "GET /53047750.shtml HTTP/1.0" 404 56106 "-" "Mozilla/5.0 (compatible; SemrushBot/7~bl; +http://www.semrush.com/bot.html)"
185.191.171.6 - - [22/Nov/2024:18:23:15 -0800] "GET /64040602.shtml HTTP/1.0" 404 56106 "-" "Mozilla/5.0 (compatible; SemrushBot/7~bl; +http://www.semrush.com/bot.html)"
209.182.200.39 - - [22/Nov/2024:18:23:49 -0800] "POST /wp-cron.php?doing_wp_cron=1732328629.2343199253082275390625 HTTP/1.0" 200 - "-" "WordPress/6.7.1; https://misipress.com"
85.208.96.201 - - [22/Nov/2024:18:23:49 -0800] "GET /20488594.shtml HTTP/1.0" 404 56106 "-" "Mozilla/5.0 (compatible; SemrushBot/7~bl; +http://www.semrush.com/bot.html)"
185.191.171.14 - - [22/Nov/2024:18:24:05 -0800] "GET /robots.txt HTTP/1.0" 200 30 "-" "Mozilla/5.0 (compatible; SemrushBot/7~bl; +http://www.semrush.com/bot.html)"
209.182.200.39 - - [22/Nov/2024:18:24:06 -0800] "POST /wp-cron.php?doing_wp_cron=1732328646.5408871173858642578125 HTTP/1.0" 200 - "-" "WordPress/6.7.1; https://misipress.com"
185.191.171.13 - - [22/Nov/2024:18:24:06 -0800] "GET /18171076.shtml HTTP/1.0" 404 56106 "-" "Mozilla/5.0 (compatible; SemrushBot/7~bl; +http://www.semrush.com/bot.html)"
85.208.96.202 - - [22/Nov/2024:18:24:28 -0800] "GET /23009908.shtml HTTP/1.0" 404 56106 "-" "Mozilla/5.0 (compatible; SemrushBot/7~bl; +http://www.semrush.com/bot.html)"
209.182.200.39 - - [22/Nov/2024:18:24:39 -0800] "POST /wp-cron.php?doing_wp_cron=1732328679.4986009597778320312500 HTTP/1.0" 200 - "-" "WordPress/6.7.1; https://misipress.com"
85.208.96.202 - - [22/Nov/2024:18:24:39 -0800] "GET /15148876.shtml HTTP/1.0" 404 56106 "-" "Mozilla/5.0 (compatible; SemrushBot/7~bl; +http://www.semrush.com/bot.html)"
85.208.96.205 - - [22/Nov/2024:18:24:50 -0800] "GET /51241936.shtml HTTP/1.0" 404 56106 "-" "Mozilla/5.0 (compatible; SemrushBot/7~bl; +http://www.semrush.com/bot.html)"
209.182.200.39 - - [22/Nov/2024:18:25:04 -0800] "POST /wp-cron.php?doing_wp_cron=1732328704.6400110721588134765625 HTTP/1.0" 200 - "-" "WordPress/6.7.1; https://misipress.com"
185.191.171.13 - - [22/Nov/2024:18:25:04 -0800] "GET /16700872.shtml HTTP/1.0" 404 56106 "-" "Mozilla/5.0 (compatible; SemrushBot/7~bl; +http://www.semrush.com/bot.html)"
185.191.171.7 - - [22/Nov/2024:18:25:16 -0800] "GET /62623948.shtml HTTP/1.0" 404 56106 "-" "Mozilla/5.0 (compatible; SemrushBot/7~bl; +http://www.semrush.com/bot.html)"
85.208.96.201 - - [22/Nov/2024:18:25:26 -0800] "GET /19937884.shtml HTTP/1.0" 404 56106 "-" "Mozilla/5.0 (compatible; SemrushBot/7~bl; +http://www.semrush.com/bot.html)"
209.182.200.39 - - [22/Nov/2024:18:25:46 -0800] "POST /wp-cron.php?doing_wp_cron=1732328746.4495770931243896484375 HTTP/1.0" 200 - "-" "WordPress/6.7.1; https://misipress.com"
85.208.96.199 - - [22/Nov/2024:18:25:46 -0800] "GET /56419582.shtml HTTP/1.0" 404 56106 "-" "Mozilla/5.0 (compatible; SemrushBot/7~bl; +http://www.semrush.com/bot.html)"
209.182.200.39 - - [22/Nov/2024:18:26:10 -0800] "POST /wp-cron.php?doing_wp_cron=1732328770.0523600578308105468750 HTTP/1.0" 200 - "-" "WordPress/6.7.1; https://misipress.com"
85.208.96.200 - - [22/Nov/2024:18:26:09 -0800] "GET /61298824.shtml HTTP/1.0" 404 56106 "-" "Mozilla/5.0 (compatible; SemrushBot/7~bl; +http://www.semrush.com/bot.html)"
185.191.171.17 - - [22/Nov/2024:18:26:20 -0800] "GET /33735136.shtml HTTP/1.0" 404 56106 "-" "Mozilla/5.0 (compatible; SemrushBot/7~bl; +http://www.semrush.com/bot.html)"
85.208.96.205 - - [22/Nov/2024:18:26:31 -0800] "GET /41747080.shtml HTTP/1.0" 404 56106 "-" "Mozilla/5.0 (compatible; SemrushBot/7~bl; +http://www.semrush.com/bot.html)"
209.182.200.39 - - [22/Nov/2024:18:26:42 -0800] "POST /wp-cron.php?doing_wp_cron=1732328802.2525138854980468750000 HTTP/1.0" 200 - "-" "WordPress/6.7.1; https://misipress.com"
85.208.96.196 - - [22/Nov/2024:18:26:42 -0800] "GET /30124264.shtml HTTP/1.0" 404 56106 "-" "Mozilla/5.0 (compatible; SemrushBot/7~bl; +http://www.semrush.com/bot.html)"
209.182.200.39 - - [22/Nov/2024:18:27:02 -0800] "POST /wp-cron.php?doing_wp_cron=1732328822.3414959907531738281250 HTTP/1.0" 200 - "-" "WordPress/6.7.1; https://misipress.com"
85.208.96.196 - - [22/Nov/2024:18:27:02 -0800] "GET /38026966.shtml HTTP/1.0" 404 56106 "-" "Mozilla/5.0 (compatible; SemrushBot/7~bl; +http://www.semrush.com/bot.html)"
185.191.171.19 - - [22/Nov/2024:18:27:12 -0800] "GET /29684434.shtml HTTP/1.0" 404 56106 "-" "Mozilla/5.0 (compatible; SemrushBot/7~bl; +http://www.semrush.com/bot.html)"
85.208.96.207 - - [22/Nov/2024:18:27:24 -0800] "GET /19980220.shtml HTTP/1.0" 404 56106 "-" "Mozilla/5.0 (compatible; SemrushBot/7~bl; +http://www.semrush.com/bot.html)"
209.182.200.39 - - [22/Nov/2024:18:27:49 -0800] "POST /wp-cron.php?doing_wp_cron=1732328869.7127909660339355468750 HTTP/1.0" 200 - "-" "WordPress/6.7.1; https://misipress.com"
185.191.171.5 - - [22/Nov/2024:18:27:49 -0800] "GET /61171276.shtml HTTP/1.0" 404 56106 "-" "Mozilla/5.0 (compatible; SemrushBot/7~bl; +http://www.semrush.com/bot.html)"
209.182.200.39 - - [22/Nov/2024:18:28:45 -0800] "POST /wp-cron.php?doing_wp_cron=1732328925.8260259628295898437500 HTTP/1.0" 200 - "-" "WordPress/6.7.1; https://misipress.com"
85.208.96.211 - - [22/Nov/2024:18:28:45 -0800] "GET /23110204.shtml HTTP/1.0" 404 56106 "-" "Mozilla/5.0 (compatible; SemrushBot/7~bl; +http://www.semrush.com/bot.html)"
209.182.200.39 - - [22/Nov/2024:18:28:56 -0800] "POST /wp-cron.php?doing_wp_cron=1732328936.6024270057678222656250 HTTP/1.0" 200 - "-" "WordPress/6.7.1; https://misipress.com"
185.191.171.5 - - [22/Nov/2024:18:28:56 -0800] "GET /16558402.shtml HTTP/1.0" 404 56106 "-" "Mozilla/5.0 (compatible; SemrushBot/7~bl; +http://www.semrush.com/bot.html)"
85.208.96.200 - - [22/Nov/2024:18:29:07 -0800] "GET /37540570.shtml HTTP/1.0" 404 56106 "-" "Mozilla/5.0 (compatible; SemrushBot/7~bl; +http://www.semrush.com/bot.html)"
185.191.171.16 - - [22/Nov/2024:18:29:18 -0800] "GET /9939244.shtml HTTP/1.0" 404 56097 "-" "Mozilla/5.0 (compatible; SemrushBot/7~bl; +http://www.semrush.com/bot.html)"
185.191.171.5 - - [22/Nov/2024:18:29:31 -0800] "GET /38073658.shtml HTTP/1.0" 404 56106 "-" "Mozilla/5.0 (compatible; SemrushBot/7~bl; +http://www.semrush.com/bot.html)"
209.182.200.39 - - [22/Nov/2024:18:29:43 -0800] "POST /wp-cron.php?doing_wp_cron=1732328983.2975389957427978515625 HTTP/1.0" 200 - "-" "WordPress/6.7.1; https://misipress.com"
85.208.96.210 - - [22/Nov/2024:18:29:43 -0800] "GET /42844684.shtml HTTP/1.0" 404 56106 "-" "Mozilla/5.0 (compatible; SemrushBot/7~bl; +http://www.semrush.com/bot.html)"
185.191.171.14 - - [22/Nov/2024:18:29:54 -0800] "GET /13266346.shtml HTTP/1.0" 404 56106 "-" "Mozilla/5.0 (compatible; SemrushBot/7~bl; +http://www.semrush.com/bot.html)"
209.182.200.39 - - [22/Nov/2024:18:30:06 -0800] "POST /wp-cron.php?doing_wp_cron=1732329006.0596659183502197265625 HTTP/1.0" 200 - "-" "WordPress/6.7.1; https://misipress.com"
185.191.171.16 - - [22/Nov/2024:18:30:05 -0800] "GET /42685978.shtml HTTP/1.0" 404 56106 "-" "Mozilla/5.0 (compatible; SemrushBot/7~bl; +http://www.semrush.com/bot.html)"
185.191.171.16 - - [22/Nov/2024:18:30:17 -0800] "GET /19441048.shtml HTTP/1.0" 404 56106 "-" "Mozilla/5.0 (compatible; SemrushBot/7~bl; +http://www.semrush.com/bot.html)"
85.208.96.202 - - [22/Nov/2024:18:30:27 -0800] "GET /55472602.shtml HTTP/1.0" 404 56106 "-" "Mozilla/5.0 (compatible; SemrushBot/7~bl; +http://www.semrush.com/bot.html)"
209.182.200.39 - - [22/Nov/2024:18:30:38 -0800] "POST /wp-cron.php?doing_wp_cron=1732329038.6596729755401611328125 HTTP/1.0" 200 - "-" "WordPress/6.7.1; https://misipress.com"
85.208.96.199 - - [22/Nov/2024:18:30:38 -0800] "GET /45171238.shtml HTTP/1.0" 404 56106 "-" "Mozilla/5.0 (compatible; SemrushBot/7~bl; +http://www.semrush.com/bot.html)"
209.182.200.39 - - [22/Nov/2024:18:31:04 -0800] "POST /wp-cron.php?doing_wp_cron=1732329064.3061439990997314453125 HTTP/1.0" 200 - "-" "WordPress/6.7.1; https://misipress.com"
185.191.171.18 - - [22/Nov/2024:18:31:04 -0800] "GET /60642328.shtml HTTP/1.0" 404 56106 "-" "Mozilla/5.0 (compatible; SemrushBot/7~bl; +http://www.semrush.com/bot.html)"
85.208.96.207 - - [22/Nov/2024:18:31:14 -0800] "GET /40680688.shtml HTTP/1.0" 404 56106 "-" "Mozilla/5.0 (compatible; SemrushBot/7~bl; +http://www.semrush.com/bot.html)"
209.182.200.39 - - [22/Nov/2024:18:31:53 -0800] "POST /wp-cron.php?doing_wp_cron=1732329113.2081580162048339843750 HTTP/1.0" 200 - "-" "WordPress/6.7.1; https://misipress.com"
85.208.96.198 - - [22/Nov/2024:18:31:53 -0800] "GET /57166402.shtml HTTP/1.0" 404 56106 "-" "Mozilla/5.0 (compatible; SemrushBot/7~bl; +http://www.semrush.com/bot.html)"
209.182.200.39 - - [22/Nov/2024:18:32:04 -0800] "POST /wp-cron.php?doing_wp_cron=1732329124.2534980773925781250000 HTTP/1.0" 200 - "-" "WordPress/6.7.1; https://misipress.com"
85.208.96.202 - - [22/Nov/2024:18:32:04 -0800] "GET /22127908.shtml HTTP/1.0" 404 56106 "-" "Mozilla/5.0 (compatible; SemrushBot/7~bl; +http://www.semrush.com/bot.html)"
185.191.171.7 - - [22/Nov/2024:18:32:14 -0800] "GET /35025700.shtml HTTP/1.0" 404 56106 "-" "Mozilla/5.0 (compatible; SemrushBot/7~bl; +http://www.semrush.com/bot.html)"
85.208.96.204 - - [22/Nov/2024:18:32:25 -0800] "GET /59691874.shtml HTTP/1.0" 404 56106 "-" "Mozilla/5.0 (compatible; SemrushBot/7~bl; +http://www.semrush.com/bot.html)"
209.182.200.39 - - [22/Nov/2024:18:32:36 -0800] "POST /wp-cron.php?doing_wp_cron=1732329156.7865340709686279296875 HTTP/1.0" 200 - "-" "WordPress/6.7.1; https://misipress.com"
185.191.171.16 - - [22/Nov/2024:18:32:36 -0800] "GET /14162818.shtml HTTP/1.0" 404 56106 "-" "Mozilla/5.0 (compatible; SemrushBot/7~bl; +http://www.semrush.com/bot.html)"
85.208.96.197 - - [22/Nov/2024:18:32:47 -0800] "GET /36369526.shtml HTTP/1.0" 404 56106 "-" "Mozilla/5.0 (compatible; SemrushBot/7~bl; +http://www.semrush.com/bot.html)"
209.182.200.39 - - [22/Nov/2024:18:32:58 -0800] "POST /wp-cron.php?doing_wp_cron=1732329178.3493189811706542968750 HTTP/1.0" 200 - "-" "WordPress/6.7.1; https://misipress.com"
185.191.171.6 - - [22/Nov/2024:18:32:58 -0800] "GET /35441392.shtml HTTP/1.0" 404 56106 "-" "Mozilla/5.0 (compatible; SemrushBot/7~bl; +http://www.semrush.com/bot.html)"
85.208.96.210 - - [22/Nov/2024:18:33:30 -0800] "GET /58888066.shtml HTTP/1.0" 404 56106 "-" "Mozilla/5.0 (compatible; SemrushBot/7~bl; +http://www.semrush.com/bot.html)"
209.182.200.39 - - [22/Nov/2024:18:33:41 -0800] "POST /wp-cron.php?doing_wp_cron=1732329221.4553549289703369140625 HTTP/1.0" 200 - "-" "WordPress/6.7.1; https://misipress.com"
85.208.96.197 - - [22/Nov/2024:18:33:41 -0800] "GET /15583108.shtml HTTP/1.0" 404 56106 "-" "Mozilla/5.0 (compatible; SemrushBot/7~bl; +http://www.semrush.com/bot.html)"
185.191.171.2 - - [22/Nov/2024:18:33:52 -0800] "GET /15321856.shtml HTTP/1.0" 404 56106 "-" "Mozilla/5.0 (compatible; SemrushBot/7~bl; +http://www.semrush.com/bot.html)"
209.182.200.39 - - [22/Nov/2024:18:34:04 -0800] "POST /wp-cron.php?doing_wp_cron=1732329244.1202220916748046875000 HTTP/1.0" 200 - "-" "WordPress/6.7.1; https://misipress.com"
185.191.171.2 - - [22/Nov/2024:18:34:03 -0800] "GET /50247904.shtml HTTP/1.0" 404 56106 "-" "Mozilla/5.0 (compatible; SemrushBot/7~bl; +http://www.semrush.com/bot.html)"
85.208.96.212 - - [22/Nov/2024:18:34:14 -0800] "GET /29886268.shtml HTTP/1.0" 404 56106 "-" "Mozilla/5.0 (compatible; SemrushBot/7~bl; +http://www.semrush.com/bot.html)"
85.208.96.195 - - [22/Nov/2024:18:34:25 -0800] "GET /44505328.shtml HTTP/1.0" 404 56106 "-" "Mozilla/5.0 (compatible; SemrushBot/7~bl; +http://www.semrush.com/bot.html)"
209.182.200.39 - - [22/Nov/2024:18:34:37 -0800] "POST /wp-cron.php?doing_wp_cron=1732329277.3634769916534423828125 HTTP/1.0" 200 - "-" "WordPress/6.7.1; https://misipress.com"
185.191.171.16 - - [22/Nov/2024:18:34:37 -0800] "GET /37811650.shtml HTTP/1.0" 404 56106 "-" "Mozilla/5.0 (compatible; SemrushBot/7~bl; +http://www.semrush.com/bot.html)"
185.191.171.4 - - [22/Nov/2024:18:34:48 -0800] "GET /23275750.shtml HTTP/1.0" 404 56106 "-" "Mozilla/5.0 (compatible; SemrushBot/7~bl; +http://www.semrush.com/bot.html)"
209.182.200.39 - - [22/Nov/2024:18:35:07 -0800] "POST /wp-cron.php?doing_wp_cron=1732329307.0145649909973144531250 HTTP/1.0" 200 - "-" "WordPress/6.7.1; https://misipress.com"
185.191.171.5 - - [22/Nov/2024:18:35:06 -0800] "GET /57673912.shtml HTTP/1.0" 404 56106 "-" "Mozilla/5.0 (compatible; SemrushBot/7~bl; +http://www.semrush.com/bot.html)"
209.182.200.39 - - [22/Nov/2024:18:35:53 -0800] "POST /wp-cron.php?doing_wp_cron=1732329353.5671811103820800781250 HTTP/1.0" 200 - "-" "WordPress/6.7.1; https://misipress.com"
85.208.96.195 - - [22/Nov/2024:18:35:53 -0800] "GET /11133328.shtml HTTP/1.0" 404 56106 "-" "Mozilla/5.0 (compatible; SemrushBot/7~bl; +http://www.semrush.com/bot.html)"
209.182.200.39 - - [22/Nov/2024:18:36:05 -0800] "POST /wp-cron.php?doing_wp_cron=1732329365.6539740562438964843750 HTTP/1.0" 200 - "-" "WordPress/6.7.1; https://misipress.com"
85.208.96.208 - - [22/Nov/2024:18:36:05 -0800] "GET /tag/warned/ HTTP/1.0" 200 69934 "-" "Mozilla/5.0 (compatible; SemrushBot/7~bl; +http://www.semrush.com/bot.html)"
85.208.96.198 - - [22/Nov/2024:18:36:16 -0800] "GET /41301580.shtml HTTP/1.0" 404 56106 "-" "Mozilla/5.0 (compatible; SemrushBot/7~bl; +http://www.semrush.com/bot.html)"
209.182.200.39 - - [22/Nov/2024:18:36:50 -0800] "POST /wp-cron.php?doing_wp_cron=1732329410.1948618888854980468750 HTTP/1.0" 200 - "-" "WordPress/6.7.1; https://misipress.com"
185.191.171.4 - - [22/Nov/2024:18:36:50 -0800] "GET /26761720.shtml HTTP/1.0" 404 56106 "-" "Mozilla/5.0 (compatible; SemrushBot/7~bl; +http://www.semrush.com/bot.html)"
209.182.200.39 - - [22/Nov/2024:18:37:01 -0800] "POST /wp-cron.php?doing_wp_cron=1732329421.6680090427398681640625 HTTP/1.0" 200 - "-" "WordPress/6.7.1; https://misipress.com"
85.208.96.207 - - [22/Nov/2024:18:37:01 -0800] "GET /27161194.shtml HTTP/1.0" 404 56106 "-" "Mozilla/5.0 (compatible; SemrushBot/7~bl; +http://www.semrush.com/bot.html)"
85.208.96.200 - - [22/Nov/2024:18:37:12 -0800] "GET /33489832.shtml HTTP/1.0" 404 56106 "-" "Mozilla/5.0 (compatible; SemrushBot/7~bl; +http://www.semrush.com/bot.html)"
185.191.171.15 - - [22/Nov/2024:18:37:24 -0800] "GET /47332066.shtml HTTP/1.0" 404 56106 "-" "Mozilla/5.0 (compatible; SemrushBot/7~bl; +http://www.semrush.com/bot.html)"
209.182.200.39 - - [22/Nov/2024:18:37:35 -0800] "POST /wp-cron.php?doing_wp_cron=1732329455.9557240009307861328125 HTTP/1.0" 200 - "-" "WordPress/6.7.1; https://misipress.com"
185.191.171.1 - - [22/Nov/2024:18:37:35 -0800] "GET /39545104.shtml HTTP/1.0" 404 56106 "-" "Mozilla/5.0 (compatible; SemrushBot/7~bl; +http://www.semrush.com/bot.html)"
85.208.96.209 - - [22/Nov/2024:18:37:47 -0800] "GET /12078994.shtml HTTP/1.0" 404 56106 "-" "Mozilla/5.0 (compatible; SemrushBot/7~bl; +http://www.semrush.com/bot.html)"
209.182.200.39 - - [22/Nov/2024:18:37:59 -0800] "POST /wp-cron.php?doing_wp_cron=1732329479.2842760086059570312500 HTTP/1.0" 200 - "-" "WordPress/6.7.1; https://misipress.com"
85.208.96.212 - - [22/Nov/2024:18:37:59 -0800] "GET /60938374.shtml HTTP/1.0" 404 56106 "-" "Mozilla/5.0 (compatible; SemrushBot/7~bl; +http://www.semrush.com/bot.html)"
85.208.96.202 - - [22/Nov/2024:18:38:09 -0800] "GET /52683376.shtml HTTP/1.0" 404 56106 "-" "Mozilla/5.0 (compatible; SemrushBot/7~bl; +http://www.semrush.com/bot.html)"
185.191.171.17 - - [22/Nov/2024:18:38:20 -0800] "GET /27017590.shtml HTTP/1.0" 404 56106 "-" "Mozilla/5.0 (compatible; SemrushBot/7~bl; +http://www.semrush.com/bot.html)"
85.208.96.209 - - [22/Nov/2024:18:38:31 -0800] "GET /26123224.shtml HTTP/1.0" 404 56106 "-" "Mozilla/5.0 (compatible; SemrushBot/7~bl; +http://www.semrush.com/bot.html)"
209.182.200.39 - - [22/Nov/2024:18:38:43 -0800] "POST /wp-cron.php?doing_wp_cron=1732329523.1874489784240722656250 HTTP/1.0" 200 - "-" "WordPress/6.7.1; https://misipress.com"
85.208.96.196 - - [22/Nov/2024:18:38:43 -0800] "GET /40304164.shtml HTTP/1.0" 404 56106 "-" "Mozilla/5.0 (compatible; SemrushBot/7~bl; +http://www.semrush.com/bot.html)"
209.182.200.39 - - [22/Nov/2024:18:38:55 -0800] "POST /wp-cron.php?doing_wp_cron=1732329535.0015439987182617187500 HTTP/1.0" 200 - "-" "WordPress/6.7.1; https://misipress.com"
185.191.171.16 - - [22/Nov/2024:18:38:54 -0800] "GET /35545576.shtml HTTP/1.0" 404 56106 "-" "Mozilla/5.0 (compatible; SemrushBot/7~bl; +http://www.semrush.com/bot.html)"
185.191.171.15 - - [22/Nov/2024:18:39:07 -0800] "GET /30760132.shtml HTTP/1.0" 404 56106 "-" "Mozilla/5.0 (compatible; SemrushBot/7~bl; +http://www.semrush.com/bot.html)"
185.191.171.5 - - [22/Nov/2024:18:39:19 -0800] "GET /13723186.shtml HTTP/1.0" 404 56106 "-" "Mozilla/5.0 (compatible; SemrushBot/7~bl; +http://www.semrush.com/bot.html)"
5.133.192.168 - - [22/Nov/2024:18:39:30 -0800] "GET / HTTP/1.0" 200 122867 "-" "Mozilla/5.0 (Windows NT 10.0; Win64; x64) AppleWebKit/537.36 (KHTML, like Gecko) Chrome/105.0.0.0 Safari/537.36"
209.182.200.39 - - [22/Nov/2024:18:39:32 -0800] "POST /wp-cron.php?doing_wp_cron=1732329572.0387389659881591796875 HTTP/1.0" 200 - "-" "WordPress/6.7.1; https://misipress.com"
5.133.192.168 - - [22/Nov/2024:18:39:31 -0800] "GET /wp-content/uploads/2014/01/favicon.ico HTTP/1.0" 404 56358 "-" "Mozilla/5.0 (Windows NT 10.0; Win64; x64) AppleWebKit/537.36 (KHTML, like Gecko) Chrome/105.0.0.0 Safari/537.36"
185.191.171.1 - - [22/Nov/2024:18:39:37 -0800] "GET /61385710.shtml HTTP/1.0" 404 56106 "-" "Mozilla/5.0 (compatible; SemrushBot/7~bl; +http://www.semrush.com/bot.html)"
85.208.96.209 - - [22/Nov/2024:18:39:49 -0800] "GET /23267884.shtml HTTP/1.0" 404 56106 "-" "Mozilla/5.0 (compatible; SemrushBot/7~bl; +http://www.semrush.com/bot.html)"
209.182.200.39 - - [22/Nov/2024:18:40:12 -0800] "POST /wp-cron.php?doing_wp_cron=1732329612.4008650779724121093750 HTTP/1.0" 200 - "-" "WordPress/6.7.1; https://misipress.com"
185.191.171.19 - - [22/Nov/2024:18:40:12 -0800] "GET /11751574.shtml HTTP/1.0" 404 56106 "-" "Mozilla/5.0 (compatible; SemrushBot/7~bl; +http://www.semrush.com/bot.html)"
85.208.96.202 - - [22/Nov/2024:18:40:23 -0800] "GET /28967296.shtml HTTP/1.0" 404 56106 "-" "Mozilla/5.0 (compatible; SemrushBot/7~bl; +http://www.semrush.com/bot.html)"
85.208.96.193 - - [22/Nov/2024:18:41:30 -0800] "GET /44201164.shtml HTTP/1.0" 404 56106 "-" "Mozilla/5.0 (compatible; SemrushBot/7~bl; +http://www.semrush.com/bot.html)"
209.182.200.39 - - [22/Nov/2024:18:41:31 -0800] "POST /wp-cron.php?doing_wp_cron=1732329691.1027150154113769531250 HTTP/1.0" 200 - "-" "WordPress/6.7.1; https://misipress.com"
85.208.96.193 - - [22/Nov/2024:18:40:40 -0800] "GET /44201164.shtml HTTP/1.0" 404 16384 "-" "Mozilla/5.0 (compatible; SemrushBot/7~bl; +http://www.semrush.com/bot.html)"
209.182.200.39 - - [22/Nov/2024:18:41:52 -0800] "POST /wp-cron.php?doing_wp_cron=1732329712.4228279590606689453125 HTTP/1.0" 200 - "-" "WordPress/6.7.1; https://misipress.com"
85.208.96.207 - - [22/Nov/2024:18:41:52 -0800] "GET /21011944.shtml HTTP/1.0" 404 56106 "-" "Mozilla/5.0 (compatible; SemrushBot/7~bl; +http://www.semrush.com/bot.html)"
209.182.200.39 - - [22/Nov/2024:18:42:03 -0800] "POST /wp-cron.php?doing_wp_cron=1732329723.4044730663299560546875 HTTP/1.0" 200 - "-" "WordPress/6.7.1; https://misipress.com"
185.191.171.12 - - [22/Nov/2024:18:42:03 -0800] "GET /15870424.shtml HTTP/1.0" 404 56106 "-" "Mozilla/5.0 (compatible; SemrushBot/7~bl; +http://www.semrush.com/bot.html)"
85.208.96.207 - - [22/Nov/2024:18:42:14 -0800] "GET /26628970.shtml HTTP/1.0" 404 56106 "-" "Mozilla/5.0 (compatible; SemrushBot/7~bl; +http://www.semrush.com/bot.html)"
185.191.171.19 - - [22/Nov/2024:18:42:25 -0800] "GET /47724340.shtml HTTP/1.0" 404 56106 "-" "Mozilla/5.0 (compatible; SemrushBot/7~bl; +http://www.semrush.com/bot.html)"
209.182.200.39 - - [22/Nov/2024:18:42:36 -0800] "POST /wp-cron.php?doing_wp_cron=1732329756.6399810314178466796875 HTTP/1.0" 200 - "-" "WordPress/6.7.1; https://misipress.com"
