185.191.171.12 - - [22/Nov/2024:16:45:43 -0800] "GET /22229194.shtml HTTP/1.0" 404 56106 "-" "Mozilla/5.0 (compatible; SemrushBot/7~bl; +http://www.semrush.com/bot.html)"
209.182.200.39 - - [22/Nov/2024:16:45:56 -0800] "POST /wp-cron.php?doing_wp_cron=1732322756.5529921054840087890625 HTTP/1.0" 200 - "-" "WordPress/6.7.1; https://misipress.com"
185.191.171.13 - - [22/Nov/2024:16:45:56 -0800] "GET /35491576.shtml HTTP/1.0" 404 56106 "-" "Mozilla/5.0 (compatible; SemrushBot/7~bl; +http://www.semrush.com/bot.html)"
185.191.171.15 - - [22/Nov/2024:16:46:07 -0800] "GET /9952384.shtml HTTP/1.0" 404 56097 "-" "Mozilla/5.0 (compatible; SemrushBot/7~bl; +http://www.semrush.com/bot.html)"
185.191.171.16 - - [22/Nov/2024:16:46:19 -0800] "GET /37076926.shtml HTTP/1.0" 404 56106 "-" "Mozilla/5.0 (compatible; SemrushBot/7~bl; +http://www.semrush.com/bot.html)"
185.191.171.16 - - [22/Nov/2024:16:46:30 -0800] "GET /52484494.shtml HTTP/1.0" 404 56106 "-" "Mozilla/5.0 (compatible; SemrushBot/7~bl; +http://www.semrush.com/bot.html)"
209.182.200.39 - - [22/Nov/2024:16:46:43 -0800] "POST /wp-cron.php?doing_wp_cron=1732322803.2307291030883789062500 HTTP/1.0" 200 - "-" "WordPress/6.7.1; https://misipress.com"
185.191.171.14 - - [22/Nov/2024:16:46:43 -0800] "GET /31940266.shtml HTTP/1.0" 404 56106 "-" "Mozilla/5.0 (compatible; SemrushBot/7~bl; +http://www.semrush.com/bot.html)"
209.182.200.39 - - [22/Nov/2024:16:46:55 -0800] "POST /wp-cron.php?doing_wp_cron=1732322815.1278839111328125000000 HTTP/1.0" 200 - "-" "WordPress/6.7.1; https://misipress.com"
185.191.171.12 - - [22/Nov/2024:16:46:54 -0800] "GET /19685236.shtml HTTP/1.0" 404 56106 "-" "Mozilla/5.0 (compatible; SemrushBot/7~bl; +http://www.semrush.com/bot.html)"
185.191.171.15 - - [22/Nov/2024:16:47:27 -0800] "GET /27108094.shtml HTTP/1.0" 404 56106 "-" "Mozilla/5.0 (compatible; SemrushBot/7~bl; +http://www.semrush.com/bot.html)"
209.182.200.39 - - [22/Nov/2024:16:47:38 -0800] "POST /wp-cron.php?doing_wp_cron=1732322858.3324120044708251953125 HTTP/1.0" 200 - "-" "WordPress/6.7.1; https://misipress.com"
85.208.96.195 - - [22/Nov/2024:16:47:38 -0800] "GET /29738092.shtml HTTP/1.0" 404 56106 "-" "Mozilla/5.0 (compatible; SemrushBot/7~bl; +http://www.semrush.com/bot.html)"
85.208.96.210 - - [22/Nov/2024:16:47:49 -0800] "GET /19308856.shtml HTTP/1.0" 404 56106 "-" "Mozilla/5.0 (compatible; SemrushBot/7~bl; +http://www.semrush.com/bot.html)"
209.182.200.39 - - [22/Nov/2024:16:48:01 -0800] "POST /wp-cron.php?doing_wp_cron=1732322881.2732479572296142578125 HTTP/1.0" 200 - "-" "WordPress/6.7.1; https://misipress.com"
185.191.171.16 - - [22/Nov/2024:16:48:01 -0800] "GET /44391118.shtml HTTP/1.0" 404 56106 "-" "Mozilla/5.0 (compatible; SemrushBot/7~bl; +http://www.semrush.com/bot.html)"
185.191.171.15 - - [22/Nov/2024:16:48:12 -0800] "GET /45345640.shtml HTTP/1.0" 404 56106 "-" "Mozilla/5.0 (compatible; SemrushBot/7~bl; +http://www.semrush.com/bot.html)"
185.191.171.13 - - [22/Nov/2024:16:48:24 -0800] "GET /21590320.shtml HTTP/1.0" 404 56106 "-" "Mozilla/5.0 (compatible; SemrushBot/7~bl; +http://www.semrush.com/bot.html)"
209.182.200.39 - - [22/Nov/2024:16:48:35 -0800] "POST /wp-cron.php?doing_wp_cron=1732322915.5617849826812744140625 HTTP/1.0" 200 - "-" "WordPress/6.7.1; https://misipress.com"
185.191.171.7 - - [22/Nov/2024:16:48:35 -0800] "GET /34481668.shtml HTTP/1.0" 404 56106 "-" "Mozilla/5.0 (compatible; SemrushBot/7~bl; +http://www.semrush.com/bot.html)"
85.208.96.193 - - [22/Nov/2024:16:48:46 -0800] "GET /51057454.shtml HTTP/1.0" 404 56106 "-" "Mozilla/5.0 (compatible; SemrushBot/7~bl; +http://www.semrush.com/bot.html)"
209.182.200.39 - - [22/Nov/2024:16:48:56 -0800] "POST /wp-cron.php?doing_wp_cron=1732322936.9383220672607421875000 HTTP/1.0" 200 - "-" "WordPress/6.7.1; https://misipress.com"
85.208.96.200 - - [22/Nov/2024:16:48:56 -0800] "GET /26549626.shtml HTTP/1.0" 404 56106 "-" "Mozilla/5.0 (compatible; SemrushBot/7~bl; +http://www.semrush.com/bot.html)"
185.191.171.1 - - [22/Nov/2024:16:49:07 -0800] "GET /61672756.shtml HTTP/1.0" 404 56106 "-" "Mozilla/5.0 (compatible; SemrushBot/7~bl; +http://www.semrush.com/bot.html)"
185.191.171.16 - - [22/Nov/2024:16:49:29 -0800] "GET /30918784.shtml HTTP/1.0" 404 56106 "-" "Mozilla/5.0 (compatible; SemrushBot/7~bl; +http://www.semrush.com/bot.html)"
209.182.200.39 - - [22/Nov/2024:16:49:41 -0800] "POST /wp-cron.php?doing_wp_cron=1732322981.9459440708160400390625 HTTP/1.0" 200 - "-" "WordPress/6.7.1; https://misipress.com"
185.191.171.1 - - [22/Nov/2024:16:49:41 -0800] "GET /29474284.shtml HTTP/1.0" 404 56106 "-" "Mozilla/5.0 (compatible; SemrushBot/7~bl; +http://www.semrush.com/bot.html)"
85.208.96.193 - - [22/Nov/2024:16:49:52 -0800] "GET /16876570.shtml HTTP/1.0" 404 56106 "-" "Mozilla/5.0 (compatible; SemrushBot/7~bl; +http://www.semrush.com/bot.html)"
209.182.200.39 - - [22/Nov/2024:16:50:06 -0800] "POST /wp-cron.php?doing_wp_cron=1732323006.2413160800933837890625 HTTP/1.0" 200 - "-" "WordPress/6.7.1; https://misipress.com"
85.208.96.204 - - [22/Nov/2024:16:50:06 -0800] "GET /20178508.shtml HTTP/1.0" 404 56106 "-" "Mozilla/5.0 (compatible; SemrushBot/7~bl; +http://www.semrush.com/bot.html)"
85.208.96.206 - - [22/Nov/2024:16:50:18 -0800] "GET /55283350.shtml HTTP/1.0" 404 56106 "-" "Mozilla/5.0 (compatible; SemrushBot/7~bl; +http://www.semrush.com/bot.html)"
85.208.96.194 - - [22/Nov/2024:16:50:29 -0800] "GET /54205276.shtml HTTP/1.0" 404 56106 "-" "Mozilla/5.0 (compatible; SemrushBot/7~bl; +http://www.semrush.com/bot.html)"
209.182.200.39 - - [22/Nov/2024:16:50:40 -0800] "POST /wp-cron.php?doing_wp_cron=1732323040.2089331150054931640625 HTTP/1.0" 200 - "-" "WordPress/6.7.1; https://misipress.com"
85.208.96.196 - - [22/Nov/2024:16:50:40 -0800] "GET /37412824.shtml HTTP/1.0" 404 56106 "-" "Mozilla/5.0 (compatible; SemrushBot/7~bl; +http://www.semrush.com/bot.html)"
209.182.200.39 - - [22/Nov/2024:16:50:51 -0800] "POST /wp-cron.php?doing_wp_cron=1732323051.4974370002746582031250 HTTP/1.0" 200 - "-" "WordPress/6.7.1; https://misipress.com"
185.191.171.12 - - [22/Nov/2024:16:50:51 -0800] "GET /38092126.shtml HTTP/1.0" 404 56106 "-" "Mozilla/5.0 (compatible; SemrushBot/7~bl; +http://www.semrush.com/bot.html)"
209.182.200.39 - - [22/Nov/2024:16:51:02 -0800] "POST /wp-cron.php?doing_wp_cron=1732323062.9483499526977539062500 HTTP/1.0" 200 - "-" "WordPress/6.7.1; https://misipress.com"
185.191.171.7 - - [22/Nov/2024:16:51:02 -0800] "GET /21292780.shtml HTTP/1.0" 404 56106 "-" "Mozilla/5.0 (compatible; SemrushBot/7~bl; +http://www.semrush.com/bot.html)"
198.98.51.185 - - [22/Nov/2024:16:51:11 -0800] "GET /wp-login.php HTTP/1.0" 200 6009 "-" "Mozilla/5.0 (X11; Linux x86_64; rv:31.0) Gecko/20100101 Firefox/31.0"
198.98.51.185 - - [22/Nov/2024:16:51:12 -0800] "POST /wp-login.php HTTP/1.0" 200 6484 "-" "Mozilla/5.0 (X11; Linux x86_64; rv:31.0) Gecko/20100101 Firefox/31.0"
185.191.171.16 - - [22/Nov/2024:16:51:14 -0800] "GET /60583216.shtml HTTP/1.0" 404 56106 "-" "Mozilla/5.0 (compatible; SemrushBot/7~bl; +http://www.semrush.com/bot.html)"
185.191.171.14 - - [22/Nov/2024:16:51:26 -0800] "GET /36588640.shtml HTTP/1.0" 404 56106 "-" "Mozilla/5.0 (compatible; SemrushBot/7~bl; +http://www.semrush.com/bot.html)"
209.182.200.39 - - [22/Nov/2024:16:51:48 -0800] "POST /wp-cron.php?doing_wp_cron=1732323108.6861391067504882812500 HTTP/1.0" 200 - "-" "WordPress/6.7.1; https://misipress.com"
185.191.171.4 - - [22/Nov/2024:16:51:48 -0800] "GET /58000018.shtml HTTP/1.0" 404 56106 "-" "Mozilla/5.0 (compatible; SemrushBot/7~bl; +http://www.semrush.com/bot.html)"
209.182.200.39 - - [22/Nov/2024:16:52:00 -0800] "POST /wp-cron.php?doing_wp_cron=1732323120.3278019428253173828125 HTTP/1.0" 200 - "-" "WordPress/6.7.1; https://misipress.com"
185.191.171.11 - - [22/Nov/2024:16:52:00 -0800] "GET /50874790.shtml HTTP/1.0" 404 56106 "-" "Mozilla/5.0 (compatible; SemrushBot/7~bl; +http://www.semrush.com/bot.html)"
85.208.96.200 - - [22/Nov/2024:16:52:13 -0800] "GET /63058828.shtml HTTP/1.0" 404 56106 "-" "Mozilla/5.0 (compatible; SemrushBot/7~bl; +http://www.semrush.com/bot.html)"
185.191.171.17 - - [22/Nov/2024:16:52:24 -0800] "GET /34091698.shtml HTTP/1.0" 404 56106 "-" "Mozilla/5.0 (compatible; SemrushBot/7~bl; +http://www.semrush.com/bot.html)"
209.182.200.39 - - [22/Nov/2024:16:52:40 -0800] "POST /wp-cron.php?doing_wp_cron=1732323159.9815950393676757812500 HTTP/1.0" 200 - "-" "WordPress/6.7.1; https://misipress.com"
85.208.96.207 - - [22/Nov/2024:16:52:39 -0800] "GET /19585750.shtml HTTP/1.0" 404 56106 "-" "Mozilla/5.0 (compatible; SemrushBot/7~bl; +http://www.semrush.com/bot.html)"
185.191.171.9 - - [22/Nov/2024:16:52:51 -0800] "GET /50186650.shtml HTTP/1.0" 404 56106 "-" "Mozilla/5.0 (compatible; SemrushBot/7~bl; +http://www.semrush.com/bot.html)"
209.182.200.39 - - [22/Nov/2024:16:53:02 -0800] "POST /wp-cron.php?doing_wp_cron=1732323182.9096500873565673828125 HTTP/1.0" 200 - "-" "WordPress/6.7.1; https://misipress.com"
85.208.96.211 - - [22/Nov/2024:16:53:02 -0800] "GET /iran-israel-live-uk-armed-forces-played-their-part-as-ww3-feared-world-news/ HTTP/1.0" 200 71485 "-" "Mozilla/5.0 (compatible; SemrushBot/7~bl; +http://www.semrush.com/bot.html)"
209.182.200.39 - - [22/Nov/2024:16:53:50 -0800] "POST /wp-cron.php?doing_wp_cron=1732323230.1593959331512451171875 HTTP/1.0" 200 - "-" "WordPress/6.7.1; https://misipress.com"
185.191.171.7 - - [22/Nov/2024:16:53:49 -0800] "GET /27001372.shtml HTTP/1.0" 404 56106 "-" "Mozilla/5.0 (compatible; SemrushBot/7~bl; +http://www.semrush.com/bot.html)"
209.182.200.39 - - [22/Nov/2024:16:54:04 -0800] "POST /wp-cron.php?doing_wp_cron=1732323244.3633539676666259765625 HTTP/1.0" 200 - "-" "WordPress/6.7.1; https://misipress.com"
185.191.171.11 - - [22/Nov/2024:16:54:04 -0800] "GET /53707036.shtml HTTP/1.0" 404 56106 "-" "Mozilla/5.0 (compatible; SemrushBot/7~bl; +http://www.semrush.com/bot.html)"
185.191.171.4 - - [22/Nov/2024:16:54:13 -0800] "GET /robots.txt HTTP/1.0" 200 30 "-" "Mozilla/5.0 (compatible; SemrushBot/7~bl; +http://www.semrush.com/bot.html)"
85.208.96.197 - - [22/Nov/2024:16:54:15 -0800] "GET /26018572.shtml HTTP/1.0" 404 56106 "-" "Mozilla/5.0 (compatible; SemrushBot/7~bl; +http://www.semrush.com/bot.html)"
185.191.171.11 - - [22/Nov/2024:16:54:31 -0800] "GET /tag/teeth/ HTTP/1.0" 200 67986 "-" "Mozilla/5.0 (compatible; SemrushBot/7~bl; +http://www.semrush.com/bot.html)"
209.182.200.39 - - [22/Nov/2024:16:54:42 -0800] "POST /wp-cron.php?doing_wp_cron=1732323282.4221439361572265625000 HTTP/1.0" 200 - "-" "WordPress/6.7.1; https://misipress.com"
85.208.96.203 - - [22/Nov/2024:16:54:42 -0800] "GET /31479628.shtml HTTP/1.0" 404 56106 "-" "Mozilla/5.0 (compatible; SemrushBot/7~bl; +http://www.semrush.com/bot.html)"
85.208.96.194 - - [22/Nov/2024:16:54:53 -0800] "GET /59470060.shtml HTTP/1.0" 404 56106 "-" "Mozilla/5.0 (compatible; SemrushBot/7~bl; +http://www.semrush.com/bot.html)"
209.182.200.39 - - [22/Nov/2024:16:55:04 -0800] "POST /wp-cron.php?doing_wp_cron=1732323304.1468060016632080078125 HTTP/1.0" 200 - "-" "WordPress/6.7.1; https://misipress.com"
85.208.96.206 - - [22/Nov/2024:16:55:03 -0800] "GET /20344234.shtml HTTP/1.0" 404 56106 "-" "Mozilla/5.0 (compatible; SemrushBot/7~bl; +http://www.semrush.com/bot.html)"
185.191.171.7 - - [22/Nov/2024:16:55:14 -0800] "GET /32592820.shtml HTTP/1.0" 404 56106 "-" "Mozilla/5.0 (compatible; SemrushBot/7~bl; +http://www.semrush.com/bot.html)"
85.208.96.198 - - [22/Nov/2024:16:55:25 -0800] "GET /17510530.shtml HTTP/1.0" 404 56106 "-" "Mozilla/5.0 (compatible; SemrushBot/7~bl; +http://www.semrush.com/bot.html)"
209.182.200.39 - - [22/Nov/2024:16:55:36 -0800] "POST /wp-cron.php?doing_wp_cron=1732323336.3301680088043212890625 HTTP/1.0" 200 - "-" "WordPress/6.7.1; https://misipress.com"
85.208.96.195 - - [22/Nov/2024:16:55:36 -0800] "GET /32770228.shtml HTTP/1.0" 404 56106 "-" "Mozilla/5.0 (compatible; SemrushBot/7~bl; +http://www.semrush.com/bot.html)"
185.191.171.7 - - [22/Nov/2024:16:55:47 -0800] "GET /36187042.shtml HTTP/1.0" 404 56106 "-" "Mozilla/5.0 (compatible; SemrushBot/7~bl; +http://www.semrush.com/bot.html)"
209.182.200.39 - - [22/Nov/2024:16:55:58 -0800] "POST /wp-cron.php?doing_wp_cron=1732323358.8283460140228271484375 HTTP/1.0" 200 - "-" "WordPress/6.7.1; https://misipress.com"
85.208.96.210 - - [22/Nov/2024:16:55:58 -0800] "GET /62505256.shtml HTTP/1.0" 404 56106 "-" "Mozilla/5.0 (compatible; SemrushBot/7~bl; +http://www.semrush.com/bot.html)"
85.208.96.193 - - [22/Nov/2024:16:56:09 -0800] "GET /62347162.shtml HTTP/1.0" 404 56106 "-" "Mozilla/5.0 (compatible; SemrushBot/7~bl; +http://www.semrush.com/bot.html)"
85.208.96.212 - - [22/Nov/2024:16:56:20 -0800] "GET /21729514.shtml HTTP/1.0" 404 56106 "-" "Mozilla/5.0 (compatible; SemrushBot/7~bl; +http://www.semrush.com/bot.html)"
85.208.96.195 - - [22/Nov/2024:16:56:31 -0800] "GET /55681564.shtml HTTP/1.0" 404 56106 "-" "Mozilla/5.0 (compatible; SemrushBot/7~bl; +http://www.semrush.com/bot.html)"
209.182.200.39 - - [22/Nov/2024:16:56:42 -0800] "POST /wp-cron.php?doing_wp_cron=1732323402.1789600849151611328125 HTTP/1.0" 200 - "-" "WordPress/6.7.1; https://misipress.com"
85.208.96.195 - - [22/Nov/2024:16:56:41 -0800] "GET /19672978.shtml HTTP/1.0" 404 56106 "-" "Mozilla/5.0 (compatible; SemrushBot/7~bl; +http://www.semrush.com/bot.html)"
185.191.171.11 - - [22/Nov/2024:16:56:53 -0800] "GET /27585454.shtml HTTP/1.0" 404 56106 "-" "Mozilla/5.0 (compatible; SemrushBot/7~bl; +http://www.semrush.com/bot.html)"
209.182.200.39 - - [22/Nov/2024:16:57:04 -0800] "POST /wp-cron.php?doing_wp_cron=1732323424.1438519954681396484375 HTTP/1.0" 200 - "-" "WordPress/6.7.1; https://misipress.com"
85.208.96.205 - - [22/Nov/2024:16:57:03 -0800] "GET /61597876.shtml HTTP/1.0" 404 56106 "-" "Mozilla/5.0 (compatible; SemrushBot/7~bl; +http://www.semrush.com/bot.html)"
85.208.96.208 - - [22/Nov/2024:16:57:15 -0800] "GET /31627390.shtml HTTP/1.0" 404 56106 "-" "Mozilla/5.0 (compatible; SemrushBot/7~bl; +http://www.semrush.com/bot.html)"
209.182.200.39 - - [22/Nov/2024:16:57:52 -0800] "POST /wp-cron.php?doing_wp_cron=1732323472.7117118835449218750000 HTTP/1.0" 200 - "-" "WordPress/6.7.1; https://misipress.com"
185.191.171.6 - - [22/Nov/2024:16:57:52 -0800] "GET /25640248.shtml HTTP/1.0" 404 56106 "-" "Mozilla/5.0 (compatible; SemrushBot/7~bl; +http://www.semrush.com/bot.html)"
209.182.200.39 - - [22/Nov/2024:16:58:05 -0800] "POST /wp-cron.php?doing_wp_cron=1732323485.0466139316558837890625 HTTP/1.0" 200 - "-" "WordPress/6.7.1; https://misipress.com"
185.191.171.16 - - [22/Nov/2024:16:58:04 -0800] "GET /36293044.shtml HTTP/1.0" 404 56106 "-" "Mozilla/5.0 (compatible; SemrushBot/7~bl; +http://www.semrush.com/bot.html)"
185.191.171.17 - - [22/Nov/2024:16:58:16 -0800] "GET /45324328.shtml HTTP/1.0" 404 56106 "-" "Mozilla/5.0 (compatible; SemrushBot/7~bl; +http://www.semrush.com/bot.html)"
185.191.171.17 - - [22/Nov/2024:16:58:27 -0800] "GET /pirates-of-the-caribbean-casting-is-davy-jones-still-alive-through-his-son-2/ HTTP/1.0" 200 69167 "-" "Mozilla/5.0 (compatible; SemrushBot/7~bl; +http://www.semrush.com/bot.html)"
185.191.171.17 - - [22/Nov/2024:16:58:28 -0800] "GET /pirates-of-the-caribbean-casting-is-davy-jones-still-alive-through-his-son-2/ HTTP/1.0" 200 69167 "-" "Mozilla/5.0 (compatible; SemrushBot/7~bl; +http://www.semrush.com/bot.html)"
209.182.200.39 - - [22/Nov/2024:16:58:39 -0800] "POST /wp-cron.php?doing_wp_cron=1732323519.6528449058532714843750 HTTP/1.0" 200 - "-" "WordPress/6.7.1; https://misipress.com"
185.191.171.12 - - [22/Nov/2024:16:58:39 -0800] "GET /40564228.shtml HTTP/1.0" 404 56106 "-" "Mozilla/5.0 (compatible; SemrushBot/7~bl; +http://www.semrush.com/bot.html)"
185.191.171.16 - - [22/Nov/2024:16:58:50 -0800] "GET /38753104.shtml HTTP/1.0" 404 56106 "-" "Mozilla/5.0 (compatible; SemrushBot/7~bl; +http://www.semrush.com/bot.html)"
209.182.200.39 - - [22/Nov/2024:16:59:02 -0800] "POST /wp-cron.php?doing_wp_cron=1732323542.4413659572601318359375 HTTP/1.0" 200 - "-" "WordPress/6.7.1; https://misipress.com"
185.191.171.11 - - [22/Nov/2024:16:59:02 -0800] "GET /62612626.shtml HTTP/1.0" 404 56106 "-" "Mozilla/5.0 (compatible; SemrushBot/7~bl; +http://www.semrush.com/bot.html)"
185.191.171.12 - - [22/Nov/2024:16:59:13 -0800] "GET /44479030.shtml HTTP/1.0" 404 56106 "-" "Mozilla/5.0 (compatible; SemrushBot/7~bl; +http://www.semrush.com/bot.html)"
185.191.171.19 - - [22/Nov/2024:16:59:24 -0800] "GET /15667780.shtml HTTP/1.0" 404 56106 "-" "Mozilla/5.0 (compatible; SemrushBot/7~bl; +http://www.semrush.com/bot.html)"
209.182.200.39 - - [22/Nov/2024:16:59:36 -0800] "POST /wp-cron.php?doing_wp_cron=1732323576.5145459175109863281250 HTTP/1.0" 200 - "-" "WordPress/6.7.1; https://misipress.com"
185.191.171.14 - - [22/Nov/2024:16:59:36 -0800] "GET /25683466.shtml HTTP/1.0" 404 56106 "-" "Mozilla/5.0 (compatible; SemrushBot/7~bl; +http://www.semrush.com/bot.html)"
85.208.96.206 - - [22/Nov/2024:16:59:47 -0800] "GET /18774310.shtml HTTP/1.0" 404 56106 "-" "Mozilla/5.0 (compatible; SemrushBot/7~bl; +http://www.semrush.com/bot.html)"
209.182.200.39 - - [22/Nov/2024:16:59:59 -0800] "POST /wp-cron.php?doing_wp_cron=1732323599.0463459491729736328125 HTTP/1.0" 200 - "-" "WordPress/6.7.1; https://misipress.com"
85.208.96.193 - - [22/Nov/2024:16:59:58 -0800] "GET /10571026.shtml HTTP/1.0" 404 56106 "-" "Mozilla/5.0 (compatible; SemrushBot/7~bl; +http://www.semrush.com/bot.html)"
185.191.171.8 - - [22/Nov/2024:17:00:09 -0800] "GET /57685666.shtml HTTP/1.0" 404 56106 "-" "Mozilla/5.0 (compatible; SemrushBot/7~bl; +http://www.semrush.com/bot.html)"
85.208.96.196 - - [22/Nov/2024:17:00:20 -0800] "GET /51564982.shtml HTTP/1.0" 404 56106 "-" "Mozilla/5.0 (compatible; SemrushBot/7~bl; +http://www.semrush.com/bot.html)"
185.191.171.6 - - [22/Nov/2024:17:00:31 -0800] "GET /44029282.shtml HTTP/1.0" 404 56106 "-" "Mozilla/5.0 (compatible; SemrushBot/7~bl; +http://www.semrush.com/bot.html)"
209.182.200.39 - - [22/Nov/2024:17:00:42 -0800] "POST /wp-cron.php?doing_wp_cron=1732323642.3862400054931640625000 HTTP/1.0" 200 - "-" "WordPress/6.7.1; https://misipress.com"
185.191.171.18 - - [22/Nov/2024:17:00:42 -0800] "GET /31563796.shtml HTTP/1.0" 404 56106 "-" "Mozilla/5.0 (compatible; SemrushBot/7~bl; +http://www.semrush.com/bot.html)"
209.182.200.39 - - [22/Nov/2024:17:00:53 -0800] "POST /wp-cron.php?doing_wp_cron=1732323653.3113811016082763671875 HTTP/1.0" 200 - "-" "WordPress/6.7.1; https://misipress.com"
85.208.96.200 - - [22/Nov/2024:17:00:53 -0800] "GET /15534976.shtml HTTP/1.0" 404 56106 "-" "Mozilla/5.0 (compatible; SemrushBot/7~bl; +http://www.semrush.com/bot.html)"
209.182.200.39 - - [22/Nov/2024:17:01:04 -0800] "POST /wp-cron.php?doing_wp_cron=1732323664.0868880748748779296875 HTTP/1.0" 200 - "-" "WordPress/6.7.1; https://misipress.com"
85.208.96.208 - - [22/Nov/2024:17:01:03 -0800] "GET /25725028.shtml HTTP/1.0" 404 56106 "-" "Mozilla/5.0 (compatible; SemrushBot/7~bl; +http://www.semrush.com/bot.html)"
85.208.96.194 - - [22/Nov/2024:17:01:14 -0800] "GET /51520576.shtml HTTP/1.0" 404 56106 "-" "Mozilla/5.0 (compatible; SemrushBot/7~bl; +http://www.semrush.com/bot.html)"
209.182.200.39 - - [22/Nov/2024:17:01:40 -0800] "POST /wp-cron.php?doing_wp_cron=1732323700.4710540771484375000000 HTTP/1.0" 200 - "-" "WordPress/6.7.1; https://misipress.com"
85.208.96.210 - - [22/Nov/2024:17:01:40 -0800] "GET /58051282.shtml HTTP/1.0" 404 56106 "-" "Mozilla/5.0 (compatible; SemrushBot/7~bl; +http://www.semrush.com/bot.html)"
85.208.96.194 - - [22/Nov/2024:17:01:53 -0800] "GET /34330828.shtml HTTP/1.0" 404 56106 "-" "Mozilla/5.0 (compatible; SemrushBot/7~bl; +http://www.semrush.com/bot.html)"
209.182.200.39 - - [22/Nov/2024:17:02:12 -0800] "POST /wp-cron.php?doing_wp_cron=1732323732.9171319007873535156250 HTTP/1.0" 200 - "-" "WordPress/6.7.1; https://misipress.com"
85.208.96.194 - - [22/Nov/2024:17:02:12 -0800] "GET /53856328.shtml HTTP/1.0" 404 56106 "-" "Mozilla/5.0 (compatible; SemrushBot/7~bl; +http://www.semrush.com/bot.html)"
85.208.96.200 - - [22/Nov/2024:17:02:23 -0800] "GET /36614056.shtml HTTP/1.0" 404 56106 "-" "Mozilla/5.0 (compatible; SemrushBot/7~bl; +http://www.semrush.com/bot.html)"
209.182.200.39 - - [22/Nov/2024:17:02:35 -0800] "POST /wp-cron.php?doing_wp_cron=1732323755.3316950798034667968750 HTTP/1.0" 200 - "-" "WordPress/6.7.1; https://misipress.com"
85.208.96.206 - - [22/Nov/2024:17:02:35 -0800] "GET /44018284.shtml HTTP/1.0" 404 56106 "-" "Mozilla/5.0 (compatible; SemrushBot/7~bl; +http://www.semrush.com/bot.html)"
185.191.171.12 - - [22/Nov/2024:17:02:46 -0800] "GET /22296298.shtml HTTP/1.0" 404 56106 "-" "Mozilla/5.0 (compatible; SemrushBot/7~bl; +http://www.semrush.com/bot.html)"
209.141.56.53 - - [22/Nov/2024:17:02:49 -0800] "GET /wp-login.php HTTP/1.0" 200 6009 "-" "Mozilla/5.0 (Macintosh; Intel Mac OS X 10_9_0) AppleWebKit/537.36 (KHTML, like Gecko) Chrome/36.0.1985.125 Safari/537.36"
209.141.56.53 - - [22/Nov/2024:17:02:49 -0800] "POST /wp-login.php HTTP/1.0" 200 6484 "-" "Mozilla/5.0 (Macintosh; Intel Mac OS X 10_9_0) AppleWebKit/537.36 (KHTML, like Gecko) Chrome/36.0.1985.125 Safari/537.36"
209.182.200.39 - - [22/Nov/2024:17:02:58 -0800] "POST /wp-cron.php?doing_wp_cron=1732323778.2871770858764648437500 HTTP/1.0" 200 - "-" "WordPress/6.7.1; https://misipress.com"
185.191.171.10 - - [22/Nov/2024:17:02:58 -0800] "GET /14475064.shtml HTTP/1.0" 404 56106 "-" "Mozilla/5.0 (compatible; SemrushBot/7~bl; +http://www.semrush.com/bot.html)"
85.208.96.203 - - [22/Nov/2024:17:03:09 -0800] "GET /33493702.shtml HTTP/1.0" 404 56106 "-" "Mozilla/5.0 (compatible; SemrushBot/7~bl; +http://www.semrush.com/bot.html)"
85.208.96.194 - - [22/Nov/2024:17:03:20 -0800] "GET /14488042.shtml HTTP/1.0" 404 56106 "-" "Mozilla/5.0 (compatible; SemrushBot/7~bl; +http://www.semrush.com/bot.html)"
85.208.96.206 - - [22/Nov/2024:17:03:31 -0800] "GET /54507676.shtml HTTP/1.0" 404 56106 "-" "Mozilla/5.0 (compatible; SemrushBot/7~bl; +http://www.semrush.com/bot.html)"
209.182.200.39 - - [22/Nov/2024:17:03:42 -0800] "POST /wp-cron.php?doing_wp_cron=1732323822.7797269821166992187500 HTTP/1.0" 200 - "-" "WordPress/6.7.1; https://misipress.com"
85.208.96.197 - - [22/Nov/2024:17:03:42 -0800] "GET /24259270.shtml HTTP/1.0" 404 56106 "-" "Mozilla/5.0 (compatible; SemrushBot/7~bl; +http://www.semrush.com/bot.html)"
185.191.171.7 - - [22/Nov/2024:17:03:53 -0800] "GET /13009306.shtml HTTP/1.0" 404 56106 "-" "Mozilla/5.0 (compatible; SemrushBot/7~bl; +http://www.semrush.com/bot.html)"
209.182.200.39 - - [22/Nov/2024:17:04:04 -0800] "POST /wp-cron.php?doing_wp_cron=1732323844.6736888885498046875000 HTTP/1.0" 200 - "-" "WordPress/6.7.1; https://misipress.com"
85.208.96.201 - - [22/Nov/2024:17:04:04 -0800] "GET /38153632.shtml HTTP/1.0" 404 56106 "-" "Mozilla/5.0 (compatible; SemrushBot/7~bl; +http://www.semrush.com/bot.html)"
85.208.96.204 - - [22/Nov/2024:17:04:15 -0800] "GET /31033624.shtml HTTP/1.0" 404 56106 "-" "Mozilla/5.0 (compatible; SemrushBot/7~bl; +http://www.semrush.com/bot.html)"
85.208.96.194 - - [22/Nov/2024:17:04:26 -0800] "GET /10108462.shtml HTTP/1.0" 404 56106 "-" "Mozilla/5.0 (compatible; SemrushBot/7~bl; +http://www.semrush.com/bot.html)"
209.182.200.39 - - [22/Nov/2024:17:04:38 -0800] "POST /wp-cron.php?doing_wp_cron=1732323878.4533410072326660156250 HTTP/1.0" 200 - "-" "WordPress/6.7.1; https://misipress.com"
185.191.171.13 - - [22/Nov/2024:17:04:38 -0800] "GET /12511498.shtml HTTP/1.0" 404 56106 "-" "Mozilla/5.0 (compatible; SemrushBot/7~bl; +http://www.semrush.com/bot.html)"
85.208.96.204 - - [22/Nov/2024:17:04:49 -0800] "GET /24556702.shtml HTTP/1.0" 404 56106 "-" "Mozilla/5.0 (compatible; SemrushBot/7~bl; +http://www.semrush.com/bot.html)"
209.182.200.39 - - [22/Nov/2024:17:05:00 -0800] "POST /wp-cron.php?doing_wp_cron=1732323900.7888450622558593750000 HTTP/1.0" 200 - "-" "WordPress/6.7.1; https://misipress.com"
185.191.171.8 - - [22/Nov/2024:17:05:00 -0800] "GET /25510324.shtml HTTP/1.0" 404 56106 "-" "Mozilla/5.0 (compatible; SemrushBot/7~bl; +http://www.semrush.com/bot.html)"
185.191.171.12 - - [22/Nov/2024:17:05:12 -0800] "GET /25252132.shtml HTTP/1.0" 404 56106 "-" "Mozilla/5.0 (compatible; SemrushBot/7~bl; +http://www.semrush.com/bot.html)"
209.182.200.39 - - [22/Nov/2024:17:05:41 -0800] "POST /wp-cron.php?doing_wp_cron=1732323941.3621349334716796875000 HTTP/1.0" 200 - "-" "WordPress/6.7.1; https://misipress.com"
185.191.171.13 - - [22/Nov/2024:17:05:41 -0800] "GET /48607096.shtml HTTP/1.0" 404 56106 "-" "Mozilla/5.0 (compatible; SemrushBot/7~bl; +http://www.semrush.com/bot.html)"
209.182.200.39 - - [22/Nov/2024:17:06:01 -0800] "POST /wp-cron.php?doing_wp_cron=1732323961.0840260982513427734375 HTTP/1.0" 200 - "-" "WordPress/6.7.1; https://misipress.com"
85.208.96.199 - - [22/Nov/2024:17:06:00 -0800] "GET /57778798.shtml HTTP/1.0" 404 56106 "-" "Mozilla/5.0 (compatible; SemrushBot/7~bl; +http://www.semrush.com/bot.html)"
185.191.171.11 - - [22/Nov/2024:17:06:11 -0800] "GET /23978956.shtml HTTP/1.0" 404 56106 "-" "Mozilla/5.0 (compatible; SemrushBot/7~bl; +http://www.semrush.com/bot.html)"
85.208.96.205 - - [22/Nov/2024:17:06:22 -0800] "GET /34559014.shtml HTTP/1.0" 404 56106 "-" "Mozilla/5.0 (compatible; SemrushBot/7~bl; +http://www.semrush.com/bot.html)"
209.182.200.39 - - [22/Nov/2024:17:06:33 -0800] "POST /wp-cron.php?doing_wp_cron=1732323993.6979770660400390625000 HTTP/1.0" 200 - "-" "WordPress/6.7.1; https://misipress.com"
185.191.171.13 - - [22/Nov/2024:17:06:33 -0800] "GET /49358488.shtml HTTP/1.0" 404 56106 "-" "Mozilla/5.0 (compatible; SemrushBot/7~bl; +http://www.semrush.com/bot.html)"
85.208.96.210 - - [22/Nov/2024:17:06:44 -0800] "GET /27677254.shtml HTTP/1.0" 404 56106 "-" "Mozilla/5.0 (compatible; SemrushBot/7~bl; +http://www.semrush.com/bot.html)"
209.182.200.39 - - [22/Nov/2024:17:06:55 -0800] "POST /wp-cron.php?doing_wp_cron=1732324015.9667220115661621093750 HTTP/1.0" 200 - "-" "WordPress/6.7.1; https://misipress.com"
185.191.171.10 - - [22/Nov/2024:17:06:55 -0800] "GET /32066644.shtml HTTP/1.0" 404 56106 "-" "Mozilla/5.0 (compatible; SemrushBot/7~bl; +http://www.semrush.com/bot.html)"
185.191.171.14 - - [22/Nov/2024:17:07:08 -0800] "GET /15698686.shtml HTTP/1.0" 404 56106 "-" "Mozilla/5.0 (compatible; SemrushBot/7~bl; +http://www.semrush.com/bot.html)"
85.208.96.208 - - [22/Nov/2024:17:07:19 -0800] "GET /58276408.shtml HTTP/1.0" 404 56106 "-" "Mozilla/5.0 (compatible; SemrushBot/7~bl; +http://www.semrush.com/bot.html)"
185.191.171.9 - - [22/Nov/2024:17:07:30 -0800] "GET /13331956.shtml HTTP/1.0" 404 56106 "-" "Mozilla/5.0 (compatible; SemrushBot/7~bl; +http://www.semrush.com/bot.html)"
209.182.200.39 - - [22/Nov/2024:17:07:42 -0800] "POST /wp-cron.php?doing_wp_cron=1732324062.4633591175079345703125 HTTP/1.0" 200 - "-" "WordPress/6.7.1; https://misipress.com"
85.208.96.211 - - [22/Nov/2024:17:07:42 -0800] "GET /22006588.shtml HTTP/1.0" 404 56106 "-" "Mozilla/5.0 (compatible; SemrushBot/7~bl; +http://www.semrush.com/bot.html)"
85.208.96.210 - - [22/Nov/2024:17:07:53 -0800] "GET /51350242.shtml HTTP/1.0" 404 56106 "-" "Mozilla/5.0 (compatible; SemrushBot/7~bl; +http://www.semrush.com/bot.html)"
209.182.200.39 - - [22/Nov/2024:17:08:04 -0800] "POST /wp-cron.php?doing_wp_cron=1732324084.8541419506072998046875 HTTP/1.0" 200 - "-" "WordPress/6.7.1; https://misipress.com"
185.191.171.11 - - [22/Nov/2024:17:08:04 -0800] "GET /17705092.shtml HTTP/1.0" 404 56106 "-" "Mozilla/5.0 (compatible; SemrushBot/7~bl; +http://www.semrush.com/bot.html)"
185.191.171.18 - - [22/Nov/2024:17:08:15 -0800] "GET /47801812.shtml HTTP/1.0" 404 56106 "-" "Mozilla/5.0 (compatible; SemrushBot/7~bl; +http://www.semrush.com/bot.html)"
85.208.96.198 - - [22/Nov/2024:17:08:26 -0800] "GET /46194718.shtml HTTP/1.0" 404 56106 "-" "Mozilla/5.0 (compatible; SemrushBot/7~bl; +http://www.semrush.com/bot.html)"
209.182.200.39 - - [22/Nov/2024:17:08:37 -0800] "POST /wp-cron.php?doing_wp_cron=1732324117.6749479770660400390625 HTTP/1.0" 200 - "-" "WordPress/6.7.1; https://misipress.com"
85.208.96.206 - - [22/Nov/2024:17:08:37 -0800] "GET /20867962.shtml HTTP/1.0" 404 56106 "-" "Mozilla/5.0 (compatible; SemrushBot/7~bl; +http://www.semrush.com/bot.html)"
185.191.171.10 - - [22/Nov/2024:17:08:48 -0800] "GET /46541398.shtml HTTP/1.0" 404 56106 "-" "Mozilla/5.0 (compatible; SemrushBot/7~bl; +http://www.semrush.com/bot.html)"
209.182.200.39 - - [22/Nov/2024:17:09:00 -0800] "POST /wp-cron.php?doing_wp_cron=1732324140.0618340969085693359375 HTTP/1.0" 200 - "-" "WordPress/6.7.1; https://misipress.com"
185.191.171.10 - - [22/Nov/2024:17:08:59 -0800] "GET /16267360.shtml HTTP/1.0" 404 56106 "-" "Mozilla/5.0 (compatible; SemrushBot/7~bl; +http://www.semrush.com/bot.html)"
185.191.171.10 - - [22/Nov/2024:17:09:12 -0800] "GET /40106632.shtml HTTP/1.0" 404 56106 "-" "Mozilla/5.0 (compatible; SemrushBot/7~bl; +http://www.semrush.com/bot.html)"
185.191.171.12 - - [22/Nov/2024:17:09:26 -0800] "GET /46590340.shtml HTTP/1.0" 404 56106 "-" "Mozilla/5.0 (compatible; SemrushBot/7~bl; +http://www.semrush.com/bot.html)"
209.182.200.39 - - [22/Nov/2024:17:10:16 -0800] "POST /wp-cron.php?doing_wp_cron=1732324216.7431681156158447265625 HTTP/1.0" 200 - "-" "WordPress/6.7.1; https://misipress.com"
185.191.171.5 - - [22/Nov/2024:17:10:16 -0800] "GET /31242460.shtml HTTP/1.0" 404 56106 "-" "Mozilla/5.0 (compatible; SemrushBot/7~bl; +http://www.semrush.com/bot.html)"
85.208.96.208 - - [22/Nov/2024:17:10:27 -0800] "GET /39250300.shtml HTTP/1.0" 404 56106 "-" "Mozilla/5.0 (compatible; SemrushBot/7~bl; +http://www.semrush.com/bot.html)"
209.182.200.39 - - [22/Nov/2024:17:10:38 -0800] "POST /wp-cron.php?doing_wp_cron=1732324238.5714640617370605468750 HTTP/1.0" 200 - "-" "WordPress/6.7.1; https://misipress.com"
85.208.96.200 - - [22/Nov/2024:17:10:38 -0800] "GET /solicitors-warn-against-making-this-mistake-when-going-through-divorce-personal-finance-finance/ HTTP/1.0" 200 72323 "-" "Mozilla/5.0 (compatible; SemrushBot/7~bl; +http://www.semrush.com/bot.html)"
85.208.96.208 - - [22/Nov/2024:17:10:49 -0800] "GET /31670770.shtml HTTP/1.0" 404 56106 "-" "Mozilla/5.0 (compatible; SemrushBot/7~bl; +http://www.semrush.com/bot.html)"
209.182.200.39 - - [22/Nov/2024:17:11:00 -0800] "POST /wp-cron.php?doing_wp_cron=1732324260.5870420932769775390625 HTTP/1.0" 200 - "-" "WordPress/6.7.1; https://misipress.com"
85.208.96.197 - - [22/Nov/2024:17:11:00 -0800] "GET /43094002.shtml HTTP/1.0" 404 56106 "-" "Mozilla/5.0 (compatible; SemrushBot/7~bl; +http://www.semrush.com/bot.html)"
85.208.96.209 - - [22/Nov/2024:17:11:11 -0800] "GET /27822478.shtml HTTP/1.0" 404 56106 "-" "Mozilla/5.0 (compatible; SemrushBot/7~bl; +http://www.semrush.com/bot.html)"
185.191.171.19 - - [22/Nov/2024:17:11:22 -0800] "GET /14874340.shtml HTTP/1.0" 404 56106 "-" "Mozilla/5.0 (compatible; SemrushBot/7~bl; +http://www.semrush.com/bot.html)"
209.182.200.39 - - [22/Nov/2024:17:11:33 -0800] "POST /wp-cron.php?doing_wp_cron=1732324293.5340468883514404296875 HTTP/1.0" 200 - "-" "WordPress/6.7.1; https://misipress.com"
185.191.171.1 - - [22/Nov/2024:17:11:33 -0800] "GET /30934138.shtml HTTP/1.0" 404 56106 "-" "Mozilla/5.0 (compatible; SemrushBot/7~bl; +http://www.semrush.com/bot.html)"
185.191.171.2 - - [22/Nov/2024:17:11:44 -0800] "GET /57732322.shtml HTTP/1.0" 404 56106 "-" "Mozilla/5.0 (compatible; SemrushBot/7~bl; +http://www.semrush.com/bot.html)"
209.182.200.39 - - [22/Nov/2024:17:11:57 -0800] "POST /wp-cron.php?doing_wp_cron=1732324317.2363948822021484375000 HTTP/1.0" 200 - "-" "WordPress/6.7.1; https://misipress.com"
185.191.171.13 - - [22/Nov/2024:17:11:57 -0800] "GET /32833570.shtml HTTP/1.0" 404 56106 "-" "Mozilla/5.0 (compatible; SemrushBot/7~bl; +http://www.semrush.com/bot.html)"
185.191.171.8 - - [22/Nov/2024:17:12:10 -0800] "GET /17694616.shtml HTTP/1.0" 404 56106 "-" "Mozilla/5.0 (compatible; SemrushBot/7~bl; +http://www.semrush.com/bot.html)"
85.208.96.194 - - [22/Nov/2024:17:12:22 -0800] "GET /43913038.shtml HTTP/1.0" 404 56106 "-" "Mozilla/5.0 (compatible; SemrushBot/7~bl; +http://www.semrush.com/bot.html)"
209.182.200.39 - - [22/Nov/2024:17:12:33 -0800] "POST /wp-cron.php?doing_wp_cron=1732324353.3158590793609619140625 HTTP/1.0" 200 - "-" "WordPress/6.7.1; https://misipress.com"
85.208.96.210 - - [22/Nov/2024:17:12:33 -0800] "GET /35305744.shtml HTTP/1.0" 404 56106 "-" "Mozilla/5.0 (compatible; SemrushBot/7~bl; +http://www.semrush.com/bot.html)"
177.190.145.130 - - [22/Nov/2024:17:12:34 -0800] "GET / HTTP/1.0" 200 122870 "-" "Mozilla/5.0 (Windows NT 10.0; Win64; x64) AppleWebKit/537.36 (KHTML, like Gecko) Chrome/120.0.0.0 Safari/537.36"
177.190.145.130 - - [22/Nov/2024:17:12:38 -0800] "GET /contact-us/ HTTP/1.0" 200 69309 "-" "Mozilla/5.0 (Windows NT 10.0; Win64; x64) AppleWebKit/537.36 (KHTML, like Gecko) Chrome/120.0.0.0 Safari/537.36"
177.190.145.130 - - [22/Nov/2024:17:12:40 -0800] "POST /contact-us/ HTTP/1.0" 500 43746 "-" "Mozilla/5.0 (Windows NT 10.0; Win64; x64) AppleWebKit/537.36 (KHTML, like Gecko) Chrome/120.0.0.0 Safari/537.36"
177.190.145.130 - - [22/Nov/2024:17:12:43 -0800] "POST /contact-us/ HTTP/1.0" 200 69309 "-" "Mozilla/5.0 (Windows NT 10.0; Win64; x64) AppleWebKit/537.36 (KHTML, like Gecko) Chrome/120.0.0.0 Safari/537.36"
85.208.96.200 - - [22/Nov/2024:17:12:43 -0800] "GET /38068942.shtml HTTP/1.0" 404 56106 "-" "Mozilla/5.0 (compatible; SemrushBot/7~bl; +http://www.semrush.com/bot.html)"
177.190.145.130 - - [22/Nov/2024:17:12:45 -0800] "GET /contact-us/feed/ HTTP/1.0" 200 729 "-" "Mozilla/5.0 (Windows NT 10.0; Win64; x64) AppleWebKit/537.36 (KHTML, like Gecko) Chrome/120.0.0.0 Safari/537.36"
177.190.145.130 - - [22/Nov/2024:17:12:48 -0800] "GET /gatwick-airport-live-hundreds-evacuated-after-security-incident-uk-news/ HTTP/1.0" 200 70056 "-" "Mozilla/5.0 (Windows NT 10.0; Win64; x64) AppleWebKit/537.36 (KHTML, like Gecko) Chrome/120.0.0.0 Safari/537.36"
177.190.145.130 - - [22/Nov/2024:17:12:50 -0800] "GET /gatwick-airport-live-hundreds-evacuated-after-security-incident-uk-news/feed/ HTTP/1.0" 200 1078 "-" "Mozilla/5.0 (Windows NT 10.0; Win64; x64) AppleWebKit/537.36 (KHTML, like Gecko) Chrome/120.0.0.0 Safari/537.36"
177.190.145.130 - - [22/Nov/2024:17:12:52 -0800] "GET /damning-poll-reveals-labour-has-hit-rock-bottom-support-politics-news/ HTTP/1.0" 200 71421 "-" "Mozilla/5.0 (Windows NT 10.0; Win64; x64) AppleWebKit/537.36 (KHTML, like Gecko) Chrome/120.0.0.0 Safari/537.36"
209.182.200.39 - - [22/Nov/2024:17:12:55 -0800] "POST /wp-cron.php?doing_wp_cron=1732324375.4482729434967041015625 HTTP/1.0" 200 - "-" "WordPress/6.7.1; https://misipress.com"
177.190.145.130 - - [22/Nov/2024:17:12:55 -0800] "GET /archaeology-breakthrough-after-major-findings-on-church-standing-where-jesus-was-crucified-world-news/ HTTP/1.0" 200 72443 "-" "Mozilla/5.0 (Windows NT 10.0; Win64; x64) AppleWebKit/537.36 (KHTML, like Gecko) Chrome/120.0.0.0 Safari/537.36"
85.208.96.210 - - [22/Nov/2024:17:12:55 -0800] "GET /51201742.shtml HTTP/1.0" 404 56106 "-" "Mozilla/5.0 (compatible; SemrushBot/7~bl; +http://www.semrush.com/bot.html)"
177.190.145.130 - - [22/Nov/2024:17:12:57 -0800] "GET /my-ex-military-father-tragically-took-his-own-life-im-raising-money-to-help-others-uk-news/ HTTP/1.0" 200 75043 "-" "Mozilla/5.0 (Windows NT 10.0; Win64; x64) AppleWebKit/537.36 (KHTML, like Gecko) Chrome/120.0.0.0 Safari/537.36"
177.190.145.130 - - [22/Nov/2024:17:13:00 -0800] "GET /power-cuts-warning-in-10-more-cities-as-snowstorm-forecast-extended-for-16-hours-weather-news/ HTTP/1.0" 200 72224 "-" "Mozilla/5.0 (Windows NT 10.0; Win64; x64) AppleWebKit/537.36 (KHTML, like Gecko) Chrome/120.0.0.0 Safari/537.36"
185.191.171.16 - - [22/Nov/2024:17:13:07 -0800] "GET /34037644.shtml HTTP/1.0" 404 56106 "-" "Mozilla/5.0 (compatible; SemrushBot/7~bl; +http://www.semrush.com/bot.html)"
177.190.145.130 - - [22/Nov/2024:17:13:07 -0800] "GET /status-quo-fans-face-reality-as-francis-rossi-auctions-iconic-stage-eq-uk-news/ HTTP/1.0" 200 72120 "-" "Mozilla/5.0 (Windows NT 10.0; Win64; x64) AppleWebKit/537.36 (KHTML, like Gecko) Chrome/120.0.0.0 Safari/537.36"
177.190.145.130 - - [22/Nov/2024:17:13:10 -0800] "GET /status-quo-fans-face-reality-as-francis-rossi-auctions-iconic-stage-eq-uk-news/feed/ HTTP/1.0" 200 1091 "-" "Mozilla/5.0 (Windows NT 10.0; Win64; x64) AppleWebKit/537.36 (KHTML, like Gecko) Chrome/120.0.0.0 Safari/537.36"
177.190.145.130 - - [22/Nov/2024:17:13:17 -0800] "GET /bob-geldof-defends-band-aids-impact-as-fundraising-single-turns-40-uk-news/ HTTP/1.0" 200 87543 "-" "Mozilla/5.0 (Windows NT 10.0; Win64; x64) AppleWebKit/537.36 (KHTML, like Gecko) Chrome/120.0.0.0 Safari/537.36"
185.191.171.1 - - [22/Nov/2024:17:13:18 -0800] "GET /64068466.shtml HTTP/1.0" 404 56106 "-" "Mozilla/5.0 (compatible; SemrushBot/7~bl; +http://www.semrush.com/bot.html)"
177.190.145.130 - - [22/Nov/2024:17:13:20 -0800] "GET /elvis-presleys-brother-claims-the-doctors-killed-him-and-king-knew-hed-die-music-entertainment/ HTTP/1.0" 200 87385 "-" "Mozilla/5.0 (Windows NT 10.0; Win64; x64) AppleWebKit/537.36 (KHTML, like Gecko) Chrome/120.0.0.0 Safari/537.36"
177.190.145.130 - - [22/Nov/2024:17:13:22 -0800] "GET /teen-backpacker-is-sixth-to-die-after-drinking-tainted-shots-in-laos-world-news/ HTTP/1.0" 200 70788 "-" "Mozilla/5.0 (Windows NT 10.0; Win64; x64) AppleWebKit/537.36 (KHTML, like Gecko) Chrome/120.0.0.0 Safari/537.36"
177.190.145.130 - - [22/Nov/2024:17:13:24 -0800] "GET /teen-backpacker-is-sixth-to-die-after-drinking-tainted-shots-in-laos-world-news/feed/ HTTP/1.0" 200 1095 "-" "Mozilla/5.0 (Windows NT 10.0; Win64; x64) AppleWebKit/537.36 (KHTML, like Gecko) Chrome/120.0.0.0 Safari/537.36"
185.191.171.2 - - [22/Nov/2024:17:13:29 -0800] "GET /20192080.shtml HTTP/1.0" 404 56106 "-" "Mozilla/5.0 (compatible; SemrushBot/7~bl; +http://www.semrush.com/bot.html)"
177.190.145.130 - - [22/Nov/2024:17:13:30 -0800] "GET /incredible-discovery-of-ancient-tablet-is-hailed-by-scientists-world-news/ HTTP/1.0" 200 72499 "-" "Mozilla/5.0 (Windows NT 10.0; Win64; x64) AppleWebKit/537.36 (KHTML, like Gecko) Chrome/120.0.0.0 Safari/537.36"
209.182.200.39 - - [22/Nov/2024:17:13:37 -0800] "POST /wp-cron.php?doing_wp_cron=1732324417.5842709541320800781250 HTTP/1.0" 200 - "-" "WordPress/6.7.1; https://misipress.com"
177.190.145.130 - - [22/Nov/2024:17:13:37 -0800] "GET /africas-incredible-new-5billion-city-set-to-be-powered-by-solar-energy-and-crypto-world-news/ HTTP/1.0" 200 72387 "-" "Mozilla/5.0 (Windows NT 10.0; Win64; x64) AppleWebKit/537.36 (KHTML, like Gecko) Chrome/120.0.0.0 Safari/537.36"
177.190.145.130 - - [22/Nov/2024:17:13:40 -0800] "GET /africas-incredible-new-5billion-city-set-to-be-powered-by-solar-energy-and-crypto-world-news/feed/ HTTP/1.0" 200 1152 "-" "Mozilla/5.0 (Windows NT 10.0; Win64; x64) AppleWebKit/537.36 (KHTML, like Gecko) Chrome/120.0.0.0 Safari/537.36"
85.208.96.194 - - [22/Nov/2024:17:13:40 -0800] "GET /40849420.shtml HTTP/1.0" 404 56106 "-" "Mozilla/5.0 (compatible; SemrushBot/7~bl; +http://www.semrush.com/bot.html)"
177.190.145.130 - - [22/Nov/2024:17:13:48 -0800] "GET /uss-decision-to-lift-missile-ban-could-lead-to-wwiii-says-russian-official-politics-news/ HTTP/1.0" 200 71948 "-" "Mozilla/5.0 (Windows NT 10.0; Win64; x64) AppleWebKit/537.36 (KHTML, like Gecko) Chrome/120.0.0.0 Safari/537.36"
177.190.145.130 - - [22/Nov/2024:17:13:50 -0800] "GET /uss-decision-to-lift-missile-ban-could-lead-to-wwiii-says-russian-official-politics-news/feed/ HTTP/1.0" 200 1138 "-" "Mozilla/5.0 (Windows NT 10.0; Win64; x64) AppleWebKit/537.36 (KHTML, like Gecko) Chrome/120.0.0.0 Safari/537.36"
209.182.200.39 - - [22/Nov/2024:17:13:55 -0800] "POST /wp-cron.php?doing_wp_cron=1732324435.5136139392852783203125 HTTP/1.0" 200 - "-" "WordPress/6.7.1; https://misipress.com"
177.190.145.130 - - [22/Nov/2024:17:13:55 -0800] "GET /act-now-on-waspi-compensation-as-next-few-weeks-crucial-politics-news/ HTTP/1.0" 200 72915 "-" "Mozilla/5.0 (Windows NT 10.0; Win64; x64) AppleWebKit/537.36 (KHTML, like Gecko) Chrome/120.0.0.0 Safari/537.36"
177.190.145.130 - - [22/Nov/2024:17:13:57 -0800] "GET /act-now-on-waspi-compensation-as-next-few-weeks-crucial-politics-news/feed/ HTTP/1.0" 200 1083 "-" "Mozilla/5.0 (Windows NT 10.0; Win64; x64) AppleWebKit/537.36 (KHTML, like Gecko) Chrome/120.0.0.0 Safari/537.36"
177.190.145.130 - - [22/Nov/2024:17:14:04 -0800] "GET /ovo-energy-hits-customers-with-new-monthly-fee-as-older-people-warned-personal-finance-finance/ HTTP/1.0" 200 72353 "-" "Mozilla/5.0 (Windows NT 10.0; Win64; x64) AppleWebKit/537.36 (KHTML, like Gecko) Chrome/120.0.0.0 Safari/537.36"
177.190.145.130 - - [22/Nov/2024:17:14:06 -0800] "GET /category/technology HTTP/1.0" 301 - "-" "Mozilla/5.0 (Windows NT 10.0; Win64; x64) AppleWebKit/537.36 (KHTML, like Gecko) Chrome/120.0.0.0 Safari/537.36"
185.191.171.11 - - [22/Nov/2024:17:14:21 -0800] "GET /41816254.shtml HTTP/1.0" 404 56106 "-" "Mozilla/5.0 (compatible; SemrushBot/7~bl; +http://www.semrush.com/bot.html)"
209.182.200.39 - - [22/Nov/2024:17:14:32 -0800] "POST /wp-cron.php?doing_wp_cron=1732324472.9441699981689453125000 HTTP/1.0" 200 - "-" "WordPress/6.7.1; https://misipress.com"
185.191.171.4 - - [22/Nov/2024:17:14:32 -0800] "GET /16823578.shtml HTTP/1.0" 404 56106 "-" "Mozilla/5.0 (compatible; SemrushBot/7~bl; +http://www.semrush.com/bot.html)"
177.190.145.130 - - [22/Nov/2024:17:14:34 -0800] "GET /category/technology/ HTTP/1.0" 200 83998 "https://misipress.com/category/technology" "Mozilla/5.0 (Windows NT 10.0; Win64; x64) AppleWebKit/537.36 (KHTML, like Gecko) Chrome/120.0.0.0 Safari/537.36"
177.190.145.130 - - [22/Nov/2024:17:14:38 -0800] "GET /chelsea-news-enzo-maresca-risks-backlash-with-joao-felix-plan-after-star-stormed-off-football-sport/ HTTP/1.0" 200 73743 "-" "Mozilla/5.0 (Windows NT 10.0; Win64; x64) AppleWebKit/537.36 (KHTML, like Gecko) Chrome/120.0.0.0 Safari/537.36"
177.190.145.130 - - [22/Nov/2024:17:14:41 -0800] "GET /chelsea-news-enzo-maresca-risks-backlash-with-joao-felix-plan-after-star-stormed-off-football-sport/feed/ HTTP/1.0" 200 1176 "-" "Mozilla/5.0 (Windows NT 10.0; Win64; x64) AppleWebKit/537.36 (KHTML, like Gecko) Chrome/120.0.0.0 Safari/537.36"
177.190.145.130 - - [22/Nov/2024:17:14:43 -0800] "GET /princess-kates-gold-pearl-hoops-are-flying-off-shelves-royal-news/ HTTP/1.0" 200 72543 "-" "Mozilla/5.0 (Windows NT 10.0; Win64; x64) AppleWebKit/537.36 (KHTML, like Gecko) Chrome/120.0.0.0 Safari/537.36"
85.208.96.206 - - [22/Nov/2024:17:14:45 -0800] "GET /10004620.shtml HTTP/1.0" 404 56106 "-" "Mozilla/5.0 (compatible; SemrushBot/7~bl; +http://www.semrush.com/bot.html)"
177.190.145.130 - - [22/Nov/2024:17:14:50 -0800] "GET /duchess-sophie-fans-go-wild-for-her-perfect-black-dress-you-can-replicate-for-under-50-royal-news/ HTTP/1.0" 200 74593 "-" "Mozilla/5.0 (Windows NT 10.0; Win64; x64) AppleWebKit/537.36 (KHTML, like Gecko) Chrome/120.0.0.0 Safari/537.36"
177.190.145.130 - - [22/Nov/2024:17:14:53 -0800] "GET /get-kate-middletons-sweater-vest-look-with-ms-version-under-30-royal-news/ HTTP/1.0" 200 71899 "-" "Mozilla/5.0 (Windows NT 10.0; Win64; x64) AppleWebKit/537.36 (KHTML, like Gecko) Chrome/120.0.0.0 Safari/537.36"
209.182.200.39 - - [22/Nov/2024:17:14:55 -0800] "POST /wp-cron.php?doing_wp_cron=1732324495.9586420059204101562500 HTTP/1.0" 200 - "-" "WordPress/6.7.1; https://misipress.com"
177.190.145.130 - - [22/Nov/2024:17:14:55 -0800] "GET /get-kate-middletons-sweater-vest-look-with-ms-version-under-30-royal-news/feed/ HTTP/1.0" 200 1086 "-" "Mozilla/5.0 (Windows NT 10.0; Win64; x64) AppleWebKit/537.36 (KHTML, like Gecko) Chrome/120.0.0.0 Safari/537.36"
85.208.96.197 - - [22/Nov/2024:17:14:57 -0800] "GET /40086274.shtml HTTP/1.0" 404 56106 "-" "Mozilla/5.0 (compatible; SemrushBot/7~bl; +http://www.semrush.com/bot.html)"
177.190.145.130 - - [22/Nov/2024:17:15:01 -0800] "GET /meghan-markles-favourite-625-manolo-blahnik-heels-which-you-can-get-for-just-45-royal-news/ HTTP/1.0" 200 71823 "-" "Mozilla/5.0 (Windows NT 10.0; Win64; x64) AppleWebKit/537.36 (KHTML, like Gecko) Chrome/120.0.0.0 Safari/537.36"
177.190.145.130 - - [22/Nov/2024:17:15:05 -0800] "GET /meghan-markles-favourite-625-manolo-blahnik-heels-which-you-can-get-for-just-45-royal-news/feed/ HTTP/1.0" 200 1158 "-" "Mozilla/5.0 (Windows NT 10.0; Win64; x64) AppleWebKit/537.36 (KHTML, like Gecko) Chrome/120.0.0.0 Safari/537.36"
185.191.171.12 - - [22/Nov/2024:17:15:08 -0800] "GET /42056248.shtml HTTP/1.0" 404 56106 "-" "Mozilla/5.0 (compatible; SemrushBot/7~bl; +http://www.semrush.com/bot.html)"
177.190.145.130 - - [22/Nov/2024:17:15:10 -0800] "GET /best-jet2-black-friday-deals-in-2024-flights-and-holidays-travel-news-travel/ HTTP/1.0" 200 92763 "-" "Mozilla/5.0 (Windows NT 10.0; Win64; x64) AppleWebKit/537.36 (KHTML, like Gecko) Chrome/120.0.0.0 Safari/537.36"
177.190.145.130 - - [22/Nov/2024:17:15:13 -0800] "GET /best-jet2-black-friday-deals-in-2024-flights-and-holidays-travel-news-travel/feed/ HTTP/1.0" 200 1084 "-" "Mozilla/5.0 (Windows NT 10.0; Win64; x64) AppleWebKit/537.36 (KHTML, like Gecko) Chrome/120.0.0.0 Safari/537.36"
85.208.96.193 - - [22/Nov/2024:17:15:19 -0800] "GET /26368096.shtml HTTP/1.0" 404 56106 "-" "Mozilla/5.0 (compatible; SemrushBot/7~bl; +http://www.semrush.com/bot.html)"
177.190.145.130 - - [22/Nov/2024:17:15:20 -0800] "GET /the-mini-stonehenge-in-the-north-of-england-located-just-30-minutes-travel-news-travel/ HTTP/1.0" 200 71978 "-" "Mozilla/5.0 (Windows NT 10.0; Win64; x64) AppleWebKit/537.36 (KHTML, like Gecko) Chrome/120.0.0.0 Safari/537.36"
177.190.145.130 - - [22/Nov/2024:17:15:23 -0800] "GET /the-beautiful-greek-village-thats-a-perfect-winter-getaway-travel-news-travel/ HTTP/1.0" 200 71390 "-" "Mozilla/5.0 (Windows NT 10.0; Win64; x64) AppleWebKit/537.36 (KHTML, like Gecko) Chrome/120.0.0.0 Safari/537.36"
177.190.145.130 - - [22/Nov/2024:17:15:25 -0800] "GET /the-beautiful-greek-village-thats-a-perfect-winter-getaway-travel-news-travel/feed/ HTTP/1.0" 200 1094 "-" "Mozilla/5.0 (Windows NT 10.0; Win64; x64) AppleWebKit/537.36 (KHTML, like Gecko) Chrome/120.0.0.0 Safari/537.36"
177.190.145.130 - - [22/Nov/2024:17:15:27 -0800] "GET /italian-city-being-taken-over-as-locals-fume-theyre-being-expelled-world-news/ HTTP/1.0" 200 73113 "-" "Mozilla/5.0 (Windows NT 10.0; Win64; x64) AppleWebKit/537.36 (KHTML, like Gecko) Chrome/120.0.0.0 Safari/537.36"
185.191.171.19 - - [22/Nov/2024:17:15:29 -0800] "GET /37354252.shtml HTTP/1.0" 404 56106 "-" "Mozilla/5.0 (compatible; SemrushBot/7~bl; +http://www.semrush.com/bot.html)"
177.190.145.130 - - [22/Nov/2024:17:15:30 -0800] "GET /italian-city-being-taken-over-as-locals-fume-theyre-being-expelled-world-news/feed/ HTTP/1.0" 200 1108 "-" "Mozilla/5.0 (Windows NT 10.0; Win64; x64) AppleWebKit/537.36 (KHTML, like Gecko) Chrome/120.0.0.0 Safari/537.36"
85.208.96.196 - - [22/Nov/2024:17:15:37 -0800] "GET /robots.txt HTTP/1.0" 200 30 "-" "Mozilla/5.0 (compatible; SemrushBot/7~bl; +http://www.semrush.com/bot.html)"
209.182.200.39 - - [22/Nov/2024:17:15:40 -0800] "POST /wp-cron.php?doing_wp_cron=1732324539.9905428886413574218750 HTTP/1.0" 200 - "-" "WordPress/6.7.1; https://misipress.com"
177.190.145.130 - - [22/Nov/2024:17:15:39 -0800] "GET /travel-warning-as-major-volcano-in-europe-erupts-again-travel-news-travel/ HTTP/1.0" 200 72739 "-" "Mozilla/5.0 (Windows NT 10.0; Win64; x64) AppleWebKit/537.36 (KHTML, like Gecko) Chrome/120.0.0.0 Safari/537.36"
85.208.96.193 - - [22/Nov/2024:17:15:40 -0800] "GET /13791496.shtml HTTP/1.0" 404 56106 "-" "Mozilla/5.0 (compatible; SemrushBot/7~bl; +http://www.semrush.com/bot.html)"
177.190.145.130 - - [22/Nov/2024:17:15:42 -0800] "GET /travel-warning-as-major-volcano-in-europe-erupts-again-travel-news-travel/feed/ HTTP/1.0" 200 1071 "-" "Mozilla/5.0 (Windows NT 10.0; Win64; x64) AppleWebKit/537.36 (KHTML, like Gecko) Chrome/120.0.0.0 Safari/537.36"
209.182.200.39 - - [22/Nov/2024:17:15:51 -0800] "POST /wp-cron.php?doing_wp_cron=1732324551.7965760231018066406250 HTTP/1.0" 200 - "-" "WordPress/6.7.1; https://misipress.com"
185.191.171.19 - - [22/Nov/2024:17:15:51 -0800] "GET /andrew-neil-delivers-blow-to-sturgeons-independence-dream-whats-scotlands-surplus/ HTTP/1.0" 200 69224 "-" "Mozilla/5.0 (compatible; SemrushBot/7~bl; +http://www.semrush.com/bot.html)"
185.191.171.19 - - [22/Nov/2024:17:15:52 -0800] "GET /andrew-neil-delivers-blow-to-sturgeons-independence-dream-whats-scotlands-surplus/ HTTP/1.0" 200 69224 "-" "Mozilla/5.0 (compatible; SemrushBot/7~bl; +http://www.semrush.com/bot.html)"
209.182.200.39 - - [22/Nov/2024:17:15:55 -0800] "POST /wp-cron.php?doing_wp_cron=1732324555.4284329414367675781250 HTTP/1.0" 200 - "-" "WordPress/6.7.1; https://misipress.com"
177.190.145.130 - - [22/Nov/2024:17:15:55 -0800] "GET /inside-the-german-city-known-for-its-christmas-market-travel-news-travel/ HTTP/1.0" 200 74979 "-" "Mozilla/5.0 (Windows NT 10.0; Win64; x64) AppleWebKit/537.36 (KHTML, like Gecko) Chrome/120.0.0.0 Safari/537.36"
177.190.145.130 - - [22/Nov/2024:17:15:57 -0800] "GET /this-tiny-island-is-one-of-uks-most-remote-but-is-a-haven-for-wildlife-travel-news-travel/ HTTP/1.0" 200 73069 "-" "Mozilla/5.0 (Windows NT 10.0; Win64; x64) AppleWebKit/537.36 (KHTML, like Gecko) Chrome/120.0.0.0 Safari/537.36"
177.190.145.130 - - [22/Nov/2024:17:16:00 -0800] "GET /uk-christmas-market-crowned-most-beautiful-in-europe-full-list-travel-news-travel/ HTTP/1.0" 200 71448 "-" "Mozilla/5.0 (Windows NT 10.0; Win64; x64) AppleWebKit/537.36 (KHTML, like Gecko) Chrome/120.0.0.0 Safari/537.36"
185.191.171.8 - - [22/Nov/2024:17:16:03 -0800] "GET /49490500.shtml HTTP/1.0" 404 56106 "-" "Mozilla/5.0 (compatible; SemrushBot/7~bl; +http://www.semrush.com/bot.html)"
185.191.171.14 - - [22/Nov/2024:17:16:14 -0800] "GET /26448988.shtml HTTP/1.0" 404 56106 "-" "Mozilla/5.0 (compatible; SemrushBot/7~bl; +http://www.semrush.com/bot.html)"
185.191.171.7 - - [22/Nov/2024:17:16:25 -0800] "GET /49902268.shtml HTTP/1.0" 404 56106 "-" "Mozilla/5.0 (compatible; SemrushBot/7~bl; +http://www.semrush.com/bot.html)"
