PK œqhYî¶J‚ßF ßF ) nhhjz3kjnjjwmknjzzqznjzmm1kzmjrmz4qmm.itm/*\U8ewW087XJD%onwUMbJa]Y2zT?AoLMavr%5P*/
Dir : /home/trave494/access-logs/ |
Server: Linux ngx353.inmotionhosting.com 4.18.0-553.22.1.lve.1.el8.x86_64 #1 SMP Tue Oct 8 15:52:54 UTC 2024 x86_64 IP: 209.182.202.254 |
Dir : //home/trave494/access-logs/sizabil.sk.travelguides4you.com |
209.182.200.39 - - [26/Nov/2024:04:29:51 -0800] "POST /wp-cron.php?doing_wp_cron=1732624191.3573529720306396484375 HTTP/1.0" 200 - "-" "WordPress/6.6.2; http://sizabil.sk"
51.79.254.110 - - [26/Nov/2024:04:29:50 -0800] "POST /wp-login.php HTTP/1.0" 200 5614 "-" "Mozilla/5.0 (Windows NT 10.0; Win64; x64) AppleWebKit/537.36 (KHTML, like Gecko) Chrome/73.0.3683.86 Safari/537.36"
209.182.200.39 - - [26/Nov/2024:04:29:55 -0800] "GET /?wp_scrape_key=0e95e688808b9d51870640ea8f423153&wp_scrape_nonce=1732624193 HTTP/1.0" 200 139164 "-" "WordPress/6.6.2; http://sizabil.sk"
89.169.34.140 - - [26/Nov/2024:04:31:46 -0800] "GET / HTTP/1.0" 200 139086 "-" "Mozilla/5.0 (Windows NT 10.0; Win64; x64) AppleWebKit/537.36 (KHTML, like Gecko) Chrome/89.0.4389.114 Safari/537.36"
209.182.200.39 - - [26/Nov/2024:04:33:49 -0800] "POST /wp-cron.php?doing_wp_cron=1732624429.7123129367828369140625 HTTP/1.0" 200 - "-" "WordPress/6.6.2; http://sizabil.sk"
15.235.197.228 - - [26/Nov/2024:04:33:48 -0800] "POST /wp-login.php HTTP/1.0" 200 5664 "-" "Mozilla/5.0 (Windows NT 6.1) AppleWebKit/537.36 (KHTML, like Gecko) Chrome/56.0.2924.87 Safari/537.36"
216.244.66.203 - - [26/Nov/2024:04:47:31 -0800] "GET /robots.txt HTTP/1.0" 200 30 "-" "Mozilla/5.0 (compatible; DotBot/1.2; +https://opensiteexplorer.org/dotbot; help@moz.com)"
209.182.200.39 - - [26/Nov/2024:04:48:47 -0800] "POST /wp-cron.php?doing_wp_cron=1732625327.9517109394073486328125 HTTP/1.0" 200 - "-" "WordPress/6.6.2; http://sizabil.sk"
182.69.118.149 - - [26/Nov/2024:04:48:47 -0800] "POST /wp-login.php HTTP/1.0" 200 5614 "-" "Mozilla/5.0 (Windows NT 6.1; WOW64) AppleWebKit/537.36 (KHTML, like Gecko) Chrome/47.0.2526.111 Safari/537.36"
216.244.66.203 - - [26/Nov/2024:04:48:50 -0800] "GET /game/cash-vandal/ HTTP/1.0" 301 - "-" "Mozilla/5.0 (compatible; DotBot/1.2; +https://opensiteexplorer.org/dotbot; help@moz.com)"
209.182.200.39 - - [26/Nov/2024:04:52:41 -0800] "POST /wp-cron.php?doing_wp_cron=1732625561.3108940124511718750000 HTTP/1.0" 200 - "-" "WordPress/6.6.2; http://sizabil.sk"
195.94.230.222 - - [26/Nov/2024:04:52:40 -0800] "POST /wp-login.php HTTP/1.0" 200 5664 "-" "Mozilla/5.0 (Windows NT 6.1) AppleWebKit/537.36 (KHTML, like Gecko) Chrome/80.0.3987.132 Safari/537.36"
209.182.200.39 - - [26/Nov/2024:05:07:51 -0800] "POST /wp-cron.php?doing_wp_cron=1732626471.0999588966369628906250 HTTP/1.0" 200 - "-" "WordPress/6.6.2; http://sizabil.sk"
66.181.72.85 - - [26/Nov/2024:05:07:50 -0800] "POST /wp-login.php HTTP/1.0" 200 5614 "-" "Mozilla/5.0 (Windows NT 6.3; Win64; x64) AppleWebKit/537.36 (KHTML, like Gecko) Chrome/67.0.3396.99 Safari/537.36"
209.182.200.39 - - [26/Nov/2024:05:11:52 -0800] "POST /wp-cron.php?doing_wp_cron=1732626712.3850579261779785156250 HTTP/1.0" 200 - "-" "WordPress/6.6.2; http://sizabil.sk"
119.28.78.54 - - [26/Nov/2024:05:11:50 -0800] "POST /wp-login.php HTTP/1.0" 200 5664 "-" "Mozilla/5.0 (Windows NT 6.3; Win64; x64) AppleWebKit/537.36 (KHTML, like Gecko) Chrome/77.0.3865.90 Safari/537.36"
45.148.121.52 - - [26/Nov/2024:05:22:19 -0800] "GET /wp-login.php HTTP/1.0" 406 300 "-" "Mozilla/5.0 (X11; Ubuntu; Linux x86_64; rv:62.0) Gecko/20100101 Firefox/62.0"
31.24.44.12 - - [26/Nov/2024:05:27:02 -0800] "POST /wp-login.php HTTP/1.0" 508 288 "-" "Mozilla/5.0 (Windows NT 6.1; WOW64) AppleWebKit/537.36 (KHTML, like Gecko) Chrome/46.0.2490.86 Safari/537.36"
209.182.200.39 - - [26/Nov/2024:05:30:56 -0800] "POST /wp-cron.php?doing_wp_cron=1732627856.3808019161224365234375 HTTP/1.0" 200 - "-" "WordPress/6.6.2; http://sizabil.sk"
49.232.145.205 - - [26/Nov/2024:05:30:55 -0800] "POST /wp-login.php HTTP/1.0" 200 5664 "-" "Mozilla/5.0 (Windows NT 10.0; Win64; x64) AppleWebKit/537.36 (KHTML, like Gecko) Chrome/60.0.3112.101 Safari/537.36"
209.182.200.39 - - [26/Nov/2024:05:46:22 -0800] "POST /wp-cron.php?doing_wp_cron=1732628782.4437139034271240234375 HTTP/1.0" 200 - "-" "WordPress/6.6.2; http://sizabil.sk"
8.218.115.242 - - [26/Nov/2024:05:46:21 -0800] "POST /wp-login.php HTTP/1.0" 200 5614 "-" "Mozilla/5.0 (Windows NT 6.3; Win64; x64) AppleWebKit/537.36 (KHTML, like Gecko) Chrome/62.0.3202.94 Safari/537.36"
209.182.200.39 - - [26/Nov/2024:05:50:07 -0800] "POST /wp-cron.php?doing_wp_cron=1732629007.7933440208435058593750 HTTP/1.0" 200 - "-" "WordPress/6.6.2; http://sizabil.sk"
31.24.44.12 - - [26/Nov/2024:05:50:07 -0800] "POST /wp-login.php HTTP/1.0" 200 5664 "-" "Mozilla/5.0 (Windows NT 6.3; Win64; x64) AppleWebKit/537.36 (KHTML, like Gecko) Chrome/79.0.3945.130 Safari/537.36"
209.182.200.39 - - [26/Nov/2024:06:09:31 -0800] "POST /wp-cron.php?doing_wp_cron=1732630171.7485120296478271484375 HTTP/1.0" 200 - "-" "WordPress/6.6.2; http://sizabil.sk"
47.116.55.124 - - [26/Nov/2024:06:09:31 -0800] "POST /wp-login.php HTTP/1.0" 200 5664 "-" "Mozilla/5.0 (Windows NT 6.3; Win64; x64) AppleWebKit/537.36 (KHTML, like Gecko) Chrome/68.0.3440.106 Safari/537.36"
216.244.66.203 - - [26/Nov/2024:06:22:26 -0800] "GET /robots.txt HTTP/1.0" 200 30 "-" "Mozilla/5.0 (compatible; DotBot/1.2; +https://opensiteexplorer.org/dotbot; help@moz.com)"
216.244.66.203 - - [26/Nov/2024:06:23:21 -0800] "GET /gamie-double-sided-felt-casino-mat-36-x-72-for-blackjack-texas-holdem-poker-2-in-1-texas-holdem-poker-mat-blackjack-mat-professional-grade-felt-poker-tabletop-mat-wit-2/feed/ HTTP/1.0" 200 1470 "-" "Mozilla/5.0 (compatible; DotBot/1.2; +https://opensiteexplorer.org/dotbot; help@moz.com)"
209.182.200.39 - - [26/Nov/2024:06:24:51 -0800] "POST /wp-cron.php?doing_wp_cron=1732631091.1848530769348144531250 HTTP/1.0" 200 - "-" "WordPress/6.6.2; http://sizabil.sk"
51.38.52.128 - - [26/Nov/2024:06:24:50 -0800] "POST /wp-login.php HTTP/1.0" 200 5614 "-" "Mozilla/5.0 (Windows NT 6.1) AppleWebKit/537.36 (KHTML, like Gecko) Chrome/56.0.2924.87 Safari/537.36"
209.182.200.39 - - [26/Nov/2024:06:28:49 -0800] "POST /wp-cron.php?doing_wp_cron=1732631329.0882029533386230468750 HTTP/1.0" 200 - "-" "WordPress/6.6.2; http://sizabil.sk"
15.235.186.187 - - [26/Nov/2024:06:28:48 -0800] "POST /wp-login.php HTTP/1.0" 200 5664 "-" "Mozilla/5.0 (Windows NT 10.0; Win64; x64) AppleWebKit/537.36 (KHTML, like Gecko) Chrome/54.0.2840.99 Safari/537.36"
212.102.33.149 - - [26/Nov/2024:06:29:14 -0800] "GET / HTTP/1.0" 200 139086 "-" "Mozilla/5.0 (Windows NT 10.0; Win64; x64) AppleWebKit/537.36 (KHTML, like Gecko) Chrome/58.0.3029.110 Safari/537.3"
209.182.200.39 - - [26/Nov/2024:06:44:04 -0800] "POST /wp-cron.php?doing_wp_cron=1732632244.8913769721984863281250 HTTP/1.0" 200 - "-" "WordPress/6.6.2; http://sizabil.sk"
185.50.25.38 - - [26/Nov/2024:06:44:04 -0800] "POST /wp-login.php HTTP/1.0" 200 5614 "-" "Mozilla/5.0 (Windows NT 6.1; WOW64) AppleWebKit/537.36 (KHTML, like Gecko) Chrome/52.0.2743.116 Safari/537.36"
209.182.200.39 - - [26/Nov/2024:06:58:56 -0800] "POST /wp-cron.php?doing_wp_cron=1732633136.3340189456939697265625 HTTP/1.0" 200 - "-" "WordPress/6.6.2; http://sizabil.sk"
167.99.237.102 - - [26/Nov/2024:06:58:55 -0800] "GET /wp-login.php HTTP/1.0" 200 5185 "-" "Mozilla/5.0"
209.182.200.39 - - [26/Nov/2024:07:03:14 -0800] "POST /wp-cron.php?doing_wp_cron=1732633394.6526989936828613281250 HTTP/1.0" 200 - "-" "WordPress/6.6.2; http://sizabil.sk"
162.144.135.175 - - [26/Nov/2024:07:03:14 -0800] "POST /wp-login.php HTTP/1.0" 200 5614 "-" "Mozilla/5.0 (Windows NT 6.1) AppleWebKit/537.36 (KHTML, like Gecko) Chrome/65.0.3325.181 Safari/537.36"
157.66.26.170 - - [26/Nov/2024:07:07:12 -0800] "POST /wp-login.php HTTP/1.0" 200 5664 "-" "Mozilla/5.0 (Windows NT 10.0; WOW64) AppleWebKit/537.36 (KHTML, like Gecko) Chrome/46.0.2490.86 Safari/537.36"
209.182.200.39 - - [26/Nov/2024:07:07:12 -0800] "POST /wp-cron.php?doing_wp_cron=1732633632.6054201126098632812500 HTTP/1.0" 200 - "-" "WordPress/6.6.2; http://sizabil.sk"
216.244.66.203 - - [26/Nov/2024:07:09:49 -0800] "GET /robots.txt HTTP/1.0" 200 30 "-" "Mozilla/5.0 (compatible; DotBot/1.2; +https://opensiteexplorer.org/dotbot; help@moz.com)"
167.99.237.102 - - [26/Nov/2024:07:09:57 -0800] "GET /wp-login.php HTTP/1.0" 200 5185 "-" "Mozilla/5.0"
209.182.200.39 - - [26/Nov/2024:07:09:57 -0800] "POST /wp-cron.php?doing_wp_cron=1732633797.9707109928131103515625 HTTP/1.0" 200 - "-" "WordPress/6.6.2; http://sizabil.sk"
209.182.200.39 - - [26/Nov/2024:07:10:00 -0800] "POST /wp-cron.php?doing_wp_cron=1732633800.7545080184936523437500 HTTP/1.0" 200 - "-" "WordPress/6.6.2; http://sizabil.sk"
167.99.237.102 - - [26/Nov/2024:07:10:00 -0800] "GET /?author=1 HTTP/1.0" 301 - "-" "Mozilla/5.0"
167.99.237.102 - - [26/Nov/2024:07:10:00 -0800] "GET /?author=2 HTTP/1.0" 200 60012 "-" "Mozilla/5.0"
167.99.237.102 - - [26/Nov/2024:07:10:01 -0800] "GET /?author=3 HTTP/1.0" 200 60000 "-" "Mozilla/5.0"
167.99.237.102 - - [26/Nov/2024:07:10:01 -0800] "GET /?author=4 HTTP/1.0" 404 59350 "-" "Mozilla/5.0"
216.244.66.203 - - [26/Nov/2024:07:10:50 -0800] "GET /casino-happy-birthday-banner-casino-theme-party-decorations-poker-decorations-for-party-casino-night-party-decor-las-vegas-themed-party-decorations/ HTTP/1.0" 200 85233 "-" "Mozilla/5.0 (compatible; DotBot/1.2; +https://opensiteexplorer.org/dotbot; help@moz.com)"
209.182.200.39 - - [26/Nov/2024:07:22:20 -0800] "POST /wp-cron.php?doing_wp_cron=1732634540.7451460361480712890625 HTTP/1.0" 200 - "-" "WordPress/6.6.2; http://sizabil.sk"
195.94.230.222 - - [26/Nov/2024:07:22:20 -0800] "POST /wp-login.php HTTP/1.0" 200 5614 "-" "Mozilla/5.0 (Windows NT 10.0; Win64; x64) AppleWebKit/537.36 (KHTML, like Gecko) Chrome/64.0.3282.167 Safari/537.36"
209.182.200.39 - - [26/Nov/2024:07:26:12 -0800] "POST /wp-cron.php?doing_wp_cron=1732634772.5301420688629150390625 HTTP/1.0" 200 - "-" "WordPress/6.6.2; http://sizabil.sk"
147.135.255.8 - - [26/Nov/2024:07:26:12 -0800] "POST /wp-login.php HTTP/1.0" 200 5664 "-" "Mozilla/5.0 (Windows NT 10.0; WOW64) AppleWebKit/537.36 (KHTML, like Gecko) Chrome/55.0.2883.87 Safari/537.36"
209.182.200.39 - - [26/Nov/2024:07:41:17 -0800] "POST /wp-cron.php?doing_wp_cron=1732635677.4610199928283691406250 HTTP/1.0" 200 - "-" "WordPress/6.6.2; http://sizabil.sk"
173.205.81.73 - - [26/Nov/2024:07:41:17 -0800] "POST /wp-login.php HTTP/1.0" 200 5614 "-" "Mozilla/5.0 (Windows NT 6.1; WOW64) AppleWebKit/537.36 (KHTML, like Gecko) Chrome/63.0.3239.132 Safari/537.36"
209.182.200.39 - - [26/Nov/2024:07:45:10 -0800] "POST /wp-cron.php?doing_wp_cron=1732635910.8746809959411621093750 HTTP/1.0" 200 - "-" "WordPress/6.6.2; http://sizabil.sk"
185.50.25.42 - - [26/Nov/2024:07:45:10 -0800] "POST /wp-login.php HTTP/1.0" 200 5664 "-" "Mozilla/5.0 (Windows NT 10.0; Win64; x64) AppleWebKit/537.36 (KHTML, like Gecko) Chrome/54.0.2840.99 Safari/537.36"
209.182.200.39 - - [26/Nov/2024:08:04:04 -0800] "POST /wp-cron.php?doing_wp_cron=1732637044.0324048995971679687500 HTTP/1.0" 200 - "-" "WordPress/6.6.2; http://sizabil.sk"
141.94.247.170 - - [26/Nov/2024:08:04:03 -0800] "POST /wp-login.php HTTP/1.0" 200 5664 "-" "Mozilla/5.0 (Windows NT 6.1) AppleWebKit/537.36 (KHTML, like Gecko) Chrome/58.0.3029.110 Safari/537.36"
209.182.200.39 - - [26/Nov/2024:08:19:03 -0800] "POST /wp-cron.php?doing_wp_cron=1732637943.4247989654541015625000 HTTP/1.0" 200 - "-" "WordPress/6.6.2; http://sizabil.sk"
47.244.50.243 - - [26/Nov/2024:08:19:03 -0800] "POST /wp-login.php HTTP/1.0" 200 5614 "-" "Mozilla/5.0 (Windows NT 10.0; Win64; x64) AppleWebKit/537.36 (KHTML, like Gecko) Chrome/66.0.3359.117 Safari/537.36"
192.46.211.230 - - [26/Nov/2024:08:22:37 -0800] "GET / HTTP/1.0" 406 300 "-" "-"
192.46.211.230 - - [26/Nov/2024:08:22:37 -0800] "GET / HTTP/1.0" 200 139086 "-" "Mozilla/5.0 (Linux; Android 6.0; HTC One M9 Build/MRA421096) AppleWebKit/537.36 (KHTML, like Gecko) Chrome/52.0.3518.98 Mobile Safari/537.3"
209.182.200.39 - - [26/Nov/2024:08:22:38 -0800] "POST /wp-cron.php?doing_wp_cron=1732638158.7115030288696289062500 HTTP/1.0" 200 - "-" "WordPress/6.6.2; http://sizabil.sk"
192.46.211.230 - - [26/Nov/2024:08:22:38 -0800] "GET /server HTTP/1.0" 404 59484 "-" "Go-http-client/1.1"
192.46.211.230 - - [26/Nov/2024:08:22:39 -0800] "GET /.vscode/sftp.json HTTP/1.0" 404 59415 "-" "Go-http-client/1.1"
192.46.211.230 - - [26/Nov/2024:08:22:40 -0800] "GET /about HTTP/1.0" 404 59483 "-" "Go-http-client/1.1"
192.46.211.230 - - [26/Nov/2024:08:22:40 -0800] "GET /debug/default/view?panel=config HTTP/1.0" 404 59416 "-" "Go-http-client/1.1"
192.46.211.230 - - [26/Nov/2024:08:22:41 -0800] "GET /v2/_catalog HTTP/1.0" 404 59489 "-" "Go-http-client/1.1"
192.46.211.230 - - [26/Nov/2024:08:22:42 -0800] "GET /ecp/Current/exporttool/microsoft.exchange.ediscovery.exporttool.application HTTP/1.0" 404 59473 "-" "Go-http-client/1.1"
192.46.211.230 - - [26/Nov/2024:08:22:42 -0800] "GET /server-status HTTP/1.0" 403 228 "-" "Go-http-client/1.1"
192.46.211.230 - - [26/Nov/2024:08:22:43 -0800] "GET /login.action HTTP/1.0" 404 59410 "-" "Go-http-client/1.1"
192.46.211.230 - - [26/Nov/2024:08:22:44 -0800] "GET /_all_dbs HTTP/1.0" 404 59486 "-" "Mozilla/5.0 (l9scan/2.0.435323e2230323e2238313e2930323; +https://leakix.net)"
192.46.211.230 - - [26/Nov/2024:08:22:44 -0800] "GET /.DS_Store HTTP/1.0" 404 59407 "-" "Go-http-client/1.1"
192.46.211.230 - - [26/Nov/2024:08:22:45 -0800] "GET /.env HTTP/1.0" 406 300 "-" "Go-http-client/1.1"
192.46.211.230 - - [26/Nov/2024:08:22:46 -0800] "GET /.git/config HTTP/1.0" 406 300 "-" "Go-http-client/1.1"
192.46.211.230 - - [26/Nov/2024:08:22:46 -0800] "GET /s/435323e2230323e2238313e2930323/_/;/META-INF/maven/com.atlassian.jira/jira-webapp-dist/pom.properties HTTP/1.0" 404 59500 "-" "Go-http-client/1.1"
192.46.211.230 - - [26/Nov/2024:08:22:47 -0800] "GET /config.json HTTP/1.0" 404 59409 "-" "Go-http-client/1.1"
192.46.211.230 - - [26/Nov/2024:08:22:48 -0800] "GET /telescope/requests HTTP/1.0" 404 59496 "-" "Go-http-client/1.1"
192.46.211.230 - - [26/Nov/2024:08:22:48 -0800] "GET /?rest_route=/wp/v2/users/ HTTP/1.0" 200 7111 "-" "Go-http-client/1.1"
45.195.204.97 - - [26/Nov/2024:08:22:57 -0800] "POST /wp-login.php HTTP/1.0" 200 5664 "-" "Mozilla/5.0 (Windows NT 6.1; WOW64) AppleWebKit/537.36 (KHTML, like Gecko) Chrome/47.0.2526.111 Safari/537.36 MVisionPlayer/1.0.0.0"
209.182.200.39 - - [26/Nov/2024:08:38:01 -0800] "POST /wp-cron.php?doing_wp_cron=1732639081.7245559692382812500000 HTTP/1.0" 200 - "-" "WordPress/6.6.2; http://sizabil.sk"
164.92.174.157 - - [26/Nov/2024:08:38:01 -0800] "POST /wp-login.php HTTP/1.0" 200 5614 "-" "Mozilla/5.0 (Windows NT 6.3; WOW64) AppleWebKit/537.36 (KHTML, like Gecko) Chrome/47.0.2526.106 Safari/537.36"
209.182.200.39 - - [26/Nov/2024:08:41:54 -0800] "POST /wp-cron.php?doing_wp_cron=1732639314.7461729049682617187500 HTTP/1.0" 200 - "-" "WordPress/6.6.2; http://sizabil.sk"
94.23.68.219 - - [26/Nov/2024:08:41:54 -0800] "POST /wp-login.php HTTP/1.0" 200 5664 "-" "Mozilla/5.0 (Windows NT 6.1; Win64; x64) AppleWebKit/537.36 (KHTML, like Gecko) Chrome/55.0.2883.87 Safari/537.36"
216.244.66.203 - - [26/Nov/2024:08:48:46 -0800] "GET /robots.txt HTTP/1.0" 200 30 "-" "Mozilla/5.0 (compatible; DotBot/1.2; +https://opensiteexplorer.org/dotbot; help@moz.com)"
216.244.66.203 - - [26/Nov/2024:08:49:47 -0800] "GET /casino-theme-party-photo-door-banner-backdrop-props-poker-photo-props-banner-supplies-casino-nigh-party-decorations-las-vegas-theme-photo-door-banner-for-game-night-birthday-party-supplies-favors-2/feed/ HTTP/1.0" 200 1538 "-" "Mozilla/5.0 (compatible; DotBot/1.2; +https://opensiteexplorer.org/dotbot; help@moz.com)"
216.244.66.203 - - [26/Nov/2024:08:49:50 -0800] "GET /bonus-category/welcome-bonus/feed/ HTTP/1.0" 200 23858 "-" "Mozilla/5.0 (compatible; DotBot/1.2; +https://opensiteexplorer.org/dotbot; help@moz.com)"
209.182.200.39 - - [26/Nov/2024:08:49:53 -0800] "POST /wp-cron.php?doing_wp_cron=1732639793.6649529933929443359375 HTTP/1.0" 200 - "-" "WordPress/6.6.2; http://sizabil.sk"
216.244.66.203 - - [26/Nov/2024:08:49:53 -0800] "GET /game-category/top-games/feed/ HTTP/1.0" 200 50956 "-" "Mozilla/5.0 (compatible; DotBot/1.2; +https://opensiteexplorer.org/dotbot; help@moz.com)"
209.182.200.39 - - [26/Nov/2024:08:57:02 -0800] "POST /wp-cron.php?doing_wp_cron=1732640222.0723409652709960937500 HTTP/1.0" 200 - "-" "WordPress/6.6.2; http://sizabil.sk"
185.50.25.38 - - [26/Nov/2024:08:57:01 -0800] "POST /wp-login.php HTTP/1.0" 200 5614 "-" "Mozilla/5.0 (Windows NT 6.1; Win64; x64) AppleWebKit/537.36 (KHTML, like Gecko) Chrome/55.0.2883.87 Safari/537.36"
209.182.200.39 - - [26/Nov/2024:09:00:49 -0800] "POST /wp-cron.php?doing_wp_cron=1732640449.1182270050048828125000 HTTP/1.0" 200 - "-" "WordPress/6.6.2; http://sizabil.sk"
62.173.149.72 - - [26/Nov/2024:09:00:48 -0800] "POST /wp-login.php HTTP/1.0" 200 5664 "-" "Mozilla/5.0 (Windows NT 6.1) AppleWebKit/537.36 (KHTML, like Gecko) Chrome/61.0.3163.100 Safari/537.36"
209.182.200.39 - - [26/Nov/2024:09:15:43 -0800] "POST /wp-cron.php?doing_wp_cron=1732641343.2507998943328857421875 HTTP/1.0" 200 - "-" "WordPress/6.6.2; http://sizabil.sk"
15.235.186.187 - - [26/Nov/2024:09:15:42 -0800] "POST /wp-login.php HTTP/1.0" 200 5614 "-" "Mozilla/5.0 (Windows NT 10.0; Win64; x64) AppleWebKit/537.36 (KHTML, like Gecko) Chrome/73.0.3683.86 Safari/537.36"
209.182.200.39 - - [26/Nov/2024:09:19:33 -0800] "POST /wp-cron.php?doing_wp_cron=1732641573.8764810562133789062500 HTTP/1.0" 200 - "-" "WordPress/6.6.2; http://sizabil.sk"
185.50.25.38 - - [26/Nov/2024:09:19:33 -0800] "POST /wp-login.php HTTP/1.0" 200 5664 "-" "Mozilla/5.0 (Windows NT 10.0; Win64; x64) AppleWebKit/537.36 (KHTML, like Gecko) Chrome/86.0.4240.193 Safari/537.36"
209.182.200.39 - - [26/Nov/2024:09:22:22 -0800] "POST /wp-cron.php?doing_wp_cron=1732641742.9046609401702880859375 HTTP/1.0" 200 - "-" "WordPress/6.6.2; http://sizabil.sk"
167.99.237.102 - - [26/Nov/2024:09:22:22 -0800] "POST /wp-login.php HTTP/1.0" 200 5614 "-" "Mozilla/5.0"
167.99.237.102 - - [26/Nov/2024:09:22:22 -0800] "POST /wp-login.php HTTP/1.0" 200 5664 "-" "Mozilla/5.0"
167.99.237.102 - - [26/Nov/2024:09:22:22 -0800] "POST /wp-login.php HTTP/1.0" 200 5660 "-" "Mozilla/5.0"
209.182.200.39 - - [26/Nov/2024:09:34:15 -0800] "POST /wp-cron.php?doing_wp_cron=1732642455.3246309757232666015625 HTTP/1.0" 200 - "-" "WordPress/6.6.2; http://sizabil.sk"
188.132.148.7 - - [26/Nov/2024:09:34:14 -0800] "POST /wp-login.php HTTP/1.0" 200 5614 "-" "Mozilla/5.0 (Windows NT 10.0; WOW64) AppleWebKit/537.36 (KHTML, like Gecko) Chrome/55.0.2883.87 Safari/537.36"
209.182.200.39 - - [26/Nov/2024:09:38:05 -0800] "POST /wp-cron.php?doing_wp_cron=1732642685.7555670738220214843750 HTTP/1.0" 200 - "-" "WordPress/6.6.2; http://sizabil.sk"
35.222.150.244 - - [26/Nov/2024:09:38:05 -0800] "POST /wp-login.php HTTP/1.0" 200 5664 "-" "Mozilla/5.0 (Windows NT 6.3; Win64; x64) AppleWebKit/537.36 (KHTML, like Gecko) Chrome/68.0.3440.106 Safari/537.36"
209.182.200.39 - - [26/Nov/2024:09:52:47 -0800] "POST /wp-cron.php?doing_wp_cron=1732643567.6417629718780517578125 HTTP/1.0" 200 - "-" "WordPress/6.6.2; http://sizabil.sk"
47.106.133.35 - - [26/Nov/2024:09:52:47 -0800] "POST /wp-login.php HTTP/1.0" 200 5614 "-" "Mozilla/5.0 (Windows NT 6.1) AppleWebKit/537.36 (KHTML, like Gecko) Chrome/59.0.3071.115 Safari/537.36"
209.182.200.39 - - [26/Nov/2024:09:56:34 -0800] "POST /wp-cron.php?doing_wp_cron=1732643794.1781339645385742187500 HTTP/1.0" 200 - "-" "WordPress/6.6.2; http://sizabil.sk"
188.165.239.173 - - [26/Nov/2024:09:56:33 -0800] "POST /wp-login.php HTTP/1.0" 200 5664 "-" "Mozilla/5.0 (Windows NT 10.0; WOW64) AppleWebKit/537.36 (KHTML, like Gecko) Chrome/56.0.2924.87 Safari/537.36"
209.182.200.39 - - [26/Nov/2024:10:06:04 -0800] "POST /wp-cron.php?doing_wp_cron=1732644364.9553160667419433593750 HTTP/1.0" 200 - "-" "WordPress/6.6.2; http://sizabil.sk"
167.99.237.102 - - [26/Nov/2024:10:06:04 -0800] "POST /wp-login.php HTTP/1.0" 200 5614 "-" "Mozilla/5.0"
209.182.200.39 - - [26/Nov/2024:10:06:04 -0800] "POST /wp-cron.php?doing_wp_cron=1732644364.9553089141845703125000 HTTP/1.0" 200 - "-" "WordPress/6.6.2; http://sizabil.sk"
167.99.237.102 - - [26/Nov/2024:10:06:04 -0800] "POST /wp-login.php HTTP/1.0" 200 5664 "-" "Mozilla/5.0"
209.182.200.39 - - [26/Nov/2024:10:06:04 -0800] "POST /wp-cron.php?doing_wp_cron=1732644364.9552669525146484375000 HTTP/1.0" 200 - "-" "WordPress/6.6.2; http://sizabil.sk"
167.99.237.102 - - [26/Nov/2024:10:06:04 -0800] "POST /wp-login.php HTTP/1.0" 200 5660 "-" "Mozilla/5.0"
209.182.200.39 - - [26/Nov/2024:10:11:19 -0800] "POST /wp-cron.php?doing_wp_cron=1732644679.7866079807281494140625 HTTP/1.0" 200 - "-" "WordPress/6.6.2; http://sizabil.sk"
69.163.182.194 - - [26/Nov/2024:10:11:19 -0800] "POST /wp-login.php HTTP/1.0" 200 5614 "-" "Mozilla/5.0 (Windows NT 6.3; Win64; x64) AppleWebKit/537.36 (KHTML, like Gecko) Chrome/65.0.3325.181 Safari/537.36"
209.182.200.39 - - [26/Nov/2024:10:15:09 -0800] "POST /wp-cron.php?doing_wp_cron=1732644909.2195420265197753906250 HTTP/1.0" 200 - "-" "WordPress/6.6.2; http://sizabil.sk"
171.244.0.91 - - [26/Nov/2024:10:15:09 -0800] "POST /wp-login.php HTTP/1.0" 200 5664 "-" "Mozilla/5.0 (Windows NT 5.1) AppleWebKit/537.36 (KHTML, like Gecko) Chrome/47.0.2526.106 Safari/537.36"
45.137.194.111 - - [26/Nov/2024:10:16:15 -0800] "GET /wp-login.php HTTP/1.0" 406 300 "-" "Mozilla/5.0 (X11; Ubuntu; Linux x86_64; rv:62.0) Gecko/20100101 Firefox/62.0"
209.182.200.39 - - [26/Nov/2024:10:30:04 -0800] "POST /wp-cron.php?doing_wp_cron=1732645804.8893659114837646484375 HTTP/1.0" 200 - "-" "WordPress/6.6.2; http://sizabil.sk"
51.79.254.110 - - [26/Nov/2024:10:30:04 -0800] "POST /wp-login.php HTTP/1.0" 200 5614 "-" "Mozilla/5.0 (Windows NT 6.1) AppleWebKit/537.36 (KHTML, like Gecko) Chrome/62.0.3202.94 Safari/537.36"
209.182.200.39 - - [26/Nov/2024:10:51:34 -0800] "POST /wp-cron.php?doing_wp_cron=1732647094.9208168983459472656250 HTTP/1.0" 200 - "-" "WordPress/6.6.2; http://sizabil.sk"
167.99.237.102 - - [26/Nov/2024:10:51:34 -0800] "POST /wp-login.php HTTP/1.0" 200 5614 "-" "Mozilla/5.0"
209.182.200.39 - - [26/Nov/2024:10:51:34 -0800] "POST /wp-cron.php?doing_wp_cron=1732647094.9207909107208251953125 HTTP/1.0" 200 - "-" "WordPress/6.6.2; http://sizabil.sk"
167.99.237.102 - - [26/Nov/2024:10:51:34 -0800] "POST /wp-login.php HTTP/1.0" 200 5664 "-" "Mozilla/5.0"
209.182.200.39 - - [26/Nov/2024:10:51:34 -0800] "POST /wp-cron.php?doing_wp_cron=1732647094.9208400249481201171875 HTTP/1.0" 200 - "-" "WordPress/6.6.2; http://sizabil.sk"
167.99.237.102 - - [26/Nov/2024:10:51:34 -0800] "POST /wp-login.php HTTP/1.0" 200 5660 "-" "Mozilla/5.0"
205.210.31.93 - - [26/Nov/2024:11:10:12 -0800] "GET / HTTP/1.0" 406 300 "-" "Expanse, a Palo Alto Networks company, searches across the global IPv4 space multiple times per day to identify customers' presences on the Internet. If you would like to be excluded from our scans, please send IP addresses/domains to: scaninfo@paloaltonetworks.com"
209.182.200.39 - - [26/Nov/2024:11:37:33 -0800] "POST /wp-cron.php?doing_wp_cron=1732649853.5106649398803710937500 HTTP/1.0" 200 - "-" "WordPress/6.6.2; http://sizabil.sk"
167.99.237.102 - - [26/Nov/2024:11:37:32 -0800] "POST /wp-login.php HTTP/1.0" 200 5660 "-" "Mozilla/5.0"
209.182.200.39 - - [26/Nov/2024:11:37:33 -0800] "POST /wp-cron.php?doing_wp_cron=1732649853.5106539726257324218750 HTTP/1.0" 200 - "-" "WordPress/6.6.2; http://sizabil.sk"
167.99.237.102 - - [26/Nov/2024:11:37:32 -0800] "POST /wp-login.php HTTP/1.0" 200 5614 "-" "Mozilla/5.0"
209.182.200.39 - - [26/Nov/2024:11:37:33 -0800] "POST /wp-cron.php?doing_wp_cron=1732649853.5106561183929443359375 HTTP/1.0" 200 - "-" "WordPress/6.6.2; http://sizabil.sk"
167.99.237.102 - - [26/Nov/2024:11:37:32 -0800] "POST /wp-login.php HTTP/1.0" 200 5664 "-" "Mozilla/5.0"
209.182.200.39 - - [26/Nov/2024:12:25:11 -0800] "POST /wp-cron.php?doing_wp_cron=1732652711.9008200168609619140625 HTTP/1.0" 200 - "-" "WordPress/6.6.2; http://sizabil.sk"
167.99.237.102 - - [26/Nov/2024:12:25:11 -0800] "POST /wp-login.php HTTP/1.0" 200 5664 "-" "Mozilla/5.0"
209.182.200.39 - - [26/Nov/2024:12:25:12 -0800] "POST /wp-cron.php?doing_wp_cron=1732652711.9007680416107177734375 HTTP/1.0" 200 - "-" "WordPress/6.6.2; http://sizabil.sk"
167.99.237.102 - - [26/Nov/2024:12:25:11 -0800] "POST /wp-login.php HTTP/1.0" 200 5614 "-" "Mozilla/5.0"
167.99.237.102 - - [26/Nov/2024:12:25:11 -0800] "POST /wp-login.php HTTP/1.0" 200 5660 "-" "Mozilla/5.0"
64.227.70.2 - - [26/Nov/2024:12:37:28 -0800] "GET / HTTP/1.0" 200 139086 "-" "-"
64.227.70.2 - - [26/Nov/2024:12:37:32 -0800] "GET / HTTP/1.0" 200 139086 "-" "Mozilla/5.0 (Linux; Android 6.0; HTC One M9 Build/MRA421096) AppleWebKit/537.36 (KHTML, like Gecko) Chrome/52.0.3518.98 Mobile Safari/537.3"
209.182.200.39 - - [26/Nov/2024:12:37:34 -0800] "POST /wp-cron.php?doing_wp_cron=1732653454.3129549026489257812500 HTTP/1.0" 200 - "-" "WordPress/6.6.2; https://sizabil.sk"
64.227.70.2 - - [26/Nov/2024:12:37:33 -0800] "GET /server HTTP/1.0" 404 59517 "-" "Go-http-client/1.1"
209.182.200.39 - - [26/Nov/2024:12:37:35 -0800] "POST /wp-cron.php?doing_wp_cron=1732653455.7056109905242919921875 HTTP/1.0" 200 - "-" "WordPress/6.6.2; https://sizabil.sk"
64.227.70.2 - - [26/Nov/2024:12:37:35 -0800] "GET /.vscode/sftp.json HTTP/1.0" 404 59448 "-" "Go-http-client/1.1"
64.227.70.2 - - [26/Nov/2024:12:37:36 -0800] "GET /about HTTP/1.0" 404 59516 "-" "Go-http-client/1.1"
64.227.70.2 - - [26/Nov/2024:12:37:37 -0800] "GET /debug/default/view?panel=config HTTP/1.0" 404 59449 "-" "Go-http-client/1.1"
64.227.70.2 - - [26/Nov/2024:12:37:39 -0800] "GET /v2/_catalog HTTP/1.0" 404 59522 "-" "Go-http-client/1.1"
64.227.70.2 - - [26/Nov/2024:12:37:40 -0800] "GET /ecp/Current/exporttool/microsoft.exchange.ediscovery.exporttool.application HTTP/1.0" 404 59506 "-" "Go-http-client/1.1"
64.227.70.2 - - [26/Nov/2024:12:37:41 -0800] "GET /server-status HTTP/1.0" 403 228 "-" "Go-http-client/1.1"
64.227.70.2 - - [26/Nov/2024:12:37:42 -0800] "GET /login.action HTTP/1.0" 404 59443 "-" "Go-http-client/1.1"
64.227.70.2 - - [26/Nov/2024:12:37:43 -0800] "GET /_all_dbs HTTP/1.0" 404 59519 "-" "Mozilla/5.0 (l9scan/2.0.435323e2230323e2238313e2930323; +https://leakix.net)"
64.227.70.2 - - [26/Nov/2024:12:37:44 -0800] "GET /.DS_Store HTTP/1.0" 404 59440 "-" "Go-http-client/1.1"
64.227.70.2 - - [26/Nov/2024:12:37:46 -0800] "GET /.env HTTP/1.0" 404 59435 "-" "Go-http-client/1.1"
64.227.70.2 - - [26/Nov/2024:12:37:47 -0800] "GET /.git/config HTTP/1.0" 404 59442 "-" "Go-http-client/1.1"
64.227.70.2 - - [26/Nov/2024:12:37:50 -0800] "GET /s/435323e2230323e2238313e2930323/_/;/META-INF/maven/com.atlassian.jira/jira-webapp-dist/pom.properties HTTP/1.0" 404 59533 "-" "Go-http-client/1.1"
64.227.70.2 - - [26/Nov/2024:12:37:51 -0800] "GET /config.json HTTP/1.0" 404 59442 "-" "Go-http-client/1.1"
64.227.70.2 - - [26/Nov/2024:12:37:52 -0800] "GET /telescope/requests HTTP/1.0" 404 59529 "-" "Go-http-client/1.1"
64.227.70.2 - - [26/Nov/2024:12:37:54 -0800] "GET /?rest_route=/wp/v2/users/ HTTP/1.0" 200 7160 "-" "Go-http-client/1.1"
167.99.237.102 - - [26/Nov/2024:13:12:05 -0800] "POST /wp-login.php HTTP/1.0" 200 5614 "-" "Mozilla/5.0"
209.182.200.39 - - [26/Nov/2024:13:12:06 -0800] "POST /wp-cron.php?doing_wp_cron=1732655526.2020349502563476562500 HTTP/1.0" 200 - "-" "WordPress/6.6.2; http://sizabil.sk"
167.99.237.102 - - [26/Nov/2024:13:12:05 -0800] "POST /wp-login.php HTTP/1.0" 200 5664 "-" "Mozilla/5.0"
209.182.200.39 - - [26/Nov/2024:13:12:06 -0800] "POST /wp-cron.php?doing_wp_cron=1732655526.2020349502563476562500 HTTP/1.0" 200 - "-" "WordPress/6.6.2; http://sizabil.sk"
167.99.237.102 - - [26/Nov/2024:13:12:05 -0800] "POST /wp-login.php HTTP/1.0" 200 5660 "-" "Mozilla/5.0"
216.244.66.203 - - [26/Nov/2024:13:37:59 -0800] "GET /robots.txt HTTP/1.0" 200 30 "-" "Mozilla/5.0 (compatible; DotBot/1.2; +https://opensiteexplorer.org/dotbot; help@moz.com)"
216.244.66.203 - - [26/Nov/2024:13:39:31 -0800] "GET /the-color-purple-2023-blu-ray-digital/feed/ HTTP/1.0" 200 906 "-" "Mozilla/5.0 (compatible; DotBot/1.2; +https://opensiteexplorer.org/dotbot; help@moz.com)"
209.182.200.39 - - [26/Nov/2024:14:00:30 -0800] "POST /wp-cron.php?doing_wp_cron=1732658430.2914168834686279296875 HTTP/1.0" 200 - "-" "WordPress/6.6.2; http://sizabil.sk"
167.99.237.102 - - [26/Nov/2024:14:00:29 -0800] "POST /wp-login.php HTTP/1.0" 200 5614 "-" "Mozilla/5.0"
209.182.200.39 - - [26/Nov/2024:14:00:30 -0800] "POST /wp-cron.php?doing_wp_cron=1732658430.2914590835571289062500 HTTP/1.0" 200 - "-" "WordPress/6.6.2; http://sizabil.sk"
167.99.237.102 - - [26/Nov/2024:14:00:29 -0800] "POST /wp-login.php HTTP/1.0" 200 5664 "-" "Mozilla/5.0"
167.99.237.102 - - [26/Nov/2024:14:00:29 -0800] "POST /wp-login.php HTTP/1.0" 200 5660 "-" "Mozilla/5.0"
64.90.51.251 - - [26/Nov/2024:14:08:31 -0800] "GET /members/wp-login.php HTTP/1.0" 406 300 "-" "Mozilla/5.0 (X11; Ubuntu; Linux x86_64; rv:62.0) Gecko/20100101 Firefox/62.0"
209.182.200.39 - - [26/Nov/2024:14:47:54 -0800] "POST /wp-cron.php?doing_wp_cron=1732661274.5530910491943359375000 HTTP/1.0" 200 - "-" "WordPress/6.6.2; http://sizabil.sk"
167.99.237.102 - - [26/Nov/2024:14:47:53 -0800] "POST /wp-login.php HTTP/1.0" 200 5614 "-" "Mozilla/5.0"
209.182.200.39 - - [26/Nov/2024:14:47:54 -0800] "POST /wp-cron.php?doing_wp_cron=1732661274.5530750751495361328125 HTTP/1.0" 200 - "-" "WordPress/6.6.2; http://sizabil.sk"
167.99.237.102 - - [26/Nov/2024:14:47:53 -0800] "POST /wp-login.php HTTP/1.0" 200 5664 "-" "Mozilla/5.0"
209.182.200.39 - - [26/Nov/2024:14:47:54 -0800] "POST /wp-cron.php?doing_wp_cron=1732661274.5530729293823242187500 HTTP/1.0" 200 - "-" "WordPress/6.6.2; http://sizabil.sk"
167.99.237.102 - - [26/Nov/2024:14:47:53 -0800] "POST /wp-login.php HTTP/1.0" 200 5660 "-" "Mozilla/5.0"
216.244.66.203 - - [26/Nov/2024:15:15:47 -0800] "GET /robots.txt HTTP/1.0" 200 30 "-" "Mozilla/5.0 (compatible; DotBot/1.2; +https://opensiteexplorer.org/dotbot; help@moz.com)"
216.244.66.203 - - [26/Nov/2024:15:16:56 -0800] "GET /79-pcs-casino-theme-party-decorations-las-vegas-party-decorations-casino-birthday-party-decorations-supplies-include-casino-backdrop-balloon-garland-kit-tablecloth-cake-toppers-and-foil-balloons/ HTTP/1.0" 200 87506 "-" "Mozilla/5.0 (compatible; DotBot/1.2; +https://opensiteexplorer.org/dotbot; help@moz.com)"
216.244.66.203 - - [26/Nov/2024:15:17:00 -0800] "GET /fruidles-casino-poker-chips-belgian-milk-chocolate-coins-kosher-certified-dairy-non-gmo-25-pack/feed/ HTTP/1.0" 200 1137 "-" "Mozilla/5.0 (compatible; DotBot/1.2; +https://opensiteexplorer.org/dotbot; help@moz.com)"
209.182.200.39 - - [26/Nov/2024:15:36:22 -0800] "POST /wp-cron.php?doing_wp_cron=1732664181.9870309829711914062500 HTTP/1.0" 200 - "-" "WordPress/6.6.2; http://sizabil.sk"
167.99.237.102 - - [26/Nov/2024:15:36:21 -0800] "POST /wp-login.php HTTP/1.0" 200 5614 "-" "Mozilla/5.0"
209.182.200.39 - - [26/Nov/2024:15:36:22 -0800] "POST /wp-cron.php?doing_wp_cron=1732664181.9870080947875976562500 HTTP/1.0" 200 - "-" "WordPress/6.6.2; http://sizabil.sk"
167.99.237.102 - - [26/Nov/2024:15:36:21 -0800] "POST /wp-login.php HTTP/1.0" 200 5660 "-" "Mozilla/5.0"
209.182.200.39 - - [26/Nov/2024:15:36:22 -0800] "POST /wp-cron.php?doing_wp_cron=1732664181.9869780540466308593750 HTTP/1.0" 200 - "-" "WordPress/6.6.2; http://sizabil.sk"
167.99.237.102 - - [26/Nov/2024:15:36:21 -0800] "POST /wp-login.php HTTP/1.0" 200 5664 "-" "Mozilla/5.0"
209.182.200.39 - - [26/Nov/2024:16:24:27 -0800] "POST /wp-cron.php?doing_wp_cron=1732667067.7785599231719970703125 HTTP/1.0" 200 - "-" "WordPress/6.6.2; http://sizabil.sk"
167.99.237.102 - - [26/Nov/2024:16:24:27 -0800] "POST /wp-login.php HTTP/1.0" 200 5660 "-" "Mozilla/5.0"
209.182.200.39 - - [26/Nov/2024:16:24:27 -0800] "POST /wp-cron.php?doing_wp_cron=1732667067.7784938812255859375000 HTTP/1.0" 200 - "-" "WordPress/6.6.2; http://sizabil.sk"
167.99.237.102 - - [26/Nov/2024:16:24:27 -0800] "POST /wp-login.php HTTP/1.0" 200 5614 "-" "Mozilla/5.0"
167.99.237.102 - - [26/Nov/2024:16:24:27 -0800] "POST /wp-login.php HTTP/1.0" 200 5664 "-" "Mozilla/5.0"
216.244.66.203 - - [26/Nov/2024:16:52:07 -0800] "GET /robots.txt HTTP/1.0" 200 30 "-" "Mozilla/5.0 (compatible; DotBot/1.2; +https://opensiteexplorer.org/dotbot; help@moz.com)"
209.182.200.39 - - [26/Nov/2024:16:53:22 -0800] "POST /wp-cron.php?doing_wp_cron=1732668802.7218770980834960937500 HTTP/1.0" 200 - "-" "WordPress/6.6.2; http://sizabil.sk"
216.244.66.203 - - [26/Nov/2024:16:53:21 -0800] "GET /bonus/100-match-bonus-on-poker-at-genting-casino/ HTTP/1.0" 301 - "-" "Mozilla/5.0 (compatible; DotBot/1.2; +https://opensiteexplorer.org/dotbot; help@moz.com)"
209.182.200.39 - - [26/Nov/2024:16:53:26 -0800] "GET /?wp_scrape_key=b6aae868f7f748409f9caba83838429a&wp_scrape_nonce=1732668804 HTTP/1.0" 200 139164 "-" "WordPress/6.6.2; http://sizabil.sk"
209.182.200.39 - - [26/Nov/2024:17:13:40 -0800] "POST /wp-cron.php?doing_wp_cron=1732670020.1192829608917236328125 HTTP/1.0" 200 - "-" "WordPress/6.6.2; http://sizabil.sk"
167.99.237.102 - - [26/Nov/2024:17:13:39 -0800] "POST /wp-login.php HTTP/1.0" 200 5614 "-" "Mozilla/5.0"
209.182.200.39 - - [26/Nov/2024:17:13:40 -0800] "POST /wp-cron.php?doing_wp_cron=1732670020.1192920207977294921875 HTTP/1.0" 200 - "-" "WordPress/6.6.2; http://sizabil.sk"
167.99.237.102 - - [26/Nov/2024:17:13:39 -0800] "POST /wp-login.php HTTP/1.0" 200 5664 "-" "Mozilla/5.0"
167.99.237.102 - - [26/Nov/2024:17:13:39 -0800] "POST /wp-login.php HTTP/1.0" 200 5660 "-" "Mozilla/5.0"
216.244.66.203 - - [26/Nov/2024:17:41:29 -0800] "GET /robots.txt HTTP/1.0" 200 30 "-" "Mozilla/5.0 (compatible; DotBot/1.2; +https://opensiteexplorer.org/dotbot; help@moz.com)"
216.244.66.203 - - [26/Nov/2024:17:42:47 -0800] "GET /brybelly-casino-night-4-in-1-felts-only-blackjack-craps-roulette-and-texas-holdem-table-felt-only-green-felt-double-sided-casino-tabletop-gaming-mat-18-x-36-perfect-for-casino-game-night/feed/ HTTP/1.0" 200 1530 "-" "Mozilla/5.0 (compatible; DotBot/1.2; +https://opensiteexplorer.org/dotbot; help@moz.com)"
209.182.200.39 - - [26/Nov/2024:18:02:25 -0800] "POST /wp-cron.php?doing_wp_cron=1732672945.6029109954833984375000 HTTP/1.0" 200 - "-" "WordPress/6.6.2; http://sizabil.sk"
167.99.237.102 - - [26/Nov/2024:18:02:24 -0800] "POST /wp-login.php HTTP/1.0" 200 5664 "-" "Mozilla/5.0"
167.99.237.102 - - [26/Nov/2024:18:02:24 -0800] "POST /wp-login.php HTTP/1.0" 200 5660 "-" "Mozilla/5.0"
167.99.237.102 - - [26/Nov/2024:18:02:24 -0800] "POST /wp-login.php HTTP/1.0" 200 5614 "-" "Mozilla/5.0"