3.14.10.38 - - [22/Nov/2024:07:18:25 -0800] "GET //adsgivesales.click/wp-content/plugins/header-footer-builder/assets/public/js/menu.js HTTP/1.0" 508 288 "-" "Microsoft URL Control - 6.00.8862"
3.14.10.38 - - [22/Nov/2024:07:18:25 -0800] "GET //adsgivesales.click/wp-includes/js/api-request.min.js HTTP/1.0" 508 288 "-" "Mozilla/5.0 (X11; Linux x86_64) AppleWebKit/537.36 (KHTML, like Gecko) Chrome/93.0.4577.63 Safari/537.36"
3.14.10.38 - - [22/Nov/2024:07:18:25 -0800] "GET //adsgivesales.click/wp-content/themes/classiadspro/includes/plugins-config/woocommerce-quantity-increment/assets/js/lib/number-polyfill.min.js HTTP/1.0" 508 288 "-" "Mozilla/5.0 (X11; OpenBSD amd64; rv:28.0) Gecko/20100101 Firefox/28.0"
3.14.10.38 - - [22/Nov/2024:07:18:25 -0800] "GET //adsgivesales.click/wp-content/themes/classiadspro/js/bootstrap.min.js HTTP/1.0" 508 288 "-" "Mozilla/5.0 (Windows NT 6.2) AppleWebKit/536.3 (KHTML, like Gecko) Chrome/19.0.1061.1 Safari/536.3"
3.14.10.38 - - [22/Nov/2024:07:18:25 -0800] "GET //adsgivesales.click/wp-content/themes/classiadspro/includes/assets/js/social-icon-widget.js HTTP/1.0" 508 288 "-" "Mozilla/5.0 (Linux; Android 12; SM-G973F) AppleWebKit/537.36 (KHTML, like Gecko) Chrome/101.0.4951.41 Mobile Safari/537.36"
3.14.10.38 - - [22/Nov/2024:07:18:25 -0800] "GET //adsgivesales.click/wp-content/themes/classiadspro/js/theme-scripts.js HTTP/1.0" 508 288 "-" "Mozilla/5.0 (Linux; Android 8.0.0; SAMSUNG SM-G935F) AppleWebKit/537.36 (KHTML, like Gecko) SamsungBrowser/12.1 Chrome/79.0.3945.136 Mobile Safari/537.36"
3.14.10.38 - - [22/Nov/2024:07:18:25 -0800] "GET //adsgivesales.click/wp-includes/js/backbone.min.js HTTP/1.0" 508 288 "-" "Mozilla/5.0 (Linux; U; Android 2.3.3; en-us ; LS670 Build/GRI40) AppleWebKit/533.1 (KHTML, like Gecko) Version/4.0 Mobile Safari/533.1/UCBrowser/8.6.1.262/145/355"
3.14.10.38 - - [22/Nov/2024:07:18:21 -0800] "GET //adsgivesales.click/wp-content/themes/classiadspro/js/plugins.min.js HTTP/1.0" 301 - "-" "Mozilla/5.0 (Linux; Android 12; SM-A515F) AppleWebKit/537.36 (KHTML, like Gecko) Chrome/100.0.4896.127 Mobile Safari/537.36"
3.14.10.38 - - [22/Nov/2024:07:18:25 -0800] "GET //adsgivesales.click/wp-includes/js/dist/a11y.min.js HTTP/1.0" 508 288 "-" "Mozilla/5.0 (Windows NT 6.1; Win64; x64) AppleWebKit/537.36 (KHTML, like Gecko) Chrome/99.0.4844.84 Safari/537.36"
3.14.10.38 - - [22/Nov/2024:07:18:25 -0800] "GET //adsgivesales.click/wp-includes/js/clipboard.min.js HTTP/1.0" 508 288 "-" "Mozilla/5.0 (Linux; Android 11; Redmi Note 9 Pro Max) AppleWebKit/537.36 (KHTML, like Gecko) Chrome/99.0.4844.88 Mobile Safari/537.36 OPR/68.3.3557.64528"
3.14.10.38 - - [22/Nov/2024:07:18:25 -0800] "GET //adsgivesales.click/wp-includes/js/dist/dom-ready.min.js HTTP/1.0" 508 288 "-" "Mozilla/5.0 (Macintosh; Intel Mac OS X 10_14_6) AppleWebKit/537.36 (KHTML, like Gecko) Chrome/99.0.4844.74 Safari/537.36"
3.14.10.38 - - [22/Nov/2024:07:18:26 -0800] "GET //adsgivesales.click/wp-includes/js/dist/hooks.min.js HTTP/1.0" 508 288 "-" "Mozilla/5.0 (Linux; Android 12; ASUS_I005DA) AppleWebKit/537.36 (KHTML, like Gecko) Chrome/100.0.4896.127 Mobile Safari/537.36 EdgA/100.0.1185.50"
3.14.10.38 - - [22/Nov/2024:07:18:26 -0800] "GET //adsgivesales.click/wp-includes/js/dist/i18n.min.js HTTP/1.0" 508 288 "-" "Mozilla/5.0 (Linux; Android 11; GM1910) AppleWebKit/537.36 (KHTML, like Gecko) Chrome/101.0.4951.41 Mobile Safari/537.36"
3.14.10.38 - - [22/Nov/2024:07:18:26 -0800] "GET //adsgivesales.click/wp-includes/js/imagesloaded.min.js HTTP/1.0" 508 288 "-" "Mozilla/5.0 (Linux; Android 9; Redmi Note 8T) AppleWebKit/537.36 (KHTML, like Gecko) Chrome/101.0.4951.61 Mobile Safari/537.36"
3.14.10.38 - - [22/Nov/2024:07:18:26 -0800] "GET //adsgivesales.click/wp-includes/js/jquery/jquery.min.js HTTP/1.0" 508 288 "-" "Mozilla/5.0 (Macintosh; Intel Mac OS X 10_13_6) AppleWebKit/605.1.15 (KHTML, like Gecko) Version/13.1.2 Safari/605.1.15"
3.14.10.38 - - [22/Nov/2024:07:18:26 -0800] "GET //adsgivesales.click/wp-includes/js/jquery/jquery-migrate.min.js HTTP/1.0" 508 288 "-" "MOT-L7v/08.B7.5DR MIB/2.2.1 Profile/MIDP-2.0 Configuration/CLDC-1.1 UP.Link/6.3.0.0.0"
3.14.10.38 - - [22/Nov/2024:07:18:26 -0800] "GET //adsgivesales.click/wp-includes/js/jquery/ui/autocomplete.min.js HTTP/1.0" 508 288 "-" "NokiaN73-1/3.0649.0.0.1 Series60/3.0 Profile/MIDP2.0 Configuration/CLDC-1.1"
3.14.10.38 - - [22/Nov/2024:07:18:26 -0800] "GET //adsgivesales.click/wp-includes/js/jquery/jquery.ui.touch-punch.js HTTP/1.0" 508 288 "-" "Mozilla/4.0 (PDA; PalmOS/sony/model prmr/Revision:1.1.54 (en)) NetFront/3.0"
3.14.10.38 - - [22/Nov/2024:07:18:26 -0800] "GET //adsgivesales.click/wp-includes/js/jquery/ui/checkboxradio.min.js HTTP/1.0" 508 288 "-" "Mozilla/5.0 (Android 4.2; rv:19.0) Gecko/20121129 Firefox/19.0"
3.14.10.38 - - [22/Nov/2024:07:18:26 -0800] "GET //adsgivesales.click/wp-includes/js/jquery/ui/button.min.js HTTP/1.0" 508 288 "-" "Mozilla/5.0 (Windows NT 6.2; Win64; x64; rv:16.0) Gecko/16.0 Firefox/16.0"
3.14.10.38 - - [22/Nov/2024:07:18:26 -0800] "GET //adsgivesales.click/wp-includes/js/jquery/ui/core.min.js HTTP/1.0" 508 288 "-" "Mozilla/5.0 (Linux; Android 11; ONEPLUS A6000) AppleWebKit/537.36 (KHTML, like Gecko) Chrome/92.0.4515.131 Mobile Safari/537.36"
3.14.10.38 - - [22/Nov/2024:07:18:26 -0800] "GET //adsgivesales.click/wp-includes/js/jquery/ui/mouse.min.js HTTP/1.0" 508 288 "-" "Mozilla/5.0 (Linux; Android 10; HMA-L29) AppleWebKit/537.36 (KHTML, like Gecko) Chrome/84.0.4147.89 Mobile Safari/537.36"
3.14.10.38 - - [22/Nov/2024:07:18:26 -0800] "GET //adsgivesales.click/wp-includes/js/jquery/ui/controlgroup.min.js HTTP/1.0" 508 288 "-" "Mozilla/5.0 (iPhone; CPU iPhone OS 15_1 like Mac OS X) AppleWebKit/605.1.15 (KHTML, like Gecko) Version/15.1 Mobile/15E148 Safari/604.1"
3.14.10.38 - - [22/Nov/2024:07:18:26 -0800] "GET //adsgivesales.click/wp-includes/js/jquery/ui/sortable.min.js HTTP/1.0" 508 288 "-" "Mozilla/4.0 (compatible; MSIE 6.0; Windows CE; IEMobile 6.12; Microsoft ZuneHD 4.3)"
3.14.10.38 - - [22/Nov/2024:07:18:26 -0800] "GET //adsgivesales.click/wp-includes/js/jquery/ui/resizable.min.js HTTP/1.0" 508 288 "-" "Mozilla/5.0 (Linux; U; Android 4.4.2; en-us; GT-P5210 Build/KOT49H) AppleWebKit/534.30 (KHTML, like Gecko) Version/4.0 Safari/534.30"
3.14.10.38 - - [22/Nov/2024:07:18:26 -0800] "GET //adsgivesales.click/wp-includes/js/jquery/ui/draggable.min.js HTTP/1.0" 508 288 "-" "Mozilla/5.0 (Windows; U; Windows NT 5.1; en-US; rv:1.9.0.10) Gecko/2009042316 Firefox/3.0.10"
3.14.10.38 - - [22/Nov/2024:07:18:26 -0800] "GET //adsgivesales.click/wp-includes/js/jquery/ui/selectmenu.min.js HTTP/1.0" 508 288 "-" "Mozilla/5.0 (X11; Linux x86_64) AppleWebKit/537.36 (KHTML, like Gecko) Chrome/72.0.3626.96 Safari/537.36"
3.14.10.38 - - [22/Nov/2024:07:18:26 -0800] "GET //adsgivesales.click/wp-includes/js/jquery/ui/dialog.min.js HTTP/1.0" 508 288 "-" "Mozilla/5.0 (Linux; U; Android 3.0.1; en-us; GT-P7100 Build/HRI83) AppleWebkit/534.13 (KHTML, like Gecko) Version/4.0 Safari/534.13"
3.14.10.38 - - [22/Nov/2024:07:18:26 -0800] "GET //adsgivesales.click/wp-includes/js/jquery/ui/menu.min.js HTTP/1.0" 508 288 "-" "Mozilla/5.0 (Windows NT 5.1; rv:31.0) Gecko/20100101 Firefox/31.0"
3.14.10.38 - - [22/Nov/2024:07:18:26 -0800] "GET //adsgivesales.click/wp-includes/js/jquery/ui/slider.min.js HTTP/1.0" 508 288 "-" "Mozilla/5.0 (X11; Linux i686; rv:2.0b6pre) Gecko/20100907 Firefox/4.0b6pre"
3.14.10.38 - - [22/Nov/2024:07:18:26 -0800] "GET //adsgivesales.click/wp-includes/js/jquery/ui/tabs.min.js HTTP/1.0" 508 288 "-" "Vodafone/1.0/V802SE/SEJ001 Browser/SEMC-Browser/4.1"
3.14.10.38 - - [22/Nov/2024:07:18:26 -0800] "GET //adsgivesales.click/wp-includes/js/json2.min.js HTTP/1.0" 508 288 "-" "Mozilla/5.0 (X11; FreeBSD amd64) AppleWebKit/537.4 (KHTML like Gecko) Chrome/22.0.1229.79 Safari/537.4"
3.14.10.38 - - [22/Nov/2024:07:18:26 -0800] "GET //adsgivesales.click/wp-includes/js/masonry.min.js HTTP/1.0" 508 288 "-" "Java/1.6.0_13"
3.14.10.38 - - [22/Nov/2024:07:18:26 -0800] "GET //adsgivesales.click/wp-includes/js/media-editor.min.js HTTP/1.0" 508 288 "-" "Mozilla/5.0 (Linux; U; Android 1.5; en-gb; T-Mobile_G2_Touch Build/CUPCAKE) AppleWebKit/528.5 (KHTML, like Gecko) Version/3.1.2 Mobile Safari/525.20.1"
3.14.10.38 - - [22/Nov/2024:07:18:26 -0800] "GET //adsgivesales.click/wp-includes/js/media-models.min.js HTTP/1.0" 508 288 "-" "Mozilla/5.0 (Macintosh; Intel Mac OS X 10_15_7) AppleWebKit/537.36 (KHTML, like Gecko) Chrome/97.0.4692.71 Safari/537.36"
3.14.10.38 - - [22/Nov/2024:07:18:26 -0800] "GET //adsgivesales.click/wp-includes/js/mediaelement/mediaelement-migrate.min.js HTTP/1.0" 508 288 "-" "Mozilla/5.0 (Windows NT 10.0; Win64; x64) AppleWebKit/537.36 (KHTML, like Gecko) Chrome/81.0.4044.92 Safari/537.36"
3.14.10.38 - - [22/Nov/2024:07:18:26 -0800] "GET //adsgivesales.click/wp-includes/js/mediaelement/wp-mediaelement.min.js HTTP/1.0" 508 288 "-" "Mozilla/5.0 (Linux; Android 11; HD1913) AppleWebKit/537.36 (KHTML, like Gecko) Chrome/100.0.4896.127 Mobile Safari/537.36"
3.14.10.38 - - [22/Nov/2024:07:18:26 -0800] "GET //adsgivesales.click/wp-includes/js/plupload/moxie.min.js HTTP/1.0" 508 288 "-" "Mozilla/5.0 (compatible; Konqueror/4.1; OpenBSD) KHTML/4.1.4 (like Gecko)"
3.14.10.38 - - [22/Nov/2024:07:18:26 -0800] "GET //adsgivesales.click/wp-includes/js/plupload/plupload.min.js HTTP/1.0" 508 288 "-" "Mozilla/5.0 (Linux; Android 12; ASUS_I005DA) AppleWebKit/537.36 (KHTML, like Gecko) Chrome/100.0.4896.127 Mobile Safari/537.36 EdgA/100.0.1185.50"
209.182.200.39 - - [22/Nov/2024:07:18:26 -0800] "POST /wp-cron.php?doing_wp_cron=1732288706.3375339508056640625000 HTTP/1.0" 508 288 "-" "WordPress/6.7.1; https://adsgivesales.click"
3.14.10.38 - - [22/Nov/2024:07:18:21 -0800] "GET //adsgivesales.click/wp-content/plugins/directorypress/reviews/js/jquery.raty.js HTTP/1.0" 301 - "-" "Mozilla/5.0 (Linux; Android 10; Redmi 8) AppleWebKit/537.36 (KHTML, like Gecko) Chrome/92.0.4515.159 Mobile Safari/537.36"
3.14.10.38 - - [22/Nov/2024:07:18:21 -0800] "GET //adsgivesales.click/wp-content/plugins/directorypress/assets/lib/slick-carousel/js/slick-triger.min.js HTTP/1.0" 301 - "-" "Mozilla/5.0 (WindowsCE 6.0; rv:2.0.1) Gecko/20100101 Firefox/4.0.1"
3.14.10.38 - - [22/Nov/2024:07:18:21 -0800] "GET //adsgivesales.click/wp-content/plugins/directorypress-frontend/assets/js/directorypress-frontend-public.js HTTP/1.0" 301 - "-" "Opera/9.60 (J2ME/MIDP; Opera Mini/4.2.14320/554; U; cs) Presto/2.2.0"
3.14.10.38 - - [22/Nov/2024:07:18:21 -0800] "GET //adsgivesales.click/wp-content/plugins/directorypress-frontend/assets/js/directorypress-frontend-profile.js HTTP/1.0" 301 - "-" "Mozilla/5.0 (Linux; Android 8.1.0; TECNO LA7) AppleWebKit/537.36 (KHTML, like Gecko) Chrome/98.0.4758.87 Mobile Safari/537.36"
3.14.10.38 - - [22/Nov/2024:07:18:21 -0800] "GET //adsgivesales.click/wp-content/plugins/directorypress/assets/js/directorypress-terms.js HTTP/1.0" 301 - "-" "Mozilla/5.0 (Linux; Android 11; RMX1921) AppleWebKit/537.36 (KHTML, like Gecko) Chrome/99.0.4844.88 Mobile Safari/537.36"
3.14.10.38 - - [22/Nov/2024:07:18:21 -0800] "GET //adsgivesales.click/wp-content/themes/classiadspro/includes/plugins-config/woocommerce-quantity-increment/assets/js/wc-quantity-increment.min.js HTTP/1.0" 301 - "-" "Mozilla/5.0 (iPhone; U; CPU iPhone OS 2_0 like Mac OS X; en-us) AppleWebKit/525.18.1 (KHTML, like Gecko) Version/3.1.1 Mobile/5A347 Safari/525.200"
3.14.10.38 - - [22/Nov/2024:07:18:21 -0800] "GET //adsgivesales.click/wp-content/themes/classiadspro/js/bootstrap.min.js HTTP/1.0" 301 - "-" "Mozilla/5.0 (iPhone; CPU iPhone OS 15_4 like Mac OS X) AppleWebKit/605.1.15 (KHTML, like Gecko) CriOS/100.0.4896.77 Mobile/15E148 Safari/604.1"
3.14.10.38 - - [22/Nov/2024:07:18:21 -0800] "GET //adsgivesales.click/wp-content/plugins/elementor-pro/assets/js/preloaded-elements-handlers.min.js HTTP/1.0" 301 - "-" "Mozilla/5.0 (Windows NT 6.1; WOW64; rv:2.0b4pre) Gecko/20100815 Minefield/4.0b4pre"
3.14.10.38 - - [22/Nov/2024:07:18:21 -0800] "GET //adsgivesales.click/wp-content/themes/classiadspro/js/select2.min.js HTTP/1.0" 301 - "-" "facebookscraper/1.0( http://www.facebook.com/sharescraper_help.php)"
3.14.10.38 - - [22/Nov/2024:07:18:21 -0800] "GET //adsgivesales.click/wp-content/themes/classiadspro/js/slick.min.js HTTP/1.0" 301 - "-" "Mozilla/5.0 (Macintosh; Intel Mac OS X 10_6_8) AppleWebKit/537.13+ (KHTML, like Gecko) Version/5.1.7 Safari/534.57.2"
3.14.10.38 - - [22/Nov/2024:07:18:21 -0800] "GET //adsgivesales.click/wp-content/plugins/woocommerce/assets/js/frontend/add-to-cart.min.js HTTP/1.0" 301 - "-" "Mozilla/5.0 (Linux; Android 10; DL1036) AppleWebKit/537.36 (KHTML, like Gecko) Chrome/81.0.4044.138 Safari/537.36"
3.14.10.38 - - [22/Nov/2024:07:18:21 -0800] "GET //adsgivesales.click/wp-content/plugins/woocommerce/assets/js/frontend/woocommerce.min.js HTTP/1.0" 301 - "-" "Mozilla/4.0 (compatible; Dillo 3.0)"
3.14.10.38 - - [22/Nov/2024:07:18:21 -0800] "GET //adsgivesales.click/wp-content/themes/classiadspro/includes/plugins-config/woocommerce-quantity-increment/assets/js/lib/number-polyfill.min.js HTTP/1.0" 301 - "-" "Mozilla/5.0 (Windows NT 6.0; rv:14.0) Gecko/20100101 Firefox/14.0.1"
3.14.10.38 - - [22/Nov/2024:07:18:21 -0800] "GET //adsgivesales.click/wp-includes/js/backbone.min.js HTTP/1.0" 301 - "-" "Mozilla/5.0 (X11; U; OpenBSD arm; en-us) AppleWebKit/531.2 (KHTML, like Gecko) Safari/531.2 Epiphany/2.30.0"
3.14.10.38 - - [22/Nov/2024:07:18:21 -0800] "GET //adsgivesales.click/wp-content/themes/classiadspro/js/theme-scripts.js HTTP/1.0" 301 - "-" "Mozilla/5.0 (Linux; Android 4.4.4; XT1032 Build/KXB21.14-L1.61) AppleWebKit/537.36 (KHTML, like Gecko) Chrome/45.0.2454.94 Mobile Safari/537.36"
3.14.10.38 - - [22/Nov/2024:07:18:21 -0800] "GET //adsgivesales.click/wp-content/plugins/form-builder-wp/assets/js/jquery.blockUI.min.js HTTP/1.0" 301 - "-" "Mozilla/5.0 (Windows NT 10.0; WOW64) AppleWebKit/537.36 (KHTML, like Gecko) Chrome/100.0.4896.127 Safari/537.36"
3.14.10.38 - - [22/Nov/2024:07:18:21 -0800] "GET //adsgivesales.click/wp-content/plugins/elkit/assets/js/jarallax.js HTTP/1.0" 301 - "-" "Mozilla/5.0 (Linux; Android 12; SM-G991B) AppleWebKit/537.36 (KHTML, like Gecko) Chrome/101.0.4951.41 Mobile Safari/537.36"
3.14.10.38 - - [22/Nov/2024:07:18:21 -0800] "GET //adsgivesales.click/wp-content/plugins/elementor/assets/js/frontend.min.js HTTP/1.0" 301 - "-" "Mozilla/5.0 (MeeGo; NokiaN950-00/00) AppleWebKit/534.13 (KHTML, like Gecko) NokiaBrowser/8.5.0 Mobile Safari/534.13"
3.14.10.38 - - [22/Nov/2024:07:18:21 -0800] "GET //adsgivesales.click/wp-includes/js/dist/a11y.min.js HTTP/1.0" 301 - "-" "Mozilla/5.0 (Linux; Android 6.0.1; SM-G900H Build/MMB29K) AppleWebKit/537.36 (KHTML, like Gecko) Chrome/52.0.2743.98 Mobile Safari/537.36"
3.14.10.38 - - [22/Nov/2024:07:18:21 -0800] "GET //adsgivesales.click/wp-includes/js/clipboard.min.js HTTP/1.0" 301 - "-" "Mozilla/5.0 (X11; Linux x86_64) AppleWebKit/537.36 (KHTML, like Gecko) Chrome/94.0.4606.81 Safari/537.36"
3.14.10.38 - - [22/Nov/2024:07:18:21 -0800] "GET //adsgivesales.click/wp-includes/js/api-request.min.js HTTP/1.0" 301 - "-" "Mozilla/5.0 (Linux; U; Android 11; ru-ru; Mi 9T Build/RKQ1.200826.002) AppleWebKit/537.36 (KHTML, like Gecko) Version/4.0 Chrome/89.0.4389.116 Mobile Safari/537.36 XiaoMi/MiuiBrowser/13.1.0-gn"
3.14.10.38 - - [22/Nov/2024:07:18:21 -0800] "GET //adsgivesales.click/wp-includes/js/comment-reply.min.js HTTP/1.0" 301 - "-" "Mozilla/5.0 (Macintosh; Intel Mac OS X 10_15_7) AppleWebKit/605.1.15 (KHTML, like Gecko) Version/15.0 Safari/605.1.15"
3.14.10.38 - - [22/Nov/2024:07:18:21 -0800] "GET //adsgivesales.click/wp-content/plugins/elementor/assets/js/webpack.runtime.min.js HTTP/1.0" 301 - "-" "Mozilla/5.0 (Linux; Android 12; ASUS_I005DA) AppleWebKit/537.36 (KHTML, like Gecko) Chrome/100.0.4896.127 Mobile Safari/537.36 EdgA/100.0.1185.50"
3.14.10.38 - - [22/Nov/2024:07:18:21 -0800] "GET //adsgivesales.click/wp-content/plugins/directorypress/assets/js/directorypress-public.js HTTP/1.0" 301 - "-" "Mozilla/5.0 (Windows NT 10.0; WOW64) AppleWebKit/537.36 (KHTML, like Gecko) Chrome/101.0.4951.54 Safari/537.36 Edg/101.0.1210.39"
3.14.10.38 - - [22/Nov/2024:07:18:21 -0800] "GET //adsgivesales.click/wp-content/plugins/revslider/public/assets/js/rs6.min.js HTTP/1.0" 301 - "-" "Mozilla/5.0 (X11; Linux x86_64) AppleWebKit/537.36 (KHTML, like Gecko) Chrome/94.0.4606.71 Safari/537.36"
3.14.10.38 - - [22/Nov/2024:07:18:21 -0800] "GET //adsgivesales.click/wp-content/themes/classiadspro/includes/assets/js/social-icon-widget.js HTTP/1.0" 301 - "-" "Opera/7.51 (Windows NT 5.1; U) [en]"
3.14.10.38 - - [22/Nov/2024:07:18:21 -0800] "GET //adsgivesales.click/wp-content/themes/classiadspro/js/triger.min.js HTTP/1.0" 301 - "-" "Mozilla/5.0 (Macintosh; Intel Mac OS X 10_15_7) AppleWebKit/537.36 (KHTML, like Gecko) Chrome/95.0.4638.69 Safari/537.36"
3.14.10.38 - - [22/Nov/2024:07:18:21 -0800] "GET //adsgivesales.click/wp-content/plugins/header-footer-builder/assets/public/js/menu.js HTTP/1.0" 301 - "-" "Mozilla/5.0 (Windows; U; ; en-NZ) AppleWebKit/527 (KHTML, like Gecko, Safari/419.3) Arora/0.8.0"
3.14.10.38 - - [22/Nov/2024:07:18:21 -0800] "GET //adsgivesales.click/wp-includes/js/dist/hooks.min.js HTTP/1.0" 301 - "-" "DoCoMo/2.0 SH901iC(c100;TB;W24H12)"
3.14.10.38 - - [22/Nov/2024:07:18:21 -0800] "GET //adsgivesales.click/wp-includes/js/dist/i18n.min.js HTTP/1.0" 301 - "-" "SonyEricssonK800i/R1CB Browser/NetFront/3.3 Profile/MIDP-2.0 Configuration/CLDC-1.1 UP.Link/6.3.0.0.0"
3.14.10.38 - - [22/Nov/2024:07:18:21 -0800] "GET //adsgivesales.click/wp-includes/js/dist/dom-ready.min.js HTTP/1.0" 301 - "-" "Roku/DVP-4.1 (024.01E01250A)"
3.14.10.38 - - [22/Nov/2024:07:18:21 -0800] "GET //adsgivesales.click/wp-includes/js/jquery/jquery-migrate.min.js HTTP/1.0" 301 - "-" "Googlebot-News"
3.14.10.38 - - [22/Nov/2024:07:18:21 -0800] "GET //adsgivesales.click/wp-includes/js/jquery/ui/autocomplete.min.js HTTP/1.0" 301 - "-" "Mozilla/5.0 (Macintosh; Intel Mac OS X 10_13_6) AppleWebKit/537.36 (KHTML, like Gecko) Chrome/101.0.4951.54 Safari/537.36"
3.14.10.38 - - [22/Nov/2024:07:18:21 -0800] "GET //adsgivesales.click/wp-includes/js/imagesloaded.min.js HTTP/1.0" 301 - "-" "Mozilla/5.0 (hp-tablet; Linux; hpwOS/3.0.2; U; de-DE) AppleWebKit/534.6 (KHTML, like Gecko) wOSBrowser/234.40.1 Safari/534.6 TouchPad/1.0"
3.14.10.38 - - [22/Nov/2024:07:18:21 -0800] "GET //adsgivesales.click/wp-includes/js/jquery/jquery.min.js HTTP/1.0" 301 - "-" "Mozilla/5.0 (Symbian/3; Series60/5.2 NokiaX7-00/021.004; Profile/MIDP-2.1 Configuration/CLDC-1.1 ) AppleWebKit/533.4 (KHTML, like Gecko) NokiaBrowser/7.3.1.21 Mobile Safari/533.4 3gpp-gba"
3.14.10.38 - - [22/Nov/2024:07:18:21 -0800] "GET //adsgivesales.click/wp-includes/js/jquery/ui/dialog.min.js HTTP/1.0" 301 - "-" "Mozilla/5.0 (Macintosh; Intel Mac OS X 10_15_6) AppleWebKit/605.1.15 (KHTML, like Gecko) Version/13.1.2 Safari/605.1.15"
3.14.10.38 - - [22/Nov/2024:07:18:21 -0800] "GET //adsgivesales.click/wp-includes/js/jquery/ui/draggable.min.js HTTP/1.0" 301 - "-" "Mozilla/5.0 (Macintosh; Intel Mac OS X 10_13_6) AppleWebKit/605.1.15 (KHTML, like Gecko) Version/13.1.2 Safari/605.1.15"
3.14.10.38 - - [22/Nov/2024:07:18:21 -0800] "GET //adsgivesales.click/wp-includes/js/jquery/ui/menu.min.js HTTP/1.0" 301 - "-" "Mozilla/5.0 (Linux; Android 10; moto e(7)) AppleWebKit/537.36 (KHTML, like Gecko) Chrome/101.0.4951.41 Mobile Safari/537.36"
3.14.10.38 - - [22/Nov/2024:07:18:21 -0800] "GET //adsgivesales.click/wp-includes/js/jquery/ui/sortable.min.js HTTP/1.0" 301 - "-" "Mozilla/5.0 (Macintosh; Intel Mac OS X 10_9_2) AppleWebKit/537.36 (KHTML, like Gecko) Chrome/36.0.1944.0 Safari/537.36"
3.14.10.38 - - [22/Nov/2024:07:18:21 -0800] "GET //adsgivesales.click/wp-includes/js/jquery/ui/controlgroup.min.js HTTP/1.0" 301 - "-" "Mozilla/5.0 (X11; Linux x86_64) AppleWebKit/537.36 (KHTML, like Gecko) Chrome/91.0.4472.101 Safari/537.36"
3.14.10.38 - - [22/Nov/2024:07:18:21 -0800] "GET //adsgivesales.click/wp-includes/js/jquery/ui/button.min.js HTTP/1.0" 301 - "-" "Mozilla/5.0 (Windows; U; Win98; en-US; rv:1.4) Gecko Netscape/7.1 (ax)"
3.14.10.38 - - [22/Nov/2024:07:18:21 -0800] "GET //adsgivesales.click/wp-includes/js/masonry.min.js HTTP/1.0" 301 - "-" "Adobe Application Manager 2.0"
3.14.10.38 - - [22/Nov/2024:07:18:21 -0800] "GET //adsgivesales.click/wp-includes/js/json2.min.js HTTP/1.0" 301 - "-" "Mozilla/5.0 (Macintosh; Intel Mac OS X 10_13_6) AppleWebKit/537.36 (KHTML, like Gecko) Chrome/101.0.4951.54 Safari/537.36"
3.14.10.38 - - [22/Nov/2024:07:18:21 -0800] "GET //adsgivesales.click/wp-includes/js/jquery/ui/checkboxradio.min.js HTTP/1.0" 301 - "-" "Mozilla/5.0 (Linux; Android 12; Pixel 4a (5G)) AppleWebKit/537.36 (KHTML, like Gecko) Chrome/101.0.4951.61 Mobile Safari/537.36"
3.14.10.38 - - [22/Nov/2024:07:18:21 -0800] "GET //adsgivesales.click/wp-includes/js/jquery/ui/slider.min.js HTTP/1.0" 301 - "-" "MOT-L7v/08.B7.5DR MIB/2.2.1 Profile/MIDP-2.0 Configuration/CLDC-1.1 UP.Link/6.3.0.0.0"
3.14.10.38 - - [22/Nov/2024:07:18:21 -0800] "GET //adsgivesales.click/wp-includes/js/jquery/ui/selectmenu.min.js HTTP/1.0" 301 - "-" "Mozilla/5.0 (Linux; Android 12; SM-P615) AppleWebKit/537.36 (KHTML, like Gecko) Chrome/100.0.4896.127 Safari/537.36"
3.14.10.38 - - [22/Nov/2024:07:18:21 -0800] "GET //adsgivesales.click/wp-includes/js/jquery/ui/mouse.min.js HTTP/1.0" 301 - "-" "Mozilla/5.0 (Linux; U; Android 1.5; de-de; Galaxy Build/CUPCAKE) AppleWebKit/528.5 (KHTML, like Gecko) Version/3.1.2 Mobile Safari/525.20.1"
3.14.10.38 - - [22/Nov/2024:07:18:21 -0800] "GET //adsgivesales.click/wp-includes/js/jquery/ui/core.min.js HTTP/1.0" 301 - "-" "Mozilla/5.0 (X11; U; Linux x86_64; en-US; rv:1.9.1.13) Gecko/20100916 Iceape/2.0.8"
3.14.10.38 - - [22/Nov/2024:07:18:21 -0800] "GET //adsgivesales.click/wp-includes/js/mediaelement/mediaelement-migrate.min.js HTTP/1.0" 301 - "-" "Mozilla/5.0 (Windows NT 10.0; Win64; x64) AppleWebKit/537.36 (KHTML, like Gecko) Chrome/99.0.4844.84 Safari/537.36 OPR/85.0.4341.79 (Edition Campaign 76)"
3.14.10.38 - - [22/Nov/2024:07:18:21 -0800] "GET //adsgivesales.click/wp-includes/js/plupload/moxie.min.js HTTP/1.0" 301 - "-" "Mozilla/5.0 (Linux; Android 5.1; C6740N Build/LMY47O) AppleWebKit/537.36 (KHTML, like Gecko) Chrome/42.0.2311.111 Mobile Safari/537.36"
3.14.10.38 - - [22/Nov/2024:07:18:21 -0800] "GET //adsgivesales.click/wp-includes/js/mediaelement/mediaelement-and-player.min.js HTTP/1.0" 301 - "-" "Mozilla/5.0 (Windows NT 10.0; Win64; x64) AppleWebKit/537.36 (KHTML, like Gecko) Chrome/92.0.4515.107 Safari/537.36 HBPC/12.0.0.300"
3.14.10.38 - - [22/Nov/2024:07:18:21 -0800] "GET //adsgivesales.click/wp-includes/js/jquery/jquery.ui.touch-punch.js HTTP/1.0" 301 - "-" "Mozilla/5.0 (X11; U; Linux; i686; en-US; rv:1.6) Gecko Galeon/1.3.14"
3.14.10.38 - - [22/Nov/2024:07:18:21 -0800] "GET //adsgivesales.click/wp-includes/js/jquery/ui/resizable.min.js HTTP/1.0" 301 - "-" "Mozilla/5.0 (Macintosh; Intel Mac OS X 10_15_7) AppleWebKit/537.36 (KHTML, like Gecko) Chrome/100.0.4896.75 Safari/537.36"
3.14.10.38 - - [22/Nov/2024:07:18:21 -0800] "GET //adsgivesales.click/wp-includes/js/media-models.min.js HTTP/1.0" 301 - "-" "Mozilla/5.0 (Linux; Android 8.0.0; Pixel 2 XL Build/OPD1.170816.004) AppleWebKit/537.36 (KHTML, like Gecko) Chrome/99.0.4844.51 Mobile Safari/537.36"
3.14.10.38 - - [22/Nov/2024:07:18:21 -0800] "GET //adsgivesales.click/wp-includes/js/media-editor.min.js HTTP/1.0" 301 - "-" "Mozilla/5.0 (iPhone; CPU iPhone OS 13_1 like Mac OS X) AppleWebKit/605.1.15 (KHTML, like Gecko) CriOS/91.0.4472.80 Mobile/15E148 Safari/604.1"
3.14.10.38 - - [22/Nov/2024:07:18:21 -0800] "GET //adsgivesales.click/wp-includes/js/jquery/ui/tabs.min.js HTTP/1.0" 301 - "-" "Dalvik/2.1.0 (Linux; U; Android 8.0.0; SM-A520F Build/R16NW)"
3.14.10.38 - - [22/Nov/2024:07:18:21 -0800] "GET //adsgivesales.click/wp-includes/js/mediaelement/wp-mediaelement.min.js HTTP/1.0" 301 - "-" "Mozilla/5.0 (Windows; U; Windows CE 5.1; rv:1.8.1a3) Gecko/20060610 Minimo/0.016"
3.14.10.38 - - [22/Nov/2024:07:18:21 -0800] "GET //adsgivesales.click/wp-includes/js/plupload/plupload.min.js HTTP/1.0" 301 - "-" "NetSurf/1.2 (NetBSD; amd64)"
3.14.10.38 - - [22/Nov/2024:07:18:25 -0800] "GET //adsgivesales.click/wp-content/plugins/directorypress-frontend/assets/js/directorypress-frontend-public.js HTTP/1.0" 301 - "-" "Mozilla/5.0 (X11; U; Linux x86_64; en-US) AppleWebKit/540.0 (KHTML, like Gecko) Ubuntu/10.10 Chrome/9.1.0.0 Safari/540.0"
3.14.10.38 - - [22/Nov/2024:07:18:25 -0800] "GET //adsgivesales.click/wp-content/plugins/directorypress-frontend/assets/js/directorypress-frontend-profile.js HTTP/1.0" 301 - "-" "Mozilla/5.0 (X11; Linux x86_64) AppleWebKit/537.36 (KHTML, like Gecko) Chrome/100.0.4896.88 Safari/537.36"
3.14.10.38 - - [22/Nov/2024:07:18:25 -0800] "GET //adsgivesales.click/wp-content/plugins/elementor-pro/assets/js/preloaded-elements-handlers.min.js HTTP/1.0" 301 - "-" "Mozilla/5.0 (X11; FreeBSD amd64; rv:5.0) Gecko/20100101 Firefox/5.0"
3.14.10.38 - - [22/Nov/2024:07:18:25 -0800] "GET //adsgivesales.click/wp-content/plugins/directorypress/assets/js/directorypress-public.js HTTP/1.0" 301 - "-" "Mozilla/5.0 (Macintosh; U; Intel Mac OS X 10_5_8; en-US) AppleWebKit/532.8 (KHTML, like Gecko) Chrome/4.0.302.2 Safari/532.8"
3.14.10.38 - - [22/Nov/2024:07:18:25 -0800] "GET //adsgivesales.click/wp-content/plugins/directorypress/reviews/js/jquery.raty.js HTTP/1.0" 301 - "-" "Mozilla/5.0 (iPhone; CPU iPhone OS 15_4_1 like Mac OS X) AppleWebKit/605.1.15 (KHTML, like Gecko) FxiOS/99.3 Mobile/15E148 Safari/605.1.15"
3.14.10.38 - - [22/Nov/2024:07:18:25 -0800] "GET //adsgivesales.click/wp-content/plugins/elementor-pro/assets/js/frontend.min.js HTTP/1.0" 301 - "-" "Mozilla/4.0 (compatible; MSIE 6.0; Windows NT 5.0; en) Opera 8.0"
3.14.10.38 - - [22/Nov/2024:07:18:25 -0800] "GET //adsgivesales.click/wp-content/plugins/directorypress/assets/js/directorypress-terms.js HTTP/1.0" 301 - "-" "Mozilla/5.0 (Linux; Android 9; Redmi Note 5 Pro) AppleWebKit/537.36 (KHTML, like Gecko) Chrome/100.0.4896.127 Mobile Safari/537.36"
3.14.10.38 - - [22/Nov/2024:07:18:25 -0800] "GET //adsgivesales.click/wp-content/plugins/directorypress/assets/lib/slick-carousel/js/slick-triger.min.js HTTP/1.0" 301 - "-" "Mozilla/5.0 (X11; Linux x86_64; rv:55.0) Gecko/20100101 Firefox/55.0"
3.14.10.38 - - [22/Nov/2024:07:18:25 -0800] "GET //adsgivesales.click/wp-content/plugins/elementor/assets/js/frontend.min.js HTTP/1.0" 301 - "-" "Mozilla/5.0 (X11; Linux i686 (x86_64)) AppleWebKit/537.36 (KHTML, like Gecko) Chrome/62.0.3187.0 Safari/537.366"
3.14.10.38 - - [22/Nov/2024:07:18:25 -0800] "GET //adsgivesales.click/wp-content/plugins/elementor/assets/js/webpack.runtime.min.js HTTP/1.0" 301 - "-" "Mozilla/5.0 (Linux; U; Android 2.2; en-us; Droid Build/FRG22D) AppleWebKit/533.1 (KHTML, like Gecko) Version/4.0 Mobile Safari/533.1"
3.14.10.38 - - [22/Nov/2024:07:18:25 -0800] "GET //adsgivesales.click/wp-content/plugins/elkit/assets/js/jarallax.js HTTP/1.0" 301 - "-" "Mozilla/5.0 (iPhone; U; CPU iPhone OS 4_0 like Mac OS X; en-us) AppleWebKit/532.9 (KHTML, like Gecko) Version/4.0.5 Mobile/8A293 Safari/531.22.7"
3.14.10.38 - - [22/Nov/2024:07:18:25 -0800] "GET //adsgivesales.click/wp-content/plugins/form-builder-wp/assets/js/jquery.blockUI.min.js HTTP/1.0" 301 - "-" "Mozilla/5.0 (Macintosh; Intel Mac OS X 10_15_7) AppleWebKit/537.36 (KHTML, like Gecko) Chrome/101.0.4951.64 Safari/537.36 Edg/101.0.1210.47"
3.14.10.38 - - [22/Nov/2024:07:18:25 -0800] "GET //adsgivesales.click/wp-content/plugins/header-footer-builder/assets/public/js/frontend.js HTTP/1.0" 301 - "-" "Mozilla/5.0 (compatible; Yahoo! Slurp China; http://misc.yahoo.com.cn/help.html)"
3.14.10.38 - - [22/Nov/2024:07:18:25 -0800] "GET //adsgivesales.click/wp-content/plugins/woocommerce/assets/js/frontend/add-to-cart.min.js HTTP/1.0" 301 - "-" "Mozilla/5.0 (OS/2; Warp 4.5; rv:45.0) Gecko/20100101 Firefox/45.0"
3.14.10.38 - - [22/Nov/2024:07:18:25 -0800] "GET //adsgivesales.click/wp-content/themes/classiadspro/js/triger.min.js HTTP/1.0" 301 - "-" "Mozilla/5.0 (Macintosh; Intel Mac OS X 10_14_6) AppleWebKit/537.36 (KHTML, like Gecko) Chrome/98.0.4758.80 Safari/537.36"
3.14.10.38 - - [22/Nov/2024:07:18:25 -0800] "GET //adsgivesales.click/wp-content/themes/classiadspro/js/select2.min.js HTTP/1.0" 301 - "-" "Mozilla/5.0 (iPhone; CPU iPhone OS 15_3_1 like Mac OS X) AppleWebKit/605.1.15 (KHTML, like Gecko) Version/15.3 Mobile/15E148 Safari/604.1"
3.14.10.38 - - [22/Nov/2024:07:18:25 -0800] "GET //adsgivesales.click/wp-content/themes/classiadspro/js/slick.min.js HTTP/1.0" 301 - "-" "Mozilla/5.0 (Windows NT 10.0; Win64; x64) AppleWebKit/537.36 (KHTML, like Gecko) Chrome/99.0.4844.84 Safari/537.36"
3.14.10.38 - - [22/Nov/2024:07:18:25 -0800] "GET //adsgivesales.click/wp-content/themes/classiadspro/js/plugins.min.js HTTP/1.0" 301 - "-" "Mozilla/5.0 (X11; Linux x86_64) AppleWebKit/537.36 (KHTML, like Gecko) Chrome/94.0.4606.81 Safari/537.36"
3.14.10.38 - - [22/Nov/2024:07:18:25 -0800] "GET //adsgivesales.click/wp-content/themes/classiadspro/includes/plugins-config/woocommerce-quantity-increment/assets/js/wc-quantity-increment.min.js HTTP/1.0" 301 - "-" "Mozilla/5.0 (Windows NT 10.0; Win64; x64) AppleWebKit/537.36 (KHTML, like Gecko) Chrome/100.0.4896.75 Safari/537.36 Edg/100.0.1185.39"
3.14.10.38 - - [22/Nov/2024:07:18:25 -0800] "GET //adsgivesales.click/wp-content/plugins/woocommerce/assets/js/frontend/woocommerce.min.js HTTP/1.0" 301 - "-" "Mozilla/5.0 (Linux; Android 8.1.0; TECNO KA7O Build/O11019; wv) AppleWebKit/537.36 (KHTML, like Gecko) Version/4.0 Chrome/91.0.4472.120 Mobile Safari/537.36"
3.14.10.38 - - [22/Nov/2024:07:18:25 -0800] "GET //adsgivesales.click/wp-includes/js/comment-reply.min.js HTTP/1.0" 301 - "-" "Mozilla/5.0 (Windows NT 10.0; Win64; x64) AppleWebKit/537.36 (KHTML, like Gecko) Chrome/100.0.4896.60 Safari/537.36"
3.14.10.38 - - [22/Nov/2024:07:18:27 -0800] "GET //adsgivesales.click/wp-includes/js/mediaelement/mediaelement-and-player.min.js HTTP/1.0" 301 - "-" "Mozilla/5.0 (Windows; U; Windows NT 6.0 x64; en-US; rv:1.9pre) Gecko/2008072421 Minefield/3.0.2pre"
82.223.54.146 - - [22/Nov/2024:07:18:41 -0800] "POST /xmlrpc.php HTTP/1.0" 200 403 "-" "Mozilla/5.0 (Windows NT 10.0; Win64; x64; rv:40.0) Gecko/20100101 Firefox/40.0"
34.90.130.36 - - [22/Nov/2024:07:19:25 -0800] "POST /xmlrpc.php HTTP/1.0" 200 403 "-" "Mozilla/5.0 (Windows NT 10.0; Win64; x64; rv:59.0) Gecko/20100101 Firefox/59.0"
209.182.200.39 - - [22/Nov/2024:07:21:39 -0800] "POST /wp-cron.php?doing_wp_cron=1732288899.2663218975067138671875 HTTP/1.0" 200 - "-" "WordPress/6.7.1; https://adsgivesales.click"
167.86.70.50 - - [22/Nov/2024:07:21:35 -0800] "POST /xmlrpc.php HTTP/1.0" 200 403 "-" "Mozilla/5.0 (Windows NT 10.0; Win64; x64; rv:51.0) Gecko/20100101 Firefox/51.0"
209.182.200.39 - - [22/Nov/2024:07:28:06 -0800] "POST /wp-cron.php?doing_wp_cron=1732289286.7472789287567138671875 HTTP/1.0" 200 - "-" "WordPress/6.7.1; https://adsgivesales.click"
89.22.121.111 - - [22/Nov/2024:07:28:04 -0800] "POST /xmlrpc.php HTTP/1.0" 200 403 "-" "Mozilla/5.0 (Windows NT 10.0; Win64; x64; rv:66.0) Gecko/20100101 Firefox/66.0"
185.237.124.53 - - [22/Nov/2024:07:28:07 -0800] "POST /xmlrpc.php HTTP/1.0" 200 403 "-" "Mozilla/5.0 (Windows NT 10.0; Win64; x64; rv:62.0) Gecko/20100101 Firefox/62.0"
209.182.200.39 - - [22/Nov/2024:07:31:29 -0800] "POST /wp-cron.php?doing_wp_cron=1732289489.3940389156341552734375 HTTP/1.0" 200 - "-" "WordPress/6.7.1; https://adsgivesales.click"
217.182.71.160 - - [22/Nov/2024:07:31:26 -0800] "POST /xmlrpc.php HTTP/1.0" 200 403 "-" "Mozilla/5.0 (Windows NT 10.0; Win64; x64; rv:52.0) Gecko/20100101 Firefox/52.0"
209.182.200.39 - - [22/Nov/2024:07:35:41 -0800] "POST /wp-cron.php?doing_wp_cron=1732289741.7651829719543457031250 HTTP/1.0" 200 - "-" "WordPress/6.7.1; https://adsgivesales.click"
89.248.173.201 - - [22/Nov/2024:07:35:39 -0800] "POST /xmlrpc.php HTTP/1.0" 200 403 "-" "Mozilla/5.0 (Windows NT 10.0; Win64; x64; rv:63.0) Gecko/20100101 Firefox/63.0"
209.182.200.39 - - [22/Nov/2024:07:35:47 -0800] "GET /?wp_scrape_key=be6cc3cb9eff036787f0c15190bcfe25&wp_scrape_nonce=1732289745 HTTP/1.0" 200 376465 "-" "WordPress/6.7.1; https://adsgivesales.click"
209.182.200.39 - - [22/Nov/2024:07:38:16 -0800] "POST /wp-cron.php?doing_wp_cron=1732289896.4457309246063232421875 HTTP/1.0" 200 - "-" "WordPress/6.7.1; https://adsgivesales.click"
139.59.46.243 - - [22/Nov/2024:07:38:14 -0800] "POST /xmlrpc.php HTTP/1.0" 200 403 "-" "Mozilla/5.0 (Windows NT 10.0; Win64; x64; rv:89.0) Gecko/20100101 Firefox/89.0"
209.182.200.39 - - [22/Nov/2024:07:43:07 -0800] "POST /wp-cron.php?doing_wp_cron=1732290187.6821451187133789062500 HTTP/1.0" 200 - "-" "WordPress/6.7.1; https://adsgivesales.click"
178.63.94.212 - - [22/Nov/2024:07:43:02 -0800] "POST /xmlrpc.php HTTP/1.0" 200 403 "-" "Mozilla/5.0 (Windows NT 10.0; Win64; x64; rv:53.0) Gecko/20100101 Firefox/53.0"
209.182.200.39 - - [22/Nov/2024:07:44:45 -0800] "POST /wp-cron.php?doing_wp_cron=1732290285.3382329940795898437500 HTTP/1.0" 200 - "-" "WordPress/6.7.1; https://adsgivesales.click"
50.116.13.92 - - [22/Nov/2024:07:44:41 -0800] "POST /xmlrpc.php HTTP/1.0" 200 403 "-" "Mozilla/5.0 (Windows NT 10.0; Win64; x64; rv:79.0) Gecko/20100101 Firefox/79.0"
209.182.200.39 - - [22/Nov/2024:07:53:11 -0800] "POST /wp-cron.php?doing_wp_cron=1732290791.6960299015045166015625 HTTP/1.0" 200 - "-" "WordPress/6.7.1; https://adsgivesales.click"
65.109.76.70 - - [22/Nov/2024:07:53:09 -0800] "POST /xmlrpc.php HTTP/1.0" 200 403 "-" "Mozilla/5.0 (Windows NT 10.0; Win64; x64; rv:53.0) Gecko/20100101 Firefox/53.0"
198.235.24.33 - - [22/Nov/2024:07:53:51 -0800] "GET / HTTP/1.0" 406 300 "-" "Expanse, a Palo Alto Networks company, searches across the global IPv4 space multiple times per day to identify customers' presences on the Internet. If you would like to be excluded from our scans, please send IP addresses/domains to: scaninfo@paloaltonetworks.com"
209.182.200.39 - - [22/Nov/2024:07:56:54 -0800] "POST /wp-cron.php?doing_wp_cron=1732291014.7724449634552001953125 HTTP/1.0" 200 - "-" "WordPress/6.7.1; https://adsgivesales.click"
197.255.147.146 - - [22/Nov/2024:07:56:52 -0800] "POST /xmlrpc.php HTTP/1.0" 200 403 "-" "Mozilla/5.0 (Windows NT 10.0; Win64; x64; rv:56.0) Gecko/20100101 Firefox/56.0"
209.182.200.39 - - [22/Nov/2024:07:58:27 -0800] "POST /wp-cron.php?doing_wp_cron=1732291107.9018089771270751953125 HTTP/1.0" 200 - "-" "WordPress/6.7.1; https://adsgivesales.click"
157.90.125.175 - - [22/Nov/2024:07:58:26 -0800] "POST /xmlrpc.php HTTP/1.0" 200 403 "-" "Mozilla/5.0 (Windows NT 10.0; Win64; x64; rv:62.0) Gecko/20100101 Firefox/62.0"
209.182.200.39 - - [22/Nov/2024:07:58:58 -0800] "POST /wp-cron.php?doing_wp_cron=1732291138.6131749153137207031250 HTTP/1.0" 200 - "-" "WordPress/6.5.5; https://adsgivesales.click"
209.182.200.39 - - [22/Nov/2024:08:04:23 -0800] "POST /wp-cron.php?doing_wp_cron=1732291463.1311349868774414062500 HTTP/1.0" 200 - "-" "WordPress/6.7.1; https://adsgivesales.click"
87.250.153.190 - - [22/Nov/2024:08:04:21 -0800] "POST /xmlrpc.php HTTP/1.0" 200 403 "-" "Mozilla/5.0 (Windows NT 10.0; Win64; x64; rv:92.0) Gecko/20100101 Firefox/92.0"
209.182.200.39 - - [22/Nov/2024:08:05:13 -0800] "POST /wp-cron.php?doing_wp_cron=1732291513.0104699134826660156250 HTTP/1.0" 200 - "-" "WordPress/6.7.1; https://adsgivesales.click"
217.115.16.7 - - [22/Nov/2024:08:05:10 -0800] "POST /xmlrpc.php HTTP/1.0" 200 403 "-" "Mozilla/5.0 (Windows NT 10.0; Win64; x64; rv:81.0) Gecko/20100101 Firefox/81.0"
209.182.200.39 - - [22/Nov/2024:08:15:33 -0800] "POST /wp-cron.php?doing_wp_cron=1732292133.8941020965576171875000 HTTP/1.0" 200 - "-" "WordPress/6.7.1; https://adsgivesales.click"
188.68.47.175 - - [22/Nov/2024:08:15:31 -0800] "POST /xmlrpc.php HTTP/1.0" 200 403 "-" "Mozilla/5.0 (Windows NT 10.0; Win64; x64; rv:90.0) Gecko/20100101 Firefox/90.0"
209.182.200.39 - - [22/Nov/2024:08:20:07 -0800] "POST /wp-cron.php?doing_wp_cron=1732292407.0869638919830322265625 HTTP/1.0" 200 - "-" "WordPress/6.7.1; https://adsgivesales.click"
95.111.251.70 - - [22/Nov/2024:08:20:04 -0800] "POST /xmlrpc.php HTTP/1.0" 200 403 "-" "Mozilla/5.0 (Windows NT 10.0; Win64; x64; rv:46.0) Gecko/20100101 Firefox/46.0"
209.182.200.39 - - [22/Nov/2024:08:21:18 -0800] "POST /wp-cron.php?doing_wp_cron=1732292478.0445759296417236328125 HTTP/1.0" 200 - "-" "WordPress/6.7.1; https://adsgivesales.click"
154.60.32.217 - - [22/Nov/2024:08:21:15 -0800] "POST /xmlrpc.php HTTP/1.0" 200 403 "-" "Mozilla/5.0 (Windows NT 10.0; Win64; x64; rv:69.0) Gecko/20100101 Firefox/69.0"
209.182.200.39 - - [22/Nov/2024:08:23:45 -0800] "POST /wp-cron.php?doing_wp_cron=1732292624.9481689929962158203125 HTTP/1.0" 200 - "-" "WordPress/6.7.1; https://adsgivesales.click"
170.187.157.137 - - [22/Nov/2024:08:23:42 -0800] "POST /xmlrpc.php HTTP/1.0" 200 403 "-" "Mozilla/5.0 (Windows NT 10.0; Win64; x64; rv:99.0) Gecko/20100101 Firefox/99.0"
209.182.200.39 - - [22/Nov/2024:08:26:12 -0800] "POST /wp-cron.php?doing_wp_cron=1732292772.0448989868164062500000 HTTP/1.0" 200 - "-" "WordPress/6.7.1; https://adsgivesales.click"
20.93.116.60 - - [22/Nov/2024:08:26:11 -0800] "POST /xmlrpc.php HTTP/1.0" 200 403 "-" "Mozilla/5.0 (Windows NT 10.0; Win64; x64; rv:50.0) Gecko/20100101 Firefox/50.0"
209.182.200.39 - - [22/Nov/2024:08:31:36 -0800] "POST /wp-cron.php?doing_wp_cron=1732293096.8436119556427001953125 HTTP/1.0" 200 - "-" "WordPress/6.7.1; https://adsgivesales.click"
188.68.47.175 - - [22/Nov/2024:08:31:36 -0800] "POST /xmlrpc.php HTTP/1.0" 200 403 "-" "Mozilla/5.0 (Windows NT 10.0; Win64; x64; rv:43.0) Gecko/20100101 Firefox/43.0"
209.182.200.39 - - [22/Nov/2024:08:35:36 -0800] "POST /wp-cron.php?doing_wp_cron=1732293336.1710879802703857421875 HTTP/1.0" 200 - "-" "WordPress/6.7.1; https://adsgivesales.click"
147.135.174.7 - - [22/Nov/2024:08:35:35 -0800] "POST /xmlrpc.php HTTP/1.0" 200 403 "-" "Mozilla/5.0 (Windows NT 10.0; Win64; x64; rv:69.0) Gecko/20100101 Firefox/69.0"
209.182.200.39 - - [22/Nov/2024:08:37:31 -0800] "POST /wp-cron.php?doing_wp_cron=1732293451.5713911056518554687500 HTTP/1.0" 200 - "-" "WordPress/6.7.1; https://adsgivesales.click"
40.77.167.116 - - [22/Nov/2024:08:37:30 -0800] "GET /wp-sitemap-users-1.xml HTTP/1.0" 200 256 "-" "Mozilla/5.0 AppleWebKit/537.36 (KHTML, like Gecko; compatible; bingbot/2.0; +http://www.bing.com/bingbot.htm) Chrome/116.0.1938.76 Safari/537.36"
209.182.200.39 - - [22/Nov/2024:08:40:25 -0800] "POST /wp-cron.php?doing_wp_cron=1732293625.7059619426727294921875 HTTP/1.0" 200 - "-" "WordPress/6.5.5; https://adsgivesales.click"
209.182.200.39 - - [22/Nov/2024:08:41:13 -0800] "POST /wp-cron.php?doing_wp_cron=1732293673.6977350711822509765625 HTTP/1.0" 200 - "-" "WordPress/6.7.1; https://adsgivesales.click"
148.253.60.43 - - [22/Nov/2024:08:41:13 -0800] "POST /xmlrpc.php HTTP/1.0" 200 403 "-" "Mozilla/5.0 (Windows NT 10.0; Win64; x64; rv:84.0) Gecko/20100101 Firefox/84.0"
209.182.200.39 - - [22/Nov/2024:08:42:55 -0800] "POST /wp-cron.php?doing_wp_cron=1732293775.1618371009826660156250 HTTP/1.0" 200 - "-" "WordPress/6.7.1; https://adsgivesales.click"
198.186.130.79 - - [22/Nov/2024:08:42:54 -0800] "POST /xmlrpc.php HTTP/1.0" 200 403 "-" "Mozilla/5.0 (Windows NT 10.0; Win64; x64; rv:41.0) Gecko/20100101 Firefox/41.0"
209.182.200.39 - - [22/Nov/2024:08:45:17 -0800] "POST /wp-cron.php?doing_wp_cron=1732293917.6145091056823730468750 HTTP/1.0" 200 - "-" "WordPress/6.7.1; https://adsgivesales.click"
34.56.118.212 - - [22/Nov/2024:08:45:16 -0800] "GET / HTTP/1.0" 301 - "-" "Mozilla/5.0 (Windows NT 10.0; Win64; x64) AppleWebKit/537.36 (KHTML, like Gecko) Chrome/78.0.3904.108 Safari/537.36"
209.182.200.39 - - [22/Nov/2024:08:45:20 -0800] "POST /wp-cron.php?doing_wp_cron=1732293920.1045200824737548828125 HTTP/1.0" 200 - "-" "WordPress/6.5.5; https://adsgivesales.click"
34.56.118.212 - - [22/Nov/2024:08:45:17 -0800] "GET / HTTP/1.0" 200 376115 "-" "Mozilla/5.0 (Windows NT 10.0; Win64; x64) AppleWebKit/537.36 (KHTML, like Gecko) Chrome/78.0.3904.108 Safari/537.36"
194.169.175.180 - - [22/Nov/2024:08:45:45 -0800] "GET /.env HTTP/1.0" 406 300 "-" "Mozilla/5.0 (Linux; U; Android 4.4.2; en-US; HM NOTE 1W Build/KOT49H) AppleWebKit/534.30 (KHTML, like Gecko) Version/4.0 UCBrowser/11.0.5.850 U3/0.8.0 Mobile Safari/534.30"
194.169.175.180 - - [22/Nov/2024:08:45:45 -0800] "POST / HTTP/1.0" 200 375196 "-" "Mozilla/5.0 (Linux; U; Android 4.4.2; en-US; HM NOTE 1W Build/KOT49H) AppleWebKit/534.30 (KHTML, like Gecko) Version/4.0 UCBrowser/11.0.5.850 U3/0.8.0 Mobile Safari/534.30"
194.169.175.180 - - [22/Nov/2024:08:45:48 -0800] "POST / HTTP/1.0" 200 375797 "-" "python-requests/2.32.3"
194.169.175.180 - - [22/Nov/2024:08:45:50 -0800] "GET /?%3Cplay%3Ewithme%3C/%3E HTTP/1.0" 301 - "-" "python-requests/2.32.3"
194.169.175.180 - - [22/Nov/2024:08:45:51 -0800] "POST / HTTP/1.0" 200 375725 "-" "python-requests/2.32.3"
52.210.103.115 - - [22/Nov/2024:08:46:16 -0800] "POST /xmlrpc.php HTTP/1.0" 200 403 "-" "Mozilla/5.0 (Windows NT 10.0; Win64; x64; rv:51.0) Gecko/20100101 Firefox/51.0"
209.182.200.39 - - [22/Nov/2024:08:56:10 -0800] "POST /wp-cron.php?doing_wp_cron=1732294570.5678110122680664062500 HTTP/1.0" 200 - "-" "WordPress/6.7.1; https://adsgivesales.click"
18.237.56.223 - - [22/Nov/2024:08:56:09 -0800] "POST /xmlrpc.php HTTP/1.0" 200 403 "-" "Mozilla/5.0 (Windows NT 10.0; Win64; x64; rv:48.0) Gecko/20100101 Firefox/48.0"
209.182.200.39 - - [22/Nov/2024:08:56:33 -0800] "POST /wp-cron.php?doing_wp_cron=1732294593.5344629287719726562500 HTTP/1.0" 200 - "-" "WordPress/6.7.1; https://adsgivesales.click"
34.221.222.232 - - [22/Nov/2024:08:56:32 -0800] "POST /xmlrpc.php HTTP/1.0" 200 403 "-" "Mozilla/5.0 (Windows NT 10.0; Win64; x64; rv:62.0) Gecko/20100101 Firefox/62.0"
209.182.200.39 - - [22/Nov/2024:08:58:32 -0800] "POST /wp-cron.php?doing_wp_cron=1732294712.9660170078277587890625 HTTP/1.0" 200 - "-" "WordPress/6.7.1; https://adsgivesales.click"
4.227.148.96 - - [22/Nov/2024:08:58:32 -0800] "POST /xmlrpc.php HTTP/1.0" 200 403 "-" "Mozilla/5.0 (Windows NT 10.0; Win64; x64; rv:80.0) Gecko/20100101 Firefox/80.0"
209.182.200.39 - - [22/Nov/2024:08:59:11 -0800] "POST /wp-cron.php?doing_wp_cron=1732294751.0589311122894287109375 HTTP/1.0" 200 - "-" "WordPress/6.7.1; https://adsgivesales.click"
54.38.122.243 - - [22/Nov/2024:08:59:10 -0800] "POST /xmlrpc.php HTTP/1.0" 200 403 "-" "Mozilla/5.0 (Windows NT 10.0; Win64; x64; rv:46.0) Gecko/20100101 Firefox/46.0"
209.182.200.39 - - [22/Nov/2024:09:02:47 -0800] "POST /wp-cron.php?doing_wp_cron=1732294967.1758980751037597656250 HTTP/1.0" 200 - "-" "WordPress/6.7.1; https://adsgivesales.click"
188.68.47.60 - - [22/Nov/2024:09:02:46 -0800] "POST /xmlrpc.php HTTP/1.0" 200 403 "-" "Mozilla/5.0 (Windows NT 10.0; Win64; x64; rv:93.0) Gecko/20100101 Firefox/93.0"
209.182.200.39 - - [22/Nov/2024:09:03:14 -0800] "POST /wp-cron.php?doing_wp_cron=1732294994.2701029777526855468750 HTTP/1.0" 200 - "-" "WordPress/6.7.1; https://adsgivesales.click"
52.167.144.236 - - [22/Nov/2024:09:03:13 -0800] "GET /wp-sitemap-posts-product-1.xml HTTP/1.0" 200 4226 "-" "Mozilla/5.0 AppleWebKit/537.36 (KHTML, like Gecko; compatible; bingbot/2.0; +http://www.bing.com/bingbot.htm) Chrome/116.0.1938.76 Safari/537.36"
209.182.200.39 - - [22/Nov/2024:09:07:16 -0800] "POST /wp-cron.php?doing_wp_cron=1732295236.4719460010528564453125 HTTP/1.0" 200 - "-" "WordPress/6.7.1; https://adsgivesales.click"
89.40.16.97 - - [22/Nov/2024:09:07:15 -0800] "POST /xmlrpc.php HTTP/1.0" 200 403 "-" "Mozilla/5.0 (Windows NT 10.0; Win64; x64; rv:55.0) Gecko/20100101 Firefox/55.0"
209.182.200.39 - - [22/Nov/2024:09:10:33 -0800] "POST /wp-cron.php?doing_wp_cron=1732295433.2500269412994384765625 HTTP/1.0" 200 - "-" "WordPress/6.7.1; https://adsgivesales.click"
164.92.66.167 - - [22/Nov/2024:09:10:32 -0800] "POST /xmlrpc.php HTTP/1.0" 200 403 "-" "Mozilla/5.0 (Windows NT 10.0; Win64; x64; rv:64.0) Gecko/20100101 Firefox/64.0"
209.182.200.39 - - [22/Nov/2024:09:14:11 -0800] "POST /wp-cron.php?doing_wp_cron=1732295651.2413558959960937500000 HTTP/1.0" 200 - "-" "WordPress/6.7.1; https://adsgivesales.click"
157.55.39.50 - - [22/Nov/2024:09:14:10 -0800] "GET /wp-sitemap-taxonomies-directorypress-location-1.xml HTTP/1.0" 200 784 "-" "Mozilla/5.0 AppleWebKit/537.36 (KHTML, like Gecko; compatible; bingbot/2.0; +http://www.bing.com/bingbot.htm) Chrome/116.0.1938.76 Safari/537.36"
209.182.200.39 - - [22/Nov/2024:09:16:01 -0800] "POST /wp-cron.php?doing_wp_cron=1732295761.2679989337921142578125 HTTP/1.0" 200 - "-" "WordPress/6.7.1; https://adsgivesales.click"
4.250.234.52 - - [22/Nov/2024:09:16:00 -0800] "POST /xmlrpc.php HTTP/1.0" 200 403 "-" "Mozilla/5.0 (Windows NT 10.0; Win64; x64; rv:72.0) Gecko/20100101 Firefox/72.0"
66.181.74.75 - - [22/Nov/2024:09:16:19 -0800] "POST /xmlrpc.php HTTP/1.0" 200 403 "-" "Mozilla/5.0 (Windows NT 10.0; Win64; x64; rv:94.0) Gecko/20100101 Firefox/94.0"
209.182.200.39 - - [22/Nov/2024:09:17:59 -0800] "POST /wp-cron.php?doing_wp_cron=1732295879.0858221054077148437500 HTTP/1.0" 200 - "-" "WordPress/6.5.5; https://adsgivesales.click"
209.182.200.39 - - [22/Nov/2024:09:21:16 -0800] "POST /wp-cron.php?doing_wp_cron=1732296076.0513141155242919921875 HTTP/1.0" 200 - "-" "WordPress/6.7.1; https://adsgivesales.click"
13.42.157.107 - - [22/Nov/2024:09:21:15 -0800] "POST /xmlrpc.php HTTP/1.0" 200 403 "-" "Mozilla/5.0 (Windows NT 10.0; Win64; x64; rv:67.0) Gecko/20100101 Firefox/67.0"
209.182.200.39 - - [22/Nov/2024:09:22:07 -0800] "POST /wp-cron.php?doing_wp_cron=1732296127.4855160713195800781250 HTTP/1.0" 200 - "-" "WordPress/6.5.5; https://adsgivesales.click"
209.182.200.39 - - [22/Nov/2024:09:22:08 -0800] "POST /wp-cron.php?doing_wp_cron=1732296128.4233880043029785156250 HTTP/1.0" 200 - "-" "WordPress/6.7.1; https://adsgivesales.click"
182.40.38.5 - - [22/Nov/2024:09:22:10 -0800] "GET /wp-login.php?redirect_to=https%3A%2F%2Fworldrenownedadscenter.click%2Fwp-admin%2F&reauth=1 HTTP/1.0" 200 8854 "https://worldrenownedadscenter.click/wp-admin/" "Mozilla/5.0 (X11; U; Linux i686; en-US; rv:96.0) Gecko/20071914 Firefox/96.0"
209.182.200.39 - - [22/Nov/2024:09:22:07 -0800] "POST /wp-admin/admin-ajax.php?action=as_async_request_queue_runner&nonce=2daced676e HTTP/1.0" 200 - "-" "WordPress/6.5.5; https://adsgivesales.click"
209.182.200.39 - - [22/Nov/2024:09:28:39 -0800] "POST /wp-cron.php?doing_wp_cron=1732296519.9529440402984619140625 HTTP/1.0" 200 - "-" "WordPress/6.7.1; https://adsgivesales.click"
85.214.148.32 - - [22/Nov/2024:09:28:39 -0800] "POST /xmlrpc.php HTTP/1.0" 200 403 "-" "Mozilla/5.0 (Windows NT 10.0; Win64; x64; rv:99.0) Gecko/20100101 Firefox/99.0"
209.182.200.39 - - [22/Nov/2024:09:31:42 -0800] "POST /wp-cron.php?doing_wp_cron=1732296702.8202960491180419921875 HTTP/1.0" 200 - "-" "WordPress/6.7.1; https://adsgivesales.click"
193.233.16.52 - - [22/Nov/2024:09:31:42 -0800] "GET / HTTP/1.0" 301 - "-" "Mozilla/5.0 (X11; Linux i686; rv:45.0) Gecko/20100101 Firefox/45.0"
193.233.16.52 - - [22/Nov/2024:09:31:43 -0800] "GET / HTTP/1.0" 200 376142 "-" "Mozilla/5.0 (X11; Linux i686; rv:45.0) Gecko/20100101 Firefox/45.0"
193.233.16.52 - - [22/Nov/2024:09:31:46 -0800] "POST /wp-json/hc/v1/themehunk-import HTTP/1.0" 404 114 "https://adsgivesales.click/" "Mozilla/5.0 (X11; Linux i686; rv:45.0) Gecko/20100101 Firefox/45.0"
193.233.16.52 - - [22/Nov/2024:09:31:47 -0800] "POST /wp-json/hc/v1/themehunk-import HTTP/1.0" 404 114 "https://adsgivesales.click/wp-json/hc/v1/themehunk-import" "Mozilla/5.0 (X11; Linux i686; rv:45.0) Gecko/20100101 Firefox/45.0"
209.182.200.39 - - [22/Nov/2024:09:31:53 -0800] "POST /wp-cron.php?doing_wp_cron=1732296713.1366240978240966796875 HTTP/1.0" 200 - "-" "WordPress/6.7.1; https://adsgivesales.click"
162.240.72.112 - - [22/Nov/2024:09:31:52 -0800] "POST /xmlrpc.php HTTP/1.0" 200 403 "-" "Mozilla/5.0 (Windows NT 10.0; Win64; x64; rv:43.0) Gecko/20100101 Firefox/43.0"
193.233.16.52 - - [22/Nov/2024:09:31:58 -0800] "POST /?rest_route=/wqc/v1/query HTTP/1.0" 404 114 "https://adsgivesales.click/wp-json/hc/v1/themehunk-import" "Mozilla/5.0 (X11; Linux i686; rv:45.0) Gecko/20100101 Firefox/45.0"
193.233.16.52 - - [22/Nov/2024:09:31:59 -0800] "GET /aa4c22fb3206.php HTTP/1.0" 404 278840 "https://adsgivesales.click/?rest_route=/wqc/v1/query" "Mozilla/5.0 (X11; Linux i686; rv:45.0) Gecko/20100101 Firefox/45.0"
209.182.200.39 - - [22/Nov/2024:09:32:47 -0800] "POST /wp-cron.php?doing_wp_cron=1732296767.6564939022064208984375 HTTP/1.0" 200 - "-" "WordPress/6.5.5; https://adsgivesales.click"
209.182.200.39 - - [22/Nov/2024:09:32:49 -0800] "POST /wp-cron.php?doing_wp_cron=1732296769.8642320632934570312500 HTTP/1.0" 200 - "-" "WordPress/6.7.1; https://adsgivesales.click"
103.82.20.35 - - [22/Nov/2024:09:32:49 -0800] "GET /wp-admin/ HTTP/1.0" 302 - "http://moguladshares.click/wp-login.php" "Mozilla/5.0 (X11; Fedora; Linux x86_64; rv:89.0) Gecko/20100101 Firefox/89.0"
103.82.20.35 - - [22/Nov/2024:09:32:51 -0800] "GET /wp-login.php?redirect_to=https%3A%2F%2Fadsgivesales.click%2Fwp-admin%2F&reauth=1 HTTP/1.0" 200 8844 "https://adsgivesales.click/wp-admin/" "Mozilla/5.0 (X11; Fedora; Linux x86_64; rv:89.0) Gecko/20100101 Firefox/89.0"
209.182.200.39 - - [22/Nov/2024:09:34:04 -0800] "POST /wp-cron.php?doing_wp_cron=1732296844.2578520774841308593750 HTTP/1.0" 200 - "-" "WordPress/6.7.1; https://adsgivesales.click"
4.250.234.52 - - [22/Nov/2024:09:34:03 -0800] "POST /xmlrpc.php HTTP/1.0" 200 403 "-" "Mozilla/5.0 (Windows NT 10.0; Win64; x64; rv:87.0) Gecko/20100101 Firefox/87.0"
209.182.200.39 - - [22/Nov/2024:09:35:24 -0800] "POST /wp-cron.php?doing_wp_cron=1732296924.3538489341735839843750 HTTP/1.0" 200 - "-" "WordPress/6.7.1; https://adsgivesales.click"
167.86.80.181 - - [22/Nov/2024:09:35:23 -0800] "POST /xmlrpc.php HTTP/1.0" 200 403 "-" "Mozilla/5.0 (Windows NT 10.0; Win64; x64; rv:75.0) Gecko/20100101 Firefox/75.0"
209.182.200.39 - - [22/Nov/2024:09:42:08 -0800] "POST /wp-cron.php?doing_wp_cron=1732297328.6782879829406738281250 HTTP/1.0" 200 - "-" "WordPress/6.7.1; https://adsgivesales.click"
