147.93.128.101 - - [22/Nov/2024:13:47:29 -0800] "GET /wp-includes/blocks/group/ HTTP/1.0" 200 3011 "-" "Mozlila/5.0 (Linux; Android 7.0; SM-G892A Bulid/NRD90M; wv) AppleWebKit/537.36 (KHTML, like Gecko) Version/4.0 Chrome/60.0.3112.107 Moblie Safari/537.36"
147.93.128.101 - - [22/Nov/2024:13:47:34 -0800] "GET /wp-includes/blocks/heading/index.php HTTP/1.0" 301 - "-" "Mozlila/5.0 (Linux; Android 7.0; SM-G892A Bulid/NRD90M; wv) AppleWebKit/537.36 (KHTML, like Gecko) Version/4.0 Chrome/60.0.3112.107 Moblie Safari/537.36"
147.93.128.101 - - [22/Nov/2024:13:47:35 -0800] "GET /wp-includes/blocks/heading/ HTTP/1.0" 200 1563 "-" "Mozlila/5.0 (Linux; Android 7.0; SM-G892A Bulid/NRD90M; wv) AppleWebKit/537.36 (KHTML, like Gecko) Version/4.0 Chrome/60.0.3112.107 Moblie Safari/537.36"
147.93.128.101 - - [22/Nov/2024:13:47:37 -0800] "GET /wp-includes/blocks/html/index.php HTTP/1.0" 301 - "-" "Mozlila/5.0 (Linux; Android 7.0; SM-G892A Bulid/NRD90M; wv) AppleWebKit/537.36 (KHTML, like Gecko) Version/4.0 Chrome/60.0.3112.107 Moblie Safari/537.36"
147.93.128.101 - - [22/Nov/2024:13:47:38 -0800] "GET /wp-includes/blocks/html/ HTTP/1.0" 200 1561 "-" "Mozlila/5.0 (Linux; Android 7.0; SM-G892A Bulid/NRD90M; wv) AppleWebKit/537.36 (KHTML, like Gecko) Version/4.0 Chrome/60.0.3112.107 Moblie Safari/537.36"
147.93.128.101 - - [22/Nov/2024:13:47:40 -0800] "GET /wp-includes/blocks/image/index.php HTTP/1.0" 301 - "-" "Mozlila/5.0 (Linux; Android 7.0; SM-G892A Bulid/NRD90M; wv) AppleWebKit/537.36 (KHTML, like Gecko) Version/4.0 Chrome/60.0.3112.107 Moblie Safari/537.36"
147.93.128.101 - - [22/Nov/2024:13:47:41 -0800] "GET /wp-includes/blocks/image/ HTTP/1.0" 200 3733 "-" "Mozlila/5.0 (Linux; Android 7.0; SM-G892A Bulid/NRD90M; wv) AppleWebKit/537.36 (KHTML, like Gecko) Version/4.0 Chrome/60.0.3112.107 Moblie Safari/537.36"
147.93.128.101 - - [22/Nov/2024:13:47:46 -0800] "GET /wp-includes/blocks/latest-comments/index.php HTTP/1.0" 301 - "-" "Mozlila/5.0 (Linux; Android 7.0; SM-G892A Bulid/NRD90M; wv) AppleWebKit/537.36 (KHTML, like Gecko) Version/4.0 Chrome/60.0.3112.107 Moblie Safari/537.36"
147.93.128.101 - - [22/Nov/2024:13:47:47 -0800] "GET /wp-includes/blocks/latest-comments/ HTTP/1.0" 200 1579 "-" "Mozlila/5.0 (Linux; Android 7.0; SM-G892A Bulid/NRD90M; wv) AppleWebKit/537.36 (KHTML, like Gecko) Version/4.0 Chrome/60.0.3112.107 Moblie Safari/537.36"
209.182.200.39 - - [22/Nov/2024:13:47:52 -0800] "POST /wp-cron.php?doing_wp_cron=1732312072.3013548851013183593750 HTTP/1.0" 200 - "-" "WordPress/6.7.1; https://adsgivesales.click"
147.93.128.101 - - [22/Nov/2024:13:47:51 -0800] "GET /wp-includes/blocks/latest-posts/index.php HTTP/1.0" 301 - "-" "Mozlila/5.0 (Linux; Android 7.0; SM-G892A Bulid/NRD90M; wv) AppleWebKit/537.36 (KHTML, like Gecko) Version/4.0 Chrome/60.0.3112.107 Moblie Safari/537.36"
147.93.128.101 - - [22/Nov/2024:13:47:52 -0800] "GET /wp-includes/blocks/latest-posts/ HTTP/1.0" 200 2301 "-" "Mozlila/5.0 (Linux; Android 7.0; SM-G892A Bulid/NRD90M; wv) AppleWebKit/537.36 (KHTML, like Gecko) Version/4.0 Chrome/60.0.3112.107 Moblie Safari/537.36"
147.93.128.101 - - [22/Nov/2024:13:48:01 -0800] "GET /wp-includes/blocks/legacy-widget/index.php HTTP/1.0" 301 - "-" "Mozlila/5.0 (Linux; Android 7.0; SM-G892A Bulid/NRD90M; wv) AppleWebKit/537.36 (KHTML, like Gecko) Version/4.0 Chrome/60.0.3112.107 Moblie Safari/537.36"
147.93.128.101 - - [22/Nov/2024:13:48:01 -0800] "GET /wp-includes/blocks/legacy-widget/ HTTP/1.0" 200 851 "-" "Mozlila/5.0 (Linux; Android 7.0; SM-G892A Bulid/NRD90M; wv) AppleWebKit/537.36 (KHTML, like Gecko) Version/4.0 Chrome/60.0.3112.107 Moblie Safari/537.36"
147.93.128.101 - - [22/Nov/2024:13:48:05 -0800] "GET /wp-includes/blocks/list/index.php HTTP/1.0" 301 - "-" "Mozlila/5.0 (Linux; Android 7.0; SM-G892A Bulid/NRD90M; wv) AppleWebKit/537.36 (KHTML, like Gecko) Version/4.0 Chrome/60.0.3112.107 Moblie Safari/537.36"
147.93.128.101 - - [22/Nov/2024:13:48:06 -0800] "GET /wp-includes/blocks/list/ HTTP/1.0" 200 1557 "-" "Mozlila/5.0 (Linux; Android 7.0; SM-G892A Bulid/NRD90M; wv) AppleWebKit/537.36 (KHTML, like Gecko) Version/4.0 Chrome/60.0.3112.107 Moblie Safari/537.36"
147.93.128.101 - - [22/Nov/2024:13:48:10 -0800] "GET /wp-includes/blocks/loginout/index.php HTTP/1.0" 301 - "-" "Mozlila/5.0 (Linux; Android 7.0; SM-G892A Bulid/NRD90M; wv) AppleWebKit/537.36 (KHTML, like Gecko) Version/4.0 Chrome/60.0.3112.107 Moblie Safari/537.36"
147.93.128.101 - - [22/Nov/2024:13:48:11 -0800] "GET /wp-includes/blocks/loginout/ HTTP/1.0" 200 1565 "-" "Mozlila/5.0 (Linux; Android 7.0; SM-G892A Bulid/NRD90M; wv) AppleWebKit/537.36 (KHTML, like Gecko) Version/4.0 Chrome/60.0.3112.107 Moblie Safari/537.36"
147.93.128.101 - - [22/Nov/2024:13:48:15 -0800] "GET /wp-includes/blocks/media-text/index.php HTTP/1.0" 301 - "-" "Mozlila/5.0 (Linux; Android 7.0; SM-G892A Bulid/NRD90M; wv) AppleWebKit/537.36 (KHTML, like Gecko) Version/4.0 Chrome/60.0.3112.107 Moblie Safari/537.36"
147.93.128.101 - - [22/Nov/2024:13:48:15 -0800] "GET /wp-includes/blocks/media-text/ HTTP/1.0" 200 2297 "-" "Mozlila/5.0 (Linux; Android 7.0; SM-G892A Bulid/NRD90M; wv) AppleWebKit/537.36 (KHTML, like Gecko) Version/4.0 Chrome/60.0.3112.107 Moblie Safari/537.36"
147.93.128.101 - - [22/Nov/2024:13:48:17 -0800] "GET /wp-includes/blocks/missing/index.php HTTP/1.0" 301 - "-" "Mozlila/5.0 (Linux; Android 7.0; SM-G892A Bulid/NRD90M; wv) AppleWebKit/537.36 (KHTML, like Gecko) Version/4.0 Chrome/60.0.3112.107 Moblie Safari/537.36"
147.93.128.101 - - [22/Nov/2024:13:48:18 -0800] "GET /wp-includes/blocks/missing/ HTTP/1.0" 200 839 "-" "Mozlila/5.0 (Linux; Android 7.0; SM-G892A Bulid/NRD90M; wv) AppleWebKit/537.36 (KHTML, like Gecko) Version/4.0 Chrome/60.0.3112.107 Moblie Safari/537.36"
147.93.128.101 - - [22/Nov/2024:13:48:21 -0800] "GET /wp-includes/blocks/more/index.php HTTP/1.0" 301 - "-" "Mozlila/5.0 (Linux; Android 7.0; SM-G892A Bulid/NRD90M; wv) AppleWebKit/537.36 (KHTML, like Gecko) Version/4.0 Chrome/60.0.3112.107 Moblie Safari/537.36"
147.93.128.101 - - [22/Nov/2024:13:48:22 -0800] "GET /wp-includes/blocks/more/ HTTP/1.0" 200 1561 "-" "Mozlila/5.0 (Linux; Android 7.0; SM-G892A Bulid/NRD90M; wv) AppleWebKit/537.36 (KHTML, like Gecko) Version/4.0 Chrome/60.0.3112.107 Moblie Safari/537.36"
209.182.200.39 - - [22/Nov/2024:13:48:30 -0800] "POST /wp-cron.php?doing_wp_cron=1732312110.8964130878448486328125 HTTP/1.0" 200 - "-" "WordPress/6.7.1; https://adsgivesales.click"
147.93.128.101 - - [22/Nov/2024:13:48:30 -0800] "GET /wp-includes/blocks/nextpage/index.php HTTP/1.0" 301 - "-" "Mozlila/5.0 (Linux; Android 7.0; SM-G892A Bulid/NRD90M; wv) AppleWebKit/537.36 (KHTML, like Gecko) Version/4.0 Chrome/60.0.3112.107 Moblie Safari/537.36"
147.93.128.101 - - [22/Nov/2024:13:48:30 -0800] "GET /wp-includes/blocks/nextpage/ HTTP/1.0" 200 1569 "-" "Mozlila/5.0 (Linux; Android 7.0; SM-G892A Bulid/NRD90M; wv) AppleWebKit/537.36 (KHTML, like Gecko) Version/4.0 Chrome/60.0.3112.107 Moblie Safari/537.36"
147.93.128.101 - - [22/Nov/2024:13:48:35 -0800] "GET /wp-includes/blocks/page-list/index.php HTTP/1.0" 301 - "-" "Mozlila/5.0 (Linux; Android 7.0; SM-G892A Bulid/NRD90M; wv) AppleWebKit/537.36 (KHTML, like Gecko) Version/4.0 Chrome/60.0.3112.107 Moblie Safari/537.36"
147.93.128.101 - - [22/Nov/2024:13:48:36 -0800] "GET /wp-includes/blocks/page-list/ HTTP/1.0" 200 2295 "-" "Mozlila/5.0 (Linux; Android 7.0; SM-G892A Bulid/NRD90M; wv) AppleWebKit/537.36 (KHTML, like Gecko) Version/4.0 Chrome/60.0.3112.107 Moblie Safari/537.36"
147.93.128.101 - - [22/Nov/2024:13:48:45 -0800] "GET /wp-includes/blocks/paragraph/index.php HTTP/1.0" 301 - "-" "Mozlila/5.0 (Linux; Android 7.0; SM-G892A Bulid/NRD90M; wv) AppleWebKit/537.36 (KHTML, like Gecko) Version/4.0 Chrome/60.0.3112.107 Moblie Safari/537.36"
147.93.128.101 - - [22/Nov/2024:13:48:46 -0800] "GET /wp-includes/blocks/paragraph/ HTTP/1.0" 200 2295 "-" "Mozlila/5.0 (Linux; Android 7.0; SM-G892A Bulid/NRD90M; wv) AppleWebKit/537.36 (KHTML, like Gecko) Version/4.0 Chrome/60.0.3112.107 Moblie Safari/537.36"
147.93.128.101 - - [22/Nov/2024:13:48:48 -0800] "GET /wp-includes/blocks/post-content/index.php HTTP/1.0" 301 - "-" "Mozlila/5.0 (Linux; Android 7.0; SM-G892A Bulid/NRD90M; wv) AppleWebKit/537.36 (KHTML, like Gecko) Version/4.0 Chrome/60.0.3112.107 Moblie Safari/537.36"
147.93.128.101 - - [22/Nov/2024:13:48:53 -0800] "GET /wp-includes/blocks/post-content/ HTTP/1.0" 200 2301 "-" "Mozlila/5.0 (Linux; Android 7.0; SM-G892A Bulid/NRD90M; wv) AppleWebKit/537.36 (KHTML, like Gecko) Version/4.0 Chrome/60.0.3112.107 Moblie Safari/537.36"
209.182.200.39 - - [22/Nov/2024:13:49:01 -0800] "POST /wp-cron.php?doing_wp_cron=1732312141.6963191032409667968750 HTTP/1.0" 200 - "-" "WordPress/6.7.1; https://adsgivesales.click"
147.93.128.101 - - [22/Nov/2024:13:49:01 -0800] "GET /wp-includes/blocks/post-date/index.php HTTP/1.0" 301 - "-" "Mozlila/5.0 (Linux; Android 7.0; SM-G892A Bulid/NRD90M; wv) AppleWebKit/537.36 (KHTML, like Gecko) Version/4.0 Chrome/60.0.3112.107 Moblie Safari/537.36"
147.93.128.101 - - [22/Nov/2024:13:49:02 -0800] "GET /wp-includes/blocks/post-date/ HTTP/1.0" 200 1567 "-" "Mozlila/5.0 (Linux; Android 7.0; SM-G892A Bulid/NRD90M; wv) AppleWebKit/537.36 (KHTML, like Gecko) Version/4.0 Chrome/60.0.3112.107 Moblie Safari/537.36"
147.93.128.101 - - [22/Nov/2024:13:49:10 -0800] "GET /wp-includes/blocks/post-excerpt/index.php HTTP/1.0" 301 - "-" "Mozlila/5.0 (Linux; Android 7.0; SM-G892A Bulid/NRD90M; wv) AppleWebKit/537.36 (KHTML, like Gecko) Version/4.0 Chrome/60.0.3112.107 Moblie Safari/537.36"
147.93.128.101 - - [22/Nov/2024:13:49:10 -0800] "GET /wp-includes/blocks/post-excerpt/ HTTP/1.0" 200 2301 "-" "Mozlila/5.0 (Linux; Android 7.0; SM-G892A Bulid/NRD90M; wv) AppleWebKit/537.36 (KHTML, like Gecko) Version/4.0 Chrome/60.0.3112.107 Moblie Safari/537.36"
147.93.128.101 - - [22/Nov/2024:13:49:18 -0800] "GET /wp-includes/blocks/post-featured-image/index.php HTTP/1.0" 301 - "-" "Mozlila/5.0 (Linux; Android 7.0; SM-G892A Bulid/NRD90M; wv) AppleWebKit/537.36 (KHTML, like Gecko) Version/4.0 Chrome/60.0.3112.107 Moblie Safari/537.36"
147.93.128.101 - - [22/Nov/2024:13:49:18 -0800] "GET /wp-includes/blocks/post-featured-image/ HTTP/1.0" 200 2315 "-" "Mozlila/5.0 (Linux; Android 7.0; SM-G892A Bulid/NRD90M; wv) AppleWebKit/537.36 (KHTML, like Gecko) Version/4.0 Chrome/60.0.3112.107 Moblie Safari/537.36"
209.182.200.39 - - [22/Nov/2024:13:49:31 -0800] "POST /wp-cron.php?doing_wp_cron=1732312171.1068398952484130859375 HTTP/1.0" 200 - "-" "WordPress/6.7.1; https://adsgivesales.click"
147.93.128.101 - - [22/Nov/2024:13:49:30 -0800] "GET /wp-includes/blocks/post-template/index.php HTTP/1.0" 301 - "-" "Mozlila/5.0 (Linux; Android 7.0; SM-G892A Bulid/NRD90M; wv) AppleWebKit/537.36 (KHTML, like Gecko) Version/4.0 Chrome/60.0.3112.107 Moblie Safari/537.36"
147.93.128.101 - - [22/Nov/2024:13:49:31 -0800] "GET /wp-includes/blocks/post-template/ HTTP/1.0" 200 2303 "-" "Mozlila/5.0 (Linux; Android 7.0; SM-G892A Bulid/NRD90M; wv) AppleWebKit/537.36 (KHTML, like Gecko) Version/4.0 Chrome/60.0.3112.107 Moblie Safari/537.36"
147.93.128.101 - - [22/Nov/2024:13:49:37 -0800] "GET /wp-includes/blocks/post-terms/index.php HTTP/1.0" 301 - "-" "Mozlila/5.0 (Linux; Android 7.0; SM-G892A Bulid/NRD90M; wv) AppleWebKit/537.36 (KHTML, like Gecko) Version/4.0 Chrome/60.0.3112.107 Moblie Safari/537.36"
147.93.128.101 - - [22/Nov/2024:13:49:38 -0800] "GET /wp-includes/blocks/post-terms/ HTTP/1.0" 200 1569 "-" "Mozlila/5.0 (Linux; Android 7.0; SM-G892A Bulid/NRD90M; wv) AppleWebKit/537.36 (KHTML, like Gecko) Version/4.0 Chrome/60.0.3112.107 Moblie Safari/537.36"
209.182.200.39 - - [22/Nov/2024:13:49:56 -0800] "POST /wp-cron.php?doing_wp_cron=1732312196.4166169166564941406250 HTTP/1.0" 200 - "-" "WordPress/6.7.1; https://adsgivesales.click"
147.93.128.101 - - [22/Nov/2024:13:49:55 -0800] "GET /wp-includes/blocks/post-title/index.php HTTP/1.0" 301 - "-" "Mozlila/5.0 (Linux; Android 7.0; SM-G892A Bulid/NRD90M; wv) AppleWebKit/537.36 (KHTML, like Gecko) Version/4.0 Chrome/60.0.3112.107 Moblie Safari/537.36"
147.93.128.101 - - [22/Nov/2024:13:49:57 -0800] "GET /wp-includes/blocks/post-title/ HTTP/1.0" 200 1569 "-" "Mozlila/5.0 (Linux; Android 7.0; SM-G892A Bulid/NRD90M; wv) AppleWebKit/537.36 (KHTML, like Gecko) Version/4.0 Chrome/60.0.3112.107 Moblie Safari/537.36"
147.93.128.101 - - [22/Nov/2024:13:50:04 -0800] "GET /wp-includes/blocks/preformatted/index.php HTTP/1.0" 301 - "-" "Mozlila/5.0 (Linux; Android 7.0; SM-G892A Bulid/NRD90M; wv) AppleWebKit/537.36 (KHTML, like Gecko) Version/4.0 Chrome/60.0.3112.107 Moblie Safari/537.36"
147.93.128.101 - - [22/Nov/2024:13:50:06 -0800] "GET /wp-includes/blocks/preformatted/ HTTP/1.0" 200 1573 "-" "Mozlila/5.0 (Linux; Android 7.0; SM-G892A Bulid/NRD90M; wv) AppleWebKit/537.36 (KHTML, like Gecko) Version/4.0 Chrome/60.0.3112.107 Moblie Safari/537.36"
147.93.128.101 - - [22/Nov/2024:13:50:12 -0800] "GET /wp-includes/blocks/pullquote/index.php HTTP/1.0" 301 - "-" "Mozlila/5.0 (Linux; Android 7.0; SM-G892A Bulid/NRD90M; wv) AppleWebKit/537.36 (KHTML, like Gecko) Version/4.0 Chrome/60.0.3112.107 Moblie Safari/537.36"
147.93.128.101 - - [22/Nov/2024:13:50:13 -0800] "GET /wp-includes/blocks/pullquote/ HTTP/1.0" 200 3019 "-" "Mozlila/5.0 (Linux; Android 7.0; SM-G892A Bulid/NRD90M; wv) AppleWebKit/537.36 (KHTML, like Gecko) Version/4.0 Chrome/60.0.3112.107 Moblie Safari/537.36"
147.93.128.101 - - [22/Nov/2024:13:50:20 -0800] "GET /wp-includes/blocks/query-pagination-next/index.php HTTP/1.0" 301 - "-" "Mozlila/5.0 (Linux; Android 7.0; SM-G892A Bulid/NRD90M; wv) AppleWebKit/537.36 (KHTML, like Gecko) Version/4.0 Chrome/60.0.3112.107 Moblie Safari/537.36"
147.93.128.101 - - [22/Nov/2024:13:50:20 -0800] "GET /wp-includes/blocks/query-pagination-next/ HTTP/1.0" 200 867 "-" "Mozlila/5.0 (Linux; Android 7.0; SM-G892A Bulid/NRD90M; wv) AppleWebKit/537.36 (KHTML, like Gecko) Version/4.0 Chrome/60.0.3112.107 Moblie Safari/537.36"
209.182.200.39 - - [22/Nov/2024:13:50:30 -0800] "POST /wp-cron.php?doing_wp_cron=1732312230.3449559211730957031250 HTTP/1.0" 200 - "-" "WordPress/6.7.1; https://adsgivesales.click"
147.93.128.101 - - [22/Nov/2024:13:50:29 -0800] "GET /wp-includes/blocks/query-pagination-numbers/index.php HTTP/1.0" 301 - "-" "Mozlila/5.0 (Linux; Android 7.0; SM-G892A Bulid/NRD90M; wv) AppleWebKit/537.36 (KHTML, like Gecko) Version/4.0 Chrome/60.0.3112.107 Moblie Safari/537.36"
147.93.128.101 - - [22/Nov/2024:13:50:30 -0800] "GET /wp-includes/blocks/query-pagination-numbers/ HTTP/1.0" 200 1601 "-" "Mozlila/5.0 (Linux; Android 7.0; SM-G892A Bulid/NRD90M; wv) AppleWebKit/537.36 (KHTML, like Gecko) Version/4.0 Chrome/60.0.3112.107 Moblie Safari/537.36"
147.93.128.101 - - [22/Nov/2024:13:50:34 -0800] "GET /wp-includes/blocks/query-pagination-previous/index.php HTTP/1.0" 301 - "-" "Mozlila/5.0 (Linux; Android 7.0; SM-G892A Bulid/NRD90M; wv) AppleWebKit/537.36 (KHTML, like Gecko) Version/4.0 Chrome/60.0.3112.107 Moblie Safari/537.36"
147.93.128.101 - - [22/Nov/2024:13:50:35 -0800] "GET /wp-includes/blocks/query-pagination-previous/ HTTP/1.0" 200 875 "-" "Mozlila/5.0 (Linux; Android 7.0; SM-G892A Bulid/NRD90M; wv) AppleWebKit/537.36 (KHTML, like Gecko) Version/4.0 Chrome/60.0.3112.107 Moblie Safari/537.36"
147.93.128.101 - - [22/Nov/2024:13:50:40 -0800] "GET /wp-includes/blocks/query-pagination/index.php HTTP/1.0" 301 - "-" "Mozlila/5.0 (Linux; Android 7.0; SM-G892A Bulid/NRD90M; wv) AppleWebKit/537.36 (KHTML, like Gecko) Version/4.0 Chrome/60.0.3112.107 Moblie Safari/537.36"
147.93.128.101 - - [22/Nov/2024:13:50:40 -0800] "GET /wp-includes/blocks/query-pagination/ HTTP/1.0" 200 2309 "-" "Mozlila/5.0 (Linux; Android 7.0; SM-G892A Bulid/NRD90M; wv) AppleWebKit/537.36 (KHTML, like Gecko) Version/4.0 Chrome/60.0.3112.107 Moblie Safari/537.36"
147.93.128.101 - - [22/Nov/2024:13:50:43 -0800] "GET /wp-includes/blocks/query-title/index.php HTTP/1.0" 301 - "-" "Mozlila/5.0 (Linux; Android 7.0; SM-G892A Bulid/NRD90M; wv) AppleWebKit/537.36 (KHTML, like Gecko) Version/4.0 Chrome/60.0.3112.107 Moblie Safari/537.36"
147.93.128.101 - - [22/Nov/2024:13:50:43 -0800] "GET /wp-includes/blocks/query-title/ HTTP/1.0" 200 1571 "-" "Mozlila/5.0 (Linux; Android 7.0; SM-G892A Bulid/NRD90M; wv) AppleWebKit/537.36 (KHTML, like Gecko) Version/4.0 Chrome/60.0.3112.107 Moblie Safari/537.36"
147.93.128.101 - - [22/Nov/2024:13:50:45 -0800] "GET /wp-includes/blocks/query/index.php HTTP/1.0" 301 - "-" "Mozlila/5.0 (Linux; Android 7.0; SM-G892A Bulid/NRD90M; wv) AppleWebKit/537.36 (KHTML, like Gecko) Version/4.0 Chrome/60.0.3112.107 Moblie Safari/537.36"
147.93.128.101 - - [22/Nov/2024:13:50:46 -0800] "GET /wp-includes/blocks/query/ HTTP/1.0" 200 2285 "-" "Mozlila/5.0 (Linux; Android 7.0; SM-G892A Bulid/NRD90M; wv) AppleWebKit/537.36 (KHTML, like Gecko) Version/4.0 Chrome/60.0.3112.107 Moblie Safari/537.36"
209.182.200.39 - - [22/Nov/2024:13:50:54 -0800] "POST /wp-cron.php?doing_wp_cron=1732312254.5315790176391601562500 HTTP/1.0" 200 - "-" "WordPress/6.7.1; https://adsgivesales.click"
147.93.128.101 - - [22/Nov/2024:13:50:53 -0800] "GET /wp-includes/blocks/quote/index.php HTTP/1.0" 301 - "-" "Mozlila/5.0 (Linux; Android 7.0; SM-G892A Bulid/NRD90M; wv) AppleWebKit/537.36 (KHTML, like Gecko) Version/4.0 Chrome/60.0.3112.107 Moblie Safari/537.36"
147.93.128.101 - - [22/Nov/2024:13:50:54 -0800] "GET /wp-includes/blocks/quote/ HTTP/1.0" 200 2283 "-" "Mozlila/5.0 (Linux; Android 7.0; SM-G892A Bulid/NRD90M; wv) AppleWebKit/537.36 (KHTML, like Gecko) Version/4.0 Chrome/60.0.3112.107 Moblie Safari/537.36"
147.93.128.101 - - [22/Nov/2024:13:51:00 -0800] "GET /wp-includes/blocks/rss/index.php HTTP/1.0" 301 - "-" "Mozlila/5.0 (Linux; Android 7.0; SM-G892A Bulid/NRD90M; wv) AppleWebKit/537.36 (KHTML, like Gecko) Version/4.0 Chrome/60.0.3112.107 Moblie Safari/537.36"
147.93.128.101 - - [22/Nov/2024:13:51:01 -0800] "GET /wp-includes/blocks/rss/ HTTP/1.0" 200 2283 "-" "Mozlila/5.0 (Linux; Android 7.0; SM-G892A Bulid/NRD90M; wv) AppleWebKit/537.36 (KHTML, like Gecko) Version/4.0 Chrome/60.0.3112.107 Moblie Safari/537.36"
147.93.128.101 - - [22/Nov/2024:13:51:11 -0800] "GET /wp-includes/blocks/search/index.php HTTP/1.0" 301 - "-" "Mozlila/5.0 (Linux; Android 7.0; SM-G892A Bulid/NRD90M; wv) AppleWebKit/537.36 (KHTML, like Gecko) Version/4.0 Chrome/60.0.3112.107 Moblie Safari/537.36"
147.93.128.101 - - [22/Nov/2024:13:51:12 -0800] "GET /wp-includes/blocks/search/ HTTP/1.0" 200 3735 "-" "Mozlila/5.0 (Linux; Android 7.0; SM-G892A Bulid/NRD90M; wv) AppleWebKit/537.36 (KHTML, like Gecko) Version/4.0 Chrome/60.0.3112.107 Moblie Safari/537.36"
147.93.128.101 - - [22/Nov/2024:13:51:19 -0800] "GET /wp-includes/blocks/separator/index.php HTTP/1.0" 301 - "-" "Mozlila/5.0 (Linux; Android 7.0; SM-G892A Bulid/NRD90M; wv) AppleWebKit/537.36 (KHTML, like Gecko) Version/4.0 Chrome/60.0.3112.107 Moblie Safari/537.36"
147.93.128.101 - - [22/Nov/2024:13:51:21 -0800] "GET /wp-includes/blocks/separator/ HTTP/1.0" 200 3019 "-" "Mozlila/5.0 (Linux; Android 7.0; SM-G892A Bulid/NRD90M; wv) AppleWebKit/537.36 (KHTML, like Gecko) Version/4.0 Chrome/60.0.3112.107 Moblie Safari/537.36"
209.182.200.39 - - [22/Nov/2024:13:51:26 -0800] "POST /wp-cron.php?doing_wp_cron=1732312286.0499520301818847656250 HTTP/1.0" 200 - "-" "WordPress/6.7.1; https://adsgivesales.click"
147.93.128.101 - - [22/Nov/2024:13:51:25 -0800] "GET /wp-includes/blocks/shortcode/index.php HTTP/1.0" 301 - "-" "Mozlila/5.0 (Linux; Android 7.0; SM-G892A Bulid/NRD90M; wv) AppleWebKit/537.36 (KHTML, like Gecko) Version/4.0 Chrome/60.0.3112.107 Moblie Safari/537.36"
147.93.128.101 - - [22/Nov/2024:13:51:26 -0800] "GET /wp-includes/blocks/shortcode/ HTTP/1.0" 200 1571 "-" "Mozlila/5.0 (Linux; Android 7.0; SM-G892A Bulid/NRD90M; wv) AppleWebKit/537.36 (KHTML, like Gecko) Version/4.0 Chrome/60.0.3112.107 Moblie Safari/537.36"
147.93.128.101 - - [22/Nov/2024:13:51:27 -0800] "GET /wp-includes/blocks/site-logo/index.php HTTP/1.0" 301 - "-" "Mozlila/5.0 (Linux; Android 7.0; SM-G892A Bulid/NRD90M; wv) AppleWebKit/537.36 (KHTML, like Gecko) Version/4.0 Chrome/60.0.3112.107 Moblie Safari/537.36"
147.93.128.101 - - [22/Nov/2024:13:51:28 -0800] "GET /wp-includes/blocks/site-logo/ HTTP/1.0" 200 2295 "-" "Mozlila/5.0 (Linux; Android 7.0; SM-G892A Bulid/NRD90M; wv) AppleWebKit/537.36 (KHTML, like Gecko) Version/4.0 Chrome/60.0.3112.107 Moblie Safari/537.36"
147.93.128.101 - - [22/Nov/2024:13:51:32 -0800] "GET /wp-includes/blocks/site-tagline/index.php HTTP/1.0" 301 - "-" "Mozlila/5.0 (Linux; Android 7.0; SM-G892A Bulid/NRD90M; wv) AppleWebKit/537.36 (KHTML, like Gecko) Version/4.0 Chrome/60.0.3112.107 Moblie Safari/537.36"
147.93.128.101 - - [22/Nov/2024:13:51:35 -0800] "GET /wp-includes/blocks/site-tagline/ HTTP/1.0" 200 2301 "-" "Mozlila/5.0 (Linux; Android 7.0; SM-G892A Bulid/NRD90M; wv) AppleWebKit/537.36 (KHTML, like Gecko) Version/4.0 Chrome/60.0.3112.107 Moblie Safari/537.36"
147.93.128.101 - - [22/Nov/2024:13:51:39 -0800] "GET /wp-includes/blocks/site-title/index.php HTTP/1.0" 301 - "-" "Mozlila/5.0 (Linux; Android 7.0; SM-G892A Bulid/NRD90M; wv) AppleWebKit/537.36 (KHTML, like Gecko) Version/4.0 Chrome/60.0.3112.107 Moblie Safari/537.36"
147.93.128.101 - - [22/Nov/2024:13:51:40 -0800] "GET /wp-includes/blocks/site-title/ HTTP/1.0" 200 2297 "-" "Mozlila/5.0 (Linux; Android 7.0; SM-G892A Bulid/NRD90M; wv) AppleWebKit/537.36 (KHTML, like Gecko) Version/4.0 Chrome/60.0.3112.107 Moblie Safari/537.36"
209.182.200.39 - - [22/Nov/2024:13:51:55 -0800] "POST /wp-cron.php?doing_wp_cron=1732312315.2038118839263916015625 HTTP/1.0" 200 - "-" "WordPress/6.7.1; https://adsgivesales.click"
147.93.128.101 - - [22/Nov/2024:13:51:54 -0800] "GET /wp-includes/blocks/social-link/index.php HTTP/1.0" 301 - "-" "Mozlila/5.0 (Linux; Android 7.0; SM-G892A Bulid/NRD90M; wv) AppleWebKit/537.36 (KHTML, like Gecko) Version/4.0 Chrome/60.0.3112.107 Moblie Safari/537.36"
147.93.128.101 - - [22/Nov/2024:13:51:55 -0800] "GET /wp-includes/blocks/social-link/ HTTP/1.0" 200 1575 "-" "Mozlila/5.0 (Linux; Android 7.0; SM-G892A Bulid/NRD90M; wv) AppleWebKit/537.36 (KHTML, like Gecko) Version/4.0 Chrome/60.0.3112.107 Moblie Safari/537.36"
147.93.128.101 - - [22/Nov/2024:13:51:59 -0800] "GET /wp-includes/pomo/index.php HTTP/1.0" 301 - "-" "Mozlila/5.0 (Linux; Android 7.0; SM-G892A Bulid/NRD90M; wv) AppleWebKit/537.36 (KHTML, like Gecko) Version/4.0 Chrome/60.0.3112.107 Moblie Safari/537.36"
147.93.128.101 - - [22/Nov/2024:13:52:00 -0800] "GET /wp-includes/pomo/ HTTP/1.0" 200 1706 "-" "Mozlila/5.0 (Linux; Android 7.0; SM-G892A Bulid/NRD90M; wv) AppleWebKit/537.36 (KHTML, like Gecko) Version/4.0 Chrome/60.0.3112.107 Moblie Safari/537.36"
147.93.128.101 - - [22/Nov/2024:13:52:05 -0800] "GET /wp-includes/Requests/library/index.php HTTP/1.0" 301 - "-" "Mozlila/5.0 (Linux; Android 7.0; SM-G892A Bulid/NRD90M; wv) AppleWebKit/537.36 (KHTML, like Gecko) Version/4.0 Chrome/60.0.3112.107 Moblie Safari/537.36"
147.93.128.101 - - [22/Nov/2024:13:52:06 -0800] "GET /wp-includes/Requests/library/ HTTP/1.0" 200 847 "-" "Mozlila/5.0 (Linux; Android 7.0; SM-G892A Bulid/NRD90M; wv) AppleWebKit/537.36 (KHTML, like Gecko) Version/4.0 Chrome/60.0.3112.107 Moblie Safari/537.36"
147.93.128.101 - - [22/Nov/2024:13:52:11 -0800] "GET /wp-includes/blocks/navigation-link/index.php HTTP/1.0" 301 - "-" "Mozlila/5.0 (Linux; Android 7.0; SM-G892A Bulid/NRD90M; wv) AppleWebKit/537.36 (KHTML, like Gecko) Version/4.0 Chrome/60.0.3112.107 Moblie Safari/537.36"
147.93.128.101 - - [22/Nov/2024:13:52:13 -0800] "GET /wp-includes/blocks/navigation-link/ HTTP/1.0" 200 2307 "-" "Mozlila/5.0 (Linux; Android 7.0; SM-G892A Bulid/NRD90M; wv) AppleWebKit/537.36 (KHTML, like Gecko) Version/4.0 Chrome/60.0.3112.107 Moblie Safari/537.36"
147.93.128.101 - - [22/Nov/2024:13:52:24 -0800] "GET /wp-includes/Requests/src/Exception/index.php HTTP/1.0" 301 - "-" "Mozlila/5.0 (Linux; Android 7.0; SM-G892A Bulid/NRD90M; wv) AppleWebKit/537.36 (KHTML, like Gecko) Version/4.0 Chrome/60.0.3112.107 Moblie Safari/537.36"
147.93.128.101 - - [22/Nov/2024:13:52:25 -0800] "GET /wp-includes/Requests/src/Exception/ HTTP/1.0" 200 1763 "-" "Mozlila/5.0 (Linux; Android 7.0; SM-G892A Bulid/NRD90M; wv) AppleWebKit/537.36 (KHTML, like Gecko) Version/4.0 Chrome/60.0.3112.107 Moblie Safari/537.36"
209.182.200.39 - - [22/Nov/2024:13:52:28 -0800] "POST /wp-cron.php?doing_wp_cron=1732312348.0983850955963134765625 HTTP/1.0" 200 - "-" "WordPress/6.7.1; https://adsgivesales.click"
147.93.128.101 - - [22/Nov/2024:13:52:27 -0800] "GET /wp-includes/css/dist/index.php HTTP/1.0" 301 - "-" "Mozlila/5.0 (Linux; Android 7.0; SM-G892A Bulid/NRD90M; wv) AppleWebKit/537.36 (KHTML, like Gecko) Version/4.0 Chrome/60.0.3112.107 Moblie Safari/537.36"
147.93.128.101 - - [22/Nov/2024:13:52:28 -0800] "GET /wp-includes/css/dist/ HTTP/1.0" 200 3708 "-" "Mozlila/5.0 (Linux; Android 7.0; SM-G892A Bulid/NRD90M; wv) AppleWebKit/537.36 (KHTML, like Gecko) Version/4.0 Chrome/60.0.3112.107 Moblie Safari/537.36"
147.93.128.101 - - [22/Nov/2024:13:52:36 -0800] "GET /wp-includes/blocks/social-links/index.php HTTP/1.0" 301 - "-" "Mozlila/5.0 (Linux; Android 7.0; SM-G892A Bulid/NRD90M; wv) AppleWebKit/537.36 (KHTML, like Gecko) Version/4.0 Chrome/60.0.3112.107 Moblie Safari/537.36"
147.93.128.101 - - [22/Nov/2024:13:52:37 -0800] "GET /wp-includes/blocks/social-links/ HTTP/1.0" 200 2301 "-" "Mozlila/5.0 (Linux; Android 7.0; SM-G892A Bulid/NRD90M; wv) AppleWebKit/537.36 (KHTML, like Gecko) Version/4.0 Chrome/60.0.3112.107 Moblie Safari/537.36"
147.93.128.101 - - [22/Nov/2024:13:52:40 -0800] "GET /wp-includes/blocks/spacer/index.php HTTP/1.0" 301 - "-" "Mozlila/5.0 (Linux; Android 7.0; SM-G892A Bulid/NRD90M; wv) AppleWebKit/537.36 (KHTML, like Gecko) Version/4.0 Chrome/60.0.3112.107 Moblie Safari/537.36"
147.93.128.101 - - [22/Nov/2024:13:52:41 -0800] "GET /wp-includes/blocks/spacer/ HTTP/1.0" 200 2289 "-" "Mozlila/5.0 (Linux; Android 7.0; SM-G892A Bulid/NRD90M; wv) AppleWebKit/537.36 (KHTML, like Gecko) Version/4.0 Chrome/60.0.3112.107 Moblie Safari/537.36"
209.182.200.39 - - [22/Nov/2024:13:52:52 -0800] "POST /wp-cron.php?doing_wp_cron=1732312372.4465599060058593750000 HTTP/1.0" 200 - "-" "WordPress/6.7.1; https://adsgivesales.click"
147.93.128.101 - - [22/Nov/2024:13:52:51 -0800] "GET /wp-includes/blocks/table/index.php HTTP/1.0" 301 - "-" "Mozlila/5.0 (Linux; Android 7.0; SM-G892A Bulid/NRD90M; wv) AppleWebKit/537.36 (KHTML, like Gecko) Version/4.0 Chrome/60.0.3112.107 Moblie Safari/537.36"
147.93.128.101 - - [22/Nov/2024:13:52:54 -0800] "GET /wp-includes/blocks/table/ HTTP/1.0" 200 3011 "-" "Mozlila/5.0 (Linux; Android 7.0; SM-G892A Bulid/NRD90M; wv) AppleWebKit/537.36 (KHTML, like Gecko) Version/4.0 Chrome/60.0.3112.107 Moblie Safari/537.36"
147.93.128.101 - - [22/Nov/2024:13:53:05 -0800] "GET /wp-includes/blocks/tag-cloud/index.php HTTP/1.0" 301 - "-" "Mozlila/5.0 (Linux; Android 7.0; SM-G892A Bulid/NRD90M; wv) AppleWebKit/537.36 (KHTML, like Gecko) Version/4.0 Chrome/60.0.3112.107 Moblie Safari/537.36"
147.93.128.101 - - [22/Nov/2024:13:53:06 -0800] "GET /wp-includes/blocks/tag-cloud/ HTTP/1.0" 200 2295 "-" "Mozlila/5.0 (Linux; Android 7.0; SM-G892A Bulid/NRD90M; wv) AppleWebKit/537.36 (KHTML, like Gecko) Version/4.0 Chrome/60.0.3112.107 Moblie Safari/537.36"
209.182.200.39 - - [22/Nov/2024:13:57:59 -0800] "POST /wp-cron.php?doing_wp_cron=1732312679.0799460411071777343750 HTTP/1.0" 200 - "-" "WordPress/6.7.1; https://adsgivesales.click"
31.24.159.135 - - [22/Nov/2024:13:57:58 -0800] "POST /xmlrpc.php HTTP/1.0" 200 403 "-" "Mozilla/5.0 (Windows NT 10.0; Win64; x64; rv:85.0) Gecko/20100101 Firefox/85.0"
209.182.200.39 - - [22/Nov/2024:13:58:28 -0800] "POST /wp-cron.php?doing_wp_cron=1732312708.3891170024871826171875 HTTP/1.0" 200 - "-" "WordPress/6.7.1; https://adsgivesales.click"
59.125.102.226 - - [22/Nov/2024:13:58:27 -0800] "POST /xmlrpc.php HTTP/1.0" 200 403 "-" "Mozilla/5.0 (Windows NT 10.0; Win64; x64; rv:58.0) Gecko/20100101 Firefox/58.0"
209.182.200.39 - - [22/Nov/2024:14:01:45 -0800] "POST /wp-cron.php?doing_wp_cron=1732312905.2841720581054687500000 HTTP/1.0" 200 - "-" "WordPress/6.7.1; https://adsgivesales.click"
104.247.72.201 - - [22/Nov/2024:14:01:44 -0800] "POST /xmlrpc.php HTTP/1.0" 200 403 "-" "Mozilla/5.0 (Windows NT 10.0; Win64; x64; rv:73.0) Gecko/20100101 Firefox/73.0"
209.182.200.39 - - [22/Nov/2024:14:03:10 -0800] "POST /wp-cron.php?doing_wp_cron=1732312990.2367560863494873046875 HTTP/1.0" 200 - "-" "WordPress/6.7.1; https://adsgivesales.click"
94.130.67.88 - - [22/Nov/2024:14:03:09 -0800] "POST /xmlrpc.php HTTP/1.0" 200 403 "-" "Mozilla/5.0 (Windows NT 10.0; Win64; x64; rv:51.0) Gecko/20100101 Firefox/51.0"
209.182.200.39 - - [22/Nov/2024:14:06:59 -0800] "POST /wp-cron.php?doing_wp_cron=1732313219.8210868835449218750000 HTTP/1.0" 200 - "-" "WordPress/6.7.1; https://adsgivesales.click"
217.182.53.35 - - [22/Nov/2024:14:06:59 -0800] "POST /xmlrpc.php HTTP/1.0" 200 403 "-" "Mozilla/5.0 (Windows NT 10.0; Win64; x64; rv:74.0) Gecko/20100101 Firefox/74.0"
209.182.200.39 - - [22/Nov/2024:14:10:21 -0800] "POST /wp-cron.php?doing_wp_cron=1732313421.1461780071258544921875 HTTP/1.0" 200 - "-" "WordPress/6.7.1; https://adsgivesales.click"
37.97.195.177 - - [22/Nov/2024:14:10:20 -0800] "POST /xmlrpc.php HTTP/1.0" 200 403 "-" "Mozilla/5.0 (Windows NT 10.0; Win64; x64; rv:69.0) Gecko/20100101 Firefox/69.0"
209.182.200.39 - - [22/Nov/2024:14:13:38 -0800] "POST /wp-cron.php?doing_wp_cron=1732313618.8030440807342529296875 HTTP/1.0" 200 - "-" "WordPress/6.7.1; https://adsgivesales.click"
185.222.157.244 - - [22/Nov/2024:14:13:38 -0800] "POST /xmlrpc.php HTTP/1.0" 200 403 "-" "Mozilla/5.0 (Windows NT 10.0; Win64; x64; rv:78.0) Gecko/20100101 Firefox/78.0"
209.182.200.39 - - [22/Nov/2024:14:14:22 -0800] "POST /wp-cron.php?doing_wp_cron=1732313662.1404728889465332031250 HTTP/1.0" 200 - "-" "WordPress/6.7.1; https://adsgivesales.click"
54.241.118.231 - - [22/Nov/2024:14:14:21 -0800] "GET / HTTP/1.0" 301 - "-" "Mozilla/5.0 (X11; Linux x86_64) AppleWebKit/537.36 (KHTML, like Gecko) Chrome/51.0.2704.103 Safari/537.36"
54.241.118.231 - - [22/Nov/2024:14:14:22 -0800] "GET / HTTP/1.0" 200 376142 "-" "Mozilla/5.0 (X11; Linux x86_64) AppleWebKit/537.36 (KHTML, like Gecko) Chrome/51.0.2704.103 Safari/537.36"
209.182.200.39 - - [22/Nov/2024:14:15:36 -0800] "POST /wp-cron.php?doing_wp_cron=1732313736.5316369533538818359375 HTTP/1.0" 200 - "-" "WordPress/6.7.1; https://adsgivesales.click"
176.95.46.124 - - [22/Nov/2024:14:15:35 -0800] "POST /xmlrpc.php HTTP/1.0" 200 403 "-" "Mozilla/5.0 (Windows NT 10.0; Win64; x64; rv:66.0) Gecko/20100101 Firefox/66.0"
209.182.200.39 - - [22/Nov/2024:14:18:27 -0800] "POST /wp-cron.php?doing_wp_cron=1732313907.7470810413360595703125 HTTP/1.0" 200 - "-" "WordPress/6.7.1; https://adsgivesales.click"
185.237.124.53 - - [22/Nov/2024:14:18:26 -0800] "POST /xmlrpc.php HTTP/1.0" 200 403 "-" "Mozilla/5.0 (Windows NT 10.0; Win64; x64; rv:68.0) Gecko/20100101 Firefox/68.0"
46.32.255.120 - - [22/Nov/2024:14:18:43 -0800] "POST /xmlrpc.php HTTP/1.0" 200 403 "-" "Mozilla/5.0 (Windows NT 10.0; Win64; x64; rv:94.0) Gecko/20100101 Firefox/94.0"
159.69.184.214 - - [22/Nov/2024:14:18:45 -0800] "POST /xmlrpc.php HTTP/1.0" 200 403 "-" "Mozilla/5.0 (Windows NT 10.0; Win64; x64; rv:66.0) Gecko/20100101 Firefox/66.0"
165.22.62.110 - - [22/Nov/2024:14:23:35 -0800] "GET /sftp-config.json HTTP/1.0" 406 300 "-" "Mozilla/5.0 (Macintosh; Intel Mac OS X 10.15; rv:77.0) Gecko/20100101 Firefox/77.0"
209.182.200.39 - - [22/Nov/2024:14:23:36 -0800] "POST /wp-cron.php?doing_wp_cron=1732314216.2797169685363769531250 HTTP/1.0" 200 - "-" "WordPress/6.7.1; https://adsgivesales.click"
165.22.62.110 - - [22/Nov/2024:14:23:35 -0800] "GET /.vscode/sftp.json HTTP/1.0" 404 278533 "-" "Mozilla/5.0 (Macintosh; Intel Mac OS X 10.15; rv:77.0) Gecko/20100101 Firefox/77.0"
165.22.62.110 - - [22/Nov/2024:14:23:37 -0800] "GET /.vscode/ftp-sync.json HTTP/1.0" 404 278537 "-" "Mozilla/5.0 (Macintosh; Intel Mac OS X 10.15; rv:77.0) Gecko/20100101 Firefox/77.0"
165.22.62.110 - - [22/Nov/2024:14:23:38 -0800] "GET /.ftpconfig HTTP/1.0" 404 278526 "-" "Mozilla/5.0 (Macintosh; Intel Mac OS X 10.15; rv:77.0) Gecko/20100101 Firefox/77.0"
165.22.62.110 - - [22/Nov/2024:14:23:40 -0800] "GET /ftpsync.settings HTTP/1.0" 404 278532 "-" "Mozilla/5.0 (Macintosh; Intel Mac OS X 10.15; rv:77.0) Gecko/20100101 Firefox/77.0"
165.22.62.110 - - [22/Nov/2024:14:23:42 -0800] "GET /ftp-sync.json HTTP/1.0" 404 278529 "-" "Mozilla/5.0 (Macintosh; Intel Mac OS X 10.15; rv:77.0) Gecko/20100101 Firefox/77.0"
165.22.62.110 - - [22/Nov/2024:14:23:43 -0800] "GET /.ftp-sync.json HTTP/1.0" 404 278530 "-" "Mozilla/5.0 (Macintosh; Intel Mac OS X 10.15; rv:77.0) Gecko/20100101 Firefox/77.0"
209.182.200.39 - - [22/Nov/2024:14:25:03 -0800] "POST /wp-cron.php?doing_wp_cron=1732314303.6099750995635986328125 HTTP/1.0" 200 - "-" "WordPress/6.7.1; https://adsgivesales.click"
149.28.147.132 - - [22/Nov/2024:14:25:02 -0800] "POST /xmlrpc.php HTTP/1.0" 200 403 "-" "Mozilla/5.0 (Windows NT 10.0; Win64; x64; rv:81.0) Gecko/20100101 Firefox/81.0"
209.182.200.39 - - [22/Nov/2024:14:25:36 -0800] "POST /wp-cron.php?doing_wp_cron=1732314336.9534699916839599609375 HTTP/1.0" 200 - "-" "WordPress/6.7.1; https://adsgivesales.click"
51.38.85.155 - - [22/Nov/2024:14:25:36 -0800] "POST /xmlrpc.php HTTP/1.0" 200 403 "-" "Mozilla/5.0 (Windows NT 10.0; Win64; x64; rv:76.0) Gecko/20100101 Firefox/76.0"
185.191.171.3 - - [22/Nov/2024:14:25:49 -0800] "GET /robots.txt HTTP/1.0" 200 30 "-" "Mozilla/5.0 (compatible; SemrushBot/7~bl; +http://www.semrush.com/bot.html)"
209.182.200.39 - - [22/Nov/2024:14:25:54 -0800] "POST /wp-cron.php?doing_wp_cron=1732314354.4318981170654296875000 HTTP/1.0" 200 - "-" "WordPress/6.7.1; https://adsgivesales.click"
185.191.171.12 - - [22/Nov/2024:14:25:53 -0800] "GET /categories-2-2/ HTTP/1.0" 200 318657 "-" "Mozilla/5.0 (compatible; SemrushBot/7~bl; +http://www.semrush.com/bot.html)"
209.182.200.39 - - [22/Nov/2024:14:26:59 -0800] "POST /wp-cron.php?doing_wp_cron=1732314419.6092851161956787109375 HTTP/1.0" 200 - "-" "WordPress/6.7.1; https://adsgivesales.click"
159.69.71.83 - - [22/Nov/2024:14:26:59 -0800] "POST /xmlrpc.php HTTP/1.0" 200 403 "-" "Mozilla/5.0 (Windows NT 10.0; Win64; x64; rv:68.0) Gecko/20100101 Firefox/68.0"
209.182.200.39 - - [22/Nov/2024:14:30:15 -0800] "POST /wp-cron.php?doing_wp_cron=1732314615.2480111122131347656250 HTTP/1.0" 200 - "-" "WordPress/6.7.1; https://adsgivesales.click"
41.203.16.186 - - [22/Nov/2024:14:30:14 -0800] "POST /xmlrpc.php HTTP/1.0" 200 403 "-" "Mozilla/5.0 (Windows NT 10.0; Win64; x64; rv:93.0) Gecko/20100101 Firefox/93.0"
209.182.200.39 - - [22/Nov/2024:14:37:20 -0800] "POST /wp-cron.php?doing_wp_cron=1732315040.2782320976257324218750 HTTP/1.0" 200 - "-" "WordPress/6.7.1; https://adsgivesales.click"
13.229.189.252 - - [22/Nov/2024:14:37:19 -0800] "POST /xmlrpc.php HTTP/1.0" 200 403 "-" "Mozilla/5.0 (Windows NT 10.0; Win64; x64; rv:85.0) Gecko/20100101 Firefox/85.0"
209.182.200.39 - - [22/Nov/2024:14:39:10 -0800] "POST /wp-cron.php?doing_wp_cron=1732315150.5016140937805175781250 HTTP/1.0" 200 - "-" "WordPress/6.7.1; https://adsgivesales.click"
40.77.167.64 - - [22/Nov/2024:14:39:09 -0800] "GET /login/ HTTP/1.0" 200 292096 "-" "Mozilla/5.0 AppleWebKit/537.36 (KHTML, like Gecko; compatible; bingbot/2.0; +http://www.bing.com/bingbot.htm) Chrome/116.0.1938.76 Safari/537.36"
209.182.200.39 - - [22/Nov/2024:14:40:57 -0800] "POST /wp-cron.php?doing_wp_cron=1732315257.7925090789794921875000 HTTP/1.0" 200 - "-" "WordPress/6.7.1; https://adsgivesales.click"
104.244.72.171 - - [22/Nov/2024:14:40:57 -0800] "GET /wp-login.php HTTP/1.0" 200 8844 "-" "Mozilla/5.0 (X11; Ubuntu; Linux i686; rv:31.0) Gecko/20100101 Firefox/31.0"
104.244.72.171 - - [22/Nov/2024:14:40:58 -0800] "POST /wp-login.php HTTP/1.0" 200 9306 "-" "Mozilla/5.0 (X11; Ubuntu; Linux i686; rv:31.0) Gecko/20100101 Firefox/31.0"
209.182.200.39 - - [22/Nov/2024:14:42:34 -0800] "POST /wp-cron.php?doing_wp_cron=1732315354.9656560420989990234375 HTTP/1.0" 200 - "-" "WordPress/6.7.1; https://adsgivesales.click"
205.196.214.14 - - [22/Nov/2024:14:42:34 -0800] "POST /xmlrpc.php HTTP/1.0" 200 403 "-" "Mozilla/5.0 (Windows NT 10.0; Win64; x64; rv:60.0) Gecko/20100101 Firefox/60.0"
209.182.200.39 - - [22/Nov/2024:14:46:06 -0800] "POST /wp-cron.php?doing_wp_cron=1732315566.4457540512084960937500 HTTP/1.0" 200 - "-" "WordPress/6.7.1; https://adsgivesales.click"
159.69.71.83 - - [22/Nov/2024:14:46:05 -0800] "POST /xmlrpc.php HTTP/1.0" 200 403 "-" "Mozilla/5.0 (Windows NT 10.0; Win64; x64; rv:95.0) Gecko/20100101 Firefox/95.0"
159.69.153.55 - - [22/Nov/2024:14:46:16 -0800] "POST /xmlrpc.php HTTP/1.0" 200 403 "-" "Mozilla/5.0 (Windows NT 10.0; Win64; x64; rv:84.0) Gecko/20100101 Firefox/84.0"
209.182.200.39 - - [22/Nov/2024:14:49:55 -0800] "POST /wp-cron.php?doing_wp_cron=1732315795.1548430919647216796875 HTTP/1.0" 200 - "-" "WordPress/6.7.1; https://adsgivesales.click"
190.106.145.144 - - [22/Nov/2024:14:49:54 -0800] "POST /xmlrpc.php HTTP/1.0" 200 403 "-" "Mozilla/5.0 (Windows NT 10.0; Win64; x64; rv:85.0) Gecko/20100101 Firefox/85.0"
209.182.200.39 - - [22/Nov/2024:14:52:14 -0800] "POST /wp-cron.php?doing_wp_cron=1732315934.7878320217132568359375 HTTP/1.0" 200 - "-" "WordPress/6.7.1; https://adsgivesales.click"
161.97.178.12 - - [22/Nov/2024:14:52:14 -0800] "POST /xmlrpc.php HTTP/1.0" 200 403 "-" "Mozilla/5.0 (Windows NT 10.0; Win64; x64; rv:77.0) Gecko/20100101 Firefox/77.0"
209.182.200.39 - - [22/Nov/2024:14:53:52 -0800] "POST /wp-cron.php?doing_wp_cron=1732316032.2121739387512207031250 HTTP/1.0" 200 - "-" "WordPress/6.7.1; https://adsgivesales.click"
51.38.57.201 - - [22/Nov/2024:14:53:51 -0800] "POST /xmlrpc.php HTTP/1.0" 200 403 "-" "Mozilla/5.0 (Windows NT 10.0; Win64; x64; rv:98.0) Gecko/20100101 Firefox/98.0"
209.182.200.39 - - [22/Nov/2024:14:55:42 -0800] "POST /wp-cron.php?doing_wp_cron=1732316141.9897949695587158203125 HTTP/1.0" 200 - "-" "WordPress/6.7.1; https://adsgivesales.click"
149.28.147.132 - - [22/Nov/2024:14:55:41 -0800] "POST /xmlrpc.php HTTP/1.0" 200 403 "-" "Mozilla/5.0 (Windows NT 10.0; Win64; x64; rv:46.0) Gecko/20100101 Firefox/46.0"
209.182.200.39 - - [22/Nov/2024:15:00:19 -0800] "POST /wp-cron.php?doing_wp_cron=1732316419.0094079971313476562500 HTTP/1.0" 200 - "-" "WordPress/6.7.1; https://adsgivesales.click"
146.59.192.250 - - [22/Nov/2024:15:00:18 -0800] "POST /xmlrpc.php HTTP/1.0" 200 403 "-" "Mozilla/5.0 (Windows NT 10.0; Win64; x64; rv:40.0) Gecko/20100101 Firefox/40.0"
209.182.200.39 - - [22/Nov/2024:15:01:24 -0800] "POST /wp-cron.php?doing_wp_cron=1732316484.6096448898315429687500 HTTP/1.0" 200 - "-" "WordPress/6.7.1; https://adsgivesales.click"
188.68.47.60 - - [22/Nov/2024:15:01:23 -0800] "POST /xmlrpc.php HTTP/1.0" 200 403 "-" "Mozilla/5.0 (Windows NT 10.0; Win64; x64; rv:93.0) Gecko/20100101 Firefox/93.0"
209.182.200.39 - - [22/Nov/2024:15:05:47 -0800] "POST /wp-cron.php?doing_wp_cron=1732316747.4793000221252441406250 HTTP/1.0" 200 - "-" "WordPress/6.7.1; https://adsgivesales.click"
94.130.66.41 - - [22/Nov/2024:15:05:46 -0800] "POST /xmlrpc.php HTTP/1.0" 200 403 "-" "Mozilla/5.0 (Windows NT 10.0; Win64; x64; rv:72.0) Gecko/20100101 Firefox/72.0"
209.182.200.39 - - [22/Nov/2024:15:08:17 -0800] "POST /wp-cron.php?doing_wp_cron=1732316897.5169920921325683593750 HTTP/1.0" 200 - "-" "WordPress/6.7.1; https://adsgivesales.click"
185.199.223.91 - - [22/Nov/2024:15:08:16 -0800] "POST /xmlrpc.php HTTP/1.0" 200 403 "-" "Mozilla/5.0 (Windows NT 10.0; Win64; x64; rv:61.0) Gecko/20100101 Firefox/61.0"
216.244.66.245 - - [22/Nov/2024:15:08:28 -0800] "GET /robots.txt HTTP/1.0" 200 30 "-" "Mozilla/5.0 (compatible; DotBot/1.2; +https://opensiteexplorer.org/dotbot; help@moz.com)"
209.182.200.39 - - [22/Nov/2024:15:13:13 -0800] "POST /wp-cron.php?doing_wp_cron=1732317193.7495288848876953125000 HTTP/1.0" 200 - "-" "WordPress/6.7.1; https://adsgivesales.click"
185.70.94.16 - - [22/Nov/2024:15:13:12 -0800] "POST /xmlrpc.php HTTP/1.0" 200 403 "-" "Mozilla/5.0 (Windows NT 10.0; Win64; x64; rv:47.0) Gecko/20100101 Firefox/47.0"
209.182.200.39 - - [22/Nov/2024:15:15:23 -0800] "POST /wp-cron.php?doing_wp_cron=1732317323.3198380470275878906250 HTTP/1.0" 200 - "-" "WordPress/6.7.1; https://adsgivesales.click"
216.244.66.245 - - [22/Nov/2024:15:15:22 -0800] "GET / HTTP/1.0" 301 - "-" "Mozilla/5.0 (compatible; DotBot/1.2; +https://opensiteexplorer.org/dotbot; help@moz.com)"
209.182.200.39 - - [22/Nov/2024:15:16:05 -0800] "POST /wp-cron.php?doing_wp_cron=1732317365.7652430534362792968750 HTTP/1.0" 200 - "-" "WordPress/6.7.1; https://adsgivesales.click"
162.240.72.112 - - [22/Nov/2024:15:16:05 -0800] "POST /xmlrpc.php HTTP/1.0" 200 403 "-" "Mozilla/5.0 (Windows NT 10.0; Win64; x64; rv:48.0) Gecko/20100101 Firefox/48.0"
209.182.200.39 - - [22/Nov/2024:15:18:17 -0800] "POST /wp-cron.php?doing_wp_cron=1732317497.7721660137176513671875 HTTP/1.0" 200 - "-" "WordPress/6.7.1; https://adsgivesales.click"
85.214.148.32 - - [22/Nov/2024:15:18:16 -0800] "POST /xmlrpc.php HTTP/1.0" 200 403 "-" "Mozilla/5.0 (Windows NT 10.0; Win64; x64; rv:96.0) Gecko/20100101 Firefox/96.0"
209.182.200.39 - - [22/Nov/2024:15:23:32 -0800] "POST /wp-cron.php?doing_wp_cron=1732317812.2609910964965820312500 HTTP/1.0" 200 - "-" "WordPress/6.7.1; https://adsgivesales.click"
188.68.47.181 - - [22/Nov/2024:15:23:30 -0800] "POST /xmlrpc.php HTTP/1.0" 200 403 "-" "Mozilla/5.0 (Windows NT 10.0; Win64; x64; rv:65.0) Gecko/20100101 Firefox/65.0"
209.182.200.39 - - [22/Nov/2024:15:26:24 -0800] "POST /wp-cron.php?doing_wp_cron=1732317984.1371109485626220703125 HTTP/1.0" 200 - "-" "WordPress/6.7.1; https://adsgivesales.click"
198.251.66.188 - - [22/Nov/2024:15:26:23 -0800] "POST /xmlrpc.php HTTP/1.0" 200 403 "-" "Mozilla/5.0 (Windows NT 10.0; Win64; x64; rv:51.0) Gecko/20100101 Firefox/51.0"
209.182.200.39 - - [22/Nov/2024:15:28:44 -0800] "POST /wp-cron.php?doing_wp_cron=1732318124.0654571056365966796875 HTTP/1.0" 200 - "-" "WordPress/6.7.1; https://adsgivesales.click"
197.255.147.146 - - [22/Nov/2024:15:28:43 -0800] "POST /xmlrpc.php HTTP/1.0" 200 403 "-" "Mozilla/5.0 (Windows NT 10.0; Win64; x64; rv:98.0) Gecko/20100101 Firefox/98.0"
209.182.200.39 - - [22/Nov/2024:15:31:46 -0800] "POST /wp-cron.php?doing_wp_cron=1732318306.1438839435577392578125 HTTP/1.0" 200 - "-" "WordPress/6.7.1; https://adsgivesales.click"
217.76.158.107 - - [22/Nov/2024:15:31:45 -0800] "POST /xmlrpc.php HTTP/1.0" 200 403 "-" "Mozilla/5.0 (Windows NT 10.0; Win64; x64; rv:46.0) Gecko/20100101 Firefox/46.0"
209.182.200.39 - - [22/Nov/2024:15:36:05 -0800] "POST /wp-cron.php?doing_wp_cron=1732318564.9732658863067626953125 HTTP/1.0" 200 - "-" "WordPress/6.7.1; https://adsgivesales.click"
159.69.153.55 - - [22/Nov/2024:15:36:03 -0800] "POST /xmlrpc.php HTTP/1.0" 200 403 "-" "Mozilla/5.0 (Windows NT 10.0; Win64; x64; rv:40.0) Gecko/20100101 Firefox/40.0"
209.182.200.39 - - [22/Nov/2024:15:36:38 -0800] "POST /wp-cron.php?doing_wp_cron=1732318598.8915920257568359375000 HTTP/1.0" 200 - "-" "WordPress/6.7.1; https://adsgivesales.click"
188.166.234.134 - - [22/Nov/2024:15:36:38 -0800] "GET / HTTP/1.0" 301 - "-" "Mozilla/5.0 (Windows NT 10.0; Win64; x64) AppleWebKit/537.36 (KHTML, like Gecko) Chrome/78.0.3904.108 Safari/537.36"
188.166.234.134 - - [22/Nov/2024:15:36:39 -0800] "GET / HTTP/1.0" 200 376095 "-" "Mozilla/5.0 (Windows NT 10.0; Win64; x64) AppleWebKit/537.36 (KHTML, like Gecko) Chrome/78.0.3904.108 Safari/537.36"
209.182.200.39 - - [22/Nov/2024:15:36:41 -0800] "POST /wp-cron.php?doing_wp_cron=1732318601.1249608993530273437500 HTTP/1.0" 200 - "-" "WordPress/6.5.5; https://adsgivesales.click"
188.166.234.134 - - [22/Nov/2024:15:36:42 -0800] "GET //wp-includes/wlwmanifest.xml HTTP/1.0" 301 - "-" "Mozilla/5.0 (Windows NT 10.0; Win64; x64) AppleWebKit/537.36 (KHTML, like Gecko) Chrome/78.0.3904.108 Safari/537.36"
188.166.234.134 - - [22/Nov/2024:15:36:43 -0800] "GET //xmlrpc.php?rsd HTTP/1.0" 200 822 "-" "Mozilla/5.0 (Windows NT 10.0; Win64; x64) AppleWebKit/537.36 (KHTML, like Gecko) Chrome/78.0.3904.108 Safari/537.36"
188.166.234.134 - - [22/Nov/2024:15:36:44 -0800] "GET //?author=1 HTTP/1.0" 301 - "-" "Mozilla/5.0 (Windows NT 10.0; Win64; x64) AppleWebKit/537.36 (KHTML, like Gecko) Chrome/78.0.3904.108 Safari/537.36"
188.166.234.134 - - [22/Nov/2024:15:36:46 -0800] "GET //?author=2 HTTP/1.0" 301 - "-" "Mozilla/5.0 (Windows NT 10.0; Win64; x64) AppleWebKit/537.36 (KHTML, like Gecko) Chrome/78.0.3904.108 Safari/537.36"
188.166.234.134 - - [22/Nov/2024:15:36:48 -0800] "GET //wp-json/wp/v2/users/ HTTP/1.0" 200 1315 "-" "Mozilla/5.0 (Windows NT 10.0; Win64; x64) AppleWebKit/537.36 (KHTML, like Gecko) Chrome/78.0.3904.108 Safari/537.36"
188.166.234.134 - - [22/Nov/2024:15:36:53 -0800] "POST //xmlrpc.php HTTP/1.0" 200 403 "-" "Mozilla/5.0 (Windows NT 10.0; Win64; x64) AppleWebKit/537.36 (KHTML, like Gecko) Chrome/78.0.3904.108 Safari/537.36"
188.166.234.134 - - [22/Nov/2024:15:36:55 -0800] "POST //xmlrpc.php HTTP/1.0" 200 401 "-" "Mozilla/5.0 (Windows NT 10.0; Win64; x64) AppleWebKit/537.36 (KHTML, like Gecko) Chrome/78.0.3904.108 Safari/537.36"
188.166.234.134 - - [22/Nov/2024:15:36:58 -0800] "POST //xmlrpc.php HTTP/1.0" 200 401 "-" "Mozilla/5.0 (Windows NT 10.0; Win64; x64) AppleWebKit/537.36 (KHTML, like Gecko) Chrome/78.0.3904.108 Safari/537.36"
188.166.234.134 - - [22/Nov/2024:15:37:01 -0800] "POST //xmlrpc.php HTTP/1.0" 200 403 "-" "Mozilla/5.0 (Windows NT 10.0; Win64; x64) AppleWebKit/537.36 (KHTML, like Gecko) Chrome/78.0.3904.108 Safari/537.36"
188.166.234.134 - - [22/Nov/2024:15:37:04 -0800] "POST //xmlrpc.php HTTP/1.0" 200 401 "-" "Mozilla/5.0 (Windows NT 10.0; Win64; x64) AppleWebKit/537.36 (KHTML, like Gecko) Chrome/78.0.3904.108 Safari/537.36"
209.182.200.39 - - [22/Nov/2024:15:37:07 -0800] "POST /wp-cron.php?doing_wp_cron=1732318627.7357439994812011718750 HTTP/1.0" 200 - "-" "WordPress/6.5.5; https://adsgivesales.click"
188.166.234.134 - - [22/Nov/2024:15:37:06 -0800] "POST //xmlrpc.php HTTP/1.0" 200 401 "-" "Mozilla/5.0 (Windows NT 10.0; Win64; x64) AppleWebKit/537.36 (KHTML, like Gecko) Chrome/78.0.3904.108 Safari/537.36"
188.166.234.134 - - [22/Nov/2024:15:37:09 -0800] "POST //xmlrpc.php HTTP/1.0" 200 401 "-" "Mozilla/5.0 (Windows NT 10.0; Win64; x64) AppleWebKit/537.36 (KHTML, like Gecko) Chrome/78.0.3904.108 Safari/537.36"
188.166.234.134 - - [22/Nov/2024:15:37:12 -0800] "POST //xmlrpc.php HTTP/1.0" 200 401 "-" "Mozilla/5.0 (Windows NT 10.0; Win64; x64) AppleWebKit/537.36 (KHTML, like Gecko) Chrome/78.0.3904.108 Safari/537.36"
188.166.234.134 - - [22/Nov/2024:15:37:15 -0800] "POST //xmlrpc.php HTTP/1.0" 200 401 "-" "Mozilla/5.0 (Windows NT 10.0; Win64; x64) AppleWebKit/537.36 (KHTML, like Gecko) Chrome/78.0.3904.108 Safari/537.36"
188.166.234.134 - - [22/Nov/2024:15:37:17 -0800] "POST //xmlrpc.php HTTP/1.0" 200 401 "-" "Mozilla/5.0 (Windows NT 10.0; Win64; x64) AppleWebKit/537.36 (KHTML, like Gecko) Chrome/78.0.3904.108 Safari/537.36"
188.166.234.134 - - [22/Nov/2024:15:37:19 -0800] "POST //xmlrpc.php HTTP/1.0" 200 401 "-" "Mozilla/5.0 (Windows NT 10.0; Win64; x64) AppleWebKit/537.36 (KHTML, like Gecko) Chrome/78.0.3904.108 Safari/537.36"
209.182.200.39 - - [22/Nov/2024:15:37:21 -0800] "POST /wp-cron.php?doing_wp_cron=1732318641.5439589023590087890625 HTTP/1.0" 200 - "-" "WordPress/6.5.5; https://adsgivesales.click"
188.166.234.134 - - [22/Nov/2024:15:37:21 -0800] "POST //xmlrpc.php HTTP/1.0" 200 401 "-" "Mozilla/5.0 (Windows NT 10.0; Win64; x64) AppleWebKit/537.36 (KHTML, like Gecko) Chrome/78.0.3904.108 Safari/537.36"
188.166.234.134 - - [22/Nov/2024:15:37:24 -0800] "POST //xmlrpc.php HTTP/1.0" 200 401 "-" "Mozilla/5.0 (Windows NT 10.0; Win64; x64) AppleWebKit/537.36 (KHTML, like Gecko) Chrome/78.0.3904.108 Safari/537.36"
188.166.234.134 - - [22/Nov/2024:15:37:27 -0800] "POST //xmlrpc.php HTTP/1.0" 200 401 "-" "Mozilla/5.0 (Windows NT 10.0; Win64; x64) AppleWebKit/537.36 (KHTML, like Gecko) Chrome/78.0.3904.108 Safari/537.36"
188.166.234.134 - - [22/Nov/2024:15:37:29 -0800] "POST //xmlrpc.php HTTP/1.0" 200 401 "-" "Mozilla/5.0 (Windows NT 10.0; Win64; x64) AppleWebKit/537.36 (KHTML, like Gecko) Chrome/78.0.3904.108 Safari/537.36"
188.166.234.134 - - [22/Nov/2024:15:37:31 -0800] "POST //xmlrpc.php HTTP/1.0" 200 401 "-" "Mozilla/5.0 (Windows NT 10.0; Win64; x64) AppleWebKit/537.36 (KHTML, like Gecko) Chrome/78.0.3904.108 Safari/537.36"
188.166.234.134 - - [22/Nov/2024:15:37:34 -0800] "POST //xmlrpc.php HTTP/1.0" 200 401 "-" "Mozilla/5.0 (Windows NT 10.0; Win64; x64) AppleWebKit/537.36 (KHTML, like Gecko) Chrome/78.0.3904.108 Safari/537.36"
188.166.234.134 - - [22/Nov/2024:15:37:37 -0800] "POST //xmlrpc.php HTTP/1.0" 200 401 "-" "Mozilla/5.0 (Windows NT 10.0; Win64; x64) AppleWebKit/537.36 (KHTML, like Gecko) Chrome/78.0.3904.108 Safari/537.36"
209.182.200.39 - - [22/Nov/2024:15:37:42 -0800] "POST /wp-cron.php?doing_wp_cron=1732318662.6531960964202880859375 HTTP/1.0" 200 - "-" "WordPress/6.7.1; https://adsgivesales.click"
188.166.234.134 - - [22/Nov/2024:15:37:40 -0800] "POST //xmlrpc.php HTTP/1.0" 200 401 "-" "Mozilla/5.0 (Windows NT 10.0; Win64; x64) AppleWebKit/537.36 (KHTML, like Gecko) Chrome/78.0.3904.108 Safari/537.36"
188.166.234.134 - - [22/Nov/2024:15:37:43 -0800] "POST //xmlrpc.php HTTP/1.0" 200 401 "-" "Mozilla/5.0 (Windows NT 10.0; Win64; x64) AppleWebKit/537.36 (KHTML, like Gecko) Chrome/78.0.3904.108 Safari/537.36"
188.166.234.134 - - [22/Nov/2024:15:37:44 -0800] "POST //xmlrpc.php HTTP/1.0" 200 401 "-" "Mozilla/5.0 (Windows NT 10.0; Win64; x64) AppleWebKit/537.36 (KHTML, like Gecko) Chrome/78.0.3904.108 Safari/537.36"
188.166.234.134 - - [22/Nov/2024:15:37:45 -0800] "POST //xmlrpc.php HTTP/1.0" 200 401 "-" "Mozilla/5.0 (Windows NT 10.0; Win64; x64) AppleWebKit/537.36 (KHTML, like Gecko) Chrome/78.0.3904.108 Safari/537.36"
209.182.200.39 - - [22/Nov/2024:15:40:00 -0800] "POST /wp-cron.php?doing_wp_cron=1732318800.1465859413146972656250 HTTP/1.0" 200 - "-" "WordPress/6.7.1; https://adsgivesales.click"
