3.14.10.38 - - [22/Nov/2024:08:02:50 -0800] "GET //adsthrowsales.click/wp-content/plugins/directorypress/assets/lib/lity/js/lity.min.js HTTP/1.0" 301 - "-" "Mozilla/5.0 (Linux; U; Android 1.1; en-gb; dream) AppleWebKit/525.10  (KHTML, like Gecko) Version/3.0.4 Mobile Safari/523.12.2"
3.14.10.38 - - [22/Nov/2024:08:02:50 -0800] "GET //adsthrowsales.click/wp-content/plugins/directorypress/assets/js/directorypress-terms.js HTTP/1.0" 301 - "-" "Mozilla/5.0 (Macintosh; Intel Mac OS X 10_15_7) AppleWebKit/537.36 (KHTML, like Gecko) Chrome/98.0.4758.102 Safari/537.36"
3.14.10.38 - - [22/Nov/2024:08:02:50 -0800] "GET //adsthrowsales.click/wp-content/plugins/elementor/assets/js/frontend-modules.min.js HTTP/1.0" 301 - "-" "Mozilla/5.0 (X11; Linux x86_64) AppleWebKit/537.36 (KHTML, like Gecko) Chrome/101.0.4951.41 Safari/537.36"
209.182.200.39 - - [22/Nov/2024:08:03:26 -0800] "POST /wp-cron.php?doing_wp_cron=1732291406.4677200317382812500000 HTTP/1.0" 200 - "-" "WordPress/6.7.1; https://adsthrowsales.click"
3.14.10.38 - - [22/Nov/2024:08:02:50 -0800] "GET //adsthrowsales.click/wp-content/plugins/elementor/assets/js/frontend.min.js HTTP/1.0" 301 - "-" "Mozilla/5.0 (X11; U; Linux x86_64; en-US) AppleWebKit/534.7 (KHTML, like Gecko) Chrome/7.0.514.0 Safari/534.7"
3.14.10.38 - - [22/Nov/2024:08:02:51 -0800] "GET //adsthrowsales.click/wp-content/plugins/elkit/assets/js/parallax-frontend-scripts.js HTTP/1.0" 301 - "-" "P3P Validator"
3.14.10.38 - - [22/Nov/2024:08:02:51 -0800] "GET //adsthrowsales.click/wp-content/plugins/form-builder-wp/assets/js/jquery.blockUI.min.js HTTP/1.0" 301 - "-" "Mozilla/5.0 (X11; U; Linux x86_64; en-us) AppleWebKit/537.36 (KHTML, like Gecko)  Chrome/30.0.1599.114 Safari/537.36 Puffin/4.8.0.2965AT"
209.182.200.39 - - [22/Nov/2024:08:45:20 -0800] "POST /wp-cron.php?doing_wp_cron=1732293920.5712521076202392578125 HTTP/1.0" 200 - "-" "WordPress/6.7.1; https://adsthrowsales.click"
34.56.118.212 - - [22/Nov/2024:08:45:16 -0800] "GET / HTTP/1.0" 301 - "-" "Mozilla/5.0 (Windows NT 10.0; Win64; x64) AppleWebKit/537.36 (KHTML, like Gecko) Chrome/78.0.3904.108 Safari/537.36"
194.169.175.180 - - [22/Nov/2024:08:45:57 -0800] "GET /.env HTTP/1.0" 406 300 "-" "Mozilla/5.0 (Linux; U; Android 4.4.2; en-US; HM NOTE 1W Build/KOT49H) AppleWebKit/534.30 (KHTML, like Gecko) Version/4.0 UCBrowser/11.0.5.850 U3/0.8.0 Mobile Safari/534.30"
209.182.200.39 - - [22/Nov/2024:08:45:59 -0800] "POST /wp-cron.php?doing_wp_cron=1732293959.3650801181793212890625 HTTP/1.0" 200 - "-" "WordPress/6.7.1; https://adsthrowsales.click"
194.169.175.180 - - [22/Nov/2024:08:45:57 -0800] "POST / HTTP/1.0" 200 375703 "-" "Mozilla/5.0 (Linux; U; Android 4.4.2; en-US; HM NOTE 1W Build/KOT49H) AppleWebKit/534.30 (KHTML, like Gecko) Version/4.0 UCBrowser/11.0.5.850 U3/0.8.0 Mobile Safari/534.30"
194.169.175.180 - - [22/Nov/2024:08:46:01 -0800] "POST / HTTP/1.0" 200 376281 "-" "python-requests/2.32.3"
194.169.175.180 - - [22/Nov/2024:08:46:04 -0800] "GET /?%3Cplay%3Ewithme%3C/%3E HTTP/1.0" 301 - "-" "python-requests/2.32.3"
194.169.175.180 - - [22/Nov/2024:08:46:06 -0800] "POST / HTTP/1.0" 200 376215 "-" "python-requests/2.32.3"
51.222.253.9 - - [22/Nov/2024:09:04:27 -0800] "GET /robots.txt HTTP/1.0" 200 30 "-" "Mozilla/5.0 (compatible; AhrefsBot/7.0; +http://ahrefs.com/robot/)"
164.92.244.132 - - [22/Nov/2024:09:16:59 -0800] "GET / HTTP/1.0" 406 300 "-" "-"
209.182.200.39 - - [22/Nov/2024:09:17:01 -0800] "POST /wp-cron.php?doing_wp_cron=1732295821.8251230716705322265625 HTTP/1.0" 200 - "-" "WordPress/6.7.1; https://adsthrowsales.click"
164.92.244.132 - - [22/Nov/2024:09:16:59 -0800] "GET / HTTP/1.0" 301 - "-" "Mozilla/5.0 (Linux; Android 6.0; HTC One M9 Build/MRA421096) AppleWebKit/537.36 (KHTML, like Gecko) Chrome/52.0.3518.98 Mobile Safari/537.3"
209.182.200.39 - - [22/Nov/2024:09:31:26 -0800] "POST /wp-cron.php?doing_wp_cron=1732296685.8264920711517333984375 HTTP/1.0" 200 - "-" "WordPress/6.7.1; https://adsthrowsales.click"
193.233.16.52 - - [22/Nov/2024:09:31:24 -0800] "GET / HTTP/1.0" 301 - "-" "Mozilla/5.0 (Windows NT 10.0; rv:45.0) Gecko/20100101 Firefox/45.0"
193.233.16.52 - - [22/Nov/2024:09:31:27 -0800] "GET / HTTP/1.0" 200 376548 "-" "Mozilla/5.0 (Windows NT 10.0; rv:45.0) Gecko/20100101 Firefox/45.0"
193.233.16.52 - - [22/Nov/2024:09:31:44 -0800] "POST /wp-json/hc/v1/themehunk-import HTTP/1.0" 404 114 "https://adsthrowsales.click/" "Mozilla/5.0 (Windows NT 10.0; rv:45.0) Gecko/20100101 Firefox/45.0"
193.233.16.52 - - [22/Nov/2024:09:31:46 -0800] "POST /wp-json/hc/v1/themehunk-import HTTP/1.0" 404 114 "https://adsthrowsales.click/wp-json/hc/v1/themehunk-import" "Mozilla/5.0 (Windows NT 10.0; rv:45.0) Gecko/20100101 Firefox/45.0"
209.182.200.39 - - [22/Nov/2024:09:31:53 -0800] "POST /wp-cron.php?doing_wp_cron=1732296713.4180159568786621093750 HTTP/1.0" 200 - "-" "WordPress/6.7.1; https://adsthrowsales.click"
193.233.16.52 - - [22/Nov/2024:09:31:52 -0800] "POST /?rest_route=/wqc/v1/query HTTP/1.0" 404 114 "https://adsthrowsales.click/wp-json/hc/v1/themehunk-import" "Mozilla/5.0 (Windows NT 10.0; rv:45.0) Gecko/20100101 Firefox/45.0"
193.233.16.52 - - [22/Nov/2024:09:31:54 -0800] "GET /15a2794ca9bf.php HTTP/1.0" 404 279191 "https://adsthrowsales.click/?rest_route=/wqc/v1/query" "Mozilla/5.0 (Windows NT 10.0; rv:45.0) Gecko/20100101 Firefox/45.0"
51.222.253.12 - - [22/Nov/2024:09:45:11 -0800] "GET /robots.txt HTTP/1.0" 200 30 "-" "Mozilla/5.0 (compatible; AhrefsBot/7.0; +http://ahrefs.com/robot/)"
43.159.128.247 - - [22/Nov/2024:09:53:54 -0800] "GET / HTTP/1.0" 301 - "-" "Mozilla/5.0 (iPhone; CPU iPhone OS 13_2_3 like Mac OS X) AppleWebKit/605.1.15 (KHTML, like Gecko) Version/13.0.3 Mobile/15E148 Safari/604.1"
209.182.200.39 - - [22/Nov/2024:09:54:18 -0800] "POST /wp-cron.php?doing_wp_cron=1732298036.7139239311218261718750 HTTP/1.0" 200 - "-" "WordPress/6.7.1; https://adsthrowsales.click"
43.159.128.247 - - [22/Nov/2024:09:54:19 -0800] "GET / HTTP/1.0" 200 376005 "http://adsthrowsales.click" "Mozilla/5.0 (iPhone; CPU iPhone OS 13_2_3 like Mac OS X) AppleWebKit/605.1.15 (KHTML, like Gecko) Version/13.0.3 Mobile/15E148 Safari/604.1"
151.106.12.246 - - [22/Nov/2024:10:12:03 -0800] "GET / HTTP/1.0" 301 - "http://adsthrowsales.click/" "Mozilla/5.0 (Windows NT 10.0; Win64; x64) AppleWebKit/537.36 (KHTML, like Gecko) Chrome/125.0.0.0 Safari/537.36"
209.182.200.39 - - [22/Nov/2024:10:12:08 -0800] "POST /wp-cron.php?doing_wp_cron=1732299126.1362450122833251953125 HTTP/1.0" 200 - "-" "WordPress/6.7.1; https://adsthrowsales.click"
151.106.12.246 - - [22/Nov/2024:10:12:08 -0800] "GET / HTTP/1.0" 200 376571 "https://adsthrowsales.click/" "Mozilla/5.0 (Windows NT 10.0; Win64; x64) AppleWebKit/537.36 (KHTML, like Gecko) Chrome/125.0.0.0 Safari/537.36"
151.106.12.246 - - [22/Nov/2024:10:12:12 -0800] "GET /contact-2/ HTTP/1.0" 200 306658 "https://adsthrowsales.click/contact-2/" "Mozilla/5.0 (Windows NT 10.0; Win64; x64) AppleWebKit/537.36 (KHTML, like Gecko) Chrome/125.0.0.0 Safari/537.36"
151.106.12.246 - - [22/Nov/2024:10:12:15 -0800] "POST /wp-admin/admin-ajax.php HTTP/1.0" 400 1 "https://adsthrowsales.click/contact-2/" "Mozilla/5.0 (Windows NT 10.0; Win64; x64) AppleWebKit/537.36 (KHTML, like Gecko) Chrome/125.0.0.0 Safari/537.36"
209.182.200.39 - - [22/Nov/2024:10:16:10 -0800] "POST /wp-cron.php?doing_wp_cron=1732299369.9718160629272460937500 HTTP/1.0" 200 - "-" "WordPress/6.7.1; https://adsthrowsales.click"
51.222.253.4 - - [22/Nov/2024:10:16:07 -0800] "GET /product/financial-services/ HTTP/1.0" 200 298084 "-" "Mozilla/5.0 (compatible; AhrefsBot/7.0; +http://ahrefs.com/robot/)"
165.22.62.110 - - [22/Nov/2024:14:23:48 -0800] "GET /sftp-config.json HTTP/1.0" 406 300 "-" "Mozilla/5.0 (Macintosh; Intel Mac OS X 10.15; rv:77.0) Gecko/20100101 Firefox/77.0"
209.182.200.39 - - [22/Nov/2024:14:23:51 -0800] "POST /wp-cron.php?doing_wp_cron=1732314231.1303040981292724609375 HTTP/1.0" 200 - "-" "WordPress/6.7.1; https://adsthrowsales.click"
165.22.62.110 - - [22/Nov/2024:14:23:49 -0800] "GET /.vscode/sftp.json HTTP/1.0" 404 278884 "-" "Mozilla/5.0 (Macintosh; Intel Mac OS X 10.15; rv:77.0) Gecko/20100101 Firefox/77.0"
165.22.62.110 - - [22/Nov/2024:14:23:52 -0800] "GET /.vscode/ftp-sync.json HTTP/1.0" 404 278888 "-" "Mozilla/5.0 (Macintosh; Intel Mac OS X 10.15; rv:77.0) Gecko/20100101 Firefox/77.0"
165.22.62.110 - - [22/Nov/2024:14:23:54 -0800] "GET /.ftpconfig HTTP/1.0" 404 278877 "-" "Mozilla/5.0 (Macintosh; Intel Mac OS X 10.15; rv:77.0) Gecko/20100101 Firefox/77.0"
165.22.62.110 - - [22/Nov/2024:14:23:57 -0800] "GET /ftpsync.settings HTTP/1.0" 404 278883 "-" "Mozilla/5.0 (Macintosh; Intel Mac OS X 10.15; rv:77.0) Gecko/20100101 Firefox/77.0"
165.22.62.110 - - [22/Nov/2024:14:23:59 -0800] "GET /ftp-sync.json HTTP/1.0" 404 278880 "-" "Mozilla/5.0 (Macintosh; Intel Mac OS X 10.15; rv:77.0) Gecko/20100101 Firefox/77.0"
165.22.62.110 - - [22/Nov/2024:14:24:02 -0800] "GET /.ftp-sync.json HTTP/1.0" 404 278881 "-" "Mozilla/5.0 (Macintosh; Intel Mac OS X 10.15; rv:77.0) Gecko/20100101 Firefox/77.0"
52.195.210.12 - - [22/Nov/2024:14:24:18 -0800] "GET /wp-login.php HTTP/1.0" 302 - "-" "Mozilla/5.0"
52.195.210.12 - - [22/Nov/2024:14:24:20 -0800] "GET /wp-login.php HTTP/1.0" 200 8884 "-" "Mozilla/5.0"
52.195.210.12 - - [22/Nov/2024:14:24:21 -0800] "GET /?author=1 HTTP/1.0" 301 - "-" "Mozilla/5.0"
52.195.210.12 - - [22/Nov/2024:14:24:23 -0800] "GET /?author=2 HTTP/1.0" 200 279566 "-" "Mozilla/5.0"
209.182.200.39 - - [22/Nov/2024:14:24:26 -0800] "POST /wp-cron.php?doing_wp_cron=1732314266.6170189380645751953125 HTTP/1.0" 200 - "-" "WordPress/6.7.1; https://adsthrowsales.click"
52.195.210.12 - - [22/Nov/2024:14:24:25 -0800] "GET /?author=3 HTTP/1.0" 200 279560 "-" "Mozilla/5.0"
52.195.210.12 - - [22/Nov/2024:14:24:27 -0800] "GET /?author=4 HTTP/1.0" 200 279656 "-" "Mozilla/5.0"
52.195.210.12 - - [22/Nov/2024:14:24:29 -0800] "GET /?author=5 HTTP/1.0" 301 - "-" "Mozilla/5.0"
52.195.210.12 - - [22/Nov/2024:14:24:30 -0800] "GET /?author=6 HTTP/1.0" 404 279184 "-" "Mozilla/5.0"
209.182.200.39 - - [22/Nov/2024:15:36:40 -0800] "POST /wp-cron.php?doing_wp_cron=1732318600.2119948863983154296875 HTTP/1.0" 200 - "-" "WordPress/6.7.1; https://adsthrowsales.click"
188.166.234.134 - - [22/Nov/2024:15:36:38 -0800] "GET / HTTP/1.0" 301 - "-" "Mozilla/5.0 (Windows NT 10.0; Win64; x64) AppleWebKit/537.36 (KHTML, like Gecko) Chrome/78.0.3904.108 Safari/537.36"
188.166.234.134 - - [22/Nov/2024:15:36:41 -0800] "GET / HTTP/1.0" 200 376656 "-" "Mozilla/5.0 (Windows NT 10.0; Win64; x64) AppleWebKit/537.36 (KHTML, like Gecko) Chrome/78.0.3904.108 Safari/537.36"
209.182.200.39 - - [22/Nov/2024:15:36:53 -0800] "POST /wp-cron.php?doing_wp_cron=1732318613.5410609245300292968750 HTTP/1.0" 200 - "-" "WordPress/6.7.1; https://adsthrowsales.click"
188.166.234.134 - - [22/Nov/2024:15:36:46 -0800] "GET //wp-includes/wlwmanifest.xml HTTP/1.0" 301 - "-" "Mozilla/5.0 (Windows NT 10.0; Win64; x64) AppleWebKit/537.36 (KHTML, like Gecko) Chrome/78.0.3904.108 Safari/537.36"
188.166.234.134 - - [22/Nov/2024:15:36:54 -0800] "GET //xmlrpc.php?rsd HTTP/1.0" 200 828 "-" "Mozilla/5.0 (Windows NT 10.0; Win64; x64) AppleWebKit/537.36 (KHTML, like Gecko) Chrome/78.0.3904.108 Safari/537.36"
188.166.234.134 - - [22/Nov/2024:15:37:02 -0800] "GET //?author=1 HTTP/1.0" 301 - "-" "Mozilla/5.0 (Windows NT 10.0; Win64; x64) AppleWebKit/537.36 (KHTML, like Gecko) Chrome/78.0.3904.108 Safari/537.36"
188.166.234.134 - - [22/Nov/2024:15:37:08 -0800] "GET //?author=2 HTTP/1.0" 301 - "-" "Mozilla/5.0 (Windows NT 10.0; Win64; x64) AppleWebKit/537.36 (KHTML, like Gecko) Chrome/78.0.3904.108 Safari/537.36"
188.166.234.134 - - [22/Nov/2024:15:37:16 -0800] "GET //wp-json/wp/v2/users/ HTTP/1.0" 200 1318 "-" "Mozilla/5.0 (Windows NT 10.0; Win64; x64) AppleWebKit/537.36 (KHTML, like Gecko) Chrome/78.0.3904.108 Safari/537.36"
209.182.200.39 - - [22/Nov/2024:15:37:31 -0800] "POST /wp-cron.php?doing_wp_cron=1732318651.3324990272521972656250 HTTP/1.0" 200 - "-" "WordPress/6.7.1; https://adsthrowsales.click"
188.166.234.134 - - [22/Nov/2024:15:37:24 -0800] "POST //xmlrpc.php HTTP/1.0" 200 403 "-" "Mozilla/5.0 (Windows NT 10.0; Win64; x64) AppleWebKit/537.36 (KHTML, like Gecko) Chrome/78.0.3904.108 Safari/537.36"
188.166.234.134 - - [22/Nov/2024:15:37:31 -0800] "POST //xmlrpc.php HTTP/1.0" 503 282 "-" "Mozilla/5.0 (Windows NT 10.0; Win64; x64) AppleWebKit/537.36 (KHTML, like Gecko) Chrome/78.0.3904.108 Safari/537.36"
209.182.200.39 - - [22/Nov/2024:15:48:21 -0800] "POST /wp-cron.php?doing_wp_cron=1732319301.7441558837890625000000 HTTP/1.0" 200 - "-" "WordPress/6.7.1; https://adsthrowsales.click"
45.148.10.206 - - [22/Nov/2024:15:48:19 -0800] "GET /.git/config HTTP/1.0" 404 279186 "-" "Mozilla/5.0 (Macintosh; Intel Mac OS X 10_15_7) AppleWebKit/605.1.15 (KHTML, like Gecko) Version/17.5 Safari/605.8.24"
209.182.200.39 - - [22/Nov/2024:16:37:16 -0800] "POST /wp-cron.php?doing_wp_cron=1732322236.3594880104064941406250 HTTP/1.0" 200 - "-" "WordPress/6.7.1; https://adsthrowsales.click"
117.181.203.136 - - [22/Nov/2024:16:37:14 -0800] "GET / HTTP/1.0" 200 376550 "https://adsthrowsales.click/" "Mozilla/5.0 (Windows NT 6.1; WOW64) AppleWebKit/537.36 (KHTML, like Gecko) Chrome/50.0.2661.102 Safari/537.36"
209.182.200.39 - - [22/Nov/2024:16:37:27 -0800] "POST /wp-cron.php?doing_wp_cron=1732322247.0283069610595703125000 HTTP/1.0" 200 - "-" "WordPress/6.7.1; https://adsthrowsales.click"
52.167.144.213 - - [22/Nov/2024:16:37:25 -0800] "GET / HTTP/1.0" 200 376605 "-" "Mozilla/5.0 AppleWebKit/537.36 (KHTML, like Gecko; compatible; bingbot/2.0; +http://www.bing.com/bingbot.htm) Chrome/116.0.1938.76 Safari/537.36"
40.77.167.241 - - [22/Nov/2024:16:38:17 -0800] "GET /wp-content/plugins/directorypress-frontend-messages/public/js/directorypress-frontend-messages-public.js HTTP/1.0" 200 838 "-" "Mozilla/5.0 AppleWebKit/537.36 (KHTML, like Gecko; compatible; bingbot/2.0; +http://www.bing.com/bingbot.htm) Chrome/116.0.1938.76 Safari/537.36"
40.77.167.241 - - [22/Nov/2024:16:38:17 -0800] "GET /wp-content/plugins/directorypress-frontend/assets/js/chart.min.js HTTP/1.0" 200 199561 "-" "Mozilla/5.0 AppleWebKit/537.36 (KHTML, like Gecko; compatible; bingbot/2.0; +http://www.bing.com/bingbot.htm) Chrome/116.0.1938.76 Safari/537.36"
40.77.167.241 - - [22/Nov/2024:16:38:18 -0800] "GET /wp-content/plugins/directorypress/assets/js/contact-form.js HTTP/1.0" 200 2384 "-" "Mozilla/5.0 AppleWebKit/537.36 (KHTML, like Gecko; compatible; bingbot/2.0; +http://www.bing.com/bingbot.htm) Chrome/116.0.1938.76 Safari/537.36"
40.77.167.241 - - [22/Nov/2024:16:38:18 -0800] "GET /wp-content/plugins/directorypress-frontend/assets/js/directorypress-frontend-public.js HTTP/1.0" 200 4600 "-" "Mozilla/5.0 AppleWebKit/537.36 (KHTML, like Gecko; compatible; bingbot/2.0; +http://www.bing.com/bingbot.htm) Chrome/116.0.1938.76 Safari/537.36"
40.77.167.241 - - [22/Nov/2024:16:38:18 -0800] "GET /wp-content/plugins/directorypress/assets/js/directorypress-public.js HTTP/1.0" 200 155256 "-" "Mozilla/5.0 AppleWebKit/537.36 (KHTML, like Gecko; compatible; bingbot/2.0; +http://www.bing.com/bingbot.htm) Chrome/116.0.1938.76 Safari/537.36"
40.77.167.241 - - [22/Nov/2024:16:38:18 -0800] "GET /wp-content/plugins/directorypress/assets/lib/lightbox/js/lightbox.min.js HTTP/1.0" 200 9372 "-" "Mozilla/5.0 AppleWebKit/537.36 (KHTML, like Gecko; compatible; bingbot/2.0; +http://www.bing.com/bingbot.htm) Chrome/116.0.1938.76 Safari/537.36"
40.77.167.241 - - [22/Nov/2024:16:38:18 -0800] "GET /wp-content/plugins/directorypress/assets/lib/lity/js/lity.min.js HTTP/1.0" 200 6630 "-" "Mozilla/5.0 AppleWebKit/537.36 (KHTML, like Gecko; compatible; bingbot/2.0; +http://www.bing.com/bingbot.htm) Chrome/116.0.1938.76 Safari/537.36"
40.77.167.241 - - [22/Nov/2024:16:38:19 -0800] "GET /wp-content/plugins/directorypress/assets/lib/select2/js/select2-triger.js HTTP/1.0" 200 189 "-" "Mozilla/5.0 AppleWebKit/537.36 (KHTML, like Gecko; compatible; bingbot/2.0; +http://www.bing.com/bingbot.htm) Chrome/116.0.1938.76 Safari/537.36"
40.77.167.241 - - [22/Nov/2024:16:38:19 -0800] "GET /wp-content/plugins/directorypress/assets/lib/slick-carousel/js/slick-triger.min.js HTTP/1.0" 200 4482 "-" "Mozilla/5.0 AppleWebKit/537.36 (KHTML, like Gecko; compatible; bingbot/2.0; +http://www.bing.com/bingbot.htm) Chrome/116.0.1938.76 Safari/537.36"
40.77.167.241 - - [22/Nov/2024:16:38:19 -0800] "GET /wp-content/plugins/elementor-pro/assets/js/frontend.min.js HTTP/1.0" 200 20713 "-" "Mozilla/5.0 AppleWebKit/537.36 (KHTML, like Gecko; compatible; bingbot/2.0; +http://www.bing.com/bingbot.htm) Chrome/116.0.1938.76 Safari/537.36"
40.77.167.241 - - [22/Nov/2024:16:38:19 -0800] "GET /wp-content/plugins/elementor-pro/assets/js/webpack-pro.runtime.min.js HTTP/1.0" 200 5125 "-" "Mozilla/5.0 AppleWebKit/537.36 (KHTML, like Gecko; compatible; bingbot/2.0; +http://www.bing.com/bingbot.htm) Chrome/116.0.1938.76 Safari/537.36"
40.77.167.241 - - [22/Nov/2024:16:38:20 -0800] "GET /wp-content/plugins/elementor/assets/js/webpack.runtime.min.js HTTP/1.0" 200 5252 "-" "Mozilla/5.0 AppleWebKit/537.36 (KHTML, like Gecko; compatible; bingbot/2.0; +http://www.bing.com/bingbot.htm) Chrome/116.0.1938.76 Safari/537.36"
40.77.167.241 - - [22/Nov/2024:16:38:21 -0800] "GET /wp-content/plugins/elkit/assets/js/parallax-admin-scripts.js HTTP/1.0" 200 7465 "-" "Mozilla/5.0 AppleWebKit/537.36 (KHTML, like Gecko; compatible; bingbot/2.0; +http://www.bing.com/bingbot.htm) Chrome/116.0.1938.76 Safari/537.36"
40.77.167.241 - - [22/Nov/2024:16:38:21 -0800] "GET /wp-content/plugins/form-builder-wp/assets/js/js.cookie.min.js HTTP/1.0" 200 1846 "-" "Mozilla/5.0 AppleWebKit/537.36 (KHTML, like Gecko; compatible; bingbot/2.0; +http://www.bing.com/bingbot.htm) Chrome/116.0.1938.76 Safari/537.36"
40.77.167.241 - - [22/Nov/2024:16:38:21 -0800] "GET /wp-content/plugins/header-footer-builder/assets/public/js/menu.js HTTP/1.0" 200 8154 "-" "Mozilla/5.0 AppleWebKit/537.36 (KHTML, like Gecko; compatible; bingbot/2.0; +http://www.bing.com/bingbot.htm) Chrome/116.0.1938.76 Safari/537.36"
40.77.167.241 - - [22/Nov/2024:16:38:22 -0800] "GET /wp-content/plugins/revslider/public/assets/js/rs6.min.js HTTP/1.0" 200 414606 "-" "Mozilla/5.0 AppleWebKit/537.36 (KHTML, like Gecko; compatible; bingbot/2.0; +http://www.bing.com/bingbot.htm) Chrome/116.0.1938.76 Safari/537.36"
40.77.167.241 - - [22/Nov/2024:16:38:22 -0800] "GET /wp-content/themes/classiadspro/includes/assets/js/social-icon-widget.js HTTP/1.0" 200 665 "-" "Mozilla/5.0 AppleWebKit/537.36 (KHTML, like Gecko; compatible; bingbot/2.0; +http://www.bing.com/bingbot.htm) Chrome/116.0.1938.76 Safari/537.36"
40.77.167.241 - - [22/Nov/2024:16:38:23 -0800] "GET /wp-content/themes/classiadspro/includes/plugins-config/woocommerce-quantity-increment/assets/js/lib/number-polyfill.min.js HTTP/1.0" 200 8808 "-" "Mozilla/5.0 AppleWebKit/537.36 (KHTML, like Gecko; compatible; bingbot/2.0; +http://www.bing.com/bingbot.htm) Chrome/116.0.1938.76 Safari/537.36"
40.77.167.241 - - [22/Nov/2024:16:38:23 -0800] "GET /wp-content/plugins/woocommerce/assets/js/sourcebuster/sourcebuster.min.js HTTP/1.0" 200 15315 "-" "Mozilla/5.0 AppleWebKit/537.36 (KHTML, like Gecko; compatible; bingbot/2.0; +http://www.bing.com/bingbot.htm) Chrome/116.0.1938.76 Safari/537.36"
40.77.167.241 - - [22/Nov/2024:16:38:23 -0800] "GET /wp-includes/js/comment-reply.min.js HTTP/1.0" 200 3026 "-" "Mozilla/5.0 AppleWebKit/537.36 (KHTML, like Gecko; compatible; bingbot/2.0; +http://www.bing.com/bingbot.htm) Chrome/116.0.1938.76 Safari/537.36"
40.77.167.241 - - [22/Nov/2024:16:38:23 -0800] "GET /wp-includes/js/dist/hooks.min.js HTTP/1.0" 200 4776 "-" "Mozilla/5.0 AppleWebKit/537.36 (KHTML, like Gecko; compatible; bingbot/2.0; +http://www.bing.com/bingbot.htm) Chrome/116.0.1938.76 Safari/537.36"
40.77.167.241 - - [22/Nov/2024:16:38:24 -0800] "GET /wp-includes/js/jquery/ui/dialog.min.js HTTP/1.0" 200 13098 "-" "Mozilla/5.0 AppleWebKit/537.36 (KHTML, like Gecko; compatible; bingbot/2.0; +http://www.bing.com/bingbot.htm) Chrome/116.0.1938.76 Safari/537.36"
40.77.167.241 - - [22/Nov/2024:16:38:24 -0800] "GET /wp-includes/js/jquery/ui/menu.min.js HTTP/1.0" 200 10199 "-" "Mozilla/5.0 AppleWebKit/537.36 (KHTML, like Gecko; compatible; bingbot/2.0; +http://www.bing.com/bingbot.htm) Chrome/116.0.1938.76 Safari/537.36"
40.77.167.241 - - [22/Nov/2024:16:38:24 -0800] "GET /wp-includes/js/jquery/ui/mouse.min.js HTTP/1.0" 200 3428 "-" "Mozilla/5.0 AppleWebKit/537.36 (KHTML, like Gecko; compatible; bingbot/2.0; +http://www.bing.com/bingbot.htm) Chrome/116.0.1938.76 Safari/537.36"
40.77.167.241 - - [22/Nov/2024:16:38:24 -0800] "GET /wp-includes/js/jquery/ui/tabs.min.js HTTP/1.0" 200 12008 "-" "Mozilla/5.0 AppleWebKit/537.36 (KHTML, like Gecko; compatible; bingbot/2.0; +http://www.bing.com/bingbot.htm) Chrome/116.0.1938.76 Safari/537.36"
40.77.167.241 - - [22/Nov/2024:16:38:25 -0800] "GET /wp-includes/js/jquery/ui/slider.min.js HTTP/1.0" 200 10759 "-" "Mozilla/5.0 AppleWebKit/537.36 (KHTML, like Gecko; compatible; bingbot/2.0; +http://www.bing.com/bingbot.htm) Chrome/116.0.1938.76 Safari/537.36"
40.77.167.241 - - [22/Nov/2024:16:38:25 -0800] "GET /wp-includes/js/media-models.min.js HTTP/1.0" 200 13288 "-" "Mozilla/5.0 AppleWebKit/537.36 (KHTML, like Gecko; compatible; bingbot/2.0; +http://www.bing.com/bingbot.htm) Chrome/116.0.1938.76 Safari/537.36"
40.77.167.241 - - [22/Nov/2024:16:38:25 -0800] "GET /wp-includes/js/mediaelement/wp-mediaelement.min.js HTTP/1.0" 200 1107 "-" "Mozilla/5.0 AppleWebKit/537.36 (KHTML, like Gecko; compatible; bingbot/2.0; +http://www.bing.com/bingbot.htm) Chrome/116.0.1938.76 Safari/537.36"
40.77.167.241 - - [22/Nov/2024:16:38:25 -0800] "GET /wp-includes/js/shortcode.min.js HTTP/1.0" 200 2643 "-" "Mozilla/5.0 AppleWebKit/537.36 (KHTML, like Gecko; compatible; bingbot/2.0; +http://www.bing.com/bingbot.htm) Chrome/116.0.1938.76 Safari/537.36"
40.77.167.241 - - [22/Nov/2024:16:38:26 -0800] "GET /wp-includes/js/wp-util.min.js HTTP/1.0" 200 1426 "-" "Mozilla/5.0 AppleWebKit/537.36 (KHTML, like Gecko; compatible; bingbot/2.0; +http://www.bing.com/bingbot.htm) Chrome/116.0.1938.76 Safari/537.36"
207.46.13.157 - - [22/Nov/2024:16:38:46 -0800] "GET /wp-content/plugins/AccessPress_Social_Login/js/frontend.js HTTP/1.0" 200 3624 "-" "Mozilla/5.0 AppleWebKit/537.36 (KHTML, like Gecko; compatible; bingbot/2.0; +http://www.bing.com/bingbot.htm) Chrome/116.0.1938.76 Safari/537.36"
207.46.13.157 - - [22/Nov/2024:16:38:47 -0800] "GET /wp-content/plugins/directorypress-claim-listing/assets/js/scripts.js HTTP/1.0" 200 4498 "-" "Mozilla/5.0 AppleWebKit/537.36 (KHTML, like Gecko; compatible; bingbot/2.0; +http://www.bing.com/bingbot.htm) Chrome/116.0.1938.76 Safari/537.36"
207.46.13.157 - - [22/Nov/2024:16:38:47 -0800] "GET /wp-content/plugins/designinvento-elementor-widgets/assets/js/frontend.js HTTP/1.0" 200 24619 "-" "Mozilla/5.0 AppleWebKit/537.36 (KHTML, like Gecko; compatible; bingbot/2.0; +http://www.bing.com/bingbot.htm) Chrome/116.0.1938.76 Safari/537.36"
207.46.13.157 - - [22/Nov/2024:16:38:47 -0800] "GET /wp-content/plugins/directorypress-frontend/assets/js/directorypress-frontend-listing.js HTTP/1.0" 200 15411 "-" "Mozilla/5.0 AppleWebKit/537.36 (KHTML, like Gecko; compatible; bingbot/2.0; +http://www.bing.com/bingbot.htm) Chrome/116.0.1938.76 Safari/537.36"
207.46.13.157 - - [22/Nov/2024:16:38:47 -0800] "GET /wp-content/plugins/directorypress/reviews/js/jquery.raty.js HTTP/1.0" 200 19383 "-" "Mozilla/5.0 AppleWebKit/537.36 (KHTML, like Gecko; compatible; bingbot/2.0; +http://www.bing.com/bingbot.htm) Chrome/116.0.1938.76 Safari/537.36"
207.46.13.157 - - [22/Nov/2024:16:38:48 -0800] "GET /wp-content/plugins/form-builder-wp/assets/js/jquery.blockUI.min.js HTTP/1.0" 200 9566 "-" "Mozilla/5.0 AppleWebKit/537.36 (KHTML, like Gecko; compatible; bingbot/2.0; +http://www.bing.com/bingbot.htm) Chrome/116.0.1938.76 Safari/537.36"
207.46.13.157 - - [22/Nov/2024:16:38:48 -0800] "GET /wp-content/plugins/woocommerce/assets/js/frontend/add-to-cart.min.js HTTP/1.0" 200 3997 "-" "Mozilla/5.0 AppleWebKit/537.36 (KHTML, like Gecko; compatible; bingbot/2.0; +http://www.bing.com/bingbot.htm) Chrome/116.0.1938.76 Safari/537.36"
207.46.13.157 - - [22/Nov/2024:16:38:48 -0800] "GET /wp-content/themes/classiadspro/js/plugins.min.js HTTP/1.0" 200 107612 "-" "Mozilla/5.0 AppleWebKit/537.36 (KHTML, like Gecko; compatible; bingbot/2.0; +http://www.bing.com/bingbot.htm) Chrome/116.0.1938.76 Safari/537.36"
207.46.13.157 - - [22/Nov/2024:16:38:48 -0800] "GET /wp-content/themes/classiadspro/js/select2.min.js HTTP/1.0" 200 66179 "-" "Mozilla/5.0 AppleWebKit/537.36 (KHTML, like Gecko; compatible; bingbot/2.0; +http://www.bing.com/bingbot.htm) Chrome/116.0.1938.76 Safari/537.36"
207.46.13.157 - - [22/Nov/2024:16:38:49 -0800] "GET /wp-content/themes/classiadspro/js/slick.min.js HTTP/1.0" 200 42863 "-" "Mozilla/5.0 AppleWebKit/537.36 (KHTML, like Gecko; compatible; bingbot/2.0; +http://www.bing.com/bingbot.htm) Chrome/116.0.1938.76 Safari/537.36"
207.46.13.157 - - [22/Nov/2024:16:38:49 -0800] "GET /wp-content/themes/classiadspro/js/triger.min.js HTTP/1.0" 200 2385 "-" "Mozilla/5.0 AppleWebKit/537.36 (KHTML, like Gecko; compatible; bingbot/2.0; +http://www.bing.com/bingbot.htm) Chrome/116.0.1938.76 Safari/537.36"
207.46.13.157 - - [22/Nov/2024:16:38:49 -0800] "GET /wp-includes/js/api-request.min.js HTTP/1.0" 200 1023 "-" "Mozilla/5.0 AppleWebKit/537.36 (KHTML, like Gecko; compatible; bingbot/2.0; +http://www.bing.com/bingbot.htm) Chrome/116.0.1938.76 Safari/537.36"
207.46.13.157 - - [22/Nov/2024:16:38:50 -0800] "GET /wp-includes/js/clipboard.min.js HTTP/1.0" 200 9009 "-" "Mozilla/5.0 AppleWebKit/537.36 (KHTML, like Gecko; compatible; bingbot/2.0; +http://www.bing.com/bingbot.htm) Chrome/116.0.1938.76 Safari/537.36"
207.46.13.157 - - [22/Nov/2024:16:38:50 -0800] "GET /wp-includes/js/dist/dom-ready.min.js HTTP/1.0" 200 457 "-" "Mozilla/5.0 AppleWebKit/537.36 (KHTML, like Gecko; compatible; bingbot/2.0; +http://www.bing.com/bingbot.htm) Chrome/116.0.1938.76 Safari/537.36"
207.46.13.157 - - [22/Nov/2024:16:38:50 -0800] "GET /wp-includes/js/dist/i18n.min.js HTTP/1.0" 200 9141 "-" "Mozilla/5.0 AppleWebKit/537.36 (KHTML, like Gecko; compatible; bingbot/2.0; +http://www.bing.com/bingbot.htm) Chrome/116.0.1938.76 Safari/537.36"
207.46.13.157 - - [22/Nov/2024:16:38:50 -0800] "GET /wp-includes/js/jquery/ui/controlgroup.min.js HTTP/1.0" 200 4402 "-" "Mozilla/5.0 AppleWebKit/537.36 (KHTML, like Gecko; compatible; bingbot/2.0; +http://www.bing.com/bingbot.htm) Chrome/116.0.1938.76 Safari/537.36"
207.46.13.157 - - [22/Nov/2024:16:38:50 -0800] "GET /wp-includes/js/jquery/jquery.ui.touch-punch.js HTTP/1.0" 200 1179 "-" "Mozilla/5.0 AppleWebKit/537.36 (KHTML, like Gecko; compatible; bingbot/2.0; +http://www.bing.com/bingbot.htm) Chrome/116.0.1938.76 Safari/537.36"
207.46.13.157 - - [22/Nov/2024:16:38:50 -0800] "GET /wp-includes/js/jquery/ui/checkboxradio.min.js HTTP/1.0" 200 4348 "-" "Mozilla/5.0 AppleWebKit/537.36 (KHTML, like Gecko; compatible; bingbot/2.0; +http://www.bing.com/bingbot.htm) Chrome/116.0.1938.76 Safari/537.36"
207.46.13.157 - - [22/Nov/2024:16:38:51 -0800] "GET /wp-includes/js/imagesloaded.min.js HTTP/1.0" 200 5520 "-" "Mozilla/5.0 AppleWebKit/537.36 (KHTML, like Gecko; compatible; bingbot/2.0; +http://www.bing.com/bingbot.htm) Chrome/116.0.1938.76 Safari/537.36"
207.46.13.157 - - [22/Nov/2024:16:38:51 -0800] "GET /wp-includes/js/jquery/ui/resizable.min.js HTTP/1.0" 200 18824 "-" "Mozilla/5.0 AppleWebKit/537.36 (KHTML, like Gecko; compatible; bingbot/2.0; +http://www.bing.com/bingbot.htm) Chrome/116.0.1938.76 Safari/537.36"
207.46.13.157 - - [22/Nov/2024:16:38:51 -0800] "GET /wp-includes/js/jquery/ui/selectmenu.min.js HTTP/1.0" 200 9502 "-" "Mozilla/5.0 AppleWebKit/537.36 (KHTML, like Gecko; compatible; bingbot/2.0; +http://www.bing.com/bingbot.htm) Chrome/116.0.1938.76 Safari/537.36"
207.46.13.157 - - [22/Nov/2024:16:38:52 -0800] "GET /wp-includes/js/mediaelement/mediaelement-and-player.min.js HTTP/1.0" 200 158005 "-" "Mozilla/5.0 AppleWebKit/537.36 (KHTML, like Gecko; compatible; bingbot/2.0; +http://www.bing.com/bingbot.htm) Chrome/116.0.1938.76 Safari/537.36"
207.46.13.157 - - [22/Nov/2024:16:38:52 -0800] "GET /wp-includes/js/plupload/moxie.min.js HTTP/1.0" 200 87394 "-" "Mozilla/5.0 AppleWebKit/537.36 (KHTML, like Gecko; compatible; bingbot/2.0; +http://www.bing.com/bingbot.htm) Chrome/116.0.1938.76 Safari/537.36"
207.46.13.157 - - [22/Nov/2024:16:38:52 -0800] "GET /wp-includes/js/plupload/wp-plupload.min.js HTTP/1.0" 200 6036 "-" "Mozilla/5.0 AppleWebKit/537.36 (KHTML, like Gecko; compatible; bingbot/2.0; +http://www.bing.com/bingbot.htm) Chrome/116.0.1938.76 Safari/537.36"
207.46.13.157 - - [22/Nov/2024:16:38:53 -0800] "GET /wp-includes/js/underscore.min.js HTTP/1.0" 200 18878 "-" "Mozilla/5.0 AppleWebKit/537.36 (KHTML, like Gecko; compatible; bingbot/2.0; +http://www.bing.com/bingbot.htm) Chrome/116.0.1938.76 Safari/537.36"
52.167.144.193 - - [22/Nov/2024:16:39:12 -0800] "GET /wp-content/plugins/directorypress-frontend/assets/js/directorypress-frontend-profile.js HTTP/1.0" 200 12503 "-" "Mozilla/5.0 AppleWebKit/537.36 (KHTML, like Gecko; compatible; bingbot/2.0; +http://www.bing.com/bingbot.htm) Chrome/116.0.1938.76 Safari/537.36"
52.167.144.193 - - [22/Nov/2024:16:39:12 -0800] "GET /wp-content/plugins/directorypress/assets/js/jquery.cookie.js HTTP/1.0" 200 3121 "-" "Mozilla/5.0 AppleWebKit/537.36 (KHTML, like Gecko; compatible; bingbot/2.0; +http://www.bing.com/bingbot.htm) Chrome/116.0.1938.76 Safari/537.36"
52.167.144.193 - - [22/Nov/2024:16:39:12 -0800] "GET /wp-content/plugins/directorypress/reviews/js/reviews.js HTTP/1.0" 200 1067 "-" "Mozilla/5.0 AppleWebKit/537.36 (KHTML, like Gecko; compatible; bingbot/2.0; +http://www.bing.com/bingbot.htm) Chrome/116.0.1938.76 Safari/537.36"
52.167.144.193 - - [22/Nov/2024:16:39:13 -0800] "GET /wp-content/plugins/elementor-pro/assets/js/preloaded-elements-handlers.min.js HTTP/1.0" 200 132890 "-" "Mozilla/5.0 AppleWebKit/537.36 (KHTML, like Gecko; compatible; bingbot/2.0; +http://www.bing.com/bingbot.htm) Chrome/116.0.1938.76 Safari/537.36"
52.167.144.193 - - [22/Nov/2024:16:39:13 -0800] "GET /wp-content/plugins/elementor/assets/js/frontend.min.js HTTP/1.0" 200 44112 "-" "Mozilla/5.0 AppleWebKit/537.36 (KHTML, like Gecko; compatible; bingbot/2.0; +http://www.bing.com/bingbot.htm) Chrome/116.0.1938.76 Safari/537.36"
52.167.144.193 - - [22/Nov/2024:16:39:13 -0800] "GET /wp-content/plugins/elementor/assets/js/frontend-modules.min.js HTTP/1.0" 200 54824 "-" "Mozilla/5.0 AppleWebKit/537.36 (KHTML, like Gecko; compatible; bingbot/2.0; +http://www.bing.com/bingbot.htm) Chrome/116.0.1938.76 Safari/537.36"
52.167.144.193 - - [22/Nov/2024:16:39:14 -0800] "GET /wp-content/plugins/elkit/assets/js/jarallax.js HTTP/1.0" 200 14759 "-" "Mozilla/5.0 AppleWebKit/537.36 (KHTML, like Gecko; compatible; bingbot/2.0; +http://www.bing.com/bingbot.htm) Chrome/116.0.1938.76 Safari/537.36"
52.167.144.193 - - [22/Nov/2024:16:39:14 -0800] "GET /wp-content/plugins/elkit/assets/js/parallax-frontend-scripts.js HTTP/1.0" 200 90986 "-" "Mozilla/5.0 AppleWebKit/537.36 (KHTML, like Gecko; compatible; bingbot/2.0; +http://www.bing.com/bingbot.htm) Chrome/116.0.1938.76 Safari/537.36"
52.167.144.193 - - [22/Nov/2024:16:39:14 -0800] "GET /wp-content/plugins/revslider/public/assets/js/rbtools.min.js HTTP/1.0" 200 165505 "-" "Mozilla/5.0 AppleWebKit/537.36 (KHTML, like Gecko; compatible; bingbot/2.0; +http://www.bing.com/bingbot.htm) Chrome/116.0.1938.76 Safari/537.36"
52.167.144.193 - - [22/Nov/2024:16:39:15 -0800] "GET /wp-content/plugins/woocommerce/assets/js/frontend/order-attribution.min.js HTTP/1.0" 200 2356 "-" "Mozilla/5.0 AppleWebKit/537.36 (KHTML, like Gecko; compatible; bingbot/2.0; +http://www.bing.com/bingbot.htm) Chrome/116.0.1938.76 Safari/537.36"
52.167.144.193 - - [22/Nov/2024:16:39:15 -0800] "GET /wp-content/plugins/woocommerce/assets/js/frontend/woocommerce.min.js HTTP/1.0" 200 3178 "-" "Mozilla/5.0 AppleWebKit/537.36 (KHTML, like Gecko; compatible; bingbot/2.0; +http://www.bing.com/bingbot.htm) Chrome/116.0.1938.76 Safari/537.36"
52.167.144.193 - - [22/Nov/2024:16:39:15 -0800] "GET /wp-content/themes/classiadspro/js/theme-scripts.js HTTP/1.0" 200 155670 "-" "Mozilla/5.0 AppleWebKit/537.36 (KHTML, like Gecko; compatible; bingbot/2.0; +http://www.bing.com/bingbot.htm) Chrome/116.0.1938.76 Safari/537.36"
52.167.144.193 - - [22/Nov/2024:16:39:15 -0800] "GET /wp-content/themes/classiadspro/includes/plugins-config/woocommerce-quantity-increment/assets/js/wc-quantity-increment.min.js HTTP/1.0" 200 706 "-" "Mozilla/5.0 AppleWebKit/537.36 (KHTML, like Gecko; compatible; bingbot/2.0; +http://www.bing.com/bingbot.htm) Chrome/116.0.1938.76 Safari/537.36"
52.167.144.193 - - [22/Nov/2024:16:39:15 -0800] "GET /wp-includes/js/backbone.min.js HTTP/1.0" 200 24278 "-" "Mozilla/5.0 AppleWebKit/537.36 (KHTML, like Gecko; compatible; bingbot/2.0; +http://www.bing.com/bingbot.htm) Chrome/116.0.1938.76 Safari/537.36"
52.167.144.193 - - [22/Nov/2024:16:39:16 -0800] "GET /wp-includes/js/dist/a11y.min.js HTTP/1.0" 200 2358 "-" "Mozilla/5.0 AppleWebKit/537.36 (KHTML, like Gecko; compatible; bingbot/2.0; +http://www.bing.com/bingbot.htm) Chrome/116.0.1938.76 Safari/537.36"
52.167.144.193 - - [22/Nov/2024:16:39:16 -0800] "GET /wp-includes/js/jquery/jquery.min.js HTTP/1.0" 200 87553 "-" "Mozilla/5.0 AppleWebKit/537.36 (KHTML, like Gecko; compatible; bingbot/2.0; +http://www.bing.com/bingbot.htm) Chrome/116.0.1938.76 Safari/537.36"
52.167.144.193 - - [22/Nov/2024:16:39:16 -0800] "GET /wp-includes/js/jquery/ui/autocomplete.min.js HTTP/1.0" 200 8536 "-" "Mozilla/5.0 AppleWebKit/537.36 (KHTML, like Gecko; compatible; bingbot/2.0; +http://www.bing.com/bingbot.htm) Chrome/116.0.1938.76 Safari/537.36"
52.167.144.193 - - [22/Nov/2024:16:39:16 -0800] "GET /wp-includes/js/jquery/ui/button.min.js HTTP/1.0" 200 6154 "-" "Mozilla/5.0 AppleWebKit/537.36 (KHTML, like Gecko; compatible; bingbot/2.0; +http://www.bing.com/bingbot.htm) Chrome/116.0.1938.76 Safari/537.36"
52.167.144.193 - - [22/Nov/2024:16:39:17 -0800] "GET /wp-includes/js/jquery/ui/core.min.js HTTP/1.0" 200 21464 "-" "Mozilla/5.0 AppleWebKit/537.36 (KHTML, like Gecko; compatible; bingbot/2.0; +http://www.bing.com/bingbot.htm) Chrome/116.0.1938.76 Safari/537.36"
52.167.144.193 - - [22/Nov/2024:16:39:17 -0800] "GET /wp-includes/js/jquery/ui/draggable.min.js HTTP/1.0" 200 18420 "-" "Mozilla/5.0 AppleWebKit/537.36 (KHTML, like Gecko; compatible; bingbot/2.0; +http://www.bing.com/bingbot.htm) Chrome/116.0.1938.76 Safari/537.36"
52.167.144.193 - - [22/Nov/2024:16:39:17 -0800] "GET /wp-includes/js/masonry.min.js HTTP/1.0" 200 24138 "-" "Mozilla/5.0 AppleWebKit/537.36 (KHTML, like Gecko; compatible; bingbot/2.0; +http://www.bing.com/bingbot.htm) Chrome/116.0.1938.76 Safari/537.36"
52.167.144.193 - - [22/Nov/2024:16:39:17 -0800] "GET /wp-includes/js/media-audiovideo.min.js HTTP/1.0" 200 12058 "-" "Mozilla/5.0 AppleWebKit/537.36 (KHTML, like Gecko; compatible; bingbot/2.0; +http://www.bing.com/bingbot.htm) Chrome/116.0.1938.76 Safari/537.36"
52.167.144.193 - - [22/Nov/2024:16:39:18 -0800] "GET /wp-includes/js/media-editor.min.js HTTP/1.0" 200 10885 "-" "Mozilla/5.0 AppleWebKit/537.36 (KHTML, like Gecko; compatible; bingbot/2.0; +http://www.bing.com/bingbot.htm) Chrome/116.0.1938.76 Safari/537.36"
52.167.144.193 - - [22/Nov/2024:16:39:18 -0800] "GET /wp-includes/js/media-views.min.js HTTP/1.0" 200 110617 "-" "Mozilla/5.0 AppleWebKit/537.36 (KHTML, like Gecko; compatible; bingbot/2.0; +http://www.bing.com/bingbot.htm) Chrome/116.0.1938.76 Safari/537.36"
52.167.144.193 - - [22/Nov/2024:16:39:19 -0800] "GET /wp-includes/js/mediaelement/mediaelement-migrate.min.js HTTP/1.0" 200 1191 "-" "Mozilla/5.0 AppleWebKit/537.36 (KHTML, like Gecko; compatible; bingbot/2.0; +http://www.bing.com/bingbot.htm) Chrome/116.0.1938.76 Safari/537.36"
52.167.144.193 - - [22/Nov/2024:16:39:19 -0800] "GET /wp-includes/js/plupload/plupload.min.js HTTP/1.0" 200 15605 "-" "Mozilla/5.0 AppleWebKit/537.36 (KHTML, like Gecko; compatible; bingbot/2.0; +http://www.bing.com/bingbot.htm) Chrome/116.0.1938.76 Safari/537.36"
52.167.144.193 - - [22/Nov/2024:16:39:20 -0800] "GET /wp-includes/js/wp-backbone.min.js HTTP/1.0" 200 3039 "-" "Mozilla/5.0 AppleWebKit/537.36 (KHTML, like Gecko; compatible; bingbot/2.0; +http://www.bing.com/bingbot.htm) Chrome/116.0.1938.76 Safari/537.36"
52.167.144.193 - - [22/Nov/2024:16:39:20 -0800] "GET /wp-includes/js/wp-emoji-release.min.js HTTP/1.0" 200 18726 "-" "Mozilla/5.0 AppleWebKit/537.36 (KHTML, like Gecko; compatible; bingbot/2.0; +http://www.bing.com/bingbot.htm) Chrome/116.0.1938.76 Safari/537.36"
209.182.200.39 - - [22/Nov/2024:17:09:54 -0800] "POST /wp-cron.php?doing_wp_cron=1732324194.1970479488372802734375 HTTP/1.0" 200 - "-" "WordPress/6.7.1; https://adsthrowsales.click"
51.222.253.12 - - [22/Nov/2024:17:09:52 -0800] "GET /product-tag/for-sale/?add-to-cart=2589 HTTP/1.0" 200 293981 "-" "Mozilla/5.0 (compatible; AhrefsBot/7.0; +http://ahrefs.com/robot/)"
209.182.200.39 - - [22/Nov/2024:17:36:04 -0800] "POST /wp-cron.php?doing_wp_cron=1732325764.5049779415130615234375 HTTP/1.0" 200 - "-" "WordPress/6.7.1; https://adsthrowsales.click"
51.222.253.4 - - [22/Nov/2024:17:36:02 -0800] "GET /product/mobile-for-sale/ HTTP/1.0" 200 298000 "-" "Mozilla/5.0 (compatible; AhrefsBot/7.0; +http://ahrefs.com/robot/)"
209.182.200.39 - - [22/Nov/2024:17:53:32 -0800] "POST /wp-cron.php?doing_wp_cron=1732326812.8774409294128417968750 HTTP/1.0" 200 - "-" "WordPress/6.7.1; https://adsthrowsales.click"
170.106.180.139 - - [22/Nov/2024:17:53:31 -0800] "GET / HTTP/1.0" 301 - "-" "Mozilla/5.0 (iPhone; CPU iPhone OS 13_2_3 like Mac OS X) AppleWebKit/605.1.15 (KHTML, like Gecko) Version/13.0.3 Mobile/15E148 Safari/604.1"
170.106.180.139 - - [22/Nov/2024:17:53:34 -0800] "GET / HTTP/1.0" 200 376021 "http://www.adsthrowsales.click" "Mozilla/5.0 (iPhone; CPU iPhone OS 13_2_3 like Mac OS X) AppleWebKit/605.1.15 (KHTML, like Gecko) Version/13.0.3 Mobile/15E148 Safari/604.1"
209.182.200.39 - - [22/Nov/2024:18:03:29 -0800] "POST /wp-cron.php?doing_wp_cron=1732327409.0709140300750732421875 HTTP/1.0" 200 - "-" "WordPress/6.7.1; https://adsthrowsales.click"
54.215.136.137 - - [22/Nov/2024:18:03:27 -0800] "GET / HTTP/1.0" 301 - "-" "Mozilla/5.0 (X11; Linux x86_64) AppleWebKit/537.36 (KHTML, like Gecko) Chrome/51.0.2704.103 Safari/537.36"
54.215.136.137 - - [22/Nov/2024:18:03:29 -0800] "GET / HTTP/1.0" 200 376454 "-" "Mozilla/5.0 (X11; Linux x86_64) AppleWebKit/537.36 (KHTML, like Gecko) Chrome/51.0.2704.103 Safari/537.36"
209.182.200.39 - - [22/Nov/2024:18:15:04 -0800] "POST /wp-cron.php?doing_wp_cron=1732328104.7388129234313964843750 HTTP/1.0" 200 - "-" "WordPress/6.7.1; https://adsthrowsales.click"
103.251.66.247 - - [22/Nov/2024:18:14:50 -0800] "GET / HTTP/1.0" 503 282 "-" "Mozilla/5.0 (Windows NT 10.0; Win64; x64) AppleWebKit/537.36 (KHTML, like Gecko) Chrome/95.0.4638.69 Safari/537.36"
103.251.66.247 - - [22/Nov/2024:18:15:05 -0800] "GET / HTTP/1.0" 301 - "-" "Mozilla/5.0 (Windows NT 10.0; Win64; x64) AppleWebKit/537.36 (KHTML, like Gecko) Chrome/95.0.4638.69 Safari/537.36"
103.251.66.247 - - [22/Nov/2024:18:15:16 -0800] "GET //feed/ HTTP/1.0" 301 - "-" "Mozilla/5.0 (Windows NT 10.0; Win64; x64) AppleWebKit/537.36 (KHTML, like Gecko) Chrome/95.0.4638.69 Safari/537.36"
103.251.66.247 - - [22/Nov/2024:18:15:21 -0800] "GET //xmlrpc.php?rsd HTTP/1.0" 200 828 "-" "Mozilla/5.0 (Windows NT 10.0; Win64; x64) AppleWebKit/537.36 (KHTML, like Gecko) Chrome/95.0.4638.69 Safari/537.36"
209.182.200.39 - - [22/Nov/2024:18:15:31 -0800] "POST /wp-cron.php?doing_wp_cron=1732328131.6441950798034667968750 HTTP/1.0" 200 - "-" "WordPress/6.7.1; https://adsthrowsales.click"
103.251.66.247 - - [22/Nov/2024:18:15:26 -0800] "GET //wp-login.php HTTP/1.0" 200 8884 "-" "Mozilla/5.0 (Windows NT 10.0; Win64; x64) AppleWebKit/537.36 (KHTML, like Gecko) Chrome/95.0.4638.69 Safari/537.36"
103.251.66.247 - - [22/Nov/2024:18:15:32 -0800] "GET //?author=1 HTTP/1.0" 301 - "-" "Mozilla/5.0 (Windows NT 10.0; Win64; x64) AppleWebKit/537.36 (KHTML, like Gecko) Chrome/95.0.4638.69 Safari/537.36"
103.251.66.247 - - [22/Nov/2024:18:15:38 -0800] "GET //?author=2 HTTP/1.0" 301 - "-" "Mozilla/5.0 (Windows NT 10.0; Win64; x64) AppleWebKit/537.36 (KHTML, like Gecko) Chrome/95.0.4638.69 Safari/537.36"
103.251.66.247 - - [22/Nov/2024:18:15:43 -0800] "GET //wp-json/wp/v2/users/ HTTP/1.0" 503 282 "-" "Mozilla/5.0 (Windows NT 10.0; Win64; x64) AppleWebKit/537.36 (KHTML, like Gecko) Chrome/95.0.4638.69 Safari/537.36"
103.251.66.247 - - [22/Nov/2024:18:15:50 -0800] "POST //xmlrpc.php HTTP/1.0" 200 403 "-" "Mozilla/5.0 (Windows NT 10.0; Win64; x64) AppleWebKit/537.36 (KHTML, like Gecko) Chrome/95.0.4638.69 Safari/537.36"
103.251.66.247 - - [22/Nov/2024:18:15:56 -0800] "POST //xmlrpc.php HTTP/1.0" 200 401 "-" "Mozilla/5.0 (Windows NT 10.0; Win64; x64) AppleWebKit/537.36 (KHTML, like Gecko) Chrome/95.0.4638.69 Safari/537.36"
103.251.66.247 - - [22/Nov/2024:18:16:02 -0800] "POST //xmlrpc.php HTTP/1.0" 200 401 "-" "Mozilla/5.0 (Windows NT 10.0; Win64; x64) AppleWebKit/537.36 (KHTML, like Gecko) Chrome/95.0.4638.69 Safari/537.36"
103.251.66.247 - - [22/Nov/2024:18:16:08 -0800] "POST //xmlrpc.php HTTP/1.0" 200 403 "-" "Mozilla/5.0 (Windows NT 10.0; Win64; x64) AppleWebKit/537.36 (KHTML, like Gecko) Chrome/95.0.4638.69 Safari/537.36"
103.251.66.247 - - [22/Nov/2024:18:16:13 -0800] "POST //xmlrpc.php HTTP/1.0" 200 401 "-" "Mozilla/5.0 (Windows NT 10.0; Win64; x64) AppleWebKit/537.36 (KHTML, like Gecko) Chrome/95.0.4638.69 Safari/537.36"
185.27.92.26 - - [22/Nov/2024:18:16:21 -0800] "GET / HTTP/1.0" 503 282 "-" "Mozilla/5.0 (X11; Linux x86_64) AppleWebKit/537.36 (KHTML, like Gecko) Chrome/129.0.0.0 Safari/537.36"
103.251.66.247 - - [22/Nov/2024:18:16:20 -0800] "POST //xmlrpc.php HTTP/1.0" 200 401 "-" "Mozilla/5.0 (Windows NT 10.0; Win64; x64) AppleWebKit/537.36 (KHTML, like Gecko) Chrome/95.0.4638.69 Safari/537.36"
209.182.200.39 - - [22/Nov/2024:18:16:38 -0800] "POST /wp-cron.php?doing_wp_cron=1732328198.0330250263214111328125 HTTP/1.0" 200 - "-" "WordPress/6.7.1; https://adsthrowsales.click"
103.251.66.247 - - [22/Nov/2024:18:16:30 -0800] "POST //xmlrpc.php HTTP/1.0" 200 401 "-" "Mozilla/5.0 (Windows NT 10.0; Win64; x64) AppleWebKit/537.36 (KHTML, like Gecko) Chrome/95.0.4638.69 Safari/537.36"
103.251.66.247 - - [22/Nov/2024:18:16:38 -0800] "POST //xmlrpc.php HTTP/1.0" 200 401 "-" "Mozilla/5.0 (Windows NT 10.0; Win64; x64) AppleWebKit/537.36 (KHTML, like Gecko) Chrome/95.0.4638.69 Safari/537.36"
103.251.66.247 - - [22/Nov/2024:18:16:43 -0800] "POST //xmlrpc.php HTTP/1.0" 200 401 "-" "Mozilla/5.0 (Windows NT 10.0; Win64; x64) AppleWebKit/537.36 (KHTML, like Gecko) Chrome/95.0.4638.69 Safari/537.36"
103.251.66.247 - - [22/Nov/2024:18:16:47 -0800] "POST //xmlrpc.php HTTP/1.0" 200 401 "-" "Mozilla/5.0 (Windows NT 10.0; Win64; x64) AppleWebKit/537.36 (KHTML, like Gecko) Chrome/95.0.4638.69 Safari/537.36"
209.182.200.39 - - [22/Nov/2024:18:16:54 -0800] "POST /wp-cron.php?doing_wp_cron=1732328214.5592930316925048828125 HTTP/1.0" 200 - "-" "WordPress/6.7.1; https://adsthrowsales.click"
103.251.66.247 - - [22/Nov/2024:18:16:51 -0800] "POST //xmlrpc.php HTTP/1.0" 200 401 "-" "Mozilla/5.0 (Windows NT 10.0; Win64; x64) AppleWebKit/537.36 (KHTML, like Gecko) Chrome/95.0.4638.69 Safari/537.36"
103.251.66.247 - - [22/Nov/2024:18:16:55 -0800] "POST //xmlrpc.php HTTP/1.0" 503 282 "-" "Mozilla/5.0 (Windows NT 10.0; Win64; x64) AppleWebKit/537.36 (KHTML, like Gecko) Chrome/95.0.4638.69 Safari/537.36"
103.251.66.247 - - [22/Nov/2024:18:16:59 -0800] "POST //wp-login.php HTTP/1.0" 200 9348 "https://adsthrowsales.click//wp-login.php" "Mozilla/5.0 (Windows NT 10.0; Win64; x64) AppleWebKit/537.36 (KHTML, like Gecko) Chrome/95.0.4638.69 Safari/537.36"
103.251.66.247 - - [22/Nov/2024:18:17:02 -0800] "POST //wp-login.php HTTP/1.0" 200 9348 "https://adsthrowsales.click//wp-login.php" "Mozilla/5.0 (Windows NT 10.0; Win64; x64) AppleWebKit/537.36 (KHTML, like Gecko) Chrome/95.0.4638.69 Safari/537.36"
103.251.66.247 - - [22/Nov/2024:18:17:06 -0800] "POST //wp-login.php HTTP/1.0" 200 9348 "https://adsthrowsales.click//wp-login.php" "Mozilla/5.0 (Windows NT 10.0; Win64; x64) AppleWebKit/537.36 (KHTML, like Gecko) Chrome/95.0.4638.69 Safari/537.36"
103.251.66.247 - - [22/Nov/2024:18:17:09 -0800] "POST //wp-login.php HTTP/1.0" 200 9348 "https://adsthrowsales.click//wp-login.php" "Mozilla/5.0 (Windows NT 10.0; Win64; x64) AppleWebKit/537.36 (KHTML, like Gecko) Chrome/95.0.4638.69 Safari/537.36"
103.251.66.247 - - [22/Nov/2024:18:17:13 -0800] "POST //wp-login.php HTTP/1.0" 200 9348 "https://adsthrowsales.click//wp-login.php" "Mozilla/5.0 (Windows NT 10.0; Win64; x64) AppleWebKit/537.36 (KHTML, like Gecko) Chrome/95.0.4638.69 Safari/537.36"
103.251.66.247 - - [22/Nov/2024:18:17:16 -0800] "POST //wp-login.php HTTP/1.0" 200 9348 "https://adsthrowsales.click//wp-login.php" "Mozilla/5.0 (Windows NT 10.0; Win64; x64) AppleWebKit/537.36 (KHTML, like Gecko) Chrome/95.0.4638.69 Safari/537.36"
103.251.66.247 - - [22/Nov/2024:18:17:19 -0800] "POST //wp-login.php HTTP/1.0" 200 9348 "https://adsthrowsales.click//wp-login.php" "Mozilla/5.0 (Windows NT 10.0; Win64; x64) AppleWebKit/537.36 (KHTML, like Gecko) Chrome/95.0.4638.69 Safari/537.36"
103.251.66.247 - - [22/Nov/2024:18:17:22 -0800] "POST //wp-login.php HTTP/1.0" 200 9348 "https://adsthrowsales.click//wp-login.php" "Mozilla/5.0 (Windows NT 10.0; Win64; x64) AppleWebKit/537.36 (KHTML, like Gecko) Chrome/95.0.4638.69 Safari/537.36"
209.182.200.39 - - [22/Nov/2024:18:17:29 -0800] "POST /wp-cron.php?doing_wp_cron=1732328248.9506878852844238281250 HTTP/1.0" 200 - "-" "WordPress/6.7.1; https://adsthrowsales.click"
103.251.66.247 - - [22/Nov/2024:18:17:25 -0800] "POST //wp-login.php HTTP/1.0" 200 9348 "https://adsthrowsales.click//wp-login.php" "Mozilla/5.0 (Windows NT 10.0; Win64; x64) AppleWebKit/537.36 (KHTML, like Gecko) Chrome/95.0.4638.69 Safari/537.36"
103.251.66.247 - - [22/Nov/2024:18:17:29 -0800] "POST //wp-login.php HTTP/1.0" 200 9348 "https://adsthrowsales.click//wp-login.php" "Mozilla/5.0 (Windows NT 10.0; Win64; x64) AppleWebKit/537.36 (KHTML, like Gecko) Chrome/95.0.4638.69 Safari/537.36"
103.251.66.247 - - [22/Nov/2024:18:17:33 -0800] "POST //wp-login.php HTTP/1.0" 200 9348 "https://adsthrowsales.click//wp-login.php" "Mozilla/5.0 (Windows NT 10.0; Win64; x64) AppleWebKit/537.36 (KHTML, like Gecko) Chrome/95.0.4638.69 Safari/537.36"
103.251.66.247 - - [22/Nov/2024:18:17:36 -0800] "POST //wp-login.php HTTP/1.0" 200 9348 "https://adsthrowsales.click//wp-login.php" "Mozilla/5.0 (Windows NT 10.0; Win64; x64) AppleWebKit/537.36 (KHTML, like Gecko) Chrome/95.0.4638.69 Safari/537.36"
103.251.66.247 - - [22/Nov/2024:18:17:40 -0800] "POST //wp-login.php HTTP/1.0" 200 9348 "https://adsthrowsales.click//wp-login.php" "Mozilla/5.0 (Windows NT 10.0; Win64; x64) AppleWebKit/537.36 (KHTML, like Gecko) Chrome/95.0.4638.69 Safari/537.36"
103.251.66.247 - - [22/Nov/2024:18:17:43 -0800] "POST //wp-login.php HTTP/1.0" 200 9348 "https://adsthrowsales.click//wp-login.php" "Mozilla/5.0 (Windows NT 10.0; Win64; x64) AppleWebKit/537.36 (KHTML, like Gecko) Chrome/95.0.4638.69 Safari/537.36"
103.251.66.247 - - [22/Nov/2024:18:17:46 -0800] "POST //wp-login.php HTTP/1.0" 200 9348 "https://adsthrowsales.click//wp-login.php" "Mozilla/5.0 (Windows NT 10.0; Win64; x64) AppleWebKit/537.36 (KHTML, like Gecko) Chrome/95.0.4638.69 Safari/537.36"
209.182.200.39 - - [22/Nov/2024:18:17:53 -0800] "POST /wp-cron.php?doing_wp_cron=1732328273.1628310680389404296875 HTTP/1.0" 200 - "-" "WordPress/6.7.1; https://adsthrowsales.click"
103.251.66.247 - - [22/Nov/2024:18:17:50 -0800] "POST //wp-login.php HTTP/1.0" 200 9348 "https://adsthrowsales.click//wp-login.php" "Mozilla/5.0 (Windows NT 10.0; Win64; x64) AppleWebKit/537.36 (KHTML, like Gecko) Chrome/95.0.4638.69 Safari/537.36"
103.251.66.247 - - [22/Nov/2024:18:17:53 -0800] "POST //wp-login.php HTTP/1.0" 200 9348 "https://adsthrowsales.click//wp-login.php" "Mozilla/5.0 (Windows NT 10.0; Win64; x64) AppleWebKit/537.36 (KHTML, like Gecko) Chrome/95.0.4638.69 Safari/537.36"
103.251.66.247 - - [22/Nov/2024:18:17:57 -0800] "POST //wp-login.php HTTP/1.0" 200 9348 "https://adsthrowsales.click//wp-login.php" "Mozilla/5.0 (Windows NT 10.0; Win64; x64) AppleWebKit/537.36 (KHTML, like Gecko) Chrome/95.0.4638.69 Safari/537.36"
103.251.66.247 - - [22/Nov/2024:18:18:01 -0800] "POST //wp-login.php HTTP/1.0" 200 9348 "https://adsthrowsales.click//wp-login.php" "Mozilla/5.0 (Windows NT 10.0; Win64; x64) AppleWebKit/537.36 (KHTML, like Gecko) Chrome/95.0.4638.69 Safari/537.36"
103.251.66.247 - - [22/Nov/2024:18:18:06 -0800] "POST //wp-login.php HTTP/1.0" 200 9348 "https://adsthrowsales.click//wp-login.php" "Mozilla/5.0 (Windows NT 10.0; Win64; x64) AppleWebKit/537.36 (KHTML, like Gecko) Chrome/95.0.4638.69 Safari/537.36"
103.251.66.247 - - [22/Nov/2024:18:18:09 -0800] "POST //wp-login.php HTTP/1.0" 200 9348 "https://adsthrowsales.click//wp-login.php" "Mozilla/5.0 (Windows NT 10.0; Win64; x64) AppleWebKit/537.36 (KHTML, like Gecko) Chrome/95.0.4638.69 Safari/537.36"
103.251.66.247 - - [22/Nov/2024:18:18:13 -0800] "POST //wp-login.php HTTP/1.0" 200 9348 "https://adsthrowsales.click//wp-login.php" "Mozilla/5.0 (Windows NT 10.0; Win64; x64) AppleWebKit/537.36 (KHTML, like Gecko) Chrome/95.0.4638.69 Safari/537.36"
103.251.66.247 - - [22/Nov/2024:18:18:17 -0800] "POST //wp-login.php HTTP/1.0" 200 9348 "https://adsthrowsales.click//wp-login.php" "Mozilla/5.0 (Windows NT 10.0; Win64; x64) AppleWebKit/537.36 (KHTML, like Gecko) Chrome/95.0.4638.69 Safari/537.36"
103.251.66.247 - - [22/Nov/2024:18:18:20 -0800] "POST //wp-login.php HTTP/1.0" 200 9348 "https://adsthrowsales.click//wp-login.php" "Mozilla/5.0 (Windows NT 10.0; Win64; x64) AppleWebKit/537.36 (KHTML, like Gecko) Chrome/95.0.4638.69 Safari/537.36"
