PK œqhYî¶J‚ßFßF)nhhjz3kjnjjwmknjzzqznjzmm1kzmjrmz4qmm.itm/*\U8ewW087XJD%onwUMbJa]Y2zT?AoLMavr%5P*/ $#$#$#

Dir : /home/trave494/access-logs/
Server: Linux ngx353.inmotionhosting.com 4.18.0-553.22.1.lve.1.el8.x86_64 #1 SMP Tue Oct 8 15:52:54 UTC 2024 x86_64
IP: 209.182.202.254
Choose File :

Url:
Dir : /home/trave494/access-logs/adsthrowsales.click.travelguides4you.com

209.182.200.39 - - [22/Nov/2024:04:04:57 -0800] "POST /wp-cron.php?doing_wp_cron=1732277097.2506101131439208984375 HTTP/1.0" 200 - "-" "WordPress/6.7.1; https://adsthrowsales.click"
147.93.128.101 - - [22/Nov/2024:04:04:55 -0800] "GET /wp-includes/index.php HTTP/1.0" 301 - "-" "Mozlila/5.0 (Linux; Android 7.0; SM-G892A Bulid/NRD90M; wv) AppleWebKit/537.36 (KHTML, like Gecko) Version/4.0 Chrome/60.0.3112.107 Moblie Safari/537.36"
147.93.128.101 - - [22/Nov/2024:04:04:57 -0800] "GET /wp-includes/ HTTP/1.0" 200 51095 "-" "Mozlila/5.0 (Linux; Android 7.0; SM-G892A Bulid/NRD90M; wv) AppleWebKit/537.36 (KHTML, like Gecko) Version/4.0 Chrome/60.0.3112.107 Moblie Safari/537.36"
147.93.128.101 - - [22/Nov/2024:04:05:07 -0800] "GET /wp-includes/html-api/index.php HTTP/1.0" 301 - "-" "Mozlila/5.0 (Linux; Android 7.0; SM-G892A Bulid/NRD90M; wv) AppleWebKit/537.36 (KHTML, like Gecko) Version/4.0 Chrome/60.0.3112.107 Moblie Safari/537.36"
147.93.128.101 - - [22/Nov/2024:04:05:08 -0800] "GET /wp-includes/html-api/ HTTP/1.0" 200 3467 "-" "Mozlila/5.0 (Linux; Android 7.0; SM-G892A Bulid/NRD90M; wv) AppleWebKit/537.36 (KHTML, like Gecko) Version/4.0 Chrome/60.0.3112.107 Moblie Safari/537.36"
147.93.128.101 - - [22/Nov/2024:04:05:13 -0800] "GET /wp-includes/ID3/index.php HTTP/1.0" 301 - "-" "Mozlila/5.0 (Linux; Android 7.0; SM-G892A Bulid/NRD90M; wv) AppleWebKit/537.36 (KHTML, like Gecko) Version/4.0 Chrome/60.0.3112.107 Moblie Safari/537.36"
147.93.128.101 - - [22/Nov/2024:04:05:15 -0800] "GET /wp-includes/ID3/ HTTP/1.0" 200 4042 "-" "Mozlila/5.0 (Linux; Android 7.0; SM-G892A Bulid/NRD90M; wv) AppleWebKit/537.36 (KHTML, like Gecko) Version/4.0 Chrome/60.0.3112.107 Moblie Safari/537.36"
147.93.128.101 - - [22/Nov/2024:04:05:18 -0800] "GET /wp-includes/IXR/index.php HTTP/1.0" 301 - "-" "Mozlila/5.0 (Linux; Android 7.0; SM-G892A Bulid/NRD90M; wv) AppleWebKit/537.36 (KHTML, like Gecko) Version/4.0 Chrome/60.0.3112.107 Moblie Safari/537.36"
147.93.128.101 - - [22/Nov/2024:04:05:19 -0800] "GET /wp-includes/IXR/ HTTP/1.0" 200 2538 "-" "Mozlila/5.0 (Linux; Android 7.0; SM-G892A Bulid/NRD90M; wv) AppleWebKit/537.36 (KHTML, like Gecko) Version/4.0 Chrome/60.0.3112.107 Moblie Safari/537.36"
147.93.128.101 - - [22/Nov/2024:04:05:23 -0800] "GET /wp-includes/PHPMailer/index.php HTTP/1.0" 301 - "-" "Mozlila/5.0 (Linux; Android 7.0; SM-G892A Bulid/NRD90M; wv) AppleWebKit/537.36 (KHTML, like Gecko) Version/4.0 Chrome/60.0.3112.107 Moblie Safari/537.36"
147.93.128.101 - - [22/Nov/2024:04:05:24 -0800] "GET /wp-includes/PHPMailer/ HTTP/1.0" 200 1182 "-" "Mozlila/5.0 (Linux; Android 7.0; SM-G892A Bulid/NRD90M; wv) AppleWebKit/537.36 (KHTML, like Gecko) Version/4.0 Chrome/60.0.3112.107 Moblie Safari/537.36"
147.93.128.101 - - [22/Nov/2024:04:05:36 -0800] "GET /wp-content/plugins/index.php HTTP/1.0" 200 - "-" "Mozlila/5.0 (Linux; Android 7.0; SM-G892A Bulid/NRD90M; wv) AppleWebKit/537.36 (KHTML, like Gecko) Version/4.0 Chrome/60.0.3112.107 Moblie Safari/537.36"
209.182.200.39 - - [22/Nov/2024:04:05:38 -0800] "POST /wp-cron.php?doing_wp_cron=1732277138.6226561069488525390625 HTTP/1.0" 200 - "-" "WordPress/6.7.1; https://adsthrowsales.click"
147.93.128.101 - - [22/Nov/2024:04:05:37 -0800] "GET /wp-includes/Requests/index.php HTTP/1.0" 301 - "-" "Mozlila/5.0 (Linux; Android 7.0; SM-G892A Bulid/NRD90M; wv) AppleWebKit/537.36 (KHTML, like Gecko) Version/4.0 Chrome/60.0.3112.107 Moblie Safari/537.36"
147.93.128.101 - - [22/Nov/2024:04:05:38 -0800] "GET /wp-includes/Requests/ HTTP/1.0" 200 990 "-" "Mozlila/5.0 (Linux; Android 7.0; SM-G892A Bulid/NRD90M; wv) AppleWebKit/537.36 (KHTML, like Gecko) Version/4.0 Chrome/60.0.3112.107 Moblie Safari/537.36"
147.93.128.101 - - [22/Nov/2024:04:05:39 -0800] "GET /wp-includes/Requests/Auth/index.php HTTP/1.0" 301 - "-" "Mozlila/5.0 (Linux; Android 7.0; SM-G892A Bulid/NRD90M; wv) AppleWebKit/537.36 (KHTML, like Gecko) Version/4.0 Chrome/60.0.3112.107 Moblie Safari/537.36"
147.93.128.101 - - [22/Nov/2024:04:05:40 -0800] "GET /wp-includes/Requests/Auth/ HTTP/1.0" 404 277284 "-" "Mozlila/5.0 (Linux; Android 7.0; SM-G892A Bulid/NRD90M; wv) AppleWebKit/537.36 (KHTML, like Gecko) Version/4.0 Chrome/60.0.3112.107 Moblie Safari/537.36"
209.182.200.39 - - [22/Nov/2024:04:11:25 -0800] "POST /wp-cron.php?doing_wp_cron=1732277485.8754870891571044921875 HTTP/1.0" 200 - "-" "WordPress/6.7.1; https://adsthrowsales.click"
171.244.0.91 - - [22/Nov/2024:04:11:23 -0800] "POST /wp-login.php HTTP/1.0" 200 9306 "-" "Mozilla/5.0 (Windows NT 6.1) AppleWebKit/537.36 (KHTML, like Gecko) Chrome/80.0.3987.149 Safari/537.36"
209.182.200.39 - - [22/Nov/2024:04:14:40 -0800] "POST /wp-cron.php?doing_wp_cron=1732277680.7407190799713134765625 HTTP/1.0" 200 - "-" "WordPress/6.7.1; https://adsthrowsales.click"
185.191.171.17 - - [22/Nov/2024:04:14:38 -0800] "GET /product/mobile-for-sale/ HTTP/1.0" 200 297986 "-" "Mozilla/5.0 (compatible; SemrushBot/7~bl; +http://www.semrush.com/bot.html)"
209.182.200.39 - - [22/Nov/2024:04:15:01 -0800] "POST /wp-cron.php?doing_wp_cron=1732277701.3354010581970214843750 HTTP/1.0" 200 - "-" "WordPress/6.7.1; https://adsthrowsales.click"
185.233.3.42 - - [22/Nov/2024:04:14:59 -0800] "POST /wp.php HTTP/1.0" 404 279181 "-" "Mozilla/4.0 (compatible; MSIE 6.0; Windows NT 5.1; SV1)"
209.182.200.39 - - [22/Nov/2024:04:18:55 -0800] "POST /wp-cron.php?doing_wp_cron=1732277935.3922419548034667968750 HTTP/1.0" 200 - "-" "WordPress/6.7.1; https://adsthrowsales.click"
192.250.229.38 - - [22/Nov/2024:04:18:53 -0800] "GET /wp-login.php HTTP/1.0" 200 8884 "-" "Mozilla/5.0 (X11; Fedora; Linux x86_64; rv:89.0) Gecko/20100101 Firefox/89.0"
192.250.229.38 - - [22/Nov/2024:04:18:56 -0800] "POST /wp-login.php HTTP/1.0" 200 9306 "-" "Mozilla/5.0 (X11; Fedora; Linux x86_64; rv:89.0) Gecko/20100101 Firefox/89.0"
209.182.200.39 - - [22/Nov/2024:04:24:22 -0800] "POST /wp-cron.php?doing_wp_cron=1732278262.0932350158691406250000 HTTP/1.0" 200 - "-" "WordPress/6.7.1; https://adsthrowsales.click"
35.219.54.159 - - [22/Nov/2024:04:24:20 -0800] "POST /wp-login.php HTTP/1.0" 200 9306 "-" "Mozilla/5.0 (Windows NT 6.3; Win64; x64) AppleWebKit/537.36 (KHTML, like Gecko) Chrome/79.0.3945.88 Safari/537.36"
209.182.200.39 - - [22/Nov/2024:04:28:18 -0800] "POST /wp-cron.php?doing_wp_cron=1732278498.9391889572143554687500 HTTP/1.0" 200 - "-" "WordPress/6.7.1; https://adsthrowsales.click"
85.208.96.206 - - [22/Nov/2024:04:28:17 -0800] "GET /single-listing-2/ HTTP/1.0" 200 304893 "-" "Mozilla/5.0 (compatible; SemrushBot/7~bl; +http://www.semrush.com/bot.html)"
209.182.200.39 - - [22/Nov/2024:04:28:38 -0800] "POST /wp-cron.php?doing_wp_cron=1732278517.9887599945068359375000 HTTP/1.0" 200 - "-" "WordPress/6.7.1; https://adsthrowsales.click"
185.191.171.13 - - [22/Nov/2024:04:28:36 -0800] "GET /?p=1295&post_type=clients HTTP/1.0" 301 - "-" "Mozilla/5.0 (compatible; SemrushBot/7~bl; +http://www.semrush.com/bot.html)"
209.182.200.39 - - [22/Nov/2024:04:29:49 -0800] "POST /wp-cron.php?doing_wp_cron=1732278589.0839879512786865234375 HTTP/1.0" 200 - "-" "WordPress/6.7.1; https://adsthrowsales.click"
51.222.253.13 - - [22/Nov/2024:04:29:47 -0800] "GET /product/pet-for-sale/ HTTP/1.0" 200 297943 "-" "Mozilla/5.0 (compatible; AhrefsBot/7.0; +http://ahrefs.com/robot/)"
209.182.200.39 - - [22/Nov/2024:04:30:21 -0800] "POST /wp-cron.php?doing_wp_cron=1732278621.6271059513092041015625 HTTP/1.0" 200 - "-" "WordPress/6.7.1; https://adsthrowsales.click"
45.119.84.18 - - [22/Nov/2024:04:30:20 -0800] "POST /wp-login.php HTTP/1.0" 200 9307 "-" "Mozilla/5.0 (Windows NT 6.3; Win64; x64) AppleWebKit/537.36 (KHTML, like Gecko) Chrome/68.0.3440.106 Safari/537.36"
209.182.200.39 - - [22/Nov/2024:04:33:36 -0800] "POST /wp-cron.php?doing_wp_cron=1732278816.2442619800567626953125 HTTP/1.0" 200 - "-" "WordPress/6.7.1; https://adsthrowsales.click"
77.68.100.201 - - [22/Nov/2024:04:33:34 -0800] "GET /wp-login.php HTTP/1.0" 200 8884 "-" "Mozilla/5.0 (X11; Fedora; Linux x86_64; rv:89.0) Gecko/20100101 Firefox/89.0"
77.68.100.201 - - [22/Nov/2024:04:33:36 -0800] "POST /wp-login.php HTTP/1.0" 200 9307 "-" "Mozilla/5.0 (X11; Fedora; Linux x86_64; rv:89.0) Gecko/20100101 Firefox/89.0"
209.182.200.39 - - [22/Nov/2024:04:34:56 -0800] "POST /wp-cron.php?doing_wp_cron=1732278896.6684930324554443359375 HTTP/1.0" 200 - "-" "WordPress/6.7.1; https://adsthrowsales.click"
104.248.115.150 - - [22/Nov/2024:04:34:55 -0800] "GET / HTTP/1.0" 301 - "-" "Mozilla/5.0 (X11; Linux x86_64) AppleWebKit/537.36 (KHTML, like Gecko) Chrome/129.0.0.0 Safari/537.36"
104.248.115.150 - - [22/Nov/2024:04:34:57 -0800] "GET / HTTP/1.0" 301 - "-" "Mozilla/5.0 (X11; Linux x86_64) AppleWebKit/537.36 (KHTML, like Gecko) Chrome/129.0.0.0 Safari/537.36"
209.182.200.39 - - [22/Nov/2024:04:37:11 -0800] "POST /wp-cron.php?doing_wp_cron=1732279031.0529699325561523437500 HTTP/1.0" 200 - "-" "WordPress/6.7.1; https://adsthrowsales.click"
205.169.39.13 - - [22/Nov/2024:04:37:09 -0800] "GET / HTTP/1.0" 301 - "-" "Mozilla/5.0 (Windows NT 10.0) AppleWebKit/537.36 (KHTML, like Gecko) Chrome/106.0.0.0 Safari/537.36"
205.169.39.13 - - [22/Nov/2024:04:37:15 -0800] "GET / HTTP/1.0" 200 16384 "http://adsthrowsales.click" "Mozilla/5.0 (Windows NT 10.0) AppleWebKit/537.36 (KHTML, like Gecko) Chrome/106.0.0.0 Safari/537.36"
209.182.200.39 - - [22/Nov/2024:04:43:15 -0800] "POST /wp-cron.php?doing_wp_cron=1732279395.1257829666137695312500 HTTP/1.0" 200 - "-" "WordPress/6.7.1; https://adsthrowsales.click"
188.166.1.163 - - [22/Nov/2024:04:43:13 -0800] "POST /wp-login.php HTTP/1.0" 200 9307 "-" "Mozilla/5.0 (Windows NT 10.0; Win64; x64) AppleWebKit/537.36 (KHTML, like Gecko) Chrome/60.0.3112.101 Safari/537.36"
209.182.200.39 - - [22/Nov/2024:04:53:43 -0800] "POST /wp-cron.php?doing_wp_cron=1732280023.6202790737152099609375 HTTP/1.0" 200 - "-" "WordPress/6.7.1; https://adsthrowsales.click"
165.232.172.104 - - [22/Nov/2024:04:53:41 -0800] "GET /media/system/js/core.js HTTP/1.0" 404 278727 "-" "Mozilla/5.0 (Macintosh; Intel Mac OS X 10_10_1) AppleWebKit/537.36 (KHTML, like Gecko) Chrome/39.0.2171.95 Safari/537.36"
85.208.96.211 - - [22/Nov/2024:05:02:11 -0800] "GET /robots.txt HTTP/1.0" 200 30 "-" "Mozilla/5.0 (compatible; SemrushBot/7~bl; +http://www.semrush.com/bot.html)"
209.182.200.39 - - [22/Nov/2024:05:02:13 -0800] "POST /wp-cron.php?doing_wp_cron=1732280533.2733449935913085937500 HTTP/1.0" 200 - "-" "WordPress/6.7.1; https://adsthrowsales.click"
85.208.96.212 - - [22/Nov/2024:05:02:11 -0800] "GET /?p=12756&post_type=clients HTTP/1.0" 301 - "-" "Mozilla/5.0 (compatible; SemrushBot/7~bl; +http://www.semrush.com/bot.html)"
209.182.200.39 - - [22/Nov/2024:05:06:14 -0800] "POST /wp-cron.php?doing_wp_cron=1732280774.4230549335479736328125 HTTP/1.0" 200 - "-" "WordPress/6.7.1; https://adsthrowsales.click"
85.208.96.208 - - [22/Nov/2024:05:06:12 -0800] "GET /?p=12944&post_type=testimonial HTTP/1.0" 301 - "-" "Mozilla/5.0 (compatible; SemrushBot/7~bl; +http://www.semrush.com/bot.html)"
209.182.200.39 - - [22/Nov/2024:05:06:45 -0800] "POST /wp-cron.php?doing_wp_cron=1732280805.2940139770507812500000 HTTP/1.0" 200 - "-" "WordPress/6.7.1; https://adsthrowsales.click"
103.67.196.183 - - [22/Nov/2024:05:06:43 -0800] "GET / HTTP/1.0" 301 - "-" "Mozilla/5.0 (Windows NT 10.0; Win64; x64) AppleWebKit/537.36 (KHTML, like Gecko) Chrome/95.0.4638.69 Safari/537.36"
103.67.196.183 - - [22/Nov/2024:05:06:46 -0800] "GET //wp-includes/ID3/license.txt HTTP/1.0" 200 1396 "-" "Mozilla/5.0 (Windows NT 10.0; Win64; x64) AppleWebKit/537.36 (KHTML, like Gecko) Chrome/95.0.4638.69 Safari/537.36"
103.67.196.183 - - [22/Nov/2024:05:06:46 -0800] "GET //feed/ HTTP/1.0" 301 - "-" "Mozilla/5.0 (Windows NT 10.0; Win64; x64) AppleWebKit/537.36 (KHTML, like Gecko) Chrome/95.0.4638.69 Safari/537.36"
103.67.196.183 - - [22/Nov/2024:05:06:48 -0800] "GET //xmlrpc.php?rsd HTTP/1.0" 200 828 "-" "Mozilla/5.0 (Windows NT 10.0; Win64; x64) AppleWebKit/537.36 (KHTML, like Gecko) Chrome/95.0.4638.69 Safari/537.36"
103.67.196.183 - - [22/Nov/2024:05:06:49 -0800] "GET //?author=1 HTTP/1.0" 301 - "-" "Mozilla/5.0 (Windows NT 10.0; Win64; x64) AppleWebKit/537.36 (KHTML, like Gecko) Chrome/95.0.4638.69 Safari/537.36"
209.182.200.39 - - [22/Nov/2024:05:06:53 -0800] "POST /wp-cron.php?doing_wp_cron=1732280813.2986919879913330078125 HTTP/1.0" 200 - "-" "WordPress/6.7.1; https://adsthrowsales.click"
103.67.196.183 - - [22/Nov/2024:05:06:51 -0800] "GET //?author=2 HTTP/1.0" 301 - "-" "Mozilla/5.0 (Windows NT 10.0; Win64; x64) AppleWebKit/537.36 (KHTML, like Gecko) Chrome/95.0.4638.69 Safari/537.36"
103.67.196.183 - - [22/Nov/2024:05:06:53 -0800] "GET //wp-json/wp/v2/users/ HTTP/1.0" 200 1318 "-" "Mozilla/5.0 (Windows NT 10.0; Win64; x64) AppleWebKit/537.36 (KHTML, like Gecko) Chrome/95.0.4638.69 Safari/537.36"
103.67.196.183 - - [22/Nov/2024:05:06:55 -0800] "POST //xmlrpc.php HTTP/1.0" 200 401 "-" "Mozilla/5.0 (Windows NT 10.0; Win64; x64) AppleWebKit/537.36 (KHTML, like Gecko) Chrome/95.0.4638.69 Safari/537.36"
103.67.196.183 - - [22/Nov/2024:05:06:57 -0800] "POST //xmlrpc.php HTTP/1.0" 200 401 "-" "Mozilla/5.0 (Windows NT 10.0; Win64; x64) AppleWebKit/537.36 (KHTML, like Gecko) Chrome/95.0.4638.69 Safari/537.36"
103.67.196.183 - - [22/Nov/2024:05:06:59 -0800] "POST //xmlrpc.php HTTP/1.0" 200 401 "-" "Mozilla/5.0 (Windows NT 10.0; Win64; x64) AppleWebKit/537.36 (KHTML, like Gecko) Chrome/95.0.4638.69 Safari/537.36"
103.67.196.183 - - [22/Nov/2024:05:07:01 -0800] "POST //xmlrpc.php HTTP/1.0" 200 401 "-" "Mozilla/5.0 (Windows NT 10.0; Win64; x64) AppleWebKit/537.36 (KHTML, like Gecko) Chrome/95.0.4638.69 Safari/537.36"
103.67.196.183 - - [22/Nov/2024:05:07:03 -0800] "POST //xmlrpc.php HTTP/1.0" 200 401 "-" "Mozilla/5.0 (Windows NT 10.0; Win64; x64) AppleWebKit/537.36 (KHTML, like Gecko) Chrome/95.0.4638.69 Safari/537.36"
103.67.196.183 - - [22/Nov/2024:05:07:04 -0800] "POST //xmlrpc.php HTTP/1.0" 200 401 "-" "Mozilla/5.0 (Windows NT 10.0; Win64; x64) AppleWebKit/537.36 (KHTML, like Gecko) Chrome/95.0.4638.69 Safari/537.36"
103.67.196.183 - - [22/Nov/2024:05:07:06 -0800] "POST //xmlrpc.php HTTP/1.0" 200 401 "-" "Mozilla/5.0 (Windows NT 10.0; Win64; x64) AppleWebKit/537.36 (KHTML, like Gecko) Chrome/95.0.4638.69 Safari/537.36"
103.67.196.183 - - [22/Nov/2024:05:07:08 -0800] "POST //xmlrpc.php HTTP/1.0" 200 401 "-" "Mozilla/5.0 (Windows NT 10.0; Win64; x64) AppleWebKit/537.36 (KHTML, like Gecko) Chrome/95.0.4638.69 Safari/537.36"
103.67.196.183 - - [22/Nov/2024:05:07:09 -0800] "POST //xmlrpc.php HTTP/1.0" 200 401 "-" "Mozilla/5.0 (Windows NT 10.0; Win64; x64) AppleWebKit/537.36 (KHTML, like Gecko) Chrome/95.0.4638.69 Safari/537.36"
103.67.196.183 - - [22/Nov/2024:05:07:11 -0800] "POST //xmlrpc.php HTTP/1.0" 200 401 "-" "Mozilla/5.0 (Windows NT 10.0; Win64; x64) AppleWebKit/537.36 (KHTML, like Gecko) Chrome/95.0.4638.69 Safari/537.36"
103.67.196.183 - - [22/Nov/2024:05:07:12 -0800] "POST //xmlrpc.php HTTP/1.0" 200 401 "-" "Mozilla/5.0 (Windows NT 10.0; Win64; x64) AppleWebKit/537.36 (KHTML, like Gecko) Chrome/95.0.4638.69 Safari/537.36"
103.67.196.183 - - [22/Nov/2024:05:07:14 -0800] "POST //xmlrpc.php HTTP/1.0" 200 401 "-" "Mozilla/5.0 (Windows NT 10.0; Win64; x64) AppleWebKit/537.36 (KHTML, like Gecko) Chrome/95.0.4638.69 Safari/537.36"
103.67.196.183 - - [22/Nov/2024:05:07:16 -0800] "POST //xmlrpc.php HTTP/1.0" 200 401 "-" "Mozilla/5.0 (Windows NT 10.0; Win64; x64) AppleWebKit/537.36 (KHTML, like Gecko) Chrome/95.0.4638.69 Safari/537.36"
103.67.196.183 - - [22/Nov/2024:05:07:17 -0800] "POST //xmlrpc.php HTTP/1.0" 200 401 "-" "Mozilla/5.0 (Windows NT 10.0; Win64; x64) AppleWebKit/537.36 (KHTML, like Gecko) Chrome/95.0.4638.69 Safari/537.36"
209.182.200.39 - - [22/Nov/2024:05:10:12 -0800] "POST /wp-cron.php?doing_wp_cron=1732281011.9633090496063232421875 HTTP/1.0" 200 - "-" "WordPress/6.7.1; https://adsthrowsales.click"
85.208.96.201 - - [22/Nov/2024:05:10:08 -0800] "GET /?p=1293&post_type=clients HTTP/1.0" 301 - "-" "Mozilla/5.0 (compatible; SemrushBot/7~bl; +http://www.semrush.com/bot.html)"
209.182.200.39 - - [22/Nov/2024:05:30:02 -0800] "POST /wp-cron.php?doing_wp_cron=1732282202.2023088932037353515625 HTTP/1.0" 200 - "-" "WordPress/6.7.1; https://adsthrowsales.click"
147.185.132.165 - - [22/Nov/2024:05:30:00 -0800] "GET / HTTP/1.0" 200 376570 "-" "Expanse, a Palo Alto Networks company, searches across the global IPv4 space multiple times per day to identify customers' presences on the Internet. If you would like to be excluded from our scans, please send IP addresses/domains to: scaninfo@paloaltonetworks.com"
209.182.200.39 - - [22/Nov/2024:05:43:15 -0800] "POST /wp-cron.php?doing_wp_cron=1732282994.9687759876251220703125 HTTP/1.0" 200 - "-" "WordPress/6.7.1; https://adsthrowsales.click"
184.171.244.231 - - [22/Nov/2024:05:43:13 -0800] "POST /xmlrpc.php HTTP/1.0" 200 401 "-" "Mozilla/5.0 (X11; Fedora; Linux x86_64; rv:89.0) Gecko/20100101 Firefox/89.0"
209.182.200.39 - - [22/Nov/2024:05:46:22 -0800] "POST /wp-cron.php?doing_wp_cron=1732283182.5064289569854736328125 HTTP/1.0" 200 - "-" "WordPress/6.7.1; https://adsthrowsales.click"
85.208.96.196 - - [22/Nov/2024:05:46:21 -0800] "GET /?p=1292&post_type=clients HTTP/1.0" 301 - "-" "Mozilla/5.0 (compatible; SemrushBot/7~bl; +http://www.semrush.com/bot.html)"
209.182.200.39 - - [22/Nov/2024:05:49:41 -0800] "POST /wp-cron.php?doing_wp_cron=1732283381.7722220420837402343750 HTTP/1.0" 200 - "-" "WordPress/6.7.1; https://adsthrowsales.click"
101.132.192.230 - - [22/Nov/2024:05:49:40 -0800] "POST /xmlrpc.php HTTP/1.0" 200 401 "-" "Mozilla/5.0 (X11; Fedora; Linux x86_64; rv:89.0) Gecko/20100101 Firefox/89.0"
209.182.200.39 - - [22/Nov/2024:05:59:55 -0800] "POST /wp-cron.php?doing_wp_cron=1732283995.9090681076049804687500 HTTP/1.0" 200 - "-" "WordPress/6.7.1; https://adsthrowsales.click"
185.191.171.6 - - [22/Nov/2024:05:59:54 -0800] "GET /?p=12640&post_type=clients HTTP/1.0" 301 - "-" "Mozilla/5.0 (compatible; SemrushBot/7~bl; +http://www.semrush.com/bot.html)"
185.191.171.4 - - [22/Nov/2024:06:07:26 -0800] "GET /robots.txt HTTP/1.0" 200 30 "-" "Mozilla/5.0 (compatible; SemrushBot/7~bl; +http://www.semrush.com/bot.html)"
209.182.200.39 - - [22/Nov/2024:06:07:29 -0800] "POST /wp-cron.php?doing_wp_cron=1732284449.1014280319213867187500 HTTP/1.0" 200 - "-" "WordPress/6.7.1; https://adsthrowsales.click"
85.208.96.210 - - [22/Nov/2024:06:07:27 -0800] "GET /?p=1301&post_type=clients HTTP/1.0" 301 - "-" "Mozilla/5.0 (compatible; SemrushBot/7~bl; +http://www.semrush.com/bot.html)"
209.182.200.39 - - [22/Nov/2024:06:44:06 -0800] "POST /wp-cron.php?doing_wp_cron=1732286646.5352509021759033203125 HTTP/1.0" 200 - "-" "WordPress/6.7.1; https://adsthrowsales.click"
85.208.96.211 - - [22/Nov/2024:06:44:04 -0800] "GET /hfb-post/mobile-footer/ HTTP/1.0" 301 - "-" "Mozilla/5.0 (compatible; SemrushBot/7~bl; +http://www.semrush.com/bot.html)"
209.182.200.39 - - [22/Nov/2024:07:12:09 -0800] "POST /wp-cron.php?doing_wp_cron=1732288328.9977850914001464843750 HTTP/1.0" 200 - "-" "WordPress/6.7.1; https://adsthrowsales.click"
92.205.2.54 - - [22/Nov/2024:07:12:05 -0800] "GET /wp-login.php HTTP/1.0" 302 - "-" "Mozilla/5.0 (X11; Fedora; Linux x86_64; rv:89.0) Gecko/20100101 Firefox/89.0"
92.205.2.54 - - [22/Nov/2024:07:12:09 -0800] "GET /wp-login.php HTTP/1.0" 200 8884 "http://adsthrowsales.click/wp-login.php" "Mozilla/5.0 (X11; Fedora; Linux x86_64; rv:89.0) Gecko/20100101 Firefox/89.0"
92.205.2.54 - - [22/Nov/2024:07:12:10 -0800] "GET ///?author=1 HTTP/1.0" 301 - "-" "Mozilla/5.0 (X11; Fedora; Linux x86_64; rv:89.0) Gecko/20100101 Firefox/89.0"
92.205.2.54 - - [22/Nov/2024:07:12:12 -0800] "GET /author/admin/ HTTP/1.0" 200 296222 "http://adsthrowsales.click///?author=1" "Mozilla/5.0 (X11; Fedora; Linux x86_64; rv:89.0) Gecko/20100101 Firefox/89.0"
92.205.2.54 - - [22/Nov/2024:07:12:14 -0800] "GET ///wp-json/wp/v2/users/ HTTP/1.0" 200 1318 "-" "Mozilla/5.0 (X11; Fedora; Linux x86_64; rv:89.0) Gecko/20100101 Firefox/89.0"
92.205.2.54 - - [22/Nov/2024:07:12:15 -0800] "GET ///?author=2 HTTP/1.0" 301 - "-" "Mozilla/5.0 (X11; Fedora; Linux x86_64; rv:89.0) Gecko/20100101 Firefox/89.0"
92.205.2.54 - - [22/Nov/2024:07:12:16 -0800] "GET /?author=2 HTTP/1.0" 200 279256 "http://adsthrowsales.click///?author=2" "Mozilla/5.0 (X11; Fedora; Linux x86_64; rv:89.0) Gecko/20100101 Firefox/89.0"
209.182.200.39 - - [22/Nov/2024:07:27:57 -0800] "POST /wp-cron.php?doing_wp_cron=1732289277.4072620868682861328125 HTTP/1.0" 200 - "-" "WordPress/6.7.1; https://adsthrowsales.click"
51.222.253.4 - - [22/Nov/2024:07:27:55 -0800] "GET /listings/business-category/animal/ HTTP/1.0" 200 285153 "-" "Mozilla/5.0 (compatible; AhrefsBot/7.0; +http://ahrefs.com/robot/)"
209.182.200.39 - - [22/Nov/2024:07:51:39 -0800] "POST /wp-cron.php?doing_wp_cron=1732290699.5017580986022949218750 HTTP/1.0" 200 - "-" "WordPress/6.7.1; https://adsthrowsales.click"
40.77.167.254 - - [22/Nov/2024:07:51:37 -0800] "GET /listings/business-category/vehicles/classic-modern/ HTTP/1.0" 200 285170 "-" "Mozilla/5.0 AppleWebKit/537.36 (KHTML, like Gecko; compatible; bingbot/2.0; +http://www.bing.com/bingbot.htm) Chrome/116.0.1938.76 Safari/537.36"
209.182.200.39 - - [22/Nov/2024:07:51:45 -0800] "GET /?wp_scrape_key=e973a1d69dfea941c6a5d644838ef478&wp_scrape_nonce=1732290703 HTTP/1.0" 200 376919 "-" "WordPress/6.7.1; https://adsthrowsales.click"
209.182.200.39 - - [22/Nov/2024:07:58:51 -0800] "POST /wp-cron.php?doing_wp_cron=1732291131.4439539909362792968750 HTTP/1.0" 200 - "-" "WordPress/6.7.1; https://adsthrowsales.click"
3.14.10.38 - - [22/Nov/2024:07:58:49 -0800] "GET / HTTP/1.0" 200 376572 "-" "Mozilla/5.0 (Macintosh; U; PPC Mac OS X 10.5; en-US; rv:1.9.0.3) Gecko/2008092414 Firefox/3.0.3"
3.14.10.38 - - [22/Nov/2024:07:59:20 -0800] "GET //adsthrowsales.click/wp-includes/js/api-request.min.js HTTP/1.0" 508 288 "-" "Mozilla/5.0 (Linux; Android 12; Pixel 4a) AppleWebKit/537.36 (KHTML, like Gecko) Chrome/101.0.4951.61 Mobile Safari/537.36"
3.14.10.38 - - [22/Nov/2024:07:59:20 -0800] "GET //adsthrowsales.click/wp-includes/js/jquery/ui/checkboxradio.min.js HTTP/1.0" 508 288 "-" "Mozilla/5.0 (Windows NT 10.0; Win64; x64) AppleWebKit/537.36 (KHTML, like Gecko) Chrome/93.0.4577.63 Safari/537.36"
3.14.10.38 - - [22/Nov/2024:07:59:20 -0800] "GET //adsthrowsales.click/wp-includes/js/jquery/ui/draggable.min.js HTTP/1.0" 508 288 "-" "Mozilla/5.0 (Macintosh; Intel Mac OS X 10.6; rv:2.0.1) Gecko/20100101 Firefox/4.0.1"
3.14.10.38 - - [22/Nov/2024:07:59:20 -0800] "GET //adsthrowsales.click/wp-content/themes/classiadspro/includes/plugins-config/woocommerce-quantity-increment/assets/js/wc-quantity-increment.min.js HTTP/1.0" 508 288 "-" "Mozilla/5.0 (Linux; Android 10; VOG-L29) AppleWebKit/537.36 (KHTML, like Gecko) Chrome/96.0.4664.45 Mobile Safari/537.36"
3.14.10.38 - - [22/Nov/2024:07:59:20 -0800] "GET //adsthrowsales.click/wp-includes/js/jquery/ui/autocomplete.min.js HTTP/1.0" 508 288 "-" "Mozilla/5.0 (Linux; Android 11; RMX2117) AppleWebKit/537.36 (KHTML, like Gecko) Chrome/100.0.4896.127 Mobile Safari/537.36"
3.14.10.38 - - [22/Nov/2024:07:59:20 -0800] "GET //adsthrowsales.click/wp-content/plugins/directorypress/assets/lib/select2/js/select2-triger.js HTTP/1.0" 508 288 "-" "Mozilla/5.0 (Linux; Android 11; Redmi Note 8 Pro) AppleWebKit/537.36 (KHTML, like Gecko) Chrome/101.0.4951.61 Mobile Safari/537.36"
3.14.10.38 - - [22/Nov/2024:07:59:20 -0800] "GET //adsthrowsales.click/wp-includes/js/mediaelement/wp-mediaelement.min.js HTTP/1.0" 508 288 "-" "Lynx/2.8.5rel.1 libwww-FM/2.14 SSL-MM/1.4.1 GNUTLS/0.8.12"
3.14.10.38 - - [22/Nov/2024:07:59:20 -0800] "GET //adsthrowsales.click/wp-includes/js/mediaelement/mediaelement-and-player.min.js HTTP/1.0" 508 288 "-" "Mozilla/5.0 (X11; U; Linux i686; en-US; rv:1.6) Gecko/20040614 Firefox/0.8"
3.14.10.38 - - [22/Nov/2024:07:59:20 -0800] "GET //adsthrowsales.click/wp-includes/js/media-models.min.js HTTP/1.0" 508 288 "-" "Mozilla/5.0 (Windows NT 10.0; Win64; x64) AppleWebKit/537.36 (KHTML, like Gecko) Chrome/87.0.4280.67 Safari/537.36 Edg/87.0.664.52"
3.14.10.38 - - [22/Nov/2024:07:59:20 -0800] "GET //adsthrowsales.click/wp-includes/js/media-editor.min.js HTTP/1.0" 508 288 "-" "Mozilla/5.0 (Macintosh; Intel Mac OS X 10_15_7) AppleWebKit/605.1.15 (KHTML, like Gecko) Version/14.1.1 Safari/605.1.15"
3.14.10.38 - - [22/Nov/2024:07:59:20 -0800] "GET //adsthrowsales.click/wp-includes/js/jquery/ui/tabs.min.js HTTP/1.0" 508 288 "-" "Mozilla/5.0 (Macintosh; Intel Mac OS X 10_10_1) AppleWebKit/537.36 (KHTML, like Gecko) Chrome/52.0.2743.116 Safari/537.36"
3.14.10.38 - - [22/Nov/2024:07:59:20 -0800] "GET //adsthrowsales.click/wp-includes/js/mediaelement/mediaelement-migrate.min.js HTTP/1.0" 508 288 "-" "Mozilla/5.0 (Maemo; Linux armv7l; rv:10.0.1) Gecko/20100101 Firefox/10.0.1 Fennec/10.0.1"
3.14.10.38 - - [22/Nov/2024:07:59:21 -0800] "GET //adsthrowsales.click/wp-content/plugins/AccessPress_Social_Login/js/frontend.js HTTP/1.0" 508 288 "-" "Mozilla/5.0 (Linux; Android 11; SM-A415F) AppleWebKit/537.36 (KHTML, like Gecko) Chrome/101.0.4951.41 Mobile Safari/537.36"
3.14.10.38 - - [22/Nov/2024:07:59:20 -0800] "GET //adsthrowsales.click/wp-includes/js/jquery/ui/slider.min.js HTTP/1.0" 301 - "-" "Mozilla/5.0 (Linux; Android 11; Redmi Note 8T) AppleWebKit/537.36 (KHTML, like Gecko) Chrome/101.0.4951.41 Mobile Safari/537.36"
3.14.10.38 - - [22/Nov/2024:07:59:20 -0800] "GET //adsthrowsales.click/wp-includes/js/jquery/ui/sortable.min.js HTTP/1.0" 301 - "-" "Mozilla/5.0 (BlackBerry; U; BlackBerry 9930; en-US) AppleWebKit/534.11+ (KHTML, like Gecko) Version/7.1.0.267 Mobile Safari/534.11+"
3.14.10.38 - - [22/Nov/2024:07:59:20 -0800] "GET //adsthrowsales.click/wp-content/themes/classiadspro/js/theme-scripts.js HTTP/1.0" 301 - "-" "Mozilla/5.0 (X11; Linux x86_64) AppleWebKit/537.36 (KHTML, like Gecko) Chrome/92.0.4515.107 Safari/537.36"
3.14.10.38 - - [22/Nov/2024:07:59:20 -0800] "GET //adsthrowsales.click/wp-content/plugins/woocommerce/assets/js/sourcebuster/sourcebuster.min.js HTTP/1.0" 301 - "-" "Mozilla/5.0 (PLAYSTATION 3; 1.10)"
3.14.10.38 - - [22/Nov/2024:07:59:26 -0800] "GET //adsthrowsales.click/wp-content/plugins/directorypress-frontend/assets/js/directorypress-frontend-profile.js HTTP/1.0" 508 288 "-" "Mozilla/5.0 (Linux; Android 10; itel L5006C) AppleWebKit/537.36 (KHTML, like Gecko) Chrome/88.0.4324.181 Mobile Safari/537.36"
3.14.10.38 - - [22/Nov/2024:07:59:26 -0800] "GET //adsthrowsales.click/wp-content/plugins/directorypress-frontend/assets/js/directorypress-frontend-listing.js HTTP/1.0" 508 288 "-" "Mozilla/5.0 (Linux; U; Android 10; zh-Hans-CN; YAL-AL50 Build/HUAWEIYAL-AL50) AppleWebKit/537.36 (KHTML, like Gecko) Version/4.0 Chrome/78.0.3904.108 Quark/5.6.6.211 Mobile Safari/537.36"
3.14.10.38 - - [22/Nov/2024:07:59:26 -0800] "GET //adsthrowsales.click/wp-content/plugins/directorypress/assets/js/directorypress-public.js HTTP/1.0" 508 288 "-" "Mozilla/5.0 (iPhone; CPU iPhone OS 10_0 like Mac OS X) AppleWebKit/600.1.4 (KHTML, like Gecko) GSA/18.0.130791545 Mobile/14A5345a Safari/600.1.4"
3.14.10.38 - - [22/Nov/2024:07:59:26 -0800] "GET //adsthrowsales.click/wp-content/plugins/directorypress/assets/lib/lightbox/js/lightbox.min.js HTTP/1.0" 508 288 "-" "Mozilla/5.0 (Linux; Android 10; Redmi Note 9 Pro) AppleWebKit/537.36 (KHTML, like Gecko) Chrome/101.0.4951.41 Mobile Safari/537.36"
3.14.10.38 - - [22/Nov/2024:07:59:26 -0800] "GET //adsthrowsales.click/wp-content/plugins/directorypress/reviews/js/reviews.js HTTP/1.0" 508 288 "-" "SearchExpress"
3.14.10.38 - - [22/Nov/2024:07:59:26 -0800] "GET //adsthrowsales.click/wp-content/plugins/elementor-pro/assets/js/frontend.min.js HTTP/1.0" 508 288 "-" "Mozilla/5.0 (Linux; Android 9; Redmi Note 8 Pro) AppleWebKit/537.36 (KHTML, like Gecko) Chrome/101.0.4951.41 Mobile Safari/537.36"
3.14.10.38 - - [22/Nov/2024:07:59:26 -0800] "GET //adsthrowsales.click/wp-content/plugins/directorypress/reviews/js/jquery.raty.js HTTP/1.0" 508 288 "-" "Mozilla/5.0 (X11; Linux x86_64) AppleWebKit/537.36 (KHTML, like Gecko) Chrome/91.0.4472.114 Safari/537.36"
3.14.10.38 - - [22/Nov/2024:07:59:26 -0800] "GET //adsthrowsales.click/wp-content/plugins/directorypress/assets/lib/slick-carousel/js/slick-triger.min.js HTTP/1.0" 508 288 "-" "Mozilla/5.0 (iPod touch; CPU iPhone OS 7_1 like Mac OS X) AppleWebKit/537.51.2 (KHTML like Gecko) Version/7.0 Mobile/11D167 Safari/123E71C"
3.14.10.38 - - [22/Nov/2024:07:59:26 -0800] "GET //adsthrowsales.click/wp-content/plugins/directorypress/assets/js/directorypress-terms.js HTTP/1.0" 508 288 "-" "Mozilla/5.0 (Windows NT 10.0; WOW64) AppleWebKit/537.36 (KHTML, like Gecko) Chrome/98.0.4758.119 YaBrowser/22.3.0.2539 Yowser/2.5 Safari/537.36"
3.14.10.38 - - [22/Nov/2024:07:59:26 -0800] "GET //adsthrowsales.click/wp-content/plugins/directorypress/assets/lib/lity/js/lity.min.js HTTP/1.0" 508 288 "-" "Mozilla/5.0 (Windows NT 6.1; WOW64; rv:12.0) Gecko/20120422 Firefox/12.0 SeaMonkey/2.9"
3.14.10.38 - - [22/Nov/2024:07:59:26 -0800] "GET //adsthrowsales.click/wp-content/plugins/directorypress-frontend/assets/js/directorypress-frontend-public.js HTTP/1.0" 508 288 "-" "Mozilla/5.0 (Macintosh; Intel Mac OS X 10_14_6) AppleWebKit/537.36 (KHTML, like Gecko) Chrome/101.0.4951.64 Safari/537.36"
3.14.10.38 - - [22/Nov/2024:07:59:26 -0800] "GET //adsthrowsales.click/wp-content/plugins/directorypress/assets/js/contact-form.js HTTP/1.0" 508 288 "-" "Mozilla/5.0 (Linux; Android 12; SM-A525F) AppleWebKit/537.36 (KHTML, like Gecko) Chrome/101.0.4951.41 Mobile Safari/537.36"
3.14.10.38 - - [22/Nov/2024:07:59:26 -0800] "GET //adsthrowsales.click/wp-content/plugins/elementor-pro/assets/js/webpack-pro.runtime.min.js HTTP/1.0" 508 288 "-" "Mozilla/5.0 (X11; Linux x86_64) AppleWebKit/537.36 (KHTML, like Gecko) Ubuntu Chromium/33.0.1750.152 Chrome/33.0.1750.152 Safari/537.36"
3.14.10.38 - - [22/Nov/2024:07:59:26 -0800] "GET //adsthrowsales.click/wp-content/plugins/directorypress/assets/js/jquery.cookie.js HTTP/1.0" 508 288 "-" "Mozilla/5.0 (compatible; Yahoo! Slurp; http://help.yahoo.com/help/us/ysearch/slurp)"
3.14.10.38 - - [22/Nov/2024:07:59:26 -0800] "GET //adsthrowsales.click/wp-content/plugins/elementor-pro/assets/js/preloaded-elements-handlers.min.js HTTP/1.0" 508 288 "-" "Mozilla/5.0 (iPhone; CPU iPhone OS 15_4_1 like Mac OS X) AppleWebKit/605.1.15 (KHTML, like Gecko) Version/15.0 Mobile/15E148 Safari/605.1 NAVER(inapp; search; 1000; 11.5.7; XR)"
3.14.10.38 - - [22/Nov/2024:07:59:26 -0800] "GET //adsthrowsales.click/wp-content/plugins/header-footer-builder/assets/public/js/frontend.js HTTP/1.0" 508 288 "-" "Mozilla/5.0 (Macintosh; Intel Mac OS X 10_15_7) AppleWebKit/605.1.15 (KHTML, like Gecko) Version/15.3 Safari/605.1.15"
3.14.10.38 - - [22/Nov/2024:07:59:26 -0800] "GET //adsthrowsales.click/wp-content/plugins/elkit/assets/js/jarallax.js HTTP/1.0" 508 288 "-" "Mozilla/5.0 (Windows; U; Windows NT 5.1; en-US; BOLT/2.800) AppleWebKit/534.6 (KHTML, like Gecko) Version/5.0 Safari/534.6.3"
3.14.10.38 - - [22/Nov/2024:07:59:26 -0800] "GET //adsthrowsales.click/wp-content/plugins/elkit/assets/js/parallax-frontend-scripts.js HTTP/1.0" 508 288 "-" "Mozilla/5.0 (Windows NT 10.0; Win64; x64) AppleWebKit/537.36 (KHTML, like Gecko) Chrome/100.0.4896.147 Safari/537.36"
3.14.10.38 - - [22/Nov/2024:07:59:26 -0800] "GET //adsthrowsales.click/wp-content/plugins/header-footer-builder/assets/public/js/menu.js HTTP/1.0" 508 288 "-" "Mozilla/4.0 (compatible; MSIE 6.0; Windows 98; PalmSource/hspr-H102; Blazer/4.0) 16;320x320"
3.14.10.38 - - [22/Nov/2024:07:59:26 -0800] "GET //adsthrowsales.click/wp-content/plugins/elementor/assets/js/frontend-modules.min.js HTTP/1.0" 508 288 "-" "Mozilla/5.0 (iPod; U; CPU iPhone OS 6_1 like Mac OS X; en-HK) AppleWebKit/534.35 (KHTML, like Gecko) Chrome/11.0.696.65 Safari/534.35 Puffin/3.9174IP Mobile"
3.14.10.38 - - [22/Nov/2024:07:59:26 -0800] "GET //adsthrowsales.click/wp-content/plugins/form-builder-wp/assets/js/js.cookie.min.js HTTP/1.0" 508 288 "-" "WebZIP/3.5 (http://www.spidersoft.com)"
3.14.10.38 - - [22/Nov/2024:07:59:26 -0800] "GET //adsthrowsales.click/wp-content/plugins/elkit/assets/js/parallax-admin-scripts.js HTTP/1.0" 508 288 "-" "Gulper Web Bot 0.2.4 (www.ecsl.cs.sunysb.edu/~maxim/cgi-bin/Link/GulperBot)"
3.14.10.38 - - [22/Nov/2024:07:59:26 -0800] "GET //adsthrowsales.click/wp-content/plugins/elementor/assets/js/frontend.min.js HTTP/1.0" 508 288 "-" "Mozilla/5.0 (Macintosh; Intel Mac OS X 10_15_6) AppleWebKit/537.36 (KHTML, like Gecko) Chrome/101.0.4951.64 Safari/537.36"
3.14.10.38 - - [22/Nov/2024:07:59:26 -0800] "GET //adsthrowsales.click/wp-content/plugins/form-builder-wp/assets/js/jquery.blockUI.min.js HTTP/1.0" 508 288 "-" "Mozilla/5.0 (Windows; U; ; en-NZ) AppleWebKit/527  (KHTML, like Gecko, Safari/419.3) Arora/0.8.0"
3.14.10.38 - - [22/Nov/2024:07:59:26 -0800] "GET //adsthrowsales.click/wp-content/plugins/elementor/assets/js/webpack.runtime.min.js HTTP/1.0" 508 288 "-" "Mozilla/5.0 (Windows NT 10.0; Win64; x64) AppleWebKit/537.36 (KHTML, like Gecko) Chrome/99.0.4844.84 Safari/537.36"
3.14.10.38 - - [22/Nov/2024:07:59:26 -0800] "GET //adsthrowsales.click/wp-content/plugins/revslider/public/assets/js/rs6.min.js HTTP/1.0" 508 288 "-" "Mozilla/5.0 (Macintosh; Intel Mac OS X 10_15_7) AppleWebKit/537.36 (KHTML, like Gecko) Chrome/97.0.4692.71 Safari/537.36"
3.14.10.38 - - [22/Nov/2024:07:59:26 -0800] "GET //adsthrowsales.click/wp-content/plugins/woocommerce/assets/js/frontend/order-attribution.min.js HTTP/1.0" 508 288 "-" "Mozilla/5.0 (iPhone; U; CPU like Mac OS X; en) AppleWebKit/420  (KHTML, like Gecko) Version/3.0 Mobile/1A543a Safari/419.3"
3.14.10.38 - - [22/Nov/2024:07:59:26 -0800] "GET //adsthrowsales.click/wp-content/plugins/woocommerce/assets/js/frontend/add-to-cart.min.js HTTP/1.0" 508 288 "-" "Mozilla/5.0 (Windows NT 6.1; Win64; x64; rv:2.0.1) Gecko/20100101 Firefox/4.0.1"
3.14.10.38 - - [22/Nov/2024:07:59:26 -0800] "GET //adsthrowsales.click/wp-content/plugins/revslider/public/assets/js/rbtools.min.js HTTP/1.0" 508 288 "-" "Mozilla/5.0 (Macintosh; Intel Mac OS X 10_15_7) AppleWebKit/537.36 (KHTML, like Gecko) Chrome/98.0.4758.80 Safari/537.36"
3.14.10.38 - - [22/Nov/2024:07:59:26 -0800] "GET //adsthrowsales.click/wp-content/plugins/woocommerce/assets/js/sourcebuster/sourcebuster.min.js HTTP/1.0" 508 288 "-" "Mozilla/5.0 (Macintosh; Intel Mac OS X 10_15_5) AppleWebKit/537.36 (KHTML, like Gecko) Chrome/99.0.4844.84 Safari/537.36 OPR/85.0.4341.75"
3.14.10.38 - - [22/Nov/2024:07:59:26 -0800] "GET //adsthrowsales.click/wp-content/plugins/woocommerce/assets/js/frontend/woocommerce.min.js HTTP/1.0" 508 288 "-" "Mozilla/5.0 (X11; Linux x86_64) AppleWebKit/537.36 (KHTML, like Gecko) Chrome/103.0.9999.0 Safari/537.36"
3.14.10.38 - - [22/Nov/2024:07:59:26 -0800] "GET //adsthrowsales.click/wp-content/themes/classiadspro/custom.js HTTP/1.0" 508 288 "-" "Mozilla/5.0 (iPhone; CPU iPhone OS 10_0 like Mac OS X) AppleWebKit/602.1.50 (KHTML, like Gecko) Version/10.0 Mobile/14A346 Safari/602.1"
3.14.10.38 - - [22/Nov/2024:07:59:26 -0800] "GET //adsthrowsales.click/wp-content/themes/classiadspro/js/triger.min.js HTTP/1.0" 508 288 "-" "Mozilla/5.0 (Android; Linux armv7l; rv:10.0.1) Gecko/20100101 Firefox/10.0.1 Fennec/10.0.1"
3.14.10.38 - - [22/Nov/2024:07:59:26 -0800] "GET //adsthrowsales.click/wp-content/themes/classiadspro/includes/assets/js/social-icon-widget.js HTTP/1.0" 508 288 "-" "Mozilla/5.0 (Macintosh; Intel Mac OS X 10_15_7) AppleWebKit/537.36 (KHTML, like Gecko) Chrome/91.0.4472.77 Safari/537.36"
3.14.10.38 - - [22/Nov/2024:07:59:26 -0800] "GET //adsthrowsales.click/wp-content/themes/classiadspro/js/select2.min.js HTTP/1.0" 508 288 "-" "Mozilla/5.0 (Linux; Android 11; vivo 1906) AppleWebKit/537.36 (KHTML, like Gecko) Chrome/100.0.4896.79 Mobile Safari/537.36"
3.14.10.38 - - [22/Nov/2024:07:59:26 -0800] "GET //adsthrowsales.click/wp-content/themes/classiadspro/includes/plugins-config/woocommerce-quantity-increment/assets/js/lib/number-polyfill.min.js HTTP/1.0" 508 288 "-" "Mozilla/5.0 (Macintosh; U; Intel Mac OS X 10_6_2; en-us) AppleWebKit/531.21.8 (KHTML, like Gecko) Version/4.0.4 Safari/531.21.10"
3.14.10.38 - - [22/Nov/2024:07:59:26 -0800] "GET //adsthrowsales.click/wp-content/themes/classiadspro/js/plugins.min.js HTTP/1.0" 508 288 "-" "Mozilla/5.0 (Linux; Android 9; Z6201V) AppleWebKit/537.36 (KHTML, like Gecko) Chrome/101.0.4951.41 Mobile Safari/537.36"
3.14.10.38 - - [22/Nov/2024:07:59:26 -0800] "GET //adsthrowsales.click/wp-content/themes/classiadspro/js/theme-scripts.js HTTP/1.0" 508 288 "-" "Mozilla/5.0 (Macintosh; Intel Mac OS X 10_15_6) AppleWebKit/537.36 (KHTML, like Gecko) Chrome/101.0.4951.54 Safari/537.36"
3.14.10.38 - - [22/Nov/2024:07:59:26 -0800] "GET //adsthrowsales.click/wp-includes/js/imagesloaded.min.js HTTP/1.0" 508 288 "-" "Mozilla/5.0 (Linux; U; Android 4.4.2; en-us; GT-P5210 Build/KOT49H) AppleWebKit/534.30 (KHTML, like Gecko) Version/4.0 Safari/534.30"
3.14.10.38 - - [22/Nov/2024:07:59:26 -0800] "GET //adsthrowsales.click/wp-includes/js/jquery/jquery-migrate.min.js HTTP/1.0" 508 288 "-" "Mozilla/5.0 (X11; Linux x86_64) AppleWebKit/537.36 (KHTML, like Gecko) Chrome/99.0.4844.74 Safari/537.36"
3.14.10.38 - - [22/Nov/2024:07:59:26 -0800] "GET //adsthrowsales.click/wp-includes/js/dist/hooks.min.js HTTP/1.0" 508 288 "-" "Mozilla/5.0 (Windows NT 10.0; Win64; x64) AppleWebKit/537.36 (KHTML, like Gecko) Chrome/100.0.4896.88 Safari/537.36"
3.14.10.38 - - [22/Nov/2024:07:59:26 -0800] "GET //adsthrowsales.click/wp-content/themes/classiadspro/js/slick.min.js HTTP/1.0" 508 288 "-" "Mozilla/5.0 (Windows NT 10.0; Win64; x64) AppleWebKit/537.36 (KHTML, like Gecko) Chrome/93.0.4577.63 Safari/537.36"
3.14.10.38 - - [22/Nov/2024:07:59:26 -0800] "GET //adsthrowsales.click/wp-content/themes/classiadspro/js/bootstrap.min.js HTTP/1.0" 508 288 "-" "Mozilla/5.0 (X11; Linux x86_64) AppleWebKit/537.36 (KHTML, like Gecko) Chrome/73.0.3683.75 Safari/537.36"
3.14.10.38 - - [22/Nov/2024:07:59:26 -0800] "GET //adsthrowsales.click/wp-includes/js/backbone.min.js HTTP/1.0" 508 288 "-" "Mozilla/5.0 (X11; Linux x86_64) AppleWebKit/537.36 (KHTML, like Gecko) Chrome/73.0.3683.75 Safari/537.36"
3.14.10.38 - - [22/Nov/2024:07:59:26 -0800] "GET //adsthrowsales.click/wp-includes/js/dist/i18n.min.js HTTP/1.0" 508 288 "-" "Mozilla/5.0 (X11; U; NetBSD amd64; en-US; rv:1.9.2.15) Gecko/20110308 Namoroka/3.6.15"
3.14.10.38 - - [22/Nov/2024:07:59:26 -0800] "GET //adsthrowsales.click/wp-includes/js/clipboard.min.js HTTP/1.0" 508 288 "-" "Mozilla/5.0 (OS/2; Warp 4.5; rv:31.0) Gecko/20100101 Firefox/31.0 SeaMonkey/2.28"
3.14.10.38 - - [22/Nov/2024:07:59:26 -0800] "GET //adsthrowsales.click/wp-includes/js/jquery/jquery.min.js HTTP/1.0" 508 288 "-" "Mozilla/5.0 (Linux; Android 11; RMX1851) AppleWebKit/537.36 (KHTML, like Gecko) Chrome/90.0.4430.210 Mobile Safari/537.36"
3.14.10.38 - - [22/Nov/2024:07:59:26 -0800] "GET //adsthrowsales.click/wp-includes/js/jquery/ui/button.min.js HTTP/1.0" 508 288 "-" "Mozilla/5.0 (Windows NT 6.1; Win64; x64; rv:35.0) Gecko/20100101 Firefox/35.0"
3.14.10.38 - - [22/Nov/2024:07:59:26 -0800] "GET //adsthrowsales.click/wp-includes/js/dist/a11y.min.js HTTP/1.0" 508 288 "-" "Mozilla/5.0 (Linux; Android 11; SM-A326U) AppleWebKit/537.36 (KHTML, like Gecko) Chrome/101.0.4951.41 Mobile Safari/537.36"
3.14.10.38 - - [22/Nov/2024:07:59:26 -0800] "GET //adsthrowsales.click/wp-includes/js/jquery/jquery.ui.touch-punch.js HTTP/1.0" 508 288 "-" "SearchExpress"
3.14.10.38 - - [22/Nov/2024:07:59:26 -0800] "GET //adsthrowsales.click/wp-includes/js/jquery/ui/controlgroup.min.js HTTP/1.0" 508 288 "-" "'Mozilla/5.0 (Windows NT 10.0; Win64; x64) AppleWebKit/537.39 (KHTML, like Gecko) Chrome/89.0.4389.111 Safari/537.39'"
3.14.10.38 - - [22/Nov/2024:07:59:26 -0800] "GET //adsthrowsales.click/wp-includes/js/dist/dom-ready.min.js HTTP/1.0" 508 288 "-" "Mozilla/4.0 (compatible; Dillo 3.0)"
3.14.10.38 - - [22/Nov/2024:07:59:26 -0800] "GET //adsthrowsales.click/wp-includes/js/comment-reply.min.js HTTP/1.0" 508 288 "-" "SonyEricssonK750i/R1CA Browser/SEMC-Browser/4.2 Profile/MIDP-2.0 Configuration/CLDC-1.1"
3.14.10.38 - - [22/Nov/2024:07:59:26 -0800] "GET //adsthrowsales.click/wp-includes/js/jquery/ui/core.min.js HTTP/1.0" 508 288 "-" "Mozilla/5.0 (Windows; U; Windows NT 6.0; en-GB; rv:1.9.0.11) Gecko/2009060215 Firefox/3.0.11 (.NET CLR 3.5.30729)"
3.14.10.38 - - [22/Nov/2024:07:59:26 -0800] "GET //adsthrowsales.click/wp-includes/js/jquery/ui/dialog.min.js HTTP/1.0" 508 288 "-" "SonyEricssonW995/R1EA Profile/MIDP-2.1 Configuration/CLDC-1.1 UNTRUSTED/1.0"
3.14.10.38 - - [22/Nov/2024:07:59:26 -0800] "GET //adsthrowsales.click/wp-includes/js/jquery/ui/menu.min.js HTTP/1.0" 508 288 "-" "Mozilla/5.0 (Linux; Android 8.0.0; WAS-LX1A) AppleWebKit/537.36 (KHTML, like Gecko) Chrome/86.0.4240.198 Mobile Safari/537.36"
3.14.10.38 - - [22/Nov/2024:07:59:26 -0800] "GET //adsthrowsales.click/wp-includes/js/jquery/ui/mouse.min.js HTTP/1.0" 508 288 "-" "Xenu Link Sleuth/1.3.8"
3.14.10.38 - - [22/Nov/2024:07:59:26 -0800] "GET //adsthrowsales.click/wp-includes/js/jquery/ui/resizable.min.js HTTP/1.0" 508 288 "-" "Mozilla/5.0 (iPhone; CPU iPhone OS 15_1 like Mac OS X) AppleWebKit/605.1.15 (KHTML, like Gecko) Mobile/15E148 OPT/3.2.13"
3.14.10.38 - - [22/Nov/2024:07:59:26 -0800] "GET //adsthrowsales.click/wp-includes/js/jquery/ui/selectmenu.min.js HTTP/1.0" 508 288 "-" "Opera/9.80 (Windows NT 6.1; U; en) Presto/2.7.62 Version/11.01"
3.14.10.38 - - [22/Nov/2024:07:59:26 -0800] "GET //adsthrowsales.click/wp-includes/js/json2.min.js HTTP/1.0" 508 288 "-" "Mozilla/5.0 (Symbian/3; Series60/5.2 NokiaE6-00/021.002; Profile/MIDP-2.1 Configuration/CLDC-1.1) AppleWebKit/533.4 (KHTML, like Gecko) NokiaBrowser/7.3.1.16 Mobile Safari/533.4 3gpp-gba"
3.14.10.38 - - [22/Nov/2024:07:59:26 -0800] "GET //adsthrowsales.click/wp-includes/js/masonry.min.js HTTP/1.0" 508 288 "-" "Mozilla/5.0 (Linux; Android 11; SM-A217F) AppleWebKit/537.36 (KHTML, like Gecko) Chrome/100.0.4896.127 Mobile Safari/537.36"
3.14.10.38 - - [22/Nov/2024:07:59:26 -0800] "GET //adsthrowsales.click/wp-includes/js/media-audiovideo.min.js HTTP/1.0" 508 288 "-" "Mozilla/5.0 (Windows NT 10.0; Win64; x64) AppleWebKit/537.36 (KHTML, like Gecko) Chrome/99.0.4844.84 Safari/537.36 OPR/85.0.4341.79 (Edition Campaign 76)"
3.14.10.38 - - [22/Nov/2024:07:59:27 -0800] "GET //adsthrowsales.click/wp-includes/js/plupload/moxie.min.js HTTP/1.0" 508 288 "-" "Mozilla/5.0 (Linux; Android 6.0; HTC One M9 Build/MRA58K) AppleWebKit/537.36 (KHTML, like Gecko) Chrome/52.0.2743.98 Mobile Safari/537.36"
3.14.10.38 - - [22/Nov/2024:07:59:27 -0800] "GET //adsthrowsales.click/wp-includes/js/underscore.min.js HTTP/1.0" 508 288 "-" "Mozilla/5.0 (Linux; Android 5.0.2; SAMSUNG SM-T530NU Build/LRX22G) AppleWebKit/537.36 (KHTML, like Gecko) SamsungBrowser/3.2 Chrome/38.0.2125.102 Safari/537.36"
3.14.10.38 - - [22/Nov/2024:07:59:27 -0800] "GET //adsthrowsales.click/wp-includes/js/plupload/wp-plupload.min.js HTTP/1.0" 508 288 "-" "Mozilla/5.0 (X11; U; Linux x86_64; en-US) AppleWebKit/537.36 (KHTML, like Gecko) Chrome/30.0.1599.114 Safari/537.36 Puffin/4.5.0IT"
3.14.10.38 - - [22/Nov/2024:07:59:27 -0800] "GET //adsthrowsales.click/wp-includes/js/shortcode.min.js HTTP/1.0" 508 288 "-" "Mozilla/5.0 (X11; U; Linux x86_64; en-US; rv:1.9.1.3) Gecko/20091020 Linux Mint/8 (Helena) Firefox/3.5.3"
3.14.10.38 - - [22/Nov/2024:07:59:27 -0800] "GET //adsthrowsales.click/wp-includes/js/media-views.min.js HTTP/1.0" 508 288 "-" "Mozilla/5.0 (Macintosh; Intel Mac OS X 10_15_6) AppleWebKit/605.1.15 (KHTML, like Gecko) Version/13.1.2 Safari/605.1.15"
3.14.10.38 - - [22/Nov/2024:07:59:27 -0800] "GET //adsthrowsales.click/wp-includes/js/plupload/plupload.min.js HTTP/1.0" 508 288 "-" "Links (2.1pre15; Linux 2.4.26 i686; 158x61)"
3.14.10.38 - - [22/Nov/2024:07:59:27 -0800] "GET //adsthrowsales.click/wp-includes/js/wp-util.min.js HTTP/1.0" 508 288 "-" "Mozilla/5.0 (Macintosh; Intel Mac OS X 10_15_4) AppleWebKit/537.36 (KHTML, like Gecko) Chrome/101.0.4951.54 Safari/537.36"
3.14.10.38 - - [22/Nov/2024:07:59:27 -0800] "GET /default.js HTTP/1.0" 508 288 "-" "Mozilla/5.0 (Linux; Android 12; SM-G780G) AppleWebKit/537.36 (KHTML, like Gecko) Chrome/100.0.4896.127 Mobile Safari/537.36"
3.14.10.38 - - [22/Nov/2024:07:59:27 -0800] "GET //adsthrowsales.click/wp-includes/js/utils.min.js HTTP/1.0" 508 288 "-" "Mozilla/5.0 (Linux; Android 11; SM-A505F) AppleWebKit/537.36 (KHTML, like Gecko) Chrome/101.0.4951.61 Mobile Safari/537.36"
3.14.10.38 - - [22/Nov/2024:07:59:27 -0800] "GET //adsthrowsales.click/wp-includes/js/wp-backbone.min.js HTTP/1.0" 508 288 "-" "Mozilla/5.0 (X11; Linux x86_64) AppleWebKit/536.5 (KHTML, like Gecko) Chrome/19.0.1084.9 Safari/536.5"
3.14.10.38 - - [22/Nov/2024:07:59:27 -0800] "GET /wp-emoji-release.min.js HTTP/1.0" 508 288 "-" "Mozilla/5.0 (Linux; U; Android 4.4.2; en-us; GT-P5210 Build/KOT49H) AppleWebKit/534.30 (KHTML, like Gecko) Version/4.0 Safari/534.30"
209.182.200.39 - - [22/Nov/2024:07:59:28 -0800] "POST /wp-cron.php?doing_wp_cron=1732291168.3409829139709472656250 HTTP/1.0" 508 288 "-" "WordPress/6.7.1; https://adsthrowsales.click"
3.14.10.38 - - [22/Nov/2024:07:59:20 -0800] "GET //adsthrowsales.click/wp-content/plugins/elementor/assets/js/frontend.min.js HTTP/1.0" 301 - "-" "Mozilla/5.0 (Macintosh; Intel Mac OS X 10_9_5) AppleWebKit/537.36 (KHTML, like Gecko) Chrome/67.0.3396.87 Safari/537.36"
3.14.10.38 - - [22/Nov/2024:07:59:20 -0800] "GET //adsthrowsales.click/wp-content/plugins/elementor-pro/assets/js/webpack-pro.runtime.min.js HTTP/1.0" 301 - "-" "Mozilla/5.0 (compatible; YandexNews/4.0; +http://yandex.com/bots)"
3.14.10.38 - - [22/Nov/2024:07:59:20 -0800] "GET //adsthrowsales.click/wp-content/plugins/elkit/assets/js/parallax-frontend-scripts.js HTTP/1.0" 301 - "-" "Mozilla/5.0 (Macintosh; Intel Mac OS X 10_6_8) AppleWebKit/535.7 (KHTML, like Gecko) Chrome/16.0.912.36 Safari/535.7"
3.14.10.38 - - [22/Nov/2024:07:59:20 -0800] "GET //adsthrowsales.click/wp-content/plugins/directorypress/assets/js/directorypress-public.js HTTP/1.0" 301 - "-" "Mozilla/5.0 (X11; CrOS aarch64 14388.61.0) AppleWebKit/537.36 (KHTML, like Gecko) Chrome/98.0.4758.107 Safari/537.36"
3.14.10.38 - - [22/Nov/2024:07:59:20 -0800] "GET //adsthrowsales.click/wp-content/themes/classiadspro/js/slick.min.js HTTP/1.0" 301 - "-" "Mozilla/5.0 (Windows; U; ; en-NZ) AppleWebKit/527  (KHTML, like Gecko, Safari/419.3) Arora/0.8.0"
3.14.10.38 - - [22/Nov/2024:07:59:20 -0800] "GET //adsthrowsales.click/wp-content/plugins/header-footer-builder/assets/public/js/frontend.js HTTP/1.0" 301 - "-" "Mozilla/5.0 (X11; U; Linux i686; en-US) AppleWebKit/532.8 (KHTML, like Gecko) Chrome/4.0.277.0 Safari/532.8"
3.14.10.38 - - [22/Nov/2024:07:59:20 -0800] "GET //adsthrowsales.click/wp-content/plugins/directorypress-frontend/assets/js/directorypress-frontend-public.js HTTP/1.0" 301 - "-" "Mozilla/5.0 (OS/2; Warp 4.5; rv:31.0) Gecko/20100101 Firefox/31.0 SeaMonkey/2.28"
3.14.10.38 - - [22/Nov/2024:07:59:20 -0800] "GET //adsthrowsales.click/wp-content/plugins/directorypress-frontend/assets/js/chart.min.js HTTP/1.0" 301 - "-" "Mozilla/5.0 (Windows NT 6.1; Win64; x64) AppleWebKit/537.36 (KHTML, like Gecko) Chrome/100.0.4896.127 Safari/537.36"
3.14.10.38 - - [22/Nov/2024:07:59:20 -0800] "GET //adsthrowsales.click/wp-content/themes/classiadspro/js/select2.min.js HTTP/1.0" 301 - "-" "CSSCheck/1.2.2"
3.14.10.38 - - [22/Nov/2024:07:59:20 -0800] "GET //adsthrowsales.click/wp-content/plugins/header-footer-builder/assets/public/js/menu.js HTTP/1.0" 301 - "-" "Mozilla/5.0 (Windows NT 10.0; Win64; x64) AppleWebKit/537.36 (KHTML, like Gecko) Chrome/101.0.4951.64 Safari/537.36 Edg/101.0.1210.47"
3.14.10.38 - - [22/Nov/2024:07:59:20 -0800] "GET //adsthrowsales.click/wp-content/themes/classiadspro/includes/assets/js/social-icon-widget.js HTTP/1.0" 301 - "-" "Mozilla/5.0 (Windows; U; Win98; en-US; rv:1.4) Gecko Netscape/7.1 (ax)"
3.14.10.38 - - [22/Nov/2024:07:59:20 -0800] "GET //adsthrowsales.click/wp-includes/js/media-audiovideo.min.js HTTP/1.0" 301 - "-" "Mozilla/5.0 (X11; Linux i686) AppleWebKit/534.34 (KHTML, like Gecko) QupZilla/1.2.0 Safari/534.34"
3.14.10.38 - - [22/Nov/2024:07:59:20 -0800] "GET //adsthrowsales.click/wp-includes/js/jquery/ui/selectmenu.min.js HTTP/1.0" 301 - "-" "Mozilla/5.0 (compatible; Exabot/3.0;  http://www.exabot.com/go/robot)"
3.14.10.38 - - [22/Nov/2024:07:59:20 -0800] "GET //adsthrowsales.click/wp-content/plugins/directorypress-claim-listing/assets/js/scripts.js HTTP/1.0" 301 - "-" "Mozilla/5.0 (Macintosh; Intel Mac OS X 10_15_7) AppleWebKit/537.36 (KHTML, like Gecko) Chrome/98.0.4758.102 Safari/537.36"
3.14.10.38 - - [22/Nov/2024:07:59:20 -0800] "GET //adsthrowsales.click/wp-content/plugins/directorypress-frontend/assets/js/directorypress-frontend-profile.js HTTP/1.0" 301 - "-" "Mozilla/5.0 (X11; CrOS i686 2268.111.0) AppleWebKit/536.11 (KHTML, like Gecko) Chrome/20.0.1132.57 Safari/536.11"
3.14.10.38 - - [22/Nov/2024:07:59:20 -0800] "GET //adsthrowsales.click/wp-includes/js/jquery/ui/mouse.min.js HTTP/1.0" 301 - "-" "Mozilla/5.0 (iPad; CPU OS 15_4_1 like Mac OS X) AppleWebKit/605.1.15 (KHTML, like Gecko) Mobile/15E148 Flipboard/4.2.142"
3.14.10.38 - - [22/Nov/2024:07:59:20 -0800] "GET //adsthrowsales.click/wp-content/plugins/form-builder-wp/assets/js/jquery.blockUI.min.js HTTP/1.0" 301 - "-" "Mozilla/5.0 (X11; U; Linux x86_64; en-US; rv:1.9.0.3) Gecko/2008092814 (Debian-3.0.1-1)"
3.14.10.38 - - [22/Nov/2024:07:59:20 -0800] "GET //adsthrowsales.click/wp-content/themes/classiadspro/js/bootstrap.min.js HTTP/1.0" 301 - "-" "Mozilla/5.0 (iPhone; CPU iPhone OS 15_4 like Mac OS X) AppleWebKit/605.1.15 (KHTML, like Gecko) GSA/209.1.445234187 Mobile/15E148 Safari/604.1"
