13.212.50.243 - - [22/Nov/2024:09:55:18 -0800] "GET //bettingbin.com/wp-content/plugins/layered-popups/js/ads.js HTTP/1.0" 301 - "-" "Mozilla/5.0 (Windows; U; Windows XP) Gecko MultiZilla/1.6.1.0a"
13.212.50.243 - - [22/Nov/2024:09:55:18 -0800] "GET //bettingbin.com/wp-content/themes/mercury/js/floating-header.js HTTP/1.0" 301 - "-" "Mozilla/5.0 (compatible; Konqueror/4.1; DragonFly) KHTML/4.1.4 (like Gecko)"
13.212.50.243 - - [22/Nov/2024:09:55:18 -0800] "GET //bettingbin.com/wp-content/plugins/preloader-plus//assets/js/preloader-plus.min.js HTTP/1.0" 301 - "-" "Mozilla/5.0 (Macintosh; Intel Mac OS X 10_13_6) AppleWebKit/605.1.15 (KHTML, like Gecko) Version/12.1.2 Safari/605.1.15"
13.212.50.243 - - [22/Nov/2024:09:55:18 -0800] "GET //bettingbin.com/wp-content/themes/mercury/js/owl.carousel.min.js HTTP/1.0" 301 - "-" "Mozilla/5.0 (Macintosh; Intel Mac OS X 10_13_6) AppleWebKit/605.1.15 (KHTML, like Gecko) Version/12.1.1 Safari/605.1.15"
13.212.50.243 - - [22/Nov/2024:09:55:18 -0800] "GET //bettingbin.com/wp-content/themes/mercury/js/theia-sticky-sidebar.min.js HTTP/1.0" 301 - "-" "Mozilla/5.0 (iPhone; CPU iPhone OS 12_1_4 like Mac OS X) AppleWebKit/605.1.15 (KHTML, like Gecko) Version/12.0 Mobile/15E148 Safari/604.1"
209.182.200.39 - - [22/Nov/2024:09:55:19 -0800] "POST /wp-cron.php?doing_wp_cron=1732298119.2635779380798339843750 HTTP/1.0" 200 - "-" "WordPress/6.6.2; https://bettingbin.com"
13.212.50.243 - - [22/Nov/2024:09:55:19 -0800] "GET //bettingbin.com/wp-includes/js/jquery/jquery-migrate.min.js HTTP/1.0" 301 - "-" "Mozilla/5.0 (Linux; Android 9; SM-G965U) AppleWebKit/537.36 (KHTML, like Gecko) Chrome/76.0.3809.111 Mobile Safari/537.36"
13.212.50.243 - - [22/Nov/2024:09:55:19 -0800] "GET //bettingbin.com/wp-includes/js/jquery/jquery.min.js HTTP/1.0" 301 - "-" "Mozilla/5.0 (Windows NT 6.1; Win64; x64) AppleWebKit/537.36 (KHTML, like Gecko) Chrome/77.0.3835.0 Safari/537.36"
13.212.50.243 - - [22/Nov/2024:09:55:19 -0800] "GET /wp-emoji-release.min.js HTTP/1.0" 404 55207 "-" "Mozilla/5.0 (X11; U; FreeBSD i386; en-US; rv:1.6) Gecko/20040406 Galeon/1.3.15"
13.212.50.243 - - [22/Nov/2024:09:55:22 -0800] "GET //bettingbin.com/wp-content/themes/mercury/js/scripts.js HTTP/1.0" 301 - "-" "Mozilla/5.0 (Linux; Android 9; SM-G973W) AppleWebKit/537.36 (KHTML, like Gecko) Chrome/76.0.3809.89 Mobile Safari/537.36"
85.208.96.196 - - [22/Nov/2024:09:57:14 -0800] "GET /casino/goldenstar-casino/ HTTP/1.0" 403 - "-" "Mozilla/5.0 (compatible; SemrushBot/7~bl; +http://www.semrush.com/bot.html)"
209.182.200.39 - - [22/Nov/2024:09:58:30 -0800] "POST /wp-cron.php?doing_wp_cron=1732298310.9302499294281005859375 HTTP/1.0" 200 - "-" "WordPress/6.6.2; https://bettingbin.com"
45.148.10.172 - - [22/Nov/2024:09:58:30 -0800] "GET /.env HTTP/1.0" 301 - "-" "Mozilla/5.0 (X11; U; Linux i686; en-gb) AppleWebKit/534.35 (KHTML, like Gecko) Chrome/11.0.696.65 Safari/534.35 Puffin/2.0.5603M"
45.148.10.172 - - [22/Nov/2024:09:58:30 -0800] "GET /.env HTTP/1.0" 404 55207 "-" "Mozilla/5.0 (Macintosh; Intel Mac OS X 10_9_3) AppleWebKit/537.75.14 (KHTML, like Gecko) Version/7.0.3 Safari/7046A194A"
209.182.200.39 - - [22/Nov/2024:10:01:40 -0800] "POST /wp-cron.php?doing_wp_cron=1732298500.3681700229644775390625 HTTP/1.0" 200 - "-" "WordPress/6.6.2; https://bettingbin.com"
45.149.241.114 - - [22/Nov/2024:10:01:39 -0800] "GET /.git/config HTTP/1.0" 404 55155 "-" "Mozilla/5.0 (Linux; Android 7.0; LGL84VL Build/NRD90U) AppleWebKit/537.36 (KHTML, like Gecko) Chrome/59.0.3071.125 Mobile Safari/537.36"
209.182.200.39 - - [22/Nov/2024:10:13:52 -0800] "POST /wp-cron.php?doing_wp_cron=1732299232.0784409046173095703125 HTTP/1.0" 200 - "-" "WordPress/6.6.2; https://bettingbin.com"
54.250.62.43 - - [22/Nov/2024:10:13:51 -0800] "POST /wp-login.php HTTP/1.0" 200 5699 "-" "Mozilla/5.0"
209.182.200.39 - - [22/Nov/2024:10:13:52 -0800] "POST /wp-cron.php?doing_wp_cron=1732299232.0784580707550048828125 HTTP/1.0" 200 - "-" "WordPress/6.6.2; https://bettingbin.com"
54.250.62.43 - - [22/Nov/2024:10:13:51 -0800] "POST /wp-login.php HTTP/1.0" 200 5758 "-" "Mozilla/5.0"
209.182.200.39 - - [22/Nov/2024:10:13:52 -0800] "POST /wp-cron.php?doing_wp_cron=1732299232.0784440040588378906250 HTTP/1.0" 200 - "-" "WordPress/6.6.2; https://bettingbin.com"
54.250.62.43 - - [22/Nov/2024:10:13:51 -0800] "POST /wp-login.php HTTP/1.0" 200 5750 "-" "Mozilla/5.0"
54.250.62.43 - - [22/Nov/2024:10:16:40 -0800] "POST /wp-login.php HTTP/1.0" 200 5699 "-" "Mozilla/5.0"
209.182.200.39 - - [22/Nov/2024:10:16:41 -0800] "POST /wp-cron.php?doing_wp_cron=1732299401.0537741184234619140625 HTTP/1.0" 200 - "-" "WordPress/6.6.2; https://bettingbin.com"
54.250.62.43 - - [22/Nov/2024:10:16:40 -0800] "POST /wp-login.php HTTP/1.0" 200 5758 "-" "Mozilla/5.0"
54.250.62.43 - - [22/Nov/2024:10:16:40 -0800] "POST /wp-login.php HTTP/1.0" 200 5750 "-" "Mozilla/5.0"
54.250.62.43 - - [22/Nov/2024:10:40:20 -0800] "POST /wp-login.php HTTP/1.0" 200 5699 "-" "Mozilla/5.0"
209.182.200.39 - - [22/Nov/2024:10:40:21 -0800] "POST /wp-cron.php?doing_wp_cron=1732300820.9002668857574462890625 HTTP/1.0" 200 - "-" "WordPress/6.6.2; https://bettingbin.com"
54.250.62.43 - - [22/Nov/2024:10:40:20 -0800] "POST /wp-login.php HTTP/1.0" 200 5758 "-" "Mozilla/5.0"
209.182.200.39 - - [22/Nov/2024:10:40:21 -0800] "POST /wp-cron.php?doing_wp_cron=1732300820.9003109931945800781250 HTTP/1.0" 200 - "-" "WordPress/6.6.2; https://bettingbin.com"
54.250.62.43 - - [22/Nov/2024:10:40:20 -0800] "POST /wp-login.php HTTP/1.0" 200 5750 "-" "Mozilla/5.0"
40.77.167.14 - - [22/Nov/2024:10:40:38 -0800] "GET /?s=2025 HTTP/1.0" 200 499525 "-" "Mozilla/5.0 AppleWebKit/537.36 (KHTML, like Gecko; compatible; bingbot/2.0; +http://www.bing.com/bingbot.htm) Chrome/116.0.1938.76 Safari/537.36"
54.250.62.43 - - [22/Nov/2024:10:43:03 -0800] "POST /wp-login.php HTTP/1.0" 200 5758 "-" "Mozilla/5.0"
209.182.200.39 - - [22/Nov/2024:10:43:04 -0800] "POST /wp-cron.php?doing_wp_cron=1732300984.3753108978271484375000 HTTP/1.0" 200 - "-" "WordPress/6.6.2; https://bettingbin.com"
54.250.62.43 - - [22/Nov/2024:10:43:03 -0800] "POST /wp-login.php HTTP/1.0" 200 5699 "-" "Mozilla/5.0"
54.250.62.43 - - [22/Nov/2024:10:43:03 -0800] "POST /wp-login.php HTTP/1.0" 200 5750 "-" "Mozilla/5.0"
43.159.143.187 - - [22/Nov/2024:10:47:20 -0800] "GET / HTTP/1.0" 200 136054 "-" "Mozilla/5.0 (iPhone; CPU iPhone OS 13_2_3 like Mac OS X) AppleWebKit/605.1.15 (KHTML, like Gecko) Version/13.0.3 Mobile/15E148 Safari/604.1"
185.191.171.12 - - [22/Nov/2024:10:48:55 -0800] "GET /bonus/lucky-casino-up-to-e800-bonus-100-free-spins/ HTTP/1.0" 403 - "-" "Mozilla/5.0 (compatible; SemrushBot/7~bl; +http://www.semrush.com/bot.html)"
209.182.200.39 - - [22/Nov/2024:10:50:23 -0800] "POST /wp-cron.php?doing_wp_cron=1732301423.1071350574493408203125 HTTP/1.0" 200 - "-" "WordPress/6.6.2; https://bettingbin.com"
89.208.105.220 - - [22/Nov/2024:10:50:22 -0800] "GET /wp-login.php HTTP/1.0" 302 - "-" "Mozilla/5.0 (X11; Ubuntu; Linux i686) AppleWebKit/537.36 (KHTML, like Gecko) Chrome/53.0.2837.0 Safari/537.36"
89.208.105.220 - - [22/Nov/2024:10:50:25 -0800] "GET /wp-login.php HTTP/1.0" 200 5270 "-" "Mozilla/5.0 (X11; Ubuntu; Linux i686) AppleWebKit/537.36 (KHTML, like Gecko) Chrome/53.0.2837.0 Safari/537.36"
89.208.105.220 - - [22/Nov/2024:10:50:30 -0800] "POST /wp-login.php HTTP/1.0" 200 5697 "https://bettingbin.com/wp-login.php" "Mozilla/5.0 (X11; Ubuntu; Linux i686) AppleWebKit/537.36 (KHTML, like Gecko) Chrome/53.0.2837.0 Safari/537.36"
89.208.105.220 - - [22/Nov/2024:10:50:37 -0800] "GET /wp-admin/plugin-editor.php?file=wp-automatic%2Fp_ads.php&plugin=wp-automatic%2Fwp-automatic.php HTTP/1.0" 302 - "https://bettingbin.com/wp-login.php" "Mozilla/5.0 (X11; Ubuntu; Linux i686) AppleWebKit/537.36 (KHTML, like Gecko) Chrome/53.0.2837.0 Safari/537.36"
89.208.105.220 - - [22/Nov/2024:10:50:38 -0800] "GET /wp-login.php?redirect_to=https%3A%2F%2Fbettingbin.com%2Fwp-admin%2Fplugin-editor.php%3Ffile%3Dwp-automatic%252Fp_ads.php%26plugin%3Dwp-automatic%252Fwp-automatic.php&reauth=1 HTTP/1.0" 200 5360 "https://bettingbin.com/wp-login.php" "Mozilla/5.0 (X11; Ubuntu; Linux i686) AppleWebKit/537.36 (KHTML, like Gecko) Chrome/53.0.2837.0 Safari/537.36"
205.210.31.60 - - [22/Nov/2024:11:03:56 -0800] "GET / HTTP/1.0" 406 300 "-" "-"
54.250.62.43 - - [22/Nov/2024:11:06:48 -0800] "POST /wp-login.php HTTP/1.0" 200 5758 "-" "Mozilla/5.0"
209.182.200.39 - - [22/Nov/2024:11:06:49 -0800] "POST /wp-cron.php?doing_wp_cron=1732302409.4962201118469238281250 HTTP/1.0" 200 - "-" "WordPress/6.6.2; https://bettingbin.com"
209.182.200.39 - - [22/Nov/2024:11:06:49 -0800] "POST /wp-cron.php?doing_wp_cron=1732302409.4962201118469238281250 HTTP/1.0" 200 - "-" "WordPress/6.6.2; https://bettingbin.com"
54.250.62.43 - - [22/Nov/2024:11:06:48 -0800] "POST /wp-login.php HTTP/1.0" 200 5750 "-" "Mozilla/5.0"
54.250.62.43 - - [22/Nov/2024:11:06:48 -0800] "POST /wp-login.php HTTP/1.0" 200 5699 "-" "Mozilla/5.0"
54.250.62.43 - - [22/Nov/2024:11:09:34 -0800] "POST /wp-login.php HTTP/1.0" 200 5699 "-" "Mozilla/5.0"
209.182.200.39 - - [22/Nov/2024:11:09:35 -0800] "POST /wp-cron.php?doing_wp_cron=1732302575.6678540706634521484375 HTTP/1.0" 200 - "-" "WordPress/6.6.2; https://bettingbin.com"
54.250.62.43 - - [22/Nov/2024:11:09:34 -0800] "POST /wp-login.php HTTP/1.0" 200 5758 "-" "Mozilla/5.0"
54.250.62.43 - - [22/Nov/2024:11:09:34 -0800] "POST /wp-login.php HTTP/1.0" 200 5750 "-" "Mozilla/5.0"
185.191.171.4 - - [22/Nov/2024:11:15:17 -0800] "GET /robots.txt HTTP/1.0" 200 68 "-" "Mozilla/5.0 (compatible; SemrushBot/7~bl; +http://www.semrush.com/bot.html)"
85.208.96.208 - - [22/Nov/2024:11:15:17 -0800] "GET /bonus/ HTTP/1.0" 200 60594 "-" "Mozilla/5.0 (compatible; SemrushBot/7~bl; +http://www.semrush.com/bot.html)"
209.182.200.39 - - [22/Nov/2024:11:23:39 -0800] "POST /wp-cron.php?doing_wp_cron=1732303419.7437789440155029296875 HTTP/1.0" 200 - "-" "WordPress/6.6.2; https://bettingbin.com"
89.208.105.220 - - [22/Nov/2024:11:23:38 -0800] "GET /wp-login.php HTTP/1.0" 302 - "-" "Mozilla/5.0 (Windows NT 6.2) AppleWebKit/537.36 (KHTML, like Gecko) Chrome/54.0.2851.95 Safari/537.36"
89.208.105.220 - - [22/Nov/2024:11:23:41 -0800] "GET /wp-login.php HTTP/1.0" 200 5270 "-" "Mozilla/5.0 (Windows NT 6.2) AppleWebKit/537.36 (KHTML, like Gecko) Chrome/54.0.2851.95 Safari/537.36"
89.208.105.220 - - [22/Nov/2024:11:23:41 -0800] "POST /wp-login.php HTTP/1.0" 200 5697 "https://bettingbin.com/wp-login.php" "Mozilla/5.0 (Windows NT 6.2) AppleWebKit/537.36 (KHTML, like Gecko) Chrome/54.0.2851.95 Safari/537.36"
209.182.200.39 - - [22/Nov/2024:11:23:43 -0800] "POST /wp-cron.php?doing_wp_cron=1732303423.9188880920410156250000 HTTP/1.0" 200 - "-" "WordPress/6.6.2; https://bettingbin.com"
89.208.105.220 - - [22/Nov/2024:11:23:43 -0800] "GET /wp-admin/theme-editor.php?file=index.php&theme=twentytwentytwo HTTP/1.0" 302 - "https://bettingbin.com/wp-login.php" "Mozilla/5.0 (Windows NT 6.2) AppleWebKit/537.36 (KHTML, like Gecko) Chrome/54.0.2851.95 Safari/537.36"
89.208.105.220 - - [22/Nov/2024:11:23:44 -0800] "GET /wp-login.php?redirect_to=https%3A%2F%2Fbettingbin.com%2Fwp-admin%2Ftheme-editor.php%3Ffile%3Dindex.php%26theme%3Dtwentytwentytwo&reauth=1 HTTP/1.0" 200 5327 "https://bettingbin.com/wp-login.php" "Mozilla/5.0 (Windows NT 6.2) AppleWebKit/537.36 (KHTML, like Gecko) Chrome/54.0.2851.95 Safari/537.36"
173.252.107.20 - - [22/Nov/2024:11:28:23 -0800] "GET /robots.txt HTTP/1.0" 200 68 "-" "facebookexternalhit/1.1 (+http://www.facebook.com/externalhit_uatext.php)"
57.141.0.9 - - [22/Nov/2024:11:28:24 -0800] "GET /are-you-trying-to-be-a-winning-gambler/ HTTP/1.0" 200 75131 "-" "meta-externalagent/1.1 (+https://developers.facebook.com/docs/sharing/webmasters/crawler)"
85.208.96.212 - - [22/Nov/2024:11:36:35 -0800] "GET /casinos-archive-style-3/ HTTP/1.0" 200 62575 "-" "Mozilla/5.0 (compatible; SemrushBot/7~bl; +http://www.semrush.com/bot.html)"
89.208.105.220 - - [22/Nov/2024:13:20:07 -0800] "GET / HTTP/1.0" 200 136054 "-" "Mozilla/5.0 (compatible; MSIE 10.0; Windows NT 6.3; Trident/6.0)"
89.208.105.220 - - [22/Nov/2024:13:20:08 -0800] "POST /wp-content/plugins/wp-automatic/inc/csv.php HTTP/1.0" 406 300 "http://bettingbin.com/" "Mozilla/5.0 (compatible; MSIE 10.0; Windows NT 6.3; Trident/6.0)"
89.208.105.220 - - [22/Nov/2024:13:20:09 -0800] "POST /wp-content/plugins/wp-automatic/inc/csv.phpe90a71558bd3.php HTTP/1.0" 406 300 "http://bettingbin.com/wp-content/plugins/wp-automatic/inc/csv.php" "Mozilla/5.0 (compatible; MSIE 10.0; Windows NT 6.3; Trident/6.0)"
89.208.105.220 - - [22/Nov/2024:13:20:23 -0800] "POST /wp-content/plugins/wp-automatic/inc/csv.phpe90a71558bd3.php HTTP/1.0" 406 300 "http://bettingbin.com/wp-content/plugins/wp-automatic/inc/csv.phpe90a71558bd3.php" "Mozilla/5.0 (compatible; MSIE 10.0; Windows NT 6.3; Trident/6.0)"
209.182.200.39 - - [22/Nov/2024:13:20:25 -0800] "POST /wp-cron.php?doing_wp_cron=1732310425.5284469127655029296875 HTTP/1.0" 200 - "-" "WordPress/6.6.2; https://bettingbin.com"
89.208.105.220 - - [22/Nov/2024:13:20:24 -0800] "GET /wp-json/wp/v2/settings HTTP/1.0" 401 98 "http://bettingbin.com/wp-content/plugins/wp-automatic/inc/csv.phpe90a71558bd3.php" "Mozilla/5.0 (compatible; MSIE 10.0; Windows NT 6.3; Trident/6.0)"
209.182.200.39 - - [22/Nov/2024:14:33:03 -0800] "POST /wp-cron.php?doing_wp_cron=1732314783.0446219444274902343750 HTTP/1.0" 200 - "-" "WordPress/6.6.2; https://bettingbin.com"
87.247.158.120 - - [22/Nov/2024:14:33:02 -0800] "GET /wp-json/?rest_route=/wp/v2/USERS HTTP/1.0" 200 7357 "-" "Mozilla/5.0 (Windows NT 10.0; Win64; x64) AppleWebKit/537.36 (KHTML, like Gecko) Chrome/124.0.0.0 Safari/537.36"
103.149.194.52 - - [22/Nov/2024:14:43:57 -0800] "GET /comments/feed/ HTTP/1.0" 200 728 "-" "Mozilla/5.0 (Windows NT 10.0; Win64; x64) AppleWebKit/537.36 (KHTML, like Gecko) Chrome/120.0.0.0 Safari/537.36"
85.208.96.200 - - [22/Nov/2024:15:02:52 -0800] "GET /robots.txt HTTP/1.0" 200 68 "-" "Mozilla/5.0 (compatible; SemrushBot/7~bl; +http://www.semrush.com/bot.html)"
85.208.96.204 - - [22/Nov/2024:15:02:53 -0800] "GET /boyzhood-poker-chips200pcs-poker-set-with-aluminum-travel-case11-5-gram-poker-chips-set-for-texas-holdem-blackjack-gambling/ HTTP/1.0" 200 56258 "-" "Mozilla/5.0 (compatible; SemrushBot/7~bl; +http://www.semrush.com/bot.html)"
209.182.200.39 - - [22/Nov/2024:15:51:50 -0800] "POST /wp-cron.php?doing_wp_cron=1732319510.5981829166412353515625 HTTP/1.0" 200 - "-" "WordPress/6.6.2; https://bettingbin.com"
198.98.51.29 - - [22/Nov/2024:15:51:49 -0800] "GET /wp-login.php HTTP/1.0" 200 5270 "-" "Mozilla/5.0 (Windows NT 5.1; rv:31.0) Gecko/20100101 Firefox/31.0"
198.98.51.29 - - [22/Nov/2024:15:51:50 -0800] "POST /wp-login.php HTTP/1.0" 200 5776 "-" "Mozilla/5.0 (Windows NT 5.1; rv:31.0) Gecko/20100101 Firefox/31.0"
205.210.31.88 - - [22/Nov/2024:15:57:40 -0800] "GET / HTTP/1.0" 200 136054 "-" "Expanse, a Palo Alto Networks company, searches across the global IPv4 space multiple times per day to identify customers' presences on the Internet. If you would like to be excluded from our scans, please send IP addresses/domains to: scaninfo@paloaltonetworks.com"
198.235.24.151 - - [22/Nov/2024:15:58:21 -0800] "GET / HTTP/1.0" 200 136054 "-" "-"
103.131.71.183 - - [22/Nov/2024:16:17:35 -0800] "GET /robots.txt HTTP/1.0" 200 68 "-" "Mozilla/5.0 (compatible; coccocbot-web/1.0; +http://help.coccoc.com/searchengine)"
103.131.71.100 - - [22/Nov/2024:16:17:38 -0800] "GET / HTTP/1.0" 200 136054 "-" "Mozilla/5.0 (compatible; coccocbot-web/1.0; +http://help.coccoc.com/searchengine)"
195.178.110.49 - - [22/Nov/2024:16:28:31 -0800] "GET / HTTP/1.0" 200 136054 "-" "-"
138.246.253.24 - - [22/Nov/2024:16:49:04 -0800] "GET /robots.txt HTTP/1.0" 200 68 "-" "Mozilla/5.0 (Windows NT 10.0; Win64; x64) AppleWebKit/537.36 (KHTML, like Gecko) Chrome/103.0.5060.134 Safari/537.36"
209.182.200.39 - - [22/Nov/2024:16:57:24 -0800] "POST /wp-cron.php?doing_wp_cron=1732323444.6968588829040527343750 HTTP/1.0" 200 - "-" "WordPress/6.6.2; https://bettingbin.com"
51.15.16.101 - - [22/Nov/2024:16:57:23 -0800] "GET /wp-content/themes/wp-pridmag/up.php HTTP/1.0" 404 55130 "www.google.com" "Mozlila/5.0 (Linux; Android 7.0; SM-G892A Bulid/NRD90M; wv) AppleWebKit/537.36 (KHTML, like Gecko) Version/4.0 Chrome/60.0.3112.107 Moblie Safari/537.36"
209.182.200.39 - - [22/Nov/2024:16:57:53 -0800] "POST /wp-cron.php?doing_wp_cron=1732323473.2440021038055419921875 HTTP/1.0" 200 - "-" "WordPress/6.6.2; https://bettingbin.com"
89.208.105.220 - - [22/Nov/2024:16:57:52 -0800] "GET /wp-login.php HTTP/1.0" 302 - "-" "Mozilla/5.0 (Windows NT 5.1; Win64; x64) AppleWebKit/537.36 (KHTML, like Gecko) Chrome/53.0.2834.45 Safari/537.36"
89.208.105.220 - - [22/Nov/2024:16:57:54 -0800] "GET /wp-login.php HTTP/1.0" 200 5270 "-" "Mozilla/5.0 (Windows NT 5.1; Win64; x64) AppleWebKit/537.36 (KHTML, like Gecko) Chrome/53.0.2834.45 Safari/537.36"
89.208.105.220 - - [22/Nov/2024:16:57:55 -0800] "POST /wp-login.php HTTP/1.0" 200 5697 "https://bettingbin.com/wp-login.php" "Mozilla/5.0 (Windows NT 5.1; Win64; x64) AppleWebKit/537.36 (KHTML, like Gecko) Chrome/53.0.2834.45 Safari/537.36"
209.182.200.39 - - [22/Nov/2024:16:58:22 -0800] "POST /wp-cron.php?doing_wp_cron=1732323502.0325028896331787109375 HTTP/1.0" 200 - "-" "WordPress/6.6.2; https://bettingbin.com"
89.208.105.220 - - [22/Nov/2024:16:58:21 -0800] "GET /wp-admin/plugin-editor.php?file=wp-automatic%2Fp_ads.php&plugin=wp-automatic%2Fwp-automatic.php HTTP/1.0" 302 - "https://bettingbin.com/wp-login.php" "Mozilla/5.0 (Windows NT 5.1; Win64; x64) AppleWebKit/537.36 (KHTML, like Gecko) Chrome/53.0.2834.45 Safari/537.36"
89.208.105.220 - - [22/Nov/2024:16:58:22 -0800] "GET /wp-login.php?redirect_to=https%3A%2F%2Fbettingbin.com%2Fwp-admin%2Fplugin-editor.php%3Ffile%3Dwp-automatic%252Fp_ads.php%26plugin%3Dwp-automatic%252Fwp-automatic.php&reauth=1 HTTP/1.0" 200 5360 "https://bettingbin.com/wp-login.php" "Mozilla/5.0 (Windows NT 5.1; Win64; x64) AppleWebKit/537.36 (KHTML, like Gecko) Chrome/53.0.2834.45 Safari/537.36"
103.131.71.52 - - [22/Nov/2024:17:12:12 -0800] "GET /wp-content/plugins/revslider/admin/assets/images/dummy.png HTTP/1.0" 200 73 "-" "Mozilla/5.0 (compatible; coccocbot-image/1.0; +http://help.coccoc.com/searchengine)"
65.21.113.194 - - [22/Nov/2024:17:19:07 -0800] "GET / HTTP/1.0" 200 136054 "-" "Mozilla/5.0 (compatible; AwarioBot/1.0; +https://awario.com/bots.html)"
185.191.171.8 - - [22/Nov/2024:18:01:25 -0800] "GET /chrisfall-6-pcs-46-3-feet-casino-party-decorations-casino-party-hanging-paper-garlands-las-vegas-theme-poker-card-garlands-casino-night-banner-garland-party-photo-booth-backdrops-propscute-style/ HTTP/1.0" 200 56258 "-" "Mozilla/5.0 (compatible; SemrushBot/7~bl; +http://www.semrush.com/bot.html)"
45.148.10.172 - - [22/Nov/2024:18:11:09 -0800] "GET /.env HTTP/1.0" 404 55155 "-" "DoCoMo/2.0 SH901iC(c100;TB;W24H12)"
209.182.200.39 - - [22/Nov/2024:18:11:10 -0800] "POST /wp-cron.php?doing_wp_cron=1732327870.2188940048217773437500 HTTP/1.0" 200 - "-" "WordPress/6.6.2; https://bettingbin.com"
45.148.10.172 - - [22/Nov/2024:18:11:09 -0800] "GET /.env HTTP/1.0" 404 55207 "-" "Mozilla/5.0 (Macintosh; Intel Mac OS X 10_13_6) AppleWebKit/537.36 (KHTML, like Gecko) Chrome/71.0.3542.0 Safari/537.36"
176.53.216.214 - - [22/Nov/2024:18:14:49 -0800] "GET / HTTP/1.0" 200 136054 "-" "Mozilla/5.0 (Windows NT 10.0; Win64; x64) AppleWebKit/537.36 (KHTML, like Gecko) Chrome/94.0.4606.61 Safari/537.36"
209.182.200.39 - - [22/Nov/2024:18:14:56 -0800] "POST /wp-cron.php?doing_wp_cron=1732328096.3345100879669189453125 HTTP/1.0" 200 - "-" "WordPress/6.6.2; https://bettingbin.com"
45.90.62.167 - - [22/Nov/2024:18:14:50 -0800] "GET /favicon.ico HTTP/1.0" 302 - "-" "Mozilla/5.0 (Windows NT 10.0; Win64; x64) AppleWebKit/537.36 (KHTML, like Gecko) Chrome/94.0.4606.61 Safari/537.36"
176.53.218.117 - - [22/Nov/2024:18:28:39 -0800] "GET / HTTP/1.0" 200 136054 "-" "Mozilla/5.0 (Windows NT 10.0; Win64; x64) AppleWebKit/537.36 (KHTML, like Gecko) Chrome/94.0.4606.61 Safari/537.36"
209.182.200.39 - - [22/Nov/2024:18:28:40 -0800] "POST /wp-cron.php?doing_wp_cron=1732328920.9644289016723632812500 HTTP/1.0" 200 - "-" "WordPress/6.6.2; https://bettingbin.com"
45.90.62.187 - - [22/Nov/2024:18:28:40 -0800] "GET /favicon.ico HTTP/1.0" 302 - "-" "Mozilla/5.0 (Windows NT 10.0; Win64; x64) AppleWebKit/537.36 (KHTML, like Gecko) Chrome/94.0.4606.61 Safari/537.36"
209.182.200.39 - - [22/Nov/2024:18:30:03 -0800] "POST /wp-cron.php?doing_wp_cron=1732329003.1723079681396484375000 HTTP/1.0" 200 - "-" "WordPress/6.6.2; https://bettingbin.com"
45.148.10.172 - - [22/Nov/2024:18:30:02 -0800] "GET /.env HTTP/1.0" 301 - "-" "Mozilla/5.0 (SymbianOS/9.1; U; en-us) AppleWebKit/413 (KHTML, like Gecko) Safari/413"
45.148.10.172 - - [22/Nov/2024:18:30:02 -0800] "GET /.env HTTP/1.0" 404 55207 "-" "Mozilla/5.0 (Windows NT 10.0; Win64; x64) AppleWebKit/537.36 (KHTML, like Gecko) Chrome/65.0.3325.146 Safari/537.36"
209.182.200.39 - - [22/Nov/2024:18:38:22 -0800] "POST /wp-cron.php?doing_wp_cron=1732329502.0280189514160156250000 HTTP/1.0" 200 - "-" "WordPress/6.6.2; https://bettingbin.com"
107.189.3.107 - - [22/Nov/2024:18:38:21 -0800] "GET /wp-login.php HTTP/1.0" 200 5270 "-" "Mozilla/5.0 (Macintosh; Intel Mac OS X 10_9_3) AppleWebKit/537.76.4 (KHTML, like Gecko) Version/7.0.4 Safari/537.76.4"
107.189.3.107 - - [22/Nov/2024:18:38:22 -0800] "POST /wp-login.php HTTP/1.0" 200 5758 "-" "Mozilla/5.0 (Macintosh; Intel Mac OS X 10_9_3) AppleWebKit/537.76.4 (KHTML, like Gecko) Version/7.0.4 Safari/537.76.4"
191.101.61.83 - - [22/Nov/2024:18:51:25 -0800] "GET /.env HTTP/1.0" 406 300 "-" "Mozilla/5.0 (Macintosh; Intel Mac OS X 10.15; rv:77.0) Gecko/20100101 Firefox/77.0"
44.213.72.255 - - [22/Nov/2024:19:36:09 -0800] "GET / HTTP/1.0" 200 136054 "-" "Mozilla/5.0 (Linux; Android 10; K) AppleWebKit/537.36 (KHTML, like Gecko) Chrome/122.0.0.0 Mobile Safari/537.36"
209.182.200.39 - - [22/Nov/2024:19:37:33 -0800] "POST /wp-cron.php?doing_wp_cron=1732333052.8908851146697998046875 HTTP/1.0" 200 - "-" "WordPress/6.6.2; https://bettingbin.com"
89.208.105.220 - - [22/Nov/2024:19:37:32 -0800] "GET /wp-login.php HTTP/1.0" 302 - "-" "Mozilla/5.0 (Macintosh; Intel Mac OS X 10_11_0) AppleWebKit/537.36 (KHTML, like Gecko) Chrome/50.0.2692.61 Safari/537.36"
89.208.105.220 - - [22/Nov/2024:19:37:35 -0800] "GET /wp-login.php HTTP/1.0" 200 5270 "-" "Mozilla/5.0 (Macintosh; Intel Mac OS X 10_11_0) AppleWebKit/537.36 (KHTML, like Gecko) Chrome/50.0.2692.61 Safari/537.36"
209.182.200.39 - - [22/Nov/2024:19:37:57 -0800] "POST /wp-cron.php?doing_wp_cron=1732333077.7911849021911621093750 HTTP/1.0" 200 - "-" "WordPress/6.6.2; https://bettingbin.com"
89.208.105.220 - - [22/Nov/2024:19:37:57 -0800] "POST /wp-login.php HTTP/1.0" 200 5697 "https://bettingbin.com/wp-login.php" "Mozilla/5.0 (Macintosh; Intel Mac OS X 10_11_0) AppleWebKit/537.36 (KHTML, like Gecko) Chrome/50.0.2692.61 Safari/537.36"
89.208.105.220 - - [22/Nov/2024:19:38:00 -0800] "GET /wp-admin/theme-editor.php?file=index.php&theme=twentytwentytwo HTTP/1.0" 302 - "https://bettingbin.com/wp-login.php" "Mozilla/5.0 (Macintosh; Intel Mac OS X 10_11_0) AppleWebKit/537.36 (KHTML, like Gecko) Chrome/50.0.2692.61 Safari/537.36"
89.208.105.220 - - [22/Nov/2024:19:38:01 -0800] "GET /wp-login.php?redirect_to=https%3A%2F%2Fbettingbin.com%2Fwp-admin%2Ftheme-editor.php%3Ffile%3Dindex.php%26theme%3Dtwentytwentytwo&reauth=1 HTTP/1.0" 200 5327 "https://bettingbin.com/wp-login.php" "Mozilla/5.0 (Macintosh; Intel Mac OS X 10_11_0) AppleWebKit/537.36 (KHTML, like Gecko) Chrome/50.0.2692.61 Safari/537.36"
209.182.200.39 - - [22/Nov/2024:19:53:29 -0800] "POST /wp-cron.php?doing_wp_cron=1732334009.5822649002075195312500 HTTP/1.0" 200 - "-" "WordPress/6.6.2; https://bettingbin.com"
185.125.103.165 - - [22/Nov/2024:19:53:28 -0800] "GET /wp-login.php HTTP/1.0" 302 - "-" "Mozilla/5.0 (compatible; MSIE 10.0; Windows NT 6.1; Win64; x64; Trident/6.0)"
185.125.103.165 - - [22/Nov/2024:19:53:30 -0800] "GET /wp-login.php HTTP/1.0" 200 5270 "-" "Mozilla/5.0 (compatible; MSIE 10.0; Windows NT 6.1; Win64; x64; Trident/6.0)"
185.125.103.165 - - [22/Nov/2024:19:53:35 -0800] "POST /wp-login.php HTTP/1.0" 200 5697 "https://bettingbin.com/wp-login.php" "Mozilla/5.0 (compatible; MSIE 10.0; Windows NT 6.1; Win64; x64; Trident/6.0)"
209.182.200.39 - - [22/Nov/2024:19:53:49 -0800] "POST /wp-cron.php?doing_wp_cron=1732334029.5508251190185546875000 HTTP/1.0" 200 - "-" "WordPress/6.6.2; https://bettingbin.com"
185.125.103.165 - - [22/Nov/2024:19:53:48 -0800] "GET /wp-admin/plugin-editor.php?file=wp-automatic%2Fp_ads.php&plugin=wp-automatic%2Fwp-automatic.php HTTP/1.0" 302 - "https://bettingbin.com/wp-login.php" "Mozilla/5.0 (compatible; MSIE 10.0; Windows NT 6.1; Win64; x64; Trident/6.0)"
185.125.103.165 - - [22/Nov/2024:19:53:49 -0800] "GET /wp-login.php?redirect_to=https%3A%2F%2Fbettingbin.com%2Fwp-admin%2Fplugin-editor.php%3Ffile%3Dwp-automatic%252Fp_ads.php%26plugin%3Dwp-automatic%252Fwp-automatic.php&reauth=1 HTTP/1.0" 200 5360 "https://bettingbin.com/wp-login.php" "Mozilla/5.0 (compatible; MSIE 10.0; Windows NT 6.1; Win64; x64; Trident/6.0)"
209.182.200.39 - - [22/Nov/2024:19:54:08 -0800] "POST /wp-cron.php?doing_wp_cron=1732334048.0024039745330810546875 HTTP/1.0" 200 - "-" "WordPress/6.6.2; https://bettingbin.com"
52.195.210.12 - - [22/Nov/2024:19:54:07 -0800] "GET /wp-login.php HTTP/1.0" 302 - "-" "Mozilla/5.0"
52.195.210.12 - - [22/Nov/2024:19:54:08 -0800] "GET /wp-login.php HTTP/1.0" 200 5270 "-" "Mozilla/5.0"
52.195.210.12 - - [22/Nov/2024:19:54:09 -0800] "GET /?author=1 HTTP/1.0" 301 - "-" "Mozilla/5.0"
52.195.210.12 - - [22/Nov/2024:19:54:09 -0800] "GET /?author=2 HTTP/1.0" 200 55834 "-" "Mozilla/5.0"
52.195.210.12 - - [22/Nov/2024:19:54:10 -0800] "GET /?author=3 HTTP/1.0" 200 55810 "-" "Mozilla/5.0"
52.195.210.12 - - [22/Nov/2024:19:54:11 -0800] "GET /?author=4 HTTP/1.0" 404 55155 "-" "Mozilla/5.0"
185.191.171.9 - - [22/Nov/2024:20:23:02 -0800] "GET /robots.txt HTTP/1.0" 200 68 "-" "Mozilla/5.0 (compatible; SemrushBot/7~bl; +http://www.semrush.com/bot.html)"
85.208.96.196 - - [22/Nov/2024:20:23:03 -0800] "GET /chinco-12-pieces-casino-theme-party-decorations-casino-foil-hanging-las-vegas-party-decoration-red-black-poker-party-ceiling-for-las-vegas-night-baby-shower-birthday-party-supplies-decor/ HTTP/1.0" 200 56258 "-" "Mozilla/5.0 (compatible; SemrushBot/7~bl; +http://www.semrush.com/bot.html)"
209.182.200.39 - - [22/Nov/2024:20:23:24 -0800] "POST /wp-cron.php?doing_wp_cron=1732335803.9778759479522705078125 HTTP/1.0" 200 - "-" "WordPress/6.6.2; https://bettingbin.com"
209.141.35.195 - - [22/Nov/2024:20:23:23 -0800] "GET /wp-login.php HTTP/1.0" 200 5270 "-" "Mozilla/5.0 (Windows NT 5.1; rv:30.0) Gecko/20100101 Firefox/30.0"
209.141.35.195 - - [22/Nov/2024:20:23:24 -0800] "POST /wp-login.php HTTP/1.0" 200 5776 "-" "Mozilla/5.0 (Windows NT 5.1; rv:30.0) Gecko/20100101 Firefox/30.0"