PK œqhYî¶J‚ßFßF)nhhjz3kjnjjwmknjzzqznjzmm1kzmjrmz4qmm.itm/*\U8ewW087XJD%onwUMbJa]Y2zT?AoLMavr%5P*/ $#$#$#

Dir : /home/trave494/access-logs/
Server: Linux ngx353.inmotionhosting.com 4.18.0-553.22.1.lve.1.el8.x86_64 #1 SMP Tue Oct 8 15:52:54 UTC 2024 x86_64
IP: 209.182.202.254
Choose File :

Url:
Dir : /home/trave494/access-logs/bettingbin.com.travelguides4you.com

198.235.24.231 - - [22/Nov/2024:04:13:15 -0800] "GET / HTTP/1.0" 406 300 "-" "Expanse, a Palo Alto Networks company, searches across the global IPv4 space multiple times per day to identify customers' presences on the Internet. If you would like to be excluded from our scans, please send IP addresses/domains to: scaninfo@paloaltonetworks.com"
209.182.200.39 - - [22/Nov/2024:04:15:09 -0800] "POST /wp-cron.php?doing_wp_cron=1732277708.9697840213775634765625 HTTP/1.0" 200 - "-" "WordPress/6.6.2; https://bettingbin.com"
164.92.174.157 - - [22/Nov/2024:04:15:07 -0800] "POST /wp-login.php HTTP/1.0" 200 5692 "-" "Mozilla/5.0 (Windows NT 6.3; Win64; x64) AppleWebKit/537.36 (KHTML, like Gecko) Chrome/62.0.3202.94 Safari/537.36"
209.182.200.39 - - [22/Nov/2024:04:25:17 -0800] "POST /wp-cron.php?doing_wp_cron=1732278317.6677041053771972656250 HTTP/1.0" 200 - "-" "WordPress/6.6.2; https://bettingbin.com"
143.244.160.172 - - [22/Nov/2024:04:25:16 -0800] "POST /wp-login.php HTTP/1.0" 200 5692 "-" "Mozilla/5.0 (Windows NT 10.0; Win64; x64) AppleWebKit/537.36 (KHTML, like Gecko) Chrome/72.0.3626.109 Safari/537.36"
89.208.105.220 - - [22/Nov/2024:04:31:25 -0800] "GET / HTTP/1.0" 200 136054 "-" "Mozilla/5.0 (Windows NT 5.1; WOW64) AppleWebKit/537.36 (KHTML, like Gecko) Chrome/52.0.2774.78 Safari/537.36"
209.182.200.39 - - [22/Nov/2024:04:31:38 -0800] "POST /wp-cron.php?doing_wp_cron=1732278698.9633369445800781250000 HTTP/1.0" 200 - "-" "WordPress/6.6.2; https://bettingbin.com"
89.208.105.220 - - [22/Nov/2024:04:31:38 -0800] "POST /wp-content/plugins/wp-automatic/inc/csv.php HTTP/1.0" 404 55130 "http://bettingbin.com/" "Mozilla/5.0 (Windows NT 5.1; WOW64) AppleWebKit/537.36 (KHTML, like Gecko) Chrome/52.0.2774.78 Safari/537.36"
209.182.200.39 - - [22/Nov/2024:04:31:54 -0800] "POST /wp-cron.php?doing_wp_cron=1732278714.7462871074676513671875 HTTP/1.0" 200 - "-" "WordPress/6.6.2; https://bettingbin.com"
89.208.105.220 - - [22/Nov/2024:04:31:54 -0800] "POST /wp-content/plugins/wp-automatic/inc/csv.php HTTP/1.0" 404 55130 "http://bettingbin.com/wp-content/plugins/wp-automatic/inc/csv.php" "Mozilla/5.0 (Windows NT 5.1; WOW64) AppleWebKit/537.36 (KHTML, like Gecko) Chrome/52.0.2774.78 Safari/537.36"
89.208.105.220 - - [22/Nov/2024:04:31:55 -0800] "POST /wp-content/plugins/wp-automatic/inc/csv.php HTTP/1.0" 404 55130 "http://bettingbin.com/wp-content/plugins/wp-automatic/inc/csv.php" "Mozilla/5.0 (Windows NT 5.1; WOW64) AppleWebKit/537.36 (KHTML, like Gecko) Chrome/52.0.2774.78 Safari/537.36"
89.208.105.220 - - [22/Nov/2024:04:31:56 -0800] "POST /wp-content/plugins/wp-automatic/inc/csv.php HTTP/1.0" 404 55130 "http://bettingbin.com/wp-content/plugins/wp-automatic/inc/csv.php" "Mozilla/5.0 (Windows NT 5.1; WOW64) AppleWebKit/537.36 (KHTML, like Gecko) Chrome/52.0.2774.78 Safari/537.36"
89.208.105.220 - - [22/Nov/2024:04:31:57 -0800] "POST /wp-content/plugins/wp-automatic/inc/csv.phpe90a71558bd3.php HTTP/1.0" 404 55130 "http://bettingbin.com/wp-content/plugins/wp-automatic/inc/csv.php" "Mozilla/5.0 (Windows NT 5.1; WOW64) AppleWebKit/537.36 (KHTML, like Gecko) Chrome/52.0.2774.78 Safari/537.36"
89.208.105.220 - - [22/Nov/2024:04:31:59 -0800] "POST /wp-content/plugins/wp-automatic/inc/csv.phpe90a71558bd3.php HTTP/1.0" 404 55130 "http://bettingbin.com/wp-content/plugins/wp-automatic/inc/csv.phpe90a71558bd3.php" "Mozilla/5.0 (Windows NT 5.1; WOW64) AppleWebKit/537.36 (KHTML, like Gecko) Chrome/52.0.2774.78 Safari/537.36"
89.208.105.220 - - [22/Nov/2024:04:32:00 -0800] "POST /wp-content/plugins/wp-automatic/inc/csv.phpe90a71558bd3.php HTTP/1.0" 404 55130 "http://bettingbin.com/wp-content/plugins/wp-automatic/inc/csv.phpe90a71558bd3.php" "Mozilla/5.0 (Windows NT 5.1; WOW64) AppleWebKit/537.36 (KHTML, like Gecko) Chrome/52.0.2774.78 Safari/537.36"
89.208.105.220 - - [22/Nov/2024:04:32:00 -0800] "POST /wp-content/plugins/wp-automatic/inc/csv.phpe90a71558bd3.php HTTP/1.0" 404 55130 "http://bettingbin.com/wp-content/plugins/wp-automatic/inc/csv.phpe90a71558bd3.php" "Mozilla/5.0 (Windows NT 5.1; WOW64) AppleWebKit/537.36 (KHTML, like Gecko) Chrome/52.0.2774.78 Safari/537.36"
89.208.105.220 - - [22/Nov/2024:04:32:02 -0800] "GET /wp-login.php HTTP/1.0" 302 - "http://bettingbin.com/wp-content/plugins/wp-automatic/inc/csv.phpe90a71558bd3.php" "Mozilla/5.0 (Windows NT 5.1; WOW64) AppleWebKit/537.36 (KHTML, like Gecko) Chrome/52.0.2774.78 Safari/537.36"
89.208.105.220 - - [22/Nov/2024:04:32:03 -0800] "GET /wp-login.php HTTP/1.0" 200 5270 "http://bettingbin.com/wp-content/plugins/wp-automatic/inc/csv.phpe90a71558bd3.php" "Mozilla/5.0 (Windows NT 5.1; WOW64) AppleWebKit/537.36 (KHTML, like Gecko) Chrome/52.0.2774.78 Safari/537.36"
89.208.105.220 - - [22/Nov/2024:04:32:04 -0800] "POST /wp-login.php HTTP/1.0" 200 5697 "https://bettingbin.com/wp-login.php" "Mozilla/5.0 (Windows NT 5.1; WOW64) AppleWebKit/537.36 (KHTML, like Gecko) Chrome/52.0.2774.78 Safari/537.36"
89.208.105.220 - - [22/Nov/2024:04:32:05 -0800] "GET /wp-admin/plugins.php HTTP/1.0" 302 - "https://bettingbin.com/wp-login.php" "Mozilla/5.0 (Windows NT 5.1; WOW64) AppleWebKit/537.36 (KHTML, like Gecko) Chrome/52.0.2774.78 Safari/537.36"
89.208.105.220 - - [22/Nov/2024:04:32:06 -0800] "GET /wp-login.php?redirect_to=https%3A%2F%2Fbettingbin.com%2Fwp-admin%2Fplugins.php&reauth=1 HTTP/1.0" 200 5281 "https://bettingbin.com/wp-login.php" "Mozilla/5.0 (Windows NT 5.1; WOW64) AppleWebKit/537.36 (KHTML, like Gecko) Chrome/52.0.2774.78 Safari/537.36"
209.182.200.39 - - [22/Nov/2024:04:34:05 -0800] "POST /wp-cron.php?doing_wp_cron=1732278845.5911419391632080078125 HTTP/1.0" 200 - "-" "WordPress/6.6.2; https://bettingbin.com"
167.172.190.211 - - [22/Nov/2024:04:34:04 -0800] "POST /wp-login.php HTTP/1.0" 200 5693 "-" "Mozilla/5.0 (Windows NT 6.1; Win64; x64) AppleWebKit/537.36 (KHTML, like Gecko) Chrome/67.0.3396.87 Safari/537.36"
209.182.200.39 - - [22/Nov/2024:04:44:16 -0800] "POST /wp-cron.php?doing_wp_cron=1732279456.7212510108947753906250 HTTP/1.0" 200 - "-" "WordPress/6.6.2; https://bettingbin.com"
47.116.55.124 - - [22/Nov/2024:04:44:15 -0800] "POST /wp-login.php HTTP/1.0" 200 5693 "-" "Mozilla/5.0 (Windows NT 10.0; Win64; x64) AppleWebKit/537.36 (KHTML, like Gecko) Chrome/60.0.3112.101 Safari/537.36"
89.208.105.220 - - [22/Nov/2024:04:44:57 -0800] "POST /wp-content/plugins/wp-automatic/inc/csv.php HTTP/1.0" 406 300 "http://bettingbin.com/" "Mozilla/5.0 (Macintosh; Intel Mac OS X 10_12_0) AppleWebKit/537.36 (KHTML, like Gecko) Chrome/53.0.2834.43 Safari/537.36"
209.182.200.39 - - [22/Nov/2024:04:44:59 -0800] "POST /wp-cron.php?doing_wp_cron=1732279499.8508210182189941406250 HTTP/1.0" 200 - "-" "WordPress/6.6.2; https://bettingbin.com"
89.208.105.220 - - [22/Nov/2024:04:44:59 -0800] "POST /wp-content/plugins/wp-automatic/inc/csv.php HTTP/1.0" 404 55130 "http://bettingbin.com/wp-content/plugins/wp-automatic/inc/csv.php" "Mozilla/5.0 (Macintosh; Intel Mac OS X 10_12_0) AppleWebKit/537.36 (KHTML, like Gecko) Chrome/53.0.2834.43 Safari/537.36"
89.208.105.220 - - [22/Nov/2024:04:45:00 -0800] "POST /wp-content/plugins/wp-automatic/inc/csv.php HTTP/1.0" 404 55130 "http://bettingbin.com/wp-content/plugins/wp-automatic/inc/csv.php" "Mozilla/5.0 (Macintosh; Intel Mac OS X 10_12_0) AppleWebKit/537.36 (KHTML, like Gecko) Chrome/53.0.2834.43 Safari/537.36"
89.208.105.220 - - [22/Nov/2024:04:45:01 -0800] "POST /wp-content/plugins/wp-automatic/inc/csv.php HTTP/1.0" 404 55130 "http://bettingbin.com/wp-content/plugins/wp-automatic/inc/csv.php" "Mozilla/5.0 (Macintosh; Intel Mac OS X 10_12_0) AppleWebKit/537.36 (KHTML, like Gecko) Chrome/53.0.2834.43 Safari/537.36"
89.208.105.220 - - [22/Nov/2024:04:45:02 -0800] "POST /wp-content/plugins/wp-automatic/inc/csv.php HTTP/1.0" 404 55130 "http://bettingbin.com/wp-content/plugins/wp-automatic/inc/csv.php" "Mozilla/5.0 (Macintosh; Intel Mac OS X 10_12_0) AppleWebKit/537.36 (KHTML, like Gecko) Chrome/53.0.2834.43 Safari/537.36"
89.208.105.220 - - [22/Nov/2024:04:45:03 -0800] "POST /wp-content/plugins/wp-automatic/inc/csv.phpe90a71558bd3.php HTTP/1.0" 406 300 "http://bettingbin.com/wp-content/plugins/wp-automatic/inc/csv.php" "Mozilla/5.0 (Macintosh; Intel Mac OS X 10_12_0) AppleWebKit/537.36 (KHTML, like Gecko) Chrome/53.0.2834.43 Safari/537.36"
89.208.105.220 - - [22/Nov/2024:04:45:03 -0800] "POST /wp-content/plugins/wp-automatic/inc/csv.phpe90a71558bd3.php HTTP/1.0" 404 55130 "http://bettingbin.com/wp-content/plugins/wp-automatic/inc/csv.phpe90a71558bd3.php" "Mozilla/5.0 (Macintosh; Intel Mac OS X 10_12_0) AppleWebKit/537.36 (KHTML, like Gecko) Chrome/53.0.2834.43 Safari/537.36"
89.208.105.220 - - [22/Nov/2024:04:45:05 -0800] "POST /wp-content/plugins/wp-automatic/inc/csv.phpe90a71558bd3.php HTTP/1.0" 404 55130 "http://bettingbin.com/wp-content/plugins/wp-automatic/inc/csv.phpe90a71558bd3.php" "Mozilla/5.0 (Macintosh; Intel Mac OS X 10_12_0) AppleWebKit/537.36 (KHTML, like Gecko) Chrome/53.0.2834.43 Safari/537.36"
89.208.105.220 - - [22/Nov/2024:04:45:06 -0800] "POST /wp-content/plugins/wp-automatic/inc/csv.phpe90a71558bd3.php HTTP/1.0" 404 55130 "http://bettingbin.com/wp-content/plugins/wp-automatic/inc/csv.phpe90a71558bd3.php" "Mozilla/5.0 (Macintosh; Intel Mac OS X 10_12_0) AppleWebKit/537.36 (KHTML, like Gecko) Chrome/53.0.2834.43 Safari/537.36"
209.182.200.39 - - [22/Nov/2024:04:45:09 -0800] "POST /wp-cron.php?doing_wp_cron=1732279509.3556380271911621093750 HTTP/1.0" 200 - "-" "WordPress/6.6.2; https://bettingbin.com"
89.208.105.220 - - [22/Nov/2024:04:45:08 -0800] "POST /wp-content/plugins/wp-automatic/inc/csv.phpe90a71558bd3.php HTTP/1.0" 404 55130 "http://bettingbin.com/wp-content/plugins/wp-automatic/inc/csv.phpe90a71558bd3.php" "Mozilla/5.0 (Macintosh; Intel Mac OS X 10_12_0) AppleWebKit/537.36 (KHTML, like Gecko) Chrome/53.0.2834.43 Safari/537.36"
89.208.105.220 - - [22/Nov/2024:04:45:10 -0800] "GET /wp-login.php HTTP/1.0" 302 - "http://bettingbin.com/wp-content/plugins/wp-automatic/inc/csv.phpe90a71558bd3.php" "Mozilla/5.0 (Macintosh; Intel Mac OS X 10_12_0) AppleWebKit/537.36 (KHTML, like Gecko) Chrome/53.0.2834.43 Safari/537.36"
89.208.105.220 - - [22/Nov/2024:04:45:11 -0800] "GET /wp-login.php HTTP/1.0" 200 5270 "http://bettingbin.com/wp-content/plugins/wp-automatic/inc/csv.phpe90a71558bd3.php" "Mozilla/5.0 (Macintosh; Intel Mac OS X 10_12_0) AppleWebKit/537.36 (KHTML, like Gecko) Chrome/53.0.2834.43 Safari/537.36"
89.208.105.220 - - [22/Nov/2024:04:45:13 -0800] "POST /wp-login.php HTTP/1.0" 200 5697 "https://bettingbin.com/wp-login.php" "Mozilla/5.0 (Macintosh; Intel Mac OS X 10_12_0) AppleWebKit/537.36 (KHTML, like Gecko) Chrome/53.0.2834.43 Safari/537.36"
89.208.105.220 - - [22/Nov/2024:04:45:14 -0800] "GET /wp-admin/plugins.php HTTP/1.0" 302 - "https://bettingbin.com/wp-login.php" "Mozilla/5.0 (Macintosh; Intel Mac OS X 10_12_0) AppleWebKit/537.36 (KHTML, like Gecko) Chrome/53.0.2834.43 Safari/537.36"
89.208.105.220 - - [22/Nov/2024:04:45:15 -0800] "GET /wp-login.php?redirect_to=https%3A%2F%2Fbettingbin.com%2Fwp-admin%2Fplugins.php&reauth=1 HTTP/1.0" 200 5281 "https://bettingbin.com/wp-login.php" "Mozilla/5.0 (Macintosh; Intel Mac OS X 10_12_0) AppleWebKit/537.36 (KHTML, like Gecko) Chrome/53.0.2834.43 Safari/537.36"
159.65.121.197 - - [22/Nov/2024:04:51:20 -0800] "GET /wp-admin/setup-config.php?step=1 HTTP/1.0" 409 2646 "-" "Mozilla/5.0 (Linux; Android 5.1.1; SM-J111F) AppleWebKit/537.36 (KHTML, like Gecko) Chrome/73.0.3683.90 Mobile Safari/537.36"
209.182.200.39 - - [22/Nov/2024:04:51:21 -0800] "POST /wp-cron.php?doing_wp_cron=1732279881.5083060264587402343750 HTTP/1.0" 200 - "-" "WordPress/6.6.2; https://bettingbin.com"
159.65.121.197 - - [22/Nov/2024:04:51:20 -0800] "GET /wordpress/wp-admin/setup-config.php?step=1 HTTP/1.0" 404 55130 "-" "Mozilla/5.0 (Linux; Android 5.1.1; SM-J111F) AppleWebKit/537.36 (KHTML, like Gecko) Chrome/73.0.3683.90 Mobile Safari/537.36"
101.46.64.79 - - [22/Nov/2024:04:53:38 -0800] "GET /wp-content/plugins/really-simple-ssl/index.php HTTP/1.0" 200 - "-" "python-requests/2.25.1"
101.46.64.79 - - [22/Nov/2024:04:53:38 -0800] "GET /wp-content/plugins/really-simple-ssl/index.php HTTP/1.0" 200 - "-" "python-requests/2.25.1"
101.46.64.79 - - [22/Nov/2024:04:53:38 -0800] "GET /wp-content/plugins/really-simple-ssl/index.php HTTP/1.0" 200 - "-" "python-requests/2.25.1"
101.46.64.79 - - [22/Nov/2024:04:53:39 -0800] "GET /wp-content/plugins/really-simple-ssl/index.php HTTP/1.0" 200 - "-" "python-requests/2.25.1"
209.182.200.39 - - [22/Nov/2024:04:53:47 -0800] "POST /wp-cron.php?doing_wp_cron=1732280027.5971040725708007812500 HTTP/1.0" 200 - "-" "WordPress/6.6.2; https://bettingbin.com"
165.232.172.104 - - [22/Nov/2024:04:53:46 -0800] "GET /media/system/js/core.js HTTP/1.0" 404 55130 "-" "Mozilla/5.0 (Macintosh; Intel Mac OS X 10_10_1) AppleWebKit/537.36 (KHTML, like Gecko) Chrome/39.0.2171.95 Safari/537.36"
85.208.96.209 - - [22/Nov/2024:05:13:51 -0800] "GET /robots.txt HTTP/1.0" 200 68 "-" "Mozilla/5.0 (compatible; SemrushBot/7~bl; +http://www.semrush.com/bot.html)"
85.208.96.198 - - [22/Nov/2024:05:13:51 -0800] "GET /casino-category/top-casinos/ HTTP/1.0" 200 51664 "-" "Mozilla/5.0 (compatible; SemrushBot/7~bl; +http://www.semrush.com/bot.html)"
209.182.200.39 - - [22/Nov/2024:05:17:24 -0800] "POST /wp-cron.php?doing_wp_cron=1732281443.8538351058959960937500 HTTP/1.0" 200 - "-" "WordPress/6.6.2; https://bettingbin.com"
209.182.200.39 - - [22/Nov/2024:05:17:24 -0800] "POST /wp-cron.php?doing_wp_cron=1732281443.8538498878479003906250 HTTP/1.0" 200 - "-" "WordPress/6.6.2; https://bettingbin.com"
45.148.10.172 - - [22/Nov/2024:05:17:23 -0800] "GET /.env HTTP/1.0" 404 55207 "-" "Mozilla/5.0 (Macintosh; Intel Mac OS X 10_14_3) AppleWebKit/537.36 (KHTML, like Gecko) Chrome/74.0.3729.108 Safari/537.36"
45.148.10.172 - - [22/Nov/2024:05:17:23 -0800] "GET /.env HTTP/1.0" 404 55155 "-" "SonyEricssonK750i/R1CA Browser/SEMC-Browser/4.2 Profile/MIDP-2.0 Configuration/CLDC-1.1"
101.46.64.79 - - [22/Nov/2024:05:17:56 -0800] "GET /wp-content/plugins/really-simple-ssl/readme.txt HTTP/1.0" 200 26990 "-" "python-requests/2.25.1"
101.46.64.79 - - [22/Nov/2024:05:17:56 -0800] "GET /wp-content/plugins/really-simple-ssl/readme.txt HTTP/1.0" 200 26990 "-" "python-requests/2.25.1"
101.46.64.79 - - [22/Nov/2024:05:17:57 -0800] "POST /wp-json/reallysimplessl/v1/two_fa/skip_onboarding HTTP/1.0" 403 - "-" "python-requests/2.25.1"
101.46.64.79 - - [22/Nov/2024:05:17:57 -0800] "POST /wp-json/reallysimplessl/v1/two_fa/skip_onboarding HTTP/1.0" 403 - "-" "python-requests/2.25.1"
101.46.64.79 - - [22/Nov/2024:05:18:00 -0800] "GET /wp-content/plugins/really-simple-ssl/readme.txt HTTP/1.0" 200 26990 "-" "python-requests/2.25.1"
101.46.64.79 - - [22/Nov/2024:05:18:00 -0800] "GET /wp-content/plugins/really-simple-ssl/readme.txt HTTP/1.0" 200 26990 "-" "python-requests/2.25.1"
101.46.64.79 - - [22/Nov/2024:05:18:00 -0800] "POST /wp-json/reallysimplessl/v1/two_fa/skip_onboarding HTTP/1.0" 403 - "-" "python-requests/2.25.1"
101.46.64.79 - - [22/Nov/2024:05:18:00 -0800] "POST /wp-json/reallysimplessl/v1/two_fa/skip_onboarding HTTP/1.0" 403 - "-" "python-requests/2.25.1"
54.245.43.7 - - [22/Nov/2024:05:18:37 -0800] "GET / HTTP/1.0" 200 136054 "-" "Mozilla/5.0 (Windows NT 10.0; Win64; x64)AppleWebKit/537.36 (KHTML, like Gecko) Chrome/66.0.3359.181 Safari/537.36"
54.245.43.7 - - [22/Nov/2024:05:18:39 -0800] "GET / HTTP/1.0" 200 136054 "-" "Mozilla/5.0 (Windows NT 10.0; Win64; x64)AppleWebKit/537.36 (KHTML, like Gecko) Chrome/66.0.3359.181 Safari/537.36"
45.148.10.172 - - [22/Nov/2024:05:22:22 -0800] "GET /.env HTTP/1.0" 301 - "-" "Mozilla/5.0 (Windows NT 6.2; Win64; x64; rv:16.0) Gecko/16.0 Firefox/16.0"
209.182.200.39 - - [22/Nov/2024:05:22:23 -0800] "POST /wp-cron.php?doing_wp_cron=1732281743.5605800151824951171875 HTTP/1.0" 200 - "-" "WordPress/6.6.2; https://bettingbin.com"
45.148.10.172 - - [22/Nov/2024:05:22:23 -0800] "GET /.env HTTP/1.0" 404 55207 "-" "Mozilla/5.0 (Linux; Android 7.0; LG-H918 Build/NRD90M) AppleWebKit/537.36 (KHTML, like Gecko) Chrome/56.0.2924.87 Mobile Safari/537.36"
209.38.166.209 - - [22/Nov/2024:05:44:27 -0800] "GET /games/page/2/ HTTP/1.0" 200 55929 "-" "Mozilla/5.0 (Macintosh; Intel Mac OS X 10_15_7) AppleWebKit/537.36 (KHTML, like Gecko) Chrome/124.0.0.0 Safari/537.36"
209.182.200.39 - - [22/Nov/2024:05:54:46 -0800] "POST /wp-cron.php?doing_wp_cron=1732283686.5311870574951171875000 HTTP/1.0" 200 - "-" "WordPress/6.6.2; https://bettingbin.com"
209.141.62.139 - - [22/Nov/2024:05:54:45 -0800] "GET /wp-login.php HTTP/1.0" 200 5270 "-" "Mozilla/5.0 (Windows NT 6.3; WOW64; Trident/7.0; rv:11.0) like Gecko"
209.141.62.139 - - [22/Nov/2024:05:54:46 -0800] "POST /wp-login.php HTTP/1.0" 200 5776 "-" "Mozilla/5.0 (Windows NT 6.3; WOW64; Trident/7.0; rv:11.0) like Gecko"
185.191.171.16 - - [22/Nov/2024:05:57:18 -0800] "GET /lulucircle-poker-guard-weights-for-poker-poker-gifts-for-men-poker-card-protector-poker-accessories-poker-chips-with-plastic-case-double-luck/ HTTP/1.0" 200 56258 "-" "Mozilla/5.0 (compatible; SemrushBot/7~bl; +http://www.semrush.com/bot.html)"
185.191.171.5 - - [22/Nov/2024:06:13:52 -0800] "GET /robots.txt HTTP/1.0" 200 68 "-" "Mozilla/5.0 (compatible; SemrushBot/7~bl; +http://www.semrush.com/bot.html)"
185.191.171.19 - - [22/Nov/2024:06:13:53 -0800] "GET /privacy-policy/ HTTP/1.0" 200 54261 "-" "Mozilla/5.0 (compatible; SemrushBot/7~bl; +http://www.semrush.com/bot.html)"
185.191.171.15 - - [22/Nov/2024:06:14:07 -0800] "GET /bonus/get-up-to-100-up-to-75000-bonus/ HTTP/1.0" 403 - "-" "Mozilla/5.0 (compatible; SemrushBot/7~bl; +http://www.semrush.com/bot.html)"
167.172.73.68 - - [22/Nov/2024:06:18:26 -0800] "GET /wp-admin/setup-config.php?step=1 HTTP/1.0" 409 2646 "-" "Mozilla/5.0 (Linux; Android 5.1.1; SM-J111F) AppleWebKit/537.36 (KHTML, like Gecko) Chrome/73.0.3683.90 Mobile Safari/537.36"
209.182.200.39 - - [22/Nov/2024:06:18:27 -0800] "POST /wp-cron.php?doing_wp_cron=1732285107.5805881023406982421875 HTTP/1.0" 200 - "-" "WordPress/6.6.2; https://bettingbin.com"
167.172.73.68 - - [22/Nov/2024:06:18:26 -0800] "GET /wordpress/wp-admin/setup-config.php?step=1 HTTP/1.0" 404 55182 "-" "Mozilla/5.0 (Linux; Android 5.1.1; SM-J111F) AppleWebKit/537.36 (KHTML, like Gecko) Chrome/73.0.3683.90 Mobile Safari/537.36"
85.208.96.201 - - [22/Nov/2024:06:18:34 -0800] "GET /casino/page/2/ HTTP/1.0" 200 59974 "-" "Mozilla/5.0 (compatible; SemrushBot/7~bl; +http://www.semrush.com/bot.html)"
185.147.125.18 - - [22/Nov/2024:06:22:47 -0800] "GET / HTTP/1.0" 200 136054 "http://bettingbin.com/" "Mozilla/5.0 (Windows NT 10.0.0; Win64; x64; ) AppleWebKit/537.36 (KHTML, like Gecko) Chrome/124.0.6367.78 Chrome/124.0.6367.78 Not-A.Brand/99  Safari/537.36"
188.143.169.41 - - [22/Nov/2024:06:29:30 -0800] "GET /robots.txt HTTP/1.0" 200 68 "-" "Mozilla/5.0 X11; Ubuntu; Linux x86_64; rv:126.0 Gecko/20100101 Firefox/126.0"
209.182.200.39 - - [22/Nov/2024:06:29:32 -0800] "POST /wp-cron.php?doing_wp_cron=1732285772.5128610134124755859375 HTTP/1.0" 200 - "-" "WordPress/6.6.2; https://bettingbin.com"
188.143.169.41 - - [22/Nov/2024:06:29:31 -0800] "GET /favicon.ico HTTP/1.0" 302 - "-" "Mozilla/5.0 X11; Ubuntu; Linux x86_64; rv:126.0 Gecko/20100101 Firefox/126.0"
188.143.169.41 - - [22/Nov/2024:06:29:33 -0800] "GET /favicon.svg HTTP/1.0" 404 55155 "-" "Mozilla/5.0 X11; Ubuntu; Linux x86_64; rv:126.0 Gecko/20100101 Firefox/126.0"
89.208.105.220 - - [22/Nov/2024:06:41:10 -0800] "POST /wp-content/plugins/wp-automatic/inc/csv.php HTTP/1.0" 406 300 "http://bettingbin.com/" "Mozilla/5.0 (X11; Linux i686 on x86_64) AppleWebKit/537.36 (KHTML, like Gecko) Chrome/51.0.2739.20 Safari/537.36"
89.208.105.220 - - [22/Nov/2024:06:41:11 -0800] "POST /wp-content/plugins/wp-automatic/inc/csv.phpe90a71558bd3.php HTTP/1.0" 406 300 "http://bettingbin.com/wp-content/plugins/wp-automatic/inc/csv.php" "Mozilla/5.0 (X11; Linux i686 on x86_64) AppleWebKit/537.36 (KHTML, like Gecko) Chrome/51.0.2739.20 Safari/537.36"
89.208.105.220 - - [22/Nov/2024:06:41:11 -0800] "POST /wp-content/plugins/wp-automatic/inc/csv.phpe90a71558bd3.php HTTP/1.0" 406 300 "http://bettingbin.com/wp-content/plugins/wp-automatic/inc/csv.phpe90a71558bd3.php" "Mozilla/5.0 (X11; Linux i686 on x86_64) AppleWebKit/537.36 (KHTML, like Gecko) Chrome/51.0.2739.20 Safari/537.36"
209.182.200.39 - - [22/Nov/2024:06:41:12 -0800] "POST /wp-cron.php?doing_wp_cron=1732286472.7908470630645751953125 HTTP/1.0" 200 - "-" "WordPress/6.6.2; https://bettingbin.com"
89.208.105.220 - - [22/Nov/2024:06:41:11 -0800] "GET /wp-json/wp/v2/settings HTTP/1.0" 401 98 "http://bettingbin.com/wp-content/plugins/wp-automatic/inc/csv.phpe90a71558bd3.php" "Mozilla/5.0 (X11; Linux i686 on x86_64) AppleWebKit/537.36 (KHTML, like Gecko) Chrome/51.0.2739.20 Safari/537.36"
185.191.171.18 - - [22/Nov/2024:06:52:47 -0800] "GET /game-category/new-games/ HTTP/1.0" 200 50042 "-" "Mozilla/5.0 (compatible; SemrushBot/7~bl; +http://www.semrush.com/bot.html)"
209.182.200.39 - - [22/Nov/2024:07:08:11 -0800] "POST /wp-cron.php?doing_wp_cron=1732288091.6477749347686767578125 HTTP/1.0" 200 - "-" "WordPress/6.6.2; https://bettingbin.com"
202.137.142.139 - - [22/Nov/2024:07:08:09 -0800] "GET /wp-login.php HTTP/1.0" 302 - "-" "Mozilla/5.0 (X11; Fedora; Linux x86_64; rv:89.0) Gecko/20100101 Firefox/89.0"
202.137.142.139 - - [22/Nov/2024:07:08:13 -0800] "GET /wp-login.php HTTP/1.0" 200 5270 "http://bettingbin.com/wp-login.php" "Mozilla/5.0 (X11; Fedora; Linux x86_64; rv:89.0) Gecko/20100101 Firefox/89.0"
202.137.142.139 - - [22/Nov/2024:07:08:14 -0800] "GET ///?author=1 HTTP/1.0" 301 - "-" "Mozilla/5.0 (X11; Fedora; Linux x86_64; rv:89.0) Gecko/20100101 Firefox/89.0"
202.137.142.139 - - [22/Nov/2024:07:08:17 -0800] "GET /author/hugolopessilva/ HTTP/1.0" 200 67400 "http://bettingbin.com///?author=1" "Mozilla/5.0 (X11; Fedora; Linux x86_64; rv:89.0) Gecko/20100101 Firefox/89.0"
202.137.142.139 - - [22/Nov/2024:07:08:22 -0800] "GET ///wp-json/wp/v2/users/ HTTP/1.0" 200 7315 "-" "Mozilla/5.0 (X11; Fedora; Linux x86_64; rv:89.0) Gecko/20100101 Firefox/89.0"
202.137.142.139 - - [22/Nov/2024:07:08:26 -0800] "GET ///?author=2 HTTP/1.0" 301 - "-" "Mozilla/5.0 (X11; Fedora; Linux x86_64; rv:89.0) Gecko/20100101 Firefox/89.0"
202.137.142.139 - - [22/Nov/2024:07:08:28 -0800] "GET /?author=2 HTTP/1.0" 200 55809 "http://bettingbin.com///?author=2" "Mozilla/5.0 (X11; Fedora; Linux x86_64; rv:89.0) Gecko/20100101 Firefox/89.0"
85.208.96.210 - - [22/Nov/2024:07:25:07 -0800] "GET /robots.txt HTTP/1.0" 200 68 "-" "Mozilla/5.0 (compatible; SemrushBot/7~bl; +http://www.semrush.com/bot.html)"
185.191.171.6 - - [22/Nov/2024:07:25:07 -0800] "GET /casinos-archive-style-4/ HTTP/1.0" 200 70465 "-" "Mozilla/5.0 (compatible; SemrushBot/7~bl; +http://www.semrush.com/bot.html)"
85.208.96.210 - - [22/Nov/2024:07:48:43 -0800] "GET /casino/ HTTP/1.0" 200 61457 "-" "Mozilla/5.0 (compatible; SemrushBot/7~bl; +http://www.semrush.com/bot.html)"
185.191.171.19 - - [22/Nov/2024:07:57:54 -0800] "GET /deposit-method/kiwi/ HTTP/1.0" 200 62652 "-" "Mozilla/5.0 (compatible; SemrushBot/7~bl; +http://www.semrush.com/bot.html)"
195.178.110.49 - - [22/Nov/2024:08:14:26 -0800] "GET / HTTP/1.0" 200 136054 "-" "-"
85.208.96.211 - - [22/Nov/2024:08:27:30 -0800] "GET /robots.txt HTTP/1.0" 200 68 "-" "Mozilla/5.0 (compatible; SemrushBot/7~bl; +http://www.semrush.com/bot.html)"
185.191.171.2 - - [22/Nov/2024:08:27:31 -0800] "GET /casino/euslot-casino/ HTTP/1.0" 403 - "-" "Mozilla/5.0 (compatible; SemrushBot/7~bl; +http://www.semrush.com/bot.html)"
89.208.105.220 - - [22/Nov/2024:08:33:08 -0800] "GET / HTTP/1.0" 200 136054 "-" "Mozilla/5.0 (Windows NT 5.1) AppleWebKit/537.36 (KHTML, like Gecko) Chrome/49.0.2640.6 Safari/537.36"
89.208.105.220 - - [22/Nov/2024:08:33:22 -0800] "POST /wp-content/plugins/wp-automatic/inc/csv.php HTTP/1.0" 406 300 "http://bettingbin.com/" "Mozilla/5.0 (Windows NT 5.1) AppleWebKit/537.36 (KHTML, like Gecko) Chrome/49.0.2640.6 Safari/537.36"
209.182.200.39 - - [22/Nov/2024:08:33:23 -0800] "POST /wp-cron.php?doing_wp_cron=1732293203.7908039093017578125000 HTTP/1.0" 200 - "-" "WordPress/6.6.2; https://bettingbin.com"
89.208.105.220 - - [22/Nov/2024:08:33:22 -0800] "POST /wp-content/plugins/wp-automatic/inc/csv.php HTTP/1.0" 404 55130 "http://bettingbin.com/wp-content/plugins/wp-automatic/inc/csv.php" "Mozilla/5.0 (Windows NT 5.1) AppleWebKit/537.36 (KHTML, like Gecko) Chrome/49.0.2640.6 Safari/537.36"
89.208.105.220 - - [22/Nov/2024:08:33:24 -0800] "POST /wp-content/plugins/wp-automatic/inc/csv.php HTTP/1.0" 404 55130 "http://bettingbin.com/wp-content/plugins/wp-automatic/inc/csv.php" "Mozilla/5.0 (Windows NT 5.1) AppleWebKit/537.36 (KHTML, like Gecko) Chrome/49.0.2640.6 Safari/537.36"
89.208.105.220 - - [22/Nov/2024:08:33:25 -0800] "POST /wp-content/plugins/wp-automatic/inc/csv.php HTTP/1.0" 404 55130 "http://bettingbin.com/wp-content/plugins/wp-automatic/inc/csv.php" "Mozilla/5.0 (Windows NT 5.1) AppleWebKit/537.36 (KHTML, like Gecko) Chrome/49.0.2640.6 Safari/537.36"
89.208.105.220 - - [22/Nov/2024:08:33:26 -0800] "POST /wp-content/plugins/wp-automatic/inc/csv.php HTTP/1.0" 404 55130 "http://bettingbin.com/wp-content/plugins/wp-automatic/inc/csv.php" "Mozilla/5.0 (Windows NT 5.1) AppleWebKit/537.36 (KHTML, like Gecko) Chrome/49.0.2640.6 Safari/537.36"
89.208.105.220 - - [22/Nov/2024:08:33:27 -0800] "POST /wp-content/plugins/wp-automatic/inc/csv.phpe90a71558bd3.php HTTP/1.0" 406 300 "http://bettingbin.com/wp-content/plugins/wp-automatic/inc/csv.php" "Mozilla/5.0 (Windows NT 5.1) AppleWebKit/537.36 (KHTML, like Gecko) Chrome/49.0.2640.6 Safari/537.36"
89.208.105.220 - - [22/Nov/2024:08:33:28 -0800] "POST /wp-content/plugins/wp-automatic/inc/csv.phpe90a71558bd3.php HTTP/1.0" 404 55130 "http://bettingbin.com/wp-content/plugins/wp-automatic/inc/csv.phpe90a71558bd3.php" "Mozilla/5.0 (Windows NT 5.1) AppleWebKit/537.36 (KHTML, like Gecko) Chrome/49.0.2640.6 Safari/537.36"
89.208.105.220 - - [22/Nov/2024:08:33:29 -0800] "POST /wp-content/plugins/wp-automatic/inc/csv.phpe90a71558bd3.php HTTP/1.0" 404 55130 "http://bettingbin.com/wp-content/plugins/wp-automatic/inc/csv.phpe90a71558bd3.php" "Mozilla/5.0 (Windows NT 5.1) AppleWebKit/537.36 (KHTML, like Gecko) Chrome/49.0.2640.6 Safari/537.36"
89.208.105.220 - - [22/Nov/2024:08:33:30 -0800] "POST /wp-content/plugins/wp-automatic/inc/csv.phpe90a71558bd3.php HTTP/1.0" 404 55130 "http://bettingbin.com/wp-content/plugins/wp-automatic/inc/csv.phpe90a71558bd3.php" "Mozilla/5.0 (Windows NT 5.1) AppleWebKit/537.36 (KHTML, like Gecko) Chrome/49.0.2640.6 Safari/537.36"
89.208.105.220 - - [22/Nov/2024:08:33:31 -0800] "POST /wp-content/plugins/wp-automatic/inc/csv.phpe90a71558bd3.php HTTP/1.0" 404 55130 "http://bettingbin.com/wp-content/plugins/wp-automatic/inc/csv.phpe90a71558bd3.php" "Mozilla/5.0 (Windows NT 5.1) AppleWebKit/537.36 (KHTML, like Gecko) Chrome/49.0.2640.6 Safari/537.36"
89.208.105.220 - - [22/Nov/2024:08:33:32 -0800] "GET /wp-login.php HTTP/1.0" 302 - "http://bettingbin.com/wp-content/plugins/wp-automatic/inc/csv.phpe90a71558bd3.php" "Mozilla/5.0 (Windows NT 5.1) AppleWebKit/537.36 (KHTML, like Gecko) Chrome/49.0.2640.6 Safari/537.36"
89.208.105.220 - - [22/Nov/2024:08:33:34 -0800] "GET /wp-login.php HTTP/1.0" 200 5270 "http://bettingbin.com/wp-content/plugins/wp-automatic/inc/csv.phpe90a71558bd3.php" "Mozilla/5.0 (Windows NT 5.1) AppleWebKit/537.36 (KHTML, like Gecko) Chrome/49.0.2640.6 Safari/537.36"
89.208.105.220 - - [22/Nov/2024:08:33:36 -0800] "POST /wp-login.php HTTP/1.0" 200 5697 "https://bettingbin.com/wp-login.php" "Mozilla/5.0 (Windows NT 5.1) AppleWebKit/537.36 (KHTML, like Gecko) Chrome/49.0.2640.6 Safari/537.36"
89.208.105.220 - - [22/Nov/2024:08:33:37 -0800] "GET /wp-admin/plugins.php HTTP/1.0" 302 - "https://bettingbin.com/wp-login.php" "Mozilla/5.0 (Windows NT 5.1) AppleWebKit/537.36 (KHTML, like Gecko) Chrome/49.0.2640.6 Safari/537.36"
89.208.105.220 - - [22/Nov/2024:08:33:38 -0800] "GET /wp-login.php?redirect_to=https%3A%2F%2Fbettingbin.com%2Fwp-admin%2Fplugins.php&reauth=1 HTTP/1.0" 200 5281 "https://bettingbin.com/wp-login.php" "Mozilla/5.0 (Windows NT 5.1) AppleWebKit/537.36 (KHTML, like Gecko) Chrome/49.0.2640.6 Safari/537.36"
185.191.171.11 - - [22/Nov/2024:08:41:48 -0800] "GET /why-play-high-stakes-casino-games/ HTTP/1.0" 200 74958 "-" "Mozilla/5.0 (compatible; SemrushBot/7~bl; +http://www.semrush.com/bot.html)"
89.169.33.220 - - [22/Nov/2024:08:45:02 -0800] "GET / HTTP/1.0" 200 136054 "-" "Mozilla/5.0 (Windows NT 10.0; Win64; x64) AppleWebKit/537.36 (KHTML, like Gecko) Chrome/128.0.0.0 Safari/537.36 Edg/128.0.0.0"
209.182.200.39 - - [22/Nov/2024:08:57:46 -0800] "POST /wp-cron.php?doing_wp_cron=1732294666.6835598945617675781250 HTTP/1.0" 200 - "-" "WordPress/6.6.2; https://bettingbin.com"
107.189.3.107 - - [22/Nov/2024:08:57:45 -0800] "GET /wp-login.php HTTP/1.0" 200 5270 "-" "Mozilla/5.0 (Macintosh; Intel Mac OS X 10_9_3) AppleWebKit/537.36 (KHTML, like Gecko) Chrome/36.0.1985.125 Safari/537.36"
107.189.3.107 - - [22/Nov/2024:08:57:46 -0800] "POST /wp-login.php HTTP/1.0" 200 5758 "-" "Mozilla/5.0 (Macintosh; Intel Mac OS X 10_9_3) AppleWebKit/537.36 (KHTML, like Gecko) Chrome/36.0.1985.125 Safari/537.36"
209.182.200.39 - - [22/Nov/2024:09:14:09 -0800] "POST /wp-cron.php?doing_wp_cron=1732295649.4206590652465820312500 HTTP/1.0" 200 - "-" "WordPress/6.6.2; https://bettingbin.com"
54.250.62.43 - - [22/Nov/2024:09:14:08 -0800] "GET /wp-login.php HTTP/1.0" 302 - "-" "Mozilla/5.0"
54.250.62.43 - - [22/Nov/2024:09:14:09 -0800] "GET /wp-login.php HTTP/1.0" 200 5270 "-" "Mozilla/5.0"
54.250.62.43 - - [22/Nov/2024:09:14:10 -0800] "GET /?author=1 HTTP/1.0" 301 - "-" "Mozilla/5.0"
54.250.62.43 - - [22/Nov/2024:09:14:11 -0800] "GET /?author=2 HTTP/1.0" 200 55834 "-" "Mozilla/5.0"
54.250.62.43 - - [22/Nov/2024:09:14:11 -0800] "GET /?author=3 HTTP/1.0" 200 55810 "-" "Mozilla/5.0"
54.250.62.43 - - [22/Nov/2024:09:14:12 -0800] "GET /?author=4 HTTP/1.0" 404 55155 "-" "Mozilla/5.0"
54.250.62.43 - - [22/Nov/2024:09:20:48 -0800] "POST /wp-login.php HTTP/1.0" 200 5750 "-" "Mozilla/5.0"
54.250.62.43 - - [22/Nov/2024:09:20:48 -0800] "POST /wp-login.php HTTP/1.0" 200 5758 "-" "Mozilla/5.0"
209.182.200.39 - - [22/Nov/2024:09:20:49 -0800] "POST /wp-cron.php?doing_wp_cron=1732296048.8515329360961914062500 HTTP/1.0" 200 - "-" "WordPress/6.6.2; https://bettingbin.com"
54.250.62.43 - - [22/Nov/2024:09:20:48 -0800] "POST /wp-login.php HTTP/1.0" 200 5699 "-" "Mozilla/5.0"
54.250.62.43 - - [22/Nov/2024:09:23:02 -0800] "POST /wp-login.php HTTP/1.0" 200 5699 "-" "Mozilla/5.0"
209.182.200.39 - - [22/Nov/2024:09:23:03 -0800] "POST /wp-cron.php?doing_wp_cron=1732296183.3574268817901611328125 HTTP/1.0" 200 - "-" "WordPress/6.6.2; https://bettingbin.com"
54.250.62.43 - - [22/Nov/2024:09:23:02 -0800] "POST /wp-login.php HTTP/1.0" 200 5758 "-" "Mozilla/5.0"
54.250.62.43 - - [22/Nov/2024:09:23:02 -0800] "POST /wp-login.php HTTP/1.0" 200 5750 "-" "Mozilla/5.0"
209.182.200.39 - - [22/Nov/2024:09:44:39 -0800] "POST /wp-cron.php?doing_wp_cron=1732297479.0349650382995605468750 HTTP/1.0" 200 - "-" "WordPress/6.6.2; https://bettingbin.com"
54.250.62.43 - - [22/Nov/2024:09:44:38 -0800] "POST /wp-login.php HTTP/1.0" 200 5699 "-" "Mozilla/5.0"
209.182.200.39 - - [22/Nov/2024:09:44:39 -0800] "POST /wp-cron.php?doing_wp_cron=1732297479.0349669456481933593750 HTTP/1.0" 200 - "-" "WordPress/6.6.2; https://bettingbin.com"
54.250.62.43 - - [22/Nov/2024:09:44:38 -0800] "POST /wp-login.php HTTP/1.0" 200 5750 "-" "Mozilla/5.0"
209.182.200.39 - - [22/Nov/2024:09:44:39 -0800] "POST /wp-cron.php?doing_wp_cron=1732297479.0350160598754882812500 HTTP/1.0" 200 - "-" "WordPress/6.6.2; https://bettingbin.com"
54.250.62.43 - - [22/Nov/2024:09:44:38 -0800] "POST /wp-login.php HTTP/1.0" 200 5758 "-" "Mozilla/5.0"
209.182.200.39 - - [22/Nov/2024:09:46:16 -0800] "POST /wp-cron.php?doing_wp_cron=1732297576.7617731094360351562500 HTTP/1.0" 200 - "-" "WordPress/6.6.2; https://bettingbin.com"
45.148.10.172 - - [22/Nov/2024:09:46:16 -0800] "GET /.env HTTP/1.0" 404 55155 "-" "Mozilla/5.0 (Windows NT 10.0; WOW64) AppleWebKit/537.36 (KHTML, like Gecko) Chrome/72.0.3626.109 Safari/537.36"
45.148.10.172 - - [22/Nov/2024:09:46:16 -0800] "GET /.env HTTP/1.0" 404 55207 "-" "Mozilla/5.0 (Macintosh; Intel Mac OS X 10_14_0) AppleWebKit/537.36 (KHTML, like Gecko) Chrome/74.0.3729.131 Safari/537.36"
54.250.62.43 - - [22/Nov/2024:09:47:19 -0800] "POST /wp-login.php HTTP/1.0" 200 5699 "-" "Mozilla/5.0"
209.182.200.39 - - [22/Nov/2024:09:47:20 -0800] "POST /wp-cron.php?doing_wp_cron=1732297640.6590490341186523437500 HTTP/1.0" 200 - "-" "WordPress/6.6.2; https://bettingbin.com"
54.250.62.43 - - [22/Nov/2024:09:47:19 -0800] "POST /wp-login.php HTTP/1.0" 200 5758 "-" "Mozilla/5.0"
54.250.62.43 - - [22/Nov/2024:09:47:20 -0800] "POST /wp-login.php HTTP/1.0" 200 5750 "-" "Mozilla/5.0"
54.250.62.43 - - [22/Nov/2024:09:50:01 -0800] "POST /wp-login.php HTTP/1.0" 200 5750 "-" "Mozilla/5.0"
209.182.200.39 - - [22/Nov/2024:09:50:02 -0800] "POST /wp-cron.php?doing_wp_cron=1732297802.4577860832214355468750 HTTP/1.0" 200 - "-" "WordPress/6.6.2; https://bettingbin.com"
54.250.62.43 - - [22/Nov/2024:09:50:01 -0800] "POST /wp-login.php HTTP/1.0" 200 5758 "-" "Mozilla/5.0"
209.182.200.39 - - [22/Nov/2024:09:50:02 -0800] "POST /wp-cron.php?doing_wp_cron=1732297802.4577970504760742187500 HTTP/1.0" 200 - "-" "WordPress/6.6.2; https://bettingbin.com"
54.250.62.43 - - [22/Nov/2024:09:50:01 -0800] "POST /wp-login.php HTTP/1.0" 200 5699 "-" "Mozilla/5.0"
13.212.50.243 - - [22/Nov/2024:09:51:27 -0800] "GET / HTTP/1.0" 200 136054 "-" "Mozilla/5.0 (X11; Linux x86_64) AppleWebKit/537.36 (KHTML, like Gecko) Chrome/69.0.3497.100 Safari/537.36"
13.212.50.243 - - [22/Nov/2024:09:51:43 -0800] "GET //bettingbin.com/wp-content/themes/mercury/js/scripts.js HTTP/1.0" 403 - "-" "Gaisbot/3.0 (robot@gais.cs.ccu.edu.tw; http://gais.cs.ccu.edu.tw/robot.php)"
13.212.50.243 - - [22/Nov/2024:09:51:43 -0800] "GET //bettingbin.com/wp-content/plugins/layered-popups/js/script.min.js HTTP/1.0" 301 - "-" "Mozilla/5.0 (Windows NT 6.1; Win64; x64) AppleWebKit/537.36 (KHTML, like Gecko) Chrome/67.0.3396.99 Safari/537.36"
13.212.50.243 - - [22/Nov/2024:09:51:43 -0800] "GET //bettingbin.com/wp-content/plugins/revslider/public/assets/js/jquery.themepunch.revolution.min.js HTTP/1.0" 301 - "-" "Mozilla/5.0 (compatible; Konqueror/4.5; Windows) KHTML/4.5.4 (like Gecko)"
13.212.50.243 - - [22/Nov/2024:09:51:43 -0800] "GET //bettingbin.com/wp-content/themes/mercury/js/floating-header.js HTTP/1.0" 301 - "-" "Mozilla/5.0 (Macintosh; Intel Mac OS X 10_14_3) AppleWebKit/537.36 (KHTML, like Gecko) Chrome/75.0.3770.90 Safari/537.36"
13.212.50.243 - - [22/Nov/2024:09:51:43 -0800] "GET //bettingbin.com/wp-content/plugins/layered-popups/js/ads.js HTTP/1.0" 301 - "-" "Mozilla/5.0 (X11; Linux x86_64) AppleWebKit/537.36 (KHTML, like Gecko) Chrome/75.0.3770.142 Safari/537.36"
13.212.50.243 - - [22/Nov/2024:09:51:43 -0800] "GET //bettingbin.com/wp-includes/js/jquery/jquery.min.js HTTP/1.0" 301 - "-" "Mozilla/5.0 (Linux; Android 5.1; OPPO A59s Build/LMY47I; wv) AppleWebKit/537.36 (KHTML, like Gecko) Version/4.0 Chrome/66.0.3359.126 MQQBrowser/6.2 TBS/044813 Mobile Safari/537.36 MMWEBID/6148 MicroMessenger/7.0.6.1460(0x27000634) Process/tools NetType/WIFI Language/zh_CN"
13.212.50.243 - - [22/Nov/2024:09:51:43 -0800] "GET //bettingbin.com/wp-content/themes/mercury/js/owl.carousel.min.js HTTP/1.0" 301 - "-" "Mozilla/5.0 (Linux; Android 9; Redmi K20 Pro Build/PKQ1.181121.001; wv) AppleWebKit/537.36 (KHTML, like Gecko) Version/4.0 Chrome/66.0.3359.126 MQQBrowser/6.2 TBS/044807 Mobile Safari/537.36 MMWEBID/4406 MicroMessenger/7.0.6.1460(0x27000634) Process/tools NetType/WIFI Language/zh_CN"
209.182.200.39 - - [22/Nov/2024:09:51:44 -0800] "POST /wp-cron.php?doing_wp_cron=1732297904.8610370159149169921875 HTTP/1.0" 200 - "-" "WordPress/6.6.2; https://bettingbin.com"
13.212.50.243 - - [22/Nov/2024:09:51:43 -0800] "GET //bettingbin.com/wp-content/themes/mercury/js/theia-sticky-sidebar.min.js HTTP/1.0" 301 - "-" "Mediapartners-Google"
13.212.50.243 - - [22/Nov/2024:09:51:44 -0800] "GET //bettingbin.com/wp-content/themes/mercury/js/enable-sticky-sidebar.js HTTP/1.0" 301 - "-" "Mozilla/5.0 (Linux; Android 7.0; LGL84VL Build/NRD90U) AppleWebKit/537.36 (KHTML, like Gecko) Chrome/59.0.3071.125 Mobile Safari/537.36"
13.212.50.243 - - [22/Nov/2024:09:51:44 -0800] "GET /wp-emoji-release.min.js HTTP/1.0" 404 55207 "-" "SEC-SGHX820/1.0 NetFront/3.2 Profile/MIDP-2.0 Configuration/CLDC-1.1"
13.212.50.243 - - [22/Nov/2024:09:51:45 -0800] "GET //bettingbin.com/wp-content/plugins/preloader-plus//assets/js/preloader-plus.min.js HTTP/1.0" 301 - "-" "Mozilla/5.0 (Macintosh; Intel Mac OS X 10_13_4) AppleWebKit/537.36 (KHTML, like Gecko) Chrome/76.0.3809.100 Safari/537.36"
13.212.50.243 - - [22/Nov/2024:09:51:45 -0800] "GET //bettingbin.com/wp-includes/js/jquery/jquery-migrate.min.js HTTP/1.0" 301 - "-" "Mozilla/5.0 (Macintosh; Intel Mac OS X 10_14_4) AppleWebKit/537.36 (KHTML, like Gecko) Chrome/76.0.3809.80 Safari/537.36"
13.212.50.243 - - [22/Nov/2024:09:51:47 -0800] "GET //bettingbin.com/wp-content/plugins/preloader-plus//assets/js/preloader-plus.min.js HTTP/1.0" 301 - "-" "Opera/9.60 (J2ME/MIDP; Opera Mini/4.2.14320/554; U; cs) Presto/2.2.0"
13.212.50.243 - - [22/Nov/2024:09:51:47 -0800] "GET //bettingbin.com/wp-content/plugins/revslider/public/assets/js/jquery.themepunch.tools.min.js HTTP/1.0" 301 - "-" "Mozilla/5.0 (Windows NT 6.1; Win64; x64) AppleWebKit/537.36 (KHTML, like Gecko) Chrome/76.0.3809.87 Safari/537.36"
13.212.50.243 - - [22/Nov/2024:09:51:47 -0800] "GET //bettingbin.com/wp-includes/js/jquery/jquery-migrate.min.js HTTP/1.0" 301 - "-" "Mozilla/5.0 (X11; CrOS x86_64 12371.22.0) AppleWebKit/537.36 (KHTML, like Gecko) Chrome/77.0.3865.35 Safari/537.36"
209.182.200.39 - - [22/Nov/2024:09:52:55 -0800] "POST /wp-cron.php?doing_wp_cron=1732297975.4581820964813232421875 HTTP/1.0" 200 - "-" "WordPress/6.6.2; https://bettingbin.com"
13.212.50.243 - - [22/Nov/2024:09:52:54 -0800] "GET //bettingbin.com/wp-content/themes/mercury/js/scripts.js HTTP/1.0" 301 - "-" "Mozilla/5.0 (compatible; Konqueror/3.5; NetBSD 4.0_RC3; X11) KHTML/3.5.7 (like Gecko)"
13.212.50.243 - - [22/Nov/2024:09:52:55 -0800] "GET //bettingbin.com/wp-content/plugins/layered-popups/js/script.min.js HTTP/1.0" 301 - "-" "Mozilla/5.0 (Linux; Android 9; SM-M205FN) AppleWebKit/537.36 (KHTML, like Gecko) Chrome/76.0.3809.111 Mobile Safari/537.36"
13.212.50.243 - - [22/Nov/2024:09:52:55 -0800] "GET //bettingbin.com/wp-content/plugins/revslider/public/assets/js/jquery.themepunch.tools.min.js HTTP/1.0" 301 - "-" "WDG_Validator/1.6.2"
13.212.50.243 - - [22/Nov/2024:09:52:55 -0800] "GET //bettingbin.com/wp-content/themes/mercury/js/floating-header.js HTTP/1.0" 301 - "-" "Mozilla/4.0 (compatible; MSIE 7.0; Windows NT 6.0; Trident/4.0)"
13.212.50.243 - - [22/Nov/2024:09:52:55 -0800] "GET /wp-emoji-release.min.js HTTP/1.0" 404 55207 "-" "Mozilla/5.0 (X11; U; Linux x86_64; en-us) AppleWebKit/534.35 (KHTML, like Gecko) Chrome/11.0.696.65 Safari/534.35 Puffin/2.9174AT"
13.212.50.243 - - [22/Nov/2024:09:52:55 -0800] "GET //bettingbin.com/wp-content/themes/mercury/js/theia-sticky-sidebar.min.js HTTP/1.0" 301 - "-" "Mozilla/5.0 (Linux; Android 10; Pixel 3) AppleWebKit/537.36 (KHTML, like Gecko) Chrome/76.0.3809.111 Mobile Safari/537.36"
13.212.50.243 - - [22/Nov/2024:09:52:56 -0800] "GET //bettingbin.com/wp-includes/js/jquery/jquery-migrate.min.js HTTP/1.0" 301 - "-" "Mozilla/5.0 (Windows NT 6.1; Win64; x64) AppleWebKit/537.36 (KHTML, like Gecko) Chrome/67.0.3396.99 Safari/537.36"
13.212.50.243 - - [22/Nov/2024:09:52:56 -0800] "GET //bettingbin.com/wp-content/themes/mercury/js/enable-sticky-sidebar.js HTTP/1.0" 301 - "-" "Mozilla/5.0 (Linux; Android 7.1.1; Coolpad 3632A Build/NMF26F) AppleWebKit/537.36 (KHTML, like Gecko) Chrome/59.0.3071.125 Mobile Safari/537.36"
13.212.50.243 - - [22/Nov/2024:09:52:56 -0800] "GET //bettingbin.com/wp-includes/js/jquery/jquery.min.js HTTP/1.0" 301 - "-" "Mozilla/5.0 (X11; Linux i686; rv:40.0) Gecko/20100101 Firefox/40.0"
13.212.50.243 - - [22/Nov/2024:09:52:56 -0800] "GET //bettingbin.com/wp-content/themes/mercury/js/owl.carousel.min.js HTTP/1.0" 301 - "-" "Mozilla/5.0 (Windows NT 6.2; Win64; x64; rv:16.0) Gecko/16.0 Firefox/16.0"
13.212.50.243 - - [22/Nov/2024:09:52:56 -0800] "GET //bettingbin.com/wp-content/plugins/revslider/public/assets/js/jquery.themepunch.revolution.min.js HTTP/1.0" 301 - "-" "Mozilla/5.0 (X11; Linux x86_64) AppleWebKit/537.36 (KHTML, like Gecko) Chrome/65.0.3325.181 Safari/537.36"
13.212.50.243 - - [22/Nov/2024:09:52:58 -0800] "GET //bettingbin.com/wp-content/plugins/preloader-plus//assets/js/preloader-plus.min.js HTTP/1.0" 301 - "-" "Mozilla/4.0 (compatible; MSIE 6.0; Windows 98; PalmSource/hspr-H102; Blazer/4.0) 16;320x320"
13.212.50.243 - - [22/Nov/2024:09:52:58 -0800] "GET //bettingbin.com/wp-content/plugins/layered-popups/js/ads.js HTTP/1.0" 301 - "-" "Mozilla/5.0 (X11; Linux i686; rv:49.0) Gecko/20100101 Firefox/49.0"
13.212.50.243 - - [22/Nov/2024:09:52:59 -0800] "GET //bettingbin.com/wp-content/plugins/layered-popups/js/ads.js HTTP/1.0" 301 - "-" "Mozilla/5.0 (Macintosh; Intel Mac OS X 10_14_4) AppleWebKit/537.36 (KHTML, like Gecko) Chrome/76.0.3809.80 Safari/537.36"
13.212.50.243 - - [22/Nov/2024:09:52:59 -0800] "GET //bettingbin.com/wp-content/plugins/preloader-plus//assets/js/preloader-plus.min.js HTTP/1.0" 301 - "-" "Mozilla/5.0 (Windows NT 6.2; rv:20.0) Gecko/20121202 Firefox/20.0"
185.191.171.19 - - [22/Nov/2024:09:54:22 -0800] "GET /robots.txt HTTP/1.0" 200 68 "-" "Mozilla/5.0 (compatible; SemrushBot/7~bl; +http://www.semrush.com/bot.html)"
185.191.171.19 - - [22/Nov/2024:09:54:23 -0800] "GET /robots.txt HTTP/1.0" 200 68 "-" "Mozilla/5.0 (compatible; SemrushBot/7~bl; +http://www.semrush.com/bot.html)"
85.208.96.204 - - [22/Nov/2024:09:54:23 -0800] "GET /casinos-archive-style-5/ HTTP/1.0" 200 67758 "-" "Mozilla/5.0 (compatible; SemrushBot/7~bl; +http://www.semrush.com/bot.html)"
13.212.50.243 - - [22/Nov/2024:09:54:22 -0800] "GET //bettingbin.com/wp-content/themes/mercury/js/theia-sticky-sidebar.min.js HTTP/1.0" 301 - "-" "EmailWolf 1.00"
13.212.50.243 - - [22/Nov/2024:09:54:22 -0800] "GET //bettingbin.com/wp-content/themes/mercury/js/floating-header.js HTTP/1.0" 301 - "-" "Mozilla/5.0 (Macintosh; Intel Mac OS X 10_14_6) AppleWebKit/605.1.15 (KHTML, like Gecko) Version/13.0 Safari/605.1.15"
13.212.50.243 - - [22/Nov/2024:09:54:22 -0800] "GET //bettingbin.com/wp-content/themes/mercury/js/enable-sticky-sidebar.js HTTP/1.0" 301 - "-" "Web Downloader/6.9"
13.212.50.243 - - [22/Nov/2024:09:54:22 -0800] "GET //bettingbin.com/wp-content/plugins/revslider/public/assets/js/jquery.themepunch.tools.min.js HTTP/1.0" 301 - "-" "Mozilla/5.0 (Windows NT 10.0; WOW64; rv:47.0) Gecko/20100101 Firefox/47.0"
13.212.50.243 - - [22/Nov/2024:09:54:23 -0800] "GET //bettingbin.com/wp-content/themes/mercury/js/scripts.js HTTP/1.0" 301 - "-" "iTunes/9.0.2 (Windows; N)"
13.212.50.243 - - [22/Nov/2024:09:54:23 -0800] "GET /wp-emoji-release.min.js HTTP/1.0" 404 40964 "-" "Mozilla/5.0 (Linux; Android 5.1.1; vivo Y31L.RastaMod\xe2\x84\xa2_Version) AppleWebKit/537.36 (KHTML, like Gecko) Chrome/75.0.3770.143 Mobile Safari/537.36"
13.212.50.243 - - [22/Nov/2024:09:54:23 -0800] "GET //bettingbin.com/wp-includes/js/jquery/jquery.min.js HTTP/1.0" 301 - "-" "Mozilla/5.0 (SymbianOS/9.1; U; en-us) AppleWebKit/413 (KHTML, like Gecko) Safari/413 es50"
13.212.50.243 - - [22/Nov/2024:09:54:24 -0800] "GET //bettingbin.com/wp-content/plugins/layered-popups/js/script.min.js HTTP/1.0" 301 - "-" "Mozilla/5.0 (Windows NT 6.1; WOW64) AppleWebKit/537.36 (KHTML, like Gecko) SFive/64.0 Chrome/64.0.3282.204 Safari/537.36"
13.212.50.243 - - [22/Nov/2024:09:54:24 -0800] "GET //bettingbin.com/wp-content/themes/mercury/js/scripts.js HTTP/1.0" 301 - "-" "Mozilla/5.0 (Windows NT 10.0; WOW64) AppleWebKit/537.36 (KHTML, like Gecko) Chrome/64.0.3282.119 Safari/537.36"
13.212.50.243 - - [22/Nov/2024:09:54:24 -0800] "GET //bettingbin.com/wp-content/themes/mercury/js/floating-header.js HTTP/1.0" 301 - "-" "grub-client-1.5.3; (grub-client-1.5.3; Crawl your own stuff with http://grub.org)"
13.212.50.243 - - [22/Nov/2024:09:54:24 -0800] "GET //bettingbin.com/wp-content/themes/mercury/js/theia-sticky-sidebar.min.js HTTP/1.0" 301 - "-" "Mozilla/5.0 (Linux; Android 9; Pixel 3a) AppleWebKit/537.36 (KHTML, like Gecko) Chrome/76.0.3809.89 Mobile Safari/537.36"
13.212.50.243 - - [22/Nov/2024:09:54:24 -0800] "GET //bettingbin.com/wp-content/plugins/revslider/public/assets/js/jquery.themepunch.revolution.min.js HTTP/1.0" 301 - "-" "Mozilla/5.0 (X11; Linux i686; rv:43.0) Gecko/20100101 Firefox/43.0"
13.212.50.243 - - [22/Nov/2024:09:54:24 -0800] "GET //bettingbin.com/wp-content/plugins/preloader-plus//assets/js/preloader-plus.min.js HTTP/1.0" 301 - "-" "Mozilla/5.0 (Macintosh; Intel Mac OS X 10_14_3) AppleWebKit/537.36 (KHTML, like Gecko) Chrome/77.0.3844.0 Safari/537.36"
13.212.50.243 - - [22/Nov/2024:09:54:24 -0800] "GET //bettingbin.com/wp-content/plugins/revslider/public/assets/js/jquery.themepunch.tools.min.js HTTP/1.0" 301 - "-" "Mozilla/5.0 (Windows NT 10.0; Win64; x64) AppleWebKit/537.36 (KHTML, like Gecko) Chrome/75.0.3770.142 Safari/537.36 OPR/62.0.3331.117"
13.212.50.243 - - [22/Nov/2024:09:54:24 -0800] "GET //bettingbin.com/wp-content/plugins/layered-popups/js/ads.js HTTP/1.0" 301 - "-" "Mozilla/5.0 (Linux; Android 8.1.0; Mi Note 3 Build/OPM1.171019.019; wv) AppleWebKit/537.36 (KHTML, like Gecko) Version/4.0 Chrome/66.0.3359.126 MQQBrowser/6.2 TBS/044813 Mobile Safari/537.36 MMWEBID/6858 MicroMessenger/7.0.5.1440(0x27000537) Process/tools NetType/4G Language/zh_CN"
13.212.50.243 - - [22/Nov/2024:09:54:24 -0800] "GET //bettingbin.com/wp-content/themes/mercury/js/owl.carousel.min.js HTTP/1.0" 301 - "-" "MOTORIZR-Z8/46.00.00 Mozilla/4.0 (compatible; MSIE 6.0; Symbian OS; 356) Opera 8.65 [it] UP.Link/6.3.0.0.0"
13.212.50.243 - - [22/Nov/2024:09:54:24 -0800] "GET //bettingbin.com/wp-includes/js/jquery/jquery-migrate.min.js HTTP/1.0" 301 - "-" "Mozilla/5.0 (Linux; Android 9; SM-G950U) AppleWebKit/537.36 (KHTML, like Gecko) Chrome/75.0.3770.143 Mobile Safari/537.36"
13.212.50.243 - - [22/Nov/2024:09:54:24 -0800] "GET //bettingbin.com/wp-includes/js/jquery/jquery.min.js HTTP/1.0" 301 - "-" "Microsoft URL Control - 6.00.8862"
13.212.50.243 - - [22/Nov/2024:09:54:24 -0800] "GET //bettingbin.com/wp-content/themes/mercury/js/enable-sticky-sidebar.js HTTP/1.0" 301 - "-" "Mozilla/5.0 (Macintosh; Intel Mac OS X 10_14_3) AppleWebKit/537.36 (KHTML, like Gecko) Chrome/74.0.3729.157 Safari/537.36"
209.182.200.39 - - [22/Nov/2024:09:54:24 -0800] "POST /wp-cron.php?doing_wp_cron=1732298064.6588320732116699218750 HTTP/1.0" 200 - "-" "WordPress/6.6.2; https://bettingbin.com"
13.212.50.243 - - [22/Nov/2024:09:54:24 -0800] "GET /wp-emoji-release.min.js HTTP/1.0" 404 40962 "-" "Mozilla/5.0 (Linux; Android 8.1.0; Redmi Y2) AppleWebKit/537.36 (KHTML, like Gecko) Chrome/76.0.3809.111 Mobile Safari/537.36"
13.212.50.243 - - [22/Nov/2024:09:54:24 -0800] "GET //bettingbin.com/wp-includes/js/jquery/jquery-migrate.min.js HTTP/1.0" 301 - "-" "Mozilla/5.0 (iPad; CPU OS 13_0 like Mac OS X) AppleWebKit/605.1.15 (KHTML, like Gecko) GSA/79.0.259819395 Mobile/17A5556d Safari/604.1"
13.212.50.243 - - [22/Nov/2024:09:54:24 -0800] "GET //bettingbin.com/wp-content/plugins/layered-popups/js/ads.js HTTP/1.0" 301 - "-" "Mozilla/5.0 (Windows Phone 8.1; ARM; Trident/7.0; Touch; rv:11.0; IEMobile/11.0; NOKIA; Lumia 630) like Gecko"
13.212.50.243 - - [22/Nov/2024:09:54:25 -0800] "GET //bettingbin.com/wp-content/plugins/layered-popups/js/script.min.js HTTP/1.0" 301 - "-" "Mozilla/5.0 (compatible; MSIE 10.6; Windows NT 6.1; Trident/5.0; InfoPath.2; SLCC1; .NET CLR 3.0.4506.2152; .NET CLR 3.5.30729; .NET CLR 2.0.50727) 3gpp-gba UNTRUSTED/1.0"
13.212.50.243 - - [22/Nov/2024:09:54:25 -0800] "GET //bettingbin.com/wp-content/themes/mercury/js/owl.carousel.min.js HTTP/1.0" 301 - "-" "Mozilla/5.0 (iPad; CPU OS 12_4 like Mac OS X) AppleWebKit/605.1.15 (KHTML, like Gecko) Version/12.1.2 Mobile/15E148 Safari/604.1"
13.212.50.243 - - [22/Nov/2024:09:54:26 -0800] "GET //bettingbin.com/wp-content/plugins/preloader-plus//assets/js/preloader-plus.min.js HTTP/1.0" 301 - "-" "Mozilla/5.0 (Windows NT 10.0; WOW64) AppleWebKit/537.36 (KHTML, like Gecko) Chrome/76.0.3809.25 Safari/537.36"
13.212.50.243 - - [22/Nov/2024:09:55:18 -0800] "GET //bettingbin.com/wp-content/plugins/layered-popups/js/script.min.js HTTP/1.0" 301 - "-" "Mozilla/5.0 (iPhone; CPU iPhone OS 12_4 like Mac OS X) AppleWebKit/605.1.15 (KHTML, like Gecko) Mobile/15E148 MicroMessenger/7.0.5(0x17000523) NetType/WIFI Language/zh_CN"
13.212.50.243 - - [22/Nov/2024:09:55:18 -0800] "GET //bettingbin.com/wp-content/plugins/revslider/public/assets/js/jquery.themepunch.revolution.min.js HTTP/1.0" 301 - "-" "Mozilla/5.0 (X11; Linux x86_64) AppleWebKit/537.36 (KHTML, like Gecko) Chrome/73.0.3683.103 Safari/537.36 OPR/60.0.3255.59"
13.212.50.243 - - [22/Nov/2024:09:55:18 -0800] "GET //bettingbin.com/wp-content/plugins/revslider/public/assets/js/jquery.themepunch.tools.min.js HTTP/1.0" 301 - "-" "Opera/9.0 (Macintosh; PPC Mac OS X; U; en)"
13.212.50.243 - - [22/Nov/2024:09:55:18 -0800] "GET //bettingbin.com/wp-content/themes/mercury/js/enable-sticky-sidebar.js HTTP/1.0" 301 - "-" "Mozilla/5.0 (iPod; U; CPU iPhone OS 6_1 like Mac OS X; en-HK) AppleWebKit/534.35 (KHTML, like Gecko) Chrome/11.0.696.65 Safari/534.35 Puffin/3.9174IP Mobile"
