185.191.171.11 - - [22/Nov/2024:19:42:41 -0800] "GET /xuro14334h25ir.htm HTTP/1.0" 404 236 "-" "Mozilla/5.0 (compatible; SemrushBot/7~bl; +http://www.semrush.com/bot.html)"
185.191.171.18 - - [22/Nov/2024:19:42:45 -0800] "GET /skzw10398xx3yz.htm HTTP/1.0" 404 236 "-" "Mozilla/5.0 (compatible; SemrushBot/7~bl; +http://www.semrush.com/bot.html)"
85.208.96.207 - - [22/Nov/2024:19:42:46 -0800] "GET /okdx25191ppxxp.htm HTTP/1.0" 404 236 "-" "Mozilla/5.0 (compatible; SemrushBot/7~bl; +http://www.semrush.com/bot.html)"
185.191.171.14 - - [22/Nov/2024:19:42:51 -0800] "GET /pozb8944zpbapz8 HTTP/1.0" 404 236 "-" "Mozilla/5.0 (compatible; SemrushBot/7~bl; +http://www.semrush.com/bot.html)"
85.208.96.200 - - [22/Nov/2024:19:42:55 -0800] "GET /qzzv29477stzs.html HTTP/1.0" 404 236 "-" "Mozilla/5.0 (compatible; SemrushBot/7~bl; +http://www.semrush.com/bot.html)"
185.191.171.14 - - [22/Nov/2024:19:43:06 -0800] "GET /obju1590d92ej.htm HTTP/1.0" 404 236 "-" "Mozilla/5.0 (compatible; SemrushBot/7~bl; +http://www.semrush.com/bot.html)"
185.191.171.11 - - [22/Nov/2024:19:43:23 -0800] "GET /mnsj17110bdcsb HTTP/1.0" 404 236 "-" "Mozilla/5.0 (compatible; SemrushBot/7~bl; +http://www.semrush.com/bot.html)"
66.249.79.66 - - [22/Nov/2024:19:43:24 -0800] "GET /vizk29752h59ivhv HTTP/1.0" 404 236 "-" "Mozilla/5.0 (Linux; Android 6.0.1; Nexus 5X Build/MMB29P) AppleWebKit/537.36 (KHTML, like Gecko) Chrome/131.0.6778.69 Mobile Safari/537.36 (compatible; Googlebot/2.1; +http://www.google.com/bot.html)"
185.191.171.13 - - [22/Nov/2024:19:43:37 -0800] "GET /quhv56whxeqw.html HTTP/1.0" 404 236 "-" "Mozilla/5.0 (compatible; SemrushBot/7~bl; +http://www.semrush.com/bot.html)"
85.208.96.211 - - [22/Nov/2024:19:43:48 -0800] "GET /qzxy10431x1qkf.htm HTTP/1.0" 404 236 "-" "Mozilla/5.0 (compatible; SemrushBot/7~bl; +http://www.semrush.com/bot.html)"
85.208.96.198 - - [22/Nov/2024:19:43:56 -0800] "GET /nnsx27821azbn.html HTTP/1.0" 404 236 "-" "Mozilla/5.0 (compatible; SemrushBot/7~bl; +http://www.semrush.com/bot.html)"
85.208.96.199 - - [22/Nov/2024:19:44:34 -0800] "GET /prgt22735da4zt HTTP/1.0" 404 236 "-" "Mozilla/5.0 (compatible; SemrushBot/7~bl; +http://www.semrush.com/bot.html)"
85.208.96.206 - - [22/Nov/2024:19:45:16 -0800] "GET /yhag5922tuat4e.htm HTTP/1.0" 404 236 "-" "Mozilla/5.0 (compatible; SemrushBot/7~bl; +http://www.semrush.com/bot.html)"
185.191.171.1 - - [22/Nov/2024:19:45:18 -0800] "GET /shsf7884fgsfkn.htm HTTP/1.0" 404 236 "-" "Mozilla/5.0 (compatible; SemrushBot/7~bl; +http://www.semrush.com/bot.html)"
85.208.96.198 - - [22/Nov/2024:19:45:44 -0800] "GET /zyew4863tnbwt.htm HTTP/1.0" 404 236 "-" "Mozilla/5.0 (compatible; SemrushBot/7~bl; +http://www.semrush.com/bot.html)"
185.191.171.18 - - [22/Nov/2024:19:46:08 -0800] "GET /qtvx239eefxe9.html HTTP/1.0" 404 236 "-" "Mozilla/5.0 (compatible; SemrushBot/7~bl; +http://www.semrush.com/bot.html)"
185.191.171.16 - - [22/Nov/2024:19:46:13 -0800] "GET /yhag2119f0ngf HTTP/1.0" 404 236 "-" "Mozilla/5.0 (compatible; SemrushBot/7~bl; +http://www.semrush.com/bot.html)"
85.208.96.200 - - [22/Nov/2024:19:46:25 -0800] "GET /yxbd21151flqtn HTTP/1.0" 404 236 "-" "Mozilla/5.0 (compatible; SemrushBot/7~bl; +http://www.semrush.com/bot.html)"
185.191.171.16 - - [22/Nov/2024:19:46:34 -0800] "GET /lixb29125xdlfixsd8 HTTP/1.0" 404 236 "-" "Mozilla/5.0 (compatible; SemrushBot/7~bl; +http://www.semrush.com/bot.html)"
85.208.96.203 - - [22/Nov/2024:19:46:37 -0800] "GET /plvg21985hdz6plh HTTP/1.0" 404 236 "-" "Mozilla/5.0 (compatible; SemrushBot/7~bl; +http://www.semrush.com/bot.html)"
185.191.171.11 - - [22/Nov/2024:19:47:07 -0800] "GET /opfy22711fcvrn HTTP/1.0" 404 236 "-" "Mozilla/5.0 (compatible; SemrushBot/7~bl; +http://www.semrush.com/bot.html)"
85.208.96.204 - - [22/Nov/2024:19:47:21 -0800] "GET /qzzv24134y8ng.html HTTP/1.0" 404 236 "-" "Mozilla/5.0 (compatible; SemrushBot/7~bl; +http://www.semrush.com/bot.html)"
185.191.171.3 - - [22/Nov/2024:19:47:25 -0800] "GET /okdx23128nim4doo HTTP/1.0" 404 236 "-" "Mozilla/5.0 (compatible; SemrushBot/7~bl; +http://www.semrush.com/bot.html)"
185.191.171.6 - - [22/Nov/2024:19:47:31 -0800] "GET /wvso21630xiysx.htm HTTP/1.0" 404 236 "-" "Mozilla/5.0 (compatible; SemrushBot/7~bl; +http://www.semrush.com/bot.html)"
85.208.96.206 - - [22/Nov/2024:19:47:39 -0800] "GET /wjfx19954lv7mflhr6 HTTP/1.0" 404 236 "-" "Mozilla/5.0 (compatible; SemrushBot/7~bl; +http://www.semrush.com/bot.html)"
85.208.96.195 - - [22/Nov/2024:19:47:50 -0800] "GET /zsob7944noznnw.htm HTTP/1.0" 404 236 "-" "Mozilla/5.0 (compatible; SemrushBot/7~bl; +http://www.semrush.com/bot.html)"
185.191.171.11 - - [22/Nov/2024:19:47:53 -0800] "GET /oiie25999rzers HTTP/1.0" 404 236 "-" "Mozilla/5.0 (compatible; SemrushBot/7~bl; +http://www.semrush.com/bot.html)"
85.208.96.195 - - [22/Nov/2024:19:47:58 -0800] "GET /azbc12703h0upc HTTP/1.0" 404 236 "-" "Mozilla/5.0 (compatible; SemrushBot/7~bl; +http://www.semrush.com/bot.html)"
185.191.171.16 - - [22/Nov/2024:19:48:55 -0800] "GET /skad6225dlkd12.htm HTTP/1.0" 404 236 "-" "Mozilla/5.0 (compatible; SemrushBot/7~bl; +http://www.semrush.com/bot.html)"
185.191.171.13 - - [22/Nov/2024:19:49:06 -0800] "GET /peoy9655bm8zj HTTP/1.0" 404 236 "-" "Mozilla/5.0 (compatible; SemrushBot/7~bl; +http://www.semrush.com/bot.html)"
85.208.96.211 - - [22/Nov/2024:19:49:22 -0800] "GET /mpeq11551z7lbj HTTP/1.0" 404 236 "-" "Mozilla/5.0 (compatible; SemrushBot/7~bl; +http://www.semrush.com/bot.html)"
185.191.171.19 - - [22/Nov/2024:19:49:26 -0800] "GET /qjdv19575pchxv.htm HTTP/1.0" 404 236 "-" "Mozilla/5.0 (compatible; SemrushBot/7~bl; +http://www.semrush.com/bot.html)"
85.208.96.210 - - [22/Nov/2024:19:50:01 -0800] "GET /gjtq8935jcgrq HTTP/1.0" 404 236 "-" "Mozilla/5.0 (compatible; SemrushBot/7~bl; +http://www.semrush.com/bot.html)"
185.191.171.19 - - [22/Nov/2024:19:50:25 -0800] "GET /wvso5614xswot HTTP/1.0" 404 236 "-" "Mozilla/5.0 (compatible; SemrushBot/7~bl; +http://www.semrush.com/bot.html)"
85.208.96.212 - - [22/Nov/2024:19:50:38 -0800] "GET /aemg5604noanh4.htm HTTP/1.0" 404 236 "-" "Mozilla/5.0 (compatible; SemrushBot/7~bl; +http://www.semrush.com/bot.html)"
85.208.96.208 - - [22/Nov/2024:19:50:42 -0800] "GET /qtvx9903p9frx.htm HTTP/1.0" 404 236 "-" "Mozilla/5.0 (compatible; SemrushBot/7~bl; +http://www.semrush.com/bot.html)"
66.249.68.32 - - [22/Nov/2024:19:50:43 -0800] "GET /npwz13979jzzj/1rzj1k.html HTTP/1.0" 404 236 "-" "Mozilla/5.0 (Linux; Android 6.0.1; Nexus 5X Build/MMB29P) AppleWebKit/537.36 (KHTML, like Gecko) Chrome/131.0.6778.69 Mobile Safari/537.36 (compatible; Googlebot/2.1; +http://www.google.com/bot.html)"
85.208.96.201 - - [22/Nov/2024:19:51:01 -0800] "GET /lixb26146psqxpev HTTP/1.0" 404 236 "-" "Mozilla/5.0 (compatible; SemrushBot/7~bl; +http://www.semrush.com/bot.html)"
185.191.171.3 - - [22/Nov/2024:19:51:03 -0800] "GET /nozd12270xxbiy.htm HTTP/1.0" 404 236 "-" "Mozilla/5.0 (compatible; SemrushBot/7~bl; +http://www.semrush.com/bot.html)"
85.208.96.196 - - [22/Nov/2024:19:51:04 -0800] "GET /wvso3712thwnuwt HTTP/1.0" 404 236 "-" "Mozilla/5.0 (compatible; SemrushBot/7~bl; +http://www.semrush.com/bot.html)"
209.182.200.39 - - [22/Nov/2024:19:51:21 -0800] "POST /wp-cron.php?doing_wp_cron=1732333881.5165700912475585937500 HTTP/1.0" 200 - "https://brightcrownjewels.com/wp-cron.php?doing_wp_cron=1732333881.5165700912475585937500" "WordPress/4.9.26; http://brightcrownjewels.com"
104.244.72.171 - - [22/Nov/2024:19:51:21 -0800] "GET /wp-login.php HTTP/1.0" 200 2400 "-" "Mozilla/5.0 (X11; Linux i686) AppleWebKit/537.36 (KHTML, like Gecko) Chrome/36.0.1985.125 Safari/537.36"
104.244.72.171 - - [22/Nov/2024:19:51:21 -0800] "POST /wp-login.php HTTP/1.0" 200 3397 "-" "Mozilla/5.0 (X11; Linux i686) AppleWebKit/537.36 (KHTML, like Gecko) Chrome/36.0.1985.125 Safari/537.36"
85.208.96.205 - - [22/Nov/2024:19:51:25 -0800] "GET /ohje3130jskjjy15 HTTP/1.0" 404 236 "-" "Mozilla/5.0 (compatible; SemrushBot/7~bl; +http://www.semrush.com/bot.html)"
85.208.96.199 - - [22/Nov/2024:19:51:26 -0800] "GET /mnsj28729r6znrmg HTTP/1.0" 404 236 "-" "Mozilla/5.0 (compatible; SemrushBot/7~bl; +http://www.semrush.com/bot.html)"
85.208.96.200 - - [22/Nov/2024:19:51:30 -0800] "GET /zsob12999ro85z.htm HTTP/1.0" 404 236 "-" "Mozilla/5.0 (compatible; SemrushBot/7~bl; +http://www.semrush.com/bot.html)"
85.208.96.198 - - [22/Nov/2024:19:51:40 -0800] "GET /xpxm20126uncc.html HTTP/1.0" 404 236 "-" "Mozilla/5.0 (compatible; SemrushBot/7~bl; +http://www.semrush.com/bot.html)"
85.208.96.199 - - [22/Nov/2024:19:51:43 -0800] "GET /zort21601nbvzvon HTTP/1.0" 404 236 "-" "Mozilla/5.0 (compatible; SemrushBot/7~bl; +http://www.semrush.com/bot.html)"
66.249.79.68 - - [22/Nov/2024:19:51:45 -0800] "GET /paol11332omwpsbq0n7/nb4awpopy HTTP/1.0" 404 236 "-" "Mozilla/5.0 (Linux; Android 6.0.1; Nexus 5X Build/MMB29P) AppleWebKit/537.36 (KHTML, like Gecko) Chrome/131.0.6778.69 Mobile Safari/537.36 (compatible; Googlebot/2.1; +http://www.google.com/bot.html)"
85.208.96.196 - - [22/Nov/2024:19:52:05 -0800] "GET /rscd11752z0barz2 HTTP/1.0" 404 236 "-" "Mozilla/5.0 (compatible; SemrushBot/7~bl; +http://www.semrush.com/bot.html)"
66.249.79.66 - - [22/Nov/2024:19:52:13 -0800] "GET /snao12303eezi65/foen8.htm HTTP/1.0" 404 236 "-" "Mozilla/5.0 (Linux; Android 6.0.1; Nexus 5X Build/MMB29P) AppleWebKit/537.36 (KHTML, like Gecko) Chrome/131.0.6778.69 Mobile Safari/537.36 (compatible; Googlebot/2.1; +http://www.google.com/bot.html)"
185.191.171.2 - - [22/Nov/2024:19:52:16 -0800] "GET /qzxy21481xqtfzxx HTTP/1.0" 404 236 "-" "Mozilla/5.0 (compatible; SemrushBot/7~bl; +http://www.semrush.com/bot.html)"
66.249.68.34 - - [22/Nov/2024:19:52:26 -0800] "GET /sihn5442awzur0eu3bh/tiha00.htm HTTP/1.0" 404 236 "-" "Mozilla/5.0 (Linux; Android 6.0.1; Nexus 5X Build/MMB29P) AppleWebKit/537.36 (KHTML, like Gecko) Chrome/131.0.6778.69 Mobile Safari/537.36 (compatible; Googlebot/2.1; +http://www.google.com/bot.html)"
85.208.96.207 - - [22/Nov/2024:19:52:50 -0800] "GET /xdwt1085suua.html HTTP/1.0" 404 236 "-" "Mozilla/5.0 (compatible; SemrushBot/7~bl; +http://www.semrush.com/bot.html)"
185.191.171.13 - - [22/Nov/2024:19:52:51 -0800] "GET /lixb16672f8k6glf HTTP/1.0" 404 236 "-" "Mozilla/5.0 (compatible; SemrushBot/7~bl; +http://www.semrush.com/bot.html)"
66.249.68.32 - - [22/Nov/2024:19:52:53 -0800] "GET /dxgo16339datlod3yq HTTP/1.0" 404 236 "-" "Mozilla/5.0 (Linux; Android 6.0.1; Nexus 5X Build/MMB29P) AppleWebKit/537.36 (KHTML, like Gecko) Chrome/131.0.6778.69 Mobile Safari/537.36 (compatible; Googlebot/2.1; +http://www.google.com/bot.html)"
66.249.79.68 - - [22/Nov/2024:19:53:12 -0800] "GET /umbz26909ygyu.html HTTP/1.0" 404 236 "-" "Mozilla/5.0 (Linux; Android 6.0.1; Nexus 5X Build/MMB29P) AppleWebKit/537.36 (KHTML, like Gecko) Chrome/131.0.6778.69 Mobile Safari/537.36 (compatible; Googlebot/2.1; +http://www.google.com/bot.html)"
185.191.171.7 - - [22/Nov/2024:19:53:21 -0800] "GET /rpez20209z6hpzcb HTTP/1.0" 404 236 "-" "Mozilla/5.0 (compatible; SemrushBot/7~bl; +http://www.semrush.com/bot.html)"
185.191.171.14 - - [22/Nov/2024:19:53:25 -0800] "GET /pwlp17190deldu.htm HTTP/1.0" 404 236 "-" "Mozilla/5.0 (compatible; SemrushBot/7~bl; +http://www.semrush.com/bot.html)"
85.208.96.194 - - [22/Nov/2024:19:53:47 -0800] "GET /azbc6217vux7vdz HTTP/1.0" 404 236 "-" "Mozilla/5.0 (compatible; SemrushBot/7~bl; +http://www.semrush.com/bot.html)"
85.208.96.208 - - [22/Nov/2024:19:54:02 -0800] "GET /zyew25230j2kej.htm HTTP/1.0" 404 236 "-" "Mozilla/5.0 (compatible; SemrushBot/7~bl; +http://www.semrush.com/bot.html)"
185.191.171.7 - - [22/Nov/2024:19:54:39 -0800] "GET /vvsg25849x3pqlfv HTTP/1.0" 404 236 "-" "Mozilla/5.0 (compatible; SemrushBot/7~bl; +http://www.semrush.com/bot.html)"
85.208.96.206 - - [22/Nov/2024:19:54:48 -0800] "GET /mwuo19429z0hwzzaq HTTP/1.0" 404 236 "-" "Mozilla/5.0 (compatible; SemrushBot/7~bl; +http://www.semrush.com/bot.html)"
185.191.171.19 - - [22/Nov/2024:19:54:49 -0800] "GET /robots.txt HTTP/1.0" 200 1101 "-" "Mozilla/5.0 (compatible; SemrushBot/7~bl; +http://www.semrush.com/bot.html)"
85.208.96.211 - - [22/Nov/2024:19:54:50 -0800] "GET /lkaj12590y7pp.html HTTP/1.0" 404 236 "-" "Mozilla/5.0 (compatible; SemrushBot/7~bl; +http://www.semrush.com/bot.html)"
185.191.171.15 - - [22/Nov/2024:19:55:10 -0800] "GET /yxbd14305xwfxx8c HTTP/1.0" 404 236 "-" "Mozilla/5.0 (compatible; SemrushBot/7~bl; +http://www.semrush.com/bot.html)"
85.208.96.210 - - [22/Nov/2024:19:55:12 -0800] "GET /zort17318uplc.html HTTP/1.0" 404 236 "-" "Mozilla/5.0 (compatible; SemrushBot/7~bl; +http://www.semrush.com/bot.html)"
66.249.68.33 - - [22/Nov/2024:19:55:16 -0800] "GET /aemg19682zqtbtjvr/8ryamzfw.html HTTP/1.0" 404 236 "-" "Mozilla/5.0 (Linux; Android 6.0.1; Nexus 5X Build/MMB29P) AppleWebKit/537.36 (KHTML, like Gecko) Chrome/131.0.6778.69 Mobile Safari/537.36 (compatible; Googlebot/2.1; +http://www.google.com/bot.html)"
66.249.79.66 - - [22/Nov/2024:19:55:23 -0800] "GET /prfc1656k783e1t/qe7fs.htm HTTP/1.0" 404 236 "-" "Mozilla/5.0 (Linux; Android 6.0.1; Nexus 5X Build/MMB29P) AppleWebKit/537.36 (KHTML, like Gecko) Chrome/131.0.6778.69 Mobile Safari/537.36 (compatible; Googlebot/2.1; +http://www.google.com/bot.html)"
40.77.167.7 - - [22/Nov/2024:19:55:24 -0800] "GET /bri2851.xml HTTP/1.0" 404 236 "-" "Mozilla/5.0 AppleWebKit/537.36 (KHTML, like Gecko; compatible; bingbot/2.0; +http://www.bing.com/bingbot.htm) Chrome/116.0.1938.76 Safari/537.36"
52.167.144.167 - - [22/Nov/2024:19:55:24 -0800] "GET /bri331.xml HTTP/1.0" 404 236 "-" "Mozilla/5.0 AppleWebKit/537.36 (KHTML, like Gecko; compatible; bingbot/2.0; +http://www.bing.com/bingbot.htm) Chrome/116.0.1938.76 Safari/537.36"
40.77.167.33 - - [22/Nov/2024:19:55:29 -0800] "GET /bri1003.xml HTTP/1.0" 404 236 "-" "Mozilla/5.0 AppleWebKit/537.36 (KHTML, like Gecko; compatible; bingbot/2.0; +http://www.bing.com/bingbot.htm) Chrome/116.0.1938.76 Safari/537.36"
66.249.68.33 - - [22/Nov/2024:19:55:32 -0800] "GET /qzxy9684ex7x/gmqe1t.htm HTTP/1.0" 404 236 "-" "Mozilla/5.0 (Linux; Android 6.0.1; Nexus 5X Build/MMB29P) AppleWebKit/537.36 (KHTML, like Gecko) Chrome/131.0.6778.69 Mobile Safari/537.36 (compatible; GoogleOther)"
52.167.144.215 - - [22/Nov/2024:19:55:36 -0800] "GET /bri831.xml HTTP/1.0" 404 236 "-" "Mozilla/5.0 AppleWebKit/537.36 (KHTML, like Gecko; compatible; bingbot/2.0; +http://www.bing.com/bingbot.htm) Chrome/116.0.1938.76 Safari/537.36"
85.208.96.210 - - [22/Nov/2024:19:55:42 -0800] "GET /okcn26770pspflqcp7 HTTP/1.0" 404 236 "-" "Mozilla/5.0 (compatible; SemrushBot/7~bl; +http://www.semrush.com/bot.html)"
185.191.171.19 - - [22/Nov/2024:19:55:43 -0800] "GET /opfy18919jryjd HTTP/1.0" 404 236 "-" "Mozilla/5.0 (compatible; SemrushBot/7~bl; +http://www.semrush.com/bot.html)"
66.249.68.33 - - [22/Nov/2024:19:55:54 -0800] "GET /hbkd394d9ekds5t HTTP/1.0" 404 236 "-" "Mozilla/5.0 (Linux; Android 6.0.1; Nexus 5X Build/MMB29P) AppleWebKit/537.36 (KHTML, like Gecko) Chrome/131.0.6778.69 Mobile Safari/537.36 (compatible; Googlebot/2.1; +http://www.google.com/bot.html)"
85.208.96.195 - - [22/Nov/2024:19:55:59 -0800] "GET /zsob6271x1ufb HTTP/1.0" 404 236 "-" "Mozilla/5.0 (compatible; SemrushBot/7~bl; +http://www.semrush.com/bot.html)"
85.208.96.195 - - [22/Nov/2024:19:56:09 -0800] "GET /qzxy12064zfaqzc8 HTTP/1.0" 404 236 "-" "Mozilla/5.0 (compatible; SemrushBot/7~bl; +http://www.semrush.com/bot.html)"
185.191.171.13 - - [22/Nov/2024:19:56:11 -0800] "GET /mnsj10243rwzjriw HTTP/1.0" 404 236 "-" "Mozilla/5.0 (compatible; SemrushBot/7~bl; +http://www.semrush.com/bot.html)"
85.208.96.199 - - [22/Nov/2024:19:56:12 -0800] "GET /pwlp11848rr1spre HTTP/1.0" 404 236 "-" "Mozilla/5.0 (compatible; SemrushBot/7~bl; +http://www.semrush.com/bot.html)"
66.249.68.33 - - [22/Nov/2024:19:56:18 -0800] "GET /lbfb19264qhboc/hylq8 HTTP/1.0" 404 236 "-" "Mozilla/5.0 (Linux; Android 6.0.1; Nexus 5X Build/MMB29P) AppleWebKit/537.36 (KHTML, like Gecko) Chrome/131.0.6778.69 Mobile Safari/537.36 (compatible; Googlebot/2.1; +http://www.google.com/bot.html)"
185.191.171.1 - - [22/Nov/2024:19:56:19 -0800] "GET /ouzo14461xcfuxc2 HTTP/1.0" 404 236 "-" "Mozilla/5.0 (compatible; SemrushBot/7~bl; +http://www.semrush.com/bot.html)"
52.167.144.215 - - [22/Nov/2024:19:56:25 -0800] "GET /bri2229.xml HTTP/1.0" 404 236 "-" "Mozilla/5.0 AppleWebKit/537.36 (KHTML, like Gecko; compatible; bingbot/2.0; +http://www.bing.com/bingbot.htm) Chrome/116.0.1938.76 Safari/537.36"
66.249.79.68 - - [22/Nov/2024:19:56:27 -0800] "GET /gqke6960k9kpq/j1sgk.htm HTTP/1.0" 404 236 "-" "Mozilla/5.0 (Linux; Android 6.0.1; Nexus 5X Build/MMB29P) AppleWebKit/537.36 (KHTML, like Gecko) Chrome/131.0.6778.69 Mobile Safari/537.36 (compatible; Googlebot/2.1; +http://www.google.com/bot.html)"
52.167.144.167 - - [22/Nov/2024:19:56:34 -0800] "GET /bri1325.xml HTTP/1.0" 404 236 "-" "Mozilla/5.0 AppleWebKit/537.36 (KHTML, like Gecko; compatible; bingbot/2.0; +http://www.bing.com/bingbot.htm) Chrome/116.0.1938.76 Safari/537.36"
52.167.144.167 - - [22/Nov/2024:19:56:45 -0800] "GET /bri731.xml HTTP/1.0" 404 236 "-" "Mozilla/5.0 AppleWebKit/537.36 (KHTML, like Gecko; compatible; bingbot/2.0; +http://www.bing.com/bingbot.htm) Chrome/116.0.1938.76 Safari/537.36"
85.208.96.209 - - [22/Nov/2024:19:56:56 -0800] "GET /rscd1407v3ddv.htm HTTP/1.0" 404 236 "-" "Mozilla/5.0 (compatible; SemrushBot/7~bl; +http://www.semrush.com/bot.html)"
85.208.96.209 - - [22/Nov/2024:19:56:59 -0800] "GET /vvsg7426p5hqspvfu HTTP/1.0" 404 236 "-" "Mozilla/5.0 (compatible; SemrushBot/7~bl; +http://www.semrush.com/bot.html)"
85.208.96.193 - - [22/Nov/2024:19:57:05 -0800] "GET /zkww14065rzkrrt HTTP/1.0" 404 236 "-" "Mozilla/5.0 (compatible; SemrushBot/7~bl; +http://www.semrush.com/bot.html)"
52.167.144.166 - - [22/Nov/2024:19:57:14 -0800] "GET /bri385.xml HTTP/1.0" 404 236 "-" "Mozilla/5.0 AppleWebKit/537.36 (KHTML, like Gecko; compatible; bingbot/2.0; +http://www.bing.com/bingbot.htm) Chrome/116.0.1938.76 Safari/537.36"
52.167.144.166 - - [22/Nov/2024:19:57:15 -0800] "GET /bri2543.xml HTTP/1.0" 404 236 "-" "Mozilla/5.0 AppleWebKit/537.36 (KHTML, like Gecko; compatible; bingbot/2.0; +http://www.bing.com/bingbot.htm) Chrome/116.0.1938.76 Safari/537.36"
66.249.79.67 - - [22/Nov/2024:19:57:16 -0800] "GET /hdmo14263hcovp HTTP/1.0" 404 236 "-" "Mozilla/5.0 (Linux; Android 6.0.1; Nexus 5X Build/MMB29P) AppleWebKit/537.36 (KHTML, like Gecko) Chrome/131.0.6778.69 Mobile Safari/537.36 (compatible; Googlebot/2.1; +http://www.google.com/bot.html)"
40.77.167.33 - - [22/Nov/2024:19:57:16 -0800] "GET /nozd10561x6foxlv HTTP/1.0" 404 236 "-" "Mozilla/5.0 AppleWebKit/537.36 (KHTML, like Gecko; compatible; bingbot/2.0; +http://www.bing.com/bingbot.htm) Chrome/116.0.1938.76 Safari/537.36"
185.191.171.15 - - [22/Nov/2024:19:57:25 -0800] "GET /yxbd5765s8c2.html HTTP/1.0" 404 236 "-" "Mozilla/5.0 (compatible; SemrushBot/7~bl; +http://www.semrush.com/bot.html)"
66.249.68.32 - - [22/Nov/2024:19:57:27 -0800] "GET /dfbj17334kfma56/voi.htm HTTP/1.0" 404 236 "-" "Mozilla/5.0 (Linux; Android 6.0.1; Nexus 5X Build/MMB29P) AppleWebKit/537.36 (KHTML, like Gecko) Chrome/131.0.6778.69 Mobile Safari/537.36 (compatible; GoogleOther)"
185.191.171.2 - - [22/Nov/2024:19:57:50 -0800] "GET /ohje19503viqde.htm HTTP/1.0" 404 236 "-" "Mozilla/5.0 (compatible; SemrushBot/7~bl; +http://www.semrush.com/bot.html)"
66.249.68.33 - - [22/Nov/2024:19:58:03 -0800] "GET /oevcategorynpwz/20 HTTP/1.0" 404 236 "-" "Mozilla/5.0 (Linux; Android 6.0.1; Nexus 5X Build/MMB29P) AppleWebKit/537.36 (KHTML, like Gecko) Chrome/131.0.6778.69 Mobile Safari/537.36 (compatible; Googlebot/2.1; +http://www.google.com/bot.html)"
185.191.171.15 - - [22/Nov/2024:19:58:05 -0800] "GET /mnsj28717fqnnftkc HTTP/1.0" 404 236 "-" "Mozilla/5.0 (compatible; SemrushBot/7~bl; +http://www.semrush.com/bot.html)"
85.208.96.205 - - [22/Nov/2024:19:58:07 -0800] "GET /pygu21838xyrqy HTTP/1.0" 404 236 "-" "Mozilla/5.0 (compatible; SemrushBot/7~bl; +http://www.semrush.com/bot.html)"
185.191.171.18 - - [22/Nov/2024:19:58:31 -0800] "GET /qkst11347dltdcj HTTP/1.0" 404 236 "-" "Mozilla/5.0 (compatible; SemrushBot/7~bl; +http://www.semrush.com/bot.html)"
185.191.171.12 - - [22/Nov/2024:19:58:41 -0800] "GET /ohje19153jclbrhj HTTP/1.0" 404 236 "-" "Mozilla/5.0 (compatible; SemrushBot/7~bl; +http://www.semrush.com/bot.html)"
85.208.96.205 - - [22/Nov/2024:19:58:59 -0800] "GET /qjdv1622c3j9.html HTTP/1.0" 404 236 "-" "Mozilla/5.0 (compatible; SemrushBot/7~bl; +http://www.semrush.com/bot.html)"
185.191.171.9 - - [22/Nov/2024:19:59:12 -0800] "GET /qjdv23794d2ruedd33 HTTP/1.0" 404 236 "-" "Mozilla/5.0 (compatible; SemrushBot/7~bl; +http://www.semrush.com/bot.html)"
66.249.68.33 - - [22/Nov/2024:19:59:15 -0800] "GET /hbkd19677u5upgxs/ibv.htm HTTP/1.0" 404 236 "-" "Mozilla/5.0 (Linux; Android 6.0.1; Nexus 5X Build/MMB29P) AppleWebKit/537.36 (KHTML, like Gecko) Chrome/131.0.6778.69 Mobile Safari/537.36 (compatible; Googlebot/2.1; +http://www.google.com/bot.html)"
66.249.68.33 - - [22/Nov/2024:19:59:17 -0800] "GET /kwfv4740ayafhk6onhc/likake.htm HTTP/1.0" 404 236 "-" "Mozilla/5.0 (Linux; Android 6.0.1; Nexus 5X Build/MMB29P) AppleWebKit/537.36 (KHTML, like Gecko) Chrome/131.0.6778.69 Mobile Safari/537.36 (compatible; Googlebot/2.1; +http://www.google.com/bot.html)"
185.191.171.1 - - [22/Nov/2024:19:59:39 -0800] "GET /lbfo20911zxhoz HTTP/1.0" 404 236 "-" "Mozilla/5.0 (compatible; SemrushBot/7~bl; +http://www.semrush.com/bot.html)"
185.191.171.10 - - [22/Nov/2024:19:59:42 -0800] "GET /ohje3125erpm.html HTTP/1.0" 404 236 "-" "Mozilla/5.0 (compatible; SemrushBot/7~bl; +http://www.semrush.com/bot.html)"
66.249.79.66 - - [22/Nov/2024:19:59:43 -0800] "GET /gqke8905f9nqfb2 HTTP/1.0" 404 236 "-" "Mozilla/5.0 (Linux; Android 6.0.1; Nexus 5X Build/MMB29P) AppleWebKit/537.36 (KHTML, like Gecko) Chrome/131.0.6778.69 Mobile Safari/537.36 (compatible; GoogleOther)"
185.191.171.11 - - [22/Nov/2024:19:59:48 -0800] "GET /ojjx4459fanxfdx HTTP/1.0" 404 236 "-" "Mozilla/5.0 (compatible; SemrushBot/7~bl; +http://www.semrush.com/bot.html)"
185.191.171.6 - - [22/Nov/2024:19:59:49 -0800] "GET /mwuo14008tho09um HTTP/1.0" 404 236 "-" "Mozilla/5.0 (compatible; SemrushBot/7~bl; +http://www.semrush.com/bot.html)"
66.249.79.66 - - [22/Nov/2024:19:59:57 -0800] "GET /nmgz9804upjrd2wa/rcnurlg.htm HTTP/1.0" 404 236 "-" "Mozilla/5.0 (Linux; Android 6.0.1; Nexus 5X Build/MMB29P) AppleWebKit/537.36 (KHTML, like Gecko) Chrome/131.0.6778.69 Mobile Safari/537.36 (compatible; Googlebot/2.1; +http://www.google.com/bot.html)"
185.191.171.6 - - [22/Nov/2024:20:00:11 -0800] "GET /ouzo6342x51by.htm HTTP/1.0" 404 236 "-" "Mozilla/5.0 (compatible; SemrushBot/7~bl; +http://www.semrush.com/bot.html)"
66.249.68.32 - - [22/Nov/2024:20:00:15 -0800] "GET /emjd11905w2me/5uorxmw HTTP/1.0" 404 236 "-" "Mozilla/5.0 (Linux; Android 6.0.1; Nexus 5X Build/MMB29P) AppleWebKit/537.36 (KHTML, like Gecko) Chrome/131.0.6778.69 Mobile Safari/537.36 (compatible; Googlebot/2.1; +http://www.google.com/bot.html)"
85.208.96.200 - - [22/Nov/2024:20:00:19 -0800] "GET /vvsg14127bxdft.htm HTTP/1.0" 404 236 "-" "Mozilla/5.0 (compatible; SemrushBot/7~bl; +http://www.semrush.com/bot.html)"
185.191.171.11 - - [22/Nov/2024:20:00:44 -0800] "GET /pygu8491htpuhdmy HTTP/1.0" 404 236 "-" "Mozilla/5.0 (compatible; SemrushBot/7~bl; +http://www.semrush.com/bot.html)"
66.249.79.68 - - [22/Nov/2024:20:00:54 -0800] "GET /oadn7854u0da3s4q7w/cdu.htm HTTP/1.0" 404 236 "-" "Mozilla/5.0 (Linux; Android 6.0.1; Nexus 5X Build/MMB29P) AppleWebKit/537.36 (KHTML, like Gecko) Chrome/131.0.6778.69 Mobile Safari/537.36 (compatible; Googlebot/2.1; +http://www.google.com/bot.html)"
66.249.79.67 - - [22/Nov/2024:20:00:58 -0800] "GET /dbxr2290uwbzwhh8rl/0xhwcxu HTTP/1.0" 404 236 "-" "Mozilla/5.0 (Linux; Android 6.0.1; Nexus 5X Build/MMB29P) AppleWebKit/537.36 (KHTML, like Gecko) Chrome/131.0.6778.69 Mobile Safari/537.36 (compatible; Googlebot/2.1; +http://www.google.com/bot.html)"
85.208.96.195 - - [22/Nov/2024:20:01:02 -0800] "GET /vvsg28519pwxgp HTTP/1.0" 404 236 "-" "Mozilla/5.0 (compatible; SemrushBot/7~bl; +http://www.semrush.com/bot.html)"
85.208.96.206 - - [22/Nov/2024:20:01:11 -0800] "GET /npwz13782bscwb.htm HTTP/1.0" 404 236 "-" "Mozilla/5.0 (compatible; SemrushBot/7~bl; +http://www.semrush.com/bot.html)"
85.208.96.195 - - [22/Nov/2024:20:01:17 -0800] "GET /obju6412p62qoputq HTTP/1.0" 404 236 "-" "Mozilla/5.0 (compatible; SemrushBot/7~bl; +http://www.semrush.com/bot.html)"
185.191.171.8 - - [22/Nov/2024:20:01:25 -0800] "GET /nozd16855zvhdz HTTP/1.0" 404 236 "-" "Mozilla/5.0 (compatible; SemrushBot/7~bl; +http://www.semrush.com/bot.html)"
185.191.171.1 - - [22/Nov/2024:20:01:28 -0800] "GET /opfy23055lqtyl.htm HTTP/1.0" 404 236 "-" "Mozilla/5.0 (compatible; SemrushBot/7~bl; +http://www.semrush.com/bot.html)"
185.191.171.10 - - [22/Nov/2024:20:02:02 -0800] "GET /ouzo10214ofwz.html HTTP/1.0" 404 236 "-" "Mozilla/5.0 (compatible; SemrushBot/7~bl; +http://www.semrush.com/bot.html)"
85.208.96.203 - - [22/Nov/2024:20:02:06 -0800] "GET /xfmz17746nomnj3 HTTP/1.0" 404 236 "-" "Mozilla/5.0 (compatible; SemrushBot/7~bl; +http://www.semrush.com/bot.html)"
85.208.96.197 - - [22/Nov/2024:20:02:11 -0800] "GET /xuro3021xfuxk8.htm HTTP/1.0" 404 236 "-" "Mozilla/5.0 (compatible; SemrushBot/7~bl; +http://www.semrush.com/bot.html)"
66.249.79.67 - - [22/Nov/2024:20:02:18 -0800] "GET /uoqe5567c62afd.html HTTP/1.0" 404 236 "-" "Mozilla/5.0 (Linux; Android 6.0.1; Nexus 5X Build/MMB29P) AppleWebKit/537.36 (KHTML, like Gecko) Chrome/131.0.6778.69 Mobile Safari/537.36 (compatible; GoogleOther)"
85.208.96.193 - - [22/Nov/2024:20:02:28 -0800] "GET /zsob3169pctvxsp HTTP/1.0" 404 236 "-" "Mozilla/5.0 (compatible; SemrushBot/7~bl; +http://www.semrush.com/bot.html)"
85.208.96.198 - - [22/Nov/2024:20:02:32 -0800] "GET /nozd16142om6w.html HTTP/1.0" 404 236 "-" "Mozilla/5.0 (compatible; SemrushBot/7~bl; +http://www.semrush.com/bot.html)"
66.249.68.34 - - [22/Nov/2024:20:02:35 -0800] "GET /zort694k3dc2/csr HTTP/1.0" 404 236 "-" "Mozilla/5.0 (Linux; Android 6.0.1; Nexus 5X Build/MMB29P) AppleWebKit/537.36 (KHTML, like Gecko) Chrome/131.0.6778.69 Mobile Safari/537.36 (compatible; Googlebot/2.1; +http://www.google.com/bot.html)"
185.191.171.18 - - [22/Nov/2024:20:02:52 -0800] "GET /npwz25192xzynx87 HTTP/1.0" 404 236 "-" "Mozilla/5.0 (compatible; SemrushBot/7~bl; +http://www.semrush.com/bot.html)"
85.208.96.207 - - [22/Nov/2024:20:02:59 -0800] "GET /azbc614i1ts.html HTTP/1.0" 404 236 "-" "Mozilla/5.0 (compatible; SemrushBot/7~bl; +http://www.semrush.com/bot.html)"
185.191.171.15 - - [22/Nov/2024:20:03:24 -0800] "GET /pwlp17141gw7h.html HTTP/1.0" 404 236 "-" "Mozilla/5.0 (compatible; SemrushBot/7~bl; +http://www.semrush.com/bot.html)"
185.191.171.3 - - [22/Nov/2024:20:03:26 -0800] "GET /qzzv1542h2aiz.htm HTTP/1.0" 404 236 "-" "Mozilla/5.0 (compatible; SemrushBot/7~bl; +http://www.semrush.com/bot.html)"
85.208.96.199 - - [22/Nov/2024:20:04:01 -0800] "GET /zyew7848vwzv8b.htm HTTP/1.0" 404 236 "-" "Mozilla/5.0 (compatible; SemrushBot/7~bl; +http://www.semrush.com/bot.html)"
85.208.96.211 - - [22/Nov/2024:20:04:03 -0800] "GET /mnsj11131v2djvtad HTTP/1.0" 404 236 "-" "Mozilla/5.0 (compatible; SemrushBot/7~bl; +http://www.semrush.com/bot.html)"
52.167.144.24 - - [22/Nov/2024:20:04:09 -0800] "GET /1928-jewelry-3-sided-flower-spinner-locket-pendant-necklace-for-women-30-inches/ HTTP/1.0" 404 236 "-" "Mozilla/5.0 AppleWebKit/537.36 (KHTML, like Gecko; compatible; bingbot/2.0; +http://www.bing.com/bingbot.htm) Chrome/116.0.1938.76 Safari/537.36"
185.191.171.13 - - [22/Nov/2024:20:04:12 -0800] "GET /rscd1717tbst6n HTTP/1.0" 404 236 "-" "Mozilla/5.0 (compatible; SemrushBot/7~bl; +http://www.semrush.com/bot.html)"
185.191.171.16 - - [22/Nov/2024:20:04:19 -0800] "GET /yxbd15565jhrxj12 HTTP/1.0" 404 236 "-" "Mozilla/5.0 (compatible; SemrushBot/7~bl; +http://www.semrush.com/bot.html)"
85.208.96.197 - - [22/Nov/2024:20:04:21 -0800] "GET /qzzv15907nvewuvvn6 HTTP/1.0" 404 236 "-" "Mozilla/5.0 (compatible; SemrushBot/7~bl; +http://www.semrush.com/bot.html)"
85.208.96.208 - - [22/Nov/2024:20:05:02 -0800] "GET /ohje29926z2v5v HTTP/1.0" 404 236 "-" "Mozilla/5.0 (compatible; SemrushBot/7~bl; +http://www.semrush.com/bot.html)"
185.191.171.8 - - [22/Nov/2024:20:05:14 -0800] "GET /ohje23623h25kx HTTP/1.0" 404 236 "-" "Mozilla/5.0 (compatible; SemrushBot/7~bl; +http://www.semrush.com/bot.html)"
85.208.96.204 - - [22/Nov/2024:20:05:30 -0800] "GET /xjhr28903jij9m HTTP/1.0" 404 236 "-" "Mozilla/5.0 (compatible; SemrushBot/7~bl; +http://www.semrush.com/bot.html)"
185.191.171.18 - - [22/Nov/2024:20:06:07 -0800] "GET /mnsj12985d5lndoq HTTP/1.0" 404 236 "-" "Mozilla/5.0 (compatible; SemrushBot/7~bl; +http://www.semrush.com/bot.html)"
85.208.96.208 - - [22/Nov/2024:20:06:08 -0800] "GET /obju13598sg1p.html HTTP/1.0" 404 236 "-" "Mozilla/5.0 (compatible; SemrushBot/7~bl; +http://www.semrush.com/bot.html)"
185.191.171.18 - - [22/Nov/2024:20:06:17 -0800] "GET /pwlp21865rmzwrm6 HTTP/1.0" 404 236 "-" "Mozilla/5.0 (compatible; SemrushBot/7~bl; +http://www.semrush.com/bot.html)"
185.191.171.12 - - [22/Nov/2024:20:06:46 -0800] "GET /pozb5374rhszr HTTP/1.0" 404 236 "-" "Mozilla/5.0 (compatible; SemrushBot/7~bl; +http://www.semrush.com/bot.html)"
85.208.96.212 - - [22/Nov/2024:20:07:08 -0800] "GET /pwlp2953hypwhmb HTTP/1.0" 404 236 "-" "Mozilla/5.0 (compatible; SemrushBot/7~bl; +http://www.semrush.com/bot.html)"
185.191.171.10 - - [22/Nov/2024:20:07:10 -0800] "GET /npwz4828rsnr4j HTTP/1.0" 404 236 "-" "Mozilla/5.0 (compatible; SemrushBot/7~bl; +http://www.semrush.com/bot.html)"
185.191.171.13 - - [22/Nov/2024:20:07:15 -0800] "GET /zort12436hzwizh4rx HTTP/1.0" 404 236 "-" "Mozilla/5.0 (compatible; SemrushBot/7~bl; +http://www.semrush.com/bot.html)"
85.208.96.201 - - [22/Nov/2024:20:07:26 -0800] "GET /oiie441rp4qzir.htm HTTP/1.0" 404 236 "-" "Mozilla/5.0 (compatible; SemrushBot/7~bl; +http://www.semrush.com/bot.html)"
85.208.96.210 - - [22/Nov/2024:20:07:40 -0800] "GET /mpeq4875fnqfho.htm HTTP/1.0" 404 236 "-" "Mozilla/5.0 (compatible; SemrushBot/7~bl; +http://www.semrush.com/bot.html)"
185.191.171.14 - - [22/Nov/2024:20:07:45 -0800] "GET /pygu45lstylbyl.htm HTTP/1.0" 404 236 "-" "Mozilla/5.0 (compatible; SemrushBot/7~bl; +http://www.semrush.com/bot.html)"
85.208.96.206 - - [22/Nov/2024:20:07:48 -0800] "GET /pwlp12183hwz9p.htm HTTP/1.0" 404 236 "-" "Mozilla/5.0 (compatible; SemrushBot/7~bl; +http://www.semrush.com/bot.html)"
185.191.171.12 - - [22/Nov/2024:20:08:03 -0800] "GET /zkww1277ces8.html HTTP/1.0" 404 236 "-" "Mozilla/5.0 (compatible; SemrushBot/7~bl; +http://www.semrush.com/bot.html)"
85.208.96.211 - - [22/Nov/2024:20:08:16 -0800] "GET /lkaj5861k29l.html HTTP/1.0" 404 236 "-" "Mozilla/5.0 (compatible; SemrushBot/7~bl; +http://www.semrush.com/bot.html)"
85.208.96.196 - - [22/Nov/2024:20:08:21 -0800] "GET /skzw2881njbvkng HTTP/1.0" 404 236 "-" "Mozilla/5.0 (compatible; SemrushBot/7~bl; +http://www.semrush.com/bot.html)"
85.208.96.201 - - [22/Nov/2024:20:08:59 -0800] "GET /xpxm24988b1rcxbbic HTTP/1.0" 404 236 "-" "Mozilla/5.0 (compatible; SemrushBot/7~bl; +http://www.semrush.com/bot.html)"
85.208.96.201 - - [22/Nov/2024:20:09:24 -0800] "GET /amph6679pxhpx HTTP/1.0" 404 236 "-" "Mozilla/5.0 (compatible; SemrushBot/7~bl; +http://www.semrush.com/bot.html)"
85.208.96.208 - - [22/Nov/2024:20:09:25 -0800] "GET /mmwe22591pxep2 HTTP/1.0" 404 236 "-" "Mozilla/5.0 (compatible; SemrushBot/7~bl; +http://www.semrush.com/bot.html)"
85.208.96.212 - - [22/Nov/2024:20:09:27 -0800] "GET /mwuo12255b7job.htm HTTP/1.0" 404 236 "-" "Mozilla/5.0 (compatible; SemrushBot/7~bl; +http://www.semrush.com/bot.html)"
185.191.171.16 - - [22/Nov/2024:20:09:41 -0800] "GET /amph27199vcs2w HTTP/1.0" 404 236 "-" "Mozilla/5.0 (compatible; SemrushBot/7~bl; +http://www.semrush.com/bot.html)"
185.191.171.6 - - [22/Nov/2024:20:10:08 -0800] "GET /obju30049lqy1ttb HTTP/1.0" 404 236 "-" "Mozilla/5.0 (compatible; SemrushBot/7~bl; +http://www.semrush.com/bot.html)"
85.208.96.201 - - [22/Nov/2024:20:10:22 -0800] "GET /qjdv18355r17ehzvrv HTTP/1.0" 404 236 "-" "Mozilla/5.0 (compatible; SemrushBot/7~bl; +http://www.semrush.com/bot.html)"
85.208.96.207 - - [22/Nov/2024:20:10:58 -0800] "GET /zyms20257vdyvse HTTP/1.0" 404 236 "-" "Mozilla/5.0 (compatible; SemrushBot/7~bl; +http://www.semrush.com/bot.html)"
85.208.96.211 - - [22/Nov/2024:20:11:04 -0800] "GET /zyew18262j27ke HTTP/1.0" 404 236 "-" "Mozilla/5.0 (compatible; SemrushBot/7~bl; +http://www.semrush.com/bot.html)"
85.208.96.209 - - [22/Nov/2024:20:11:06 -0800] "GET /wjfx8008zj8sawz HTTP/1.0" 404 236 "-" "Mozilla/5.0 (compatible; SemrushBot/7~bl; +http://www.semrush.com/bot.html)"
85.208.96.193 - - [22/Nov/2024:20:11:19 -0800] "GET /mnsj17707t4vbjtj5n HTTP/1.0" 404 236 "-" "Mozilla/5.0 (compatible; SemrushBot/7~bl; +http://www.semrush.com/bot.html)"
85.208.96.211 - - [22/Nov/2024:20:11:21 -0800] "GET /okcn17680z3gvaoz HTTP/1.0" 404 236 "-" "Mozilla/5.0 (compatible; SemrushBot/7~bl; +http://www.semrush.com/bot.html)"
185.191.171.5 - - [22/Nov/2024:20:11:26 -0800] "GET /pygu28726vcwgv HTTP/1.0" 404 236 "-" "Mozilla/5.0 (compatible; SemrushBot/7~bl; +http://www.semrush.com/bot.html)"
66.249.68.33 - - [22/Nov/2024:20:11:28 -0800] "GET /zyms2406gx7vq519b/nvg.htm HTTP/1.0" 404 236 "-" "Mozilla/5.0 (Linux; Android 6.0.1; Nexus 5X Build/MMB29P) AppleWebKit/537.36 (KHTML, like Gecko) Chrome/131.0.6778.69 Mobile Safari/537.36 (compatible; Googlebot/2.1; +http://www.google.com/bot.html)"
185.191.171.9 - - [22/Nov/2024:20:11:28 -0800] "GET /ohje14251v8devqw HTTP/1.0" 404 236 "-" "Mozilla/5.0 (compatible; SemrushBot/7~bl; +http://www.semrush.com/bot.html)"
85.208.96.202 - - [22/Nov/2024:20:11:41 -0800] "GET /aemg23347rfdzgrhpq HTTP/1.0" 404 236 "-" "Mozilla/5.0 (compatible; SemrushBot/7~bl; +http://www.semrush.com/bot.html)"
66.249.79.67 - - [22/Nov/2024:20:11:51 -0800] "GET /wfts22647afsrs4gfz75/h6bsa.htm HTTP/1.0" 404 236 "-" "Mozilla/5.0 (Linux; Android 6.0.1; Nexus 5X Build/MMB29P) AppleWebKit/537.36 (KHTML, like Gecko) Chrome/131.0.6778.69 Mobile Safari/537.36 (compatible; GoogleOther)"
85.208.96.211 - - [22/Nov/2024:20:11:56 -0800] "GET /wmaj23798acai.html HTTP/1.0" 404 236 "-" "Mozilla/5.0 (compatible; SemrushBot/7~bl; +http://www.semrush.com/bot.html)"
185.191.171.6 - - [22/Nov/2024:20:12:04 -0800] "GET /lixb27649dylidmq HTTP/1.0" 404 236 "-" "Mozilla/5.0 (compatible; SemrushBot/7~bl; +http://www.semrush.com/bot.html)"
66.249.68.32 - - [22/Nov/2024:20:12:10 -0800] "GET /oevcategoryxdwt/9 HTTP/1.0" 404 236 "-" "Mozilla/5.0 (Linux; Android 6.0.1; Nexus 5X Build/MMB29P) AppleWebKit/537.36 (KHTML, like Gecko) Chrome/131.0.6778.69 Mobile Safari/537.36 (compatible; Googlebot/2.1; +http://www.google.com/bot.html)"
85.208.96.199 - - [22/Nov/2024:20:12:21 -0800] "GET /npwz5011lv2tzl1z3 HTTP/1.0" 404 236 "-" "Mozilla/5.0 (compatible; SemrushBot/7~bl; +http://www.semrush.com/bot.html)"
85.208.96.195 - - [22/Nov/2024:20:12:32 -0800] "GET /zyms23606qymq.html HTTP/1.0" 404 236 "-" "Mozilla/5.0 (compatible; SemrushBot/7~bl; +http://www.semrush.com/bot.html)"
85.208.96.193 - - [22/Nov/2024:20:12:41 -0800] "GET /ouzo3630prow6.htm HTTP/1.0" 404 236 "-" "Mozilla/5.0 (compatible; SemrushBot/7~bl; +http://www.semrush.com/bot.html)"
185.191.171.1 - - [22/Nov/2024:20:12:45 -0800] "GET /pwlp8791vydpv HTTP/1.0" 404 236 "-" "Mozilla/5.0 (compatible; SemrushBot/7~bl; +http://www.semrush.com/bot.html)"
85.208.96.206 - - [22/Nov/2024:20:12:49 -0800] "GET /rbeu18931vtduvffl HTTP/1.0" 404 236 "-" "Mozilla/5.0 (compatible; SemrushBot/7~bl; +http://www.semrush.com/bot.html)"
185.191.171.4 - - [22/Nov/2024:20:13:23 -0800] "GET /xjhr7303p3xrp HTTP/1.0" 404 236 "-" "Mozilla/5.0 (compatible; SemrushBot/7~bl; +http://www.semrush.com/bot.html)"
85.208.96.203 - - [22/Nov/2024:20:13:48 -0800] "GET /npwz27232jailskn HTTP/1.0" 404 236 "-" "Mozilla/5.0 (compatible; SemrushBot/7~bl; +http://www.semrush.com/bot.html)"
85.208.96.199 - - [22/Nov/2024:20:14:11 -0800] "GET /zyms5419demlsdx3w HTTP/1.0" 404 236 "-" "Mozilla/5.0 (compatible; SemrushBot/7~bl; +http://www.semrush.com/bot.html)"
85.208.96.212 - - [22/Nov/2024:20:14:32 -0800] "GET /wmaj27782gvr2.html HTTP/1.0" 404 236 "-" "Mozilla/5.0 (compatible; SemrushBot/7~bl; +http://www.semrush.com/bot.html)"
85.208.96.198 - - [22/Nov/2024:20:15:13 -0800] "GET /mnsj11573cwdn.html HTTP/1.0" 404 236 "-" "Mozilla/5.0 (compatible; SemrushBot/7~bl; +http://www.semrush.com/bot.html)"
185.191.171.10 - - [22/Nov/2024:20:15:24 -0800] "GET /varv414xfaey.htm HTTP/1.0" 404 236 "-" "Mozilla/5.0 (compatible; SemrushBot/7~bl; +http://www.semrush.com/bot.html)"
185.191.171.10 - - [22/Nov/2024:20:15:26 -0800] "GET /oiie28006d0fse HTTP/1.0" 404 236 "-" "Mozilla/5.0 (compatible; SemrushBot/7~bl; +http://www.semrush.com/bot.html)"
185.191.171.13 - - [22/Nov/2024:20:15:46 -0800] "GET /mmwe23789yghx.html HTTP/1.0" 404 236 "-" "Mozilla/5.0 (compatible; SemrushBot/7~bl; +http://www.semrush.com/bot.html)"
185.191.171.13 - - [22/Nov/2024:20:15:51 -0800] "GET /ohje320adioah.html HTTP/1.0" 404 236 "-" "Mozilla/5.0 (compatible; SemrushBot/7~bl; +http://www.semrush.com/bot.html)"
85.208.96.198 - - [22/Nov/2024:20:16:06 -0800] "GET /qzzv3558vmzkw.htm HTTP/1.0" 404 236 "-" "Mozilla/5.0 (compatible; SemrushBot/7~bl; +http://www.semrush.com/bot.html)"
185.191.171.1 - - [22/Nov/2024:20:16:07 -0800] "GET /nozd25618hd39izh73 HTTP/1.0" 404 236 "-" "Mozilla/5.0 (compatible; SemrushBot/7~bl; +http://www.semrush.com/bot.html)"
85.208.96.206 - - [22/Nov/2024:20:16:13 -0800] "GET /nnsx8294sqoa.html HTTP/1.0" 404 236 "-" "Mozilla/5.0 (compatible; SemrushBot/7~bl; +http://www.semrush.com/bot.html)"
185.191.171.10 - - [22/Nov/2024:20:16:23 -0800] "GET /aemg23703j1gkr.htm HTTP/1.0" 404 236 "-" "Mozilla/5.0 (compatible; SemrushBot/7~bl; +http://www.semrush.com/bot.html)"
185.191.171.13 - - [22/Nov/2024:20:16:24 -0800] "GET /nnsx22531hvjpxhj16 HTTP/1.0" 404 236 "-" "Mozilla/5.0 (compatible; SemrushBot/7~bl; +http://www.semrush.com/bot.html)"
185.191.171.9 - - [22/Nov/2024:20:16:45 -0800] "GET /lixb19003pyhxbpeer HTTP/1.0" 404 236 "-" "Mozilla/5.0 (compatible; SemrushBot/7~bl; +http://www.semrush.com/bot.html)"
185.191.171.1 - - [22/Nov/2024:20:16:49 -0800] "GET /okcn4302lqqmc.htm HTTP/1.0" 404 236 "-" "Mozilla/5.0 (compatible; SemrushBot/7~bl; +http://www.semrush.com/bot.html)"
185.191.171.8 - - [22/Nov/2024:20:16:55 -0800] "GET /robots.txt HTTP/1.0" 200 1101 "-" "Mozilla/5.0 (compatible; SemrushBot/7~bl; +http://www.semrush.com/bot.html)"
85.208.96.199 - - [22/Nov/2024:20:16:55 -0800] "GET /xoem17800pjq4qxp HTTP/1.0" 404 236 "-" "Mozilla/5.0 (compatible; SemrushBot/7~bl; +http://www.semrush.com/bot.html)"
85.208.96.202 - - [22/Nov/2024:20:16:58 -0800] "GET /qkst863ei7vft.html HTTP/1.0" 404 236 "-" "Mozilla/5.0 (compatible; SemrushBot/7~bl; +http://www.semrush.com/bot.html)"
85.208.96.208 - - [22/Nov/2024:20:17:45 -0800] "GET /wjfx534nofna.htm HTTP/1.0" 404 236 "-" "Mozilla/5.0 (compatible; SemrushBot/7~bl; +http://www.semrush.com/bot.html)"
85.208.96.206 - - [22/Nov/2024:20:17:48 -0800] "GET /xuro3163jiv3roj8r HTTP/1.0" 404 236 "-" "Mozilla/5.0 (compatible; SemrushBot/7~bl; +http://www.semrush.com/bot.html)"
185.191.171.9 - - [22/Nov/2024:20:18:16 -0800] "GET /qzzv26871frnvf.htm HTTP/1.0" 404 236 "-" "Mozilla/5.0 (compatible; SemrushBot/7~bl; +http://www.semrush.com/bot.html)"
185.191.171.13 - - [22/Nov/2024:20:18:23 -0800] "GET /zyew17151jqrwj.htm HTTP/1.0" 404 236 "-" "Mozilla/5.0 (compatible; SemrushBot/7~bl; +http://www.semrush.com/bot.html)"
85.208.96.202 - - [22/Nov/2024:20:18:25 -0800] "GET /ohje23563zhezk6 HTTP/1.0" 404 236 "-" "Mozilla/5.0 (compatible; SemrushBot/7~bl; +http://www.semrush.com/bot.html)"
185.191.171.11 - - [22/Nov/2024:20:19:02 -0800] "GET /ldqb20621cw64.html HTTP/1.0" 404 236 "-" "Mozilla/5.0 (compatible; SemrushBot/7~bl; +http://www.semrush.com/bot.html)"
185.191.171.11 - - [22/Nov/2024:20:19:48 -0800] "GET /pwlp4369tep0rbw HTTP/1.0" 404 236 "-" "Mozilla/5.0 (compatible; SemrushBot/7~bl; +http://www.semrush.com/bot.html)"
185.191.171.14 - - [22/Nov/2024:20:19:50 -0800] "GET /hsqg1903xskfg HTTP/1.0" 404 236 "-" "Mozilla/5.0 (compatible; SemrushBot/7~bl; +http://www.semrush.com/bot.html)"
85.208.96.210 - - [22/Nov/2024:20:19:52 -0800] "GET /wvso5239f1nof HTTP/1.0" 404 236 "-" "Mozilla/5.0 (compatible; SemrushBot/7~bl; +http://www.semrush.com/bot.html)"
185.191.171.8 - - [22/Nov/2024:20:19:53 -0800] "GET /qkst29611p3dxtpcbk HTTP/1.0" 404 236 "-" "Mozilla/5.0 (compatible; SemrushBot/7~bl; +http://www.semrush.com/bot.html)"
85.208.96.197 - - [22/Nov/2024:20:20:05 -0800] "GET /pwlp12160rcv3spr HTTP/1.0" 404 236 "-" "Mozilla/5.0 (compatible; SemrushBot/7~bl; +http://www.semrush.com/bot.html)"
185.191.171.1 - - [22/Nov/2024:20:20:19 -0800] "GET /opfy7603dnlyd38h HTTP/1.0" 404 236 "-" "Mozilla/5.0 (compatible; SemrushBot/7~bl; +http://www.semrush.com/bot.html)"
85.208.96.193 - - [22/Nov/2024:20:20:23 -0800] "GET /uiwk9375hxoe0.htm HTTP/1.0" 404 236 "-" "Mozilla/5.0 (compatible; SemrushBot/7~bl; +http://www.semrush.com/bot.html)"
85.208.96.210 - - [22/Nov/2024:20:20:25 -0800] "GET /xdwt27646h6iwh HTTP/1.0" 404 236 "-" "Mozilla/5.0 (compatible; SemrushBot/7~bl; +http://www.semrush.com/bot.html)"
85.208.96.195 - - [22/Nov/2024:20:20:47 -0800] "GET /ouzo1318rq3sz HTTP/1.0" 404 236 "-" "Mozilla/5.0 (compatible; SemrushBot/7~bl; +http://www.semrush.com/bot.html)"
85.208.96.203 - - [22/Nov/2024:20:20:48 -0800] "GET /lbfo9630jvkfj.htm HTTP/1.0" 404 236 "-" "Mozilla/5.0 (compatible; SemrushBot/7~bl; +http://www.semrush.com/bot.html)"
185.191.171.14 - - [22/Nov/2024:20:20:56 -0800] "GET /plvg17488pm3qppt HTTP/1.0" 404 236 "-" "Mozilla/5.0 (compatible; SemrushBot/7~bl; +http://www.semrush.com/bot.html)"
66.249.79.67 - - [22/Nov/2024:20:20:59 -0800] "GET /yhoz2483f03tf8/nzf4z.html HTTP/1.0" 404 236 "-" "Mozilla/5.0 (Linux; Android 6.0.1; Nexus 5X Build/MMB29P) AppleWebKit/537.36 (KHTML, like Gecko) Chrome/131.0.6778.69 Mobile Safari/537.36 (compatible; Googlebot/2.1; +http://www.google.com/bot.html)"
85.208.96.195 - - [22/Nov/2024:20:21:03 -0800] "GET /aemg29062tue1u HTTP/1.0" 404 236 "-" "Mozilla/5.0 (compatible; SemrushBot/7~bl; +http://www.semrush.com/bot.html)"
85.208.96.199 - - [22/Nov/2024:20:21:42 -0800] "GET /okdx14647bedrj HTTP/1.0" 404 236 "-" "Mozilla/5.0 (compatible; SemrushBot/7~bl; +http://www.semrush.com/bot.html)"
85.208.96.205 - - [22/Nov/2024:20:21:54 -0800] "GET /plvg28534l8cmv HTTP/1.0" 404 236 "-" "Mozilla/5.0 (compatible; SemrushBot/7~bl; +http://www.semrush.com/bot.html)"
85.208.96.195 - - [22/Nov/2024:20:22:24 -0800] "GET /varv11294ccjk.html HTTP/1.0" 404 236 "-" "Mozilla/5.0 (compatible; SemrushBot/7~bl; +http://www.semrush.com/bot.html)"
85.208.96.193 - - [22/Nov/2024:20:22:37 -0800] "GET /wjfx13503b01wb.htm HTTP/1.0" 404 236 "-" "Mozilla/5.0 (compatible; SemrushBot/7~bl; +http://www.semrush.com/bot.html)"
85.208.96.201 - - [22/Nov/2024:20:22:39 -0800] "GET /npwz10570nrownyw HTTP/1.0" 404 236 "-" "Mozilla/5.0 (compatible; SemrushBot/7~bl; +http://www.semrush.com/bot.html)"
209.182.200.39 - - [22/Nov/2024:20:23:03 -0800] "POST /wp-cron.php?doing_wp_cron=1732335783.0702641010284423828125 HTTP/1.0" 200 - "http://brightcrownjewels.com/wp-cron.php?doing_wp_cron=1732335783.0702641010284423828125" "WordPress/4.9.26; http://brightcrownjewels.com"
89.208.105.220 - - [22/Nov/2024:20:23:02 -0800] "GET /wp-login.php HTTP/1.0" 200 2396 "-" "Mozilla/5.0 (Macintosh; Intel Mac OS X 10.9; rv:45.0) Gecko/20100101 Firefox/45.0"
185.191.171.12 - - [22/Nov/2024:20:23:12 -0800] "GET /quhv2069og8b.html HTTP/1.0" 404 236 "-" "Mozilla/5.0 (compatible; SemrushBot/7~bl; +http://www.semrush.com/bot.html)"
89.208.105.220 - - [22/Nov/2024:20:23:16 -0800] "POST /wp-login.php HTTP/1.0" 302 - "http://brightcrownjewels.com/wp-login.php" "Mozilla/5.0 (Macintosh; Intel Mac OS X 10.9; rv:45.0) Gecko/20100101 Firefox/45.0"
89.208.105.220 - - [22/Nov/2024:20:23:16 -0800] "GET /wp-admin/ HTTP/1.0" 200 71818 "http://brightcrownjewels.com/wp-login.php" "Mozilla/5.0 (Macintosh; Intel Mac OS X 10.9; rv:45.0) Gecko/20100101 Firefox/45.0"
89.208.105.220 - - [22/Nov/2024:20:23:17 -0800] "GET /wp-admin/plugin-editor.php?file=wp-automatic%2Fp_ads.php&plugin=wp-automatic%2Fwp-automatic.php HTTP/1.0" 200 99239 "http://brightcrownjewels.com/wp-admin/" "Mozilla/5.0 (Macintosh; Intel Mac OS X 10.9; rv:45.0) Gecko/20100101 Firefox/45.0"
89.208.105.220 - - [22/Nov/2024:20:23:20 -0800] "POST /wp-admin/admin-ajax.php HTTP/1.0" 406 300 "http://brightcrownjewels.com/wp-admin/plugin-editor.php?file=wp-automatic%2Fp_ads.php&plugin=wp-automatic%2Fwp-automatic.php" "Mozilla/5.0 (Macintosh; Intel Mac OS X 10.9; rv:45.0) Gecko/20100101 Firefox/45.0"
89.208.105.220 - - [22/Nov/2024:20:23:21 -0800] "GET /wp-content/plugins/wp-automatic/p_ads.php HTTP/1.0" 200 335 "http://brightcrownjewels.com/wp-admin/admin-ajax.php" "Mozilla/5.0 (Macintosh; Intel Mac OS X 10.9; rv:45.0) Gecko/20100101 Firefox/45.0"
85.208.96.209 - - [22/Nov/2024:20:23:21 -0800] "GET /plvg6975zuvhg.htm HTTP/1.0" 404 236 "-" "Mozilla/5.0 (compatible; SemrushBot/7~bl; +http://www.semrush.com/bot.html)"
89.208.105.220 - - [22/Nov/2024:20:23:21 -0800] "POST /wp-content/plugins/wp-automatic/p_ads.php HTTP/1.0" 406 300 "http://brightcrownjewels.com/wp-content/plugins/wp-automatic/p_ads.php" "Mozilla/5.0 (Macintosh; Intel Mac OS X 10.9; rv:45.0) Gecko/20100101 Firefox/45.0"
89.208.105.220 - - [22/Nov/2024:20:23:22 -0800] "GET /wp-content/plugins/wp-automatic/7e8d89bdc60f.php HTTP/1.0" 404 236 "http://brightcrownjewels.com/wp-content/plugins/wp-automatic/p_ads.php" "Mozilla/5.0 (Macintosh; Intel Mac OS X 10.9; rv:45.0) Gecko/20100101 Firefox/45.0"
89.208.105.220 - - [22/Nov/2024:20:23:22 -0800] "POST /wp-content/plugins/wp-automatic/p_ads.php HTTP/1.0" 200 335 "http://brightcrownjewels.com/wp-content/plugins/wp-automatic/7e8d89bdc60f.php" "Mozilla/5.0 (Macintosh; Intel Mac OS X 10.9; rv:45.0) Gecko/20100101 Firefox/45.0"
89.208.105.220 - - [22/Nov/2024:20:23:23 -0800] "GET /wp-content/plugins/wp-automatic/7e8d89bdc60f.php HTTP/1.0" 404 236 "http://brightcrownjewels.com/wp-content/plugins/wp-automatic/p_ads.php" "Mozilla/5.0 (Macintosh; Intel Mac OS X 10.9; rv:45.0) Gecko/20100101 Firefox/45.0"
185.191.171.15 - - [22/Nov/2024:20:23:53 -0800] "GET /mnsj7198vwsv5 HTTP/1.0" 404 236 "-" "Mozilla/5.0 (compatible; SemrushBot/7~bl; +http://www.semrush.com/bot.html)"
85.208.96.209 - - [22/Nov/2024:20:24:03 -0800] "GET /prgt8491hpthol HTTP/1.0" 404 236 "-" "Mozilla/5.0 (compatible; SemrushBot/7~bl; +http://www.semrush.com/bot.html)"
185.191.171.16 - - [22/Nov/2024:20:24:08 -0800] "GET /zyms23404dezdv6 HTTP/1.0" 404 236 "-" "Mozilla/5.0 (compatible; SemrushBot/7~bl; +http://www.semrush.com/bot.html)"
85.208.96.209 - - [22/Nov/2024:20:24:09 -0800] "GET /qtvx5438wwwj.html HTTP/1.0" 404 236 "-" "Mozilla/5.0 (compatible; SemrushBot/7~bl; +http://www.semrush.com/bot.html)"
85.208.96.200 - - [22/Nov/2024:20:24:17 -0800] "GET /zort22258bd2ojcrbi HTTP/1.0" 404 236 "-" "Mozilla/5.0 (compatible; SemrushBot/7~bl; +http://www.semrush.com/bot.html)"
85.208.96.195 - - [22/Nov/2024:20:24:44 -0800] "GET /aemg30087x06fg.htm HTTP/1.0" 404 236 "-" "Mozilla/5.0 (compatible; SemrushBot/7~bl; +http://www.semrush.com/bot.html)"
185.191.171.16 - - [22/Nov/2024:20:24:49 -0800] "GET /zyew3062mwz5.html HTTP/1.0" 404 236 "-" "Mozilla/5.0 (compatible; SemrushBot/7~bl; +http://www.semrush.com/bot.html)"
85.208.96.201 - - [22/Nov/2024:20:24:56 -0800] "GET /rscd3677kggt.html HTTP/1.0" 404 236 "-" "Mozilla/5.0 (compatible; SemrushBot/7~bl; +http://www.semrush.com/bot.html)"
85.208.96.206 - - [22/Nov/2024:20:24:59 -0800] "GET /pygu19681rntgzyr HTTP/1.0" 404 236 "-" "Mozilla/5.0 (compatible; SemrushBot/7~bl; +http://www.semrush.com/bot.html)"
66.249.79.66 - - [22/Nov/2024:20:25:21 -0800] "GET /ttms17008wvhes7/g3etw HTTP/1.0" 404 236 "-" "Mozilla/5.0 (Linux; Android 6.0.1; Nexus 5X Build/MMB29P) AppleWebKit/537.36 (KHTML, like Gecko) Chrome/131.0.6778.69 Mobile Safari/537.36 (compatible; GoogleOther)"
185.191.171.17 - - [22/Nov/2024:20:25:24 -0800] "GET /ohje18496j1kkojc HTTP/1.0" 404 236 "-" "Mozilla/5.0 (compatible; SemrushBot/7~bl; +http://www.semrush.com/bot.html)"
66.249.79.67 - - [22/Nov/2024:20:25:24 -0800] "GET /klpy29181icu4128/ejl.htm HTTP/1.0" 404 236 "-" "Mozilla/5.0 (Linux; Android 6.0.1; Nexus 5X Build/MMB29P) AppleWebKit/537.36 (KHTML, like Gecko) Chrome/131.0.6778.69 Mobile Safari/537.36 (compatible; GoogleOther)"
85.208.96.212 - - [22/Nov/2024:20:25:28 -0800] "GET /vvsg15334te5us HTTP/1.0" 404 236 "-" "Mozilla/5.0 (compatible; SemrushBot/7~bl; +http://www.semrush.com/bot.html)"
66.249.68.32 - - [22/Nov/2024:20:25:28 -0800] "GET /ftod30053pmhk87h/hixtp0lgc.html HTTP/1.0" 404 236 "-" "Mozilla/5.0 (Linux; Android 6.0.1; Nexus 5X Build/MMB29P) AppleWebKit/537.36 (KHTML, like Gecko) Chrome/131.0.6778.69 Mobile Safari/537.36 (compatible; GoogleOther)"
85.208.96.209 - - [22/Nov/2024:20:25:31 -0800] "GET /prgt24974gtwo.html HTTP/1.0" 404 236 "-" "Mozilla/5.0 (compatible; SemrushBot/7~bl; +http://www.semrush.com/bot.html)"
66.249.68.32 - - [22/Nov/2024:20:25:32 -0800] "GET /sqiu2898e3ds9tqsztk/dmie3x.htm HTTP/1.0" 404 236 "-" "Mozilla/5.0 (Linux; Android 6.0.1; Nexus 5X Build/MMB29P) AppleWebKit/537.36 (KHTML, like Gecko) Chrome/131.0.6778.69 Mobile Safari/537.36 (compatible; GoogleOther)"
66.249.68.33 - - [22/Nov/2024:20:25:34 -0800] "GET /sihn4217xwvr1/7sfixl.html HTTP/1.0" 404 236 "-" "Mozilla/5.0 (Linux; Android 6.0.1; Nexus 5X Build/MMB29P) AppleWebKit/537.36 (KHTML, like Gecko) Chrome/131.0.6778.69 Mobile Safari/537.36 (compatible; Googlebot/2.1; +http://www.google.com/bot.html)"
66.249.68.32 - - [22/Nov/2024:20:25:43 -0800] "GET /nnsx19714y6i62g9pw/a431gsy HTTP/1.0" 404 236 "-" "Mozilla/5.0 (Linux; Android 6.0.1; Nexus 5X Build/MMB29P) AppleWebKit/537.36 (KHTML, like Gecko) Chrome/131.0.6778.69 Mobile Safari/537.36 (compatible; GoogleOther)"
85.208.96.207 - - [22/Nov/2024:20:25:49 -0800] "GET /plvg27183fongf.htm HTTP/1.0" 404 236 "-" "Mozilla/5.0 (compatible; SemrushBot/7~bl; +http://www.semrush.com/bot.html)"
