85.208.96.210 - - [22/Nov/2024:20:26:01 -0800] "GET /aemg3846xs1dv.htm HTTP/1.0" 404 236 "-" "Mozilla/5.0 (compatible; SemrushBot/7~bl; +http://www.semrush.com/bot.html)"
85.208.96.212 - - [22/Nov/2024:20:26:13 -0800] "GET /nnsx11407lx3pz HTTP/1.0" 404 236 "-" "Mozilla/5.0 (compatible; SemrushBot/7~bl; +http://www.semrush.com/bot.html)"
66.249.68.34 - - [22/Nov/2024:20:26:17 -0800] "GET /ouzo23301x3fuxed.htm HTTP/1.0" 404 236 "-" "Mozilla/5.0 (Linux; Android 6.0.1; Nexus 5X Build/MMB29P) AppleWebKit/537.36 (KHTML, like Gecko) Chrome/131.0.6778.69 Mobile Safari/537.36 (compatible; GoogleOther)"
40.77.167.70 - - [22/Nov/2024:20:26:38 -0800] "GET /dgov17139e93tos4zwx/ypmfve4oa.htm HTTP/1.0" 404 236 "-" "Mozilla/5.0 AppleWebKit/537.36 (KHTML, like Gecko; compatible; bingbot/2.0; +http://www.bing.com/bingbot.htm) Chrome/116.0.1938.76 Safari/537.36"
85.208.96.199 - - [22/Nov/2024:20:26:47 -0800] "GET /lixb7555h7hpbh34v HTTP/1.0" 404 236 "-" "Mozilla/5.0 (compatible; SemrushBot/7~bl; +http://www.semrush.com/bot.html)"
66.249.68.33 - - [22/Nov/2024:20:26:48 -0800] "GET /ucrs16789lktcllr5 HTTP/1.0" 404 236 "-" "Mozilla/5.0 (Linux; Android 6.0.1; Nexus 5X Build/MMB29P) AppleWebKit/537.36 (KHTML, like Gecko) Chrome/131.0.6778.69 Mobile Safari/537.36 (compatible; GoogleOther)"
85.208.96.204 - - [22/Nov/2024:20:27:06 -0800] "GET /qtvx24542qvzy.html HTTP/1.0" 404 236 "-" "Mozilla/5.0 (compatible; SemrushBot/7~bl; +http://www.semrush.com/bot.html)"
209.182.200.39 - - [22/Nov/2024:20:27:10 -0800] "POST /wp-cron.php?doing_wp_cron=1732336030.7891271114349365234375 HTTP/1.0" 200 - "http://brightcrownjewels.com/wp-cron.php?doing_wp_cron=1732336030.7891271114349365234375" "WordPress/4.9.26; http://brightcrownjewels.com"
103.159.50.233 - - [22/Nov/2024:20:27:10 -0800] "POST /xmlrpc.php HTTP/1.0" 200 401 "-" "Mozilla/5.0 (X11; Fedora; Linux x86_64; rv:89.0) Gecko/20100101 Firefox/89.0"
185.191.171.16 - - [22/Nov/2024:20:27:14 -0800] "GET /rpez23weyxzw.html HTTP/1.0" 404 236 "-" "Mozilla/5.0 (compatible; SemrushBot/7~bl; +http://www.semrush.com/bot.html)"
85.208.96.210 - - [22/Nov/2024:20:27:31 -0800] "GET /rscd2950lxmcl HTTP/1.0" 404 236 "-" "Mozilla/5.0 (compatible; SemrushBot/7~bl; +http://www.semrush.com/bot.html)"
185.191.171.15 - - [22/Nov/2024:20:27:33 -0800] "GET /cpld3967hrvpd HTTP/1.0" 404 236 "-" "Mozilla/5.0 (compatible; SemrushBot/7~bl; +http://www.semrush.com/bot.html)"
85.208.96.206 - - [22/Nov/2024:20:27:51 -0800] "GET /oiie24518sais.html HTTP/1.0" 404 236 "-" "Mozilla/5.0 (compatible; SemrushBot/7~bl; +http://www.semrush.com/bot.html)"
185.191.171.8 - - [22/Nov/2024:20:27:54 -0800] "GET /aemg15001r8zerqu HTTP/1.0" 404 236 "-" "Mozilla/5.0 (compatible; SemrushBot/7~bl; +http://www.semrush.com/bot.html)"
66.249.68.32 - - [22/Nov/2024:20:28:03 -0800] "GET /ucrs17434gbg0/orgok HTTP/1.0" 404 236 "-" "Mozilla/5.0 (Linux; Android 6.0.1; Nexus 5X Build/MMB29P) AppleWebKit/537.36 (KHTML, like Gecko) Chrome/131.0.6778.69 Mobile Safari/537.36 (compatible; Googlebot/2.1; +http://www.google.com/bot.html)"
85.208.96.210 - - [22/Nov/2024:20:28:04 -0800] "GET /ojjx23752ngr04oo HTTP/1.0" 404 236 "-" "Mozilla/5.0 (compatible; SemrushBot/7~bl; +http://www.semrush.com/bot.html)"
85.208.96.206 - - [22/Nov/2024:20:28:08 -0800] "GET /lixb5665paxjxip HTTP/1.0" 404 236 "-" "Mozilla/5.0 (compatible; SemrushBot/7~bl; +http://www.semrush.com/bot.html)"
85.208.96.200 - - [22/Nov/2024:20:28:23 -0800] "GET /amph23146fse98gpfh HTTP/1.0" 404 236 "-" "Mozilla/5.0 (compatible; SemrushBot/7~bl; +http://www.semrush.com/bot.html)"
85.208.96.200 - - [22/Nov/2024:20:28:33 -0800] "GET /azbc1678n8huo HTTP/1.0" 404 236 "-" "Mozilla/5.0 (compatible; SemrushBot/7~bl; +http://www.semrush.com/bot.html)"
66.249.68.33 - - [22/Nov/2024:20:28:45 -0800] "GET /qzzv3785h2le9lj/bphpzh.html HTTP/1.0" 404 236 "-" "Mozilla/5.0 (Linux; Android 6.0.1; Nexus 5X Build/MMB29P) AppleWebKit/537.36 (KHTML, like Gecko) Chrome/131.0.6778.69 Mobile Safari/537.36 (compatible; GoogleOther)"
85.208.96.206 - - [22/Nov/2024:20:28:54 -0800] "GET /pygu319zhuzb HTTP/1.0" 404 236 "-" "Mozilla/5.0 (compatible; SemrushBot/7~bl; +http://www.semrush.com/bot.html)"
185.191.171.14 - - [22/Nov/2024:20:28:56 -0800] "GET /oiie26122rosir11t HTTP/1.0" 404 236 "-" "Mozilla/5.0 (compatible; SemrushBot/7~bl; +http://www.semrush.com/bot.html)"
85.208.96.198 - - [22/Nov/2024:20:29:02 -0800] "GET /sqiu5200zmaszzh HTTP/1.0" 404 236 "-" "Mozilla/5.0 (compatible; SemrushBot/7~bl; +http://www.semrush.com/bot.html)"
185.191.171.1 - - [22/Nov/2024:20:29:08 -0800] "GET /wjfx13978pyqfper1 HTTP/1.0" 404 236 "-" "Mozilla/5.0 (compatible; SemrushBot/7~bl; +http://www.semrush.com/bot.html)"
85.208.96.199 - - [22/Nov/2024:20:29:14 -0800] "GET /xuro17502dyerd.htm HTTP/1.0" 404 236 "-" "Mozilla/5.0 (compatible; SemrushBot/7~bl; +http://www.semrush.com/bot.html)"
66.249.68.34 - - [22/Nov/2024:20:29:44 -0800] "GET /qjdv25041vr1djve.htm HTTP/1.0" 404 236 "-" "Mozilla/5.0 (Linux; Android 6.0.1; Nexus 5X Build/MMB29P) AppleWebKit/537.36 (KHTML, like Gecko) Chrome/131.0.6778.69 Mobile Safari/537.36 (compatible; GoogleOther)"
85.208.96.201 - - [22/Nov/2024:20:29:49 -0800] "GET /mpeq16854fmf9g.htm HTTP/1.0" 404 236 "-" "Mozilla/5.0 (compatible; SemrushBot/7~bl; +http://www.semrush.com/bot.html)"
85.208.96.193 - - [22/Nov/2024:20:29:57 -0800] "GET /pnqr6903f1exn.htm HTTP/1.0" 404 236 "-" "Mozilla/5.0 (compatible; SemrushBot/7~bl; +http://www.semrush.com/bot.html)"
66.249.79.67 - - [22/Nov/2024:20:30:13 -0800] "GET /wxnn1123xwbsfnxdv HTTP/1.0" 404 236 "-" "Mozilla/5.0 (Linux; Android 6.0.1; Nexus 5X Build/MMB29P) AppleWebKit/537.36 (KHTML, like Gecko) Chrome/131.0.6778.69 Mobile Safari/537.36 (compatible; GoogleOther)"
85.208.96.200 - - [22/Nov/2024:20:30:16 -0800] "GET /yhag28891x859fgxzs HTTP/1.0" 404 236 "-" "Mozilla/5.0 (compatible; SemrushBot/7~bl; +http://www.semrush.com/bot.html)"
66.249.68.69 - - [22/Nov/2024:20:30:37 -0800] "GET /mwuo5775cv4ll1/pgdoc.htm HTTP/1.0" 404 236 "-" "Mozilla/5.0 (Linux; Android 6.0.1; Nexus 5X Build/MMB29P) AppleWebKit/537.36 (KHTML, like Gecko) Chrome/131.0.6778.69 Mobile Safari/537.36 (compatible; GoogleOther)"
85.208.96.197 - - [22/Nov/2024:20:31:02 -0800] "GET /qtvx3279vjodx.htm HTTP/1.0" 404 236 "-" "Mozilla/5.0 (compatible; SemrushBot/7~bl; +http://www.semrush.com/bot.html)"
185.191.171.10 - - [22/Nov/2024:20:31:23 -0800] "GET /sihn5141s8cs.html HTTP/1.0" 404 236 "-" "Mozilla/5.0 (compatible; SemrushBot/7~bl; +http://www.semrush.com/bot.html)"
185.191.171.12 - - [22/Nov/2024:20:32:09 -0800] "GET /qzzv4102tojuz HTTP/1.0" 404 236 "-" "Mozilla/5.0 (compatible; SemrushBot/7~bl; +http://www.semrush.com/bot.html)"
85.208.96.204 - - [22/Nov/2024:20:32:10 -0800] "GET /okcn1681j3orkjn HTTP/1.0" 404 236 "-" "Mozilla/5.0 (compatible; SemrushBot/7~bl; +http://www.semrush.com/bot.html)"
85.208.96.211 - - [22/Nov/2024:20:32:12 -0800] "GET /ldqb595pq8kxbpql HTTP/1.0" 404 236 "-" "Mozilla/5.0 (compatible; SemrushBot/7~bl; +http://www.semrush.com/bot.html)"
85.208.96.204 - - [22/Nov/2024:20:32:19 -0800] "GET /quhv8414igmq.html HTTP/1.0" 404 236 "-" "Mozilla/5.0 (compatible; SemrushBot/7~bl; +http://www.semrush.com/bot.html)"
85.208.96.193 - - [22/Nov/2024:20:32:27 -0800] "GET /zort12535vbk1f HTTP/1.0" 404 236 "-" "Mozilla/5.0 (compatible; SemrushBot/7~bl; +http://www.semrush.com/bot.html)"
185.191.171.19 - - [22/Nov/2024:20:32:29 -0800] "GET /ldqb21679ndu84 HTTP/1.0" 404 236 "-" "Mozilla/5.0 (compatible; SemrushBot/7~bl; +http://www.semrush.com/bot.html)"
85.208.96.202 - - [22/Nov/2024:20:32:31 -0800] "GET /zort2496zazzgm.htm HTTP/1.0" 404 236 "-" "Mozilla/5.0 (compatible; SemrushBot/7~bl; +http://www.semrush.com/bot.html)"
85.208.96.207 - - [22/Nov/2024:20:32:47 -0800] "GET /zkww2799j3rwj.htm HTTP/1.0" 404 236 "-" "Mozilla/5.0 (compatible; SemrushBot/7~bl; +http://www.semrush.com/bot.html)"
185.191.171.3 - - [22/Nov/2024:20:32:50 -0800] "GET /pozb14122d5tezdkir HTTP/1.0" 404 236 "-" "Mozilla/5.0 (compatible; SemrushBot/7~bl; +http://www.semrush.com/bot.html)"
185.191.171.3 - - [22/Nov/2024:20:33:00 -0800] "GET /qkst29247pwxtp.htm HTTP/1.0" 404 236 "-" "Mozilla/5.0 (compatible; SemrushBot/7~bl; +http://www.semrush.com/bot.html)"
85.208.96.197 - - [22/Nov/2024:20:33:25 -0800] "GET /babm382r3iwx HTTP/1.0" 404 236 "-" "Mozilla/5.0 (compatible; SemrushBot/7~bl; +http://www.semrush.com/bot.html)"
85.208.96.193 - - [22/Nov/2024:20:33:28 -0800] "GET /wjfx14126a6ol.html HTTP/1.0" 404 236 "-" "Mozilla/5.0 (compatible; SemrushBot/7~bl; +http://www.semrush.com/bot.html)"
85.208.96.203 - - [22/Nov/2024:20:33:30 -0800] "GET /ojjx28687b6hjx HTTP/1.0" 404 236 "-" "Mozilla/5.0 (compatible; SemrushBot/7~bl; +http://www.semrush.com/bot.html)"
85.208.96.203 - - [22/Nov/2024:20:33:45 -0800] "GET /plvg29223rtzgr.htm HTTP/1.0" 404 236 "-" "Mozilla/5.0 (compatible; SemrushBot/7~bl; +http://www.semrush.com/bot.html)"
66.249.68.34 - - [22/Nov/2024:20:34:13 -0800] "GET /dfbj20671t3bjt HTTP/1.0" 404 236 "-" "Mozilla/5.0 (Linux; Android 6.0.1; Nexus 5X Build/MMB29P) AppleWebKit/537.36 (KHTML, like Gecko) Chrome/131.0.6778.69 Mobile Safari/537.36 (compatible; GoogleOther)"
85.208.96.211 - - [22/Nov/2024:20:34:16 -0800] "GET /prgt28982kvtb.html HTTP/1.0" 404 236 "-" "Mozilla/5.0 (compatible; SemrushBot/7~bl; +http://www.semrush.com/bot.html)"
185.191.171.15 - - [22/Nov/2024:20:34:24 -0800] "GET /mnsj29185fecqznn HTTP/1.0" 404 236 "-" "Mozilla/5.0 (compatible; SemrushBot/7~bl; +http://www.semrush.com/bot.html)"
85.208.96.206 - - [22/Nov/2024:20:34:46 -0800] "GET /lbfo537j5erbjq.htm HTTP/1.0" 404 236 "-" "Mozilla/5.0 (compatible; SemrushBot/7~bl; +http://www.semrush.com/bot.html)"
185.191.171.2 - - [22/Nov/2024:20:34:55 -0800] "GET /zkww24937vedkvez HTTP/1.0" 404 236 "-" "Mozilla/5.0 (compatible; SemrushBot/7~bl; +http://www.semrush.com/bot.html)"
185.191.171.15 - - [22/Nov/2024:20:35:47 -0800] "GET /opfy7755zhyzht.htm HTTP/1.0" 404 236 "-" "Mozilla/5.0 (compatible; SemrushBot/7~bl; +http://www.semrush.com/bot.html)"
85.208.96.200 - - [22/Nov/2024:20:35:56 -0800] "GET /peoy3967hxpyh HTTP/1.0" 404 236 "-" "Mozilla/5.0 (compatible; SemrushBot/7~bl; +http://www.semrush.com/bot.html)"
85.208.96.203 - - [22/Nov/2024:20:36:01 -0800] "GET /qjdv27124fkmgqfrw8 HTTP/1.0" 404 236 "-" "Mozilla/5.0 (compatible; SemrushBot/7~bl; +http://www.semrush.com/bot.html)"
185.191.171.6 - - [22/Nov/2024:20:36:08 -0800] "GET /zort23006o0wr.html HTTP/1.0" 404 236 "-" "Mozilla/5.0 (compatible; SemrushBot/7~bl; +http://www.semrush.com/bot.html)"
66.249.68.34 - - [22/Nov/2024:20:36:16 -0800] "GET /okcn3052jkm2kojdrav HTTP/1.0" 404 236 "-" "Mozilla/5.0 (Linux; Android 6.0.1; Nexus 5X Build/MMB29P) AppleWebKit/537.36 (KHTML, like Gecko) Chrome/131.0.6778.69 Mobile Safari/537.36 (compatible; GoogleOther)"
185.191.171.19 - - [22/Nov/2024:20:36:25 -0800] "GET /qkst10687tbtts HTTP/1.0" 404 236 "-" "Mozilla/5.0 (compatible; SemrushBot/7~bl; +http://www.semrush.com/bot.html)"
85.208.96.193 - - [22/Nov/2024:20:36:26 -0800] "GET /mmwe5798s8ra.html HTTP/1.0" 404 236 "-" "Mozilla/5.0 (compatible; SemrushBot/7~bl; +http://www.semrush.com/bot.html)"
85.208.96.193 - - [22/Nov/2024:20:36:30 -0800] "GET /pnqr19238qojy.html HTTP/1.0" 404 236 "-" "Mozilla/5.0 (compatible; SemrushBot/7~bl; +http://www.semrush.com/bot.html)"
185.191.171.14 - - [22/Nov/2024:20:36:32 -0800] "GET /sdkv3658rq4skrw8g HTTP/1.0" 404 236 "-" "Mozilla/5.0 (compatible; SemrushBot/7~bl; +http://www.semrush.com/bot.html)"
185.191.171.1 - - [22/Nov/2024:20:36:36 -0800] "GET /npwz15727ppxzp HTTP/1.0" 404 236 "-" "Mozilla/5.0 (compatible; SemrushBot/7~bl; +http://www.semrush.com/bot.html)"
85.208.96.210 - - [22/Nov/2024:20:37:22 -0800] "GET /nozd18196vdtwnvv24 HTTP/1.0" 404 236 "-" "Mozilla/5.0 (compatible; SemrushBot/7~bl; +http://www.semrush.com/bot.html)"
85.208.96.211 - - [22/Nov/2024:20:37:27 -0800] "GET /pwlp1003h4epphwyg HTTP/1.0" 404 236 "-" "Mozilla/5.0 (compatible; SemrushBot/7~bl; +http://www.semrush.com/bot.html)"
85.208.96.200 - - [22/Nov/2024:20:37:52 -0800] "GET /mwuo17775j0roj.htm HTTP/1.0" 404 236 "-" "Mozilla/5.0 (compatible; SemrushBot/7~bl; +http://www.semrush.com/bot.html)"
85.208.96.208 - - [22/Nov/2024:20:37:54 -0800] "GET /zkww20581h9pkhtk HTTP/1.0" 404 236 "-" "Mozilla/5.0 (compatible; SemrushBot/7~bl; +http://www.semrush.com/bot.html)"
85.208.96.202 - - [22/Nov/2024:20:37:55 -0800] "GET /ldqb6710uhcq.html HTTP/1.0" 404 236 "-" "Mozilla/5.0 (compatible; SemrushBot/7~bl; +http://www.semrush.com/bot.html)"
85.208.96.210 - - [22/Nov/2024:20:37:57 -0800] "GET /mwuo26068pn5qmpzey HTTP/1.0" 404 236 "-" "Mozilla/5.0 (compatible; SemrushBot/7~bl; +http://www.semrush.com/bot.html)"
85.208.96.195 - - [22/Nov/2024:20:38:21 -0800] "GET /mwuo28891xovfoxe08 HTTP/1.0" 404 236 "-" "Mozilla/5.0 (compatible; SemrushBot/7~bl; +http://www.semrush.com/bot.html)"
185.191.171.19 - - [22/Nov/2024:20:38:30 -0800] "GET /peoy24637hipeht76 HTTP/1.0" 404 236 "-" "Mozilla/5.0 (compatible; SemrushBot/7~bl; +http://www.semrush.com/bot.html)"
85.208.96.204 - - [22/Nov/2024:20:38:31 -0800] "GET /nnsx16804hqinh2wg HTTP/1.0" 404 236 "-" "Mozilla/5.0 (compatible; SemrushBot/7~bl; +http://www.semrush.com/bot.html)"
185.191.171.7 - - [22/Nov/2024:20:38:54 -0800] "GET /qtvx4330nzovnh3s HTTP/1.0" 404 236 "-" "Mozilla/5.0 (compatible; SemrushBot/7~bl; +http://www.semrush.com/bot.html)"
85.208.96.206 - - [22/Nov/2024:20:39:29 -0800] "GET /mmwe1551jnpjh.htm HTTP/1.0" 404 236 "-" "Mozilla/5.0 (compatible; SemrushBot/7~bl; +http://www.semrush.com/bot.html)"
85.208.96.197 - - [22/Nov/2024:20:40:09 -0800] "GET /qtvx16142odjf.html HTTP/1.0" 404 236 "-" "Mozilla/5.0 (compatible; SemrushBot/7~bl; +http://www.semrush.com/bot.html)"
85.208.96.201 - - [22/Nov/2024:20:40:11 -0800] "GET /robots.txt HTTP/1.0" 200 1101 "-" "Mozilla/5.0 (compatible; SemrushBot/7~bl; +http://www.semrush.com/bot.html)"
185.191.171.8 - - [22/Nov/2024:20:40:11 -0800] "GET /mwuo16282f6ygufm28 HTTP/1.0" 404 236 "-" "Mozilla/5.0 (compatible; SemrushBot/7~bl; +http://www.semrush.com/bot.html)"
185.191.171.11 - - [22/Nov/2024:20:40:31 -0800] "GET /okcn27006rescr.htm HTTP/1.0" 404 236 "-" "Mozilla/5.0 (compatible; SemrushBot/7~bl; +http://www.semrush.com/bot.html)"
185.191.171.12 - - [22/Nov/2024:20:40:32 -0800] "GET /hwmq190himhw HTTP/1.0" 404 236 "-" "Mozilla/5.0 (compatible; SemrushBot/7~bl; +http://www.semrush.com/bot.html)"
85.208.96.203 - - [22/Nov/2024:20:40:34 -0800] "GET /mnsj4210x7ysxxtb HTTP/1.0" 404 236 "-" "Mozilla/5.0 (compatible; SemrushBot/7~bl; +http://www.semrush.com/bot.html)"
85.208.96.209 - - [22/Nov/2024:20:40:38 -0800] "GET /amph14551jfiyr HTTP/1.0" 404 236 "-" "Mozilla/5.0 (compatible; SemrushBot/7~bl; +http://www.semrush.com/bot.html)"
85.208.96.210 - - [22/Nov/2024:20:40:57 -0800] "GET /sdkv20020z5asz9s3 HTTP/1.0" 404 236 "-" "Mozilla/5.0 (compatible; SemrushBot/7~bl; +http://www.semrush.com/bot.html)"
85.208.96.212 - - [22/Nov/2024:20:41:25 -0800] "GET /prgt22459ntvtnwz HTTP/1.0" 404 236 "-" "Mozilla/5.0 (compatible; SemrushBot/7~bl; +http://www.semrush.com/bot.html)"
185.191.171.1 - - [22/Nov/2024:20:41:30 -0800] "GET /oiie10963jbaprej5y HTTP/1.0" 404 236 "-" "Mozilla/5.0 (compatible; SemrushBot/7~bl; +http://www.semrush.com/bot.html)"
209.182.200.39 - - [22/Nov/2024:20:41:40 -0800] "POST /wp-cron.php?doing_wp_cron=1732336900.6290719509124755859375 HTTP/1.0" 200 - "http://brightcrownjewels.com/wp-cron.php?doing_wp_cron=1732336900.6290719509124755859375" "WordPress/4.9.26; http://brightcrownjewels.com"
185.184.155.61 - - [22/Nov/2024:20:41:40 -0800] "POST /xmlrpc.php HTTP/1.0" 200 401 "-" "Mozilla/5.0 (X11; Fedora; Linux x86_64; rv:89.0) Gecko/20100101 Firefox/89.0"
185.191.171.11 - - [22/Nov/2024:20:41:48 -0800] "GET /vofz12053o2gq.html HTTP/1.0" 404 236 "-" "Mozilla/5.0 (compatible; SemrushBot/7~bl; +http://www.semrush.com/bot.html)"
66.249.68.33 - - [22/Nov/2024:20:41:59 -0800] "GET /xfmz7385tbzyx23/pr9abf.html HTTP/1.0" 404 236 "-" "Mozilla/5.0 (Linux; Android 6.0.1; Nexus 5X Build/MMB29P) AppleWebKit/537.36 (KHTML, like Gecko) Chrome/131.0.6778.69 Mobile Safari/537.36 (compatible; GoogleOther)"
185.191.171.2 - - [22/Nov/2024:20:42:05 -0800] "GET /qkst27391f3ntf HTTP/1.0" 404 236 "-" "Mozilla/5.0 (compatible; SemrushBot/7~bl; +http://www.semrush.com/bot.html)"
185.191.171.11 - - [22/Nov/2024:20:42:12 -0800] "GET /vofz22167h3pzh.htm HTTP/1.0" 404 236 "-" "Mozilla/5.0 (compatible; SemrushBot/7~bl; +http://www.semrush.com/bot.html)"
85.208.96.211 - - [22/Nov/2024:20:42:26 -0800] "GET /lkaj10237lttkll8k HTTP/1.0" 404 236 "-" "Mozilla/5.0 (compatible; SemrushBot/7~bl; +http://www.semrush.com/bot.html)"
185.191.171.16 - - [22/Nov/2024:20:42:42 -0800] "GET /mwuo6388rw0smrvu5y HTTP/1.0" 404 236 "-" "Mozilla/5.0 (compatible; SemrushBot/7~bl; +http://www.semrush.com/bot.html)"
85.208.96.208 - - [22/Nov/2024:20:42:52 -0800] "GET /qkst8382j1z1y.htm HTTP/1.0" 404 236 "-" "Mozilla/5.0 (compatible; SemrushBot/7~bl; +http://www.semrush.com/bot.html)"
85.208.96.193 - - [22/Nov/2024:20:42:56 -0800] "GET /nozd22671r0zdr.htm HTTP/1.0" 404 236 "-" "Mozilla/5.0 (compatible; SemrushBot/7~bl; +http://www.semrush.com/bot.html)"
185.191.171.5 - - [22/Nov/2024:20:42:59 -0800] "GET /sbuy4198lhl9m HTTP/1.0" 404 236 "-" "Mozilla/5.0 (compatible; SemrushBot/7~bl; +http://www.semrush.com/bot.html)"
185.191.171.12 - - [22/Nov/2024:20:43:40 -0800] "GET /yxbd5314jbkbjmo HTTP/1.0" 404 236 "-" "Mozilla/5.0 (compatible; SemrushBot/7~bl; +http://www.semrush.com/bot.html)"
185.191.171.1 - - [22/Nov/2024:20:43:46 -0800] "GET /mmwe27423lgkte.htm HTTP/1.0" 404 236 "-" "Mozilla/5.0 (compatible; SemrushBot/7~bl; +http://www.semrush.com/bot.html)"
185.191.171.1 - - [22/Nov/2024:20:43:51 -0800] "GET /lkaj5371hwpjh9ry HTTP/1.0" 404 236 "-" "Mozilla/5.0 (compatible; SemrushBot/7~bl; +http://www.semrush.com/bot.html)"
185.191.171.12 - - [22/Nov/2024:20:44:17 -0800] "GET /zyms998c14n.html HTTP/1.0" 404 236 "-" "Mozilla/5.0 (compatible; SemrushBot/7~bl; +http://www.semrush.com/bot.html)"
85.208.96.202 - - [22/Nov/2024:20:44:18 -0800] "GET /nozd26846gnoo.html HTTP/1.0" 404 236 "-" "Mozilla/5.0 (compatible; SemrushBot/7~bl; +http://www.semrush.com/bot.html)"
66.249.79.68 - - [22/Nov/2024:20:44:26 -0800] "GET /tjby23039cb3hdy.html HTTP/1.0" 404 236 "-" "Mozilla/5.0 (Linux; Android 6.0.1; Nexus 5X Build/MMB29P) AppleWebKit/537.36 (KHTML, like Gecko) Chrome/131.0.6778.69 Mobile Safari/537.36 (compatible; GoogleOther)"
185.191.171.15 - - [22/Nov/2024:20:44:30 -0800] "GET /qkst2785vgdkv4v HTTP/1.0" 404 236 "-" "Mozilla/5.0 (compatible; SemrushBot/7~bl; +http://www.semrush.com/bot.html)"
185.191.171.17 - - [22/Nov/2024:20:44:37 -0800] "GET /lixb12702njgeo.htm HTTP/1.0" 404 236 "-" "Mozilla/5.0 (compatible; SemrushBot/7~bl; +http://www.semrush.com/bot.html)"
185.191.171.18 - - [22/Nov/2024:20:44:48 -0800] "GET /zyms23165ybsr.html HTTP/1.0" 404 236 "-" "Mozilla/5.0 (compatible; SemrushBot/7~bl; +http://www.semrush.com/bot.html)"
85.208.96.196 - - [22/Nov/2024:20:44:49 -0800] "GET /obju19975zhuzq HTTP/1.0" 404 236 "-" "Mozilla/5.0 (compatible; SemrushBot/7~bl; +http://www.semrush.com/bot.html)"
185.191.171.1 - - [22/Nov/2024:20:45:08 -0800] "GET /qtvx19219xgfxxwr8 HTTP/1.0" 404 236 "-" "Mozilla/5.0 (compatible; SemrushBot/7~bl; +http://www.semrush.com/bot.html)"
66.249.68.69 - - [22/Nov/2024:20:45:19 -0800] "GET /babm17893eor3lc/t5j HTTP/1.0" 404 236 "-" "Mozilla/5.0 (Linux; Android 6.0.1; Nexus 5X Build/MMB29P) AppleWebKit/537.36 (KHTML, like Gecko) Chrome/131.0.6778.69 Mobile Safari/537.36 (compatible; GoogleOther)"
85.208.96.196 - - [22/Nov/2024:20:45:35 -0800] "GET /nozd22123p77xdpd6c HTTP/1.0" 404 236 "-" "Mozilla/5.0 (compatible; SemrushBot/7~bl; +http://www.semrush.com/bot.html)"
66.249.68.32 - - [22/Nov/2024:20:45:37 -0800] "GET /vofz3200u4cvuy.html HTTP/1.0" 404 236 "-" "Mozilla/5.0 (Linux; Android 6.0.1; Nexus 5X Build/MMB29P) AppleWebKit/537.36 (KHTML, like Gecko) Chrome/131.0.6778.69 Mobile Safari/537.36 (compatible; GoogleOther)"
85.208.96.200 - - [22/Nov/2024:20:45:43 -0800] "GET /shsf25816xriysx4 HTTP/1.0" 404 236 "-" "Mozilla/5.0 (compatible; SemrushBot/7~bl; +http://www.semrush.com/bot.html)"
85.208.96.206 - - [22/Nov/2024:20:45:54 -0800] "GET /aemg19612h8iahowb HTTP/1.0" 404 236 "-" "Mozilla/5.0 (compatible; SemrushBot/7~bl; +http://www.semrush.com/bot.html)"
185.191.171.9 - - [22/Nov/2024:20:45:56 -0800] "GET /sdkv7993dhldd0b HTTP/1.0" 404 236 "-" "Mozilla/5.0 (compatible; SemrushBot/7~bl; +http://www.semrush.com/bot.html)"
185.191.171.1 - - [22/Nov/2024:20:46:11 -0800] "GET /kwfv22462xpyfx HTTP/1.0" 404 236 "-" "Mozilla/5.0 (compatible; SemrushBot/7~bl; +http://www.semrush.com/bot.html)"
85.208.96.195 - - [22/Nov/2024:20:46:24 -0800] "GET /mwuo12758kjsu.html HTTP/1.0" 404 236 "-" "Mozilla/5.0 (compatible; SemrushBot/7~bl; +http://www.semrush.com/bot.html)"
66.249.68.33 - - [22/Nov/2024:20:46:30 -0800] "GET /dxgo16853x07ukt8/dfxxuwd.html HTTP/1.0" 404 236 "-" "Mozilla/5.0 (Linux; Android 6.0.1; Nexus 5X Build/MMB29P) AppleWebKit/537.36 (KHTML, like Gecko) Chrome/131.0.6778.69 Mobile Safari/537.36 (compatible; GoogleOther)"
85.208.96.201 - - [22/Nov/2024:20:46:31 -0800] "GET /mmwe12103f3u5n HTTP/1.0" 404 236 "-" "Mozilla/5.0 (compatible; SemrushBot/7~bl; +http://www.semrush.com/bot.html)"
85.208.96.199 - - [22/Nov/2024:20:46:38 -0800] "GET /ojjx22507jyrxj98 HTTP/1.0" 404 236 "-" "Mozilla/5.0 (compatible; SemrushBot/7~bl; +http://www.semrush.com/bot.html)"
85.208.96.206 - - [22/Nov/2024:20:47:12 -0800] "GET /lixb16249rnpzzir HTTP/1.0" 404 236 "-" "Mozilla/5.0 (compatible; SemrushBot/7~bl; +http://www.semrush.com/bot.html)"
185.191.171.12 - - [22/Nov/2024:20:47:29 -0800] "GET /rpez5573itx5.html HTTP/1.0" 404 236 "-" "Mozilla/5.0 (compatible; SemrushBot/7~bl; +http://www.semrush.com/bot.html)"
85.208.96.206 - - [22/Nov/2024:20:47:55 -0800] "GET /nozd29920tbuntf3 HTTP/1.0" 404 236 "-" "Mozilla/5.0 (compatible; SemrushBot/7~bl; +http://www.semrush.com/bot.html)"
185.191.171.1 - - [22/Nov/2024:20:48:17 -0800] "GET /mmwe25672jrkkmj7 HTTP/1.0" 404 236 "-" "Mozilla/5.0 (compatible; SemrushBot/7~bl; +http://www.semrush.com/bot.html)"
85.208.96.199 - - [22/Nov/2024:20:48:19 -0800] "GET /pygu7251pxupv4.htm HTTP/1.0" 404 236 "-" "Mozilla/5.0 (compatible; SemrushBot/7~bl; +http://www.semrush.com/bot.html)"
185.191.171.17 - - [22/Nov/2024:20:48:50 -0800] "GET /uiwk14669eysf.html HTTP/1.0" 404 236 "-" "Mozilla/5.0 (compatible; SemrushBot/7~bl; +http://www.semrush.com/bot.html)"
85.208.96.209 - - [22/Nov/2024:20:48:52 -0800] "GET /mwuo9355nvonvh HTTP/1.0" 404 236 "-" "Mozilla/5.0 (compatible; SemrushBot/7~bl; +http://www.semrush.com/bot.html)"
185.191.171.15 - - [22/Nov/2024:20:49:17 -0800] "GET /aemg17294wemw.html HTTP/1.0" 404 236 "-" "Mozilla/5.0 (compatible; SemrushBot/7~bl; +http://www.semrush.com/bot.html)"
185.191.171.5 - - [22/Nov/2024:20:49:25 -0800] "GET /pwlp11862fglf7.htm HTTP/1.0" 404 236 "-" "Mozilla/5.0 (compatible; SemrushBot/7~bl; +http://www.semrush.com/bot.html)"
185.191.171.12 - - [22/Nov/2024:20:49:38 -0800] "GET /oiie17698rxysir8cv HTTP/1.0" 404 236 "-" "Mozilla/5.0 (compatible; SemrushBot/7~bl; +http://www.semrush.com/bot.html)"
85.208.96.193 - - [22/Nov/2024:20:49:53 -0800] "GET /okcn19862qycq.html HTTP/1.0" 404 236 "-" "Mozilla/5.0 (compatible; SemrushBot/7~bl; +http://www.semrush.com/bot.html)"
185.191.171.1 - - [22/Nov/2024:20:50:00 -0800] "GET /zsob11559h8pbh.htm HTTP/1.0" 404 236 "-" "Mozilla/5.0 (compatible; SemrushBot/7~bl; +http://www.semrush.com/bot.html)"
85.208.96.197 - - [22/Nov/2024:20:50:03 -0800] "GET /qkst18214n0zuo HTTP/1.0" 404 236 "-" "Mozilla/5.0 (compatible; SemrushBot/7~bl; +http://www.semrush.com/bot.html)"
185.191.171.4 - - [22/Nov/2024:20:50:10 -0800] "GET /wjfx9533q6nn.html HTTP/1.0" 404 236 "-" "Mozilla/5.0 (compatible; SemrushBot/7~bl; +http://www.semrush.com/bot.html)"
85.208.96.195 - - [22/Nov/2024:20:50:35 -0800] "GET /okdx1573fxnkfa3 HTTP/1.0" 404 236 "-" "Mozilla/5.0 (compatible; SemrushBot/7~bl; +http://www.semrush.com/bot.html)"
185.191.171.13 - - [22/Nov/2024:20:50:52 -0800] "GET /npwz14587tgafbzt2i HTTP/1.0" 404 236 "-" "Mozilla/5.0 (compatible; SemrushBot/7~bl; +http://www.semrush.com/bot.html)"
185.191.171.7 - - [22/Nov/2024:20:50:55 -0800] "GET /qjdv6769bnjjbfz HTTP/1.0" 404 236 "-" "Mozilla/5.0 (compatible; SemrushBot/7~bl; +http://www.semrush.com/bot.html)"
185.191.171.16 - - [22/Nov/2024:20:50:56 -0800] "GET /oiie3351pbxep.htm HTTP/1.0" 404 236 "-" "Mozilla/5.0 (compatible; SemrushBot/7~bl; +http://www.semrush.com/bot.html)"
85.208.96.194 - - [22/Nov/2024:20:51:56 -0800] "GET /qtvx20905tnxibtt HTTP/1.0" 404 236 "-" "Mozilla/5.0 (compatible; SemrushBot/7~bl; +http://www.semrush.com/bot.html)"
185.191.171.4 - - [22/Nov/2024:20:52:05 -0800] "GET /pwlp23030mml3.html HTTP/1.0" 404 236 "-" "Mozilla/5.0 (compatible; SemrushBot/7~bl; +http://www.semrush.com/bot.html)"
185.191.171.1 - - [22/Nov/2024:20:52:11 -0800] "GET /uiwk8022nkgmo.htm HTTP/1.0" 404 236 "-" "Mozilla/5.0 (compatible; SemrushBot/7~bl; +http://www.semrush.com/bot.html)"
185.191.171.9 - - [22/Nov/2024:20:52:19 -0800] "GET /yxbd20357yp2z.html HTTP/1.0" 404 236 "-" "Mozilla/5.0 (compatible; SemrushBot/7~bl; +http://www.semrush.com/bot.html)"
185.191.171.10 - - [22/Nov/2024:20:52:23 -0800] "GET /mnsj23257fvurnnf HTTP/1.0" 404 236 "-" "Mozilla/5.0 (compatible; SemrushBot/7~bl; +http://www.semrush.com/bot.html)"
66.249.79.68 - - [22/Nov/2024:20:52:47 -0800] "GET /favicon.ico HTTP/1.0" 404 236 "-" "Googlebot-Image/1.0"
185.191.171.15 - - [22/Nov/2024:20:52:57 -0800] "GET /mnsj942fkgsf.htm HTTP/1.0" 404 236 "-" "Mozilla/5.0 (compatible; SemrushBot/7~bl; +http://www.semrush.com/bot.html)"
85.208.96.194 - - [22/Nov/2024:20:53:01 -0800] "GET /azbc17641fynzfyo HTTP/1.0" 404 236 "-" "Mozilla/5.0 (compatible; SemrushBot/7~bl; +http://www.semrush.com/bot.html)"
85.208.96.208 - - [22/Nov/2024:20:53:14 -0800] "GET /mnsj26809vurhdnv HTTP/1.0" 404 236 "-" "Mozilla/5.0 (compatible; SemrushBot/7~bl; +http://www.semrush.com/bot.html)"
52.167.144.235 - - [22/Nov/2024:20:53:27 -0800] "GET /ohje7527fnef4.htm HTTP/1.0" 404 236 "-" "Mozilla/5.0 AppleWebKit/537.36 (KHTML, like Gecko; compatible; bingbot/2.0; +http://www.bing.com/bingbot.htm) Chrome/116.0.1938.76 Safari/537.36"
85.208.96.205 - - [22/Nov/2024:20:53:51 -0800] "GET /ohje4854r4vws.htm HTTP/1.0" 404 236 "-" "Mozilla/5.0 (compatible; SemrushBot/7~bl; +http://www.semrush.com/bot.html)"
85.208.96.199 - - [22/Nov/2024:20:53:54 -0800] "GET /zyew11669um5y.html HTTP/1.0" 404 236 "-" "Mozilla/5.0 (compatible; SemrushBot/7~bl; +http://www.semrush.com/bot.html)"
85.208.96.199 - - [22/Nov/2024:20:54:13 -0800] "GET /mpeq23479tfnbb HTTP/1.0" 404 236 "-" "Mozilla/5.0 (compatible; SemrushBot/7~bl; +http://www.semrush.com/bot.html)"
185.191.171.1 - - [22/Nov/2024:20:54:23 -0800] "GET /qtvx16839jairx.htm HTTP/1.0" 404 236 "-" "Mozilla/5.0 (compatible; SemrushBot/7~bl; +http://www.semrush.com/bot.html)"
85.208.96.208 - - [22/Nov/2024:20:54:25 -0800] "GET /yxbd13143fez1n.htm HTTP/1.0" 404 236 "-" "Mozilla/5.0 (compatible; SemrushBot/7~bl; +http://www.semrush.com/bot.html)"
85.208.96.205 - - [22/Nov/2024:20:54:26 -0800] "GET /qtvx16446npomj.htm HTTP/1.0" 404 236 "-" "Mozilla/5.0 (compatible; SemrushBot/7~bl; +http://www.semrush.com/bot.html)"
185.191.171.11 - - [22/Nov/2024:20:54:27 -0800] "GET /lbfb2448deldof.htm HTTP/1.0" 404 236 "-" "Mozilla/5.0 (compatible; SemrushBot/7~bl; +http://www.semrush.com/bot.html)"
85.208.96.194 - - [22/Nov/2024:20:54:35 -0800] "GET /pnqr22513p3jxnpl HTTP/1.0" 404 236 "-" "Mozilla/5.0 (compatible; SemrushBot/7~bl; +http://www.semrush.com/bot.html)"
185.191.171.19 - - [22/Nov/2024:20:54:39 -0800] "GET /okdx2356pbfqop90el HTTP/1.0" 404 236 "-" "Mozilla/5.0 (compatible; SemrushBot/7~bl; +http://www.semrush.com/bot.html)"
185.191.171.2 - - [22/Nov/2024:20:54:43 -0800] "GET /qjdv24541p1xjpzso HTTP/1.0" 404 236 "-" "Mozilla/5.0 (compatible; SemrushBot/7~bl; +http://www.semrush.com/bot.html)"
66.249.68.34 - - [22/Nov/2024:20:54:46 -0800] "GET /dxgo15305j9de/ecmkrx.html HTTP/1.0" 404 236 "-" "Mozilla/5.0 (Linux; Android 6.0.1; Nexus 5X Build/MMB29P) AppleWebKit/537.36 (KHTML, like Gecko) Chrome/131.0.6778.69 Mobile Safari/537.36 (compatible; GoogleOther)"
185.191.171.12 - - [22/Nov/2024:20:55:05 -0800] "GET /npwz17079pvxzp.htm HTTP/1.0" 404 236 "-" "Mozilla/5.0 (compatible; SemrushBot/7~bl; +http://www.semrush.com/bot.html)"
68.178.158.82 - - [22/Nov/2024:20:55:38 -0800] "POST /xmlrpc.php HTTP/1.0" 200 401 "-" "Mozilla/5.0 (X11; Fedora; Linux x86_64; rv:89.0) Gecko/20100101 Firefox/89.0"
141.98.7.30 - - [22/Nov/2024:20:55:40 -0800] "GET /wp-content/plugins/really-simple-ssl-pro-multisite/readme.txt HTTP/1.0" 404 236 "-" "Mozilla/5.0 (iPhone; CPU iPhone OS 17_2 like Mac OS X) AppleWebKit/605.1.15 (KHTML, like Gecko) Version/17.2 Mobile/15E148 Safari/604.1"
141.98.7.30 - - [22/Nov/2024:20:55:41 -0800] "GET /wp-content/plugins/really-simple-ssl-pro/readme.txt HTTP/1.0" 404 236 "-" "Mozilla/5.0 (iPhone; CPU iPhone OS 17_2 like Mac OS X) AppleWebKit/605.1.15 (KHTML, like Gecko) Version/17.2 Mobile/15E148 Safari/604.1"
141.98.7.30 - - [22/Nov/2024:20:55:42 -0800] "GET /wp-content/plugins/wp-membership/languages/wpmembership.pot HTTP/1.0" 404 236 "-" "Mozilla/5.0 (iPhone; CPU iPhone OS 17_2 like Mac OS X) AppleWebKit/605.1.15 (KHTML, like Gecko) Version/17.2 Mobile/15E148 Safari/604.1"
141.98.7.30 - - [22/Nov/2024:20:55:43 -0800] "GET /wp-content/themes/wplms/style.css HTTP/1.0" 404 236 "-" "Mozilla/5.0 (iPhone; CPU iPhone OS 17_2 like Mac OS X) AppleWebKit/605.1.15 (KHTML, like Gecko) Version/17.2 Mobile/15E148 Safari/604.1"
141.98.7.30 - - [22/Nov/2024:20:55:44 -0800] "GET /wp-content/plugins/wp-jobsearch/admin/css/admin.css HTTP/1.0" 404 236 "-" "Mozilla/5.0 (iPhone; CPU iPhone OS 17_2 like Mac OS X) AppleWebKit/605.1.15 (KHTML, like Gecko) Version/17.2 Mobile/15E148 Safari/604.1"
141.98.7.30 - - [22/Nov/2024:20:55:44 -0800] "GET /wp-content/plugins/wp-wc-affiliate-program/languages/rtwwwap-wp-wc-affiliate-program.pot HTTP/1.0" 404 236 "-" "Mozilla/5.0 (iPhone; CPU iPhone OS 17_2 like Mac OS X) AppleWebKit/605.1.15 (KHTML, like Gecko) Version/17.2 Mobile/15E148 Safari/604.1"
141.98.7.30 - - [22/Nov/2024:20:55:45 -0800] "GET /wp-content/plugins/Ultimate_AI/assets/css/style.css HTTP/1.0" 404 236 "-" "Mozilla/5.0 (iPhone; CPU iPhone OS 17_2 like Mac OS X) AppleWebKit/605.1.15 (KHTML, like Gecko) Version/17.2 Mobile/15E148 Safari/604.1"
141.98.7.30 - - [22/Nov/2024:20:55:46 -0800] "GET /wp-content/plugins/latepoint/readme.txt HTTP/1.0" 404 236 "-" "Mozilla/5.0 (iPhone; CPU iPhone OS 17_2 like Mac OS X) AppleWebKit/605.1.15 (KHTML, like Gecko) Version/17.2 Mobile/15E148 Safari/604.1"
185.191.171.9 - - [22/Nov/2024:20:55:47 -0800] "GET /lbfb286z6n8a HTTP/1.0" 404 236 "-" "Mozilla/5.0 (compatible; SemrushBot/7~bl; +http://www.semrush.com/bot.html)"
85.208.96.197 - - [22/Nov/2024:20:55:55 -0800] "GET /obju26470balcj HTTP/1.0" 404 236 "-" "Mozilla/5.0 (compatible; SemrushBot/7~bl; +http://www.semrush.com/bot.html)"
85.208.96.203 - - [22/Nov/2024:20:56:05 -0800] "GET /sbuy28191zs5ah.htm HTTP/1.0" 404 236 "-" "Mozilla/5.0 (compatible; SemrushBot/7~bl; +http://www.semrush.com/bot.html)"
185.191.171.14 - - [22/Nov/2024:20:56:13 -0800] "GET /sbuy6495ndvyn.htm HTTP/1.0" 404 236 "-" "Mozilla/5.0 (compatible; SemrushBot/7~bl; +http://www.semrush.com/bot.html)"
185.191.171.12 - - [22/Nov/2024:20:56:24 -0800] "GET /xjhr5623zerhr HTTP/1.0" 404 236 "-" "Mozilla/5.0 (compatible; SemrushBot/7~bl; +http://www.semrush.com/bot.html)"
185.191.171.14 - - [22/Nov/2024:20:56:31 -0800] "GET /azbc2319xafcx.htm HTTP/1.0" 404 236 "-" "Mozilla/5.0 (compatible; SemrushBot/7~bl; +http://www.semrush.com/bot.html)"
209.182.200.39 - - [22/Nov/2024:20:56:32 -0800] "POST /wp-cron.php?doing_wp_cron=1732337792.1266040802001953125000 HTTP/1.0" 200 - "http://brightcrownjewels.com/wp-cron.php?doing_wp_cron=1732337792.1266040802001953125000" "WordPress/4.9.26; http://brightcrownjewels.com"
89.208.105.220 - - [22/Nov/2024:20:56:32 -0800] "GET /wp-login.php HTTP/1.0" 200 2396 "-" "Mozilla/5.0 (Macintosh; Intel Mac OS X 10_8_1) AppleWebKit/537.36 (KHTML, like Gecko) Chrome/51.0.2708.54 Safari/537.36"
89.208.105.220 - - [22/Nov/2024:20:56:32 -0800] "POST /wp-login.php HTTP/1.0" 302 - "http://brightcrownjewels.com/wp-login.php" "Mozilla/5.0 (Macintosh; Intel Mac OS X 10_8_1) AppleWebKit/537.36 (KHTML, like Gecko) Chrome/51.0.2708.54 Safari/537.36"
89.208.105.220 - - [22/Nov/2024:20:56:32 -0800] "GET /wp-admin/ HTTP/1.0" 200 70640 "http://brightcrownjewels.com/wp-login.php" "Mozilla/5.0 (Macintosh; Intel Mac OS X 10_8_1) AppleWebKit/537.36 (KHTML, like Gecko) Chrome/51.0.2708.54 Safari/537.36"
89.208.105.220 - - [22/Nov/2024:20:56:33 -0800] "GET /wp-admin/theme-editor.php?file=index.php&theme=twentytwentytwo HTTP/1.0" 500 2752 "http://brightcrownjewels.com/wp-admin/" "Mozilla/5.0 (Macintosh; Intel Mac OS X 10_8_1) AppleWebKit/537.36 (KHTML, like Gecko) Chrome/51.0.2708.54 Safari/537.36"
66.249.68.32 - - [22/Nov/2024:20:57:06 -0800] "GET /eoae6360itmkc4e4isi/5mqei.htm HTTP/1.0" 404 236 "-" "Mozilla/5.0 (Linux; Android 6.0.1; Nexus 5X Build/MMB29P) AppleWebKit/537.36 (KHTML, like Gecko) Chrome/131.0.6778.69 Mobile Safari/537.36 (compatible; GoogleOther)"
85.208.96.199 - - [22/Nov/2024:20:57:14 -0800] "GET /4pcs-set-bohemian-butterfly-crystal-stone-stretch-pendant-bracelets-for-women-girls-gold-beaded-stackable-stretch-bracelet-colorful-charm-jewelry-boho-summer-beach/ HTTP/1.0" 404 236 "-" "Mozilla/5.0 (compatible; SemrushBot/7~bl; +http://www.semrush.com/bot.html)"
185.191.171.11 - - [22/Nov/2024:20:57:55 -0800] "GET /amph23989jrmj8t HTTP/1.0" 404 236 "-" "Mozilla/5.0 (compatible; SemrushBot/7~bl; +http://www.semrush.com/bot.html)"
185.191.171.4 - - [22/Nov/2024:20:58:11 -0800] "GET /skad23497lphtkl5 HTTP/1.0" 404 236 "-" "Mozilla/5.0 (compatible; SemrushBot/7~bl; +http://www.semrush.com/bot.html)"
185.191.171.16 - - [22/Nov/2024:20:58:13 -0800] "GET /wmaj21235lrtjlbe HTTP/1.0" 404 236 "-" "Mozilla/5.0 (compatible; SemrushBot/7~bl; +http://www.semrush.com/bot.html)"
85.208.96.195 - - [22/Nov/2024:20:58:15 -0800] "GET /peoy28204tuptbm HTTP/1.0" 404 236 "-" "Mozilla/5.0 (compatible; SemrushBot/7~bl; +http://www.semrush.com/bot.html)"
85.208.96.198 - - [22/Nov/2024:20:58:25 -0800] "GET /nnsx975f7knx.htm HTTP/1.0" 404 236 "-" "Mozilla/5.0 (compatible; SemrushBot/7~bl; +http://www.semrush.com/bot.html)"
85.208.96.199 - - [22/Nov/2024:20:58:43 -0800] "GET /ouzo12991j4roj HTTP/1.0" 404 236 "-" "Mozilla/5.0 (compatible; SemrushBot/7~bl; +http://www.semrush.com/bot.html)"
185.191.171.2 - - [22/Nov/2024:20:58:54 -0800] "GET /cuxv2239vdm34 HTTP/1.0" 404 236 "-" "Mozilla/5.0 (compatible; SemrushBot/7~bl; +http://www.semrush.com/bot.html)"
185.191.171.8 - - [22/Nov/2024:20:59:04 -0800] "GET /nozd8271vd50c.htm HTTP/1.0" 404 236 "-" "Mozilla/5.0 (compatible; SemrushBot/7~bl; +http://www.semrush.com/bot.html)"
185.191.171.8 - - [22/Nov/2024:20:59:05 -0800] "GET /zyew21160v4a1wzv HTTP/1.0" 404 236 "-" "Mozilla/5.0 (compatible; SemrushBot/7~bl; +http://www.semrush.com/bot.html)"
185.191.171.8 - - [22/Nov/2024:20:59:07 -0800] "GET /ojjx17833pxjpfb HTTP/1.0" 404 236 "-" "Mozilla/5.0 (compatible; SemrushBot/7~bl; +http://www.semrush.com/bot.html)"
40.77.167.74 - - [22/Nov/2024:20:59:32 -0800] "GET /rpez9337cmvtze/dpcxt HTTP/1.0" 404 236 "-" "Mozilla/5.0 AppleWebKit/537.36 (KHTML, like Gecko; compatible; bingbot/2.0; +http://www.bing.com/bingbot.htm) Chrome/116.0.1938.76 Safari/537.36"
85.208.96.212 - - [22/Nov/2024:20:59:32 -0800] "GET /zyew16838imnq.html HTTP/1.0" 404 236 "-" "Mozilla/5.0 (compatible; SemrushBot/7~bl; +http://www.semrush.com/bot.html)"
185.191.171.15 - - [22/Nov/2024:20:59:38 -0800] "GET /ccxi19814upqy.html HTTP/1.0" 404 236 "-" "Mozilla/5.0 (compatible; SemrushBot/7~bl; +http://www.semrush.com/bot.html)"
185.191.171.2 - - [22/Nov/2024:20:59:40 -0800] "GET /sqiu22015l11so HTTP/1.0" 404 236 "-" "Mozilla/5.0 (compatible; SemrushBot/7~bl; +http://www.semrush.com/bot.html)"
85.208.96.194 - - [22/Nov/2024:20:59:57 -0800] "GET /lixb13789bldjib86s HTTP/1.0" 404 236 "-" "Mozilla/5.0 (compatible; SemrushBot/7~bl; +http://www.semrush.com/bot.html)"
185.191.171.19 - - [22/Nov/2024:21:00:24 -0800] "GET /rbeu12829dalbdqu HTTP/1.0" 404 236 "-" "Mozilla/5.0 (compatible; SemrushBot/7~bl; +http://www.semrush.com/bot.html)"
185.191.171.16 - - [22/Nov/2024:21:00:29 -0800] "GET /obju11554j7d0kjjqd HTTP/1.0" 404 236 "-" "Mozilla/5.0 (compatible; SemrushBot/7~bl; +http://www.semrush.com/bot.html)"
85.208.96.206 - - [22/Nov/2024:21:01:12 -0800] "GET /zsob27358fbjxg HTTP/1.0" 404 236 "-" "Mozilla/5.0 (compatible; SemrushBot/7~bl; +http://www.semrush.com/bot.html)"
185.191.171.2 - - [22/Nov/2024:21:01:29 -0800] "GET /lixb427dqk0lbd9x HTTP/1.0" 404 236 "-" "Mozilla/5.0 (compatible; SemrushBot/7~bl; +http://www.semrush.com/bot.html)"
185.191.171.8 - - [22/Nov/2024:21:01:30 -0800] "GET /pygu5956bcpbep HTTP/1.0" 404 236 "-" "Mozilla/5.0 (compatible; SemrushBot/7~bl; +http://www.semrush.com/bot.html)"
85.208.96.202 - - [22/Nov/2024:21:01:52 -0800] "GET /okdx5814pwqdp.htm HTTP/1.0" 404 236 "-" "Mozilla/5.0 (compatible; SemrushBot/7~bl; +http://www.semrush.com/bot.html)"
85.208.96.204 - - [22/Nov/2024:21:02:30 -0800] "GET /sbuy13654dvfeu HTTP/1.0" 404 236 "-" "Mozilla/5.0 (compatible; SemrushBot/7~bl; +http://www.semrush.com/bot.html)"
85.208.96.200 - - [22/Nov/2024:21:02:42 -0800] "GET /xoem1157mnom.html HTTP/1.0" 404 236 "-" "Mozilla/5.0 (compatible; SemrushBot/7~bl; +http://www.semrush.com/bot.html)"
85.208.96.206 - - [22/Nov/2024:21:02:59 -0800] "GET /shsf4517srth.html HTTP/1.0" 404 236 "-" "Mozilla/5.0 (compatible; SemrushBot/7~bl; +http://www.semrush.com/bot.html)"
85.208.96.202 - - [22/Nov/2024:21:03:02 -0800] "GET /qzzv1942rue0s HTTP/1.0" 404 236 "-" "Mozilla/5.0 (compatible; SemrushBot/7~bl; +http://www.semrush.com/bot.html)"
85.208.96.194 - - [22/Nov/2024:21:03:08 -0800] "GET /robots.txt HTTP/1.0" 200 1101 "-" "Mozilla/5.0 (compatible; SemrushBot/7~bl; +http://www.semrush.com/bot.html)"
185.191.171.4 - - [22/Nov/2024:21:03:08 -0800] "GET /lbfo5803x7pfoxqf0 HTTP/1.0" 404 236 "-" "Mozilla/5.0 (compatible; SemrushBot/7~bl; +http://www.semrush.com/bot.html)"
185.191.171.15 - - [22/Nov/2024:21:03:11 -0800] "GET /nozd5606i4zy.html HTTP/1.0" 404 236 "-" "Mozilla/5.0 (compatible; SemrushBot/7~bl; +http://www.semrush.com/bot.html)"
185.191.171.19 - - [22/Nov/2024:21:03:16 -0800] "GET /rpez13959p8k3x.htm HTTP/1.0" 404 236 "-" "Mozilla/5.0 (compatible; SemrushBot/7~bl; +http://www.semrush.com/bot.html)"
185.191.171.13 - - [22/Nov/2024:21:03:29 -0800] "GET /wvso30029y0kv.html HTTP/1.0" 404 236 "-" "Mozilla/5.0 (compatible; SemrushBot/7~bl; +http://www.semrush.com/bot.html)"
85.208.96.209 - - [22/Nov/2024:21:03:50 -0800] "GET /qjdv13078zkadz HTTP/1.0" 404 236 "-" "Mozilla/5.0 (compatible; SemrushBot/7~bl; +http://www.semrush.com/bot.html)"
185.191.171.6 - - [22/Nov/2024:21:03:52 -0800] "GET /wmaj11995bvnjjb0no HTTP/1.0" 404 236 "-" "Mozilla/5.0 (compatible; SemrushBot/7~bl; +http://www.semrush.com/bot.html)"
85.208.96.209 - - [22/Nov/2024:21:03:53 -0800] "GET /sbuy24208b8csbzs HTTP/1.0" 404 236 "-" "Mozilla/5.0 (compatible; SemrushBot/7~bl; +http://www.semrush.com/bot.html)"
85.208.96.205 - - [22/Nov/2024:21:04:25 -0800] "GET /mpeq590kdse.html HTTP/1.0" 404 236 "-" "Mozilla/5.0 (compatible; SemrushBot/7~bl; +http://www.semrush.com/bot.html)"
185.191.171.14 - - [22/Nov/2024:21:04:26 -0800] "GET /xjhr2074te42uhtz4 HTTP/1.0" 404 236 "-" "Mozilla/5.0 (compatible; SemrushBot/7~bl; +http://www.semrush.com/bot.html)"
85.208.96.202 - - [22/Nov/2024:21:04:37 -0800] "GET /bodo6454fmbpg HTTP/1.0" 404 236 "-" "Mozilla/5.0 (compatible; SemrushBot/7~bl; +http://www.semrush.com/bot.html)"
185.191.171.5 - - [22/Nov/2024:21:04:40 -0800] "GET /mmwe7021ti3bmtngb HTTP/1.0" 404 236 "-" "Mozilla/5.0 (compatible; SemrushBot/7~bl; +http://www.semrush.com/bot.html)"
185.191.171.11 - - [22/Nov/2024:21:05:17 -0800] "GET /okdx4792hioh18 HTTP/1.0" 404 236 "-" "Mozilla/5.0 (compatible; SemrushBot/7~bl; +http://www.semrush.com/bot.html)"
85.208.96.202 - - [22/Nov/2024:21:05:32 -0800] "GET /peoy24337tbetpc HTTP/1.0" 404 236 "-" "Mozilla/5.0 (compatible; SemrushBot/7~bl; +http://www.semrush.com/bot.html)"
185.191.171.4 - - [22/Nov/2024:21:05:43 -0800] "GET /ojjx8534ybfg.html HTTP/1.0" 404 236 "-" "Mozilla/5.0 (compatible; SemrushBot/7~bl; +http://www.semrush.com/bot.html)"
185.191.171.15 - - [22/Nov/2024:21:06:05 -0800] "GET /prgt25303xj7tf HTTP/1.0" 404 236 "-" "Mozilla/5.0 (compatible; SemrushBot/7~bl; +http://www.semrush.com/bot.html)"
85.208.96.204 - - [22/Nov/2024:21:06:32 -0800] "GET /xfmz21790b9cmb HTTP/1.0" 404 236 "-" "Mozilla/5.0 (compatible; SemrushBot/7~bl; +http://www.semrush.com/bot.html)"
85.208.96.202 - - [22/Nov/2024:21:06:57 -0800] "GET /nnsx7048by0tcnb HTTP/1.0" 404 236 "-" "Mozilla/5.0 (compatible; SemrushBot/7~bl; +http://www.semrush.com/bot.html)"
85.208.96.201 - - [22/Nov/2024:21:06:59 -0800] "GET /opfy10181odpp.html HTTP/1.0" 404 236 "-" "Mozilla/5.0 (compatible; SemrushBot/7~bl; +http://www.semrush.com/bot.html)"
185.191.171.7 - - [22/Nov/2024:21:07:10 -0800] "GET /qzzv28912znaqzft HTTP/1.0" 404 236 "-" "Mozilla/5.0 (compatible; SemrushBot/7~bl; +http://www.semrush.com/bot.html)"
85.208.96.208 - - [22/Nov/2024:21:07:15 -0800] "GET /rscd1455r9mzd.htm HTTP/1.0" 404 236 "-" "Mozilla/5.0 (compatible; SemrushBot/7~bl; +http://www.semrush.com/bot.html)"
185.191.171.7 - - [22/Nov/2024:21:07:26 -0800] "GET /rpez14679hpzhc.htm HTTP/1.0" 404 236 "-" "Mozilla/5.0 (compatible; SemrushBot/7~bl; +http://www.semrush.com/bot.html)"
185.191.171.6 - - [22/Nov/2024:21:07:42 -0800] "GET /opfy23038b9qcf HTTP/1.0" 404 236 "-" "Mozilla/5.0 (compatible; SemrushBot/7~bl; +http://www.semrush.com/bot.html)"
85.208.96.207 - - [22/Nov/2024:21:07:50 -0800] "GET /qzxy13878t4fuu.htm HTTP/1.0" 404 236 "-" "Mozilla/5.0 (compatible; SemrushBot/7~bl; +http://www.semrush.com/bot.html)"
185.191.171.18 - - [22/Nov/2024:21:08:15 -0800] "GET /pwlp9835z8jhpzu3c HTTP/1.0" 404 236 "-" "Mozilla/5.0 (compatible; SemrushBot/7~bl; +http://www.semrush.com/bot.html)"
85.208.96.194 - - [22/Nov/2024:21:08:23 -0800] "GET /rpez24742pqepk HTTP/1.0" 404 236 "-" "Mozilla/5.0 (compatible; SemrushBot/7~bl; +http://www.semrush.com/bot.html)"
185.191.171.6 - - [22/Nov/2024:21:08:32 -0800] "GET /sbuy13588psqsp60 HTTP/1.0" 404 236 "-" "Mozilla/5.0 (compatible; SemrushBot/7~bl; +http://www.semrush.com/bot.html)"
185.191.171.6 - - [22/Nov/2024:21:08:35 -0800] "GET /aemg2716l7malq8 HTTP/1.0" 404 236 "-" "Mozilla/5.0 (compatible; SemrushBot/7~bl; +http://www.semrush.com/bot.html)"
85.208.96.210 - - [22/Nov/2024:21:08:48 -0800] "GET /zyms129razyrh2.htm HTTP/1.0" 404 236 "-" "Mozilla/5.0 (compatible; SemrushBot/7~bl; +http://www.semrush.com/bot.html)"
185.191.171.13 - - [22/Nov/2024:21:08:50 -0800] "GET /nozd17881ltolnh HTTP/1.0" 404 236 "-" "Mozilla/5.0 (compatible; SemrushBot/7~bl; +http://www.semrush.com/bot.html)"
185.191.171.14 - - [22/Nov/2024:21:09:09 -0800] "GET /rscd2245bsjsbwn HTTP/1.0" 404 236 "-" "Mozilla/5.0 (compatible; SemrushBot/7~bl; +http://www.semrush.com/bot.html)"
185.191.171.7 - - [22/Nov/2024:21:09:35 -0800] "GET /amph18745rknzmrs HTTP/1.0" 404 236 "-" "Mozilla/5.0 (compatible; SemrushBot/7~bl; +http://www.semrush.com/bot.html)"
185.191.171.15 - - [22/Nov/2024:21:10:00 -0800] "GET /lkaj18799tupbj HTTP/1.0" 404 236 "-" "Mozilla/5.0 (compatible; SemrushBot/7~bl; +http://www.semrush.com/bot.html)"
185.191.171.19 - - [22/Nov/2024:21:10:02 -0800] "GET /ouzo4263r3zor.htm HTTP/1.0" 404 236 "-" "Mozilla/5.0 (compatible; SemrushBot/7~bl; +http://www.semrush.com/bot.html)"
40.77.167.57 - - [22/Nov/2024:21:10:31 -0800] "GET /bri2231.xml HTTP/1.0" 404 236 "-" "Mozilla/5.0 AppleWebKit/537.36 (KHTML, like Gecko; compatible; bingbot/2.0; +http://www.bing.com/bingbot.htm) Chrome/116.0.1938.76 Safari/537.36"
40.77.167.57 - - [22/Nov/2024:21:10:31 -0800] "GET /bri1573.xml HTTP/1.0" 404 236 "-" "Mozilla/5.0 AppleWebKit/537.36 (KHTML, like Gecko; compatible; bingbot/2.0; +http://www.bing.com/bingbot.htm) Chrome/116.0.1938.76 Safari/537.36"
52.167.144.141 - - [22/Nov/2024:21:10:35 -0800] "GET /bri917.xml HTTP/1.0" 404 236 "-" "Mozilla/5.0 AppleWebKit/537.36 (KHTML, like Gecko; compatible; bingbot/2.0; +http://www.bing.com/bingbot.htm) Chrome/116.0.1938.76 Safari/537.36"
52.167.144.141 - - [22/Nov/2024:21:10:35 -0800] "GET /bri1285.xml HTTP/1.0" 404 236 "-" "Mozilla/5.0 AppleWebKit/537.36 (KHTML, like Gecko; compatible; bingbot/2.0; +http://www.bing.com/bingbot.htm) Chrome/116.0.1938.76 Safari/537.36"
52.167.144.184 - - [22/Nov/2024:21:10:43 -0800] "GET /bri2061.xml HTTP/1.0" 404 236 "-" "Mozilla/5.0 AppleWebKit/537.36 (KHTML, like Gecko; compatible; bingbot/2.0; +http://www.bing.com/bingbot.htm) Chrome/116.0.1938.76 Safari/537.36"
52.167.144.184 - - [22/Nov/2024:21:10:43 -0800] "GET /bri83.xml HTTP/1.0" 404 236 "-" "Mozilla/5.0 AppleWebKit/537.36 (KHTML, like Gecko; compatible; bingbot/2.0; +http://www.bing.com/bingbot.htm) Chrome/116.0.1938.76 Safari/537.36"
52.167.144.141 - - [22/Nov/2024:21:10:43 -0800] "GET /bri109.xml HTTP/1.0" 404 236 "-" "Mozilla/5.0 AppleWebKit/537.36 (KHTML, like Gecko; compatible; bingbot/2.0; +http://www.bing.com/bingbot.htm) Chrome/116.0.1938.76 Safari/537.36"
52.167.144.141 - - [22/Nov/2024:21:10:44 -0800] "GET /bri2483.xml HTTP/1.0" 404 236 "-" "Mozilla/5.0 AppleWebKit/537.36 (KHTML, like Gecko; compatible; bingbot/2.0; +http://www.bing.com/bingbot.htm) Chrome/116.0.1938.76 Safari/537.36"
85.208.96.193 - - [22/Nov/2024:21:10:46 -0800] "GET /pnqr26974l37mq HTTP/1.0" 404 236 "-" "Mozilla/5.0 (compatible; SemrushBot/7~bl; +http://www.semrush.com/bot.html)"
85.208.96.196 - - [22/Nov/2024:21:10:47 -0800] "GET /cthq2734d9fsa HTTP/1.0" 404 236 "-" "Mozilla/5.0 (compatible; SemrushBot/7~bl; +http://www.semrush.com/bot.html)"
85.208.96.201 - - [22/Nov/2024:21:10:54 -0800] "GET /lbfo12446km8d.html HTTP/1.0" 404 236 "-" "Mozilla/5.0 (compatible; SemrushBot/7~bl; +http://www.semrush.com/bot.html)"
85.208.96.199 - - [22/Nov/2024:21:11:02 -0800] "GET /okdx15502fgdfx HTTP/1.0" 404 236 "-" "Mozilla/5.0 (compatible; SemrushBot/7~bl; +http://www.semrush.com/bot.html)"
209.182.200.39 - - [22/Nov/2024:21:11:07 -0800] "POST /wp-cron.php?doing_wp_cron=1732338667.6468911170959472656250 HTTP/1.0" 200 - "http://brightcrownjewels.com/wp-cron.php?doing_wp_cron=1732338667.6468911170959472656250" "WordPress/4.9.26; http://brightcrownjewels.com"
65.254.80.240 - - [22/Nov/2024:21:11:07 -0800] "POST /xmlrpc.php HTTP/1.0" 200 401 "-" "Mozilla/5.0 (X11; Fedora; Linux x86_64; rv:89.0) Gecko/20100101 Firefox/89.0"
185.191.171.6 - - [22/Nov/2024:21:11:22 -0800] "GET /varv14818xnyrxrnx HTTP/1.0" 404 236 "-" "Mozilla/5.0 (compatible; SemrushBot/7~bl; +http://www.semrush.com/bot.html)"
85.208.96.194 - - [22/Nov/2024:21:11:25 -0800] "GET /mpeq19399v2iwr HTTP/1.0" 404 236 "-" "Mozilla/5.0 (compatible; SemrushBot/7~bl; +http://www.semrush.com/bot.html)"
185.191.171.12 - - [22/Nov/2024:21:11:43 -0800] "GET /varv17630u2cr.html HTTP/1.0" 404 236 "-" "Mozilla/5.0 (compatible; SemrushBot/7~bl; +http://www.semrush.com/bot.html)"
85.208.96.202 - - [22/Nov/2024:21:11:58 -0800] "GET /lbfo700xnylxpe HTTP/1.0" 404 236 "-" "Mozilla/5.0 (compatible; SemrushBot/7~bl; +http://www.semrush.com/bot.html)"
85.208.96.206 - - [22/Nov/2024:21:12:02 -0800] "GET /varv2094ns94o.htm HTTP/1.0" 404 236 "-" "Mozilla/5.0 (compatible; SemrushBot/7~bl; +http://www.semrush.com/bot.html)"
185.191.171.9 - - [22/Nov/2024:21:12:18 -0800] "GET /wmaj14782n5foa HTTP/1.0" 404 236 "-" "Mozilla/5.0 (compatible; SemrushBot/7~bl; +http://www.semrush.com/bot.html)"
85.208.96.201 - - [22/Nov/2024:21:12:33 -0800] "GET /okcn29527jbgrn HTTP/1.0" 404 236 "-" "Mozilla/5.0 (compatible; SemrushBot/7~bl; +http://www.semrush.com/bot.html)"
185.191.171.9 - - [22/Nov/2024:21:12:34 -0800] "GET /rbeu6471patxu.htm HTTP/1.0" 404 236 "-" "Mozilla/5.0 (compatible; SemrushBot/7~bl; +http://www.semrush.com/bot.html)"
85.208.96.194 - - [22/Nov/2024:21:12:36 -0800] "GET /okcn23377vx5dkvf HTTP/1.0" 404 236 "-" "Mozilla/5.0 (compatible; SemrushBot/7~bl; +http://www.semrush.com/bot.html)"
185.191.171.14 - - [22/Nov/2024:21:12:42 -0800] "GET /lixb12793t3q3bit HTTP/1.0" 404 236 "-" "Mozilla/5.0 (compatible; SemrushBot/7~bl; +http://www.semrush.com/bot.html)"
185.191.171.18 - - [22/Nov/2024:21:12:48 -0800] "GET /rpez13873hhpphe3 HTTP/1.0" 404 236 "-" "Mozilla/5.0 (compatible; SemrushBot/7~bl; +http://www.semrush.com/bot.html)"
185.191.171.17 - - [22/Nov/2024:21:13:14 -0800] "GET /azbc13465pss3xzp HTTP/1.0" 404 236 "-" "Mozilla/5.0 (compatible; SemrushBot/7~bl; +http://www.semrush.com/bot.html)"
185.191.171.1 - - [22/Nov/2024:21:13:36 -0800] "GET /nozd18598h7izh HTTP/1.0" 404 236 "-" "Mozilla/5.0 (compatible; SemrushBot/7~bl; +http://www.semrush.com/bot.html)"
185.191.171.18 - - [22/Nov/2024:21:14:18 -0800] "GET /npwz26390s65f.html HTTP/1.0" 404 236 "-" "Mozilla/5.0 (compatible; SemrushBot/7~bl; +http://www.semrush.com/bot.html)"
85.208.96.210 - - [22/Nov/2024:21:14:24 -0800] "GET /ohje4153lc6tzth HTTP/1.0" 404 236 "-" "Mozilla/5.0 (compatible; SemrushBot/7~bl; +http://www.semrush.com/bot.html)"
85.208.96.210 - - [22/Nov/2024:21:14:51 -0800] "GET /obju10742wbej.html HTTP/1.0" 404 236 "-" "Mozilla/5.0 (compatible; SemrushBot/7~bl; +http://www.semrush.com/bot.html)"
85.208.96.211 - - [22/Nov/2024:21:14:53 -0800] "GET /skad26326nboan HTTP/1.0" 404 236 "-" "Mozilla/5.0 (compatible; SemrushBot/7~bl; +http://www.semrush.com/bot.html)"
85.208.96.198 - - [22/Nov/2024:21:15:03 -0800] "GET /sdkv12014urck.html HTTP/1.0" 404 236 "-" "Mozilla/5.0 (compatible; SemrushBot/7~bl; +http://www.semrush.com/bot.html)"
85.208.96.210 - - [22/Nov/2024:21:15:08 -0800] "GET /nozd5794vtzwzvl7o HTTP/1.0" 404 236 "-" "Mozilla/5.0 (compatible; SemrushBot/7~bl; +http://www.semrush.com/bot.html)"
