66.249.68.33 - - [22/Nov/2024:08:15:49 -0800] "GET /gjtq27519dfwyl.htm HTTP/1.0" 404 236 "-" "Mozilla/5.0 (Linux; Android 6.0.1; Nexus 5X Build/MMB29P) AppleWebKit/537.36 (KHTML, like Gecko) Chrome/131.0.6778.69 Mobile Safari/537.36 (compatible; Googlebot/2.1; +http://www.google.com/bot.html)"
185.191.171.7 - - [22/Nov/2024:08:15:56 -0800] "GET /zkww8833l3tklpd HTTP/1.0" 404 236 "-" "Mozilla/5.0 (compatible; SemrushBot/7~bl; +http://www.semrush.com/bot.html)"
185.191.171.5 - - [22/Nov/2024:08:16:16 -0800] "GET /oiie3494csla.html HTTP/1.0" 404 236 "-" "Mozilla/5.0 (compatible; SemrushBot/7~bl; +http://www.semrush.com/bot.html)"
185.191.171.6 - - [22/Nov/2024:08:16:17 -0800] "GET /lkaj13863xxfjx.htm HTTP/1.0" 404 236 "-" "Mozilla/5.0 (compatible; SemrushBot/7~bl; +http://www.semrush.com/bot.html)"
185.191.171.2 - - [22/Nov/2024:08:16:26 -0800] "GET /qjdv26386v2rwdvod3 HTTP/1.0" 404 236 "-" "Mozilla/5.0 (compatible; SemrushBot/7~bl; +http://www.semrush.com/bot.html)"
66.249.68.32 - - [22/Nov/2024:08:16:36 -0800] "GET /amph5598ay9pb7xxlm/ipa.htm HTTP/1.0" 404 236 "-" "Mozilla/5.0 (Linux; Android 6.0.1; Nexus 5X Build/MMB29P) AppleWebKit/537.36 (KHTML, like Gecko) Chrome/131.0.6778.69 Mobile Safari/537.36 (compatible; Googlebot/2.1; +http://www.google.com/bot.html)"
85.208.96.206 - - [22/Nov/2024:08:16:55 -0800] "GET /ldqb20198o38z.html HTTP/1.0" 404 236 "-" "Mozilla/5.0 (compatible; SemrushBot/7~bl; +http://www.semrush.com/bot.html)"
66.249.68.32 - - [22/Nov/2024:08:16:55 -0800] "GET /nozd13550dag2/p6ez.html HTTP/1.0" 404 236 "-" "Mozilla/5.0 (Linux; Android 6.0.1; Nexus 5X Build/MMB29P) AppleWebKit/537.36 (KHTML, like Gecko) Chrome/131.0.6778.69 Mobile Safari/537.36 (compatible; Googlebot/2.1; +http://www.google.com/bot.html)"
85.208.96.202 - - [22/Nov/2024:08:17:12 -0800] "GET /pygu25621d8lydra HTTP/1.0" 404 236 "-" "Mozilla/5.0 (compatible; SemrushBot/7~bl; +http://www.semrush.com/bot.html)"
185.191.171.17 - - [22/Nov/2024:08:17:13 -0800] "GET /plvg18880deatepd HTTP/1.0" 404 236 "-" "Mozilla/5.0 (compatible; SemrushBot/7~bl; +http://www.semrush.com/bot.html)"
85.208.96.211 - - [22/Nov/2024:08:17:15 -0800] "GET /qjdv3966n7odn.htm HTTP/1.0" 404 236 "-" "Mozilla/5.0 (compatible; SemrushBot/7~bl; +http://www.semrush.com/bot.html)"
66.249.68.34 - - [22/Nov/2024:08:17:30 -0800] "GET /nozd520slnpsp/ulxga HTTP/1.0" 404 236 "-" "Mozilla/5.0 (Linux; Android 6.0.1; Nexus 5X Build/MMB29P) AppleWebKit/537.36 (KHTML, like Gecko) Chrome/131.0.6778.69 Mobile Safari/537.36 (compatible; Googlebot/2.1; +http://www.google.com/bot.html)"
185.191.171.12 - - [22/Nov/2024:08:17:43 -0800] "GET /mpeq2510giqo.html HTTP/1.0" 404 236 "-" "Mozilla/5.0 (compatible; SemrushBot/7~bl; +http://www.semrush.com/bot.html)"
185.191.171.16 - - [22/Nov/2024:08:17:44 -0800] "GET /lbfo9950ksfk.html HTTP/1.0" 404 236 "-" "Mozilla/5.0 (compatible; SemrushBot/7~bl; +http://www.semrush.com/bot.html)"
66.249.79.68 - - [22/Nov/2024:08:17:48 -0800] "GET /xxxs19667dzfcaqkchxz/2lsdsk5.html HTTP/1.0" 404 236 "-" "Mozilla/5.0 (Linux; Android 6.0.1; Nexus 5X Build/MMB29P) AppleWebKit/537.36 (KHTML, like Gecko) Chrome/131.0.6778.69 Mobile Safari/537.36 (compatible; Googlebot/2.1; +http://www.google.com/bot.html)"
185.191.171.9 - - [22/Nov/2024:08:18:03 -0800] "GET /zkww20347hpwhyc HTTP/1.0" 404 236 "-" "Mozilla/5.0 (compatible; SemrushBot/7~bl; +http://www.semrush.com/bot.html)"
66.249.79.66 - - [22/Nov/2024:08:18:09 -0800] "GET /paes13238dc777b3hb/xeed.html HTTP/1.0" 404 236 "-" "Mozilla/5.0 (Linux; Android 6.0.1; Nexus 5X Build/MMB29P) AppleWebKit/537.36 (KHTML, like Gecko) Chrome/131.0.6778.69 Mobile Safari/537.36 (compatible; Googlebot/2.1; +http://www.google.com/bot.html)"
185.191.171.14 - - [22/Nov/2024:08:18:23 -0800] "GET /xoem13690nlpoenxpd HTTP/1.0" 404 236 "-" "Mozilla/5.0 (compatible; SemrushBot/7~bl; +http://www.semrush.com/bot.html)"
66.249.68.33 - - [22/Nov/2024:08:18:33 -0800] "GET /yxbd14916khvam/2sykhda.htm HTTP/1.0" 404 236 "-" "Mozilla/5.0 (Linux; Android 6.0.1; Nexus 5X Build/MMB29P) AppleWebKit/537.36 (KHTML, like Gecko) Chrome/131.0.6778.69 Mobile Safari/537.36 (compatible; Googlebot/2.1; +http://www.google.com/bot.html)"
85.208.96.212 - - [22/Nov/2024:08:18:53 -0800] "GET /oiie1381vqdiv2u HTTP/1.0" 404 236 "-" "Mozilla/5.0 (compatible; SemrushBot/7~bl; +http://www.semrush.com/bot.html)"
185.191.171.14 - - [22/Nov/2024:08:18:55 -0800] "GET /pnqr207rwj4r.htm HTTP/1.0" 404 236 "-" "Mozilla/5.0 (compatible; SemrushBot/7~bl; +http://www.semrush.com/bot.html)"
85.208.96.196 - - [22/Nov/2024:08:19:18 -0800] "GET /varv27241lfrhtal HTTP/1.0" 404 236 "-" "Mozilla/5.0 (compatible; SemrushBot/7~bl; +http://www.semrush.com/bot.html)"
85.208.96.202 - - [22/Nov/2024:08:19:31 -0800] "GET /plvg63dg3yl.htm HTTP/1.0" 404 236 "-" "Mozilla/5.0 (compatible; SemrushBot/7~bl; +http://www.semrush.com/bot.html)"
66.249.68.33 - - [22/Nov/2024:08:20:01 -0800] "GET /skzw2299dfaelwdpi HTTP/1.0" 404 236 "-" "Mozilla/5.0 (Linux; Android 6.0.1; Nexus 5X Build/MMB29P) AppleWebKit/537.36 (KHTML, like Gecko) Chrome/131.0.6778.69 Mobile Safari/537.36 (compatible; Googlebot/2.1; +http://www.google.com/bot.html)"
85.208.96.194 - - [22/Nov/2024:08:20:18 -0800] "GET /obju24601x4ufbx0 HTTP/1.0" 404 236 "-" "Mozilla/5.0 (compatible; SemrushBot/7~bl; +http://www.semrush.com/bot.html)"
85.208.96.209 - - [22/Nov/2024:08:20:32 -0800] "GET /sbuy13339to0cbyt5s HTTP/1.0" 404 236 "-" "Mozilla/5.0 (compatible; SemrushBot/7~bl; +http://www.semrush.com/bot.html)"
185.191.171.18 - - [22/Nov/2024:08:20:37 -0800] "GET /plvg6087vdgv4.htm HTTP/1.0" 404 236 "-" "Mozilla/5.0 (compatible; SemrushBot/7~bl; +http://www.semrush.com/bot.html)"
185.191.171.1 - - [22/Nov/2024:08:20:50 -0800] "GET /pozb16054l6mzl HTTP/1.0" 404 236 "-" "Mozilla/5.0 (compatible; SemrushBot/7~bl; +http://www.semrush.com/bot.html)"
185.191.171.14 - - [22/Nov/2024:08:20:52 -0800] "GET /skzw29046dtpez.htm HTTP/1.0" 404 236 "-" "Mozilla/5.0 (compatible; SemrushBot/7~bl; +http://www.semrush.com/bot.html)"
185.191.171.16 - - [22/Nov/2024:08:20:56 -0800] "GET /uiwk6423t9cbk.htm HTTP/1.0" 404 236 "-" "Mozilla/5.0 (compatible; SemrushBot/7~bl; +http://www.semrush.com/bot.html)"
185.191.171.7 - - [22/Nov/2024:08:21:25 -0800] "GET /peoy6487ffhny HTTP/1.0" 404 236 "-" "Mozilla/5.0 (compatible; SemrushBot/7~bl; +http://www.semrush.com/bot.html)"
185.191.171.11 - - [22/Nov/2024:08:21:26 -0800] "GET /rscd26318yqgc.html HTTP/1.0" 404 236 "-" "Mozilla/5.0 (compatible; SemrushBot/7~bl; +http://www.semrush.com/bot.html)"
185.191.171.16 - - [22/Nov/2024:08:21:31 -0800] "GET /ucrs22105xfcx5u HTTP/1.0" 404 236 "-" "Mozilla/5.0 (compatible; SemrushBot/7~bl; +http://www.semrush.com/bot.html)"
185.191.171.1 - - [22/Nov/2024:08:21:36 -0800] "GET /yxbd23422v0lwb HTTP/1.0" 404 236 "-" "Mozilla/5.0 (compatible; SemrushBot/7~bl; +http://www.semrush.com/bot.html)"
185.191.171.19 - - [22/Nov/2024:08:22:02 -0800] "GET /rscd8356jfkrjpko HTTP/1.0" 404 236 "-" "Mozilla/5.0 (compatible; SemrushBot/7~bl; +http://www.semrush.com/bot.html)"
185.191.171.3 - - [22/Nov/2024:08:22:05 -0800] "GET /lixb21766de3n4 HTTP/1.0" 404 236 "-" "Mozilla/5.0 (compatible; SemrushBot/7~bl; +http://www.semrush.com/bot.html)"
85.208.96.196 - - [22/Nov/2024:08:22:09 -0800] "GET /rbeu16783fmvnu HTTP/1.0" 404 236 "-" "Mozilla/5.0 (compatible; SemrushBot/7~bl; +http://www.semrush.com/bot.html)"
85.208.96.197 - - [22/Nov/2024:08:22:37 -0800] "GET /lkaj12039tjpbj.htm HTTP/1.0" 404 236 "-" "Mozilla/5.0 (compatible; SemrushBot/7~bl; +http://www.semrush.com/bot.html)"
85.208.96.206 - - [22/Nov/2024:08:23:10 -0800] "GET /pnqr24715hma0prhu8 HTTP/1.0" 404 236 "-" "Mozilla/5.0 (compatible; SemrushBot/7~bl; +http://www.semrush.com/bot.html)"
85.208.96.198 - - [22/Nov/2024:08:23:12 -0800] "GET /aemg21118fxgmf HTTP/1.0" 404 236 "-" "Mozilla/5.0 (compatible; SemrushBot/7~bl; +http://www.semrush.com/bot.html)"
85.208.96.198 - - [22/Nov/2024:08:23:39 -0800] "GET /prgt15557i4nj.html HTTP/1.0" 404 236 "-" "Mozilla/5.0 (compatible; SemrushBot/7~bl; +http://www.semrush.com/bot.html)"
185.191.171.16 - - [22/Nov/2024:08:23:48 -0800] "GET /wjfx21715x5fxx7p HTTP/1.0" 404 236 "-" "Mozilla/5.0 (compatible; SemrushBot/7~bl; +http://www.semrush.com/bot.html)"
85.208.96.207 - - [22/Nov/2024:08:24:16 -0800] "GET /ohje28153nf3vhno HTTP/1.0" 404 236 "-" "Mozilla/5.0 (compatible; SemrushBot/7~bl; +http://www.semrush.com/bot.html)"
185.191.171.4 - - [22/Nov/2024:08:24:36 -0800] "GET /prgt13589qqrr.html HTTP/1.0" 404 236 "-" "Mozilla/5.0 (compatible; SemrushBot/7~bl; +http://www.semrush.com/bot.html)"
85.208.96.206 - - [22/Nov/2024:08:24:45 -0800] "GET /lbfo6365uddl.html HTTP/1.0" 404 236 "-" "Mozilla/5.0 (compatible; SemrushBot/7~bl; +http://www.semrush.com/bot.html)"
85.208.96.198 - - [22/Nov/2024:08:25:04 -0800] "GET /aemg3145r7zlzer HTTP/1.0" 404 236 "-" "Mozilla/5.0 (compatible; SemrushBot/7~bl; +http://www.semrush.com/bot.html)"
85.208.96.205 - - [22/Nov/2024:08:25:15 -0800] "GET /quhv24601xvr7fux HTTP/1.0" 404 236 "-" "Mozilla/5.0 (compatible; SemrushBot/7~bl; +http://www.semrush.com/bot.html)"
85.208.96.205 - - [22/Nov/2024:08:25:18 -0800] "GET /dllx790j9klj HTTP/1.0" 404 236 "-" "Mozilla/5.0 (compatible; SemrushBot/7~bl; +http://www.semrush.com/bot.html)"
85.208.96.211 - - [22/Nov/2024:08:25:23 -0800] "GET /ouzo11262d8sic.htm HTTP/1.0" 404 236 "-" "Mozilla/5.0 (compatible; SemrushBot/7~bl; +http://www.semrush.com/bot.html)"
185.191.171.7 - - [22/Nov/2024:08:25:32 -0800] "GET /mpeq9642vwev1a.htm HTTP/1.0" 404 236 "-" "Mozilla/5.0 (compatible; SemrushBot/7~bl; +http://www.semrush.com/bot.html)"
85.208.96.198 - - [22/Nov/2024:08:26:00 -0800] "GET /nnsx18895lnpvm HTTP/1.0" 404 236 "-" "Mozilla/5.0 (compatible; SemrushBot/7~bl; +http://www.semrush.com/bot.html)"
185.191.171.2 - - [22/Nov/2024:08:26:25 -0800] "GET /xjhr10669bjjbdv HTTP/1.0" 404 236 "-" "Mozilla/5.0 (compatible; SemrushBot/7~bl; +http://www.semrush.com/bot.html)"
85.208.96.198 - - [22/Nov/2024:08:26:39 -0800] "GET /oiie6654xajyi.htm HTTP/1.0" 404 236 "-" "Mozilla/5.0 (compatible; SemrushBot/7~bl; +http://www.semrush.com/bot.html)"
185.191.171.18 - - [22/Nov/2024:08:26:47 -0800] "GET /rbeu21145z5thbzg HTTP/1.0" 404 236 "-" "Mozilla/5.0 (compatible; SemrushBot/7~bl; +http://www.semrush.com/bot.html)"
185.191.171.19 - - [22/Nov/2024:08:27:00 -0800] "GET /npwz16550gzvt.html HTTP/1.0" 404 236 "-" "Mozilla/5.0 (compatible; SemrushBot/7~bl; +http://www.semrush.com/bot.html)"
185.191.171.2 - - [22/Nov/2024:08:27:15 -0800] "GET /zyms12481txsbyt3 HTTP/1.0" 404 236 "-" "Mozilla/5.0 (compatible; SemrushBot/7~bl; +http://www.semrush.com/bot.html)"
52.167.144.183 - - [22/Nov/2024:08:27:20 -0800] "GET /bri2487.xml HTTP/1.0" 404 236 "-" "Mozilla/5.0 AppleWebKit/537.36 (KHTML, like Gecko; compatible; bingbot/2.0; +http://www.bing.com/bingbot.htm) Chrome/116.0.1938.76 Safari/537.36"
185.191.171.13 - - [22/Nov/2024:08:27:22 -0800] "GET /aemg28694i4rq.html HTTP/1.0" 404 236 "-" "Mozilla/5.0 (compatible; SemrushBot/7~bl; +http://www.semrush.com/bot.html)"
185.191.171.8 - - [22/Nov/2024:08:27:24 -0800] "GET /pygu1810phmeqgpo8 HTTP/1.0" 404 236 "-" "Mozilla/5.0 (compatible; SemrushBot/7~bl; +http://www.semrush.com/bot.html)"
185.191.171.8 - - [22/Nov/2024:08:27:39 -0800] "GET /rpez4168h2irh30 HTTP/1.0" 404 236 "-" "Mozilla/5.0 (compatible; SemrushBot/7~bl; +http://www.semrush.com/bot.html)"
185.191.171.8 - - [22/Nov/2024:08:27:43 -0800] "GET /sdkv15134uxck.html HTTP/1.0" 404 236 "-" "Mozilla/5.0 (compatible; SemrushBot/7~bl; +http://www.semrush.com/bot.html)"
85.208.96.193 - - [22/Nov/2024:08:27:59 -0800] "GET /azbc5842r5sbryhs HTTP/1.0" 404 236 "-" "Mozilla/5.0 (compatible; SemrushBot/7~bl; +http://www.semrush.com/bot.html)"
185.191.171.11 - - [22/Nov/2024:08:28:07 -0800] "GET /obju12782iqqj.html HTTP/1.0" 404 236 "-" "Mozilla/5.0 (compatible; SemrushBot/7~bl; +http://www.semrush.com/bot.html)"
185.191.171.15 - - [22/Nov/2024:08:28:15 -0800] "GET /xjhr4486nk33o HTTP/1.0" 404 236 "-" "Mozilla/5.0 (compatible; SemrushBot/7~bl; +http://www.semrush.com/bot.html)"
85.208.96.204 - - [22/Nov/2024:08:28:19 -0800] "GET /okcn8621o9bp.html HTTP/1.0" 404 236 "-" "Mozilla/5.0 (compatible; SemrushBot/7~bl; +http://www.semrush.com/bot.html)"
185.191.171.19 - - [22/Nov/2024:08:28:37 -0800] "GET /zyew28729r7zyrvu HTTP/1.0" 404 236 "-" "Mozilla/5.0 (compatible; SemrushBot/7~bl; +http://www.semrush.com/bot.html)"
185.191.171.4 - - [22/Nov/2024:08:29:22 -0800] "GET /oiie23845vmdivyv HTTP/1.0" 404 236 "-" "Mozilla/5.0 (compatible; SemrushBot/7~bl; +http://www.semrush.com/bot.html)"
185.191.171.4 - - [22/Nov/2024:08:29:32 -0800] "GET /wvso921dvlvds1.htm HTTP/1.0" 404 236 "-" "Mozilla/5.0 (compatible; SemrushBot/7~bl; +http://www.semrush.com/bot.html)"
85.208.96.206 - - [22/Nov/2024:08:29:41 -0800] "GET /xpxm23622ndhox.htm HTTP/1.0" 404 236 "-" "Mozilla/5.0 (compatible; SemrushBot/7~bl; +http://www.semrush.com/bot.html)"
85.208.96.193 - - [22/Nov/2024:08:29:42 -0800] "GET /zyew13910saes.html HTTP/1.0" 404 236 "-" "Mozilla/5.0 (compatible; SemrushBot/7~bl; +http://www.semrush.com/bot.html)"
185.191.171.4 - - [22/Nov/2024:08:30:21 -0800] "GET /xuro9734ckrc.html HTTP/1.0" 404 236 "-" "Mozilla/5.0 (compatible; SemrushBot/7~bl; +http://www.semrush.com/bot.html)"
185.191.171.11 - - [22/Nov/2024:08:31:00 -0800] "GET /quhv24806uich.html HTTP/1.0" 404 236 "-" "Mozilla/5.0 (compatible; SemrushBot/7~bl; +http://www.semrush.com/bot.html)"
85.208.96.203 - - [22/Nov/2024:08:31:01 -0800] "GET /okcn5990cwh6.html HTTP/1.0" 404 236 "-" "Mozilla/5.0 (compatible; SemrushBot/7~bl; +http://www.semrush.com/bot.html)"
185.191.171.8 - - [22/Nov/2024:08:31:09 -0800] "GET /pwlp29047xl9fp HTTP/1.0" 404 236 "-" "Mozilla/5.0 (compatible; SemrushBot/7~bl; +http://www.semrush.com/bot.html)"
52.167.144.177 - - [22/Nov/2024:08:31:10 -0800] "GET /bri1835.xml HTTP/1.0" 404 236 "-" "Mozilla/5.0 AppleWebKit/537.36 (KHTML, like Gecko; compatible; bingbot/2.0; +http://www.bing.com/bingbot.htm) Chrome/116.0.1938.76 Safari/537.36"
85.208.96.195 - - [22/Nov/2024:08:31:15 -0800] "GET /okdx7781gtyh.html HTTP/1.0" 404 236 "-" "Mozilla/5.0 (compatible; SemrushBot/7~bl; +http://www.semrush.com/bot.html)"
85.208.96.204 - - [22/Nov/2024:08:31:43 -0800] "GET /xdwt21910rf8sw HTTP/1.0" 404 236 "-" "Mozilla/5.0 (compatible; SemrushBot/7~bl; +http://www.semrush.com/bot.html)"
185.191.171.3 - - [22/Nov/2024:08:31:46 -0800] "GET /yhag8518p7vqa HTTP/1.0" 404 236 "-" "Mozilla/5.0 (compatible; SemrushBot/7~bl; +http://www.semrush.com/bot.html)"
85.208.96.204 - - [22/Nov/2024:08:31:51 -0800] "GET /obju619n7vunsio HTTP/1.0" 404 236 "-" "Mozilla/5.0 (compatible; SemrushBot/7~bl; +http://www.semrush.com/bot.html)"
85.208.96.206 - - [22/Nov/2024:08:32:14 -0800] "GET /vvsg16663pfhxg HTTP/1.0" 404 236 "-" "Mozilla/5.0 (compatible; SemrushBot/7~bl; +http://www.semrush.com/bot.html)"
185.191.171.13 - - [22/Nov/2024:08:32:19 -0800] "GET /varv715fo0jnvfsr HTTP/1.0" 404 236 "-" "Mozilla/5.0 (compatible; SemrushBot/7~bl; +http://www.semrush.com/bot.html)"
85.208.96.204 - - [22/Nov/2024:08:32:37 -0800] "GET /rbeu19390t3dsu HTTP/1.0" 404 236 "-" "Mozilla/5.0 (compatible; SemrushBot/7~bl; +http://www.semrush.com/bot.html)"
185.191.171.16 - - [22/Nov/2024:08:32:57 -0800] "GET /oiie9726br0ci.htm HTTP/1.0" 404 236 "-" "Mozilla/5.0 (compatible; SemrushBot/7~bl; +http://www.semrush.com/bot.html)"
85.208.96.210 - - [22/Nov/2024:08:33:04 -0800] "GET /obju17407f44un HTTP/1.0" 404 236 "-" "Mozilla/5.0 (compatible; SemrushBot/7~bl; +http://www.semrush.com/bot.html)"
85.208.96.210 - - [22/Nov/2024:08:33:20 -0800] "GET /pozb29318irn7.html HTTP/1.0" 404 236 "-" "Mozilla/5.0 (compatible; SemrushBot/7~bl; +http://www.semrush.com/bot.html)"
85.208.96.194 - - [22/Nov/2024:08:33:37 -0800] "GET /xoem1886gioe.html HTTP/1.0" 404 236 "-" "Mozilla/5.0 (compatible; SemrushBot/7~bl; +http://www.semrush.com/bot.html)"
85.208.96.195 - - [22/Nov/2024:08:33:44 -0800] "GET /mmwe28414vx3ww HTTP/1.0" 404 236 "-" "Mozilla/5.0 (compatible; SemrushBot/7~bl; +http://www.semrush.com/bot.html)"
185.191.171.11 - - [22/Nov/2024:08:34:01 -0800] "GET /pwlp6961ltyhtwl HTTP/1.0" 404 236 "-" "Mozilla/5.0 (compatible; SemrushBot/7~bl; +http://www.semrush.com/bot.html)"
85.208.96.194 - - [22/Nov/2024:08:34:05 -0800] "GET /mpeq955lne4tql73 HTTP/1.0" 404 236 "-" "Mozilla/5.0 (compatible; SemrushBot/7~bl; +http://www.semrush.com/bot.html)"
52.167.144.166 - - [22/Nov/2024:08:34:50 -0800] "GET /bri1227.xml HTTP/1.0" 404 236 "-" "Mozilla/5.0 AppleWebKit/537.36 (KHTML, like Gecko; compatible; bingbot/2.0; +http://www.bing.com/bingbot.htm) Chrome/116.0.1938.76 Safari/537.36"
85.208.96.209 - - [22/Nov/2024:08:34:59 -0800] "GET /xfmz11871hpzhc.htm HTTP/1.0" 404 236 "-" "Mozilla/5.0 (compatible; SemrushBot/7~bl; +http://www.semrush.com/bot.html)"
185.191.171.12 - - [22/Nov/2024:08:35:19 -0800] "GET /qzxy13911tmbyt.htm HTTP/1.0" 404 236 "-" "Mozilla/5.0 (compatible; SemrushBot/7~bl; +http://www.semrush.com/bot.html)"
85.208.96.206 - - [22/Nov/2024:08:35:21 -0800] "GET /vofz6694lx0um HTTP/1.0" 404 236 "-" "Mozilla/5.0 (compatible; SemrushBot/7~bl; +http://www.semrush.com/bot.html)"
185.191.171.12 - - [22/Nov/2024:08:35:59 -0800] "GET /mnsj29455p15xj HTTP/1.0" 404 236 "-" "Mozilla/5.0 (compatible; SemrushBot/7~bl; +http://www.semrush.com/bot.html)"
85.208.96.203 - - [22/Nov/2024:08:36:02 -0800] "GET /pygu733xln0fyxzsnd HTTP/1.0" 404 236 "-" "Mozilla/5.0 (compatible; SemrushBot/7~bl; +http://www.semrush.com/bot.html)"
185.191.171.6 - - [22/Nov/2024:08:36:08 -0800] "GET /pygu7479j1g6r.htm HTTP/1.0" 404 236 "-" "Mozilla/5.0 (compatible; SemrushBot/7~bl; +http://www.semrush.com/bot.html)"
185.191.171.13 - - [22/Nov/2024:08:36:09 -0800] "GET /zsob11914fe7usgof5 HTTP/1.0" 404 236 "-" "Mozilla/5.0 (compatible; SemrushBot/7~bl; +http://www.semrush.com/bot.html)"
185.191.171.4 - - [22/Nov/2024:08:36:11 -0800] "GET /qzxy12014un8c.html HTTP/1.0" 404 236 "-" "Mozilla/5.0 (compatible; SemrushBot/7~bl; +http://www.semrush.com/bot.html)"
85.208.96.199 - - [22/Nov/2024:08:36:39 -0800] "GET /pwlp6591f575n.htm HTTP/1.0" 404 236 "-" "Mozilla/5.0 (compatible; SemrushBot/7~bl; +http://www.semrush.com/bot.html)"
52.167.144.177 - - [22/Nov/2024:08:36:42 -0800] "GET /bri261.xml HTTP/1.0" 404 236 "-" "Mozilla/5.0 AppleWebKit/537.36 (KHTML, like Gecko; compatible; bingbot/2.0; +http://www.bing.com/bingbot.htm) Chrome/116.0.1938.76 Safari/537.36"
185.191.171.12 - - [22/Nov/2024:08:36:54 -0800] "GET /rscd872g7amor.html HTTP/1.0" 404 236 "-" "Mozilla/5.0 (compatible; SemrushBot/7~bl; +http://www.semrush.com/bot.html)"
85.208.96.207 - - [22/Nov/2024:08:36:58 -0800] "GET /ojjx7123r8blzxriv HTTP/1.0" 404 236 "-" "Mozilla/5.0 (compatible; SemrushBot/7~bl; +http://www.semrush.com/bot.html)"
66.249.68.32 - - [22/Nov/2024:08:37:13 -0800] "GET /ohje10015x6fex HTTP/1.0" 404 236 "-" "Mozilla/5.0 (Linux; Android 6.0.1; Nexus 5X Build/MMB29P) AppleWebKit/537.36 (KHTML, like Gecko) Chrome/131.0.6778.69 Mobile Safari/537.36 (compatible; GoogleOther)"
185.191.171.9 - - [22/Nov/2024:08:37:13 -0800] "GET /robots.txt HTTP/1.0" 200 1101 "-" "Mozilla/5.0 (compatible; SemrushBot/7~bl; +http://www.semrush.com/bot.html)"
85.208.96.195 - - [22/Nov/2024:08:37:13 -0800] "GET /prgt21854gnog.html HTTP/1.0" 404 236 "-" "Mozilla/5.0 (compatible; SemrushBot/7~bl; +http://www.semrush.com/bot.html)"
85.208.96.205 - - [22/Nov/2024:08:37:28 -0800] "GET /xpxm27367h9gz4 HTTP/1.0" 404 236 "-" "Mozilla/5.0 (compatible; SemrushBot/7~bl; +http://www.semrush.com/bot.html)"
185.191.171.1 - - [22/Nov/2024:08:37:29 -0800] "GET /zort27006rkn4s.htm HTTP/1.0" 404 236 "-" "Mozilla/5.0 (compatible; SemrushBot/7~bl; +http://www.semrush.com/bot.html)"
85.208.96.207 - - [22/Nov/2024:08:37:37 -0800] "GET /zsob27831drlbd.htm HTTP/1.0" 404 236 "-" "Mozilla/5.0 (compatible; SemrushBot/7~bl; +http://www.semrush.com/bot.html)"
85.208.96.206 - - [22/Nov/2024:08:37:38 -0800] "GET /aemg22465t2dbetl HTTP/1.0" 404 236 "-" "Mozilla/5.0 (compatible; SemrushBot/7~bl; +http://www.semrush.com/bot.html)"
85.208.96.210 - - [22/Nov/2024:08:38:03 -0800] "GET /mpeq19839tbqtr.htm HTTP/1.0" 404 236 "-" "Mozilla/5.0 (compatible; SemrushBot/7~bl; +http://www.semrush.com/bot.html)"
85.208.96.210 - - [22/Nov/2024:08:38:19 -0800] "GET /prgt1461xfrx6w.htm HTTP/1.0" 404 236 "-" "Mozilla/5.0 (compatible; SemrushBot/7~bl; +http://www.semrush.com/bot.html)"
40.77.167.74 - - [22/Nov/2024:08:39:02 -0800] "GET /dhyo7689lzrrthl.htm HTTP/1.0" 404 236 "-" "Mozilla/5.0 AppleWebKit/537.36 (KHTML, like Gecko; compatible; bingbot/2.0; +http://www.bing.com/bingbot.htm) Chrome/116.0.1938.76 Safari/537.36"
185.191.171.9 - - [22/Nov/2024:08:39:16 -0800] "GET /yhag12086opwa.html HTTP/1.0" 404 236 "-" "Mozilla/5.0 (compatible; SemrushBot/7~bl; +http://www.semrush.com/bot.html)"
185.191.171.6 - - [22/Nov/2024:08:39:22 -0800] "GET /sdkv736hish6f HTTP/1.0" 404 236 "-" "Mozilla/5.0 (compatible; SemrushBot/7~bl; +http://www.semrush.com/bot.html)"
185.191.171.17 - - [22/Nov/2024:08:39:23 -0800] "GET /xfmz8029n7evfn5zc HTTP/1.0" 404 236 "-" "Mozilla/5.0 (compatible; SemrushBot/7~bl; +http://www.semrush.com/bot.html)"
185.191.171.2 - - [22/Nov/2024:08:39:27 -0800] "GET /xjhr5323lgtrlul HTTP/1.0" 404 236 "-" "Mozilla/5.0 (compatible; SemrushBot/7~bl; +http://www.semrush.com/bot.html)"
185.191.171.6 - - [22/Nov/2024:08:39:39 -0800] "GET /qjdv22120ti4iuqt HTTP/1.0" 404 236 "-" "Mozilla/5.0 (compatible; SemrushBot/7~bl; +http://www.semrush.com/bot.html)"
52.167.144.166 - - [22/Nov/2024:08:40:01 -0800] "GET /rscd89d3e7zhzeg/xlsdzs.html HTTP/1.0" 404 236 "-" "Mozilla/5.0 AppleWebKit/537.36 (KHTML, like Gecko; compatible; bingbot/2.0; +http://www.bing.com/bingbot.htm) Chrome/116.0.1938.76 Safari/537.36"
85.208.96.195 - - [22/Nov/2024:08:40:27 -0800] "GET /qzzv76xyqxjz HTTP/1.0" 404 236 "-" "Mozilla/5.0 (compatible; SemrushBot/7~bl; +http://www.semrush.com/bot.html)"
185.191.171.3 - - [22/Nov/2024:08:40:28 -0800] "GET /opfy15375bt7jy.htm HTTP/1.0" 404 236 "-" "Mozilla/5.0 (compatible; SemrushBot/7~bl; +http://www.semrush.com/bot.html)"
85.208.96.204 - - [22/Nov/2024:08:40:34 -0800] "GET /skad15934v3wav HTTP/1.0" 404 236 "-" "Mozilla/5.0 (compatible; SemrushBot/7~bl; +http://www.semrush.com/bot.html)"
85.208.96.210 - - [22/Nov/2024:08:40:37 -0800] "GET /oiie18787hrkbpehry HTTP/1.0" 404 236 "-" "Mozilla/5.0 (compatible; SemrushBot/7~bl; +http://www.semrush.com/bot.html)"
85.208.96.211 - - [22/Nov/2024:08:40:41 -0800] "GET /prgt7071ruirz.htm HTTP/1.0" 404 236 "-" "Mozilla/5.0 (compatible; SemrushBot/7~bl; +http://www.semrush.com/bot.html)"
185.191.171.12 - - [22/Nov/2024:08:40:47 -0800] "GET /qjdv4359jtair.htm HTTP/1.0" 404 236 "-" "Mozilla/5.0 (compatible; SemrushBot/7~bl; +http://www.semrush.com/bot.html)"
85.208.96.201 - - [22/Nov/2024:08:41:14 -0800] "GET /mmwe671us73uv.html HTTP/1.0" 404 236 "-" "Mozilla/5.0 (compatible; SemrushBot/7~bl; +http://www.semrush.com/bot.html)"
85.208.96.209 - - [22/Nov/2024:08:41:30 -0800] "GET /azbc6565fbnzfm3 HTTP/1.0" 404 236 "-" "Mozilla/5.0 (compatible; SemrushBot/7~bl; +http://www.semrush.com/bot.html)"
185.191.171.19 - - [22/Nov/2024:08:41:39 -0800] "GET /wmaj22777tadbmtv HTTP/1.0" 404 236 "-" "Mozilla/5.0 (compatible; SemrushBot/7~bl; +http://www.semrush.com/bot.html)"
85.208.96.201 - - [22/Nov/2024:08:41:53 -0800] "GET /zkww22528l9hmzlv HTTP/1.0" 404 236 "-" "Mozilla/5.0 (compatible; SemrushBot/7~bl; +http://www.semrush.com/bot.html)"
185.191.171.14 - - [22/Nov/2024:08:41:59 -0800] "GET /varv7598ygry.html HTTP/1.0" 404 236 "-" "Mozilla/5.0 (compatible; SemrushBot/7~bl; +http://www.semrush.com/bot.html)"
85.208.96.201 - - [22/Nov/2024:08:42:02 -0800] "GET /mnsj11934zrasz.htm HTTP/1.0" 404 236 "-" "Mozilla/5.0 (compatible; SemrushBot/7~bl; +http://www.semrush.com/bot.html)"
185.191.171.3 - - [22/Nov/2024:08:42:08 -0800] "GET /aemg2527xjjfg HTTP/1.0" 404 236 "-" "Mozilla/5.0 (compatible; SemrushBot/7~bl; +http://www.semrush.com/bot.html)"
185.191.171.14 - - [22/Nov/2024:08:42:32 -0800] "GET /quhv7714rpushrtlu HTTP/1.0" 404 236 "-" "Mozilla/5.0 (compatible; SemrushBot/7~bl; +http://www.semrush.com/bot.html)"
85.208.96.206 - - [22/Nov/2024:08:43:07 -0800] "GET /yxbd10171xofdxkue HTTP/1.0" 404 236 "-" "Mozilla/5.0 (compatible; SemrushBot/7~bl; +http://www.semrush.com/bot.html)"
85.208.96.199 - - [22/Nov/2024:08:43:19 -0800] "GET /xjhr1518j4khj.htm HTTP/1.0" 404 236 "-" "Mozilla/5.0 (compatible; SemrushBot/7~bl; +http://www.semrush.com/bot.html)"
185.191.171.11 - - [22/Nov/2024:08:43:49 -0800] "GET /aemg17659xnyfgxu82 HTTP/1.0" 404 236 "-" "Mozilla/5.0 (compatible; SemrushBot/7~bl; +http://www.semrush.com/bot.html)"
85.208.96.203 - - [22/Nov/2024:08:43:56 -0800] "GET /pozb1142qyzq.html HTTP/1.0" 404 236 "-" "Mozilla/5.0 (compatible; SemrushBot/7~bl; +http://www.semrush.com/bot.html)"
185.191.171.16 - - [22/Nov/2024:08:44:17 -0800] "GET /rscd21830iqqc.html HTTP/1.0" 404 236 "-" "Mozilla/5.0 (compatible; SemrushBot/7~bl; +http://www.semrush.com/bot.html)"
40.77.167.247 - - [22/Nov/2024:08:44:24 -0800] "GET /bodo2706u6n2/cducl.htm HTTP/1.0" 404 236 "-" "Mozilla/5.0 AppleWebKit/537.36 (KHTML, like Gecko; compatible; bingbot/2.0; +http://www.bing.com/bingbot.htm) Chrome/116.0.1938.76 Safari/537.36"
185.191.171.3 - - [22/Nov/2024:08:44:35 -0800] "GET /skad28750tyuat HTTP/1.0" 404 236 "-" "Mozilla/5.0 (compatible; SemrushBot/7~bl; +http://www.semrush.com/bot.html)"
85.208.96.194 - - [22/Nov/2024:08:44:49 -0800] "GET /zort12892viwzvc9 HTTP/1.0" 404 236 "-" "Mozilla/5.0 (compatible; SemrushBot/7~bl; +http://www.semrush.com/bot.html)"
85.208.96.208 - - [22/Nov/2024:08:44:55 -0800] "GET /xdwt15230m8q9.html HTTP/1.0" 404 236 "-" "Mozilla/5.0 (compatible; SemrushBot/7~bl; +http://www.semrush.com/bot.html)"
85.208.96.194 - - [22/Nov/2024:08:44:58 -0800] "GET /xoem4886qevy.html HTTP/1.0" 404 236 "-" "Mozilla/5.0 (compatible; SemrushBot/7~bl; +http://www.semrush.com/bot.html)"
85.208.96.198 - - [22/Nov/2024:08:44:59 -0800] "GET /qtvx323klxkfi.html HTTP/1.0" 404 236 "-" "Mozilla/5.0 (compatible; SemrushBot/7~bl; +http://www.semrush.com/bot.html)"
52.167.144.145 - - [22/Nov/2024:08:45:02 -0800] "GET /bri1369.xml HTTP/1.0" 404 236 "-" "Mozilla/5.0 AppleWebKit/537.36 (KHTML, like Gecko; compatible; bingbot/2.0; +http://www.bing.com/bingbot.htm) Chrome/116.0.1938.76 Safari/537.36"
85.208.96.200 - - [22/Nov/2024:08:45:22 -0800] "GET /lixb7215f88nb.htm HTTP/1.0" 404 236 "-" "Mozilla/5.0 (compatible; SemrushBot/7~bl; +http://www.semrush.com/bot.html)"
85.208.96.196 - - [22/Nov/2024:08:45:36 -0800] "GET /mnsj2368bscmbv1 HTTP/1.0" 404 236 "-" "Mozilla/5.0 (compatible; SemrushBot/7~bl; +http://www.semrush.com/bot.html)"
185.191.171.12 - - [22/Nov/2024:08:45:41 -0800] "GET /mwuo5107dnlod1c HTTP/1.0" 404 236 "-" "Mozilla/5.0 (compatible; SemrushBot/7~bl; +http://www.semrush.com/bot.html)"
185.191.171.11 - - [22/Nov/2024:08:46:01 -0800] "GET /xuro24415tg8bo HTTP/1.0" 404 236 "-" "Mozilla/5.0 (compatible; SemrushBot/7~bl; +http://www.semrush.com/bot.html)"
85.208.96.202 - - [22/Nov/2024:08:46:05 -0800] "GET /pnqr7810j9kqjynh HTTP/1.0" 404 236 "-" "Mozilla/5.0 (compatible; SemrushBot/7~bl; +http://www.semrush.com/bot.html)"
85.208.96.209 - - [22/Nov/2024:08:46:10 -0800] "GET /mwuo383szqtos.html HTTP/1.0" 404 236 "-" "Mozilla/5.0 (compatible; SemrushBot/7~bl; +http://www.semrush.com/bot.html)"
52.167.144.170 - - [22/Nov/2024:08:46:12 -0800] "GET /bri239.xml HTTP/1.0" 404 236 "-" "Mozilla/5.0 AppleWebKit/537.36 (KHTML, like Gecko; compatible; bingbot/2.0; +http://www.bing.com/bingbot.htm) Chrome/116.0.1938.76 Safari/537.36"
85.208.96.205 - - [22/Nov/2024:08:46:17 -0800] "GET /pygu1549hqjpyhumx HTTP/1.0" 404 236 "-" "Mozilla/5.0 (compatible; SemrushBot/7~bl; +http://www.semrush.com/bot.html)"
40.77.167.74 - - [22/Nov/2024:08:46:42 -0800] "GET /bri561.xml HTTP/1.0" 404 236 "-" "Mozilla/5.0 AppleWebKit/537.36 (KHTML, like Gecko; compatible; bingbot/2.0; +http://www.bing.com/bingbot.htm) Chrome/116.0.1938.76 Safari/537.36"
85.208.96.200 - - [22/Nov/2024:08:46:42 -0800] "GET /oiie3427nvvenr0 HTTP/1.0" 404 236 "-" "Mozilla/5.0 (compatible; SemrushBot/7~bl; +http://www.semrush.com/bot.html)"
85.208.96.209 - - [22/Nov/2024:08:47:23 -0800] "GET /zkww17032btczbbb HTTP/1.0" 404 236 "-" "Mozilla/5.0 (compatible; SemrushBot/7~bl; +http://www.semrush.com/bot.html)"
52.167.144.170 - - [22/Nov/2024:08:47:32 -0800] "GET /bri253.xml HTTP/1.0" 404 236 "-" "Mozilla/5.0 AppleWebKit/537.36 (KHTML, like Gecko; compatible; bingbot/2.0; +http://www.bing.com/bingbot.htm) Chrome/116.0.1938.76 Safari/537.36"
185.191.171.19 - - [22/Nov/2024:08:47:46 -0800] "GET /xjhr25531rzrrct HTTP/1.0" 404 236 "-" "Mozilla/5.0 (compatible; SemrushBot/7~bl; +http://www.semrush.com/bot.html)"
85.208.96.198 - - [22/Nov/2024:08:47:48 -0800] "GET /okdx6259ltxlvr HTTP/1.0" 404 236 "-" "Mozilla/5.0 (compatible; SemrushBot/7~bl; +http://www.semrush.com/bot.html)"
185.191.171.16 - - [22/Nov/2024:08:47:49 -0800] "GET /qtvx7240l0ymqlo HTTP/1.0" 404 236 "-" "Mozilla/5.0 (compatible; SemrushBot/7~bl; +http://www.semrush.com/bot.html)"
185.191.171.2 - - [22/Nov/2024:08:47:51 -0800] "GET /qtvx18538zocavzdf8 HTTP/1.0" 404 236 "-" "Mozilla/5.0 (compatible; SemrushBot/7~bl; +http://www.semrush.com/bot.html)"
185.191.171.9 - - [22/Nov/2024:08:47:55 -0800] "GET /ohje26026zvajzz5r HTTP/1.0" 404 236 "-" "Mozilla/5.0 (compatible; SemrushBot/7~bl; +http://www.semrush.com/bot.html)"
103.237.87.165 - - [22/Nov/2024:08:48:00 -0800] "GET /.env HTTP/1.0" 406 300 "-" "Mozilla/5.0 (X11; Linux x86_64) AppleWebKit/537.36 (KHTML, like Gecko) Chrome/81.0.4044.129 Safari/537.36"
185.191.171.15 - - [22/Nov/2024:08:48:07 -0800] "GET /varv24568x0yvx3e HTTP/1.0" 404 236 "-" "Mozilla/5.0 (compatible; SemrushBot/7~bl; +http://www.semrush.com/bot.html)"
52.167.144.145 - - [22/Nov/2024:08:48:12 -0800] "GET /bri983.xml HTTP/1.0" 404 236 "-" "Mozilla/5.0 AppleWebKit/537.36 (KHTML, like Gecko; compatible; bingbot/2.0; +http://www.bing.com/bingbot.htm) Chrome/116.0.1938.76 Safari/537.36"
185.191.171.4 - - [22/Nov/2024:08:48:26 -0800] "GET /mnsj12202hy6ish7wq HTTP/1.0" 404 236 "-" "Mozilla/5.0 (compatible; SemrushBot/7~bl; +http://www.semrush.com/bot.html)"
85.208.96.203 - - [22/Nov/2024:08:49:19 -0800] "GET /mpeq9893mnpm.html HTTP/1.0" 404 236 "-" "Mozilla/5.0 (compatible; SemrushBot/7~bl; +http://www.semrush.com/bot.html)"
85.208.96.211 - - [22/Nov/2024:08:49:21 -0800] "GET /skzw4849fkwnnkf HTTP/1.0" 404 236 "-" "Mozilla/5.0 (compatible; SemrushBot/7~bl; +http://www.semrush.com/bot.html)"
52.167.144.170 - - [22/Nov/2024:08:49:22 -0800] "GET /bri1505.xml HTTP/1.0" 404 236 "-" "Mozilla/5.0 AppleWebKit/537.36 (KHTML, like Gecko; compatible; bingbot/2.0; +http://www.bing.com/bingbot.htm) Chrome/116.0.1938.76 Safari/537.36"
85.208.96.197 - - [22/Nov/2024:08:49:27 -0800] "GET /npwz1910eomw.html HTTP/1.0" 404 236 "-" "Mozilla/5.0 (compatible; SemrushBot/7~bl; +http://www.semrush.com/bot.html)"
185.191.171.12 - - [22/Nov/2024:08:49:39 -0800] "GET /oiie19479xvzfe.htm HTTP/1.0" 404 236 "-" "Mozilla/5.0 (compatible; SemrushBot/7~bl; +http://www.semrush.com/bot.html)"
85.208.96.194 - - [22/Nov/2024:08:49:49 -0800] "GET /sqiu16624j999ksj HTTP/1.0" 404 236 "-" "Mozilla/5.0 (compatible; SemrushBot/7~bl; +http://www.semrush.com/bot.html)"
85.208.96.196 - - [22/Nov/2024:08:49:58 -0800] "GET /skad27946vll1wavtu HTTP/1.0" 404 236 "-" "Mozilla/5.0 (compatible; SemrushBot/7~bl; +http://www.semrush.com/bot.html)"
66.249.68.33 - - [22/Nov/2024:08:50:07 -0800] "GET /oevcategoryqzzv/18 HTTP/1.0" 404 236 "-" "Mozilla/5.0 (Linux; Android 6.0.1; Nexus 5X Build/MMB29P) AppleWebKit/537.36 (KHTML, like Gecko) Chrome/131.0.6778.69 Mobile Safari/537.36 (compatible; Googlebot/2.1; +http://www.google.com/bot.html)"
185.191.171.4 - - [22/Nov/2024:08:50:15 -0800] "GET /qjdv17470x9e79 HTTP/1.0" 404 236 "-" "Mozilla/5.0 (compatible; SemrushBot/7~bl; +http://www.semrush.com/bot.html)"
185.191.171.10 - - [22/Nov/2024:08:50:19 -0800] "GET /wmaj40noownqs HTTP/1.0" 404 236 "-" "Mozilla/5.0 (compatible; SemrushBot/7~bl; +http://www.semrush.com/bot.html)"
85.208.96.200 - - [22/Nov/2024:08:50:40 -0800] "GET /okdx6168fgofm5.htm HTTP/1.0" 404 236 "-" "Mozilla/5.0 (compatible; SemrushBot/7~bl; +http://www.semrush.com/bot.html)"
185.191.171.17 - - [22/Nov/2024:08:50:50 -0800] "GET /aemg15989y82r.html HTTP/1.0" 404 236 "-" "Mozilla/5.0 (compatible; SemrushBot/7~bl; +http://www.semrush.com/bot.html)"
85.208.96.197 - - [22/Nov/2024:08:51:02 -0800] "GET /emjd40nguoen9 HTTP/1.0" 404 236 "-" "Mozilla/5.0 (compatible; SemrushBot/7~bl; +http://www.semrush.com/bot.html)"
85.208.96.212 - - [22/Nov/2024:08:51:22 -0800] "GET /oiie28786d52lueidb HTTP/1.0" 404 236 "-" "Mozilla/5.0 (compatible; SemrushBot/7~bl; +http://www.semrush.com/bot.html)"
52.167.144.145 - - [22/Nov/2024:08:51:22 -0800] "GET /bri657.xml HTTP/1.0" 404 236 "-" "Mozilla/5.0 AppleWebKit/537.36 (KHTML, like Gecko; compatible; bingbot/2.0; +http://www.bing.com/bingbot.htm) Chrome/116.0.1938.76 Safari/537.36"
185.191.171.18 - - [22/Nov/2024:08:51:24 -0800] "GET /vvsg19lqtglc7 HTTP/1.0" 404 236 "-" "Mozilla/5.0 (compatible; SemrushBot/7~bl; +http://www.semrush.com/bot.html)"
185.191.171.15 - - [22/Nov/2024:08:51:44 -0800] "GET /skad3385xcvl7fk HTTP/1.0" 404 236 "-" "Mozilla/5.0 (compatible; SemrushBot/7~bl; +http://www.semrush.com/bot.html)"
85.208.96.199 - - [22/Nov/2024:08:52:02 -0800] "GET /nozd28238uczu.html HTTP/1.0" 404 236 "-" "Mozilla/5.0 (compatible; SemrushBot/7~bl; +http://www.semrush.com/bot.html)"
85.208.96.212 - - [22/Nov/2024:08:52:20 -0800] "GET /nozd22987vlf3ddvsp HTTP/1.0" 404 236 "-" "Mozilla/5.0 (compatible; SemrushBot/7~bl; +http://www.semrush.com/bot.html)"
52.167.144.140 - - [22/Nov/2024:08:52:22 -0800] "GET /bri2153.xml HTTP/1.0" 404 236 "-" "Mozilla/5.0 AppleWebKit/537.36 (KHTML, like Gecko; compatible; bingbot/2.0; +http://www.bing.com/bingbot.htm) Chrome/116.0.1938.76 Safari/537.36"
185.191.171.15 - - [22/Nov/2024:08:52:30 -0800] "GET /ohje5947lvytelmpw HTTP/1.0" 404 236 "-" "Mozilla/5.0 (compatible; SemrushBot/7~bl; +http://www.semrush.com/bot.html)"
185.191.171.5 - - [22/Nov/2024:08:52:32 -0800] "GET /mpeq17198emee.html HTTP/1.0" 404 236 "-" "Mozilla/5.0 (compatible; SemrushBot/7~bl; +http://www.semrush.com/bot.html)"
85.208.96.204 - - [22/Nov/2024:08:53:11 -0800] "GET /qzzv21904lxmqle6 HTTP/1.0" 404 236 "-" "Mozilla/5.0 (compatible; SemrushBot/7~bl; +http://www.semrush.com/bot.html)"
85.208.96.198 - - [22/Nov/2024:08:53:12 -0800] "GET /bodo2542t1tau HTTP/1.0" 404 236 "-" "Mozilla/5.0 (compatible; SemrushBot/7~bl; +http://www.semrush.com/bot.html)"
52.167.144.25 - - [22/Nov/2024:08:53:12 -0800] "GET /bri1433.xml HTTP/1.0" 404 236 "-" "Mozilla/5.0 AppleWebKit/537.36 (KHTML, like Gecko; compatible; bingbot/2.0; +http://www.bing.com/bingbot.htm) Chrome/116.0.1938.76 Safari/537.36"
52.167.144.145 - - [22/Nov/2024:08:53:17 -0800] "GET /bri2783.xml HTTP/1.0" 404 236 "-" "Mozilla/5.0 AppleWebKit/537.36 (KHTML, like Gecko; compatible; bingbot/2.0; +http://www.bing.com/bingbot.htm) Chrome/116.0.1938.76 Safari/537.36"
85.208.96.196 - - [22/Nov/2024:08:53:24 -0800] "GET /ouzo18038m2uz.html HTTP/1.0" 404 236 "-" "Mozilla/5.0 (compatible; SemrushBot/7~bl; +http://www.semrush.com/bot.html)"
85.208.96.201 - - [22/Nov/2024:08:53:37 -0800] "GET /xpxm3823tcbmt HTTP/1.0" 404 236 "-" "Mozilla/5.0 (compatible; SemrushBot/7~bl; +http://www.semrush.com/bot.html)"
85.208.96.207 - - [22/Nov/2024:08:53:48 -0800] "GET /qzxy9150xsh9y.htm HTTP/1.0" 404 236 "-" "Mozilla/5.0 (compatible; SemrushBot/7~bl; +http://www.semrush.com/bot.html)"
85.208.96.202 - - [22/Nov/2024:08:54:09 -0800] "GET /qjdv20870ksdk.html HTTP/1.0" 404 236 "-" "Mozilla/5.0 (compatible; SemrushBot/7~bl; +http://www.semrush.com/bot.html)"
85.208.96.203 - - [22/Nov/2024:08:54:17 -0800] "GET /npwz15749su2k.html HTTP/1.0" 404 236 "-" "Mozilla/5.0 (compatible; SemrushBot/7~bl; +http://www.semrush.com/bot.html)"
52.167.144.25 - - [22/Nov/2024:08:54:23 -0800] "GET /bri2119.xml HTTP/1.0" 404 236 "-" "Mozilla/5.0 AppleWebKit/537.36 (KHTML, like Gecko; compatible; bingbot/2.0; +http://www.bing.com/bingbot.htm) Chrome/116.0.1938.76 Safari/537.36"
185.191.171.4 - - [22/Nov/2024:08:54:26 -0800] "GET /amph20248t7juatx HTTP/1.0" 404 236 "-" "Mozilla/5.0 (compatible; SemrushBot/7~bl; +http://www.semrush.com/bot.html)"
85.208.96.203 - - [22/Nov/2024:08:54:32 -0800] "GET /zyew22738n5oena22 HTTP/1.0" 404 236 "-" "Mozilla/5.0 (compatible; SemrushBot/7~bl; +http://www.semrush.com/bot.html)"
85.208.96.202 - - [22/Nov/2024:08:54:36 -0800] "GET /ucrs25974zarzh.htm HTTP/1.0" 404 236 "-" "Mozilla/5.0 (compatible; SemrushBot/7~bl; +http://www.semrush.com/bot.html)"
185.191.171.12 - - [22/Nov/2024:08:54:41 -0800] "GET /mmwe29861mnmm.html HTTP/1.0" 404 236 "-" "Mozilla/5.0 (compatible; SemrushBot/7~bl; +http://www.semrush.com/bot.html)"
209.182.200.39 - - [22/Nov/2024:08:55:13 -0800] "POST /wp-cron.php?doing_wp_cron=1732294512.8976840972900390625000 HTTP/1.0" 200 - "http://brightcrownjewels.com/wp-cron.php?doing_wp_cron=1732294512.8976840972900390625000" "WordPress/4.9.26; http://brightcrownjewels.com"
2.59.64.117 - - [22/Nov/2024:08:55:12 -0800] "GET /wp-login.php HTTP/1.0" 200 2396 "-" "Mozilla/5.0 (X11; Fedora; Linux x86_64; rv:89.0) Gecko/20100101 Firefox/89.0"
2.59.64.117 - - [22/Nov/2024:08:55:13 -0800] "GET ///?author=1 HTTP/1.0" 200 6026 "-" "Mozilla/5.0 (X11; Fedora; Linux x86_64; rv:89.0) Gecko/20100101 Firefox/89.0"
2.59.64.117 - - [22/Nov/2024:08:55:13 -0800] "GET ///wp-json/wp/v2/users/ HTTP/1.0" 404 236 "-" "Mozilla/5.0 (X11; Fedora; Linux x86_64; rv:89.0) Gecko/20100101 Firefox/89.0"
185.191.171.13 - - [22/Nov/2024:08:55:17 -0800] "GET /qkst10777fe42nkf HTTP/1.0" 404 236 "-" "Mozilla/5.0 (compatible; SemrushBot/7~bl; +http://www.semrush.com/bot.html)"
85.208.96.201 - - [22/Nov/2024:08:55:18 -0800] "GET /pwlp5198qjnt.html HTTP/1.0" 404 236 "-" "Mozilla/5.0 (compatible; SemrushBot/7~bl; +http://www.semrush.com/bot.html)"
185.191.171.10 - - [22/Nov/2024:08:55:24 -0800] "GET /peoy23350buhco HTTP/1.0" 404 236 "-" "Mozilla/5.0 (compatible; SemrushBot/7~bl; +http://www.semrush.com/bot.html)"
185.191.171.17 - - [22/Nov/2024:08:55:26 -0800] "GET /mnsj1646arh0.html HTTP/1.0" 404 236 "-" "Mozilla/5.0 (compatible; SemrushBot/7~bl; +http://www.semrush.com/bot.html)"
85.208.96.212 - - [22/Nov/2024:08:56:10 -0800] "GET /opfy3193ntztvpn HTTP/1.0" 404 236 "-" "Mozilla/5.0 (compatible; SemrushBot/7~bl; +http://www.semrush.com/bot.html)"
85.208.96.199 - - [22/Nov/2024:08:56:21 -0800] "GET /prgt22118kbes.html HTTP/1.0" 404 236 "-" "Mozilla/5.0 (compatible; SemrushBot/7~bl; +http://www.semrush.com/bot.html)"
185.191.171.1 - - [22/Nov/2024:08:56:44 -0800] "GET /qjdv2967vah6d.htm HTTP/1.0" 404 236 "-" "Mozilla/5.0 (compatible; SemrushBot/7~bl; +http://www.semrush.com/bot.html)"
85.208.96.206 - - [22/Nov/2024:08:56:54 -0800] "GET /ohje17895zhhez.htm HTTP/1.0" 404 236 "-" "Mozilla/5.0 (compatible; SemrushBot/7~bl; +http://www.semrush.com/bot.html)"
185.191.171.12 - - [22/Nov/2024:08:57:12 -0800] "GET /quhv261t9butbs.htm HTTP/1.0" 404 236 "-" "Mozilla/5.0 (compatible; SemrushBot/7~bl; +http://www.semrush.com/bot.html)"
185.191.171.16 - - [22/Nov/2024:08:57:39 -0800] "GET /amph13143fnhfi.htm HTTP/1.0" 404 236 "-" "Mozilla/5.0 (compatible; SemrushBot/7~bl; +http://www.semrush.com/bot.html)"
185.191.171.17 - - [22/Nov/2024:08:57:41 -0800] "GET /ojjx10255dlxdz HTTP/1.0" 404 236 "-" "Mozilla/5.0 (compatible; SemrushBot/7~bl; +http://www.semrush.com/bot.html)"
85.208.96.210 - - [22/Nov/2024:08:57:43 -0800] "GET /rscd25150ht4si HTTP/1.0" 404 236 "-" "Mozilla/5.0 (compatible; SemrushBot/7~bl; +http://www.semrush.com/bot.html)"
52.167.144.145 - - [22/Nov/2024:08:58:03 -0800] "GET /bri163.xml HTTP/1.0" 404 236 "-" "Mozilla/5.0 AppleWebKit/537.36 (KHTML, like Gecko; compatible; bingbot/2.0; +http://www.bing.com/bingbot.htm) Chrome/116.0.1938.76 Safari/537.36"
85.208.96.200 - - [22/Nov/2024:08:58:05 -0800] "GET /yhag5920r90syrc HTTP/1.0" 404 236 "-" "Mozilla/5.0 (compatible; SemrushBot/7~bl; +http://www.semrush.com/bot.html)"
52.167.144.25 - - [22/Nov/2024:08:58:13 -0800] "GET /bri689.xml HTTP/1.0" 404 236 "-" "Mozilla/5.0 AppleWebKit/537.36 (KHTML, like Gecko; compatible; bingbot/2.0; +http://www.bing.com/bingbot.htm) Chrome/116.0.1938.76 Safari/537.36"
85.208.96.202 - - [22/Nov/2024:08:58:19 -0800] "GET /ojjx26766lohhm.htm HTTP/1.0" 404 236 "-" "Mozilla/5.0 (compatible; SemrushBot/7~bl; +http://www.semrush.com/bot.html)"
85.208.96.200 - - [22/Nov/2024:08:58:53 -0800] "GET /mpeq9710edom.html HTTP/1.0" 404 236 "-" "Mozilla/5.0 (compatible; SemrushBot/7~bl; +http://www.semrush.com/bot.html)"
185.191.171.4 - - [22/Nov/2024:08:59:16 -0800] "GET /zkww27039rzwrw.htm HTTP/1.0" 404 236 "-" "Mozilla/5.0 (compatible; SemrushBot/7~bl; +http://www.semrush.com/bot.html)"
185.191.171.9 - - [22/Nov/2024:08:59:38 -0800] "GET /rbeu27643xs9yfuxxd HTTP/1.0" 404 236 "-" "Mozilla/5.0 (compatible; SemrushBot/7~bl; +http://www.semrush.com/bot.html)"
185.191.171.5 - - [22/Nov/2024:08:59:40 -0800] "GET /lbfo5079b5qjo.htm HTTP/1.0" 404 236 "-" "Mozilla/5.0 (compatible; SemrushBot/7~bl; +http://www.semrush.com/bot.html)"
185.191.171.4 - - [22/Nov/2024:09:00:02 -0800] "GET /zkww21878emwe.html HTTP/1.0" 404 236 "-" "Mozilla/5.0 (compatible; SemrushBot/7~bl; +http://www.semrush.com/bot.html)"
85.208.96.202 - - [22/Nov/2024:09:00:05 -0800] "GET /qtvx25167rzpgm.htm HTTP/1.0" 404 236 "-" "Mozilla/5.0 (compatible; SemrushBot/7~bl; +http://www.semrush.com/bot.html)"
85.208.96.195 - - [22/Nov/2024:09:00:10 -0800] "GET /pwlp7411tfjdibptu HTTP/1.0" 404 236 "-" "Mozilla/5.0 (compatible; SemrushBot/7~bl; +http://www.semrush.com/bot.html)"
85.208.96.195 - - [22/Nov/2024:09:00:27 -0800] "GET /robots.txt HTTP/1.0" 200 1101 "-" "Mozilla/5.0 (compatible; SemrushBot/7~bl; +http://www.semrush.com/bot.html)"
85.208.96.204 - - [22/Nov/2024:09:00:27 -0800] "GET /nozd15423xw8fd.htm HTTP/1.0" 404 236 "-" "Mozilla/5.0 (compatible; SemrushBot/7~bl; +http://www.semrush.com/bot.html)"
66.249.68.34 - - [22/Nov/2024:09:00:30 -0800] "GET /okcn16583n9f9ov98td6/66zv.html HTTP/1.0" 404 236 "-" "Mozilla/5.0 (Linux; Android 6.0.1; Nexus 5X Build/MMB29P) AppleWebKit/537.36 (KHTML, like Gecko) Chrome/131.0.6778.69 Mobile Safari/537.36 (compatible; GoogleOther)"
185.191.171.14 - - [22/Nov/2024:09:00:53 -0800] "GET /ojjx25510d89ne HTTP/1.0" 404 236 "-" "Mozilla/5.0 (compatible; SemrushBot/7~bl; +http://www.semrush.com/bot.html)"
85.208.96.199 - - [22/Nov/2024:09:01:02 -0800] "GET /qzzv2995xpxfvxqpy HTTP/1.0" 404 236 "-" "Mozilla/5.0 (compatible; SemrushBot/7~bl; +http://www.semrush.com/bot.html)"
66.249.79.67 - - [22/Nov/2024:09:01:14 -0800] "GET /vdkq8702kjll.html HTTP/1.0" 404 236 "-" "Mozilla/5.0 (Linux; Android 6.0.1; Nexus 5X Build/MMB29P) AppleWebKit/537.36 (KHTML, like Gecko) Chrome/131.0.6778.69 Mobile Safari/537.36 (compatible; GoogleOther)"
185.191.171.16 - - [22/Nov/2024:09:01:19 -0800] "GET /ojjx1638zq62a.htm HTTP/1.0" 404 236 "-" "Mozilla/5.0 (compatible; SemrushBot/7~bl; +http://www.semrush.com/bot.html)"
85.208.96.201 - - [22/Nov/2024:09:01:26 -0800] "GET /mmwe28330pqwpym HTTP/1.0" 404 236 "-" "Mozilla/5.0 (compatible; SemrushBot/7~bl; +http://www.semrush.com/bot.html)"
66.249.68.33 - - [22/Nov/2024:09:01:36 -0800] "GET /qzxy630ybndtp/szg.htm HTTP/1.0" 404 236 "-" "Mozilla/5.0 (Linux; Android 6.0.1; Nexus 5X Build/MMB29P) AppleWebKit/537.36 (KHTML, like Gecko) Chrome/131.0.6778.69 Mobile Safari/537.36 (compatible; GoogleOther)"
66.249.79.66 - - [22/Nov/2024:09:01:38 -0800] "GET /rqcm16506vzwcv4dn.htm HTTP/1.0" 404 236 "-" "Mozilla/5.0 (Linux; Android 6.0.1; Nexus 5X Build/MMB29P) AppleWebKit/537.36 (KHTML, like Gecko) Chrome/131.0.6778.69 Mobile Safari/537.36 (compatible; Googlebot/2.1; +http://www.google.com/bot.html)"
40.77.167.14 - - [22/Nov/2024:09:01:42 -0800] "GET /bri653.xml HTTP/1.0" 404 236 "-" "Mozilla/5.0 AppleWebKit/537.36 (KHTML, like Gecko; compatible; bingbot/2.0; +http://www.bing.com/bingbot.htm) Chrome/116.0.1938.76 Safari/537.36"
85.208.96.195 - - [22/Nov/2024:09:01:43 -0800] "GET /nnsx15397xfnxuv HTTP/1.0" 404 236 "-" "Mozilla/5.0 (compatible; SemrushBot/7~bl; +http://www.semrush.com/bot.html)"
85.208.96.197 - - [22/Nov/2024:09:01:59 -0800] "GET /nnsx30062ykfg.html HTTP/1.0" 404 236 "-" "Mozilla/5.0 (compatible; SemrushBot/7~bl; +http://www.semrush.com/bot.html)"
85.208.96.207 - - [22/Nov/2024:09:02:05 -0800] "GET /lkaj5551f1qnj HTTP/1.0" 404 236 "-" "Mozilla/5.0 (compatible; SemrushBot/7~bl; +http://www.semrush.com/bot.html)"
185.191.171.6 - - [22/Nov/2024:09:02:12 -0800] "GET /yxbd25838mknp.html HTTP/1.0" 404 236 "-" "Mozilla/5.0 (compatible; SemrushBot/7~bl; +http://www.semrush.com/bot.html)"
52.167.144.174 - - [22/Nov/2024:09:02:13 -0800] "GET /bri1621.xml HTTP/1.0" 404 236 "-" "Mozilla/5.0 AppleWebKit/537.36 (KHTML, like Gecko; compatible; bingbot/2.0; +http://www.bing.com/bingbot.htm) Chrome/116.0.1938.76 Safari/537.36"
85.208.96.194 - - [22/Nov/2024:09:02:19 -0800] "GET /pwlp4051nvpnvj HTTP/1.0" 404 236 "-" "Mozilla/5.0 (compatible; SemrushBot/7~bl; +http://www.semrush.com/bot.html)"
66.249.68.33 - - [22/Nov/2024:09:02:21 -0800] "GET /yhag1756gg628nse/633goyghi HTTP/1.0" 404 236 "-" "Mozilla/5.0 (Linux; Android 6.0.1; Nexus 5X Build/MMB29P) AppleWebKit/537.36 (KHTML, like Gecko) Chrome/131.0.6778.69 Mobile Safari/537.36 (compatible; GoogleOther)"
85.208.96.200 - - [22/Nov/2024:09:02:25 -0800] "GET /nnsx8755l0eptxltp HTTP/1.0" 404 236 "-" "Mozilla/5.0 (compatible; SemrushBot/7~bl; +http://www.semrush.com/bot.html)"
185.191.171.2 - - [22/Nov/2024:09:03:11 -0800] "GET /obju13258x79yjx605 HTTP/1.0" 404 236 "-" "Mozilla/5.0 (compatible; SemrushBot/7~bl; +http://www.semrush.com/bot.html)"
85.208.96.209 - - [22/Nov/2024:09:03:22 -0800] "GET /skzw20271j05lr.htm HTTP/1.0" 404 236 "-" "Mozilla/5.0 (compatible; SemrushBot/7~bl; +http://www.semrush.com/bot.html)"
185.191.171.13 - - [22/Nov/2024:09:03:29 -0800] "GET /qzxy21922dl0xexdvt HTTP/1.0" 404 236 "-" "Mozilla/5.0 (compatible; SemrushBot/7~bl; +http://www.semrush.com/bot.html)"
66.249.68.33 - - [22/Nov/2024:09:03:31 -0800] "GET /xfmz7401j00rfjq.htm HTTP/1.0" 404 236 "-" "Mozilla/5.0 (Linux; Android 6.0.1; Nexus 5X Build/MMB29P) AppleWebKit/537.36 (KHTML, like Gecko) Chrome/131.0.6778.69 Mobile Safari/537.36 (compatible; GoogleOther)"
185.191.171.14 - - [22/Nov/2024:09:03:41 -0800] "GET /sihn6496vqwsv4i HTTP/1.0" 404 236 "-" "Mozilla/5.0 (compatible; SemrushBot/7~bl; +http://www.semrush.com/bot.html)"
85.208.96.210 - - [22/Nov/2024:09:03:45 -0800] "GET /qzzv17131poit2xvpc HTTP/1.0" 404 236 "-" "Mozilla/5.0 (compatible; SemrushBot/7~bl; +http://www.semrush.com/bot.html)"
85.208.96.193 - - [22/Nov/2024:09:03:53 -0800] "GET /pnqr3649b9kjnbu HTTP/1.0" 404 236 "-" "Mozilla/5.0 (compatible; SemrushBot/7~bl; +http://www.semrush.com/bot.html)"
66.249.68.32 - - [22/Nov/2024:09:04:15 -0800] "GET /pwlp22904quypqi.html HTTP/1.0" 404 236 "-" "Mozilla/5.0 (Linux; Android 6.0.1; Nexus 5X Build/MMB29P) AppleWebKit/537.36 (KHTML, like Gecko) Chrome/131.0.6778.69 Mobile Safari/537.36 (compatible; GoogleOther)"
85.208.96.208 - - [22/Nov/2024:09:04:25 -0800] "GET /zkww23182pkaqw HTTP/1.0" 404 236 "-" "Mozilla/5.0 (compatible; SemrushBot/7~bl; +http://www.semrush.com/bot.html)"
85.208.96.201 - - [22/Nov/2024:09:04:36 -0800] "GET /quhv14215li8ot HTTP/1.0" 404 236 "-" "Mozilla/5.0 (compatible; SemrushBot/7~bl; +http://www.semrush.com/bot.html)"
66.249.68.33 - - [22/Nov/2024:09:04:36 -0800] "GET /xoem9456k675285r/cgssx.htm HTTP/1.0" 404 236 "-" "Mozilla/5.0 (Linux; Android 6.0.1; Nexus 5X Build/MMB29P) AppleWebKit/537.36 (KHTML, like Gecko) Chrome/131.0.6778.69 Mobile Safari/537.36 (compatible; GoogleOther)"
85.208.96.195 - - [22/Nov/2024:09:04:44 -0800] "GET /pnqr14391fhnrf.htm HTTP/1.0" 404 236 "-" "Mozilla/5.0 (compatible; SemrushBot/7~bl; +http://www.semrush.com/bot.html)"
85.208.96.201 - - [22/Nov/2024:09:04:51 -0800] "GET /yxbd14257bnjxb3l HTTP/1.0" 404 236 "-" "Mozilla/5.0 (compatible; SemrushBot/7~bl; +http://www.semrush.com/bot.html)"
185.191.171.2 - - [22/Nov/2024:09:05:10 -0800] "GET /obju15562nhojnzv0 HTTP/1.0" 404 236 "-" "Mozilla/5.0 (compatible; SemrushBot/7~bl; +http://www.semrush.com/bot.html)"
185.191.171.1 - - [22/Nov/2024:09:05:25 -0800] "GET /uiwk6256p4rfaqu HTTP/1.0" 404 236 "-" "Mozilla/5.0 (compatible; SemrushBot/7~bl; +http://www.semrush.com/bot.html)"
85.208.96.205 - - [22/Nov/2024:09:06:00 -0800] "GET /vvsg19373cycz.html HTTP/1.0" 404 236 "-" "Mozilla/5.0 (compatible; SemrushBot/7~bl; +http://www.semrush.com/bot.html)"
85.208.96.196 - - [22/Nov/2024:09:06:08 -0800] "GET /xpxm2677rpnzpr4es HTTP/1.0" 404 236 "-" "Mozilla/5.0 (compatible; SemrushBot/7~bl; +http://www.semrush.com/bot.html)"
185.191.171.8 - - [22/Nov/2024:09:06:34 -0800] "GET /rbeu16829ghbg.html HTTP/1.0" 404 236 "-" "Mozilla/5.0 (compatible; SemrushBot/7~bl; +http://www.semrush.com/bot.html)"
185.191.171.19 - - [22/Nov/2024:09:06:35 -0800] "GET /okdx13027t1d4jbxt2 HTTP/1.0" 404 236 "-" "Mozilla/5.0 (compatible; SemrushBot/7~bl; +http://www.semrush.com/bot.html)"
85.208.96.195 - - [22/Nov/2024:09:06:41 -0800] "GET /mnsj21907hhpjhpk HTTP/1.0" 404 236 "-" "Mozilla/5.0 (compatible; SemrushBot/7~bl; +http://www.semrush.com/bot.html)"
185.191.171.9 - - [22/Nov/2024:09:06:54 -0800] "GET /varv8512j418kvj HTTP/1.0" 404 236 "-" "Mozilla/5.0 (compatible; SemrushBot/7~bl; +http://www.semrush.com/bot.html)"
185.191.171.8 - - [22/Nov/2024:09:07:32 -0800] "GET /nnsx13747lohumtxlt HTTP/1.0" 404 236 "-" "Mozilla/5.0 (compatible; SemrushBot/7~bl; +http://www.semrush.com/bot.html)"
85.208.96.210 - - [22/Nov/2024:09:07:33 -0800] "GET /xdwt7144t5yjuxt HTTP/1.0" 404 236 "-" "Mozilla/5.0 (compatible; SemrushBot/7~bl; +http://www.semrush.com/bot.html)"
185.191.171.16 - - [22/Nov/2024:09:07:46 -0800] "GET /oiie27415dt8il HTTP/1.0" 404 236 "-" "Mozilla/5.0 (compatible; SemrushBot/7~bl; +http://www.semrush.com/bot.html)"
185.191.171.16 - - [22/Nov/2024:09:07:47 -0800] "GET /ohje25513zghhza2 HTTP/1.0" 404 236 "-" "Mozilla/5.0 (compatible; SemrushBot/7~bl; +http://www.semrush.com/bot.html)"
