185.191.171.2 - - [22/Nov/2024:14:18:39 -0800] "GET /azbc745jprzjis HTTP/1.0" 404 236 "-" "Mozilla/5.0 (compatible; SemrushBot/7~bl; +http://www.semrush.com/bot.html)"
66.249.68.38 - - [22/Nov/2024:14:18:42 -0800] "GET /vvsg14597ddt63yc62q/ulvdkz.html HTTP/1.0" 404 236 "-" "Mozilla/5.0 (Linux; Android 6.0.1; Nexus 5X Build/MMB29P) AppleWebKit/537.36 (KHTML, like Gecko) Chrome/131.0.6778.69 Mobile Safari/537.36 (compatible; GoogleOther)"
66.249.68.36 - - [22/Nov/2024:14:18:54 -0800] "GET /azbc10371wfwy06/g6xcwd7r.htm HTTP/1.0" 404 236 "-" "Mozilla/5.0 (Linux; Android 6.0.1; Nexus 5X Build/MMB29P) AppleWebKit/537.36 (KHTML, like Gecko) Chrome/131.0.6778.69 Mobile Safari/537.36 (compatible; GoogleOther)"
85.208.96.210 - - [22/Nov/2024:14:18:59 -0800] "GET /rscd24710cvkc.html HTTP/1.0" 404 236 "-" "Mozilla/5.0 (compatible; SemrushBot/7~bl; +http://www.semrush.com/bot.html)"
185.191.171.12 - - [22/Nov/2024:14:19:15 -0800] "GET /nnsx10934gkro.html HTTP/1.0" 404 236 "-" "Mozilla/5.0 (compatible; SemrushBot/7~bl; +http://www.semrush.com/bot.html)"
85.208.96.202 - - [22/Nov/2024:14:19:27 -0800] "GET /sbuy27049bpkqjbb HTTP/1.0" 404 236 "-" "Mozilla/5.0 (compatible; SemrushBot/7~bl; +http://www.semrush.com/bot.html)"
85.208.96.204 - - [22/Nov/2024:14:19:34 -0800] "GET /qkst25651hgepth5h7 HTTP/1.0" 404 236 "-" "Mozilla/5.0 (compatible; SemrushBot/7~bl; +http://www.semrush.com/bot.html)"
185.191.171.8 - - [22/Nov/2024:14:19:38 -0800] "GET /oiie22003zhez2w HTTP/1.0" 404 236 "-" "Mozilla/5.0 (compatible; SemrushBot/7~bl; +http://www.semrush.com/bot.html)"
185.191.171.10 - - [22/Nov/2024:14:19:59 -0800] "GET /wmaj16585pwxmpt9 HTTP/1.0" 404 236 "-" "Mozilla/5.0 (compatible; SemrushBot/7~bl; +http://www.semrush.com/bot.html)"
185.191.171.18 - - [22/Nov/2024:14:20:00 -0800] "GET /npwz18760nfonn6g HTTP/1.0" 404 236 "-" "Mozilla/5.0 (compatible; SemrushBot/7~bl; +http://www.semrush.com/bot.html)"
85.208.96.210 - - [22/Nov/2024:14:20:18 -0800] "GET /azbc23329z133hzz HTTP/1.0" 404 236 "-" "Mozilla/5.0 (compatible; SemrushBot/7~bl; +http://www.semrush.com/bot.html)"
185.191.171.12 - - [22/Nov/2024:14:20:26 -0800] "GET /yxbd27616dpaeyd4 HTTP/1.0" 404 236 "-" "Mozilla/5.0 (compatible; SemrushBot/7~bl; +http://www.semrush.com/bot.html)"
185.191.171.6 - - [22/Nov/2024:14:20:36 -0800] "GET /aemg154xsimymxgm HTTP/1.0" 404 236 "-" "Mozilla/5.0 (compatible; SemrushBot/7~bl; +http://www.semrush.com/bot.html)"
185.191.171.14 - - [22/Nov/2024:14:20:37 -0800] "GET /yxbd21949xfxx1j HTTP/1.0" 404 236 "-" "Mozilla/5.0 (compatible; SemrushBot/7~bl; +http://www.semrush.com/bot.html)"
85.208.96.197 - - [22/Nov/2024:14:20:39 -0800] "GET /pygu19518rsgry.htm HTTP/1.0" 404 236 "-" "Mozilla/5.0 (compatible; SemrushBot/7~bl; +http://www.semrush.com/bot.html)"
185.191.171.18 - - [22/Nov/2024:14:20:41 -0800] "GET /azbc14923rnzcr9g HTTP/1.0" 404 236 "-" "Mozilla/5.0 (compatible; SemrushBot/7~bl; +http://www.semrush.com/bot.html)"
85.208.96.210 - - [22/Nov/2024:14:21:02 -0800] "GET /zyms27292r3szrd2f HTTP/1.0" 404 236 "-" "Mozilla/5.0 (compatible; SemrushBot/7~bl; +http://www.semrush.com/bot.html)"
185.191.171.11 - - [22/Nov/2024:14:21:22 -0800] "GET /azbc6838zqabz HTTP/1.0" 404 236 "-" "Mozilla/5.0 (compatible; SemrushBot/7~bl; +http://www.semrush.com/bot.html)"
185.191.171.6 - - [22/Nov/2024:14:21:23 -0800] "GET /zsob10543firrn HTTP/1.0" 404 236 "-" "Mozilla/5.0 (compatible; SemrushBot/7~bl; +http://www.semrush.com/bot.html)"
85.208.96.212 - - [22/Nov/2024:14:21:25 -0800] "GET /mnsj19546txwustflz HTTP/1.0" 404 236 "-" "Mozilla/5.0 (compatible; SemrushBot/7~bl; +http://www.semrush.com/bot.html)"
85.208.96.194 - - [22/Nov/2024:14:21:52 -0800] "GET /zsob21550vrcwo HTTP/1.0" 404 236 "-" "Mozilla/5.0 (compatible; SemrushBot/7~bl; +http://www.semrush.com/bot.html)"
85.208.96.196 - - [22/Nov/2024:14:22:50 -0800] "GET /vofz11350n9ofn HTTP/1.0" 404 236 "-" "Mozilla/5.0 (compatible; SemrushBot/7~bl; +http://www.semrush.com/bot.html)"
85.208.96.200 - - [22/Nov/2024:14:23:06 -0800] "GET /xfmz22435pewjxxzp1 HTTP/1.0" 404 236 "-" "Mozilla/5.0 (compatible; SemrushBot/7~bl; +http://www.semrush.com/bot.html)"
185.191.171.3 - - [22/Nov/2024:14:23:15 -0800] "GET /hbkd6703n0vdn HTTP/1.0" 404 236 "-" "Mozilla/5.0 (compatible; SemrushBot/7~bl; +http://www.semrush.com/bot.html)"
185.191.171.14 - - [22/Nov/2024:14:23:17 -0800] "GET /mmwe10489dgpwlmd HTTP/1.0" 404 236 "-" "Mozilla/5.0 (compatible; SemrushBot/7~bl; +http://www.semrush.com/bot.html)"
185.191.171.11 - - [22/Nov/2024:14:23:35 -0800] "GET /prgt23449poevxrp HTTP/1.0" 404 236 "-" "Mozilla/5.0 (compatible; SemrushBot/7~bl; +http://www.semrush.com/bot.html)"
85.208.96.198 - - [22/Nov/2024:14:23:51 -0800] "GET /xpxm22816nyquoxn HTTP/1.0" 404 236 "-" "Mozilla/5.0 (compatible; SemrushBot/7~bl; +http://www.semrush.com/bot.html)"
185.191.171.3 - - [22/Nov/2024:14:24:01 -0800] "GET /nozd22038paqzp.htm HTTP/1.0" 404 236 "-" "Mozilla/5.0 (compatible; SemrushBot/7~bl; +http://www.semrush.com/bot.html)"
85.208.96.195 - - [22/Nov/2024:14:24:36 -0800] "GET /npwz5477qprp.html HTTP/1.0" 404 236 "-" "Mozilla/5.0 (compatible; SemrushBot/7~bl; +http://www.semrush.com/bot.html)"
185.191.171.3 - - [22/Nov/2024:14:24:37 -0800] "GET /wmaj27166vwavl HTTP/1.0" 404 236 "-" "Mozilla/5.0 (compatible; SemrushBot/7~bl; +http://www.semrush.com/bot.html)"
185.191.171.11 - - [22/Nov/2024:14:24:43 -0800] "GET /varv21967pxvpc HTTP/1.0" 404 236 "-" "Mozilla/5.0 (compatible; SemrushBot/7~bl; +http://www.semrush.com/bot.html)"
185.191.171.4 - - [22/Nov/2024:14:24:49 -0800] "GET /xoem18907xho2fmxpa HTTP/1.0" 404 236 "-" "Mozilla/5.0 (compatible; SemrushBot/7~bl; +http://www.semrush.com/bot.html)"
185.191.171.17 - - [22/Nov/2024:14:25:01 -0800] "GET /okcn4476deodim.htm HTTP/1.0" 404 236 "-" "Mozilla/5.0 (compatible; SemrushBot/7~bl; +http://www.semrush.com/bot.html)"
185.191.171.8 - - [22/Nov/2024:14:25:06 -0800] "GET /qzzv4303ftnvf HTTP/1.0" 404 236 "-" "Mozilla/5.0 (compatible; SemrushBot/7~bl; +http://www.semrush.com/bot.html)"
185.191.171.11 - - [22/Nov/2024:14:25:08 -0800] "GET /ldqb25240te4pult HTTP/1.0" 404 236 "-" "Mozilla/5.0 (compatible; SemrushBot/7~bl; +http://www.semrush.com/bot.html)"
185.191.171.15 - - [22/Nov/2024:14:25:09 -0800] "GET /rbeu11717qpur.html HTTP/1.0" 404 236 "-" "Mozilla/5.0 (compatible; SemrushBot/7~bl; +http://www.semrush.com/bot.html)"
185.191.171.4 - - [22/Nov/2024:14:25:22 -0800] "GET /ohje13873hhxxphh HTTP/1.0" 404 236 "-" "Mozilla/5.0 (compatible; SemrushBot/7~bl; +http://www.semrush.com/bot.html)"
66.249.68.38 - - [22/Nov/2024:14:25:29 -0800] "GET /yxbd28698mbyo/e9ubm7o.htm HTTP/1.0" 404 236 "-" "Mozilla/5.0 (Linux; Android 6.0.1; Nexus 5X Build/MMB29P) AppleWebKit/537.36 (KHTML, like Gecko) Chrome/131.0.6778.69 Mobile Safari/537.36 (compatible; GoogleOther)"
66.249.68.38 - - [22/Nov/2024:14:25:30 -0800] "GET /skzw25081jms8rkj HTTP/1.0" 404 236 "-" "Mozilla/5.0 (Linux; Android 6.0.1; Nexus 5X Build/MMB29P) AppleWebKit/537.36 (KHTML, like Gecko) Chrome/131.0.6778.69 Mobile Safari/537.36 (compatible; GoogleOther)"
66.249.68.35 - - [22/Nov/2024:14:25:35 -0800] "GET /zkww5082ex3pdp68y/mwexd.htm HTTP/1.0" 404 236 "-" "Mozilla/5.0 (Linux; Android 6.0.1; Nexus 5X Build/MMB29P) AppleWebKit/537.36 (KHTML, like Gecko) Chrome/131.0.6778.69 Mobile Safari/537.36 (compatible; GoogleOther)"
66.249.68.36 - - [22/Nov/2024:14:25:39 -0800] "GET /okcn8617dwk6wlk HTTP/1.0" 404 236 "-" "Mozilla/5.0 (Linux; Android 6.0.1; Nexus 5X Build/MMB29P) AppleWebKit/537.36 (KHTML, like Gecko) Chrome/131.0.6778.69 Mobile Safari/537.36 (compatible; GoogleOther)"
85.208.96.196 - - [22/Nov/2024:14:25:46 -0800] "GET /xjhr7207xhajf HTTP/1.0" 404 236 "-" "Mozilla/5.0 (compatible; SemrushBot/7~bl; +http://www.semrush.com/bot.html)"
66.249.68.36 - - [22/Nov/2024:14:25:52 -0800] "GET /fysq14131fwnqfjb HTTP/1.0" 404 236 "-" "Mozilla/5.0 (Linux; Android 6.0.1; Nexus 5X Build/MMB29P) AppleWebKit/537.36 (KHTML, like Gecko) Chrome/131.0.6778.69 Mobile Safari/537.36 (compatible; GoogleOther)"
66.249.79.67 - - [22/Nov/2024:14:26:05 -0800] "GET /robots.txt HTTP/1.0" 200 1101 "-" "Mozilla/5.0 (compatible; Googlebot/2.1; +http://www.google.com/bot.html)"
66.249.68.39 - - [22/Nov/2024:14:26:47 -0800] "GET /shsf21614aisa.html HTTP/1.0" 404 236 "-" "Mozilla/5.0 (Linux; Android 6.0.1; Nexus 5X Build/MMB29P) AppleWebKit/537.36 (KHTML, like Gecko) Chrome/131.0.6778.69 Mobile Safari/537.36 (compatible; GoogleOther)"
66.249.79.66 - - [22/Nov/2024:14:26:47 -0800] "GET /jwzr1529nmwhbfstf9s/w5vwnj.html HTTP/1.0" 404 236 "-" "Mozilla/5.0 (Linux; Android 6.0.1; Nexus 5X Build/MMB29P) AppleWebKit/537.36 (KHTML, like Gecko) Chrome/131.0.6778.69 Mobile Safari/537.36 (compatible; GoogleOther)"
66.249.68.39 - - [22/Nov/2024:14:26:48 -0800] "GET /fzlm20099tcnx/csbmtum1.html HTTP/1.0" 404 236 "-" "Mozilla/5.0 (Linux; Android 6.0.1; Nexus 5X Build/MMB29P) AppleWebKit/537.36 (KHTML, like Gecko) Chrome/131.0.6778.69 Mobile Safari/537.36 (compatible; GoogleOther)"
185.191.171.8 - - [22/Nov/2024:14:26:48 -0800] "GET /mnsj7949smtn.html HTTP/1.0" 404 236 "-" "Mozilla/5.0 (compatible; SemrushBot/7~bl; +http://www.semrush.com/bot.html)"
66.249.68.39 - - [22/Nov/2024:14:26:49 -0800] "GET /qzzv11300isrqqiys1p.html HTTP/1.0" 404 236 "-" "Mozilla/5.0 (Linux; Android 6.0.1; Nexus 5X Build/MMB29P) AppleWebKit/537.36 (KHTML, like Gecko) Chrome/131.0.6778.69 Mobile Safari/537.36 (compatible; GoogleOther)"
66.249.68.38 - - [22/Nov/2024:14:26:56 -0800] "GET /peoy10504s2ku2y/papsc HTTP/1.0" 404 236 "-" "Mozilla/5.0 (Linux; Android 6.0.1; Nexus 5X Build/MMB29P) AppleWebKit/537.36 (KHTML, like Gecko) Chrome/131.0.6778.69 Mobile Safari/537.36 (compatible; GoogleOther)"
85.208.96.200 - - [22/Nov/2024:14:27:00 -0800] "GET /obju22158f3dug.htm HTTP/1.0" 404 236 "-" "Mozilla/5.0 (compatible; SemrushBot/7~bl; +http://www.semrush.com/bot.html)"
66.249.68.38 - - [22/Nov/2024:14:27:09 -0800] "GET /prgt12374qygq.html HTTP/1.0" 404 236 "-" "Mozilla/5.0 (Linux; Android 6.0.1; Nexus 5X Build/MMB29P) AppleWebKit/537.36 (KHTML, like Gecko) Chrome/131.0.6778.69 Mobile Safari/537.36 (compatible; GoogleOther)"
185.191.171.9 - - [22/Nov/2024:14:27:11 -0800] "GET /xdwt1062vawwv.htm HTTP/1.0" 404 236 "-" "Mozilla/5.0 (compatible; SemrushBot/7~bl; +http://www.semrush.com/bot.html)"
85.208.96.208 - - [22/Nov/2024:14:27:14 -0800] "GET /okcn29215jrnjj HTTP/1.0" 404 236 "-" "Mozilla/5.0 (compatible; SemrushBot/7~bl; +http://www.semrush.com/bot.html)"
66.249.68.38 - - [22/Nov/2024:14:27:23 -0800] "GET /xjhr27055h2c3p HTTP/1.0" 404 236 "-" "Mozilla/5.0 (Linux; Android 6.0.1; Nexus 5X Build/MMB29P) AppleWebKit/537.36 (KHTML, like Gecko) Chrome/131.0.6778.69 Mobile Safari/537.36 (compatible; GoogleOther)"
185.191.171.12 - - [22/Nov/2024:14:27:36 -0800] "GET /sihn12916tust2j HTTP/1.0" 404 236 "-" "Mozilla/5.0 (compatible; SemrushBot/7~bl; +http://www.semrush.com/bot.html)"
85.208.96.193 - - [22/Nov/2024:14:27:37 -0800] "GET /mnsj15631xhfjx HTTP/1.0" 404 236 "-" "Mozilla/5.0 (compatible; SemrushBot/7~bl; +http://www.semrush.com/bot.html)"
66.249.68.36 - - [22/Nov/2024:14:27:37 -0800] "GET /zsob13455fzqnb.htm HTTP/1.0" 404 236 "-" "Mozilla/5.0 (Linux; Android 6.0.1; Nexus 5X Build/MMB29P) AppleWebKit/537.36 (KHTML, like Gecko) Chrome/131.0.6778.69 Mobile Safari/537.36 (compatible; GoogleOther)"
185.191.171.12 - - [22/Nov/2024:14:27:39 -0800] "GET /xpxm22507j7rmjuvj HTTP/1.0" 404 236 "-" "Mozilla/5.0 (compatible; SemrushBot/7~bl; +http://www.semrush.com/bot.html)"
66.249.68.36 - - [22/Nov/2024:14:27:57 -0800] "GET /ickb19706qkxuykq7.html HTTP/1.0" 404 236 "-" "Mozilla/5.0 (Linux; Android 6.0.1; Nexus 5X Build/MMB29P) AppleWebKit/537.36 (KHTML, like Gecko) Chrome/131.0.6778.69 Mobile Safari/537.36 (compatible; GoogleOther)"
66.249.68.39 - - [22/Nov/2024:14:28:05 -0800] "GET /hhuw9125r7v619cp/6ve2zhrolu.html HTTP/1.0" 404 236 "-" "Mozilla/5.0 (Linux; Android 6.0.1; Nexus 5X Build/MMB29P) AppleWebKit/537.36 (KHTML, like Gecko) Chrome/131.0.6778.69 Mobile Safari/537.36 (compatible; GoogleOther)"
185.191.171.11 - - [22/Nov/2024:14:28:14 -0800] "GET /aemg30079pqaxg HTTP/1.0" 404 236 "-" "Mozilla/5.0 (compatible; SemrushBot/7~bl; +http://www.semrush.com/bot.html)"
66.249.79.67 - - [22/Nov/2024:14:28:19 -0800] "GET /robots.txt HTTP/1.0" 200 1101 "-" "Mozilla/5.0 (compatible; Googlebot/2.1; +http://www.google.com/bot.html)"
66.249.79.66 - - [22/Nov/2024:14:28:19 -0800] "GET /ykbz9804usf2p3/qcyuv1.htm HTTP/1.0" 404 236 "-" "Mozilla/5.0 (Linux; Android 6.0.1; Nexus 5X Build/MMB29P) AppleWebKit/537.36 (KHTML, like Gecko) Chrome/131.0.6778.69 Mobile Safari/537.36 (compatible; GoogleOther)"
85.208.96.208 - - [22/Nov/2024:14:28:20 -0800] "GET /mnsj17461hbpnhbxy HTTP/1.0" 404 236 "-" "Mozilla/5.0 (compatible; SemrushBot/7~bl; +http://www.semrush.com/bot.html)"
85.208.96.203 - - [22/Nov/2024:14:28:22 -0800] "GET /prgt261tbrtba.htm HTTP/1.0" 404 236 "-" "Mozilla/5.0 (compatible; SemrushBot/7~bl; +http://www.semrush.com/bot.html)"
85.208.96.203 - - [22/Nov/2024:14:28:23 -0800] "GET /qzzv22254x4yzx.htm HTTP/1.0" 404 236 "-" "Mozilla/5.0 (compatible; SemrushBot/7~bl; +http://www.semrush.com/bot.html)"
66.249.68.36 - - [22/Nov/2024:14:28:34 -0800] "GET /hhuw14393hp82bklmz4/irh6ph.html HTTP/1.0" 404 236 "-" "Mozilla/5.0 (Linux; Android 6.0.1; Nexus 5X Build/MMB29P) AppleWebKit/537.36 (KHTML, like Gecko) Chrome/131.0.6778.69 Mobile Safari/537.36 (compatible; GoogleOther)"
66.249.68.36 - - [22/Nov/2024:14:28:48 -0800] "GET /mmwe24589lzatmlkt9 HTTP/1.0" 404 236 "-" "Mozilla/5.0 (Linux; Android 6.0.1; Nexus 5X Build/MMB29P) AppleWebKit/537.36 (KHTML, like Gecko) Chrome/131.0.6778.69 Mobile Safari/537.36 (compatible; GoogleOther)"
85.208.96.193 - - [22/Nov/2024:14:28:50 -0800] "GET /uiwk2272jkujvv HTTP/1.0" 404 236 "-" "Mozilla/5.0 (compatible; SemrushBot/7~bl; +http://www.semrush.com/bot.html)"
66.249.68.39 - - [22/Nov/2024:14:29:02 -0800] "GET /lbfb21205o9d5za5t/t7q HTTP/1.0" 404 236 "-" "Mozilla/5.0 (Linux; Android 6.0.1; Nexus 5X Build/MMB29P) AppleWebKit/537.36 (KHTML, like Gecko) Chrome/131.0.6778.69 Mobile Safari/537.36 (compatible; GoogleOther)"
85.208.96.209 - - [22/Nov/2024:14:29:07 -0800] "GET /ouzo18613pg9xup3zg HTTP/1.0" 404 236 "-" "Mozilla/5.0 (compatible; SemrushBot/7~bl; +http://www.semrush.com/bot.html)"
66.249.79.66 - - [22/Nov/2024:14:29:15 -0800] "GET /fafl14100azx7lgg16/zcifafjq.htm HTTP/1.0" 404 236 "-" "Mozilla/5.0 (Linux; Android 6.0.1; Nexus 5X Build/MMB29P) AppleWebKit/537.36 (KHTML, like Gecko) Chrome/131.0.6778.69 Mobile Safari/537.36 (compatible; GoogleOther)"
85.208.96.206 - - [22/Nov/2024:14:29:27 -0800] "GET /oiie20182f7pgi HTTP/1.0" 404 236 "-" "Mozilla/5.0 (compatible; SemrushBot/7~bl; +http://www.semrush.com/bot.html)"
66.249.68.38 - - [22/Nov/2024:14:29:29 -0800] "GET /yhag14104lhn1myl HTTP/1.0" 404 236 "-" "Mozilla/5.0 (Linux; Android 6.0.1; Nexus 5X Build/MMB29P) AppleWebKit/537.36 (KHTML, like Gecko) Chrome/131.0.6778.69 Mobile Safari/537.36 (compatible; GoogleOther)"
185.191.171.10 - - [22/Nov/2024:14:29:40 -0800] "GET /lbfo4591hepoh HTTP/1.0" 404 236 "-" "Mozilla/5.0 (compatible; SemrushBot/7~bl; +http://www.semrush.com/bot.html)"
185.191.171.15 - - [22/Nov/2024:14:29:41 -0800] "GET /cthq3295lwe2k HTTP/1.0" 404 236 "-" "Mozilla/5.0 (compatible; SemrushBot/7~bl; +http://www.semrush.com/bot.html)"
66.249.68.36 - - [22/Nov/2024:14:29:44 -0800] "GET /qtvx1805kbhw.html HTTP/1.0" 404 236 "-" "Mozilla/5.0 (Linux; Android 6.0.1; Nexus 5X Build/MMB29P) AppleWebKit/537.36 (KHTML, like Gecko) Chrome/131.0.6778.69 Mobile Safari/537.36 (compatible; GoogleOther)"
85.208.96.208 - - [22/Nov/2024:14:29:46 -0800] "GET /zyew24341eefy.html HTTP/1.0" 404 236 "-" "Mozilla/5.0 (compatible; SemrushBot/7~bl; +http://www.semrush.com/bot.html)"
85.208.96.206 - - [22/Nov/2024:14:29:48 -0800] "GET /aemg15278i8lj.html HTTP/1.0" 404 236 "-" "Mozilla/5.0 (compatible; SemrushBot/7~bl; +http://www.semrush.com/bot.html)"
66.249.79.66 - - [22/Nov/2024:14:29:57 -0800] "GET /robots.txt HTTP/1.0" 200 1101 "-" "Mozilla/5.0 (compatible; Googlebot/2.1; +http://www.google.com/bot.html)"
66.249.79.66 - - [22/Nov/2024:14:29:57 -0800] "GET /ciif4609gnugk3dw2o/xshign2 HTTP/1.0" 404 236 "-" "Mozilla/5.0 (Linux; Android 6.0.1; Nexus 5X Build/MMB29P) AppleWebKit/537.36 (KHTML, like Gecko) Chrome/131.0.6778.69 Mobile Safari/537.36 (compatible; GoogleOther)"
85.208.96.206 - - [22/Nov/2024:14:30:01 -0800] "GET /xdwt14530vwwv47 HTTP/1.0" 404 236 "-" "Mozilla/5.0 (compatible; SemrushBot/7~bl; +http://www.semrush.com/bot.html)"
66.249.68.38 - - [22/Nov/2024:14:30:11 -0800] "GET /plvg19329dfqlldy.htm HTTP/1.0" 404 236 "-" "Mozilla/5.0 (Linux; Android 6.0.1; Nexus 5X Build/MMB29P) AppleWebKit/537.36 (KHTML, like Gecko) Chrome/131.0.6778.69 Mobile Safari/537.36 (compatible; GoogleOther)"
85.208.96.212 - - [22/Nov/2024:14:30:14 -0800] "GET /okdx2470zzadz HTTP/1.0" 404 236 "-" "Mozilla/5.0 (compatible; SemrushBot/7~bl; +http://www.semrush.com/bot.html)"
66.249.68.36 - - [22/Nov/2024:14:30:25 -0800] "GET /ucrs8449y07ku/pzcy93 HTTP/1.0" 404 236 "-" "Mozilla/5.0 (Linux; Android 6.0.1; Nexus 5X Build/MMB29P) AppleWebKit/537.36 (KHTML, like Gecko) Chrome/131.0.6778.69 Mobile Safari/537.36 (compatible; GoogleOther)"
85.208.96.210 - - [22/Nov/2024:14:30:28 -0800] "GET /zyms25219r4knzsrfd HTTP/1.0" 404 236 "-" "Mozilla/5.0 (compatible; SemrushBot/7~bl; +http://www.semrush.com/bot.html)"
66.249.68.36 - - [22/Nov/2024:14:30:39 -0800] "GET /xdwt23617bsvjdbo HTTP/1.0" 404 236 "-" "Mozilla/5.0 (Linux; Android 6.0.1; Nexus 5X Build/MMB29P) AppleWebKit/537.36 (KHTML, like Gecko) Chrome/131.0.6778.69 Mobile Safari/537.36 (compatible; GoogleOther)"
85.208.96.196 - - [22/Nov/2024:14:30:42 -0800] "GET /ldqb7935xndwf.htm HTTP/1.0" 404 236 "-" "Mozilla/5.0 (compatible; SemrushBot/7~bl; +http://www.semrush.com/bot.html)"
66.249.68.36 - - [22/Nov/2024:14:30:53 -0800] "GET /quhv27875vuhppcchy/5edvv3od.html HTTP/1.0" 404 236 "-" "Mozilla/5.0 (Linux; Android 6.0.1; Nexus 5X Build/MMB29P) AppleWebKit/537.36 (KHTML, like Gecko) Chrome/131.0.6778.69 Mobile Safari/537.36 (compatible; GoogleOther)"
66.249.68.36 - - [22/Nov/2024:14:31:07 -0800] "GET /ickb20089jyyrcjg HTTP/1.0" 404 236 "-" "Mozilla/5.0 (Linux; Android 6.0.1; Nexus 5X Build/MMB29P) AppleWebKit/537.36 (KHTML, like Gecko) Chrome/131.0.6778.69 Mobile Safari/537.36 (compatible; GoogleOther)"
185.191.171.12 - - [22/Nov/2024:14:31:10 -0800] "GET /varv14918m1ou.html HTTP/1.0" 404 236 "-" "Mozilla/5.0 (compatible; SemrushBot/7~bl; +http://www.semrush.com/bot.html)"
66.249.68.36 - - [22/Nov/2024:14:31:35 -0800] "GET /ucrs10472muouum.html HTTP/1.0" 404 236 "-" "Mozilla/5.0 (Linux; Android 6.0.1; Nexus 5X Build/MMB29P) AppleWebKit/537.36 (KHTML, like Gecko) Chrome/131.0.6778.69 Mobile Safari/537.36 (compatible; GoogleOther)"
85.208.96.197 - - [22/Nov/2024:14:31:36 -0800] "GET /pnqr7723tnbrtv1u HTTP/1.0" 404 236 "-" "Mozilla/5.0 (compatible; SemrushBot/7~bl; +http://www.semrush.com/bot.html)"
185.191.171.16 - - [22/Nov/2024:14:31:49 -0800] "GET /sdkv26356rzssry06 HTTP/1.0" 404 236 "-" "Mozilla/5.0 (compatible; SemrushBot/7~bl; +http://www.semrush.com/bot.html)"
66.249.68.36 - - [22/Nov/2024:14:31:49 -0800] "GET /oiie21359fa0wqjj/c7t3.html HTTP/1.0" 404 236 "-" "Mozilla/5.0 (Linux; Android 6.0.1; Nexus 5X Build/MMB29P) AppleWebKit/537.36 (KHTML, like Gecko) Chrome/131.0.6778.69 Mobile Safari/537.36 (compatible; GoogleOther)"
185.191.171.10 - - [22/Nov/2024:14:31:56 -0800] "GET /robots.txt HTTP/1.0" 200 1101 "-" "Mozilla/5.0 (compatible; SemrushBot/7~bl; +http://www.semrush.com/bot.html)"
185.191.171.7 - - [22/Nov/2024:14:31:56 -0800] "GET /mwuo11218lmmdjmulb HTTP/1.0" 404 236 "-" "Mozilla/5.0 (compatible; SemrushBot/7~bl; +http://www.semrush.com/bot.html)"
185.191.171.17 - - [22/Nov/2024:14:32:01 -0800] "GET /amph22349o042.html HTTP/1.0" 404 236 "-" "Mozilla/5.0 (compatible; SemrushBot/7~bl; +http://www.semrush.com/bot.html)"
66.249.68.38 - - [22/Nov/2024:14:32:17 -0800] "GET /dxgo8643d7jlodegg.htm HTTP/1.0" 404 236 "-" "Mozilla/5.0 (Linux; Android 6.0.1; Nexus 5X Build/MMB29P) AppleWebKit/537.36 (KHTML, like Gecko) Chrome/131.0.6778.69 Mobile Safari/537.36 (compatible; GoogleOther)"
185.191.171.2 - - [22/Nov/2024:14:32:23 -0800] "GET /xfmz3517zyhfz32r HTTP/1.0" 404 236 "-" "Mozilla/5.0 (compatible; SemrushBot/7~bl; +http://www.semrush.com/bot.html)"
185.191.171.11 - - [22/Nov/2024:14:32:25 -0800] "GET /skad10555rg4zdrkq4 HTTP/1.0" 404 236 "-" "Mozilla/5.0 (compatible; SemrushBot/7~bl; +http://www.semrush.com/bot.html)"
66.249.68.38 - - [22/Nov/2024:14:32:31 -0800] "GET /pwlp9190erczh3zw/cml HTTP/1.0" 404 236 "-" "Mozilla/5.0 (Linux; Android 6.0.1; Nexus 5X Build/MMB29P) AppleWebKit/537.36 (KHTML, like Gecko) Chrome/131.0.6778.69 Mobile Safari/537.36 (compatible; GoogleOther)"
66.249.68.38 - - [22/Nov/2024:14:33:00 -0800] "GET /hbkd17939y5zdyurz.html HTTP/1.0" 404 236 "-" "Mozilla/5.0 (Linux; Android 6.0.1; Nexus 5X Build/MMB29P) AppleWebKit/537.36 (KHTML, like Gecko) Chrome/131.0.6778.69 Mobile Safari/537.36 (compatible; GoogleOther)"
185.191.171.18 - - [22/Nov/2024:14:33:10 -0800] "GET /mmwe25366plniq HTTP/1.0" 404 236 "-" "Mozilla/5.0 (compatible; SemrushBot/7~bl; +http://www.semrush.com/bot.html)"
185.191.171.4 - - [22/Nov/2024:14:33:12 -0800] "GET /sbuy29151xfyx3.htm HTTP/1.0" 404 236 "-" "Mozilla/5.0 (compatible; SemrushBot/7~bl; +http://www.semrush.com/bot.html)"
185.191.171.16 - - [22/Nov/2024:14:33:23 -0800] "GET /quhv11623t23bv HTTP/1.0" 404 236 "-" "Mozilla/5.0 (compatible; SemrushBot/7~bl; +http://www.semrush.com/bot.html)"
85.208.96.200 - - [22/Nov/2024:14:33:31 -0800] "GET /lixb1618fgxf05 HTTP/1.0" 404 236 "-" "Mozilla/5.0 (compatible; SemrushBot/7~bl; +http://www.semrush.com/bot.html)"
185.191.171.11 - - [22/Nov/2024:14:33:33 -0800] "GET /yxbd1653hpxhiw.htm HTTP/1.0" 404 236 "-" "Mozilla/5.0 (compatible; SemrushBot/7~bl; +http://www.semrush.com/bot.html)"
66.249.68.32 - - [22/Nov/2024:14:33:42 -0800] "GET /jcvc1827z0rzkhczv.htm HTTP/1.0" 404 236 "-" "Mozilla/5.0 (Linux; Android 6.0.1; Nexus 5X Build/MMB29P) AppleWebKit/537.36 (KHTML, like Gecko) Chrome/131.0.6778.69 Mobile Safari/537.36 (compatible; GoogleOther)"
185.191.171.19 - - [22/Nov/2024:14:33:46 -0800] "GET /npwz14794z5hawz6ah HTTP/1.0" 404 236 "-" "Mozilla/5.0 (compatible; SemrushBot/7~bl; +http://www.semrush.com/bot.html)"
66.249.68.32 - - [22/Nov/2024:14:33:56 -0800] "GET /xjhr9033dol5flj.htm HTTP/1.0" 404 236 "-" "Mozilla/5.0 (Linux; Android 6.0.1; Nexus 5X Build/MMB29P) AppleWebKit/537.36 (KHTML, like Gecko) Chrome/131.0.6778.69 Mobile Safari/537.36 (compatible; GoogleOther)"
66.249.68.32 - - [22/Nov/2024:14:34:11 -0800] "GET /dgov8621hz11iln/ixpghvigl.html HTTP/1.0" 404 236 "-" "Mozilla/5.0 (Linux; Android 6.0.1; Nexus 5X Build/MMB29P) AppleWebKit/537.36 (KHTML, like Gecko) Chrome/131.0.6778.69 Mobile Safari/537.36 (compatible; GoogleOther)"
185.191.171.7 - - [22/Nov/2024:14:34:20 -0800] "GET /npwz13998jmykw.htm HTTP/1.0" 404 236 "-" "Mozilla/5.0 (compatible; SemrushBot/7~bl; +http://www.semrush.com/bot.html)"
66.249.79.67 - - [22/Nov/2024:14:34:24 -0800] "GET /robots.txt HTTP/1.0" 200 1101 "-" "Mozilla/5.0 (compatible; Googlebot/2.1; +http://www.google.com/bot.html)"
66.249.79.67 - - [22/Nov/2024:14:34:25 -0800] "GET /ciif4631cgu7df.html HTTP/1.0" 404 236 "-" "Mozilla/5.0 (Linux; Android 6.0.1; Nexus 5X Build/MMB29P) AppleWebKit/537.36 (KHTML, like Gecko) Chrome/131.0.6778.69 Mobile Safari/537.36 (compatible; GoogleOther)"
185.191.171.4 - - [22/Nov/2024:14:34:26 -0800] "GET /zsob19687xxuc4 HTTP/1.0" 404 236 "-" "Mozilla/5.0 (compatible; SemrushBot/7~bl; +http://www.semrush.com/bot.html)"
66.249.68.33 - - [22/Nov/2024:14:34:38 -0800] "GET /xjhr17711xkxnjdq287/qfrx.html HTTP/1.0" 404 236 "-" "Mozilla/5.0 (Linux; Android 6.0.1; Nexus 5X Build/MMB29P) AppleWebKit/537.36 (KHTML, like Gecko) Chrome/131.0.6778.69 Mobile Safari/537.36 (compatible; GoogleOther)"
85.208.96.211 - - [22/Nov/2024:14:34:42 -0800] "GET /opfy28686hrefi.htm HTTP/1.0" 404 236 "-" "Mozilla/5.0 (compatible; SemrushBot/7~bl; +http://www.semrush.com/bot.html)"
85.208.96.205 - - [22/Nov/2024:14:35:03 -0800] "GET /pnqr27326s3kb.html HTTP/1.0" 404 236 "-" "Mozilla/5.0 (compatible; SemrushBot/7~bl; +http://www.semrush.com/bot.html)"
85.208.96.210 - - [22/Nov/2024:14:35:05 -0800] "GET /aemg23743x3fgx HTTP/1.0" 404 236 "-" "Mozilla/5.0 (compatible; SemrushBot/7~bl; +http://www.semrush.com/bot.html)"
66.249.68.33 - - [22/Nov/2024:14:35:07 -0800] "GET /dxgo12003jfkrojf93.htm HTTP/1.0" 404 236 "-" "Mozilla/5.0 (Linux; Android 6.0.1; Nexus 5X Build/MMB29P) AppleWebKit/537.36 (KHTML, like Gecko) Chrome/131.0.6778.69 Mobile Safari/537.36 (compatible; GoogleOther)"
66.249.79.67 - - [22/Nov/2024:14:35:11 -0800] "GET /ttms6443njteia0b1v4/j4v2vsnc.html HTTP/1.0" 404 236 "-" "Mozilla/5.0 (Linux; Android 6.0.1; Nexus 5X Build/MMB29P) AppleWebKit/537.36 (KHTML, like Gecko) Chrome/131.0.6778.69 Mobile Safari/537.36 (compatible; GoogleOther)"
66.249.68.32 - - [22/Nov/2024:14:35:20 -0800] "GET /azbc18842rxcoirj/shsbr2y8.html HTTP/1.0" 404 236 "-" "Mozilla/5.0 (Linux; Android 6.0.1; Nexus 5X Build/MMB29P) AppleWebKit/537.36 (KHTML, like Gecko) Chrome/131.0.6778.69 Mobile Safari/537.36 (compatible; GoogleOther)"
85.208.96.211 - - [22/Nov/2024:14:35:30 -0800] "GET /rscd27325rzsro7 HTTP/1.0" 404 236 "-" "Mozilla/5.0 (compatible; SemrushBot/7~bl; +http://www.semrush.com/bot.html)"
185.191.171.2 - - [22/Nov/2024:14:35:36 -0800] "GET /okcn28333lhftklbo9 HTTP/1.0" 404 236 "-" "Mozilla/5.0 (compatible; SemrushBot/7~bl; +http://www.semrush.com/bot.html)"
185.191.171.8 - - [22/Nov/2024:14:35:38 -0800] "GET /qjdv17089zyhjzu0 HTTP/1.0" 404 236 "-" "Mozilla/5.0 (compatible; SemrushBot/7~bl; +http://www.semrush.com/bot.html)"
66.249.79.66 - - [22/Nov/2024:14:35:48 -0800] "GET /robots.txt HTTP/1.0" 200 1101 "-" "Mozilla/5.0 (compatible; Googlebot/2.1; +http://www.google.com/bot.html)"
66.249.79.67 - - [22/Nov/2024:14:35:49 -0800] "GET /snao12103f4nof HTTP/1.0" 404 236 "-" "Mozilla/5.0 (Linux; Android 6.0.1; Nexus 5X Build/MMB29P) AppleWebKit/537.36 (KHTML, like Gecko) Chrome/131.0.6778.69 Mobile Safari/537.36 (compatible; GoogleOther)"
185.191.171.15 - - [22/Nov/2024:14:35:51 -0800] "GET /qtvx13414xeyvx HTTP/1.0" 404 236 "-" "Mozilla/5.0 (compatible; SemrushBot/7~bl; +http://www.semrush.com/bot.html)"
66.249.68.32 - - [22/Nov/2024:14:35:54 -0800] "GET /oiie28277hfgek/vpih5t.html HTTP/1.0" 404 236 "-" "Mozilla/5.0 (Linux; Android 6.0.1; Nexus 5X Build/MMB29P) AppleWebKit/537.36 (KHTML, like Gecko) Chrome/131.0.6778.69 Mobile Safari/537.36 (compatible; GoogleOther)"
66.249.68.34 - - [22/Nov/2024:14:36:03 -0800] "GET /lixb2924ei4fmlexeg.html HTTP/1.0" 404 236 "-" "Mozilla/5.0 (Linux; Android 6.0.1; Nexus 5X Build/MMB29P) AppleWebKit/537.36 (KHTML, like Gecko) Chrome/131.0.6778.69 Mobile Safari/537.36 (compatible; GoogleOther)"
185.191.171.16 - - [22/Nov/2024:14:36:14 -0800] "GET /obju13030dejd5 HTTP/1.0" 404 236 "-" "Mozilla/5.0 (compatible; SemrushBot/7~bl; +http://www.semrush.com/bot.html)"
66.249.68.33 - - [22/Nov/2024:14:36:18 -0800] "GET /zyms26775nt44v.htm HTTP/1.0" 404 236 "-" "Mozilla/5.0 (Linux; Android 6.0.1; Nexus 5X Build/MMB29P) AppleWebKit/537.36 (KHTML, like Gecko) Chrome/131.0.6778.69 Mobile Safari/537.36 (compatible; GoogleOther)"
185.191.171.19 - - [22/Nov/2024:14:36:25 -0800] "GET /quhv20006emhe.html HTTP/1.0" 404 236 "-" "Mozilla/5.0 (compatible; SemrushBot/7~bl; +http://www.semrush.com/bot.html)"
66.249.68.36 - - [22/Nov/2024:14:36:31 -0800] "GET /mnsj21188xqe49t5o4/4dnyymxbef.html HTTP/1.0" 404 236 "-" "Mozilla/5.0 (Linux; Android 6.0.1; Nexus 5X Build/MMB29P) AppleWebKit/537.36 (KHTML, like Gecko) Chrome/131.0.6778.69 Mobile Safari/537.36 (compatible; GoogleOther)"
185.191.171.2 - - [22/Nov/2024:14:36:40 -0800] "GET /zort20761fsnoflb HTTP/1.0" 404 236 "-" "Mozilla/5.0 (compatible; SemrushBot/7~bl; +http://www.semrush.com/bot.html)"
66.249.68.36 - - [22/Nov/2024:14:36:45 -0800] "GET /okcn11298njhocnivr.htm HTTP/1.0" 404 236 "-" "Mozilla/5.0 (Linux; Android 6.0.1; Nexus 5X Build/MMB29P) AppleWebKit/537.36 (KHTML, like Gecko) Chrome/131.0.6778.69 Mobile Safari/537.36 (compatible; GoogleOther)"
85.208.96.194 - - [22/Nov/2024:14:36:45 -0800] "GET /zort4153l2atolq HTTP/1.0" 404 236 "-" "Mozilla/5.0 (compatible; SemrushBot/7~bl; +http://www.semrush.com/bot.html)"
66.249.79.66 - - [22/Nov/2024:14:36:58 -0800] "GET /robots.txt HTTP/1.0" 200 1101 "-" "Mozilla/5.0 (compatible; Googlebot/2.1; +http://www.google.com/bot.html)"
66.249.79.66 - - [22/Nov/2024:14:37:00 -0800] "GET /snao28224g33qo62c/83osg.htm HTTP/1.0" 404 236 "-" "Mozilla/5.0 (Linux; Android 6.0.1; Nexus 5X Build/MMB29P) AppleWebKit/537.36 (KHTML, like Gecko) Chrome/131.0.6778.69 Mobile Safari/537.36 (compatible; GoogleOther)"
185.191.171.6 - - [22/Nov/2024:14:37:11 -0800] "GET /zort6910thurt HTTP/1.0" 404 236 "-" "Mozilla/5.0 (compatible; SemrushBot/7~bl; +http://www.semrush.com/bot.html)"
66.249.68.36 - - [22/Nov/2024:14:37:43 -0800] "GET /jcvc21713crpoadcc.html HTTP/1.0" 404 236 "-" "Mozilla/5.0 (Linux; Android 6.0.1; Nexus 5X Build/MMB29P) AppleWebKit/537.36 (KHTML, like Gecko) Chrome/131.0.6778.69 Mobile Safari/537.36 (compatible; GoogleOther)"
85.208.96.203 - - [22/Nov/2024:14:37:45 -0800] "GET /kwfv25705jttsrwj HTTP/1.0" 404 236 "-" "Mozilla/5.0 (compatible; SemrushBot/7~bl; +http://www.semrush.com/bot.html)"
66.249.68.37 - - [22/Nov/2024:14:37:56 -0800] "GET /zyms26765dv5eyx43/5drlyd3zk5.html HTTP/1.0" 404 236 "-" "Mozilla/5.0 (Linux; Android 6.0.1; Nexus 5X Build/MMB29P) AppleWebKit/537.36 (KHTML, like Gecko) Chrome/131.0.6778.69 Mobile Safari/537.36 (compatible; GoogleOther)"
85.208.96.204 - - [22/Nov/2024:14:38:08 -0800] "GET /quhv2257nhto0vu HTTP/1.0" 404 236 "-" "Mozilla/5.0 (compatible; SemrushBot/7~bl; +http://www.semrush.com/bot.html)"
185.191.171.16 - - [22/Nov/2024:14:38:11 -0800] "GET /xdwt23833jxrdjf2 HTTP/1.0" 404 236 "-" "Mozilla/5.0 (compatible; SemrushBot/7~bl; +http://www.semrush.com/bot.html)"
85.208.96.205 - - [22/Nov/2024:14:38:25 -0800] "GET /mmwe22633f22nmfc HTTP/1.0" 404 236 "-" "Mozilla/5.0 (compatible; SemrushBot/7~bl; +http://www.semrush.com/bot.html)"
85.208.96.204 - - [22/Nov/2024:14:38:44 -0800] "GET /yxbd21091x5dkfdxbq HTTP/1.0" 404 236 "-" "Mozilla/5.0 (compatible; SemrushBot/7~bl; +http://www.semrush.com/bot.html)"
185.191.171.17 - - [22/Nov/2024:14:38:46 -0800] "GET /zkww3409vzjd8dk HTTP/1.0" 404 236 "-" "Mozilla/5.0 (compatible; SemrushBot/7~bl; +http://www.semrush.com/bot.html)"
185.191.171.19 - - [22/Nov/2024:14:39:01 -0800] "GET /pozb7550cbxd.html HTTP/1.0" 404 236 "-" "Mozilla/5.0 (compatible; SemrushBot/7~bl; +http://www.semrush.com/bot.html)"
185.191.171.7 - - [22/Nov/2024:14:39:26 -0800] "GET /xpxm21424zp0axzg HTTP/1.0" 404 236 "-" "Mozilla/5.0 (compatible; SemrushBot/7~bl; +http://www.semrush.com/bot.html)"
85.208.96.201 - - [22/Nov/2024:14:39:34 -0800] "GET /wmaj24010l4maltjy HTTP/1.0" 404 236 "-" "Mozilla/5.0 (compatible; SemrushBot/7~bl; +http://www.semrush.com/bot.html)"
185.191.171.1 - - [22/Nov/2024:14:39:41 -0800] "GET /quhv5625bjub8g.htm HTTP/1.0" 404 236 "-" "Mozilla/5.0 (compatible; SemrushBot/7~bl; +http://www.semrush.com/bot.html)"
85.208.96.201 - - [22/Nov/2024:14:39:46 -0800] "GET /xfmz1087n21vz HTTP/1.0" 404 236 "-" "Mozilla/5.0 (compatible; SemrushBot/7~bl; +http://www.semrush.com/bot.html)"
85.208.96.203 - - [22/Nov/2024:14:39:48 -0800] "GET /xjhr18073v96edjv HTTP/1.0" 404 236 "-" "Mozilla/5.0 (compatible; SemrushBot/7~bl; +http://www.semrush.com/bot.html)"
185.191.171.13 - - [22/Nov/2024:14:39:55 -0800] "GET /kwfv5929tckkmbw HTTP/1.0" 404 236 "-" "Mozilla/5.0 (compatible; SemrushBot/7~bl; +http://www.semrush.com/bot.html)"
185.191.171.19 - - [22/Nov/2024:14:40:09 -0800] "GET /pwlp13359n7avp.htm HTTP/1.0" 404 236 "-" "Mozilla/5.0 (compatible; SemrushBot/7~bl; +http://www.semrush.com/bot.html)"
185.191.171.4 - - [22/Nov/2024:14:40:17 -0800] "GET /azbc15667hhcm8pcht HTTP/1.0" 404 236 "-" "Mozilla/5.0 (compatible; SemrushBot/7~bl; +http://www.semrush.com/bot.html)"
85.208.96.207 - - [22/Nov/2024:14:40:42 -0800] "GET /lixb5059hx2fpbh5c HTTP/1.0" 404 236 "-" "Mozilla/5.0 (compatible; SemrushBot/7~bl; +http://www.semrush.com/bot.html)"
185.191.171.14 - - [22/Nov/2024:14:40:45 -0800] "GET /yhag2995xnw7ufgxk HTTP/1.0" 404 236 "-" "Mozilla/5.0 (compatible; SemrushBot/7~bl; +http://www.semrush.com/bot.html)"
85.208.96.200 - - [22/Nov/2024:14:40:52 -0800] "GET /ohje21856pe4nqop HTTP/1.0" 404 236 "-" "Mozilla/5.0 (compatible; SemrushBot/7~bl; +http://www.semrush.com/bot.html)"
185.191.171.1 - - [22/Nov/2024:14:41:16 -0800] "GET /xfmz16513vfxdfvg HTTP/1.0" 404 236 "-" "Mozilla/5.0 (compatible; SemrushBot/7~bl; +http://www.semrush.com/bot.html)"
85.208.96.200 - - [22/Nov/2024:14:41:32 -0800] "GET /nozd18159d2ldd.htm HTTP/1.0" 404 236 "-" "Mozilla/5.0 (compatible; SemrushBot/7~bl; +http://www.semrush.com/bot.html)"
85.208.96.198 - - [22/Nov/2024:14:42:11 -0800] "GET /ohje8295tnbbe.htm HTTP/1.0" 404 236 "-" "Mozilla/5.0 (compatible; SemrushBot/7~bl; +http://www.semrush.com/bot.html)"
85.208.96.200 - - [22/Nov/2024:14:42:12 -0800] "GET /npwz26974lbc2m HTTP/1.0" 404 236 "-" "Mozilla/5.0 (compatible; SemrushBot/7~bl; +http://www.semrush.com/bot.html)"
185.191.171.12 - - [22/Nov/2024:14:42:26 -0800] "GET /skad30070noan3 HTTP/1.0" 404 236 "-" "Mozilla/5.0 (compatible; SemrushBot/7~bl; +http://www.semrush.com/bot.html)"
185.191.171.7 - - [22/Nov/2024:14:42:32 -0800] "GET /pnqr19426d9eqd2yy HTTP/1.0" 404 236 "-" "Mozilla/5.0 (compatible; SemrushBot/7~bl; +http://www.semrush.com/bot.html)"
185.191.171.7 - - [22/Nov/2024:14:42:39 -0800] "GET /zkww21678t3ycx.htm HTTP/1.0" 404 236 "-" "Mozilla/5.0 (compatible; SemrushBot/7~bl; +http://www.semrush.com/bot.html)"
185.191.171.8 - - [22/Nov/2024:14:43:38 -0800] "GET /qtvx29803zgchxzl99 HTTP/1.0" 404 236 "-" "Mozilla/5.0 (compatible; SemrushBot/7~bl; +http://www.semrush.com/bot.html)"
85.208.96.206 - - [22/Nov/2024:14:43:42 -0800] "GET /obju23107lwtul5fn HTTP/1.0" 404 236 "-" "Mozilla/5.0 (compatible; SemrushBot/7~bl; +http://www.semrush.com/bot.html)"
85.208.96.211 - - [22/Nov/2024:14:44:08 -0800] "GET /rscd8055nul8v.htm HTTP/1.0" 404 236 "-" "Mozilla/5.0 (compatible; SemrushBot/7~bl; +http://www.semrush.com/bot.html)"
185.191.171.4 - - [22/Nov/2024:14:44:10 -0800] "GET /wvso15447v3k4d.htm HTTP/1.0" 404 236 "-" "Mozilla/5.0 (compatible; SemrushBot/7~bl; +http://www.semrush.com/bot.html)"
185.191.171.5 - - [22/Nov/2024:14:44:11 -0800] "GET /rscd27694dwqfe HTTP/1.0" 404 236 "-" "Mozilla/5.0 (compatible; SemrushBot/7~bl; +http://www.semrush.com/bot.html)"
85.208.96.193 - - [22/Nov/2024:14:44:14 -0800] "GET /zkww26203n9wovwnma HTTP/1.0" 404 236 "-" "Mozilla/5.0 (compatible; SemrushBot/7~bl; +http://www.semrush.com/bot.html)"
85.208.96.195 - - [22/Nov/2024:14:44:18 -0800] "GET /quhv11017lldtulr HTTP/1.0" 404 236 "-" "Mozilla/5.0 (compatible; SemrushBot/7~bl; +http://www.semrush.com/bot.html)"
185.191.171.7 - - [22/Nov/2024:14:44:31 -0800] "GET /mnsj595ppkxjp64g HTTP/1.0" 404 236 "-" "Mozilla/5.0 (compatible; SemrushBot/7~bl; +http://www.semrush.com/bot.html)"
85.208.96.204 - - [22/Nov/2024:14:44:36 -0800] "GET /nnsx6325zchnznxz HTTP/1.0" 404 236 "-" "Mozilla/5.0 (compatible; SemrushBot/7~bl; +http://www.semrush.com/bot.html)"
85.208.96.211 - - [22/Nov/2024:14:44:45 -0800] "GET /quhv8308nfoqnaa8 HTTP/1.0" 404 236 "-" "Mozilla/5.0 (compatible; SemrushBot/7~bl; +http://www.semrush.com/bot.html)"
85.208.96.208 - - [22/Nov/2024:14:44:46 -0800] "GET /nozd12625hspohlg HTTP/1.0" 404 236 "-" "Mozilla/5.0 (compatible; SemrushBot/7~bl; +http://www.semrush.com/bot.html)"
185.191.171.13 - - [22/Nov/2024:14:45:06 -0800] "GET /npwz2881nwgvpn8 HTTP/1.0" 404 236 "-" "Mozilla/5.0 (compatible; SemrushBot/7~bl; +http://www.semrush.com/bot.html)"
85.208.96.200 - - [22/Nov/2024:14:45:13 -0800] "GET /mwuo11573cbme.html HTTP/1.0" 404 236 "-" "Mozilla/5.0 (compatible; SemrushBot/7~bl; +http://www.semrush.com/bot.html)"
185.191.171.14 - - [22/Nov/2024:14:45:33 -0800] "GET /sdkv7587nvvnq8.htm HTTP/1.0" 404 236 "-" "Mozilla/5.0 (compatible; SemrushBot/7~bl; +http://www.semrush.com/bot.html)"
185.191.171.13 - - [22/Nov/2024:14:45:55 -0800] "GET /ouzo2611d9fglodx0 HTTP/1.0" 404 236 "-" "Mozilla/5.0 (compatible; SemrushBot/7~bl; +http://www.semrush.com/bot.html)"
85.208.96.208 - - [22/Nov/2024:14:46:25 -0800] "GET /pwlp21883j9yrpjijc HTTP/1.0" 404 236 "-" "Mozilla/5.0 (compatible; SemrushBot/7~bl; +http://www.semrush.com/bot.html)"
85.208.96.198 - - [22/Nov/2024:14:46:39 -0800] "GET /rscd18178decdeb HTTP/1.0" 404 236 "-" "Mozilla/5.0 (compatible; SemrushBot/7~bl; +http://www.semrush.com/bot.html)"
185.191.171.15 - - [22/Nov/2024:14:46:51 -0800] "GET /zkww25654rfqls HTTP/1.0" 404 236 "-" "Mozilla/5.0 (compatible; SemrushBot/7~bl; +http://www.semrush.com/bot.html)"
85.208.96.198 - - [22/Nov/2024:14:46:58 -0800] "GET /ldqb21523nvbnr6 HTTP/1.0" 404 236 "-" "Mozilla/5.0 (compatible; SemrushBot/7~bl; +http://www.semrush.com/bot.html)"
85.208.96.208 - - [22/Nov/2024:14:47:48 -0800] "GET /mwuo5078afru.html HTTP/1.0" 404 236 "-" "Mozilla/5.0 (compatible; SemrushBot/7~bl; +http://www.semrush.com/bot.html)"
85.208.96.206 - - [22/Nov/2024:14:47:49 -0800] "GET /aemg24238f25gm HTTP/1.0" 404 236 "-" "Mozilla/5.0 (compatible; SemrushBot/7~bl; +http://www.semrush.com/bot.html)"
85.208.96.207 - - [22/Nov/2024:14:47:51 -0800] "GET /wvso16663pdxop HTTP/1.0" 404 236 "-" "Mozilla/5.0 (compatible; SemrushBot/7~bl; +http://www.semrush.com/bot.html)"
85.208.96.208 - - [22/Nov/2024:14:48:03 -0800] "GET /quhv16723xp5fvxeu4 HTTP/1.0" 404 236 "-" "Mozilla/5.0 (compatible; SemrushBot/7~bl; +http://www.semrush.com/bot.html)"
185.191.171.19 - - [22/Nov/2024:14:48:17 -0800] "GET /quhv4483dlvdhq HTTP/1.0" 404 236 "-" "Mozilla/5.0 (compatible; SemrushBot/7~bl; +http://www.semrush.com/bot.html)"
185.191.171.6 - - [22/Nov/2024:14:48:24 -0800] "GET /rpez16767pfxzp.htm HTTP/1.0" 404 236 "-" "Mozilla/5.0 (compatible; SemrushBot/7~bl; +http://www.semrush.com/bot.html)"
66.249.68.38 - - [22/Nov/2024:14:48:31 -0800] "GET /zyms3785hkpo/rlepyh.html HTTP/1.0" 404 236 "-" "Mozilla/5.0 (Linux; Android 6.0.1; Nexus 5X Build/MMB29P) AppleWebKit/537.36 (KHTML, like Gecko) Chrome/131.0.6778.69 Mobile Safari/537.36 (compatible; GoogleOther)"
66.249.68.37 - - [22/Nov/2024:14:48:33 -0800] "GET /ftod29997l3xtttldaao.htm HTTP/1.0" 404 236 "-" "Mozilla/5.0 (Linux; Android 6.0.1; Nexus 5X Build/MMB29P) AppleWebKit/537.36 (KHTML, like Gecko) Chrome/131.0.6778.69 Mobile Safari/537.36 (compatible; GoogleOther)"
185.191.171.19 - - [22/Nov/2024:14:48:33 -0800] "GET /pygu11093q8ib.html HTTP/1.0" 404 236 "-" "Mozilla/5.0 (compatible; SemrushBot/7~bl; +http://www.semrush.com/bot.html)"
66.249.68.36 - - [22/Nov/2024:14:48:34 -0800] "GET /okcn11489pg0fgx/3xkpaq.html HTTP/1.0" 404 236 "-" "Mozilla/5.0 (Linux; Android 6.0.1; Nexus 5X Build/MMB29P) AppleWebKit/537.36 (KHTML, like Gecko) Chrome/131.0.6778.69 Mobile Safari/537.36 (compatible; GoogleOther)"
66.249.79.66 - - [22/Nov/2024:14:48:36 -0800] "GET /snao27939hopohgc.htm HTTP/1.0" 404 236 "-" "Mozilla/5.0 (Linux; Android 6.0.1; Nexus 5X Build/MMB29P) AppleWebKit/537.36 (KHTML, like Gecko) Chrome/131.0.6778.69 Mobile Safari/537.36 (compatible; GoogleOther)"
66.249.68.37 - - [22/Nov/2024:14:48:38 -0800] "GET /dgov7389ewaey7ap/ycd.htm HTTP/1.0" 404 236 "-" "Mozilla/5.0 (Linux; Android 6.0.1; Nexus 5X Build/MMB29P) AppleWebKit/537.36 (KHTML, like Gecko) Chrome/131.0.6778.69 Mobile Safari/537.36 (compatible; GoogleOther)"
185.191.171.4 - - [22/Nov/2024:14:48:40 -0800] "GET /prgt25687rabk3 HTTP/1.0" 404 236 "-" "Mozilla/5.0 (compatible; SemrushBot/7~bl; +http://www.semrush.com/bot.html)"
185.191.171.10 - - [22/Nov/2024:14:48:41 -0800] "GET /shsf6639bjfbd.htm HTTP/1.0" 404 236 "-" "Mozilla/5.0 (compatible; SemrushBot/7~bl; +http://www.semrush.com/bot.html)"
185.191.171.10 - - [22/Nov/2024:14:48:42 -0800] "GET /xjhr13567nns5f HTTP/1.0" 404 236 "-" "Mozilla/5.0 (compatible; SemrushBot/7~bl; +http://www.semrush.com/bot.html)"
185.191.171.13 - - [22/Nov/2024:14:48:49 -0800] "GET /sbuy4786b96vcubbf HTTP/1.0" 404 236 "-" "Mozilla/5.0 (compatible; SemrushBot/7~bl; +http://www.semrush.com/bot.html)"
85.208.96.212 - - [22/Nov/2024:14:49:10 -0800] "GET /skzw9615np4dv.htm HTTP/1.0" 404 236 "-" "Mozilla/5.0 (compatible; SemrushBot/7~bl; +http://www.semrush.com/bot.html)"
66.249.68.37 - - [22/Nov/2024:14:49:18 -0800] "GET /xfmz15155pouzxc5/zfxzpsbr.html HTTP/1.0" 404 236 "-" "Mozilla/5.0 (Linux; Android 6.0.1; Nexus 5X Build/MMB29P) AppleWebKit/537.36 (KHTML, like Gecko) Chrome/131.0.6778.69 Mobile Safari/537.36 (compatible; GoogleOther)"
185.191.171.12 - - [22/Nov/2024:14:49:22 -0800] "GET /xfmz16119r90mz.htm HTTP/1.0" 404 236 "-" "Mozilla/5.0 (compatible; SemrushBot/7~bl; +http://www.semrush.com/bot.html)"
185.191.171.17 - - [22/Nov/2024:14:49:36 -0800] "GET /zyms17866dpaemd1gd HTTP/1.0" 404 236 "-" "Mozilla/5.0 (compatible; SemrushBot/7~bl; +http://www.semrush.com/bot.html)"
66.249.68.37 - - [22/Nov/2024:14:49:44 -0800] "GET /shsf13265x8j8g/oe0fhx.html HTTP/1.0" 404 236 "-" "Mozilla/5.0 (Linux; Android 6.0.1; Nexus 5X Build/MMB29P) AppleWebKit/537.36 (KHTML, like Gecko) Chrome/131.0.6778.69 Mobile Safari/537.36 (compatible; GoogleOther)"
66.249.79.67 - - [22/Nov/2024:14:50:12 -0800] "GET /hdqe9544bj2chbj HTTP/1.0" 404 236 "-" "Mozilla/5.0 (Linux; Android 6.0.1; Nexus 5X Build/MMB29P) AppleWebKit/537.36 (KHTML, like Gecko) Chrome/131.0.6778.69 Mobile Safari/537.36 (compatible; GoogleOther)"
85.208.96.208 - - [22/Nov/2024:14:50:15 -0800] "GET /yhag27134ib0x.html HTTP/1.0" 404 236 "-" "Mozilla/5.0 (compatible; SemrushBot/7~bl; +http://www.semrush.com/bot.html)"
185.191.171.18 - - [22/Nov/2024:14:50:29 -0800] "GET /obju25837lqtblhhm HTTP/1.0" 404 236 "-" "Mozilla/5.0 (compatible; SemrushBot/7~bl; +http://www.semrush.com/bot.html)"
66.249.68.38 - - [22/Nov/2024:14:50:43 -0800] "GET /wvso10293pynfoxvp85i.htm HTTP/1.0" 404 236 "-" "Mozilla/5.0 (Linux; Android 6.0.1; Nexus 5X Build/MMB29P) AppleWebKit/537.36 (KHTML, like Gecko) Chrome/131.0.6778.69 Mobile Safari/537.36 (compatible; GoogleOther)"
85.208.96.193 - - [22/Nov/2024:14:50:46 -0800] "GET /ouzo28118e4cm.html HTTP/1.0" 404 236 "-" "Mozilla/5.0 (compatible; SemrushBot/7~bl; +http://www.semrush.com/bot.html)"
185.191.171.1 - - [22/Nov/2024:14:50:52 -0800] "GET /pnqr820negvopnzhai HTTP/1.0" 404 236 "-" "Mozilla/5.0 (compatible; SemrushBot/7~bl; +http://www.semrush.com/bot.html)"
85.208.96.208 - - [22/Nov/2024:14:51:17 -0800] "GET /mpeq3486b9hce.htm HTTP/1.0" 404 236 "-" "Mozilla/5.0 (compatible; SemrushBot/7~bl; +http://www.semrush.com/bot.html)"
185.191.171.14 - - [22/Nov/2024:14:51:46 -0800] "GET /ojjx17470xoyjx HTTP/1.0" 404 236 "-" "Mozilla/5.0 (compatible; SemrushBot/7~bl; +http://www.semrush.com/bot.html)"
185.191.171.5 - - [22/Nov/2024:14:52:19 -0800] "GET /varv27638sars.html HTTP/1.0" 404 236 "-" "Mozilla/5.0 (compatible; SemrushBot/7~bl; +http://www.semrush.com/bot.html)"
85.208.96.211 - - [22/Nov/2024:14:52:20 -0800] "GET /nozd28969xrefoxz HTTP/1.0" 404 236 "-" "Mozilla/5.0 (compatible; SemrushBot/7~bl; +http://www.semrush.com/bot.html)"
185.191.171.1 - - [22/Nov/2024:14:52:36 -0800] "GET /pygu24856zapzzv HTTP/1.0" 404 236 "-" "Mozilla/5.0 (compatible; SemrushBot/7~bl; +http://www.semrush.com/bot.html)"
185.191.171.14 - - [22/Nov/2024:14:52:39 -0800] "GET /zyms23392rrszrt4 HTTP/1.0" 404 236 "-" "Mozilla/5.0 (compatible; SemrushBot/7~bl; +http://www.semrush.com/bot.html)"
85.208.96.202 - - [22/Nov/2024:14:52:44 -0800] "GET /wmaj19207ly3ct HTTP/1.0" 404 236 "-" "Mozilla/5.0 (compatible; SemrushBot/7~bl; +http://www.semrush.com/bot.html)"
85.208.96.206 - - [22/Nov/2024:14:52:46 -0800] "GET /rpez7046s0yu.html HTTP/1.0" 404 236 "-" "Mozilla/5.0 (compatible; SemrushBot/7~bl; +http://www.semrush.com/bot.html)"
185.191.171.16 - - [22/Nov/2024:14:52:47 -0800] "GET /lbfo3063nivon.htm HTTP/1.0" 404 236 "-" "Mozilla/5.0 (compatible; SemrushBot/7~bl; +http://www.semrush.com/bot.html)"
185.191.171.10 - - [22/Nov/2024:14:52:51 -0800] "GET /jcvc2638lkyvh HTTP/1.0" 404 236 "-" "Mozilla/5.0 (compatible; SemrushBot/7~bl; +http://www.semrush.com/bot.html)"
185.191.171.2 - - [22/Nov/2024:14:53:10 -0800] "GET /xpxm6919vc6dd HTTP/1.0" 404 236 "-" "Mozilla/5.0 (compatible; SemrushBot/7~bl; +http://www.semrush.com/bot.html)"
185.191.171.3 - - [22/Nov/2024:14:53:36 -0800] "GET /zkww19590loukm.htm HTTP/1.0" 404 236 "-" "Mozilla/5.0 (compatible; SemrushBot/7~bl; +http://www.semrush.com/bot.html)"
85.208.96.195 - - [22/Nov/2024:14:53:37 -0800] "GET /sbuy15086y4gu.html HTTP/1.0" 404 236 "-" "Mozilla/5.0 (compatible; SemrushBot/7~bl; +http://www.semrush.com/bot.html)"
85.208.96.201 - - [22/Nov/2024:14:53:57 -0800] "GET /pwlp954rfslrop.htm HTTP/1.0" 404 236 "-" "Mozilla/5.0 (compatible; SemrushBot/7~bl; +http://www.semrush.com/bot.html)"
85.208.96.199 - - [22/Nov/2024:14:54:05 -0800] "GET /mmwe3259b7ojebvb2 HTTP/1.0" 404 236 "-" "Mozilla/5.0 (compatible; SemrushBot/7~bl; +http://www.semrush.com/bot.html)"
185.191.171.3 - - [22/Nov/2024:14:54:19 -0800] "GET /pygu13513ltylj4 HTTP/1.0" 404 236 "-" "Mozilla/5.0 (compatible; SemrushBot/7~bl; +http://www.semrush.com/bot.html)"
85.208.96.193 - - [22/Nov/2024:14:54:53 -0800] "GET /robots.txt HTTP/1.0" 200 1101 "-" "Mozilla/5.0 (compatible; SemrushBot/7~bl; +http://www.semrush.com/bot.html)"
185.191.171.3 - - [22/Nov/2024:14:54:54 -0800] "GET /nozd4671jxcrd.htm HTTP/1.0" 404 236 "-" "Mozilla/5.0 (compatible; SemrushBot/7~bl; +http://www.semrush.com/bot.html)"
85.208.96.198 - - [22/Nov/2024:14:55:05 -0800] "GET /mmwe11683bl7jebgx6 HTTP/1.0" 404 236 "-" "Mozilla/5.0 (compatible; SemrushBot/7~bl; +http://www.semrush.com/bot.html)"
185.191.171.14 - - [22/Nov/2024:14:55:07 -0800] "GET /lbfo5223pargs.htm HTTP/1.0" 404 236 "-" "Mozilla/5.0 (compatible; SemrushBot/7~bl; +http://www.semrush.com/bot.html)"
85.208.96.199 - - [22/Nov/2024:14:55:08 -0800] "GET /xpxm16807dzulm HTTP/1.0" 404 236 "-" "Mozilla/5.0 (compatible; SemrushBot/7~bl; +http://www.semrush.com/bot.html)"
185.191.171.11 - - [22/Nov/2024:14:55:36 -0800] "GET /sdkv6457bjdbin HTTP/1.0" 404 236 "-" "Mozilla/5.0 (compatible; SemrushBot/7~bl; +http://www.semrush.com/bot.html)"
85.208.96.197 - - [22/Nov/2024:14:56:22 -0800] "GET /obju28522z1qnsajzv HTTP/1.0" 404 236 "-" "Mozilla/5.0 (compatible; SemrushBot/7~bl; +http://www.semrush.com/bot.html)"
185.191.171.8 - - [22/Nov/2024:14:56:25 -0800] "GET /lkaj16810ncq5boanq HTTP/1.0" 404 236 "-" "Mozilla/5.0 (compatible; SemrushBot/7~bl; +http://www.semrush.com/bot.html)"
185.191.171.11 - - [22/Nov/2024:14:56:36 -0800] "GET /nozd1886ggyq.html HTTP/1.0" 404 236 "-" "Mozilla/5.0 (compatible; SemrushBot/7~bl; +http://www.semrush.com/bot.html)"
185.191.171.1 - - [22/Nov/2024:14:56:48 -0800] "GET /sdkv9067l4fttvld0 HTTP/1.0" 404 236 "-" "Mozilla/5.0 (compatible; SemrushBot/7~bl; +http://www.semrush.com/bot.html)"
85.208.96.209 - - [22/Nov/2024:14:57:04 -0800] "GET /peoy10162vyx0wovs7 HTTP/1.0" 404 236 "-" "Mozilla/5.0 (compatible; SemrushBot/7~bl; +http://www.semrush.com/bot.html)"
185.191.171.17 - - [22/Nov/2024:14:57:09 -0800] "GET /xdwt9259vy1dtv62f HTTP/1.0" 404 236 "-" "Mozilla/5.0 (compatible; SemrushBot/7~bl; +http://www.semrush.com/bot.html)"
185.191.171.13 - - [22/Nov/2024:14:57:13 -0800] "GET /oiie25613cykq.html HTTP/1.0" 404 236 "-" "Mozilla/5.0 (compatible; SemrushBot/7~bl; +http://www.semrush.com/bot.html)"
185.191.171.15 - - [22/Nov/2024:14:57:20 -0800] "GET /peoy25263jrfxr.htm HTTP/1.0" 404 236 "-" "Mozilla/5.0 (compatible; SemrushBot/7~bl; +http://www.semrush.com/bot.html)"
85.208.96.208 - - [22/Nov/2024:14:57:44 -0800] "GET /vvsg19786zamsaszew HTTP/1.0" 404 236 "-" "Mozilla/5.0 (compatible; SemrushBot/7~bl; +http://www.semrush.com/bot.html)"
85.208.96.204 - - [22/Nov/2024:14:57:45 -0800] "GET /pygu21230geog.html HTTP/1.0" 404 236 "-" "Mozilla/5.0 (compatible; SemrushBot/7~bl; +http://www.semrush.com/bot.html)"
85.208.96.205 - - [22/Nov/2024:14:58:20 -0800] "GET /obju27269uvbu.html HTTP/1.0" 404 236 "-" "Mozilla/5.0 (compatible; SemrushBot/7~bl; +http://www.semrush.com/bot.html)"
185.191.171.7 - - [22/Nov/2024:14:59:06 -0800] "GET /nozd29719tjbdt HTTP/1.0" 404 236 "-" "Mozilla/5.0 (compatible; SemrushBot/7~bl; +http://www.semrush.com/bot.html)"
185.191.171.15 - - [22/Nov/2024:14:59:27 -0800] "GET /vofz22325qq7r.html HTTP/1.0" 404 236 "-" "Mozilla/5.0 (compatible; SemrushBot/7~bl; +http://www.semrush.com/bot.html)"
66.249.79.67 - - [22/Nov/2024:14:59:32 -0800] "GET /zbds8470t4e8r HTTP/1.0" 404 236 "-" "Mozilla/5.0 (Linux; Android 6.0.1; Nexus 5X Build/MMB29P) AppleWebKit/537.36 (KHTML, like Gecko) Chrome/131.0.6778.69 Mobile Safari/537.36 (compatible; GoogleOther)"
66.249.68.38 - - [22/Nov/2024:14:59:33 -0800] "GET /skad18149tf70/wxybkta9uq.html HTTP/1.0" 404 236 "-" "Mozilla/5.0 (Linux; Android 6.0.1; Nexus 5X Build/MMB29P) AppleWebKit/537.36 (KHTML, like Gecko) Chrome/131.0.6778.69 Mobile Safari/537.36 (compatible; GoogleOther)"
85.208.96.198 - - [22/Nov/2024:14:59:33 -0800] "GET /qzzv8702kbsz.html HTTP/1.0" 404 236 "-" "Mozilla/5.0 (compatible; SemrushBot/7~bl; +http://www.semrush.com/bot.html)"
185.191.171.11 - - [22/Nov/2024:14:59:35 -0800] "GET /ohje11224rn3soro HTTP/1.0" 404 236 "-" "Mozilla/5.0 (compatible; SemrushBot/7~bl; +http://www.semrush.com/bot.html)"
66.249.79.66 - - [22/Nov/2024:14:59:39 -0800] "GET /boke292fkgbfpc2 HTTP/1.0" 404 236 "-" "Mozilla/5.0 (Linux; Android 6.0.1; Nexus 5X Build/MMB29P) AppleWebKit/537.36 (KHTML, like Gecko) Chrome/131.0.6778.69 Mobile Safari/537.36 (compatible; GoogleOther)"
66.249.79.67 - - [22/Nov/2024:14:59:40 -0800] "GET /yhoz8613g165ahx/vhh.htm HTTP/1.0" 404 236 "-" "Mozilla/5.0 (Linux; Android 6.0.1; Nexus 5X Build/MMB29P) AppleWebKit/537.36 (KHTML, like Gecko) Chrome/131.0.6778.69 Mobile Safari/537.36 (compatible; GoogleOther)"
66.249.68.37 - - [22/Nov/2024:14:59:43 -0800] "GET /skad18121rnovzkr HTTP/1.0" 404 236 "-" "Mozilla/5.0 (Linux; Android 6.0.1; Nexus 5X Build/MMB29P) AppleWebKit/537.36 (KHTML, like Gecko) Chrome/131.0.6778.69 Mobile Safari/537.36 (compatible; GoogleOther)"
