85.208.96.200 - - [22/Nov/2024:04:56:25 -0800] "GET /zyms23557tbyt2u HTTP/1.0" 404 236 "-" "Mozilla/5.0 (compatible; SemrushBot/7~bl; +http://www.semrush.com/bot.html)"
185.191.171.9 - - [22/Nov/2024:04:56:26 -0800] "GET /sbuy19927d8iol HTTP/1.0" 404 236 "-" "Mozilla/5.0 (compatible; SemrushBot/7~bl; +http://www.semrush.com/bot.html)"
185.191.171.4 - - [22/Nov/2024:04:56:53 -0800] "GET /zkww4249dc73glk HTTP/1.0" 404 236 "-" "Mozilla/5.0 (compatible; SemrushBot/7~bl; +http://www.semrush.com/bot.html)"
185.191.171.5 - - [22/Nov/2024:04:57:18 -0800] "GET /vofz3934hifhy HTTP/1.0" 404 236 "-" "Mozilla/5.0 (compatible; SemrushBot/7~bl; +http://www.semrush.com/bot.html)"
185.191.171.14 - - [22/Nov/2024:04:57:22 -0800] "GET /zsob15535f13nb HTTP/1.0" 404 236 "-" "Mozilla/5.0 (compatible; SemrushBot/7~bl; +http://www.semrush.com/bot.html)"
185.191.171.4 - - [22/Nov/2024:04:57:52 -0800] "GET /quhv8632z25aqzk HTTP/1.0" 404 236 "-" "Mozilla/5.0 (compatible; SemrushBot/7~bl; +http://www.semrush.com/bot.html)"
185.191.171.13 - - [22/Nov/2024:04:58:23 -0800] "GET /gfmm2455ds7ql HTTP/1.0" 404 236 "-" "Mozilla/5.0 (compatible; SemrushBot/7~bl; +http://www.semrush.com/bot.html)"
85.208.96.196 - - [22/Nov/2024:04:58:32 -0800] "GET /sbuy18742vfvvw HTTP/1.0" 404 236 "-" "Mozilla/5.0 (compatible; SemrushBot/7~bl; +http://www.semrush.com/bot.html)"
85.208.96.195 - - [22/Nov/2024:04:58:35 -0800] "GET /qtvx10575l530t.htm HTTP/1.0" 404 236 "-" "Mozilla/5.0 (compatible; SemrushBot/7~bl; +http://www.semrush.com/bot.html)"
185.191.171.12 - - [22/Nov/2024:04:58:37 -0800] "GET /okdx13047njwvx.htm HTTP/1.0" 404 236 "-" "Mozilla/5.0 (compatible; SemrushBot/7~bl; +http://www.semrush.com/bot.html)"
185.191.171.3 - - [22/Nov/2024:04:58:45 -0800] "GET /qjdv10534dxedd HTTP/1.0" 404 236 "-" "Mozilla/5.0 (compatible; SemrushBot/7~bl; +http://www.semrush.com/bot.html)"
185.191.171.7 - - [22/Nov/2024:04:59:43 -0800] "GET /lkaj12649f905rnk HTTP/1.0" 404 236 "-" "Mozilla/5.0 (compatible; SemrushBot/7~bl; +http://www.semrush.com/bot.html)"
85.208.96.209 - - [22/Nov/2024:04:59:45 -0800] "GET /varv5998rv5ks HTTP/1.0" 404 236 "-" "Mozilla/5.0 (compatible; SemrushBot/7~bl; +http://www.semrush.com/bot.html)"
85.208.96.198 - - [22/Nov/2024:05:00:17 -0800] "GET /zyms19286mumm.html HTTP/1.0" 404 236 "-" "Mozilla/5.0 (compatible; SemrushBot/7~bl; +http://www.semrush.com/bot.html)"
185.191.171.14 - - [22/Nov/2024:05:00:28 -0800] "GET /rbeu16210llmelw6 HTTP/1.0" 404 236 "-" "Mozilla/5.0 (compatible; SemrushBot/7~bl; +http://www.semrush.com/bot.html)"
185.191.171.3 - - [22/Nov/2024:05:00:29 -0800] "GET /oiie22162jckij74x HTTP/1.0" 404 236 "-" "Mozilla/5.0 (compatible; SemrushBot/7~bl; +http://www.semrush.com/bot.html)"
185.191.171.15 - - [22/Nov/2024:05:00:39 -0800] "GET /xpxm784dexds2 HTTP/1.0" 404 236 "-" "Mozilla/5.0 (compatible; SemrushBot/7~bl; +http://www.semrush.com/bot.html)"
52.167.144.230 - - [22/Nov/2024:05:00:41 -0800] "GET /bri2921.xml HTTP/1.0" 404 236 "-" "Mozilla/5.0 AppleWebKit/537.36 (KHTML, like Gecko; compatible; bingbot/2.0; +http://www.bing.com/bingbot.htm) Chrome/116.0.1938.76 Safari/537.36"
85.208.96.197 - - [22/Nov/2024:05:00:42 -0800] "GET /nnsx5832hinht0.htm HTTP/1.0" 404 236 "-" "Mozilla/5.0 (compatible; SemrushBot/7~bl; +http://www.semrush.com/bot.html)"
40.77.167.144 - - [22/Nov/2024:05:01:00 -0800] "GET /bri325.xml HTTP/1.0" 404 236 "-" "Mozilla/5.0 AppleWebKit/537.36 (KHTML, like Gecko; compatible; bingbot/2.0; +http://www.bing.com/bingbot.htm) Chrome/116.0.1938.76 Safari/537.36"
185.191.171.4 - - [22/Nov/2024:05:01:20 -0800] "GET /qtvx15893gkht.html HTTP/1.0" 404 236 "-" "Mozilla/5.0 (compatible; SemrushBot/7~bl; +http://www.semrush.com/bot.html)"
85.208.96.204 - - [22/Nov/2024:05:01:21 -0800] "GET /zkww17227hnjy8pwhj HTTP/1.0" 404 236 "-" "Mozilla/5.0 (compatible; SemrushBot/7~bl; +http://www.semrush.com/bot.html)"
85.208.96.209 - - [22/Nov/2024:05:01:40 -0800] "GET /pnqr3686mpxu.html HTTP/1.0" 404 236 "-" "Mozilla/5.0 (compatible; SemrushBot/7~bl; +http://www.semrush.com/bot.html)"
185.191.171.18 - - [22/Nov/2024:05:01:41 -0800] "GET /prgt9686grzo.html HTTP/1.0" 404 236 "-" "Mozilla/5.0 (compatible; SemrushBot/7~bl; +http://www.semrush.com/bot.html)"
85.208.96.208 - - [22/Nov/2024:05:02:12 -0800] "GET /zkww14837qsrk.html HTTP/1.0" 404 236 "-" "Mozilla/5.0 (compatible; SemrushBot/7~bl; +http://www.semrush.com/bot.html)"
85.208.96.209 - - [22/Nov/2024:05:02:13 -0800] "GET /zort14095v87vd HTTP/1.0" 404 236 "-" "Mozilla/5.0 (compatible; SemrushBot/7~bl; +http://www.semrush.com/bot.html)"
52.167.144.203 - - [22/Nov/2024:05:02:41 -0800] "GET /bri69.xml HTTP/1.0" 404 236 "-" "Mozilla/5.0 AppleWebKit/537.36 (KHTML, like Gecko; compatible; bingbot/2.0; +http://www.bing.com/bingbot.htm) Chrome/116.0.1938.76 Safari/537.36"
85.208.96.209 - - [22/Nov/2024:05:02:42 -0800] "GET /pygu5630g7ub.html HTTP/1.0" 404 236 "-" "Mozilla/5.0 (compatible; SemrushBot/7~bl; +http://www.semrush.com/bot.html)"
185.191.171.13 - - [22/Nov/2024:05:02:44 -0800] "GET /shsf13143fnff6.htm HTTP/1.0" 404 236 "-" "Mozilla/5.0 (compatible; SemrushBot/7~bl; +http://www.semrush.com/bot.html)"
185.191.171.8 - - [22/Nov/2024:05:02:53 -0800] "GET /xoem5863flnmf HTTP/1.0" 404 236 "-" "Mozilla/5.0 (compatible; SemrushBot/7~bl; +http://www.semrush.com/bot.html)"
85.208.96.208 - - [22/Nov/2024:05:03:03 -0800] "GET /robots.txt HTTP/1.0" 200 1101 "-" "Mozilla/5.0 (compatible; SemrushBot/7~bl; +http://www.semrush.com/bot.html)"
85.208.96.208 - - [22/Nov/2024:05:03:03 -0800] "GET /mwuo21154pxxqupu5a HTTP/1.0" 404 236 "-" "Mozilla/5.0 (compatible; SemrushBot/7~bl; +http://www.semrush.com/bot.html)"
85.208.96.204 - - [22/Nov/2024:05:03:09 -0800] "GET /qtvx14197tblbttyao HTTP/1.0" 404 236 "-" "Mozilla/5.0 (compatible; SemrushBot/7~bl; +http://www.semrush.com/bot.html)"
85.208.96.208 - - [22/Nov/2024:05:03:42 -0800] "GET /aemg18862lrafm HTTP/1.0" 404 236 "-" "Mozilla/5.0 (compatible; SemrushBot/7~bl; +http://www.semrush.com/bot.html)"
52.167.144.203 - - [22/Nov/2024:05:03:51 -0800] "GET /bri1799.xml HTTP/1.0" 404 236 "-" "Mozilla/5.0 AppleWebKit/537.36 (KHTML, like Gecko; compatible; bingbot/2.0; +http://www.bing.com/bingbot.htm) Chrome/116.0.1938.76 Safari/537.36"
185.191.171.15 - - [22/Nov/2024:05:04:02 -0800] "GET /ohje696tuotkp.htm HTTP/1.0" 404 236 "-" "Mozilla/5.0 (compatible; SemrushBot/7~bl; +http://www.semrush.com/bot.html)"
185.191.171.16 - - [22/Nov/2024:05:04:13 -0800] "GET /opfy26659biljybnlr HTTP/1.0" 404 236 "-" "Mozilla/5.0 (compatible; SemrushBot/7~bl; +http://www.semrush.com/bot.html)"
85.208.96.207 - - [22/Nov/2024:05:04:17 -0800] "GET /zyms22273jp6ryjs HTTP/1.0" 404 236 "-" "Mozilla/5.0 (compatible; SemrushBot/7~bl; +http://www.semrush.com/bot.html)"
185.191.171.12 - - [22/Nov/2024:05:04:23 -0800] "GET /lixb8910r7sxr.htm HTTP/1.0" 404 236 "-" "Mozilla/5.0 (compatible; SemrushBot/7~bl; +http://www.semrush.com/bot.html)"
185.191.171.5 - - [22/Nov/2024:05:04:41 -0800] "GET /mnsj2470zasz5 HTTP/1.0" 404 236 "-" "Mozilla/5.0 (compatible; SemrushBot/7~bl; +http://www.semrush.com/bot.html)"
85.208.96.193 - - [22/Nov/2024:05:04:43 -0800] "GET /pwlp280tji9upt HTTP/1.0" 404 236 "-" "Mozilla/5.0 (compatible; SemrushBot/7~bl; +http://www.semrush.com/bot.html)"
185.191.171.7 - - [22/Nov/2024:05:04:51 -0800] "GET /zsob2261y31z.html HTTP/1.0" 404 236 "-" "Mozilla/5.0 (compatible; SemrushBot/7~bl; +http://www.semrush.com/bot.html)"
185.191.171.1 - - [22/Nov/2024:05:05:17 -0800] "GET /mwuo14455rl4zo HTTP/1.0" 404 236 "-" "Mozilla/5.0 (compatible; SemrushBot/7~bl; +http://www.semrush.com/bot.html)"
85.208.96.209 - - [22/Nov/2024:05:05:20 -0800] "GET /xuro29350vb0w0 HTTP/1.0" 404 236 "-" "Mozilla/5.0 (compatible; SemrushBot/7~bl; +http://www.semrush.com/bot.html)"
85.208.96.197 - - [22/Nov/2024:05:05:25 -0800] "GET /qjdv255ni5a4.htm HTTP/1.0" 404 236 "-" "Mozilla/5.0 (compatible; SemrushBot/7~bl; +http://www.semrush.com/bot.html)"
85.208.96.209 - - [22/Nov/2024:05:05:36 -0800] "GET /shsf2851jfhdrfj7n HTTP/1.0" 404 236 "-" "Mozilla/5.0 (compatible; SemrushBot/7~bl; +http://www.semrush.com/bot.html)"
85.208.96.206 - - [22/Nov/2024:05:06:02 -0800] "GET /aemg16630pw0lq HTTP/1.0" 404 236 "-" "Mozilla/5.0 (compatible; SemrushBot/7~bl; +http://www.semrush.com/bot.html)"
85.208.96.199 - - [22/Nov/2024:05:06:22 -0800] "GET /prgt63dp4mp.htm HTTP/1.0" 404 236 "-" "Mozilla/5.0 (compatible; SemrushBot/7~bl; +http://www.semrush.com/bot.html)"
85.208.96.209 - - [22/Nov/2024:05:06:37 -0800] "GET /pozb1417fl4kxno HTTP/1.0" 404 236 "-" "Mozilla/5.0 (compatible; SemrushBot/7~bl; +http://www.semrush.com/bot.html)"
85.208.96.208 - - [22/Nov/2024:05:06:54 -0800] "GET /rbeu11405qirb.html HTTP/1.0" 404 236 "-" "Mozilla/5.0 (compatible; SemrushBot/7~bl; +http://www.semrush.com/bot.html)"
185.191.171.6 - - [22/Nov/2024:05:06:59 -0800] "GET /wjfx30054xfmyf.htm HTTP/1.0" 404 236 "-" "Mozilla/5.0 (compatible; SemrushBot/7~bl; +http://www.semrush.com/bot.html)"
85.208.96.207 - - [22/Nov/2024:05:07:02 -0800] "GET /pygu20671t6but HTTP/1.0" 404 236 "-" "Mozilla/5.0 (compatible; SemrushBot/7~bl; +http://www.semrush.com/bot.html)"
85.208.96.200 - - [22/Nov/2024:05:07:29 -0800] "GET /ouzo6739xfoxad HTTP/1.0" 404 236 "-" "Mozilla/5.0 (compatible; SemrushBot/7~bl; +http://www.semrush.com/bot.html)"
85.208.96.200 - - [22/Nov/2024:05:07:38 -0800] "GET /rbeu7109kk4j.html HTTP/1.0" 404 236 "-" "Mozilla/5.0 (compatible; SemrushBot/7~bl; +http://www.semrush.com/bot.html)"
85.208.96.196 - - [22/Nov/2024:05:07:58 -0800] "GET /oiie10879du9qy HTTP/1.0" 404 236 "-" "Mozilla/5.0 (compatible; SemrushBot/7~bl; +http://www.semrush.com/bot.html)"
185.191.171.6 - - [22/Nov/2024:05:08:02 -0800] "GET /qtvx16685s2dt.html HTTP/1.0" 404 236 "-" "Mozilla/5.0 (compatible; SemrushBot/7~bl; +http://www.semrush.com/bot.html)"
52.167.144.215 - - [22/Nov/2024:05:08:21 -0800] "GET /bri1035.xml HTTP/1.0" 404 236 "-" "Mozilla/5.0 AppleWebKit/537.36 (KHTML, like Gecko; compatible; bingbot/2.0; +http://www.bing.com/bingbot.htm) Chrome/116.0.1938.76 Safari/537.36"
85.208.96.210 - - [22/Nov/2024:05:08:46 -0800] "GET /azbc19099hapcheue HTTP/1.0" 404 236 "-" "Mozilla/5.0 (compatible; SemrushBot/7~bl; +http://www.semrush.com/bot.html)"
85.208.96.202 - - [22/Nov/2024:05:08:50 -0800] "GET /rbeu11998l5rkm HTTP/1.0" 404 236 "-" "Mozilla/5.0 (compatible; SemrushBot/7~bl; +http://www.semrush.com/bot.html)"
185.191.171.12 - - [22/Nov/2024:05:09:18 -0800] "GET /mpeq15421vwzdpvkdo HTTP/1.0" 404 236 "-" "Mozilla/5.0 (compatible; SemrushBot/7~bl; +http://www.semrush.com/bot.html)"
185.191.171.13 - - [22/Nov/2024:05:09:19 -0800] "GET /rscd17356nbgorncrz HTTP/1.0" 404 236 "-" "Mozilla/5.0 (compatible; SemrushBot/7~bl; +http://www.semrush.com/bot.html)"
85.208.96.199 - - [22/Nov/2024:05:09:21 -0800] "GET /mpeq26463nzyrv.htm HTTP/1.0" 404 236 "-" "Mozilla/5.0 (compatible; SemrushBot/7~bl; +http://www.semrush.com/bot.html)"
85.208.96.196 - - [22/Nov/2024:05:09:22 -0800] "GET /mpeq12931b8jqb8pl HTTP/1.0" 404 236 "-" "Mozilla/5.0 (compatible; SemrushBot/7~bl; +http://www.semrush.com/bot.html)"
85.208.96.209 - - [22/Nov/2024:05:09:35 -0800] "GET /qzxy20717u6tl.html HTTP/1.0" 404 236 "-" "Mozilla/5.0 (compatible; SemrushBot/7~bl; +http://www.semrush.com/bot.html)"
185.191.171.6 - - [22/Nov/2024:05:09:38 -0800] "GET /mpeq11678wqs9.html HTTP/1.0" 404 236 "-" "Mozilla/5.0 (compatible; SemrushBot/7~bl; +http://www.semrush.com/bot.html)"
185.191.171.9 - - [22/Nov/2024:05:10:13 -0800] "GET /zyms12598nboom HTTP/1.0" 404 236 "-" "Mozilla/5.0 (compatible; SemrushBot/7~bl; +http://www.semrush.com/bot.html)"
185.191.171.9 - - [22/Nov/2024:05:10:15 -0800] "GET /aemg16645xgfexgfb HTTP/1.0" 404 236 "-" "Mozilla/5.0 (compatible; SemrushBot/7~bl; +http://www.semrush.com/bot.html)"
85.208.96.207 - - [22/Nov/2024:05:10:38 -0800] "GET /xoem7591r11zm HTTP/1.0" 404 236 "-" "Mozilla/5.0 (compatible; SemrushBot/7~bl; +http://www.semrush.com/bot.html)"
85.208.96.209 - - [22/Nov/2024:05:10:39 -0800] "GET /oiie27931zghezlu HTTP/1.0" 404 236 "-" "Mozilla/5.0 (compatible; SemrushBot/7~bl; +http://www.semrush.com/bot.html)"
185.191.171.8 - - [22/Nov/2024:05:11:06 -0800] "GET /ohje14563vindevhs9 HTTP/1.0" 404 236 "-" "Mozilla/5.0 (compatible; SemrushBot/7~bl; +http://www.semrush.com/bot.html)"
85.208.96.200 - - [22/Nov/2024:05:11:25 -0800] "GET /wmaj28831pxxjp HTTP/1.0" 404 236 "-" "Mozilla/5.0 (compatible; SemrushBot/7~bl; +http://www.semrush.com/bot.html)"
85.208.96.200 - - [22/Nov/2024:05:11:56 -0800] "GET /zkww28009zkchhkz HTTP/1.0" 404 236 "-" "Mozilla/5.0 (compatible; SemrushBot/7~bl; +http://www.semrush.com/bot.html)"
185.191.171.2 - - [22/Nov/2024:05:11:57 -0800] "GET /lbfo12727fvnof HTTP/1.0" 404 236 "-" "Mozilla/5.0 (compatible; SemrushBot/7~bl; +http://www.semrush.com/bot.html)"
185.191.171.19 - - [22/Nov/2024:05:12:06 -0800] "GET /zyew14141wymx.html HTTP/1.0" 404 236 "-" "Mozilla/5.0 (compatible; SemrushBot/7~bl; +http://www.semrush.com/bot.html)"
85.208.96.205 - - [22/Nov/2024:05:12:11 -0800] "GET /zkww739d1e0lwdxb HTTP/1.0" 404 236 "-" "Mozilla/5.0 (compatible; SemrushBot/7~bl; +http://www.semrush.com/bot.html)"
185.191.171.11 - - [22/Nov/2024:05:12:35 -0800] "GET /aemg28594t3umtdc HTTP/1.0" 404 236 "-" "Mozilla/5.0 (compatible; SemrushBot/7~bl; +http://www.semrush.com/bot.html)"
85.208.96.200 - - [22/Nov/2024:05:12:46 -0800] "GET /nnsx20347h0pxhlvn HTTP/1.0" 404 236 "-" "Mozilla/5.0 (compatible; SemrushBot/7~bl; +http://www.semrush.com/bot.html)"
185.191.171.19 - - [22/Nov/2024:05:12:54 -0800] "GET /ouzo20862jtqok.htm HTTP/1.0" 404 236 "-" "Mozilla/5.0 (compatible; SemrushBot/7~bl; +http://www.semrush.com/bot.html)"
40.77.167.241 - - [22/Nov/2024:05:13:02 -0800] "GET /bri2461.xml HTTP/1.0" 404 236 "-" "Mozilla/5.0 AppleWebKit/537.36 (KHTML, like Gecko; compatible; bingbot/2.0; +http://www.bing.com/bingbot.htm) Chrome/116.0.1938.76 Safari/537.36"
94.247.172.129 - - [22/Nov/2024:05:13:07 -0800] "GET / HTTP/1.0" 200 6026 "-" "Mozilla/5.0 (Macintosh; Intel Mac OS X 10_9_2)"
185.191.171.1 - - [22/Nov/2024:05:13:23 -0800] "GET /shsf19829qj8c.html HTTP/1.0" 404 236 "-" "Mozilla/5.0 (compatible; SemrushBot/7~bl; +http://www.semrush.com/bot.html)"
185.191.171.11 - - [22/Nov/2024:05:13:36 -0800] "GET /sbuy13829wxbw.html HTTP/1.0" 404 236 "-" "Mozilla/5.0 (compatible; SemrushBot/7~bl; +http://www.semrush.com/bot.html)"
85.208.96.207 - - [22/Nov/2024:05:13:38 -0800] "GET /sdkv9085dfzlddo5e HTTP/1.0" 404 236 "-" "Mozilla/5.0 (compatible; SemrushBot/7~bl; +http://www.semrush.com/bot.html)"
85.208.96.204 - - [22/Nov/2024:05:13:50 -0800] "GET /varv1528t6uvthi HTTP/1.0" 404 236 "-" "Mozilla/5.0 (compatible; SemrushBot/7~bl; +http://www.semrush.com/bot.html)"
85.208.96.201 - - [22/Nov/2024:05:13:51 -0800] "GET /oiie23918qyiq.html HTTP/1.0" 404 236 "-" "Mozilla/5.0 (compatible; SemrushBot/7~bl; +http://www.semrush.com/bot.html)"
85.208.96.197 - - [22/Nov/2024:05:14:13 -0800] "GET /mwuo29692z3wamzh0r HTTP/1.0" 404 236 "-" "Mozilla/5.0 (compatible; SemrushBot/7~bl; +http://www.semrush.com/bot.html)"
85.208.96.208 - - [22/Nov/2024:05:14:23 -0800] "GET /xpxm25327vykwd HTTP/1.0" 404 236 "-" "Mozilla/5.0 (compatible; SemrushBot/7~bl; +http://www.semrush.com/bot.html)"
85.208.96.208 - - [22/Nov/2024:05:14:41 -0800] "GET /pygu997butwjybrosh HTTP/1.0" 404 236 "-" "Mozilla/5.0 (compatible; SemrushBot/7~bl; +http://www.semrush.com/bot.html)"
85.208.96.198 - - [22/Nov/2024:05:15:12 -0800] "GET /qzxy29678eqmx.html HTTP/1.0" 404 236 "-" "Mozilla/5.0 (compatible; SemrushBot/7~bl; +http://www.semrush.com/bot.html)"
185.191.171.8 - - [22/Nov/2024:05:15:21 -0800] "GET /yhag12889l03w4th HTTP/1.0" 404 236 "-" "Mozilla/5.0 (compatible; SemrushBot/7~bl; +http://www.semrush.com/bot.html)"
85.208.96.195 - - [22/Nov/2024:05:15:40 -0800] "GET /wmaj20563peqwxjpfu HTTP/1.0" 404 236 "-" "Mozilla/5.0 (compatible; SemrushBot/7~bl; +http://www.semrush.com/bot.html)"
185.191.171.15 - - [22/Nov/2024:05:15:49 -0800] "GET /lixb541nbc2vinca1v HTTP/1.0" 404 236 "-" "Mozilla/5.0 (compatible; SemrushBot/7~bl; +http://www.semrush.com/bot.html)"
40.77.167.241 - - [22/Nov/2024:05:15:52 -0800] "GET /bri127.xml HTTP/1.0" 404 236 "-" "Mozilla/5.0 AppleWebKit/537.36 (KHTML, like Gecko; compatible; bingbot/2.0; +http://www.bing.com/bingbot.htm) Chrome/116.0.1938.76 Safari/537.36"
40.77.167.255 - - [22/Nov/2024:05:16:11 -0800] "GET /bri851.xml HTTP/1.0" 404 236 "-" "Mozilla/5.0 AppleWebKit/537.36 (KHTML, like Gecko; compatible; bingbot/2.0; +http://www.bing.com/bingbot.htm) Chrome/116.0.1938.76 Safari/537.36"
185.191.171.15 - - [22/Nov/2024:05:16:15 -0800] "GET /ohje14371l4telhd0 HTTP/1.0" 404 236 "-" "Mozilla/5.0 (compatible; SemrushBot/7~bl; +http://www.semrush.com/bot.html)"
185.191.171.3 - - [22/Nov/2024:05:16:33 -0800] "GET /nnsx4654zaszv HTTP/1.0" 404 236 "-" "Mozilla/5.0 (compatible; SemrushBot/7~bl; +http://www.semrush.com/bot.html)"
85.208.96.200 - - [22/Nov/2024:05:16:37 -0800] "GET /lkaj20827tebjtzi HTTP/1.0" 404 236 "-" "Mozilla/5.0 (compatible; SemrushBot/7~bl; +http://www.semrush.com/bot.html)"
185.191.171.9 - - [22/Nov/2024:05:16:48 -0800] "GET /qtvx8224h9p8iqh HTTP/1.0" 404 236 "-" "Mozilla/5.0 (compatible; SemrushBot/7~bl; +http://www.semrush.com/bot.html)"
85.208.96.198 - - [22/Nov/2024:05:17:16 -0800] "GET /zyew21073fnyfhk HTTP/1.0" 404 236 "-" "Mozilla/5.0 (compatible; SemrushBot/7~bl; +http://www.semrush.com/bot.html)"
85.208.96.212 - - [22/Nov/2024:05:17:20 -0800] "GET /zsob29774weow.html HTTP/1.0" 404 236 "-" "Mozilla/5.0 (compatible; SemrushBot/7~bl; +http://www.semrush.com/bot.html)"
185.191.171.13 - - [22/Nov/2024:05:17:29 -0800] "GET /mmwe6582d7ewd.htm HTTP/1.0" 404 236 "-" "Mozilla/5.0 (compatible; SemrushBot/7~bl; +http://www.semrush.com/bot.html)"
185.191.171.13 - - [22/Nov/2024:05:17:38 -0800] "GET /ucrs9175phxsp HTTP/1.0" 404 236 "-" "Mozilla/5.0 (compatible; SemrushBot/7~bl; +http://www.semrush.com/bot.html)"
40.77.167.255 - - [22/Nov/2024:05:17:41 -0800] "GET /bri1349.xml HTTP/1.0" 404 236 "-" "Mozilla/5.0 AppleWebKit/537.36 (KHTML, like Gecko; compatible; bingbot/2.0; +http://www.bing.com/bingbot.htm) Chrome/116.0.1938.76 Safari/537.36"
185.191.171.13 - - [22/Nov/2024:05:17:59 -0800] "GET /qzxy21471nbvyn.htm HTTP/1.0" 404 236 "-" "Mozilla/5.0 (compatible; SemrushBot/7~bl; +http://www.semrush.com/bot.html)"
185.191.171.11 - - [22/Nov/2024:05:18:13 -0800] "GET /obju8631rbzur.htm HTTP/1.0" 404 236 "-" "Mozilla/5.0 (compatible; SemrushBot/7~bl; +http://www.semrush.com/bot.html)"
185.191.171.11 - - [22/Nov/2024:05:18:30 -0800] "GET /qzzv22262yaca.html HTTP/1.0" 404 236 "-" "Mozilla/5.0 (compatible; SemrushBot/7~bl; +http://www.semrush.com/bot.html)"
89.208.105.220 - - [22/Nov/2024:05:18:35 -0800] "GET / HTTP/1.0" 200 6026 "-" "Mozilla/5.0 (compatible; MSIE 8.0; Windows NT 10.0; Trident/4.0)"
209.182.200.39 - - [22/Nov/2024:05:18:35 -0800] "POST /wp-cron.php?doing_wp_cron=1732281515.7016100883483886718750 HTTP/1.0" 200 - "http://brightcrownjewels.com/wp-cron.php?doing_wp_cron=1732281515.7016100883483886718750" "WordPress/4.9.26; http://brightcrownjewels.com"
89.208.105.220 - - [22/Nov/2024:05:18:35 -0800] "POST /wp-content/plugins/wp-automatic/inc/csv.php HTTP/1.0" 200 26 "http://brightcrownjewels.com/" "Mozilla/5.0 (compatible; MSIE 8.0; Windows NT 10.0; Trident/4.0)"
89.208.105.220 - - [22/Nov/2024:05:18:36 -0800] "POST /wp-content/plugins/wp-automatic/inc/csv.php HTTP/1.0" 200 26 "http://brightcrownjewels.com/wp-content/plugins/wp-automatic/inc/csv.php" "Mozilla/5.0 (compatible; MSIE 8.0; Windows NT 10.0; Trident/4.0)"
185.191.171.9 - - [22/Nov/2024:05:18:40 -0800] "GET /quhv29943jvqrv.htm HTTP/1.0" 404 236 "-" "Mozilla/5.0 (compatible; SemrushBot/7~bl; +http://www.semrush.com/bot.html)"
85.208.96.203 - - [22/Nov/2024:05:18:42 -0800] "GET /xfmz4726tpwmu HTTP/1.0" 404 236 "-" "Mozilla/5.0 (compatible; SemrushBot/7~bl; +http://www.semrush.com/bot.html)"
89.208.105.220 - - [22/Nov/2024:05:18:56 -0800] "POST /wp-content/plugins/wp-automatic/inc/csv.php HTTP/1.0" 200 26 "http://brightcrownjewels.com/wp-content/plugins/wp-automatic/inc/csv.php" "Mozilla/5.0 (compatible; MSIE 8.0; Windows NT 10.0; Trident/4.0)"
89.208.105.220 - - [22/Nov/2024:05:18:57 -0800] "POST /wp-content/plugins/wp-automatic/inc/csv.php HTTP/1.0" 200 26 "http://brightcrownjewels.com/wp-content/plugins/wp-automatic/inc/csv.php" "Mozilla/5.0 (compatible; MSIE 8.0; Windows NT 10.0; Trident/4.0)"
85.208.96.212 - - [22/Nov/2024:05:18:59 -0800] "GET /ftod5998resor HTTP/1.0" 404 236 "-" "Mozilla/5.0 (compatible; SemrushBot/7~bl; +http://www.semrush.com/bot.html)"
89.208.105.220 - - [22/Nov/2024:05:19:07 -0800] "POST /wp-content/plugins/wp-automatic/inc/csv.php7e8d89bdc60f.php HTTP/1.0" 404 236 "http://brightcrownjewels.com/wp-content/plugins/wp-automatic/inc/csv.php" "Mozilla/5.0 (compatible; MSIE 8.0; Windows NT 10.0; Trident/4.0)"
89.208.105.220 - - [22/Nov/2024:05:19:08 -0800] "POST /wp-content/plugins/wp-automatic/inc/csv.php7e8d89bdc60f.php HTTP/1.0" 404 236 "http://brightcrownjewels.com/wp-content/plugins/wp-automatic/inc/csv.php7e8d89bdc60f.php" "Mozilla/5.0 (compatible; MSIE 8.0; Windows NT 10.0; Trident/4.0)"
89.208.105.220 - - [22/Nov/2024:05:19:08 -0800] "POST /wp-content/plugins/wp-automatic/inc/csv.php7e8d89bdc60f.php HTTP/1.0" 404 236 "http://brightcrownjewels.com/wp-content/plugins/wp-automatic/inc/csv.php7e8d89bdc60f.php" "Mozilla/5.0 (compatible; MSIE 8.0; Windows NT 10.0; Trident/4.0)"
89.208.105.220 - - [22/Nov/2024:05:19:09 -0800] "POST /wp-content/plugins/wp-automatic/inc/csv.php7e8d89bdc60f.php HTTP/1.0" 404 236 "http://brightcrownjewels.com/wp-content/plugins/wp-automatic/inc/csv.php7e8d89bdc60f.php" "Mozilla/5.0 (compatible; MSIE 8.0; Windows NT 10.0; Trident/4.0)"
89.208.105.220 - - [22/Nov/2024:05:19:09 -0800] "GET /wp-login.php HTTP/1.0" 200 2396 "http://brightcrownjewels.com/wp-content/plugins/wp-automatic/inc/csv.php7e8d89bdc60f.php" "Mozilla/5.0 (compatible; MSIE 8.0; Windows NT 10.0; Trident/4.0)"
89.208.105.220 - - [22/Nov/2024:05:19:10 -0800] "POST /wp-login.php HTTP/1.0" 302 - "http://brightcrownjewels.com/wp-login.php" "Mozilla/5.0 (compatible; MSIE 8.0; Windows NT 10.0; Trident/4.0)"
89.208.105.220 - - [22/Nov/2024:05:19:10 -0800] "GET /wp-admin/ HTTP/1.0" 200 71945 "http://brightcrownjewels.com/wp-login.php" "Mozilla/5.0 (compatible; MSIE 8.0; Windows NT 10.0; Trident/4.0)"
89.208.105.220 - - [22/Nov/2024:05:19:11 -0800] "GET /wp-admin/plugins.php HTTP/1.0" 200 82811 "http://brightcrownjewels.com/wp-admin/" "Mozilla/5.0 (compatible; MSIE 8.0; Windows NT 10.0; Trident/4.0)"
89.208.105.220 - - [22/Nov/2024:05:19:12 -0800] "GET /wp-admin/plugin-install.php HTTP/1.0" 200 84414 "http://brightcrownjewels.com/wp-admin/plugins.php" "Mozilla/5.0 (compatible; MSIE 8.0; Windows NT 10.0; Trident/4.0)"
89.208.105.220 - - [22/Nov/2024:05:19:14 -0800] "POST /wp-admin/update.php?action=upload-plugin HTTP/1.0" 406 300 "http://brightcrownjewels.com/wp-admin/plugin-install.php" "Mozilla/5.0 (compatible; MSIE 8.0; Windows NT 10.0; Trident/4.0)"
89.208.105.220 - - [22/Nov/2024:05:19:14 -0800] "GET /wp-content/uploads/2024/11/7e8d89bdc60f.php HTTP/1.0" 404 236 "http://brightcrownjewels.com/wp-admin/update.php?action=upload-plugin" "Mozilla/5.0 (compatible; MSIE 8.0; Windows NT 10.0; Trident/4.0)"
89.208.105.220 - - [22/Nov/2024:05:19:15 -0800] "GET /wp-admin/plugins.php HTTP/1.0" 200 82811 "http://brightcrownjewels.com/wp-content/uploads/2024/11/7e8d89bdc60f.php" "Mozilla/5.0 (compatible; MSIE 8.0; Windows NT 10.0; Trident/4.0)"
85.208.96.198 - - [22/Nov/2024:05:19:22 -0800] "GET /mwuo22795l2gztolgm HTTP/1.0" 404 236 "-" "Mozilla/5.0 (compatible; SemrushBot/7~bl; +http://www.semrush.com/bot.html)"
85.208.96.204 - - [22/Nov/2024:05:19:29 -0800] "GET /sdkv12190vj2wk HTTP/1.0" 404 236 "-" "Mozilla/5.0 (compatible; SemrushBot/7~bl; +http://www.semrush.com/bot.html)"
40.77.167.36 - - [22/Nov/2024:05:20:03 -0800] "GET /bri2593.xml HTTP/1.0" 404 236 "-" "Mozilla/5.0 AppleWebKit/537.36 (KHTML, like Gecko; compatible; bingbot/2.0; +http://www.bing.com/bingbot.htm) Chrome/116.0.1938.76 Safari/537.36"
85.208.96.201 - - [22/Nov/2024:05:20:16 -0800] "GET /lixb28478avni.html HTTP/1.0" 404 236 "-" "Mozilla/5.0 (compatible; SemrushBot/7~bl; +http://www.semrush.com/bot.html)"
185.191.171.5 - - [22/Nov/2024:05:20:21 -0800] "GET /skzw3180hishzc.htm HTTP/1.0" 404 236 "-" "Mozilla/5.0 (compatible; SemrushBot/7~bl; +http://www.semrush.com/bot.html)"
85.208.96.209 - - [22/Nov/2024:05:20:24 -0800] "GET /sqiu25975tyibu HTTP/1.0" 404 236 "-" "Mozilla/5.0 (compatible; SemrushBot/7~bl; +http://www.semrush.com/bot.html)"
185.191.171.11 - - [22/Nov/2024:05:20:40 -0800] "GET /okcn23917ppxkp3r HTTP/1.0" 404 236 "-" "Mozilla/5.0 (compatible; SemrushBot/7~bl; +http://www.semrush.com/bot.html)"
185.191.171.2 - - [22/Nov/2024:05:20:51 -0800] "GET /mwuo11326ponys HTTP/1.0" 404 236 "-" "Mozilla/5.0 (compatible; SemrushBot/7~bl; +http://www.semrush.com/bot.html)"
185.191.171.11 - - [22/Nov/2024:05:21:31 -0800] "GET /sihn9607fa3k7 HTTP/1.0" 404 236 "-" "Mozilla/5.0 (compatible; SemrushBot/7~bl; +http://www.semrush.com/bot.html)"
85.208.96.201 - - [22/Nov/2024:05:21:49 -0800] "GET /mmwe23895tmx3x.htm HTTP/1.0" 404 236 "-" "Mozilla/5.0 (compatible; SemrushBot/7~bl; +http://www.semrush.com/bot.html)"
85.208.96.197 - - [22/Nov/2024:05:21:50 -0800] "GET /mnsj21481xcfnxhn HTTP/1.0" 404 236 "-" "Mozilla/5.0 (compatible; SemrushBot/7~bl; +http://www.semrush.com/bot.html)"
85.208.96.211 - - [22/Nov/2024:05:21:58 -0800] "GET /xoem24796rvysxrp96 HTTP/1.0" 404 236 "-" "Mozilla/5.0 (compatible; SemrushBot/7~bl; +http://www.semrush.com/bot.html)"
85.208.96.205 - - [22/Nov/2024:05:22:00 -0800] "GET /xuro10582zd9el HTTP/1.0" 404 236 "-" "Mozilla/5.0 (compatible; SemrushBot/7~bl; +http://www.semrush.com/bot.html)"
185.191.171.6 - - [22/Nov/2024:05:22:02 -0800] "GET /vvsg25974zeasz.htm HTTP/1.0" 404 236 "-" "Mozilla/5.0 (compatible; SemrushBot/7~bl; +http://www.semrush.com/bot.html)"
52.167.144.141 - - [22/Nov/2024:05:22:13 -0800] "GET /bri1489.xml HTTP/1.0" 404 236 "-" "Mozilla/5.0 AppleWebKit/537.36 (KHTML, like Gecko; compatible; bingbot/2.0; +http://www.bing.com/bingbot.htm) Chrome/116.0.1938.76 Safari/537.36"
85.208.96.209 - - [22/Nov/2024:05:22:34 -0800] "GET /mnsj15814fuqgs HTTP/1.0" 404 236 "-" "Mozilla/5.0 (compatible; SemrushBot/7~bl; +http://www.semrush.com/bot.html)"
85.208.96.202 - - [22/Nov/2024:05:22:43 -0800] "GET /nozd22695p5sxd.htm HTTP/1.0" 404 236 "-" "Mozilla/5.0 (compatible; SemrushBot/7~bl; +http://www.semrush.com/bot.html)"
40.77.167.38 - - [22/Nov/2024:05:23:02 -0800] "GET /bri2173.xml HTTP/1.0" 404 236 "-" "Mozilla/5.0 AppleWebKit/537.36 (KHTML, like Gecko; compatible; bingbot/2.0; +http://www.bing.com/bingbot.htm) Chrome/116.0.1938.76 Safari/537.36"
85.208.96.196 - - [22/Nov/2024:05:23:07 -0800] "GET /sqiu10254js2ki.htm HTTP/1.0" 404 236 "-" "Mozilla/5.0 (compatible; SemrushBot/7~bl; +http://www.semrush.com/bot.html)"
185.191.171.6 - - [22/Nov/2024:05:23:12 -0800] "GET /xjhr6448zgwaxzu HTTP/1.0" 404 236 "-" "Mozilla/5.0 (compatible; SemrushBot/7~bl; +http://www.semrush.com/bot.html)"
85.208.96.211 - - [22/Nov/2024:05:23:18 -0800] "GET /qzxy29695vgkqd HTTP/1.0" 404 236 "-" "Mozilla/5.0 (compatible; SemrushBot/7~bl; +http://www.semrush.com/bot.html)"
85.208.96.203 - - [22/Nov/2024:05:23:28 -0800] "GET /zyms13348j8kzj3n HTTP/1.0" 404 236 "-" "Mozilla/5.0 (compatible; SemrushBot/7~bl; +http://www.semrush.com/bot.html)"
185.191.171.9 - - [22/Nov/2024:05:24:16 -0800] "GET /rscd5314jkkcj52s HTTP/1.0" 404 236 "-" "Mozilla/5.0 (compatible; SemrushBot/7~bl; +http://www.semrush.com/bot.html)"
185.191.171.7 - - [22/Nov/2024:05:24:20 -0800] "GET /ldqb5221nvdn4q HTTP/1.0" 404 236 "-" "Mozilla/5.0 (compatible; SemrushBot/7~bl; +http://www.semrush.com/bot.html)"
85.208.96.208 - - [22/Nov/2024:05:24:21 -0800] "GET /vofz2910xh8yf.htm HTTP/1.0" 404 236 "-" "Mozilla/5.0 (compatible; SemrushBot/7~bl; +http://www.semrush.com/bot.html)"
85.208.96.210 - - [22/Nov/2024:05:24:40 -0800] "GET /qjdv29143pxvpr HTTP/1.0" 404 236 "-" "Mozilla/5.0 (compatible; SemrushBot/7~bl; +http://www.semrush.com/bot.html)"
185.191.171.15 - - [22/Nov/2024:05:24:52 -0800] "GET /zyms13435l51wtslyw HTTP/1.0" 404 236 "-" "Mozilla/5.0 (compatible; SemrushBot/7~bl; +http://www.semrush.com/bot.html)"
185.191.171.3 - - [22/Nov/2024:05:25:05 -0800] "GET /vvsg25075dlgdk9 HTTP/1.0" 404 236 "-" "Mozilla/5.0 (compatible; SemrushBot/7~bl; +http://www.semrush.com/bot.html)"
85.208.96.211 - - [22/Nov/2024:05:25:16 -0800] "GET /aemg7912huoiahc HTTP/1.0" 404 236 "-" "Mozilla/5.0 (compatible; SemrushBot/7~bl; +http://www.semrush.com/bot.html)"
85.208.96.210 - - [22/Nov/2024:05:25:41 -0800] "GET /zort423z2htz.htm HTTP/1.0" 404 236 "-" "Mozilla/5.0 (compatible; SemrushBot/7~bl; +http://www.semrush.com/bot.html)"
185.191.171.13 - - [22/Nov/2024:05:25:43 -0800] "GET /sqiu18529jz6lrqj HTTP/1.0" 404 236 "-" "Mozilla/5.0 (compatible; SemrushBot/7~bl; +http://www.semrush.com/bot.html)"
85.208.96.211 - - [22/Nov/2024:05:26:02 -0800] "GET /pygu26534gifo.html HTTP/1.0" 404 236 "-" "Mozilla/5.0 (compatible; SemrushBot/7~bl; +http://www.semrush.com/bot.html)"
185.191.171.6 - - [22/Nov/2024:05:26:09 -0800] "GET /lixb26654wg2e.html HTTP/1.0" 404 236 "-" "Mozilla/5.0 (compatible; SemrushBot/7~bl; +http://www.semrush.com/bot.html)"
52.167.144.186 - - [22/Nov/2024:05:26:22 -0800] "GET /bri2201.xml HTTP/1.0" 404 236 "-" "Mozilla/5.0 AppleWebKit/537.36 (KHTML, like Gecko; compatible; bingbot/2.0; +http://www.bing.com/bingbot.htm) Chrome/116.0.1938.76 Safari/537.36"
85.208.96.202 - - [22/Nov/2024:05:26:29 -0800] "GET /zort26131ttbi7btta HTTP/1.0" 404 236 "-" "Mozilla/5.0 (compatible; SemrushBot/7~bl; +http://www.semrush.com/bot.html)"
185.191.171.5 - - [22/Nov/2024:05:26:31 -0800] "GET /robots.txt HTTP/1.0" 200 1101 "-" "Mozilla/5.0 (compatible; SemrushBot/7~bl; +http://www.semrush.com/bot.html)"
85.208.96.200 - - [22/Nov/2024:05:26:31 -0800] "GET /pozb28771hr4pbhszs HTTP/1.0" 404 236 "-" "Mozilla/5.0 (compatible; SemrushBot/7~bl; +http://www.semrush.com/bot.html)"
85.208.96.201 - - [22/Nov/2024:05:26:36 -0800] "GET /mpeq5151v0dqv.htm HTTP/1.0" 404 236 "-" "Mozilla/5.0 (compatible; SemrushBot/7~bl; +http://www.semrush.com/bot.html)"
85.208.96.201 - - [22/Nov/2024:05:26:57 -0800] "GET /wmaj1910emae.html HTTP/1.0" 404 236 "-" "Mozilla/5.0 (compatible; SemrushBot/7~bl; +http://www.semrush.com/bot.html)"
85.208.96.202 - - [22/Nov/2024:05:27:10 -0800] "GET /nnsx8146hl0ishihf HTTP/1.0" 404 236 "-" "Mozilla/5.0 (compatible; SemrushBot/7~bl; +http://www.semrush.com/bot.html)"
85.208.96.210 - - [22/Nov/2024:05:27:28 -0800] "GET /mnsj15246jksj8.htm HTTP/1.0" 404 236 "-" "Mozilla/5.0 (compatible; SemrushBot/7~bl; +http://www.semrush.com/bot.html)"
185.191.171.13 - - [22/Nov/2024:05:28:03 -0800] "GET /mnsj21187p9g6xxjpi HTTP/1.0" 404 236 "-" "Mozilla/5.0 (compatible; SemrushBot/7~bl; +http://www.semrush.com/bot.html)"
85.208.96.210 - - [22/Nov/2024:05:28:12 -0800] "GET /xdwt18951p1r2x.htm HTTP/1.0" 404 236 "-" "Mozilla/5.0 (compatible; SemrushBot/7~bl; +http://www.semrush.com/bot.html)"
85.208.96.208 - - [22/Nov/2024:05:28:29 -0800] "GET /mpeq14563v6lzdqvrv HTTP/1.0" 404 236 "-" "Mozilla/5.0 (compatible; SemrushBot/7~bl; +http://www.semrush.com/bot.html)"
185.191.171.6 - - [22/Nov/2024:05:28:37 -0800] "GET /qtvx2069opto.html HTTP/1.0" 404 236 "-" "Mozilla/5.0 (compatible; SemrushBot/7~bl; +http://www.semrush.com/bot.html)"
185.191.171.4 - - [22/Nov/2024:05:28:38 -0800] "GET /skad18350m5ua.html HTTP/1.0" 404 236 "-" "Mozilla/5.0 (compatible; SemrushBot/7~bl; +http://www.semrush.com/bot.html)"
185.191.171.11 - - [22/Nov/2024:05:28:53 -0800] "GET /yxbd7382qybq.html HTTP/1.0" 404 236 "-" "Mozilla/5.0 (compatible; SemrushBot/7~bl; +http://www.semrush.com/bot.html)"
85.208.96.197 - - [22/Nov/2024:05:29:06 -0800] "GET /rscd27391fkrnd HTTP/1.0" 404 236 "-" "Mozilla/5.0 (compatible; SemrushBot/7~bl; +http://www.semrush.com/bot.html)"
185.191.171.14 - - [22/Nov/2024:05:29:16 -0800] "GET /qtvx7264j9knkqj HTTP/1.0" 404 236 "-" "Mozilla/5.0 (compatible; SemrushBot/7~bl; +http://www.semrush.com/bot.html)"
52.167.144.232 - - [22/Nov/2024:05:29:44 -0800] "GET /bri2517.xml HTTP/1.0" 404 236 "-" "Mozilla/5.0 AppleWebKit/537.36 (KHTML, like Gecko; compatible; bingbot/2.0; +http://www.bing.com/bingbot.htm) Chrome/116.0.1938.76 Safari/537.36"
185.191.171.15 - - [22/Nov/2024:05:29:47 -0800] "GET /azbc12331zhczjx HTTP/1.0" 404 236 "-" "Mozilla/5.0 (compatible; SemrushBot/7~bl; +http://www.semrush.com/bot.html)"
85.208.96.208 - - [22/Nov/2024:05:29:49 -0800] "GET /mwuo23080ro9msmr HTTP/1.0" 404 236 "-" "Mozilla/5.0 (compatible; SemrushBot/7~bl; +http://www.semrush.com/bot.html)"
185.191.171.16 - - [22/Nov/2024:05:30:21 -0800] "GET /rscd6514nljm7ocnn HTTP/1.0" 404 236 "-" "Mozilla/5.0 (compatible; SemrushBot/7~bl; +http://www.semrush.com/bot.html)"
185.191.171.16 - - [22/Nov/2024:05:30:23 -0800] "GET /ucrs5366ckrc.html HTTP/1.0" 404 236 "-" "Mozilla/5.0 (compatible; SemrushBot/7~bl; +http://www.semrush.com/bot.html)"
185.191.171.3 - - [22/Nov/2024:05:30:24 -0800] "GET /ccxi7z3hiz HTTP/1.0" 404 236 "-" "Mozilla/5.0 (compatible; SemrushBot/7~bl; +http://www.semrush.com/bot.html)"
185.191.171.8 - - [22/Nov/2024:05:30:26 -0800] "GET /zort25930hirhni HTTP/1.0" 404 236 "-" "Mozilla/5.0 (compatible; SemrushBot/7~bl; +http://www.semrush.com/bot.html)"
85.208.96.201 - - [22/Nov/2024:05:30:56 -0800] "GET /zsob11094r3kso.htm HTTP/1.0" 404 236 "-" "Mozilla/5.0 (compatible; SemrushBot/7~bl; +http://www.semrush.com/bot.html)"
85.208.96.195 - - [22/Nov/2024:05:31:01 -0800] "GET /qzxy26966w7ex.html HTTP/1.0" 404 236 "-" "Mozilla/5.0 (compatible; SemrushBot/7~bl; +http://www.semrush.com/bot.html)"
185.191.171.4 - - [22/Nov/2024:05:31:29 -0800] "GET /ohje20995fjtnefs8i HTTP/1.0" 404 236 "-" "Mozilla/5.0 (compatible; SemrushBot/7~bl; +http://www.semrush.com/bot.html)"
85.208.96.197 - - [22/Nov/2024:05:31:59 -0800] "GET /rpez16474pbqepi4 HTTP/1.0" 404 236 "-" "Mozilla/5.0 (compatible; SemrushBot/7~bl; +http://www.semrush.com/bot.html)"
85.208.96.206 - - [22/Nov/2024:05:32:05 -0800] "GET /mmwe81vizdmv9.htm HTTP/1.0" 404 236 "-" "Mozilla/5.0 (compatible; SemrushBot/7~bl; +http://www.semrush.com/bot.html)"
40.77.167.159 - - [22/Nov/2024:05:32:23 -0800] "GET /bri435.xml HTTP/1.0" 404 236 "-" "Mozilla/5.0 AppleWebKit/537.36 (KHTML, like Gecko; compatible; bingbot/2.0; +http://www.bing.com/bingbot.htm) Chrome/116.0.1938.76 Safari/537.36"
85.208.96.209 - - [22/Nov/2024:05:32:37 -0800] "GET /plvg13537j9rlj9o HTTP/1.0" 404 236 "-" "Mozilla/5.0 (compatible; SemrushBot/7~bl; +http://www.semrush.com/bot.html)"
85.208.96.199 - - [22/Nov/2024:05:32:38 -0800] "GET /qtvx23614fvgvf HTTP/1.0" 404 236 "-" "Mozilla/5.0 (compatible; SemrushBot/7~bl; +http://www.semrush.com/bot.html)"
185.191.171.9 - - [22/Nov/2024:05:32:54 -0800] "GET /ojjx13567nvxny HTTP/1.0" 404 236 "-" "Mozilla/5.0 (compatible; SemrushBot/7~bl; +http://www.semrush.com/bot.html)"
185.191.171.14 - - [22/Nov/2024:05:32:55 -0800] "GET /okcn4273bvujkbp HTTP/1.0" 404 236 "-" "Mozilla/5.0 (compatible; SemrushBot/7~bl; +http://www.semrush.com/bot.html)"
40.77.167.4 - - [22/Nov/2024:05:33:13 -0800] "GET /bri2251.xml HTTP/1.0" 404 236 "-" "Mozilla/5.0 AppleWebKit/537.36 (KHTML, like Gecko; compatible; bingbot/2.0; +http://www.bing.com/bingbot.htm) Chrome/116.0.1938.76 Safari/537.36"
85.208.96.193 - - [22/Nov/2024:05:33:28 -0800] "GET /xuro536ixsqxi.html HTTP/1.0" 404 236 "-" "Mozilla/5.0 (compatible; SemrushBot/7~bl; +http://www.semrush.com/bot.html)"
52.167.144.162 - - [22/Nov/2024:05:33:33 -0800] "GET /bri531.xml HTTP/1.0" 404 236 "-" "Mozilla/5.0 AppleWebKit/537.36 (KHTML, like Gecko; compatible; bingbot/2.0; +http://www.bing.com/bingbot.htm) Chrome/116.0.1938.76 Safari/537.36"
185.191.171.3 - - [22/Nov/2024:05:33:40 -0800] "GET /sdkv27367hpvhp HTTP/1.0" 404 236 "-" "Mozilla/5.0 (compatible; SemrushBot/7~bl; +http://www.semrush.com/bot.html)"
85.208.96.205 - - [22/Nov/2024:05:33:50 -0800] "GET /sbuy427domplyd2p HTTP/1.0" 404 236 "-" "Mozilla/5.0 (compatible; SemrushBot/7~bl; +http://www.semrush.com/bot.html)"
185.191.171.17 - - [22/Nov/2024:05:34:12 -0800] "GET /pnqr11635f2qnrfa49 HTTP/1.0" 404 236 "-" "Mozilla/5.0 (compatible; SemrushBot/7~bl; +http://www.semrush.com/bot.html)"
185.191.171.10 - - [22/Nov/2024:05:34:13 -0800] "GET /qkst26863xvftx HTTP/1.0" 404 236 "-" "Mozilla/5.0 (compatible; SemrushBot/7~bl; +http://www.semrush.com/bot.html)"
185.191.171.18 - - [22/Nov/2024:05:34:16 -0800] "GET /pozb5799tbbtk.htm HTTP/1.0" 404 236 "-" "Mozilla/5.0 (compatible; SemrushBot/7~bl; +http://www.semrush.com/bot.html)"
85.208.96.193 - - [22/Nov/2024:05:34:22 -0800] "GET /ouzo12475ne6rvonsd HTTP/1.0" 404 236 "-" "Mozilla/5.0 (compatible; SemrushBot/7~bl; +http://www.semrush.com/bot.html)"
185.191.171.17 - - [22/Nov/2024:05:34:37 -0800] "GET /zkww7522h8ziwhz45 HTTP/1.0" 404 236 "-" "Mozilla/5.0 (compatible; SemrushBot/7~bl; +http://www.semrush.com/bot.html)"
185.191.171.18 - - [22/Nov/2024:05:34:40 -0800] "GET /pygu18334dg6we HTTP/1.0" 404 236 "-" "Mozilla/5.0 (compatible; SemrushBot/7~bl; +http://www.semrush.com/bot.html)"
85.208.96.195 - - [22/Nov/2024:05:35:38 -0800] "GET /pnqr17761vxmxdnv HTTP/1.0" 404 236 "-" "Mozilla/5.0 (compatible; SemrushBot/7~bl; +http://www.semrush.com/bot.html)"
185.191.171.4 - - [22/Nov/2024:05:35:45 -0800] "GET /lbfo5494hifhk HTTP/1.0" 404 236 "-" "Mozilla/5.0 (compatible; SemrushBot/7~bl; +http://www.semrush.com/bot.html)"
85.208.96.207 - - [22/Nov/2024:05:35:51 -0800] "GET /ouzo13564r8sor9on HTTP/1.0" 404 236 "-" "Mozilla/5.0 (compatible; SemrushBot/7~bl; +http://www.semrush.com/bot.html)"
52.167.144.140 - - [22/Nov/2024:05:35:55 -0800] "GET /bri1263.xml HTTP/1.0" 404 236 "-" "Mozilla/5.0 AppleWebKit/537.36 (KHTML, like Gecko; compatible; bingbot/2.0; +http://www.bing.com/bingbot.htm) Chrome/116.0.1938.76 Safari/537.36"
52.167.144.140 - - [22/Nov/2024:05:35:55 -0800] "GET /bri1263.xml HTTP/1.0" 404 236 "-" "Mozilla/5.0 AppleWebKit/537.36 (KHTML, like Gecko; compatible; bingbot/2.0; +http://www.bing.com/bingbot.htm) Chrome/116.0.1938.76 Safari/537.36"
66.249.68.32 - - [22/Nov/2024:05:36:10 -0800] "GET /zkww27510u6uz6x9ycr/9cw.htm HTTP/1.0" 404 236 "-" "Mozilla/5.0 (Linux; Android 6.0.1; Nexus 5X Build/MMB29P) AppleWebKit/537.36 (KHTML, like Gecko) Chrome/131.0.6778.69 Mobile Safari/537.36 (compatible; GoogleOther)"
85.208.96.209 - - [22/Nov/2024:05:36:12 -0800] "GET /zyew14071x4plf HTTP/1.0" 404 236 "-" "Mozilla/5.0 (compatible; SemrushBot/7~bl; +http://www.semrush.com/bot.html)"
85.208.96.193 - - [22/Nov/2024:05:36:15 -0800] "GET /okcn2309umyv.html HTTP/1.0" 404 236 "-" "Mozilla/5.0 (compatible; SemrushBot/7~bl; +http://www.semrush.com/bot.html)"
185.191.171.9 - - [22/Nov/2024:05:36:20 -0800] "GET /aemg7564xfyax2cc HTTP/1.0" 404 236 "-" "Mozilla/5.0 (compatible; SemrushBot/7~bl; +http://www.semrush.com/bot.html)"
66.249.68.32 - - [22/Nov/2024:05:36:36 -0800] "GET /fysq13301h5bda9/3pyh7p.html HTTP/1.0" 404 236 "-" "Mozilla/5.0 (Linux; Android 6.0.1; Nexus 5X Build/MMB29P) AppleWebKit/537.36 (KHTML, like Gecko) Chrome/131.0.6778.69 Mobile Safari/537.36 (compatible; GoogleOther)"
85.208.96.200 - - [22/Nov/2024:05:36:43 -0800] "GET /nnsx29455pr9tf HTTP/1.0" 404 236 "-" "Mozilla/5.0 (compatible; SemrushBot/7~bl; +http://www.semrush.com/bot.html)"
185.191.171.11 - - [22/Nov/2024:05:36:45 -0800] "GET /sdkv592t8xtust HTTP/1.0" 404 236 "-" "Mozilla/5.0 (compatible; SemrushBot/7~bl; +http://www.semrush.com/bot.html)"
85.208.96.210 - - [22/Nov/2024:05:37:05 -0800] "GET /zkww27351razwr.htm HTTP/1.0" 404 236 "-" "Mozilla/5.0 (compatible; SemrushBot/7~bl; +http://www.semrush.com/bot.html)"
85.208.96.194 - - [22/Nov/2024:05:37:11 -0800] "GET /zort16825vdov1x HTTP/1.0" 404 236 "-" "Mozilla/5.0 (compatible; SemrushBot/7~bl; +http://www.semrush.com/bot.html)"
85.208.96.193 - - [22/Nov/2024:05:37:19 -0800] "GET /mnsj25471jku9r HTTP/1.0" 404 236 "-" "Mozilla/5.0 (compatible; SemrushBot/7~bl; +http://www.semrush.com/bot.html)"
85.208.96.194 - - [22/Nov/2024:05:37:24 -0800] "GET /xoem15855n3jvm.htm HTTP/1.0" 404 236 "-" "Mozilla/5.0 (compatible; SemrushBot/7~bl; +http://www.semrush.com/bot.html)"
85.208.96.211 - - [22/Nov/2024:05:37:26 -0800] "GET /mnsj27409xfnxtm HTTP/1.0" 404 236 "-" "Mozilla/5.0 (compatible; SemrushBot/7~bl; +http://www.semrush.com/bot.html)"
85.208.96.195 - - [22/Nov/2024:05:37:46 -0800] "GET /lbfo16519b3b3j HTTP/1.0" 404 236 "-" "Mozilla/5.0 (compatible; SemrushBot/7~bl; +http://www.semrush.com/bot.html)"
185.191.171.11 - - [22/Nov/2024:05:37:47 -0800] "GET /mwuo10046c8ku.html HTTP/1.0" 404 236 "-" "Mozilla/5.0 (compatible; SemrushBot/7~bl; +http://www.semrush.com/bot.html)"
185.191.171.9 - - [22/Nov/2024:05:38:13 -0800] "GET /pwlp71shi9tp.html HTTP/1.0" 404 236 "-" "Mozilla/5.0 (compatible; SemrushBot/7~bl; +http://www.semrush.com/bot.html)"
52.167.144.162 - - [22/Nov/2024:05:38:15 -0800] "GET /bri2069.xml HTTP/1.0" 404 236 "-" "Mozilla/5.0 AppleWebKit/537.36 (KHTML, like Gecko; compatible; bingbot/2.0; +http://www.bing.com/bingbot.htm) Chrome/116.0.1938.76 Safari/537.36"
185.191.171.16 - - [22/Nov/2024:05:38:28 -0800] "GET /lixb12783j2rbj.htm HTTP/1.0" 404 236 "-" "Mozilla/5.0 (compatible; SemrushBot/7~bl; +http://www.semrush.com/bot.html)"
85.208.96.212 - - [22/Nov/2024:05:38:31 -0800] "GET /wvso24038gf6o.html HTTP/1.0" 404 236 "-" "Mozilla/5.0 (compatible; SemrushBot/7~bl; +http://www.semrush.com/bot.html)"
85.208.96.212 - - [22/Nov/2024:05:39:19 -0800] "GET /lkaj6591flxnj.htm HTTP/1.0" 404 236 "-" "Mozilla/5.0 (compatible; SemrushBot/7~bl; +http://www.semrush.com/bot.html)"
85.208.96.205 - - [22/Nov/2024:05:39:28 -0800] "GET /mpeq16984fkplgmf HTTP/1.0" 404 236 "-" "Mozilla/5.0 (compatible; SemrushBot/7~bl; +http://www.semrush.com/bot.html)"
66.249.68.34 - - [22/Nov/2024:05:39:34 -0800] "GET /qtvx4277f0ifg/rwuhntfohl.html HTTP/1.0" 404 236 "-" "Mozilla/5.0 (Linux; Android 6.0.1; Nexus 5X Build/MMB29P) AppleWebKit/537.36 (KHTML, like Gecko) Chrome/131.0.6778.69 Mobile Safari/537.36 (compatible; GoogleOther)"
185.191.171.9 - - [22/Nov/2024:05:39:38 -0800] "GET /obju5750wzne.html HTTP/1.0" 404 236 "-" "Mozilla/5.0 (compatible; SemrushBot/7~bl; +http://www.semrush.com/bot.html)"
185.191.171.6 - - [22/Nov/2024:05:39:48 -0800] "GET /zsob879nibvb.htm HTTP/1.0" 404 236 "-" "Mozilla/5.0 (compatible; SemrushBot/7~bl; +http://www.semrush.com/bot.html)"
185.191.171.11 - - [22/Nov/2024:05:40:34 -0800] "GET /qtvx19279fppnx HTTP/1.0" 404 236 "-" "Mozilla/5.0 (compatible; SemrushBot/7~bl; +http://www.semrush.com/bot.html)"
85.208.96.209 - - [22/Nov/2024:05:40:57 -0800] "GET /lixb27955xbofbx4b0 HTTP/1.0" 404 236 "-" "Mozilla/5.0 (compatible; SemrushBot/7~bl; +http://www.semrush.com/bot.html)"
185.191.171.12 - - [22/Nov/2024:05:40:59 -0800] "GET /qkst26406p9wiq.htm HTTP/1.0" 404 236 "-" "Mozilla/5.0 (compatible; SemrushBot/7~bl; +http://www.semrush.com/bot.html)"
85.208.96.211 - - [22/Nov/2024:05:41:02 -0800] "GET /wjfx6589dwgljdkls0 HTTP/1.0" 404 236 "-" "Mozilla/5.0 (compatible; SemrushBot/7~bl; +http://www.semrush.com/bot.html)"
209.182.200.39 - - [22/Nov/2024:05:41:07 -0800] "POST /wp-cron.php?doing_wp_cron=1732282867.5280859470367431640625 HTTP/1.0" 200 - "http://brightcrownjewels.com/wp-cron.php?doing_wp_cron=1732282867.5280859470367431640625" "WordPress/4.9.26; http://brightcrownjewels.com"
75.119.147.47 - - [22/Nov/2024:05:41:07 -0800] "POST /xmlrpc.php HTTP/1.0" 200 401 "-" "Mozilla/5.0 (X11; Fedora; Linux x86_64; rv:89.0) Gecko/20100101 Firefox/89.0"
185.191.171.3 - - [22/Nov/2024:05:41:20 -0800] "GET /qzzv20286fgzfr.htm HTTP/1.0" 404 236 "-" "Mozilla/5.0 (compatible; SemrushBot/7~bl; +http://www.semrush.com/bot.html)"
185.191.171.14 - - [22/Nov/2024:05:41:27 -0800] "GET /sdkv19258rbaaskrt8 HTTP/1.0" 404 236 "-" "Mozilla/5.0 (compatible; SemrushBot/7~bl; +http://www.semrush.com/bot.html)"
185.191.171.12 - - [22/Nov/2024:05:41:36 -0800] "GET /oiie7446jckij.htm HTTP/1.0" 404 236 "-" "Mozilla/5.0 (compatible; SemrushBot/7~bl; +http://www.semrush.com/bot.html)"
85.208.96.210 - - [22/Nov/2024:05:41:38 -0800] "GET /mwuo15097jel2rwj HTTP/1.0" 404 236 "-" "Mozilla/5.0 (compatible; SemrushBot/7~bl; +http://www.semrush.com/bot.html)"
185.191.171.11 - - [22/Nov/2024:05:41:39 -0800] "GET /zkww22546dxeewda5r HTTP/1.0" 404 236 "-" "Mozilla/5.0 (compatible; SemrushBot/7~bl; +http://www.semrush.com/bot.html)"
85.208.96.195 - - [22/Nov/2024:05:42:12 -0800] "GET /mmwe26990uxcw.html HTTP/1.0" 404 236 "-" "Mozilla/5.0 (compatible; SemrushBot/7~bl; +http://www.semrush.com/bot.html)"
85.208.96.201 - - [22/Nov/2024:05:42:27 -0800] "GET /sbuy1999pnxyp HTTP/1.0" 404 236 "-" "Mozilla/5.0 (compatible; SemrushBot/7~bl; +http://www.semrush.com/bot.html)"
85.208.96.200 - - [22/Nov/2024:05:42:53 -0800] "GET /nozd3038ons9.html HTTP/1.0" 404 236 "-" "Mozilla/5.0 (compatible; SemrushBot/7~bl; +http://www.semrush.com/bot.html)"
85.208.96.210 - - [22/Nov/2024:05:42:56 -0800] "GET /qzxy7071rcfon.htm HTTP/1.0" 404 236 "-" "Mozilla/5.0 (compatible; SemrushBot/7~bl; +http://www.semrush.com/bot.html)"
66.249.68.33 - - [22/Nov/2024:05:43:03 -0800] "GET /rbeu21842uceu85.html HTTP/1.0" 404 236 "-" "Mozilla/5.0 (Linux; Android 6.0.1; Nexus 5X Build/MMB29P) AppleWebKit/537.36 (KHTML, like Gecko) Chrome/131.0.6778.69 Mobile Safari/537.36 (compatible; Googlebot/2.1; +http://www.google.com/bot.html)"
66.249.79.68 - - [22/Nov/2024:05:43:03 -0800] "GET /kbpo17340xoykxnb.htm HTTP/1.0" 404 236 "-" "Mozilla/5.0 (Linux; Android 6.0.1; Nexus 5X Build/MMB29P) AppleWebKit/537.36 (KHTML, like Gecko) Chrome/131.0.6778.69 Mobile Safari/537.36 (compatible; Googlebot/2.1; +http://www.google.com/bot.html)"
66.249.68.33 - - [22/Nov/2024:05:43:05 -0800] "GET /yxbd14920ofg2n/3wyo6 HTTP/1.0" 404 236 "-" "Mozilla/5.0 (Linux; Android 6.0.1; Nexus 5X Build/MMB29P) AppleWebKit/537.36 (KHTML, like Gecko) Chrome/131.0.6778.69 Mobile Safari/537.36 (compatible; Googlebot/2.1; +http://www.google.com/bot.html)"
66.249.79.67 - - [22/Nov/2024:05:43:08 -0800] "GET /bnbk26368w3khkvk/cdebw HTTP/1.0" 404 236 "-" "Mozilla/5.0 (Linux; Android 6.0.1; Nexus 5X Build/MMB29P) AppleWebKit/537.36 (KHTML, like Gecko) Chrome/131.0.6778.69 Mobile Safari/537.36 (compatible; Googlebot/2.1; +http://www.google.com/bot.html)"
66.249.68.33 - - [22/Nov/2024:05:43:10 -0800] "GET /nozd524w4enwg4.html HTTP/1.0" 404 236 "-" "Mozilla/5.0 (Linux; Android 6.0.1; Nexus 5X Build/MMB29P) AppleWebKit/537.36 (KHTML, like Gecko) Chrome/131.0.6778.69 Mobile Safari/537.36 (compatible; Googlebot/2.1; +http://www.google.com/bot.html)"
66.249.68.33 - - [22/Nov/2024:05:43:13 -0800] "GET /okcn15654ufuf6r/5c3.htm HTTP/1.0" 404 236 "-" "Mozilla/5.0 (Linux; Android 6.0.1; Nexus 5X Build/MMB29P) AppleWebKit/537.36 (KHTML, like Gecko) Chrome/131.0.6778.69 Mobile Safari/537.36 (compatible; Googlebot/2.1; +http://www.google.com/bot.html)"
66.249.79.66 - - [22/Nov/2024:05:43:16 -0800] "GET /boke9182df18bj6ejr3/sekd.html HTTP/1.0" 404 236 "-" "Mozilla/5.0 (Linux; Android 6.0.1; Nexus 5X Build/MMB29P) AppleWebKit/537.36 (KHTML, like Gecko) Chrome/131.0.6778.69 Mobile Safari/537.36 (compatible; Googlebot/2.1; +http://www.google.com/bot.html)"
66.249.79.66 - - [22/Nov/2024:05:43:18 -0800] "GET /tjby2259psh7xypm0.htm HTTP/1.0" 404 236 "-" "Mozilla/5.0 (Linux; Android 6.0.1; Nexus 5X Build/MMB29P) AppleWebKit/537.36 (KHTML, like Gecko) Chrome/131.0.6778.69 Mobile Safari/537.36 (compatible; Googlebot/2.1; +http://www.google.com/bot.html)"
66.249.68.32 - - [22/Nov/2024:05:43:18 -0800] "GET /xfmz16359xaefz.htm HTTP/1.0" 404 236 "-" "Mozilla/5.0 (Linux; Android 6.0.1; Nexus 5X Build/MMB29P) AppleWebKit/537.36 (KHTML, like Gecko) Chrome/131.0.6778.69 Mobile Safari/537.36 (compatible; Googlebot/2.1; +http://www.google.com/bot.html)"
66.249.68.32 - - [22/Nov/2024:05:43:20 -0800] "GET /mnsj8097d9gfqln.htm HTTP/1.0" 404 236 "-" "Mozilla/5.0 (Linux; Android 6.0.1; Nexus 5X Build/MMB29P) AppleWebKit/537.36 (KHTML, like Gecko) Chrome/131.0.6778.69 Mobile Safari/537.36 (compatible; Googlebot/2.1; +http://www.google.com/bot.html)"
185.191.171.3 - - [22/Nov/2024:05:43:20 -0800] "GET /prgt26791deltd HTTP/1.0" 404 236 "-" "Mozilla/5.0 (compatible; SemrushBot/7~bl; +http://www.semrush.com/bot.html)"
66.249.68.32 - - [22/Nov/2024:05:43:22 -0800] "GET /dxgo22184ywfhgd.html HTTP/1.0" 404 236 "-" "Mozilla/5.0 (Linux; Android 6.0.1; Nexus 5X Build/MMB29P) AppleWebKit/537.36 (KHTML, like Gecko) Chrome/131.0.6778.69 Mobile Safari/537.36 (compatible; Googlebot/2.1; +http://www.google.com/bot.html)"
66.249.79.66 - - [22/Nov/2024:05:43:22 -0800] "GET /dbxr19747m0f0z34fxl/nnrm1q HTTP/1.0" 404 236 "-" "Mozilla/5.0 (Linux; Android 6.0.1; Nexus 5X Build/MMB29P) AppleWebKit/537.36 (KHTML, like Gecko) Chrome/131.0.6778.69 Mobile Safari/537.36 (compatible; Googlebot/2.1; +http://www.google.com/bot.html)"
66.249.68.32 - - [22/Nov/2024:05:43:22 -0800] "GET /sihn16343hgfjkot/bpnh.html HTTP/1.0" 404 236 "-" "Mozilla/5.0 (Linux; Android 6.0.1; Nexus 5X Build/MMB29P) AppleWebKit/537.36 (KHTML, like Gecko) Chrome/131.0.6778.69 Mobile Safari/537.36 (compatible; Googlebot/2.1; +http://www.google.com/bot.html)"
66.249.68.32 - - [22/Nov/2024:05:43:24 -0800] "GET /fysq29925ro5zyr71je.htm HTTP/1.0" 404 236 "-" "Mozilla/5.0 (Linux; Android 6.0.1; Nexus 5X Build/MMB29P) AppleWebKit/537.36 (KHTML, like Gecko) Chrome/131.0.6778.69 Mobile Safari/537.36 (compatible; Googlebot/2.1; +http://www.google.com/bot.html)"
66.249.79.66 - - [22/Nov/2024:05:43:24 -0800] "GET /jjkn8262mdwujys831z/5tc.htm HTTP/1.0" 404 236 "-" "Mozilla/5.0 (Linux; Android 6.0.1; Nexus 5X Build/MMB29P) AppleWebKit/537.36 (KHTML, like Gecko) Chrome/131.0.6778.69 Mobile Safari/537.36 (compatible; Googlebot/2.1; +http://www.google.com/bot.html)"
66.249.68.32 - - [22/Nov/2024:05:43:24 -0800] "GET /hkwv23936pel828jnnlz/xqhpk2.html HTTP/1.0" 404 236 "-" "Mozilla/5.0 (Linux; Android 6.0.1; Nexus 5X Build/MMB29P) AppleWebKit/537.36 (KHTML, like Gecko) Chrome/131.0.6778.69 Mobile Safari/537.36 (compatible; Googlebot/2.1; +http://www.google.com/bot.html)"
