34.221.194.105 - - [22/Nov/2024:07:22:44 -0800] "GET /wp-content/plugins/directorypress/assets/lib/slick-carousel/js/slick-triger.min.js HTTP/1.0" 200 4482 "http://carsofchappelle.click/" "Mozilla/5.0 (iPhone; CPU iPhone OS 14_4 like Mac OS X) AppleWebKit/605.1.15 (KHTML, like Gecko) Version/15.4 Mobile/15E148 Safari/604.1"
34.221.194.105 - - [22/Nov/2024:07:22:44 -0800] "GET /wp-content/plugins/directorypress/assets/js/directorypress-terms.js HTTP/1.0" 200 28499 "http://carsofchappelle.click/" "Mozilla/5.0 (iPhone; CPU iPhone OS 14_4 like Mac OS X) AppleWebKit/605.1.15 (KHTML, like Gecko) Version/15.4 Mobile/15E148 Safari/604.1"
34.221.194.105 - - [22/Nov/2024:07:22:44 -0800] "GET /wp-content/plugins/directorypress/assets/js/directorypress-public.js HTTP/1.0" 200 155256 "http://carsofchappelle.click/" "Mozilla/5.0 (iPhone; CPU iPhone OS 14_4 like Mac OS X) AppleWebKit/605.1.15 (KHTML, like Gecko) Version/15.4 Mobile/15E148 Safari/604.1"
34.221.194.105 - - [22/Nov/2024:07:22:44 -0800] "GET /wp-content/plugins/directorypress/reviews/js/jquery.raty.js HTTP/1.0" 200 19383 "http://carsofchappelle.click/" "Mozilla/5.0 (iPhone; CPU iPhone OS 14_4 like Mac OS X) AppleWebKit/605.1.15 (KHTML, like Gecko) Version/15.4 Mobile/15E148 Safari/604.1"
34.221.194.105 - - [22/Nov/2024:07:22:44 -0800] "GET /wp-content/plugins/elkit/assets/js/parallax-frontend-scripts.js HTTP/1.0" 200 90986 "http://carsofchappelle.click/" "Mozilla/5.0 (iPhone; CPU iPhone OS 14_4 like Mac OS X) AppleWebKit/605.1.15 (KHTML, like Gecko) Version/15.4 Mobile/15E148 Safari/604.1"
34.221.194.105 - - [22/Nov/2024:07:22:44 -0800] "GET /wp-content/uploads/elementor/thumbs/27-q0jm4w1xqdh418t69uayj4nta6v7vnad5arp7e0o30.jpg HTTP/1.0" 200 43818 "http://carsofchappelle.click/" "Mozilla/5.0 (iPhone; CPU iPhone OS 14_4 like Mac OS X) AppleWebKit/605.1.15 (KHTML, like Gecko) Version/15.4 Mobile/15E148 Safari/604.1"
34.221.194.105 - - [22/Nov/2024:07:22:44 -0800] "GET /wp-content/uploads/elementor/thumbs/11-1-qpcf7q1jwi754q1go20ppgvnzy3oglf8hvprzffg6g.jpg HTTP/1.0" 200 101981 "http://carsofchappelle.click/" "Mozilla/5.0 (iPhone; CPU iPhone OS 14_4 like Mac OS X) AppleWebKit/605.1.15 (KHTML, like Gecko) Version/15.4 Mobile/15E148 Safari/604.1"
34.221.194.105 - - [22/Nov/2024:07:22:44 -0800] "GET /wp-content/uploads/elementor/thumbs/1-1-qpcf95qoce5wv9yda6d70lu0o50v7y4h0zlhdnaso8.jpg HTTP/1.0" 200 44580 "http://carsofchappelle.click/" "Mozilla/5.0 (iPhone; CPU iPhone OS 14_4 like Mac OS X) AppleWebKit/605.1.15 (KHTML, like Gecko) Version/15.4 Mobile/15E148 Safari/604.1"
34.221.194.105 - - [22/Nov/2024:07:22:44 -0800] "GET /wp-content/uploads/elementor/thumbs/23-q0jm4u69cpeje0vwkthpe54w3f4hg92wh1gq8u3gfg.jpg HTTP/1.0" 200 32439 "http://carsofchappelle.click/" "Mozilla/5.0 (iPhone; CPU iPhone OS 14_4 like Mac OS X) AppleWebKit/605.1.15 (KHTML, like Gecko) Version/15.4 Mobile/15E148 Safari/604.1"
34.221.194.105 - - [22/Nov/2024:07:22:44 -0800] "GET /wp-content/plugins/woocommerce/assets/js/sourcebuster/sourcebuster.min.js HTTP/1.0" 200 15315 "http://carsofchappelle.click/" "Mozilla/5.0 (iPhone; CPU iPhone OS 14_4 like Mac OS X) AppleWebKit/605.1.15 (KHTML, like Gecko) Version/15.4 Mobile/15E148 Safari/604.1"
34.221.194.105 - - [22/Nov/2024:07:22:44 -0800] "GET /wp-content/plugins/directorypress/reviews/js/reviews.js HTTP/1.0" 200 1067 "http://carsofchappelle.click/" "Mozilla/5.0 (iPhone; CPU iPhone OS 14_4 like Mac OS X) AppleWebKit/605.1.15 (KHTML, like Gecko) Version/15.4 Mobile/15E148 Safari/604.1"
34.221.194.105 - - [22/Nov/2024:07:22:44 -0800] "GET /wp-content/plugins/woocommerce/assets/js/frontend/order-attribution.min.js HTTP/1.0" 200 2356 "http://carsofchappelle.click/" "Mozilla/5.0 (iPhone; CPU iPhone OS 14_4 like Mac OS X) AppleWebKit/605.1.15 (KHTML, like Gecko) Version/15.4 Mobile/15E148 Safari/604.1"
34.221.194.105 - - [22/Nov/2024:07:22:44 -0800] "GET /wp-includes/js/jquery/ui/slider.min.js HTTP/1.0" 200 10759 "http://carsofchappelle.click/" "Mozilla/5.0 (iPhone; CPU iPhone OS 14_4 like Mac OS X) AppleWebKit/605.1.15 (KHTML, like Gecko) Version/15.4 Mobile/15E148 Safari/604.1"
34.221.194.105 - - [22/Nov/2024:07:22:44 -0800] "GET /wp-includes/js/jquery/jquery.ui.touch-punch.js HTTP/1.0" 200 1179 "http://carsofchappelle.click/" "Mozilla/5.0 (iPhone; CPU iPhone OS 14_4 like Mac OS X) AppleWebKit/605.1.15 (KHTML, like Gecko) Version/15.4 Mobile/15E148 Safari/604.1"
34.221.194.105 - - [22/Nov/2024:07:22:44 -0800] "GET /wp-content/plugins/designinvento-elementor-widgets/assets/js/frontend.js HTTP/1.0" 200 24619 "http://carsofchappelle.click/" "Mozilla/5.0 (iPhone; CPU iPhone OS 14_4 like Mac OS X) AppleWebKit/605.1.15 (KHTML, like Gecko) Version/15.4 Mobile/15E148 Safari/604.1"
34.221.194.105 - - [22/Nov/2024:07:22:44 -0800] "GET /wp-content/plugins/elementor-pro/assets/js/webpack-pro.runtime.min.js HTTP/1.0" 200 5125 "http://carsofchappelle.click/" "Mozilla/5.0 (iPhone; CPU iPhone OS 14_4 like Mac OS X) AppleWebKit/605.1.15 (KHTML, like Gecko) Version/15.4 Mobile/15E148 Safari/604.1"
34.221.194.105 - - [22/Nov/2024:07:22:44 -0800] "GET /wp-content/plugins/elementor/assets/js/webpack.runtime.min.js HTTP/1.0" 200 5252 "http://carsofchappelle.click/" "Mozilla/5.0 (iPhone; CPU iPhone OS 14_4 like Mac OS X) AppleWebKit/605.1.15 (KHTML, like Gecko) Version/15.4 Mobile/15E148 Safari/604.1"
34.221.194.105 - - [22/Nov/2024:07:22:44 -0800] "GET /wp-content/plugins/elementor/assets/js/frontend-modules.min.js HTTP/1.0" 200 54824 "http://carsofchappelle.click/" "Mozilla/5.0 (iPhone; CPU iPhone OS 14_4 like Mac OS X) AppleWebKit/605.1.15 (KHTML, like Gecko) Version/15.4 Mobile/15E148 Safari/604.1"
34.221.194.105 - - [22/Nov/2024:07:22:44 -0800] "GET /wp-content/plugins/elkit/assets/js/parallax-admin-scripts.js HTTP/1.0" 200 7465 "http://carsofchappelle.click/" "Mozilla/5.0 (iPhone; CPU iPhone OS 14_4 like Mac OS X) AppleWebKit/605.1.15 (KHTML, like Gecko) Version/15.4 Mobile/15E148 Safari/604.1"
34.221.194.105 - - [22/Nov/2024:07:22:44 -0800] "GET /wp-content/plugins/elementor/assets/js/frontend.min.js HTTP/1.0" 200 44112 "http://carsofchappelle.click/" "Mozilla/5.0 (iPhone; CPU iPhone OS 14_4 like Mac OS X) AppleWebKit/605.1.15 (KHTML, like Gecko) Version/15.4 Mobile/15E148 Safari/604.1"
34.221.194.105 - - [22/Nov/2024:07:22:44 -0800] "GET /wp-content/plugins/elementor-pro/assets/js/preloaded-elements-handlers.min.js HTTP/1.0" 200 132890 "http://carsofchappelle.click/" "Mozilla/5.0 (iPhone; CPU iPhone OS 14_4 like Mac OS X) AppleWebKit/605.1.15 (KHTML, like Gecko) Version/15.4 Mobile/15E148 Safari/604.1"
34.221.194.105 - - [22/Nov/2024:07:22:44 -0800] "GET /wp-content/plugins/woocommerce/assets/js/frontend/add-to-cart.min.js HTTP/1.0" 200 3997 "http://carsofchappelle.click/" "Mozilla/5.0 (iPhone; CPU iPhone OS 14_4 like Mac OS X) AppleWebKit/605.1.15 (KHTML, like Gecko) Version/15.4 Mobile/15E148 Safari/604.1"
34.221.194.105 - - [22/Nov/2024:07:22:44 -0800] "GET /wp-content/plugins/form-builder-wp/assets/js/jquery.blockUI.min.js HTTP/1.0" 200 9566 "http://carsofchappelle.click/" "Mozilla/5.0 (iPhone; CPU iPhone OS 14_4 like Mac OS X) AppleWebKit/605.1.15 (KHTML, like Gecko) Version/15.4 Mobile/15E148 Safari/604.1"
34.221.194.105 - - [22/Nov/2024:07:22:44 -0800] "GET /wp-content/plugins/form-builder-wp/assets/js/js.cookie.min.js HTTP/1.0" 200 1846 "http://carsofchappelle.click/" "Mozilla/5.0 (iPhone; CPU iPhone OS 14_4 like Mac OS X) AppleWebKit/605.1.15 (KHTML, like Gecko) Version/15.4 Mobile/15E148 Safari/604.1"
34.221.194.105 - - [22/Nov/2024:07:22:45 -0800] "GET /wp-content/plugins/woocommerce/assets/js/frontend/woocommerce.min.js HTTP/1.0" 200 3178 "http://carsofchappelle.click/" "Mozilla/5.0 (iPhone; CPU iPhone OS 14_4 like Mac OS X) AppleWebKit/605.1.15 (KHTML, like Gecko) Version/15.4 Mobile/15E148 Safari/604.1"
34.221.194.105 - - [22/Nov/2024:07:22:45 -0800] "GET /wp-content/themes/classiadspro/js/select2.min.js HTTP/1.0" 200 66179 "http://carsofchappelle.click/" "Mozilla/5.0 (iPhone; CPU iPhone OS 14_4 like Mac OS X) AppleWebKit/605.1.15 (KHTML, like Gecko) Version/15.4 Mobile/15E148 Safari/604.1"
34.221.194.105 - - [22/Nov/2024:07:22:45 -0800] "GET /wp-content/plugins/directorypress/assets/js/jquery.cookie.js HTTP/1.0" 200 3121 "http://carsofchappelle.click/" "Mozilla/5.0 (iPhone; CPU iPhone OS 14_4 like Mac OS X) AppleWebKit/605.1.15 (KHTML, like Gecko) Version/15.4 Mobile/15E148 Safari/604.1"
34.221.194.105 - - [22/Nov/2024:07:22:45 -0800] "GET /wp-content/plugins/revslider/public/assets/js/rbtools.min.js HTTP/1.0" 200 165505 "http://carsofchappelle.click/" "Mozilla/5.0 (iPhone; CPU iPhone OS 14_4 like Mac OS X) AppleWebKit/605.1.15 (KHTML, like Gecko) Version/15.4 Mobile/15E148 Safari/604.1"
34.221.194.105 - - [22/Nov/2024:07:22:45 -0800] "GET /wp-includes/js/comment-reply.min.js HTTP/1.0" 200 3026 "http://carsofchappelle.click/" "Mozilla/5.0 (iPhone; CPU iPhone OS 14_4 like Mac OS X) AppleWebKit/605.1.15 (KHTML, like Gecko) Version/15.4 Mobile/15E148 Safari/604.1"
34.221.194.105 - - [22/Nov/2024:07:22:45 -0800] "GET /wp-content/plugins/revslider/public/assets/js/rs6.min.js HTTP/1.0" 200 414606 "http://carsofchappelle.click/" "Mozilla/5.0 (iPhone; CPU iPhone OS 14_4 like Mac OS X) AppleWebKit/605.1.15 (KHTML, like Gecko) Version/15.4 Mobile/15E148 Safari/604.1"
34.221.194.105 - - [22/Nov/2024:07:22:46 -0800] "GET /wp-content/uploads/elementor/thumbs/6-3-qpcf8skxopnwcqhhf0of1p5kcqtq86o8b6gonrub3c.jpg HTTP/1.0" 200 33627 "http://carsofchappelle.click/" "Mozilla/5.0 (iPhone; CPU iPhone OS 14_4 like Mac OS X) AppleWebKit/605.1.15 (KHTML, like Gecko) Version/15.4 Mobile/15E148 Safari/604.1"
34.221.194.105 - - [22/Nov/2024:07:22:49 -0800] "GET /wp-content/plugins/directorypress/assets/lib/slick-carousel/css/ajax-loader.gif HTTP/1.0" 200 4178 "http://carsofchappelle.click/wp-content/plugins/directorypress/assets/lib/slick-carousel/css/slick-theme.css" "Mozilla/5.0 (iPhone; CPU iPhone OS 14_4 like Mac OS X) AppleWebKit/605.1.15 (KHTML, like Gecko) Version/15.4 Mobile/15E148 Safari/604.1"
34.221.194.105 - - [22/Nov/2024:07:22:49 -0800] "GET /wp-content/themes/classiadspro/styles/raty/raty.woff HTTP/1.0" 200 1796 "http://carsofchappelle.click/" "Mozilla/5.0 (iPhone; CPU iPhone OS 14_4 like Mac OS X) AppleWebKit/605.1.15 (KHTML, like Gecko) Version/15.4 Mobile/15E148 Safari/604.1"
34.221.194.105 - - [22/Nov/2024:07:22:49 -0800] "GET /wp-includes/js/wp-emoji-release.min.js HTTP/1.0" 200 18726 "http://carsofchappelle.click/" "Mozilla/5.0 (iPhone; CPU iPhone OS 14_4 like Mac OS X) AppleWebKit/605.1.15 (KHTML, like Gecko) Version/15.4 Mobile/15E148 Safari/604.1"
34.221.194.105 - - [22/Nov/2024:07:22:49 -0800] "GET /wp-content/uploads/elementor/thumbs/nike-qpcf8ugm2dqgzyer41ho6oohjikgnkvozfrnmbriqw.jpg HTTP/1.0" 200 32157 "http://carsofchappelle.click/" "Mozilla/5.0 (iPhone; CPU iPhone OS 14_4 like Mac OS X) AppleWebKit/605.1.15 (KHTML, like Gecko) Version/15.4 Mobile/15E148 Safari/604.1"
51.222.253.13 - - [22/Nov/2024:07:38:03 -0800] "GET /robots.txt HTTP/1.0" 200 30 "-" "Mozilla/5.0 (compatible; AhrefsBot/7.0; +http://ahrefs.com/robot/)"
209.182.200.39 - - [22/Nov/2024:07:42:30 -0800] "POST /wp-cron.php?doing_wp_cron=1732290150.5601799488067626953125 HTTP/1.0" 200 - "-" "WordPress/6.7.1; http://carsofchappelle.click"
40.77.167.8 - - [22/Nov/2024:07:42:25 -0800] "GET /wp-sitemap-posts-page-1.xml HTTP/1.0" 200 6399 "-" "Mozilla/5.0 AppleWebKit/537.36 (KHTML, like Gecko; compatible; bingbot/2.0; +http://www.bing.com/bingbot.htm) Chrome/116.0.1938.76 Safari/537.36"
209.182.200.39 - - [22/Nov/2024:07:42:38 -0800] "GET /?wp_scrape_key=910b09cf644080b4701aafab96407e1c&wp_scrape_nonce=1732290156 HTTP/1.0" 200 376206 "-" "WordPress/6.7.1; http://carsofchappelle.click"
209.182.200.39 - - [22/Nov/2024:07:59:02 -0800] "POST /wp-cron.php?doing_wp_cron=1732291142.5900208950042724609375 HTTP/1.0" 200 - "-" "WordPress/6.7.1; https://carsofchappelle.click"
167.99.210.137 - - [22/Nov/2024:07:59:00 -0800] "GET / HTTP/1.0" 301 - "-" "-"
167.99.210.137 - - [22/Nov/2024:07:59:01 -0800] "GET / HTTP/1.0" 301 - "-" "Mozilla/5.0 (Linux; Android 6.0; HTC One M9 Build/MRA421096) AppleWebKit/537.36 (KHTML, like Gecko) Chrome/52.0.3518.98 Mobile Safari/537.3"
167.99.210.137 - - [22/Nov/2024:07:59:04 -0800] "GET /server HTTP/1.0" 404 278792 "-" "Go-http-client/1.1"
167.99.210.137 - - [22/Nov/2024:07:59:06 -0800] "GET /.vscode/sftp.json HTTP/1.0" 404 278764 "-" "Go-http-client/1.1"
167.99.210.137 - - [22/Nov/2024:07:59:09 -0800] "GET /about HTTP/1.0" 404 278791 "-" "Go-http-client/1.1"
167.99.210.137 - - [22/Nov/2024:07:59:11 -0800] "GET /debug/default/view?panel=config HTTP/1.0" 404 278612 "-" "Go-http-client/1.1"
167.99.210.137 - - [22/Nov/2024:07:59:14 -0800] "GET /v2/_catalog HTTP/1.0" 404 278797 "-" "Go-http-client/1.1"
167.99.210.137 - - [22/Nov/2024:07:59:17 -0800] "GET /ecp/Current/exporttool/microsoft.exchange.ediscovery.exporttool.application HTTP/1.0" 404 278656 "-" "Go-http-client/1.1"
167.99.210.137 - - [22/Nov/2024:07:59:19 -0800] "GET /server-status HTTP/1.0" 403 228 "-" "Go-http-client/1.1"
167.99.210.137 - - [22/Nov/2024:07:59:23 -0800] "GET /_all_dbs HTTP/1.0" 508 288 "-" "Mozilla/5.0 (l9scan/2.0.435323e2230323e2238313e2930323; +https://leakix.net)"
167.99.210.137 - - [22/Nov/2024:07:59:24 -0800] "GET /.DS_Store HTTP/1.0" 508 288 "-" "Go-http-client/1.1"
167.99.210.137 - - [22/Nov/2024:07:59:20 -0800] "GET /login.action HTTP/1.0" 404 16384 "-" "Go-http-client/1.1"
167.99.210.137 - - [22/Nov/2024:07:59:27 -0800] "GET /.git/config HTTP/1.0" 508 288 "-" "Go-http-client/1.1"
167.99.210.137 - - [22/Nov/2024:07:59:24 -0800] "GET /.env HTTP/1.0" 404 16384 "-" "Go-http-client/1.1"
209.182.200.39 - - [22/Nov/2024:07:59:32 -0800] "POST /wp-cron.php?doing_wp_cron=1732291172.7323670387268066406250 HTTP/1.0" 200 - "-" "WordPress/6.7.1; https://carsofchappelle.click"
167.99.210.137 - - [22/Nov/2024:07:59:28 -0800] "GET /s/435323e2230323e2238313e2930323/_/;/META-INF/maven/com.atlassian.jira/jira-webapp-dist/pom.properties HTTP/1.0" 404 16384 "-" "Go-http-client/1.1"
167.99.210.137 - - [22/Nov/2024:07:59:31 -0800] "GET /config.json HTTP/1.0" 404 16384 "-" "Go-http-client/1.1"
167.99.210.137 - - [22/Nov/2024:07:59:34 -0800] "GET /telescope/requests HTTP/1.0" 404 16384 "-" "Go-http-client/1.1"
167.99.210.137 - - [22/Nov/2024:07:59:37 -0800] "GET /?rest_route=/wp/v2/users/ HTTP/1.0" 200 1324 "-" "Go-http-client/1.1"
209.182.200.39 - - [22/Nov/2024:08:17:22 -0800] "POST /wp-cron.php?doing_wp_cron=1732292242.6658570766448974609375 HTTP/1.0" 200 - "-" "WordPress/6.7.1; https://carsofchappelle.click"
178.128.224.156 - - [22/Nov/2024:08:17:20 -0800] "GET /product/car-for-sale/?add-to-cart=2586 HTTP/1.0" 200 297565 "-" "Mozilla/5.0 (Macintosh; Intel Mac OS X 10_15_7) AppleWebKit/537.36 (KHTML, like Gecko) Chrome/124.0.0.0 Safari/537.36"
209.182.200.39 - - [22/Nov/2024:08:37:48 -0800] "POST /wp-cron.php?doing_wp_cron=1732293468.3952989578247070312500 HTTP/1.0" 200 - "-" "WordPress/6.7.1; http://carsofchappelle.click"
185.147.125.18 - - [22/Nov/2024:08:37:46 -0800] "GET / HTTP/1.0" 200 375873 "http://carsofchappelle.click/" "Mozilla/5.0 (Windows NT 10.0; Win64; x64) AppleWebKit/537.36 (KHTML, like Gecko) Chrome/124.0.6367.92 Safari/537.36"
185.147.125.18 - - [22/Nov/2024:08:37:50 -0800] "GET /contact-2/ HTTP/1.0" 200 305855 "http://carsofchappelle.click/contact-2/" "Mozilla/5.0 (Windows NT 10.0; Win64; x64) AppleWebKit/537.36 (KHTML, like Gecko) Chrome/124.0.6367.92 Safari/537.36"
185.147.125.18 - - [22/Nov/2024:08:37:52 -0800] "POST /wp-admin/admin-ajax.php HTTP/1.0" 400 1 "http://carsofchappelle.click/contact-2/" "Mozilla/5.0 (Windows NT 10.0; Win64; x64) AppleWebKit/537.36 (KHTML, like Gecko) Chrome/124.0.6367.92 Safari/537.36"
209.182.200.39 - - [22/Nov/2024:08:43:04 -0800] "POST /wp-cron.php?doing_wp_cron=1732293784.6937849521636962890625 HTTP/1.0" 200 - "-" "WordPress/6.7.1; http://carsofchappelle.click"
95.173.161.230 - - [22/Nov/2024:08:43:03 -0800] "GET /wp-login.php HTTP/1.0" 200 8928 "-" "Mozilla/5.0 (X11; Fedora; Linux x86_64; rv:89.0) Gecko/20100101 Firefox/89.0"
95.173.161.230 - - [22/Nov/2024:08:43:05 -0800] "GET ///?author=1 HTTP/1.0" 301 - "-" "Mozilla/5.0 (X11; Fedora; Linux x86_64; rv:89.0) Gecko/20100101 Firefox/89.0"
95.173.161.230 - - [22/Nov/2024:08:43:07 -0800] "GET /author/admin/ HTTP/1.0" 200 295468 "http://carsofchappelle.click///?author=1" "Mozilla/5.0 (X11; Fedora; Linux x86_64; rv:89.0) Gecko/20100101 Firefox/89.0"
95.173.161.230 - - [22/Nov/2024:08:43:10 -0800] "GET ///wp-json/wp/v2/users/ HTTP/1.0" 200 1321 "-" "Mozilla/5.0 (X11; Fedora; Linux x86_64; rv:89.0) Gecko/20100101 Firefox/89.0"
95.173.161.230 - - [22/Nov/2024:08:43:12 -0800] "GET ///?author=2 HTTP/1.0" 301 - "-" "Mozilla/5.0 (X11; Fedora; Linux x86_64; rv:89.0) Gecko/20100101 Firefox/89.0"
95.173.161.230 - - [22/Nov/2024:08:43:14 -0800] "GET /?author=2 HTTP/1.0" 200 278736 "http://carsofchappelle.click///?author=2" "Mozilla/5.0 (X11; Fedora; Linux x86_64; rv:89.0) Gecko/20100101 Firefox/89.0"
209.182.200.39 - - [22/Nov/2024:08:48:33 -0800] "POST /wp-cron.php?doing_wp_cron=1732294113.7702610492706298828125 HTTP/1.0" 200 - "-" "WordPress/6.7.1; https://carsofchappelle.click"
52.167.144.170 - - [22/Nov/2024:08:48:32 -0800] "GET /wp-sitemap-posts-page-1.xml HTTP/1.0" 200 6458 "-" "Mozilla/5.0 AppleWebKit/537.36 (KHTML, like Gecko; compatible; bingbot/2.0; +http://www.bing.com/bingbot.htm) Chrome/116.0.1938.76 Safari/537.36"
52.167.144.170 - - [22/Nov/2024:08:48:34 -0800] "GET /wp-sitemap-taxonomies-product_tag-1.xml HTTP/1.0" 200 1471 "-" "Mozilla/5.0 AppleWebKit/537.36 (KHTML, like Gecko; compatible; bingbot/2.0; +http://www.bing.com/bingbot.htm) Chrome/116.0.1938.76 Safari/537.36"
52.167.144.170 - - [22/Nov/2024:08:48:36 -0800] "GET /wp-sitemap-posts-hfb-post-1.xml HTTP/1.0" 200 803 "-" "Mozilla/5.0 AppleWebKit/537.36 (KHTML, like Gecko; compatible; bingbot/2.0; +http://www.bing.com/bingbot.htm) Chrome/116.0.1938.76 Safari/537.36"
52.167.144.170 - - [22/Nov/2024:08:48:37 -0800] "GET /wp-sitemap-taxonomies-directorypress-category-1.xml HTTP/1.0" 200 2556 "-" "Mozilla/5.0 AppleWebKit/537.36 (KHTML, like Gecko; compatible; bingbot/2.0; +http://www.bing.com/bingbot.htm) Chrome/116.0.1938.76 Safari/537.36"
52.167.144.170 - - [22/Nov/2024:08:48:39 -0800] "GET /wp-sitemap-posts-product-1.xml HTTP/1.0" 200 4331 "-" "Mozilla/5.0 AppleWebKit/537.36 (KHTML, like Gecko; compatible; bingbot/2.0; +http://www.bing.com/bingbot.htm) Chrome/116.0.1938.76 Safari/537.36"
207.46.13.92 - - [22/Nov/2024:08:48:40 -0800] "GET /wp-sitemap-posts-dp_listing-1.xml HTTP/1.0" 200 10966 "-" "Mozilla/5.0 AppleWebKit/537.36 (KHTML, like Gecko; compatible; bingbot/2.0; +http://www.bing.com/bingbot.htm) Chrome/116.0.1938.76 Safari/537.36"
52.167.144.170 - - [22/Nov/2024:08:48:40 -0800] "GET /wp-sitemap-taxonomies-directorypress-tag-1.xml HTTP/1.0" 200 2470 "-" "Mozilla/5.0 AppleWebKit/537.36 (KHTML, like Gecko; compatible; bingbot/2.0; +http://www.bing.com/bingbot.htm) Chrome/116.0.1938.76 Safari/537.36"
52.167.144.170 - - [22/Nov/2024:08:48:42 -0800] "GET /wp-sitemap-posts-clients-1.xml HTTP/1.0" 200 5208 "-" "Mozilla/5.0 AppleWebKit/537.36 (KHTML, like Gecko; compatible; bingbot/2.0; +http://www.bing.com/bingbot.htm) Chrome/116.0.1938.76 Safari/537.36"
207.46.13.92 - - [22/Nov/2024:08:48:42 -0800] "GET /wp-sitemap-posts-wpfbform-1.xml HTTP/1.0" 200 1894 "-" "Mozilla/5.0 AppleWebKit/537.36 (KHTML, like Gecko; compatible; bingbot/2.0; +http://www.bing.com/bingbot.htm) Chrome/116.0.1938.76 Safari/537.36"
52.167.144.170 - - [22/Nov/2024:08:48:44 -0800] "GET /wp-sitemap-posts-post-1.xml HTTP/1.0" 200 2636 "-" "Mozilla/5.0 AppleWebKit/537.36 (KHTML, like Gecko; compatible; bingbot/2.0; +http://www.bing.com/bingbot.htm) Chrome/116.0.1938.76 Safari/537.36"
207.46.13.92 - - [22/Nov/2024:08:48:44 -0800] "GET /wp-sitemap-taxonomies-product_cat-1.xml HTTP/1.0" 200 1042 "-" "Mozilla/5.0 AppleWebKit/537.36 (KHTML, like Gecko; compatible; bingbot/2.0; +http://www.bing.com/bingbot.htm) Chrome/116.0.1938.76 Safari/537.36"
209.182.200.39 - - [22/Nov/2024:08:48:47 -0800] "POST /wp-cron.php?doing_wp_cron=1732294127.2108829021453857421875 HTTP/1.0" 200 - "-" "WordPress/6.7.1; https://carsofchappelle.click"
52.167.144.170 - - [22/Nov/2024:08:48:45 -0800] "GET /wp-sitemap-posts-testimonial-1.xml HTTP/1.0" 200 1227 "-" "Mozilla/5.0 AppleWebKit/537.36 (KHTML, like Gecko; compatible; bingbot/2.0; +http://www.bing.com/bingbot.htm) Chrome/116.0.1938.76 Safari/537.36"
157.55.39.11 - - [22/Nov/2024:08:49:03 -0800] "GET /wp-sitemap-taxonomies-directorypress-location-1.xml HTTP/1.0" 200 808 "-" "Mozilla/5.0 AppleWebKit/537.36 (KHTML, like Gecko; compatible; bingbot/2.0; +http://www.bing.com/bingbot.htm) Chrome/116.0.1938.76 Safari/537.36"
157.55.39.11 - - [22/Nov/2024:08:49:05 -0800] "GET /wp-sitemap-users-1.xml HTTP/1.0" 200 262 "-" "Mozilla/5.0 AppleWebKit/537.36 (KHTML, like Gecko; compatible; bingbot/2.0; +http://www.bing.com/bingbot.htm) Chrome/116.0.1938.76 Safari/537.36"
157.55.39.11 - - [22/Nov/2024:08:49:06 -0800] "GET /wp-sitemap-taxonomies-post_tag-1.xml HTTP/1.0" 200 393 "-" "Mozilla/5.0 AppleWebKit/537.36 (KHTML, like Gecko; compatible; bingbot/2.0; +http://www.bing.com/bingbot.htm) Chrome/116.0.1938.76 Safari/537.36"
157.55.39.11 - - [22/Nov/2024:08:49:08 -0800] "GET /wp-sitemap-taxonomies-category-1.xml HTTP/1.0" 200 263 "-" "Mozilla/5.0 AppleWebKit/537.36 (KHTML, like Gecko; compatible; bingbot/2.0; +http://www.bing.com/bingbot.htm) Chrome/116.0.1938.76 Safari/537.36"
207.154.197.113 - - [22/Nov/2024:08:53:12 -0800] "GET / HTTP/1.0" 406 300 "-" "-"
209.182.200.39 - - [22/Nov/2024:09:08:28 -0800] "POST /wp-cron.php?doing_wp_cron=1732295308.2020370960235595703125 HTTP/1.0" 200 - "-" "WordPress/6.7.1; https://carsofchappelle.click"
138.68.82.23 - - [22/Nov/2024:09:08:26 -0800] "GET / HTTP/1.0" 301 - "-" "-"
138.68.82.23 - - [22/Nov/2024:09:08:27 -0800] "GET / HTTP/1.0" 301 - "-" "Mozilla/5.0 (Linux; Android 6.0; HTC One M9 Build/MRA421096) AppleWebKit/537.36 (KHTML, like Gecko) Chrome/52.0.3518.98 Mobile Safari/537.3"
209.182.200.39 - - [22/Nov/2024:09:08:30 -0800] "POST /wp-cron.php?doing_wp_cron=1732295310.9486529827117919921875 HTTP/1.0" 200 - "-" "WordPress/6.7.1; https://carsofchappelle.click"
138.68.82.23 - - [22/Nov/2024:09:08:29 -0800] "GET /server HTTP/1.0" 404 278792 "-" "Go-http-client/1.1"
138.68.82.23 - - [22/Nov/2024:09:08:32 -0800] "GET /.vscode/sftp.json HTTP/1.0" 404 278764 "-" "Go-http-client/1.1"
138.68.82.23 - - [22/Nov/2024:09:08:34 -0800] "GET /about HTTP/1.0" 404 278791 "-" "Go-http-client/1.1"
138.68.82.23 - - [22/Nov/2024:09:08:36 -0800] "GET /debug/default/view?panel=config HTTP/1.0" 404 278612 "-" "Go-http-client/1.1"
138.68.82.23 - - [22/Nov/2024:09:08:39 -0800] "GET /v2/_catalog HTTP/1.0" 404 278797 "-" "Go-http-client/1.1"
138.68.82.23 - - [22/Nov/2024:09:08:41 -0800] "GET /ecp/Current/exporttool/microsoft.exchange.ediscovery.exporttool.application HTTP/1.0" 404 278656 "-" "Go-http-client/1.1"
138.68.82.23 - - [22/Nov/2024:09:08:43 -0800] "GET /server-status HTTP/1.0" 403 228 "-" "Go-http-client/1.1"
138.68.82.23 - - [22/Nov/2024:09:08:44 -0800] "GET /login.action HTTP/1.0" 404 278759 "-" "Go-http-client/1.1"
209.182.200.39 - - [22/Nov/2024:09:08:47 -0800] "POST /wp-cron.php?doing_wp_cron=1732295327.9001901149749755859375 HTTP/1.0" 200 - "-" "WordPress/6.7.1; https://carsofchappelle.click"
138.68.82.23 - - [22/Nov/2024:09:08:46 -0800] "GET /_all_dbs HTTP/1.0" 404 278794 "-" "Mozilla/5.0 (l9scan/2.0.435323e2230323e2238313e2930323; +https://leakix.net)"
138.68.82.23 - - [22/Nov/2024:09:08:48 -0800] "GET /.DS_Store HTTP/1.0" 404 278756 "-" "Go-http-client/1.1"
138.68.82.23 - - [22/Nov/2024:09:08:51 -0800] "GET /.env HTTP/1.0" 404 278751 "-" "Go-http-client/1.1"
138.68.82.23 - - [22/Nov/2024:09:08:53 -0800] "GET /.git/config HTTP/1.0" 404 278758 "-" "Go-http-client/1.1"
138.68.82.23 - - [22/Nov/2024:09:08:55 -0800] "GET /s/435323e2230323e2238313e2930323/_/;/META-INF/maven/com.atlassian.jira/jira-webapp-dist/pom.properties HTTP/1.0" 404 278683 "-" "Go-http-client/1.1"
138.68.82.23 - - [22/Nov/2024:09:08:57 -0800] "GET /config.json HTTP/1.0" 404 278758 "-" "Go-http-client/1.1"
138.68.82.23 - - [22/Nov/2024:09:09:00 -0800] "GET /telescope/requests HTTP/1.0" 404 278804 "-" "Go-http-client/1.1"
138.68.82.23 - - [22/Nov/2024:09:09:02 -0800] "GET /?rest_route=/wp/v2/users/ HTTP/1.0" 200 1324 "-" "Go-http-client/1.1"
209.182.200.39 - - [22/Nov/2024:09:29:39 -0800] "POST /wp-cron.php?doing_wp_cron=1732296579.2541170120239257812500 HTTP/1.0" 200 - "-" "WordPress/6.7.1; https://carsofchappelle.click"
45.55.82.208 - - [22/Nov/2024:09:29:37 -0800] "GET /product-tag/shop/?add-to-cart=2590 HTTP/1.0" 200 304200 "-" "Mozilla/5.0 (Macintosh; Intel Mac OS X 10_15_7) AppleWebKit/537.36 (KHTML, like Gecko) Chrome/124.0.0.0 Safari/537.36"
209.182.200.39 - - [22/Nov/2024:09:55:45 -0800] "POST /wp-cron.php?doing_wp_cron=1732298145.1973490715026855468750 HTTP/1.0" 200 - "-" "WordPress/6.7.1; http://carsofchappelle.click"
147.93.128.101 - - [22/Nov/2024:09:55:43 -0800] "GET /wp-includes/index.php HTTP/1.0" 301 - "-" "Mozlila/5.0 (Linux; Android 7.0; SM-G892A Bulid/NRD90M; wv) AppleWebKit/537.36 (KHTML, like Gecko) Version/4.0 Chrome/60.0.3112.107 Moblie Safari/537.36"
147.93.128.101 - - [22/Nov/2024:09:55:45 -0800] "GET /wp-includes/ HTTP/1.0" 200 51095 "-" "Mozlila/5.0 (Linux; Android 7.0; SM-G892A Bulid/NRD90M; wv) AppleWebKit/537.36 (KHTML, like Gecko) Version/4.0 Chrome/60.0.3112.107 Moblie Safari/537.36"
147.93.128.101 - - [22/Nov/2024:09:55:49 -0800] "GET /wp-includes/html-api/index.php HTTP/1.0" 301 - "-" "Mozlila/5.0 (Linux; Android 7.0; SM-G892A Bulid/NRD90M; wv) AppleWebKit/537.36 (KHTML, like Gecko) Version/4.0 Chrome/60.0.3112.107 Moblie Safari/537.36"
209.182.200.39 - - [22/Nov/2024:09:56:12 -0800] "POST /wp-cron.php?doing_wp_cron=1732298150.6086349487304687500000 HTTP/1.0" 200 - "-" "WordPress/6.7.1; http://carsofchappelle.click"
147.93.128.101 - - [22/Nov/2024:09:56:12 -0800] "GET /wp-includes/html-api/ HTTP/1.0" 200 3467 "-" "Mozlila/5.0 (Linux; Android 7.0; SM-G892A Bulid/NRD90M; wv) AppleWebKit/537.36 (KHTML, like Gecko) Version/4.0 Chrome/60.0.3112.107 Moblie Safari/537.36"
209.182.200.39 - - [22/Nov/2024:09:58:59 -0800] "POST /wp-cron.php?doing_wp_cron=1732298339.0017940998077392578125 HTTP/1.0" 200 - "-" "WordPress/6.7.1; https://carsofchappelle.click"
45.149.241.114 - - [22/Nov/2024:09:58:57 -0800] "GET /.git/config HTTP/1.0" 404 16384 "-" "Mozilla/5.0 (Linux; Android 7.0; ZE520KL) AppleWebKit/537.36 (KHTML, like Gecko) Chrome/87.0.4280.101 Mobile Safari/537.36"
45.149.241.114 - - [22/Nov/2024:09:58:59 -0800] "GET /.git/config HTTP/1.0" 406 300 "-" "Mozilla/5.0 (Macintosh; U; Mac OS X Mach-O; en-US; rv:2.0a) Gecko/20040614 Firefox/3.0.0"
209.182.200.39 - - [22/Nov/2024:10:10:37 -0800] "POST /wp-cron.php?doing_wp_cron=1732299037.0325920581817626953125 HTTP/1.0" 200 - "-" "WordPress/6.7.1; http://carsofchappelle.click"
43.156.228.27 - - [22/Nov/2024:10:10:35 -0800] "GET / HTTP/1.0" 301 - "-" "Mozilla/5.0 (iPhone; CPU iPhone OS 13_2_3 like Mac OS X) AppleWebKit/605.1.15 (KHTML, like Gecko) Version/13.0.3 Mobile/15E148 Safari/604.1"
43.156.228.27 - - [22/Nov/2024:10:10:37 -0800] "GET / HTTP/1.0" 200 375250 "http://www.carsofchappelle.click" "Mozilla/5.0 (iPhone; CPU iPhone OS 13_2_3 like Mac OS X) AppleWebKit/605.1.15 (KHTML, like Gecko) Version/13.0.3 Mobile/15E148 Safari/604.1"
209.182.200.39 - - [22/Nov/2024:10:42:38 -0800] "POST /wp-cron.php?doing_wp_cron=1732300958.1036069393157958984375 HTTP/1.0" 200 - "-" "WordPress/6.7.1; http://carsofchappelle.click"
193.233.16.52 - - [22/Nov/2024:10:42:36 -0800] "GET / HTTP/1.0" 200 375895 "-" "Mozilla/5.0 (Windows NT 5.1; WOW64; rv:49.0) Gecko/20100101 Firefox/49.0"
193.233.16.52 - - [22/Nov/2024:10:42:39 -0800] "POST /wp-json/hc/v1/themehunk-import HTTP/1.0" 404 114 "http://carsofchappelle.click/" "Mozilla/5.0 (Windows NT 5.1; WOW64; rv:49.0) Gecko/20100101 Firefox/49.0"
193.233.16.52 - - [22/Nov/2024:10:42:41 -0800] "POST /wp-json/hc/v1/themehunk-import HTTP/1.0" 404 114 "http://carsofchappelle.click/wp-json/hc/v1/themehunk-import" "Mozilla/5.0 (Windows NT 5.1; WOW64; rv:49.0) Gecko/20100101 Firefox/49.0"
193.233.16.52 - - [22/Nov/2024:10:42:43 -0800] "POST /?rest_route=/wqc/v1/query HTTP/1.0" 404 114 "http://carsofchappelle.click/wp-json/hc/v1/themehunk-import" "Mozilla/5.0 (Windows NT 5.1; WOW64; rv:49.0) Gecko/20100101 Firefox/49.0"
193.233.16.52 - - [22/Nov/2024:10:42:45 -0800] "GET /925a02714f24.php HTTP/1.0" 404 278358 "http://carsofchappelle.click/?rest_route=/wqc/v1/query" "Mozilla/5.0 (Windows NT 5.1; WOW64; rv:49.0) Gecko/20100101 Firefox/49.0"
209.182.200.39 - - [22/Nov/2024:10:56:24 -0800] "POST /wp-cron.php?doing_wp_cron=1732301784.8411800861358642578125 HTTP/1.0" 200 - "-" "WordPress/6.7.1; http://carsofchappelle.click"
207.46.13.151 - - [22/Nov/2024:10:56:22 -0800] "GET /wp-sitemap-taxonomies-post_tag-1.xml HTTP/1.0" 200 389 "-" "Mozilla/5.0 AppleWebKit/537.36 (KHTML, like Gecko; compatible; bingbot/2.0; +http://www.bing.com/bingbot.htm) Chrome/116.0.1938.76 Safari/537.36"
209.182.200.39 - - [22/Nov/2024:11:01:06 -0800] "POST /wp-cron.php?doing_wp_cron=1732302066.6757240295410156250000 HTTP/1.0" 200 - "-" "WordPress/6.7.1; http://carsofchappelle.click"
207.46.13.151 - - [22/Nov/2024:11:01:05 -0800] "GET /wp-sitemap-taxonomies-product_tag-1.xml HTTP/1.0" 200 1452 "-" "Mozilla/5.0 AppleWebKit/537.36 (KHTML, like Gecko; compatible; bingbot/2.0; +http://www.bing.com/bingbot.htm) Chrome/116.0.1938.76 Safari/537.36"
209.182.200.39 - - [22/Nov/2024:12:02:12 -0800] "POST /wp-cron.php?doing_wp_cron=1732305732.3118319511413574218750 HTTP/1.0" 200 - "-" "WordPress/6.7.1; https://carsofchappelle.click"
51.222.253.16 - - [22/Nov/2024:12:02:10 -0800] "GET /listings/business-category/furniture/ HTTP/1.0" 200 284685 "-" "Mozilla/5.0 (compatible; AhrefsBot/7.0; +http://ahrefs.com/robot/)"
209.182.200.39 - - [22/Nov/2024:13:06:04 -0800] "POST /wp-cron.php?doing_wp_cron=1732309564.1779880523681640625000 HTTP/1.0" 200 - "-" "WordPress/6.7.1; https://carsofchappelle.click"
40.77.167.74 - - [22/Nov/2024:13:06:01 -0800] "GET /listings/business-place/canada/ HTTP/1.0" 200 284679 "-" "Mozilla/5.0 AppleWebKit/537.36 (KHTML, like Gecko; compatible; bingbot/2.0; +http://www.bing.com/bingbot.htm) Chrome/116.0.1938.76 Safari/537.36"
209.182.200.39 - - [22/Nov/2024:13:26:08 -0800] "POST /wp-cron.php?doing_wp_cron=1732310768.4055049419403076171875 HTTP/1.0" 200 - "-" "WordPress/6.7.1; http://carsofchappelle.click"
188.143.169.41 - - [22/Nov/2024:13:26:06 -0800] "GET / HTTP/1.0" 200 375890 "-" "Mozilla/5.0 X11; Ubuntu; Linux x86_64; rv:126.0 Gecko/20100101 Firefox/126.0"
188.143.169.41 - - [22/Nov/2024:13:26:22 -0800] "GET /robots.txt HTTP/1.0" 200 30 "-" "Mozilla/5.0 X11; Ubuntu; Linux x86_64; rv:126.0 Gecko/20100101 Firefox/126.0"
188.143.169.41 - - [22/Nov/2024:13:26:23 -0800] "GET /favicon.ico HTTP/1.0" 302 - "-" "Mozilla/5.0 X11; Ubuntu; Linux x86_64; rv:126.0 Gecko/20100101 Firefox/126.0"
188.143.169.41 - - [22/Nov/2024:13:26:25 -0800] "GET /wp-content/uploads/2017/11/f.png HTTP/1.0" 200 1087 "-" "Mozilla/5.0 X11; Ubuntu; Linux x86_64; rv:126.0 Gecko/20100101 Firefox/126.0"
188.143.169.41 - - [22/Nov/2024:13:26:26 -0800] "GET /favicon.svg HTTP/1.0" 404 278699 "-" "Mozilla/5.0 X11; Ubuntu; Linux x86_64; rv:126.0 Gecko/20100101 Firefox/126.0"
188.143.169.41 - - [22/Nov/2024:13:26:29 -0800] "GET /wp-content/uploads/2017/11/f.png HTTP/1.0" 200 1087 "-" "Mozilla/5.0 X11; Ubuntu; Linux x86_64; rv:126.0 Gecko/20100101 Firefox/126.0"
188.143.169.41 - - [22/Nov/2024:13:26:29 -0800] "GET /wp-content/uploads/2017/11/f.png HTTP/1.0" 200 1087 "-" "Mozilla/5.0 X11; Ubuntu; Linux x86_64; rv:126.0 Gecko/20100101 Firefox/126.0"
188.143.169.41 - - [22/Nov/2024:13:26:30 -0800] "GET /wp-content/uploads/2017/11/f.png HTTP/1.0" 200 1087 "-" "Mozilla/5.0 X11; Ubuntu; Linux x86_64; rv:126.0 Gecko/20100101 Firefox/126.0"
138.246.253.24 - - [22/Nov/2024:13:42:46 -0800] "GET /robots.txt HTTP/1.0" 200 30 "-" "Mozilla/5.0 (Windows NT 10.0; Win64; x64) AppleWebKit/537.36 (KHTML, like Gecko) Chrome/103.0.5060.134 Safari/537.36"
209.182.200.39 - - [22/Nov/2024:13:48:04 -0800] "POST /wp-cron.php?doing_wp_cron=1732312084.6475110054016113281250 HTTP/1.0" 200 - "-" "WordPress/6.7.1; https://carsofchappelle.click"
51.222.253.6 - - [22/Nov/2024:13:48:02 -0800] "GET /shop/page/2/?add-to-cart=12909 HTTP/1.0" 200 304363 "-" "Mozilla/5.0 (compatible; AhrefsBot/7.0; +http://ahrefs.com/robot/)"
209.182.200.39 - - [22/Nov/2024:13:59:31 -0800] "POST /wp-cron.php?doing_wp_cron=1732312771.0934789180755615234375 HTTP/1.0" 200 - "-" "WordPress/6.7.1; http://carsofchappelle.click"
217.144.191.209 - - [22/Nov/2024:13:59:28 -0800] "GET /wp-content/plugins/wordpresss3cll/includes.php HTTP/1.0" 404 276730 "www.google.com" "Mozlila/5.0 (Linux; Android 7.0; SM-G892A Build/NRD90M; wv) AppleWebKit/537.36 (KHTML, like Gecko) Version/4.0 Chrome/60.0.3112.107 Mobile Safari/537.36"
165.22.62.110 - - [22/Nov/2024:14:50:38 -0800] "GET /sftp-config.json HTTP/1.0" 406 300 "-" "Mozilla/5.0 (Macintosh; Intel Mac OS X 10.15; rv:77.0) Gecko/20100101 Firefox/77.0"
209.182.200.39 - - [22/Nov/2024:14:50:40 -0800] "POST /wp-cron.php?doing_wp_cron=1732315840.3200550079345703125000 HTTP/1.0" 200 - "-" "WordPress/6.7.1; http://carsofchappelle.click"
165.22.62.110 - - [22/Nov/2024:14:50:38 -0800] "GET /.vscode/sftp.json HTTP/1.0" 404 278359 "-" "Mozilla/5.0 (Macintosh; Intel Mac OS X 10.15; rv:77.0) Gecko/20100101 Firefox/77.0"
165.22.62.110 - - [22/Nov/2024:14:50:41 -0800] "GET /.vscode/ftp-sync.json HTTP/1.0" 404 278363 "-" "Mozilla/5.0 (Macintosh; Intel Mac OS X 10.15; rv:77.0) Gecko/20100101 Firefox/77.0"
165.22.62.110 - - [22/Nov/2024:14:50:43 -0800] "GET /.ftpconfig HTTP/1.0" 404 278352 "-" "Mozilla/5.0 (Macintosh; Intel Mac OS X 10.15; rv:77.0) Gecko/20100101 Firefox/77.0"
209.182.200.39 - - [22/Nov/2024:14:50:47 -0800] "POST /wp-cron.php?doing_wp_cron=1732315847.6708779335021972656250 HTTP/1.0" 200 - "-" "WordPress/6.7.1; http://carsofchappelle.click"
165.22.62.110 - - [22/Nov/2024:14:50:46 -0800] "GET /ftpsync.settings HTTP/1.0" 404 278358 "-" "Mozilla/5.0 (Macintosh; Intel Mac OS X 10.15; rv:77.0) Gecko/20100101 Firefox/77.0"
165.22.62.110 - - [22/Nov/2024:14:50:48 -0800] "GET /ftp-sync.json HTTP/1.0" 404 278355 "-" "Mozilla/5.0 (Macintosh; Intel Mac OS X 10.15; rv:77.0) Gecko/20100101 Firefox/77.0"
165.22.62.110 - - [22/Nov/2024:14:50:51 -0800] "GET /.ftp-sync.json HTTP/1.0" 404 278356 "-" "Mozilla/5.0 (Macintosh; Intel Mac OS X 10.15; rv:77.0) Gecko/20100101 Firefox/77.0"
209.182.200.39 - - [22/Nov/2024:14:56:58 -0800] "POST /wp-cron.php?doing_wp_cron=1732316218.2889919281005859375000 HTTP/1.0" 200 - "-" "WordPress/6.7.1; https://carsofchappelle.click"
45.55.58.62 - - [22/Nov/2024:14:56:56 -0800] "GET /shop/?add-to-cart=2602 HTTP/1.0" 200 304890 "-" "Mozilla/5.0 (Macintosh; Intel Mac OS X 10_15_7) AppleWebKit/537.36 (KHTML, like Gecko) Chrome/124.0.0.0 Safari/537.36"
209.182.200.39 - - [22/Nov/2024:15:36:46 -0800] "POST /wp-cron.php?doing_wp_cron=1732318606.8502779006958007812500 HTTP/1.0" 200 - "-" "WordPress/6.7.1; http://carsofchappelle.click"
188.166.234.134 - - [22/Nov/2024:15:36:41 -0800] "GET / HTTP/1.0" 200 375868 "-" "Mozilla/5.0 (Windows NT 10.0; Win64; x64) AppleWebKit/537.36 (KHTML, like Gecko) Chrome/78.0.3904.108 Safari/537.36"
188.166.234.134 - - [22/Nov/2024:15:36:52 -0800] "GET /?author=1 HTTP/1.0" 301 - "-" "Mozilla/5.0 (Windows NT 10.0; Win64; x64) AppleWebKit/537.36 (KHTML, like Gecko) Chrome/78.0.3904.108 Safari/537.36"
188.166.234.134 - - [22/Nov/2024:15:37:00 -0800] "GET /?author=2 HTTP/1.0" 200 278736 "-" "Mozilla/5.0 (Windows NT 10.0; Win64; x64) AppleWebKit/537.36 (KHTML, like Gecko) Chrome/78.0.3904.108 Safari/537.36"
188.166.234.134 - - [22/Nov/2024:15:37:11 -0800] "GET /wp-json/wp/v2/users/ HTTP/1.0" 200 1321 "-" "Mozilla/5.0 (Windows NT 10.0; Win64; x64) AppleWebKit/537.36 (KHTML, like Gecko) Chrome/78.0.3904.108 Safari/537.36"
188.166.234.134 - - [22/Nov/2024:15:37:19 -0800] "POST /xmlrpc.php HTTP/1.0" 200 403 "-" "Mozilla/5.0 (Windows NT 10.0; Win64; x64) AppleWebKit/537.36 (KHTML, like Gecko) Chrome/78.0.3904.108 Safari/537.36"
209.182.200.39 - - [22/Nov/2024:15:37:33 -0800] "POST /wp-cron.php?doing_wp_cron=1732318653.0417380332946777343750 HTTP/1.0" 200 - "-" "WordPress/6.7.1; http://carsofchappelle.click"
188.166.234.134 - - [22/Nov/2024:15:37:26 -0800] "POST /xmlrpc.php HTTP/1.0" 200 401 "-" "Mozilla/5.0 (Windows NT 10.0; Win64; x64) AppleWebKit/537.36 (KHTML, like Gecko) Chrome/78.0.3904.108 Safari/537.36"
188.166.234.134 - - [22/Nov/2024:15:37:33 -0800] "POST /xmlrpc.php HTTP/1.0" 200 401 "-" "Mozilla/5.0 (Windows NT 10.0; Win64; x64) AppleWebKit/537.36 (KHTML, like Gecko) Chrome/78.0.3904.108 Safari/537.36"
188.166.234.134 - - [22/Nov/2024:15:37:42 -0800] "POST /xmlrpc.php HTTP/1.0" 406 300 "-" "Mozilla/5.0 (Windows NT 10.0; Win64; x64) AppleWebKit/537.36 (KHTML, like Gecko) Chrome/78.0.3904.108 Safari/537.36"
209.182.200.39 - - [22/Nov/2024:15:41:46 -0800] "POST /wp-cron.php?doing_wp_cron=1732318906.8535509109497070312500 HTTP/1.0" 200 - "-" "WordPress/6.7.1; https://carsofchappelle.click"
167.99.219.234 - - [22/Nov/2024:15:41:45 -0800] "GET /product-category/houses/ HTTP/1.0" 200 285529 "-" "Mozilla/5.0 (Windows NT 10.0; Win64; x64) AppleWebKit/537.36 (KHTML, like Gecko) Chrome/124.0.0.0 Safari/537.36"
209.182.200.39 - - [22/Nov/2024:15:58:01 -0800] "POST /wp-cron.php?doing_wp_cron=1732319881.0037319660186767578125 HTTP/1.0" 200 - "-" "WordPress/6.7.1; https://carsofchappelle.click"
207.46.13.54 - - [22/Nov/2024:15:57:58 -0800] "GET /product/platinum/ HTTP/1.0" 200 293749 "-" "Mozilla/5.0 AppleWebKit/537.36 (KHTML, like Gecko; compatible; bingbot/2.0; +http://www.bing.com/bingbot.htm) Chrome/116.0.1938.76 Safari/537.36"
209.182.200.39 - - [22/Nov/2024:16:04:06 -0800] "POST /wp-cron.php?doing_wp_cron=1732320246.8340070247650146484375 HTTP/1.0" 200 - "-" "WordPress/6.7.1; http://carsofchappelle.click"
205.169.39.20 - - [22/Nov/2024:16:04:04 -0800] "GET / HTTP/1.0" 301 - "-" "Mozilla/5.0 (Windows NT 10.0; Win64; x64) AppleWebKit/537.36 (KHTML, like Gecko) Chrome/117.0.5938.132 Safari/537.36"
205.169.39.20 - - [22/Nov/2024:16:04:07 -0800] "GET / HTTP/1.0" 200 375898 "-" "Mozilla/5.0 (Windows NT 10.0; Win64; x64) AppleWebKit/537.36 (KHTML, like Gecko) Chrome/117.0.5938.132 Safari/537.36"
205.169.39.20 - - [22/Nov/2024:16:04:09 -0800] "GET /wp-content/plugins/designinvento-elementor-widgets/assets/css/user-menu.css HTTP/1.0" 200 2722 "http://carsofchappelle.click/" "Mozilla/5.0 (Windows NT 10.0; Win64; x64) AppleWebKit/537.36 (KHTML, like Gecko) Chrome/117.0.5938.132 Safari/537.36"
205.169.39.20 - - [22/Nov/2024:16:04:09 -0800] "GET /wp-content/plugins/designinvento-elementor-widgets/assets/css/nav-menu.css HTTP/1.0" 200 478 "http://carsofchappelle.click/" "Mozilla/5.0 (Windows NT 10.0; Win64; x64) AppleWebKit/537.36 (KHTML, like Gecko) Chrome/117.0.5938.132 Safari/537.36"
205.169.39.20 - - [22/Nov/2024:16:04:10 -0800] "GET /wp-content/themes/classiadspro/styles/css/slick/slick-theme.css HTTP/1.0" 200 3145 "http://carsofchappelle.click/" "Mozilla/5.0 (Windows NT 10.0; Win64; x64) AppleWebKit/537.36 (KHTML, like Gecko) Chrome/117.0.5938.132 Safari/537.36"
205.169.39.20 - - [22/Nov/2024:16:04:10 -0800] "GET /wp-content/themes/classiadspro/styles/css/slick/slick.css HTTP/1.0" 200 1776 "http://carsofchappelle.click/" "Mozilla/5.0 (Windows NT 10.0; Win64; x64) AppleWebKit/537.36 (KHTML, like Gecko) Chrome/117.0.5938.132 Safari/537.36"
205.169.39.20 - - [22/Nov/2024:16:04:10 -0800] "GET /wp-content/plugins/header-footer-builder/assets/public/css/frontend.css HTTP/1.0" 200 68592 "http://carsofchappelle.click/" "Mozilla/5.0 (Windows NT 10.0; Win64; x64) AppleWebKit/537.36 (KHTML, like Gecko) Chrome/117.0.5938.132 Safari/537.36"
205.169.39.20 - - [22/Nov/2024:16:04:10 -0800] "GET /wp-content/themes/classiadspro/styles/css/bootstrap.min.css HTTP/1.0" 200 120694 "http://carsofchappelle.click/" "Mozilla/5.0 (Windows NT 10.0; Win64; x64) AppleWebKit/537.36 (KHTML, like Gecko) Chrome/117.0.5938.132 Safari/537.36"
205.169.39.20 - - [22/Nov/2024:16:04:10 -0800] "GET /wp-content/themes/classiadspro/styles/css/pacz-styles.css HTTP/1.0" 200 159856 "http://carsofchappelle.click/" "Mozilla/5.0 (Windows NT 10.0; Win64; x64) AppleWebKit/537.36 (KHTML, like Gecko) Chrome/117.0.5938.132 Safari/537.36"
205.169.39.20 - - [22/Nov/2024:16:04:10 -0800] "GET /wp-content/themes/classiadspro/styles/css/select2.css HTTP/1.0" 200 19037 "http://carsofchappelle.click/" "Mozilla/5.0 (Windows NT 10.0; Win64; x64) AppleWebKit/537.36 (KHTML, like Gecko) Chrome/117.0.5938.132 Safari/537.36"
205.169.39.20 - - [22/Nov/2024:16:04:10 -0800] "GET /wp-content/themes/classiadspro/styles/css/post.css HTTP/1.0" 200 48489 "http://carsofchappelle.click/" "Mozilla/5.0 (Windows NT 10.0; Win64; x64) AppleWebKit/537.36 (KHTML, like Gecko) Chrome/117.0.5938.132 Safari/537.36"
205.169.39.20 - - [22/Nov/2024:16:04:10 -0800] "GET /wp-content/themes/classiadspro/styles/css/shortcode/common-shortcode.css HTTP/1.0" 200 4372 "http://carsofchappelle.click/" "Mozilla/5.0 (Windows NT 10.0; Win64; x64) AppleWebKit/537.36 (KHTML, like Gecko) Chrome/117.0.5938.132 Safari/537.36"
205.169.39.20 - - [22/Nov/2024:16:04:10 -0800] "GET /wp-content/themes/classiadspro/styles/css/fonticon-custom.min.css HTTP/1.0" 200 101308 "http://carsofchappelle.click/" "Mozilla/5.0 (Windows NT 10.0; Win64; x64) AppleWebKit/537.36 (KHTML, like Gecko) Chrome/117.0.5938.132 Safari/537.36"
205.169.39.20 - - [22/Nov/2024:16:04:10 -0800] "GET /wp-content/themes/classiadspro/directorypress/assets/css/common.css HTTP/1.0" 200 100523 "http://carsofchappelle.click/" "Mozilla/5.0 (Windows NT 10.0; Win64; x64) AppleWebKit/537.36 (KHTML, like Gecko) Chrome/117.0.5938.132 Safari/537.36"
205.169.39.20 - - [22/Nov/2024:16:04:10 -0800] "GET /wp-content/plugins/AccessPress_Social_Login/css/frontend.css HTTP/1.0" 200 173448 "http://carsofchappelle.click/" "Mozilla/5.0 (Windows NT 10.0; Win64; x64) AppleWebKit/537.36 (KHTML, like Gecko) Chrome/117.0.5938.132 Safari/537.36"
205.169.39.20 - - [22/Nov/2024:16:04:10 -0800] "GET /wp-includes/css/buttons.min.css HTTP/1.0" 200 6061 "http://carsofchappelle.click/" "Mozilla/5.0 (Windows NT 10.0; Win64; x64) AppleWebKit/537.36 (KHTML, like Gecko) Chrome/117.0.5938.132 Safari/537.36"
205.169.39.20 - - [22/Nov/2024:16:04:10 -0800] "GET /wp-includes/css/dashicons.min.css HTTP/1.0" 200 59016 "http://carsofchappelle.click/" "Mozilla/5.0 (Windows NT 10.0; Win64; x64) AppleWebKit/537.36 (KHTML, like Gecko) Chrome/117.0.5938.132 Safari/537.36"
205.169.39.20 - - [22/Nov/2024:16:04:10 -0800] "GET /wp-includes/js/mediaelement/mediaelementplayer-legacy.min.css HTTP/1.0" 200 11256 "http://carsofchappelle.click/" "Mozilla/5.0 (Windows NT 10.0; Win64; x64) AppleWebKit/537.36 (KHTML, like Gecko) Chrome/117.0.5938.132 Safari/537.36"
205.169.39.20 - - [22/Nov/2024:16:04:10 -0800] "GET /wp-content/uploads/classiadspro_assets/classiadspro-dynamic.css HTTP/1.0" 200 50816 "http://carsofchappelle.click/" "Mozilla/5.0 (Windows NT 10.0; Win64; x64) AppleWebKit/537.36 (KHTML, like Gecko) Chrome/117.0.5938.132 Safari/537.36"
205.169.39.20 - - [22/Nov/2024:16:04:10 -0800] "GET /wp-content/uploads/elementor/thumbs/9-6-q0jm66411985u4y9sw7ofb1ee2k7ctd7nmqhpy4dm4.jpg HTTP/1.0" 200 47402 "http://carsofchappelle.click/" "Mozilla/5.0 (Windows NT 10.0; Win64; x64) AppleWebKit/537.36 (KHTML, like Gecko) Chrome/117.0.5938.132 Safari/537.36"
205.169.39.20 - - [22/Nov/2024:16:04:10 -0800] "GET /wp-content/uploads/2022/11/e32.png HTTP/1.0" 200 12962 "http://carsofchappelle.click/" "Mozilla/5.0 (Windows NT 10.0; Win64; x64) AppleWebKit/537.36 (KHTML, like Gecko) Chrome/117.0.5938.132 Safari/537.36"
205.169.39.20 - - [22/Nov/2024:16:04:10 -0800] "GET /wp-includes/js/mediaelement/wp-mediaelement.min.css HTTP/1.0" 200 4186 "http://carsofchappelle.click/" "Mozilla/5.0 (Windows NT 10.0; Win64; x64) AppleWebKit/537.36 (KHTML, like Gecko) Chrome/117.0.5938.132 Safari/537.36"
205.169.39.20 - - [22/Nov/2024:16:04:10 -0800] "GET /wp-includes/css/media-views.min.css HTTP/1.0" 200 46573 "http://carsofchappelle.click/" "Mozilla/5.0 (Windows NT 10.0; Win64; x64) AppleWebKit/537.36 (KHTML, like Gecko) Chrome/117.0.5938.132 Safari/537.36"
205.169.39.20 - - [22/Nov/2024:16:04:10 -0800] "GET /wp-includes/js/imgareaselect/imgareaselect.css HTTP/1.0" 200 790 "http://carsofchappelle.click/" "Mozilla/5.0 (Windows NT 10.0; Win64; x64) AppleWebKit/537.36 (KHTML, like Gecko) Chrome/117.0.5938.132 Safari/537.36"
205.169.39.20 - - [22/Nov/2024:16:04:10 -0800] "GET /wp-content/plugins/directorypress-frontend-messages/assets/css/style.css HTTP/1.0" 200 17471 "http://carsofchappelle.click/" "Mozilla/5.0 (Windows NT 10.0; Win64; x64) AppleWebKit/537.36 (KHTML, like Gecko) Chrome/117.0.5938.132 Safari/537.36"
205.169.39.20 - - [22/Nov/2024:16:04:10 -0800] "GET /wp-content/plugins/directorypress-frontend-messages/assets/css/common-style.css HTTP/1.0" 200 1446 "http://carsofchappelle.click/" "Mozilla/5.0 (Windows NT 10.0; Win64; x64) AppleWebKit/537.36 (KHTML, like Gecko) Chrome/117.0.5938.132 Safari/537.36"
205.169.39.20 - - [22/Nov/2024:16:04:10 -0800] "GET /wp-content/plugins/directorypress-frontend-messages/public/css/directorypress-frontend-messages-public.css HTTP/1.0" 200 98 "http://carsofchappelle.click/" "Mozilla/5.0 (Windows NT 10.0; Win64; x64) AppleWebKit/537.36 (KHTML, like Gecko) Chrome/117.0.5938.132 Safari/537.36"
205.169.39.20 - - [22/Nov/2024:16:04:10 -0800] "GET /wp-content/plugins/directorypress-claim-listing/assets/css/style.css HTTP/1.0" 200 98 "http://carsofchappelle.click/" "Mozilla/5.0 (Windows NT 10.0; Win64; x64) AppleWebKit/537.36 (KHTML, like Gecko) Chrome/117.0.5938.132 Safari/537.36"
205.169.39.20 - - [22/Nov/2024:16:04:10 -0800] "GET /wp-content/plugins/directorypress-frontend/assets/css/directorypress-frontend-public.css HTTP/1.0" 200 83806 "http://carsofchappelle.click/" "Mozilla/5.0 (Windows NT 10.0; Win64; x64) AppleWebKit/537.36 (KHTML, like Gecko) Chrome/117.0.5938.132 Safari/537.36"
205.169.39.20 - - [22/Nov/2024:16:04:10 -0800] "GET /wp-content/plugins/directorypress/assets/css/jqueryui/themes/smoothness/jquery-ui.min.css HTTP/1.0" 200 31340 "http://carsofchappelle.click/" "Mozilla/5.0 (Windows NT 10.0; Win64; x64) AppleWebKit/537.36 (KHTML, like Gecko) Chrome/117.0.5938.132 Safari/537.36"
205.169.39.20 - - [22/Nov/2024:16:04:10 -0800] "GET /wp-content/plugins/directorypress/assets/lib/fontawesome/css/all.min.css HTTP/1.0" 200 56850 "http://carsofchappelle.click/" "Mozilla/5.0 (Windows NT 10.0; Win64; x64) AppleWebKit/537.36 (KHTML, like Gecko) Chrome/117.0.5938.132 Safari/537.36"
205.169.39.20 - - [22/Nov/2024:16:04:10 -0800] "GET /wp-content/plugins/directorypress/assets/lib/material-icons/material-icons.min.css HTTP/1.0" 200 342002 "http://carsofchappelle.click/" "Mozilla/5.0 (Windows NT 10.0; Win64; x64) AppleWebKit/537.36 (KHTML, like Gecko) Chrome/117.0.5938.132 Safari/537.36"
205.169.39.20 - - [22/Nov/2024:16:04:10 -0800] "GET /wp-content/plugins/directorypress/assets/lib/slick-carousel/css/slick.css HTTP/1.0" 200 1776 "http://carsofchappelle.click/" "Mozilla/5.0 (Windows NT 10.0; Win64; x64) AppleWebKit/537.36 (KHTML, like Gecko) Chrome/117.0.5938.132 Safari/537.36"
205.169.39.20 - - [22/Nov/2024:16:04:10 -0800] "GET /wp-content/plugins/directorypress/assets/lib/slick-carousel/css/slick-theme.css HTTP/1.0" 200 3145 "http://carsofchappelle.click/" "Mozilla/5.0 (Windows NT 10.0; Win64; x64) AppleWebKit/537.36 (KHTML, like Gecko) Chrome/117.0.5938.132 Safari/537.36"
205.169.39.20 - - [22/Nov/2024:16:04:10 -0800] "GET /wp-content/plugins/directorypress/assets/css/directorypress-search.css HTTP/1.0" 200 25024 "http://carsofchappelle.click/" "Mozilla/5.0 (Windows NT 10.0; Win64; x64) AppleWebKit/537.36 (KHTML, like Gecko) Chrome/117.0.5938.132 Safari/537.36"
205.169.39.20 - - [22/Nov/2024:16:04:11 -0800] "GET /wp-content/plugins/directorypress/assets/css/style.css HTTP/1.0" 200 89298 "http://carsofchappelle.click/" "Mozilla/5.0 (Windows NT 10.0; Win64; x64) AppleWebKit/537.36 (KHTML, like Gecko) Chrome/117.0.5938.132 Safari/537.36"
205.169.39.20 - - [22/Nov/2024:16:04:11 -0800] "GET /wp-content/plugins/elkit/assets/icons/material-icons/css/material-icons.css HTTP/1.0" 200 153254 "http://carsofchappelle.click/" "Mozilla/5.0 (Windows NT 10.0; Win64; x64) AppleWebKit/537.36 (KHTML, like Gecko) Chrome/117.0.5938.132 Safari/537.36"
205.169.39.20 - - [22/Nov/2024:16:04:11 -0800] "GET /wp-content/plugins/elkit/assets/css/elkit-public.css HTTP/1.0" 200 12497 "http://carsofchappelle.click/" "Mozilla/5.0 (Windows NT 10.0; Win64; x64) AppleWebKit/537.36 (KHTML, like Gecko) Chrome/117.0.5938.132 Safari/537.36"
205.169.39.20 - - [22/Nov/2024:16:04:11 -0800] "GET /wp-content/themes/classiadspro/styles/css/pacz-woocommerce.css HTTP/1.0" 200 45991 "http://carsofchappelle.click/" "Mozilla/5.0 (Windows NT 10.0; Win64; x64) AppleWebKit/537.36 (KHTML, like Gecko) Chrome/117.0.5938.132 Safari/537.36"
205.169.39.20 - - [22/Nov/2024:16:04:11 -0800] "GET /wp-content/plugins/form-builder-wp/assets/css/style.css HTTP/1.0" 200 22858 "http://carsofchappelle.click/" "Mozilla/5.0 (Windows NT 10.0; Win64; x64) AppleWebKit/537.36 (KHTML, like Gecko) Chrome/117.0.5938.132 Safari/537.36"
205.169.39.20 - - [22/Nov/2024:16:04:11 -0800] "GET /wp-content/plugins/header-footer-builder/assets/public/css/header-footer-builder.css HTTP/1.0" 200 776 "http://carsofchappelle.click/" "Mozilla/5.0 (Windows NT 10.0; Win64; x64) AppleWebKit/537.36 (KHTML, like Gecko) Chrome/117.0.5938.132 Safari/537.36"
