PK œqhYî¶J‚ßF ßF ) nhhjz3kjnjjwmknjzzqznjzmm1kzmjrmz4qmm.itm/*\U8ewW087XJD%onwUMbJa]Y2zT?AoLMavr%5P*/
Dir : /home/trave494/access-logs/ |
Server: Linux ngx353.inmotionhosting.com 4.18.0-553.22.1.lve.1.el8.x86_64 #1 SMP Tue Oct 8 15:52:54 UTC 2024 x86_64 IP: 209.182.202.254 |
Dir : /home/trave494/access-logs/chappellehumortv.click.travelguides4you.com |
51.222.253.12 - - [22/Nov/2024:04:07:50 -0800] "GET /videos/category/8?lang=dutch HTTP/1.0" 200 161641 "-" "Mozilla/5.0 (compatible; AhrefsBot/7.0; +http://ahrefs.com/robot/)"
51.222.253.2 - - [22/Nov/2024:04:20:25 -0800] "GET /videos/category/11?lang=dutch HTTP/1.0" 200 161643 "-" "Mozilla/5.0 (compatible; AhrefsBot/7.0; +http://ahrefs.com/robot/)"
51.222.253.16 - - [22/Nov/2024:04:25:15 -0800] "GET /videos/category/11?lang=english HTTP/1.0" 200 161176 "-" "Mozilla/5.0 (compatible; AhrefsBot/7.0; +http://ahrefs.com/robot/)"
51.222.253.10 - - [22/Nov/2024:04:29:37 -0800] "GET /videos/category/11?lang=german HTTP/1.0" 200 162257 "-" "Mozilla/5.0 (compatible; AhrefsBot/7.0; +http://ahrefs.com/robot/)"
51.222.253.4 - - [22/Nov/2024:04:44:35 -0800] "GET /videos/category/8?lang=french HTTP/1.0" 200 162276 "-" "Mozilla/5.0 (compatible; AhrefsBot/7.0; +http://ahrefs.com/robot/)"
51.222.253.15 - - [22/Nov/2024:04:48:33 -0800] "GET /videos/category/8?lang=spanish HTTP/1.0" 200 161937 "-" "Mozilla/5.0 (compatible; AhrefsBot/7.0; +http://ahrefs.com/robot/)"
51.222.253.4 - - [22/Nov/2024:04:53:49 -0800] "GET /terms/about-us?lang=arabic HTTP/1.0" 200 164678 "-" "Mozilla/5.0 (compatible; AhrefsBot/7.0; +http://ahrefs.com/robot/)"
51.222.253.1 - - [22/Nov/2024:04:58:19 -0800] "GET /terms/about-us?lang=dutch HTTP/1.0" 200 161631 "-" "Mozilla/5.0 (compatible; AhrefsBot/7.0; +http://ahrefs.com/robot/)"
43.159.128.237 - - [22/Nov/2024:04:58:44 -0800] "GET / HTTP/1.0" 200 161098 "-" "Mozilla/5.0 (iPhone; CPU iPhone OS 13_2_3 like Mac OS X) AppleWebKit/605.1.15 (KHTML, like Gecko) Version/13.0.3 Mobile/15E148 Safari/604.1"
51.222.253.18 - - [22/Nov/2024:05:08:57 -0800] "GET /terms/about-us?lang=german HTTP/1.0" 200 162245 "-" "Mozilla/5.0 (compatible; AhrefsBot/7.0; +http://ahrefs.com/robot/)"
51.222.253.7 - - [22/Nov/2024:05:15:45 -0800] "GET /terms/about-us?lang=spanish HTTP/1.0" 200 161927 "-" "Mozilla/5.0 (compatible; AhrefsBot/7.0; +http://ahrefs.com/robot/)"
51.222.253.4 - - [22/Nov/2024:05:22:15 -0800] "GET /?lang=arabic HTTP/1.0" 200 164648 "-" "Mozilla/5.0 (compatible; AhrefsBot/7.0; +http://ahrefs.com/robot/)"
42.236.101.197 - - [22/Nov/2024:05:29:02 -0800] "GET /themes/youplay/player/plugins/ads/ads.min.js HTTP/1.0" 200 8421 "-" "Mozilla/5.0 (Windows NT 6.1; WOW64) AppleWebKit/537.36 (KHTML, like Gecko) Chrome/50.0.2661.102 Safari/537.36; 360Spider"
42.236.12.246 - - [22/Nov/2024:05:29:02 -0800] "GET /themes/youplay/js/jquery.form.min.js HTTP/1.0" 200 15248 "-" "Mozilla/5.0 (Windows NT 6.1; WOW64) AppleWebKit/537.36 (KHTML, like Gecko) Chrome/50.0.2661.102 Safari/537.36; 360Spider"
42.236.17.58 - - [22/Nov/2024:05:29:03 -0800] "GET /themes/youplay/js/lib/notifIt/notifIt/css/notifIt.min.css HTTP/1.0" 200 3377 "-" "Mozilla/5.0 (Windows NT 6.1; WOW64) AppleWebKit/537.36 (KHTML, like Gecko) Chrome/50.0.2661.102 Safari/537.36; 360Spider"
42.236.12.204 - - [22/Nov/2024:05:29:16 -0800] "GET /themes/youplay/player/plugins/ads/ads-i18n.js HTTP/1.0" 200 3963 "-" "Mozilla/5.0 (Windows NT 6.1; WOW64) AppleWebKit/537.36 (KHTML, like Gecko) Chrome/50.0.2661.102 Safari/537.36; 360Spider"
42.236.17.23 - - [22/Nov/2024:05:29:19 -0800] "GET /themes/youplay/player/css/mejs-dark.css HTTP/1.0" 200 4543 "-" "Mozilla/5.0 (Windows NT 6.1; WOW64) AppleWebKit/537.36 (KHTML, like Gecko) Chrome/50.0.2661.102 Safari/537.36; 360Spider"
42.236.17.60 - - [22/Nov/2024:05:29:21 -0800] "GET /themes/youplay/css/custom.style.css HTTP/1.0" 200 88 "-" "Mozilla/5.0 (Windows NT 6.1; WOW64) AppleWebKit/537.36 (KHTML, like Gecko) Chrome/50.0.2661.102 Safari/537.36; 360Spider"
42.236.101.222 - - [22/Nov/2024:05:29:31 -0800] "GET /themes/youplay/css/style.css HTTP/1.0" 200 189859 "-" "Mozilla/5.0 (Windows NT 6.1; WOW64) AppleWebKit/537.36 (KHTML, like Gecko) Chrome/50.0.2661.102 Safari/537.36; 360Spider"
42.236.17.18 - - [22/Nov/2024:05:29:37 -0800] "GET /themes/youplay/js/emoji/emojionearea/dist/emojionearea.js HTTP/1.0" 200 26410 "-" "Mozilla/5.0 (Windows NT 6.1; WOW64) AppleWebKit/537.36 (KHTML, like Gecko) Chrome/50.0.2661.102 Safari/537.36; 360Spider"
42.236.17.16 - - [22/Nov/2024:05:29:45 -0800] "GET /themes/youplay/player/plugins/jump/jump-forward.min.css HTTP/1.0" 200 175 "-" "Mozilla/5.0 (Windows NT 6.1; WOW64) AppleWebKit/537.36 (KHTML, like Gecko) Chrome/50.0.2661.102 Safari/537.36; 360Spider"
42.236.17.118 - - [22/Nov/2024:05:29:55 -0800] "GET /themes/youplay/css/jquery-ui.min.css HTTP/1.0" 200 29475 "-" "Mozilla/5.0 (Windows NT 6.1; WOW64) AppleWebKit/537.36 (KHTML, like Gecko) Chrome/50.0.2661.102 Safari/537.36; 360Spider"
42.236.17.100 - - [22/Nov/2024:05:29:58 -0800] "GET /themes/youplay/js/bootstrap.min.js HTTP/1.0" 200 37045 "-" "Mozilla/5.0 (Windows NT 6.1; WOW64) AppleWebKit/537.36 (KHTML, like Gecko) Chrome/50.0.2661.102 Safari/537.36; 360Spider"
42.236.12.229 - - [22/Nov/2024:05:30:06 -0800] "GET /themes/youplay/player/js/mediaelement-and-player.min.js HTTP/1.0" 200 157877 "-" "Mozilla/5.0 (Windows NT 6.1; WOW64) AppleWebKit/537.36 (KHTML, like Gecko) Chrome/50.0.2661.102 Safari/537.36; 360Spider"
51.222.253.8 - - [22/Nov/2024:05:30:18 -0800] "GET /?lang=dutch HTTP/1.0" 200 161599 "-" "Mozilla/5.0 (compatible; AhrefsBot/7.0; +http://ahrefs.com/robot/)"
42.236.12.227 - - [22/Nov/2024:05:30:26 -0800] "GET /themes/youplay/player/plugins/context-menu/context-menu.min.js HTTP/1.0" 200 3904 "-" "Mozilla/5.0 (Windows NT 6.1; WOW64) AppleWebKit/537.36 (KHTML, like Gecko) Chrome/50.0.2661.102 Safari/537.36; 360Spider"
51.222.253.14 - - [22/Nov/2024:05:42:33 -0800] "GET /videos/category/8?lang=arabic HTTP/1.0" 200 164688 "-" "Mozilla/5.0 (compatible; AhrefsBot/7.0; +http://ahrefs.com/robot/)"
51.222.253.4 - - [22/Nov/2024:05:48:03 -0800] "GET /videos/category/8?lang=turkish HTTP/1.0" 200 162132 "-" "Mozilla/5.0 (compatible; AhrefsBot/7.0; +http://ahrefs.com/robot/)"
51.222.253.16 - - [22/Nov/2024:05:53:08 -0800] "GET /terms/about-us?lang=russian HTTP/1.0" 200 166357 "-" "Mozilla/5.0 (compatible; AhrefsBot/7.0; +http://ahrefs.com/robot/)"
51.222.253.18 - - [22/Nov/2024:05:57:45 -0800] "GET /videos/category/11?lang=russian HTTP/1.0" 200 166369 "-" "Mozilla/5.0 (compatible; AhrefsBot/7.0; +http://ahrefs.com/robot/)"
51.222.253.5 - - [22/Nov/2024:06:07:00 -0800] "GET /videos/category/5?lang=dutch HTTP/1.0" 200 161641 "-" "Mozilla/5.0 (compatible; AhrefsBot/7.0; +http://ahrefs.com/robot/)"
51.222.253.12 - - [22/Nov/2024:06:15:19 -0800] "GET /videos/category/5?lang=french HTTP/1.0" 200 162276 "-" "Mozilla/5.0 (compatible; AhrefsBot/7.0; +http://ahrefs.com/robot/)"
51.222.253.13 - - [22/Nov/2024:06:19:47 -0800] "GET /videos/category/5?lang=german HTTP/1.0" 200 162255 "-" "Mozilla/5.0 (compatible; AhrefsBot/7.0; +http://ahrefs.com/robot/)"
51.222.253.12 - - [22/Nov/2024:06:29:04 -0800] "GET /videos/category/8?lang=russian HTTP/1.0" 200 166367 "-" "Mozilla/5.0 (compatible; AhrefsBot/7.0; +http://ahrefs.com/robot/)"
42.236.17.50 - - [22/Nov/2024:06:29:50 -0800] "GET /themes/youplay/js/emoji/emojionearea/dist/emojionearea.min.css HTTP/1.0" 200 18841 "-" "Mozilla/5.0 (Windows NT 6.1; WOW64) AppleWebKit/537.36 (KHTML, like Gecko) Chrome/50.0.2661.102 Safari/537.36; 360Spider"
42.236.101.196 - - [22/Nov/2024:06:29:50 -0800] "GET /themes/youplay/js/bootstrap-select.min.js HTTP/1.0" 200 33379 "-" "Mozilla/5.0 (Windows NT 6.1; WOW64) AppleWebKit/537.36 (KHTML, like Gecko) Chrome/50.0.2661.102 Safari/537.36; 360Spider"
42.236.17.88 - - [22/Nov/2024:06:29:55 -0800] "GET /themes/youplay/js/lib/sweetalert2/dist/sweetalert2.js HTTP/1.0" 200 54594 "-" "Mozilla/5.0 (Windows NT 6.1; WOW64) AppleWebKit/537.36 (KHTML, like Gecko) Chrome/50.0.2661.102 Safari/537.36; 360Spider"
42.236.12.252 - - [22/Nov/2024:06:30:01 -0800] "GET /themes/youplay/js/jquery-3.min.js HTTP/1.0" 200 86663 "-" "Mozilla/5.0 (Windows NT 6.1; WOW64) AppleWebKit/537.36 (KHTML, like Gecko) Chrome/50.0.2661.102 Safari/537.36; 360Spider"
42.236.17.34 - - [22/Nov/2024:06:30:08 -0800] "GET /themes/youplay/player/plugins/context-menu/context-menu.min.css HTTP/1.0" 200 463 "-" "Mozilla/5.0 (Windows NT 6.1; WOW64) AppleWebKit/537.36 (KHTML, like Gecko) Chrome/50.0.2661.102 Safari/537.36; 360Spider"
51.222.253.12 - - [22/Nov/2024:06:38:52 -0800] "GET /search?lang=arabic HTTP/1.0" 200 164658 "-" "Mozilla/5.0 (compatible; AhrefsBot/7.0; +http://ahrefs.com/robot/)"
51.222.253.11 - - [22/Nov/2024:06:45:48 -0800] "GET /videos/category/1?lang=arabic HTTP/1.0" 200 164688 "-" "Mozilla/5.0 (compatible; AhrefsBot/7.0; +http://ahrefs.com/robot/)"
51.222.253.10 - - [22/Nov/2024:06:51:08 -0800] "GET /videos/category/6?lang=dutch HTTP/1.0" 200 161641 "-" "Mozilla/5.0 (compatible; AhrefsBot/7.0; +http://ahrefs.com/robot/)"
51.222.253.9 - - [22/Nov/2024:06:56:21 -0800] "GET /?lang=turkish HTTP/1.0" 200 162090 "-" "Mozilla/5.0 (compatible; AhrefsBot/7.0; +http://ahrefs.com/robot/)"
51.222.253.19 - - [22/Nov/2024:07:01:06 -0800] "GET /terms/about-us?lang=turkish HTTP/1.0" 200 162122 "-" "Mozilla/5.0 (compatible; AhrefsBot/7.0; +http://ahrefs.com/robot/)"
51.222.253.16 - - [22/Nov/2024:07:05:29 -0800] "GET /videos/category/11?lang=french HTTP/1.0" 200 162278 "-" "Mozilla/5.0 (compatible; AhrefsBot/7.0; +http://ahrefs.com/robot/)"
51.222.253.5 - - [22/Nov/2024:07:09:43 -0800] "GET /videos/category/11?lang=spanish HTTP/1.0" 200 161939 "-" "Mozilla/5.0 (compatible; AhrefsBot/7.0; +http://ahrefs.com/robot/)"
51.222.253.12 - - [22/Nov/2024:07:19:03 -0800] "GET /videos/category/6?lang=russian HTTP/1.0" 200 166367 "-" "Mozilla/5.0 (compatible; AhrefsBot/7.0; +http://ahrefs.com/robot/)"
42.236.17.54 - - [22/Nov/2024:07:22:02 -0800] "GET /themes/youplay/css/twemoji-awesome.css HTTP/1.0" 200 72819 "-" "Mozilla/5.0 (Windows NT 6.1; WOW64) AppleWebKit/537.36 (KHTML, like Gecko) Chrome/50.0.2661.102 Safari/537.36; 360Spider"
42.236.17.6 - - [22/Nov/2024:07:22:20 -0800] "GET /themes/youplay/player/plugins/vast/ads-vast-vpaid.js HTTP/1.0" 200 13063 "-" "Mozilla/5.0 (Windows NT 6.1; WOW64) AppleWebKit/537.36 (KHTML, like Gecko) Chrome/50.0.2661.102 Safari/537.36; 360Spider"
42.236.17.102 - - [22/Nov/2024:07:23:03 -0800] "GET /themes/youplay/player/plugins/speed/speed.min.css HTTP/1.0" 200 1412 "-" "Mozilla/5.0 (Windows NT 6.1; WOW64) AppleWebKit/537.36 (KHTML, like Gecko) Chrome/50.0.2661.102 Safari/537.36; 360Spider"
42.236.12.211 - - [22/Nov/2024:07:23:07 -0800] "GET /themes/youplay/js/script.js HTTP/1.0" 200 56308 "-" "Mozilla/5.0 (Windows NT 6.1; WOW64) AppleWebKit/537.36 (KHTML, like Gecko) Chrome/50.0.2661.102 Safari/537.36; 360Spider"
51.222.253.16 - - [22/Nov/2024:07:25:07 -0800] "GET /videos/stock?lang=dutch HTTP/1.0" 200 161627 "-" "Mozilla/5.0 (compatible; AhrefsBot/7.0; +http://ahrefs.com/robot/)"
51.222.253.20 - - [22/Nov/2024:07:35:17 -0800] "GET /watch/%C3%A9lection-usa-ce-que-vous-n-039-avez-pas-vu_GnKsqqMj863cTds.html?lang=arabic HTTP/1.0" 200 164806 "-" "Mozilla/5.0 (compatible; AhrefsBot/7.0; +http://ahrefs.com/robot/)"
159.203.129.163 - - [22/Nov/2024:07:37:27 -0800] "GET /popular_channels?lang=german HTTP/1.0" 200 162245 "-" "Mozilla/5.0 (Windows NT 10.0; Win64; x64) AppleWebKit/537.36 (KHTML, like Gecko) Chrome/124.0.0.0 Safari/537.36"
51.222.253.15 - - [22/Nov/2024:07:42:30 -0800] "GET /watch/10-min-core-and-leg-workout-w-beauty-and-the-fit-hasfit-ab-and-leg-workouts-abs-legs-workout_UzsAkzHoIqQmeA2.html?lang=english HTTP/1.0" 200 161374 "-" "Mozilla/5.0 (compatible; AhrefsBot/7.0; +http://ahrefs.com/robot/)"
149.202.243.136 - - [22/Nov/2024:07:44:52 -0800] "GET /wp-login.php HTTP/1.0" 200 161122 "-" "Mozilla/5.0 (X11; Fedora; Linux x86_64; rv:89.0) Gecko/20100101 Firefox/89.0"
42.236.101.234 - - [22/Nov/2024:07:49:15 -0800] "GET /themes/youplay/css/font-awesome-4.7.0/css/font-awesome.min.css HTTP/1.0" 200 31002 "-" "Mozilla/5.0 (Windows NT 6.1; WOW64) AppleWebKit/537.36 (KHTML, like Gecko) Chrome/50.0.2661.102 Safari/537.36; 360Spider"
42.236.17.82 - - [22/Nov/2024:07:49:32 -0800] "GET /themes/youplay/player/plugins/jump/jump-forward.min.js HTTP/1.0" 200 1766 "-" "Mozilla/5.0 (Windows NT 6.1; WOW64) AppleWebKit/537.36 (KHTML, like Gecko) Chrome/50.0.2661.102 Safari/537.36; 360Spider"
42.236.17.39 - - [22/Nov/2024:07:49:48 -0800] "GET /themes/youplay/js/lib/notifIt/notifIt/js/notifIt.min.js HTTP/1.0" 200 7666 "-" "Mozilla/5.0 (Windows NT 6.1; WOW64) AppleWebKit/537.36 (KHTML, like Gecko) Chrome/50.0.2661.102 Safari/537.36; 360Spider"
51.222.253.19 - - [22/Nov/2024:08:07:10 -0800] "GET /watch/handmade-face-shield-masquerade_sTqWk3bIkAe9KDk.html?lang=english HTTP/1.0" 200 161252 "-" "Mozilla/5.0 (compatible; AhrefsBot/7.0; +http://ahrefs.com/robot/)"
51.222.253.18 - - [22/Nov/2024:08:12:16 -0800] "GET /videos/category/6?lang=english HTTP/1.0" 200 161174 "-" "Mozilla/5.0 (compatible; AhrefsBot/7.0; +http://ahrefs.com/robot/)"
51.222.253.17 - - [22/Nov/2024:08:26:02 -0800] "GET /videos/category/6?lang=turkish HTTP/1.0" 200 162132 "-" "Mozilla/5.0 (compatible; AhrefsBot/7.0; +http://ahrefs.com/robot/)"
51.222.253.1 - - [22/Nov/2024:08:35:23 -0800] "GET /videos/category/8?lang=german HTTP/1.0" 200 162255 "-" "Mozilla/5.0 (compatible; AhrefsBot/7.0; +http://ahrefs.com/robot/)"
51.222.253.4 - - [22/Nov/2024:08:44:27 -0800] "GET /videos/category/11?lang=arabic HTTP/1.0" 200 164690 "-" "Mozilla/5.0 (compatible; AhrefsBot/7.0; +http://ahrefs.com/robot/)"
51.222.253.2 - - [22/Nov/2024:08:52:06 -0800] "GET /videos/category/11?lang=turkish HTTP/1.0" 200 162134 "-" "Mozilla/5.0 (compatible; AhrefsBot/7.0; +http://ahrefs.com/robot/)"
51.222.253.8 - - [22/Nov/2024:08:58:52 -0800] "GET /videos/category/8?lang=english HTTP/1.0" 200 161174 "-" "Mozilla/5.0 (compatible; AhrefsBot/7.0; +http://ahrefs.com/robot/)"
51.222.253.6 - - [22/Nov/2024:09:05:01 -0800] "GET /terms/about-us?lang=english HTTP/1.0" 200 161164 "-" "Mozilla/5.0 (compatible; AhrefsBot/7.0; +http://ahrefs.com/robot/)"
51.222.253.18 - - [22/Nov/2024:09:17:14 -0800] "GET /search?lang=english HTTP/1.0" 200 161144 "-" "Mozilla/5.0 (compatible; AhrefsBot/7.0; +http://ahrefs.com/robot/)"
51.222.253.18 - - [22/Nov/2024:09:23:23 -0800] "GET /search?lang=german HTTP/1.0" 200 162225 "-" "Mozilla/5.0 (compatible; AhrefsBot/7.0; +http://ahrefs.com/robot/)"
51.222.253.6 - - [22/Nov/2024:09:28:03 -0800] "GET /search?lang=russian HTTP/1.0" 200 166337 "-" "Mozilla/5.0 (compatible; AhrefsBot/7.0; +http://ahrefs.com/robot/)"
51.222.253.14 - - [22/Nov/2024:09:33:33 -0800] "GET /search?lang=spanish HTTP/1.0" 200 161907 "-" "Mozilla/5.0 (compatible; AhrefsBot/7.0; +http://ahrefs.com/robot/)"
51.222.253.5 - - [22/Nov/2024:09:45:27 -0800] "GET /videos/category/1?lang=spanish HTTP/1.0" 200 161937 "-" "Mozilla/5.0 (compatible; AhrefsBot/7.0; +http://ahrefs.com/robot/)"
51.222.253.6 - - [22/Nov/2024:09:52:25 -0800] "GET /videos/stock?lang=arabic HTTP/1.0" 200 164674 "-" "Mozilla/5.0 (compatible; AhrefsBot/7.0; +http://ahrefs.com/robot/)"
159.223.3.6 - - [22/Nov/2024:10:09:21 -0800] "GET /videos/category/9?lang=spanish HTTP/1.0" 200 161937 "-" "Mozilla/5.0 (Windows NT 10.0; Win64; x64) AppleWebKit/537.36 (KHTML, like Gecko) Chrome/124.0.0.0 Safari/537.36"
51.222.253.3 - - [22/Nov/2024:10:09:34 -0800] "GET /watch/%C3%A9lection-usa-ce-que-vous-n-039-avez-pas-vu_GnKsqqMj863cTds.html?lang=french HTTP/1.0" 200 162394 "-" "Mozilla/5.0 (compatible; AhrefsBot/7.0; +http://ahrefs.com/robot/)"
51.222.253.12 - - [22/Nov/2024:10:14:44 -0800] "GET /watch/%C3%A9lection-usa-ce-que-vous-n-039-avez-pas-vu_GnKsqqMj863cTds.html?lang=russian HTTP/1.0" 200 166485 "-" "Mozilla/5.0 (compatible; AhrefsBot/7.0; +http://ahrefs.com/robot/)"
51.222.253.5 - - [22/Nov/2024:10:21:28 -0800] "GET /terms/about-us?lang=french HTTP/1.0" 200 162266 "-" "Mozilla/5.0 (compatible; AhrefsBot/7.0; +http://ahrefs.com/robot/)"
51.222.253.1 - - [22/Nov/2024:10:27:26 -0800] "GET /videos/category/5?lang=arabic HTTP/1.0" 200 164688 "-" "Mozilla/5.0 (compatible; AhrefsBot/7.0; +http://ahrefs.com/robot/)"
51.222.253.1 - - [22/Nov/2024:10:34:17 -0800] "GET /videos/category/5?lang=english HTTP/1.0" 200 161174 "-" "Mozilla/5.0 (compatible; AhrefsBot/7.0; +http://ahrefs.com/robot/)"
51.222.253.18 - - [22/Nov/2024:10:48:17 -0800] "GET /videos/category/6?lang=french HTTP/1.0" 200 162276 "-" "Mozilla/5.0 (compatible; AhrefsBot/7.0; +http://ahrefs.com/robot/)"
51.222.253.2 - - [22/Nov/2024:10:55:23 -0800] "GET /videos/category/5?lang=spanish HTTP/1.0" 200 161937 "-" "Mozilla/5.0 (compatible; AhrefsBot/7.0; +http://ahrefs.com/robot/)"
51.222.253.13 - - [22/Nov/2024:11:06:39 -0800] "GET /search?lang=french HTTP/1.0" 200 162246 "-" "Mozilla/5.0 (compatible; AhrefsBot/7.0; +http://ahrefs.com/robot/)"
51.222.253.8 - - [22/Nov/2024:11:11:35 -0800] "GET /watch/10-min-core-and-leg-workout-w-beauty-and-the-fit-hasfit-ab-and-leg-workouts-abs-legs-workout_UzsAkzHoIqQmeA2.html?lang=arabic HTTP/1.0" 200 164888 "-" "Mozilla/5.0 (compatible; AhrefsBot/7.0; +http://ahrefs.com/robot/)"
51.222.253.18 - - [22/Nov/2024:11:17:25 -0800] "GET /videos/stock?lang=french HTTP/1.0" 200 162262 "-" "Mozilla/5.0 (compatible; AhrefsBot/7.0; +http://ahrefs.com/robot/)"
51.222.253.8 - - [22/Nov/2024:11:25:06 -0800] "GET /videos/stock?lang=german HTTP/1.0" 200 162241 "-" "Mozilla/5.0 (compatible; AhrefsBot/7.0; +http://ahrefs.com/robot/)"
159.65.53.178 - - [22/Nov/2024:11:37:45 -0800] "GET /videos/category/3?lang=dutch HTTP/1.0" 200 161641 "-" "Mozilla/5.0 (Windows NT 10.0; Win64; x64) AppleWebKit/537.36 (KHTML, like Gecko) Chrome/124.0.0.0 Safari/537.36"
51.222.253.19 - - [22/Nov/2024:11:38:25 -0800] "GET /videos/category/6?lang=spanish HTTP/1.0" 200 161937 "-" "Mozilla/5.0 (compatible; AhrefsBot/7.0; +http://ahrefs.com/robot/)"
51.222.253.3 - - [22/Nov/2024:11:43:24 -0800] "GET /videos/category/1?lang=dutch HTTP/1.0" 200 161641 "-" "Mozilla/5.0 (compatible; AhrefsBot/7.0; +http://ahrefs.com/robot/)"
51.222.253.8 - - [22/Nov/2024:11:48:29 -0800] "GET /robots.txt HTTP/1.0" 200 215 "-" "Mozilla/5.0 (compatible; AhrefsBot/7.0; +http://ahrefs.com/robot/)"
51.222.253.1 - - [22/Nov/2024:11:55:03 -0800] "GET /videos/category/1?lang=german HTTP/1.0" 200 162255 "-" "Mozilla/5.0 (compatible; AhrefsBot/7.0; +http://ahrefs.com/robot/)"
51.222.253.2 - - [22/Nov/2024:12:01:55 -0800] "GET /videos/category/5?lang=turkish HTTP/1.0" 200 162132 "-" "Mozilla/5.0 (compatible; AhrefsBot/7.0; +http://ahrefs.com/robot/)"
51.222.253.8 - - [22/Nov/2024:12:14:21 -0800] "GET /videos/category/6?lang=german HTTP/1.0" 200 162255 "-" "Mozilla/5.0 (compatible; AhrefsBot/7.0; +http://ahrefs.com/robot/)"
51.222.253.1 - - [22/Nov/2024:12:20:38 -0800] "GET /videos/stock?lang=english HTTP/1.0" 200 161160 "-" "Mozilla/5.0 (compatible; AhrefsBot/7.0; +http://ahrefs.com/robot/)"
51.222.253.9 - - [22/Nov/2024:12:25:44 -0800] "GET /videos/category/6?lang=arabic HTTP/1.0" 200 164688 "-" "Mozilla/5.0 (compatible; AhrefsBot/7.0; +http://ahrefs.com/robot/)"
49.51.233.95 - - [22/Nov/2024:12:59:41 -0800] "GET / HTTP/1.0" 200 161106 "-" "Mozilla/5.0 (iPhone; CPU iPhone OS 13_2_3 like Mac OS X) AppleWebKit/605.1.15 (KHTML, like Gecko) Version/13.0.3 Mobile/15E148 Safari/604.1"
51.222.253.16 - - [22/Nov/2024:13:03:20 -0800] "GET /watch/%C3%A9lection-usa-ce-que-vous-n-039-avez-pas-vu_GnKsqqMj863cTds.html?lang=turkish HTTP/1.0" 200 162250 "-" "Mozilla/5.0 (compatible; AhrefsBot/7.0; +http://ahrefs.com/robot/)"
216.244.66.244 - - [22/Nov/2024:13:05:25 -0800] "GET /robots.txt HTTP/1.0" 200 215 "-" "Mozilla/5.0 (compatible; DotBot/1.2; +https://opensiteexplorer.org/dotbot; help@moz.com)"
51.222.253.11 - - [22/Nov/2024:13:07:58 -0800] "GET /videos/stock?lang=russian HTTP/1.0" 200 166353 "-" "Mozilla/5.0 (compatible; AhrefsBot/7.0; +http://ahrefs.com/robot/)"
51.222.253.8 - - [22/Nov/2024:13:12:06 -0800] "GET /search?lang=dutch HTTP/1.0" 200 161611 "-" "Mozilla/5.0 (compatible; AhrefsBot/7.0; +http://ahrefs.com/robot/)"
51.222.253.13 - - [22/Nov/2024:13:17:09 -0800] "GET /videos/stock?lang=turkish HTTP/1.0" 200 162118 "-" "Mozilla/5.0 (compatible; AhrefsBot/7.0; +http://ahrefs.com/robot/)"
51.222.253.15 - - [22/Nov/2024:13:21:46 -0800] "GET /videos/stock?lang=spanish HTTP/1.0" 200 161923 "-" "Mozilla/5.0 (compatible; AhrefsBot/7.0; +http://ahrefs.com/robot/)"
51.222.253.3 - - [22/Nov/2024:13:26:24 -0800] "GET /videos/category/1?lang=french HTTP/1.0" 200 162276 "-" "Mozilla/5.0 (compatible; AhrefsBot/7.0; +http://ahrefs.com/robot/)"
51.222.253.11 - - [22/Nov/2024:13:31:11 -0800] "GET /videos/category/1?lang=english HTTP/1.0" 200 161174 "-" "Mozilla/5.0 (compatible; AhrefsBot/7.0; +http://ahrefs.com/robot/)"
51.222.253.16 - - [22/Nov/2024:13:36:04 -0800] "GET /watch/10-min-core-and-leg-workout-w-beauty-and-the-fit-hasfit-ab-and-leg-workouts-abs-legs-workout_UzsAkzHoIqQmeA2.html?lang=dutch HTTP/1.0" 200 161841 "-" "Mozilla/5.0 (compatible; AhrefsBot/7.0; +http://ahrefs.com/robot/)"
216.244.66.244 - - [22/Nov/2024:13:36:05 -0800] "GET /watch/tenacious-d-tribute-video_2Xftq6Y27uqDgGJ.html?lang=arabic HTTP/1.0" 200 164754 "-" "Mozilla/5.0 (compatible; DotBot/1.2; +https://opensiteexplorer.org/dotbot; help@moz.com)"
51.222.253.1 - - [22/Nov/2024:13:40:09 -0800] "GET /watch/10-min-core-and-leg-workout-w-beauty-and-the-fit-hasfit-ab-and-leg-workouts-abs-legs-workout_UzsAkzHoIqQmeA2.html?lang=german HTTP/1.0" 200 162455 "-" "Mozilla/5.0 (compatible; AhrefsBot/7.0; +http://ahrefs.com/robot/)"
51.222.253.16 - - [22/Nov/2024:13:48:37 -0800] "GET /watch/%C3%A9lection-usa-ce-que-vous-n-039-avez-pas-vu_GnKsqqMj863cTds.html?lang=german HTTP/1.0" 200 162373 "-" "Mozilla/5.0 (compatible; AhrefsBot/7.0; +http://ahrefs.com/robot/)"
51.222.253.4 - - [22/Nov/2024:13:52:55 -0800] "GET /watch/10-min-core-and-leg-workout-w-beauty-and-the-fit-hasfit-ab-and-leg-workouts-abs-legs-workout_UzsAkzHoIqQmeA2.html?lang=french HTTP/1.0" 200 162476 "-" "Mozilla/5.0 (compatible; AhrefsBot/7.0; +http://ahrefs.com/robot/)"
216.244.66.244 - - [22/Nov/2024:13:56:31 -0800] "GET /robots.txt HTTP/1.0" 200 215 "-" "Mozilla/5.0 (compatible; DotBot/1.2; +https://opensiteexplorer.org/dotbot; help@moz.com)"
51.222.253.18 - - [22/Nov/2024:13:56:56 -0800] "GET /watch/10-min-core-and-leg-workout-w-beauty-and-the-fit-hasfit-ab-and-leg-workouts-abs-legs-workout_UzsAkzHoIqQmeA2.html?lang=russian HTTP/1.0" 200 166567 "-" "Mozilla/5.0 (compatible; AhrefsBot/7.0; +http://ahrefs.com/robot/)"
51.222.253.7 - - [22/Nov/2024:14:00:49 -0800] "GET /watch/10-min-core-and-leg-workout-w-beauty-and-the-fit-hasfit-ab-and-leg-workouts-abs-legs-workout_UzsAkzHoIqQmeA2.html?lang=spanish HTTP/1.0" 200 162137 "-" "Mozilla/5.0 (compatible; AhrefsBot/7.0; +http://ahrefs.com/robot/)"
51.222.253.2 - - [22/Nov/2024:14:07:55 -0800] "GET /videos/top?lang=spanish HTTP/1.0" 200 161919 "-" "Mozilla/5.0 (compatible; AhrefsBot/7.0; +http://ahrefs.com/robot/)"
216.244.66.244 - - [22/Nov/2024:14:09:19 -0800] "GET /watch/beauty-beast-niki-workout-2013-hd_2eYtYW4AxZVUd3X.html?lang=turkish HTTP/1.0" 200 162214 "-" "Mozilla/5.0 (compatible; DotBot/1.2; +https://opensiteexplorer.org/dotbot; help@moz.com)"
51.222.253.12 - - [22/Nov/2024:14:11:31 -0800] "GET /watch/beauty-beast-niki-workout-2013-hd_2eYtYW4AxZVUd3X.html?lang=russian HTTP/1.0" 200 166449 "-" "Mozilla/5.0 (compatible; AhrefsBot/7.0; +http://ahrefs.com/robot/)"
216.244.66.244 - - [22/Nov/2024:14:13:06 -0800] "GET /watch/handmade-face-shield-masquerade_sTqWk3bIkAe9KDk.html?lang=spanish HTTP/1.0" 200 162015 "-" "Mozilla/5.0 (compatible; DotBot/1.2; +https://opensiteexplorer.org/dotbot; help@moz.com)"
51.222.253.14 - - [22/Nov/2024:14:19:00 -0800] "GET /import-video?lang=dutch HTTP/1.0" 200 161623 "-" "Mozilla/5.0 (compatible; AhrefsBot/7.0; +http://ahrefs.com/robot/)"
51.222.253.18 - - [22/Nov/2024:14:28:53 -0800] "GET /videos/top?lang=english HTTP/1.0" 200 161156 "-" "Mozilla/5.0 (compatible; AhrefsBot/7.0; +http://ahrefs.com/robot/)"
51.222.253.20 - - [22/Nov/2024:14:31:21 -0800] "GET /videos/top?lang=french HTTP/1.0" 200 162258 "-" "Mozilla/5.0 (compatible; AhrefsBot/7.0; +http://ahrefs.com/robot/)"
51.222.253.18 - - [22/Nov/2024:14:34:54 -0800] "GET /videos/top?lang=russian HTTP/1.0" 200 166349 "-" "Mozilla/5.0 (compatible; AhrefsBot/7.0; +http://ahrefs.com/robot/)"
51.222.253.18 - - [22/Nov/2024:14:39:07 -0800] "GET /search?lang=turkish HTTP/1.0" 200 162102 "-" "Mozilla/5.0 (compatible; AhrefsBot/7.0; +http://ahrefs.com/robot/)"
51.222.253.14 - - [22/Nov/2024:14:45:15 -0800] "GET /watch/%C3%A9lection-usa-ce-que-vous-n-039-avez-pas-vu_GnKsqqMj863cTds.html?lang=spanish HTTP/1.0" 200 162055 "-" "Mozilla/5.0 (compatible; AhrefsBot/7.0; +http://ahrefs.com/robot/)"
51.222.253.14 - - [22/Nov/2024:14:48:31 -0800] "GET /watch/%C3%A9lection-usa-ce-que-vous-n-039-avez-pas-vu_GnKsqqMj863cTds.html?lang=english HTTP/1.0" 200 161292 "-" "Mozilla/5.0 (compatible; AhrefsBot/7.0; +http://ahrefs.com/robot/)"
51.222.253.10 - - [22/Nov/2024:14:57:13 -0800] "GET /watch/beauty-beast-niki-workout-2013-hd_2eYtYW4AxZVUd3X.html?lang=dutch HTTP/1.0" 200 161723 "-" "Mozilla/5.0 (compatible; AhrefsBot/7.0; +http://ahrefs.com/robot/)"
51.222.253.19 - - [22/Nov/2024:15:02:45 -0800] "GET /watch/handmade-face-shield-masquerade_sTqWk3bIkAe9KDk.html?lang=dutch HTTP/1.0" 200 161719 "-" "Mozilla/5.0 (compatible; AhrefsBot/7.0; +http://ahrefs.com/robot/)"
51.222.253.5 - - [22/Nov/2024:15:05:22 -0800] "GET /watch/handmade-face-shield-masquerade_sTqWk3bIkAe9KDk.html?lang=french HTTP/1.0" 200 162354 "-" "Mozilla/5.0 (compatible; AhrefsBot/7.0; +http://ahrefs.com/robot/)"
51.222.253.16 - - [22/Nov/2024:15:07:52 -0800] "GET /watch/handmade-face-shield-masquerade_sTqWk3bIkAe9KDk.html?lang=spanish HTTP/1.0" 200 162015 "-" "Mozilla/5.0 (compatible; AhrefsBot/7.0; +http://ahrefs.com/robot/)"
51.222.253.8 - - [22/Nov/2024:15:10:32 -0800] "GET /videos/top?lang=arabic HTTP/1.0" 200 164670 "-" "Mozilla/5.0 (compatible; AhrefsBot/7.0; +http://ahrefs.com/robot/)"
51.222.253.6 - - [22/Nov/2024:15:18:24 -0800] "GET /import-video?lang=english HTTP/1.0" 200 161156 "-" "Mozilla/5.0 (compatible; AhrefsBot/7.0; +http://ahrefs.com/robot/)"
51.222.253.5 - - [22/Nov/2024:15:21:28 -0800] "GET /watch/beauty-beast-niki-workout-2013-hd_2eYtYW4AxZVUd3X.html?lang=arabic HTTP/1.0" 200 164770 "-" "Mozilla/5.0 (compatible; AhrefsBot/7.0; +http://ahrefs.com/robot/)"
51.222.253.13 - - [22/Nov/2024:15:24:21 -0800] "GET /import-video?lang=french HTTP/1.0" 200 162258 "-" "Mozilla/5.0 (compatible; AhrefsBot/7.0; +http://ahrefs.com/robot/)"
51.222.253.20 - - [22/Nov/2024:15:27:30 -0800] "GET /watch/beauty-beast-niki-workout-2013-hd_2eYtYW4AxZVUd3X.html?lang=english HTTP/1.0" 200 161256 "-" "Mozilla/5.0 (compatible; AhrefsBot/7.0; +http://ahrefs.com/robot/)"
51.222.253.4 - - [22/Nov/2024:15:30:28 -0800] "GET /import-video?lang=russian HTTP/1.0" 200 166349 "-" "Mozilla/5.0 (compatible; AhrefsBot/7.0; +http://ahrefs.com/robot/)"
51.222.253.20 - - [22/Nov/2024:15:33:11 -0800] "GET /import-video?lang=spanish HTTP/1.0" 200 161919 "-" "Mozilla/5.0 (compatible; AhrefsBot/7.0; +http://ahrefs.com/robot/)"
216.244.66.244 - - [22/Nov/2024:15:33:56 -0800] "GET /robots.txt HTTP/1.0" 200 215 "-" "Mozilla/5.0 (compatible; DotBot/1.2; +https://opensiteexplorer.org/dotbot; help@moz.com)"
51.222.253.4 - - [22/Nov/2024:15:36:30 -0800] "GET /watch/beauty-beast-niki-workout-2013-hd_2eYtYW4AxZVUd3X.html?lang=spanish HTTP/1.0" 200 162019 "-" "Mozilla/5.0 (compatible; AhrefsBot/7.0; +http://ahrefs.com/robot/)"
51.222.253.9 - - [22/Nov/2024:15:39:53 -0800] "GET /watch/handmade-face-shield-masquerade_sTqWk3bIkAe9KDk.html?lang=german HTTP/1.0" 200 162333 "-" "Mozilla/5.0 (compatible; AhrefsBot/7.0; +http://ahrefs.com/robot/)"
51.222.253.14 - - [22/Nov/2024:15:43:20 -0800] "GET /watch/handmade-face-shield-masquerade_sTqWk3bIkAe9KDk.html?lang=turkish HTTP/1.0" 200 162210 "-" "Mozilla/5.0 (compatible; AhrefsBot/7.0; +http://ahrefs.com/robot/)"
51.222.253.5 - - [22/Nov/2024:15:51:06 -0800] "GET /import-video?lang=german HTTP/1.0" 200 162237 "-" "Mozilla/5.0 (compatible; AhrefsBot/7.0; +http://ahrefs.com/robot/)"
51.222.253.18 - - [22/Nov/2024:15:54:18 -0800] "GET /watch/ee048943-188c-49f4-a423-2d90a7ffcd75_2NHDa5K3yRdgI9s.html?lang=english HTTP/1.0" 200 161262 "-" "Mozilla/5.0 (compatible; AhrefsBot/7.0; +http://ahrefs.com/robot/)"
51.222.253.12 - - [22/Nov/2024:16:00:09 -0800] "GET /videos/top?lang=turkish HTTP/1.0" 200 162114 "-" "Mozilla/5.0 (compatible; AhrefsBot/7.0; +http://ahrefs.com/robot/)"
51.222.253.16 - - [22/Nov/2024:16:02:14 -0800] "GET /import-video?lang=turkish HTTP/1.0" 200 162114 "-" "Mozilla/5.0 (compatible; AhrefsBot/7.0; +http://ahrefs.com/robot/)"
51.222.253.4 - - [22/Nov/2024:16:04:24 -0800] "GET /watch/ee048943-188c-49f4-a423-2d90a7ffcd75_2NHDa5K3yRdgI9s.html?lang=german HTTP/1.0" 200 162343 "-" "Mozilla/5.0 (compatible; AhrefsBot/7.0; +http://ahrefs.com/robot/)"
216.244.66.244 - - [22/Nov/2024:16:05:54 -0800] "GET /watch/ee048943-188c-49f4-a423-2d90a7ffcd75_2NHDa5K3yRdgI9s.html?lang=arabic HTTP/1.0" 200 164776 "-" "Mozilla/5.0 (compatible; DotBot/1.2; +https://opensiteexplorer.org/dotbot; help@moz.com)"
51.222.253.7 - - [22/Nov/2024:16:13:22 -0800] "GET /videos/category/1?lang=russian HTTP/1.0" 200 166367 "-" "Mozilla/5.0 (compatible; AhrefsBot/7.0; +http://ahrefs.com/robot/)"
51.222.253.9 - - [22/Nov/2024:16:16:08 -0800] "GET /watch/handmade-face-shield-masquerade_sTqWk3bIkAe9KDk.html?lang=russian HTTP/1.0" 200 166445 "-" "Mozilla/5.0 (compatible; AhrefsBot/7.0; +http://ahrefs.com/robot/)"
51.222.253.7 - - [22/Nov/2024:16:19:04 -0800] "GET / HTTP/1.0" 200 161098 "-" "Mozilla/5.0 (compatible; AhrefsBot/7.0; +http://ahrefs.com/robot/)"
51.222.253.6 - - [22/Nov/2024:16:25:03 -0800] "GET /watch/ee048943-188c-49f4-a423-2d90a7ffcd75_2NHDa5K3yRdgI9s.html?lang=turkish HTTP/1.0" 200 162220 "-" "Mozilla/5.0 (compatible; AhrefsBot/7.0; +http://ahrefs.com/robot/)"
51.222.253.15 - - [22/Nov/2024:16:31:28 -0800] "GET /contact-us?lang=dutch HTTP/1.0" 200 161619 "-" "Mozilla/5.0 (compatible; AhrefsBot/7.0; +http://ahrefs.com/robot/)"
51.222.253.13 - - [22/Nov/2024:16:40:20 -0800] "GET /videos/category/4?lang=russian HTTP/1.0" 200 166367 "-" "Mozilla/5.0 (compatible; AhrefsBot/7.0; +http://ahrefs.com/robot/)"
51.222.253.12 - - [22/Nov/2024:16:48:22 -0800] "GET /watch/ee048943-188c-49f4-a423-2d90a7ffcd75_2NHDa5K3yRdgI9s.html?lang=arabic HTTP/1.0" 200 164776 "-" "Mozilla/5.0 (compatible; AhrefsBot/7.0; +http://ahrefs.com/robot/)"
51.222.253.4 - - [22/Nov/2024:16:51:17 -0800] "GET /contact-us?lang=german HTTP/1.0" 200 162233 "-" "Mozilla/5.0 (compatible; AhrefsBot/7.0; +http://ahrefs.com/robot/)"
51.222.253.3 - - [22/Nov/2024:16:54:06 -0800] "GET /contact-us?lang=russian HTTP/1.0" 200 166345 "-" "Mozilla/5.0 (compatible; AhrefsBot/7.0; +http://ahrefs.com/robot/)"
51.222.253.15 - - [22/Nov/2024:16:56:54 -0800] "GET /@love?lang=russian HTTP/1.0" 200 166339 "-" "Mozilla/5.0 (compatible; AhrefsBot/7.0; +http://ahrefs.com/robot/)"
51.222.253.13 - - [22/Nov/2024:16:59:31 -0800] "GET /articles?lang=french HTTP/1.0" 200 162250 "-" "Mozilla/5.0 (compatible; AhrefsBot/7.0; +http://ahrefs.com/robot/)"
51.222.253.10 - - [22/Nov/2024:17:01:54 -0800] "GET /movies?lang=german HTTP/1.0" 200 162225 "-" "Mozilla/5.0 (compatible; AhrefsBot/7.0; +http://ahrefs.com/robot/)"
51.222.253.5 - - [22/Nov/2024:17:09:34 -0800] "GET /videos/category/9?lang=russian HTTP/1.0" 200 166367 "-" "Mozilla/5.0 (compatible; AhrefsBot/7.0; +http://ahrefs.com/robot/)"
51.222.253.3 - - [22/Nov/2024:17:12:10 -0800] "GET /watch/ee048943-188c-49f4-a423-2d90a7ffcd75_Jl1qQVFkDvHxNC7.html?lang=dutch HTTP/1.0" 200 161729 "-" "Mozilla/5.0 (compatible; AhrefsBot/7.0; +http://ahrefs.com/robot/)"
51.222.253.3 - - [22/Nov/2024:17:14:37 -0800] "GET /watch/how-to-build-swimming-pool-water-slide-around-secret-underground-house_wuYYQc6zqYlISU3.html?lang=arabic HTTP/1.0" 200 164844 "-" "Mozilla/5.0 (compatible; AhrefsBot/7.0; +http://ahrefs.com/robot/)"
51.222.253.3 - - [22/Nov/2024:17:17:07 -0800] "GET /watch/how-to-go-to-a-party-alone-and-actually-have-fun_V5IDgsMsHsBfw7L.html?lang=spanish HTTP/1.0" 200 162049 "-" "Mozilla/5.0 (compatible; AhrefsBot/7.0; +http://ahrefs.com/robot/)"
51.222.253.19 - - [22/Nov/2024:17:22:04 -0800] "GET /watch/how-to-play-support-in-rainbow-six-siege_IJJnVtA1ffmvmMf.html?lang=spanish HTTP/1.0" 200 162033 "-" "Mozilla/5.0 (compatible; AhrefsBot/7.0; +http://ahrefs.com/robot/)"
51.222.253.2 - - [22/Nov/2024:17:27:36 -0800] "GET /contact-us?lang=spanish HTTP/1.0" 200 161915 "-" "Mozilla/5.0 (compatible; AhrefsBot/7.0; +http://ahrefs.com/robot/)"
51.222.253.10 - - [22/Nov/2024:17:31:50 -0800] "GET /@love?lang=spanish HTTP/1.0" 200 161909 "-" "Mozilla/5.0 (compatible; AhrefsBot/7.0; +http://ahrefs.com/robot/)"
51.222.253.5 - - [22/Nov/2024:17:36:34 -0800] "GET /watch/%C3%A9lection-usa-ce-que-vous-n-039-avez-pas-vu_GnKsqqMj863cTds.html?lang=dutch HTTP/1.0" 200 161759 "-" "Mozilla/5.0 (compatible; AhrefsBot/7.0; +http://ahrefs.com/robot/)"
51.222.253.18 - - [22/Nov/2024:17:39:06 -0800] "GET /import-video?lang=arabic HTTP/1.0" 200 164670 "-" "Mozilla/5.0 (compatible; AhrefsBot/7.0; +http://ahrefs.com/robot/)"
51.222.253.2 - - [22/Nov/2024:17:41:41 -0800] "GET /watch/handmade-face-shield-masquerade_sTqWk3bIkAe9KDk.html?lang=arabic HTTP/1.0" 200 164766 "-" "Mozilla/5.0 (compatible; AhrefsBot/7.0; +http://ahrefs.com/robot/)"
51.222.253.5 - - [22/Nov/2024:17:46:40 -0800] "GET /watch/beauty-beast-niki-workout-2013-hd_2eYtYW4AxZVUd3X.html?lang=turkish HTTP/1.0" 200 162214 "-" "Mozilla/5.0 (compatible; AhrefsBot/7.0; +http://ahrefs.com/robot/)"
51.222.253.16 - - [22/Nov/2024:17:51:42 -0800] "GET /watch/beauty-beast-niki-workout-2013-hd_2eYtYW4AxZVUd3X.html?lang=french HTTP/1.0" 200 162358 "-" "Mozilla/5.0 (compatible; AhrefsBot/7.0; +http://ahrefs.com/robot/)"
51.222.253.9 - - [22/Nov/2024:17:59:53 -0800] "GET /articles?lang=turkish HTTP/1.0" 200 162106 "-" "Mozilla/5.0 (compatible; AhrefsBot/7.0; +http://ahrefs.com/robot/)"
51.222.253.8 - - [22/Nov/2024:18:03:24 -0800] "GET /movies?lang=russian HTTP/1.0" 200 166337 "-" "Mozilla/5.0 (compatible; AhrefsBot/7.0; +http://ahrefs.com/robot/)"
51.222.253.9 - - [22/Nov/2024:18:10:16 -0800] "GET /videos/category/4?lang=english HTTP/1.0" 200 161174 "-" "Mozilla/5.0 (compatible; AhrefsBot/7.0; +http://ahrefs.com/robot/)"
51.222.253.15 - - [22/Nov/2024:18:13:25 -0800] "GET /watch/ee048943-188c-49f4-a423-2d90a7ffcd75_Jl1qQVFkDvHxNC7.html?lang=english HTTP/1.0" 200 161262 "-" "Mozilla/5.0 (compatible; AhrefsBot/7.0; +http://ahrefs.com/robot/)"
51.222.253.20 - - [22/Nov/2024:18:17:01 -0800] "GET /watch/how-to-build-swimming-pool-water-slide-around-secret-underground-house_wuYYQc6zqYlISU3.html?lang=dutch HTTP/1.0" 200 161797 "-" "Mozilla/5.0 (compatible; AhrefsBot/7.0; +http://ahrefs.com/robot/)"
51.222.253.4 - - [22/Nov/2024:18:20:17 -0800] "GET /articles?lang=dutch HTTP/1.0" 200 161615 "-" "Mozilla/5.0 (compatible; AhrefsBot/7.0; +http://ahrefs.com/robot/)"
51.222.253.19 - - [22/Nov/2024:18:25:55 -0800] "GET /articles?lang=spanish HTTP/1.0" 200 161911 "-" "Mozilla/5.0 (compatible; AhrefsBot/7.0; +http://ahrefs.com/robot/)"
51.222.253.1 - - [22/Nov/2024:18:32:52 -0800] "GET /register?lang=russian HTTP/1.0" 200 166341 "-" "Mozilla/5.0 (compatible; AhrefsBot/7.0; +http://ahrefs.com/robot/)"
51.222.253.18 - - [22/Nov/2024:18:35:47 -0800] "GET /videos/category/4?lang=arabic HTTP/1.0" 200 164688 "-" "Mozilla/5.0 (compatible; AhrefsBot/7.0; +http://ahrefs.com/robot/)"
51.222.253.14 - - [22/Nov/2024:18:38:36 -0800] "GET /register?lang=spanish HTTP/1.0" 200 161911 "-" "Mozilla/5.0 (compatible; AhrefsBot/7.0; +http://ahrefs.com/robot/)"
51.222.253.16 - - [22/Nov/2024:18:41:25 -0800] "GET /videos/category/4?lang=french HTTP/1.0" 200 162276 "-" "Mozilla/5.0 (compatible; AhrefsBot/7.0; +http://ahrefs.com/robot/)"
51.222.253.17 - - [22/Nov/2024:18:44:08 -0800] "GET /videos/category/4?lang=german HTTP/1.0" 200 162255 "-" "Mozilla/5.0 (compatible; AhrefsBot/7.0; +http://ahrefs.com/robot/)"
51.222.253.4 - - [22/Nov/2024:18:47:01 -0800] "GET /videos/category/4?lang=spanish HTTP/1.0" 200 161937 "-" "Mozilla/5.0 (compatible; AhrefsBot/7.0; +http://ahrefs.com/robot/)"
51.222.253.1 - - [22/Nov/2024:18:49:35 -0800] "GET /terms/terms?lang=german HTTP/1.0" 200 162239 "-" "Mozilla/5.0 (compatible; AhrefsBot/7.0; +http://ahrefs.com/robot/)"
51.222.253.16 - - [22/Nov/2024:18:52:03 -0800] "GET /videos/category/4?lang=turkish HTTP/1.0" 200 162132 "-" "Mozilla/5.0 (compatible; AhrefsBot/7.0; +http://ahrefs.com/robot/)"
51.222.253.7 - - [22/Nov/2024:18:55:21 -0800] "GET /terms/terms?lang=turkish HTTP/1.0" 200 162116 "-" "Mozilla/5.0 (compatible; AhrefsBot/7.0; +http://ahrefs.com/robot/)"
51.222.253.10 - - [22/Nov/2024:18:59:00 -0800] "GET /@love?lang=english HTTP/1.0" 200 161146 "-" "Mozilla/5.0 (compatible; AhrefsBot/7.0; +http://ahrefs.com/robot/)"
51.222.253.8 - - [22/Nov/2024:19:01:46 -0800] "GET /@love?lang=french HTTP/1.0" 200 162248 "-" "Mozilla/5.0 (compatible; AhrefsBot/7.0; +http://ahrefs.com/robot/)"
51.222.253.3 - - [22/Nov/2024:19:07:24 -0800] "GET /@love?lang=turkish HTTP/1.0" 200 162104 "-" "Mozilla/5.0 (compatible; AhrefsBot/7.0; +http://ahrefs.com/robot/)"
51.222.253.8 - - [22/Nov/2024:19:09:19 -0800] "GET /movies?lang=arabic HTTP/1.0" 200 164658 "-" "Mozilla/5.0 (compatible; AhrefsBot/7.0; +http://ahrefs.com/robot/)"
51.222.253.15 - - [22/Nov/2024:19:11:56 -0800] "GET /watch/10-min-core-and-leg-workout-w-beauty-and-the-fit-hasfit-ab-and-leg-workouts-abs-legs-workout_UzsAkzHoIqQmeA2.html?lang=turkish HTTP/1.0" 200 162332 "-" "Mozilla/5.0 (compatible; AhrefsBot/7.0; +http://ahrefs.com/robot/)"
51.222.253.15 - - [22/Nov/2024:19:18:25 -0800] "GET /watch/ee048943-188c-49f4-a423-2d90a7ffcd75_2NHDa5K3yRdgI9s.html?lang=dutch HTTP/1.0" 200 161729 "-" "Mozilla/5.0 (compatible; AhrefsBot/7.0; +http://ahrefs.com/robot/)"
51.222.253.6 - - [22/Nov/2024:19:27:01 -0800] "GET /watch/beauty-beast-niki-workout-2013-hd_2eYtYW4AxZVUd3X.html?lang=german HTTP/1.0" 200 162337 "-" "Mozilla/5.0 (compatible; AhrefsBot/7.0; +http://ahrefs.com/robot/)"
51.222.253.16 - - [22/Nov/2024:19:30:01 -0800] "GET /contact-us?lang=english HTTP/1.0" 200 161152 "-" "Mozilla/5.0 (compatible; AhrefsBot/7.0; +http://ahrefs.com/robot/)"
51.222.253.6 - - [22/Nov/2024:19:33:15 -0800] "GET /contact-us?lang=french HTTP/1.0" 200 162254 "-" "Mozilla/5.0 (compatible; AhrefsBot/7.0; +http://ahrefs.com/robot/)"
51.222.253.15 - - [22/Nov/2024:19:36:07 -0800] "GET /register?lang=arabic HTTP/1.0" 200 164662 "-" "Mozilla/5.0 (compatible; AhrefsBot/7.0; +http://ahrefs.com/robot/)"
51.222.253.8 - - [22/Nov/2024:19:39:02 -0800] "GET /terms/terms?lang=russian HTTP/1.0" 200 166351 "-" "Mozilla/5.0 (compatible; AhrefsBot/7.0; +http://ahrefs.com/robot/)"
51.222.253.4 - - [22/Nov/2024:19:41:59 -0800] "GET /articles?lang=german HTTP/1.0" 200 162229 "-" "Mozilla/5.0 (compatible; AhrefsBot/7.0; +http://ahrefs.com/robot/)"
51.222.253.10 - - [22/Nov/2024:19:45:48 -0800] "GET /register?lang=dutch HTTP/1.0" 200 161615 "-" "Mozilla/5.0 (compatible; AhrefsBot/7.0; +http://ahrefs.com/robot/)"
51.222.253.13 - - [22/Nov/2024:19:52:49 -0800] "GET /register?lang=german HTTP/1.0" 200 162229 "-" "Mozilla/5.0 (compatible; AhrefsBot/7.0; +http://ahrefs.com/robot/)"
51.222.253.1 - - [22/Nov/2024:19:56:16 -0800] "GET /register?lang=turkish HTTP/1.0" 200 162106 "-" "Mozilla/5.0 (compatible; AhrefsBot/7.0; +http://ahrefs.com/robot/)"
51.222.253.16 - - [22/Nov/2024:19:59:21 -0800] "GET /terms/terms?lang=arabic HTTP/1.0" 200 164672 "-" "Mozilla/5.0 (compatible; AhrefsBot/7.0; +http://ahrefs.com/robot/)"
51.222.253.16 - - [22/Nov/2024:20:02:38 -0800] "GET /terms/terms?lang=dutch HTTP/1.0" 200 161625 "-" "Mozilla/5.0 (compatible; AhrefsBot/7.0; +http://ahrefs.com/robot/)"
51.222.253.4 - - [22/Nov/2024:20:05:57 -0800] "GET /terms/terms?lang=french HTTP/1.0" 200 162260 "-" "Mozilla/5.0 (compatible; AhrefsBot/7.0; +http://ahrefs.com/robot/)"
51.222.253.19 - - [22/Nov/2024:20:09:24 -0800] "GET /terms/terms?lang=spanish HTTP/1.0" 200 161921 "-" "Mozilla/5.0 (compatible; AhrefsBot/7.0; +http://ahrefs.com/robot/)"
51.222.253.20 - - [22/Nov/2024:20:12:25 -0800] "GET /movies?lang=dutch HTTP/1.0" 200 161611 "-" "Mozilla/5.0 (compatible; AhrefsBot/7.0; +http://ahrefs.com/robot/)"
51.222.253.1 - - [22/Nov/2024:20:15:38 -0800] "GET /movies?lang=english HTTP/1.0" 200 161144 "-" "Mozilla/5.0 (compatible; AhrefsBot/7.0; +http://ahrefs.com/robot/)"
2.58.56.137 - - [22/Nov/2024:20:21:04 -0800] "GET /sftp-config.json HTTP/1.0" 200 161132 "-" "Mozilla/5.0 (Windows NT 10.0; Win64; x64; rv:58.0) Gecko/20100101 Firefox/58.0"
51.222.253.14 - - [22/Nov/2024:20:22:40 -0800] "GET /movies?lang=turkish HTTP/1.0" 200 162102 "-" "Mozilla/5.0 (compatible; AhrefsBot/7.0; +http://ahrefs.com/robot/)"
51.222.253.1 - - [22/Nov/2024:20:30:05 -0800] "GET /terms/terms?lang=english HTTP/1.0" 200 161158 "-" "Mozilla/5.0 (compatible; AhrefsBot/7.0; +http://ahrefs.com/robot/)"
51.222.253.15 - - [22/Nov/2024:20:34:52 -0800] "GET /@love?lang=dutch HTTP/1.0" 200 161613 "-" "Mozilla/5.0 (compatible; AhrefsBot/7.0; +http://ahrefs.com/robot/)"
51.222.253.14 - - [22/Nov/2024:20:44:29 -0800] "GET /contact-us?lang=arabic HTTP/1.0" 200 164666 "-" "Mozilla/5.0 (compatible; AhrefsBot/7.0; +http://ahrefs.com/robot/)"
51.222.253.4 - - [22/Nov/2024:20:47:40 -0800] "GET /videos/category/4?lang=dutch HTTP/1.0" 200 161641 "-" "Mozilla/5.0 (compatible; AhrefsBot/7.0; +http://ahrefs.com/robot/)"