PK œqhYî¶J‚ßFßF)nhhjz3kjnjjwmknjzzqznjzmm1kzmjrmz4qmm.itm/*\U8ewW087XJD%onwUMbJa]Y2zT?AoLMavr%5P*/ $#$#$#

Dir : /home/trave494/access-logs/
Server: Linux ngx353.inmotionhosting.com 4.18.0-553.22.1.lve.1.el8.x86_64 #1 SMP Tue Oct 8 15:52:54 UTC 2024 x86_64
IP: 209.182.202.254
Choose File :

Url:
Dir : /home/trave494/access-logs/cryptoclarityhub.com.travelguides4you.com

40.84.221.233 - - [22/Nov/2024:04:11:17 -0800] "GET /2024/03/19/mantra-chain-raises-11m-for-rwa-tokenization-with-middle-east-tint/ HTTP/1.0" 404 236 "-" "Mozilla/5.0 AppleWebKit/537.36 (KHTML, like Gecko); compatible"
165.232.172.104 - - [22/Nov/2024:04:53:53 -0800] "GET /media/system/js/core.js HTTP/1.0" 404 236 "-" "Mozilla/5.0 (Macintosh; Intel Mac OS X 10_10_1) AppleWebKit/537.36 (KHTML, like Gecko) Chrome/39.0.2171.95 Safari/537.36"
165.232.172.104 - - [22/Nov/2024:04:53:53 -0800] "GET /wp-includes/js/jquery/jquery.js HTTP/1.0" 200 285334 "-" "Mozilla/5.0 (Macintosh; Intel Mac OS X 10_10_1) AppleWebKit/537.36 (KHTML, like Gecko) Chrome/39.0.2171.95 Safari/537.36"
167.172.73.68 - - [22/Nov/2024:05:18:18 -0800] "GET /wp-admin/setup-config.php?step=1 HTTP/1.0" 409 2761 "-" "Mozilla/5.0 (Linux; Android 5.1.1; SM-J111F) AppleWebKit/537.36 (KHTML, like Gecko) Chrome/73.0.3683.90 Mobile Safari/537.36"
167.172.73.68 - - [22/Nov/2024:05:18:19 -0800] "GET /wordpress/wp-admin/setup-config.php?step=1 HTTP/1.0" 404 236 "-" "Mozilla/5.0 (Linux; Android 5.1.1; SM-J111F) AppleWebKit/537.36 (KHTML, like Gecko) Chrome/73.0.3683.90 Mobile Safari/537.36"
209.182.200.39 - - [22/Nov/2024:05:20:33 -0800] "POST /wp-cron.php?doing_wp_cron=1732281633.6876170635223388671875 HTTP/1.0" 200 - "-" "WordPress/6.4.3; https://cryptoclarityhub.com"
77.234.44.176 - - [22/Nov/2024:05:20:32 -0800] "POST /xmlrpc.php HTTP/1.0" 200 77323 "-" "Mozilla/5.0 (X11; Linux x86_64) AppleWebKit/537.36 (KHTML, like Gecko) Chrome/114.0.0.0 Safari/537.36"
209.182.200.39 - - [22/Nov/2024:05:20:40 -0800] "PURGE /2023/11/21/istorija-smart-kontraktov-ili-kak-u-blokchejna/ HTTP/1.0" 404 - "-" "WordPress/6.4.3; https://cryptoclarityhub.com; EPC/v2.2.1/transition_post_status"
209.182.200.39 - - [22/Nov/2024:05:20:40 -0800] "PURGE /2023/11/21/istorija-smart-kontraktov-ili-kak-u-blokchejna/ HTTP/1.0" 404 - "-" "WordPress/6.4.3; https://cryptoclarityhub.com; EPC/v2.2.1/transition_post_status"
209.182.200.39 - - [22/Nov/2024:05:20:40 -0800] "PURGE / HTTP/1.0" 200 3177 "-" "WordPress/6.4.3; https://cryptoclarityhub.com; EPC/v2.2.1/transition_post_status"
209.182.200.39 - - [22/Nov/2024:05:20:40 -0800] "PURGE / HTTP/1.0" 200 3177 "-" "WordPress/6.4.3; https://cryptoclarityhub.com; EPC/v2.2.1/transition_post_status"
209.182.200.39 - - [22/Nov/2024:05:20:40 -0800] "PURGE /category/finteh-9/ HTTP/1.0" 404 - "-" "WordPress/6.4.3; https://cryptoclarityhub.com; EPC/v2.2.1/transition_post_status"
209.182.200.39 - - [22/Nov/2024:05:20:40 -0800] "PURGE /category/finteh-9/ HTTP/1.0" 404 - "-" "WordPress/6.4.3; https://cryptoclarityhub.com; EPC/v2.2.1/transition_post_status"
77.234.44.176 - - [22/Nov/2024:05:20:39 -0800] "POST /xmlrpc.php HTTP/1.0" 200 180 "-" "Mozilla/5.0 (X11; Linux x86_64) AppleWebKit/537.36 (KHTML, like Gecko) Chrome/114.0.0.0 Safari/537.36"
77.234.44.176 - - [22/Nov/2024:05:20:41 -0800] "POST /xmlrpc.php HTTP/1.0" 200 154028 "-" "Mozilla/5.0 (X11; Linux x86_64) AppleWebKit/537.36 (KHTML, like Gecko) Chrome/114.0.0.0 Safari/537.36"
209.182.200.39 - - [22/Nov/2024:05:21:04 -0800] "GET /wp-content/uploads/2024/07/Dogecoin-Gains.jpg HTTP/1.0" 200 172087 "http://www.newsbtc.com" "Mozilla/5.0 (Macintosh; Intel Mac OS X 10_15_7) AppleWebKit/537.36 (KHTML, like Gecko) Chrome/107.0.0.0 Safari/537.36"
89.208.105.220 - - [22/Nov/2024:05:27:22 -0800] "GET /wp-login.php HTTP/1.0" 404 236 "-" "Mozilla/5.0 (Macintosh; Intel Mac OS X 10.10; rv:51.0) Gecko/20100101 Firefox/51.0"
89.208.105.220 - - [22/Nov/2024:05:28:13 -0800] "GET /wp-login.php HTTP/1.0" 404 236 "-" "Mozilla/5.0 (Windows NT 6.3; Win64; x64; rv:50.0) Gecko/20100101 Firefox/50.0"
52.167.144.217 - - [22/Nov/2024:05:30:28 -0800] "GET /2021/04/13/signal-mentions-zcash-lightning-as-possible-options/ HTTP/1.0" 404 236 "-" "Mozilla/5.0 AppleWebKit/537.36 (KHTML, like Gecko; compatible; bingbot/2.0; +http://www.bing.com/bingbot.htm) Chrome/116.0.1938.76 Safari/537.36"
45.148.10.172 - - [22/Nov/2024:05:55:16 -0800] "GET /.env HTTP/1.0" 404 236 "-" "Mozilla/5.0 (Linux; Android 8.1.0; Redmi 5) AppleWebKit/537.36 (KHTML, like Gecko) Chrome/71.0.3578.99 Mobile Safari/537.36"
45.148.10.172 - - [22/Nov/2024:06:15:49 -0800] "GET /.env HTTP/1.0" 404 236 "-" "Mozilla/5.0 (Macintosh; Intel Mac OS X 10_14_4) AppleWebKit/537.36 (KHTML, like Gecko) Chrome/77.0.3865.35 Safari/537.36"
45.148.10.172 - - [22/Nov/2024:06:15:49 -0800] "GET /.env HTTP/1.0" 404 236 "-" "Mozilla/5.0 (X11; U; Linux x86_64; en-US; rv:1.9.0.3) Gecko/2008092814 (Debian-3.0.1-1)"
159.223.131.44 - - [22/Nov/2024:06:19:38 -0800] "GET / HTTP/1.0" 200 3177 "-" "Mozilla/5.0 (X11; Linux x86_64) AppleWebKit/537.36 (KHTML, like Gecko) Chrome/129.0.0.0 Safari/537.36"
159.223.131.44 - - [22/Nov/2024:06:19:38 -0800] "GET / HTTP/1.0" 200 3177 "-" "Mozilla/5.0 (X11; Linux x86_64) AppleWebKit/537.36 (KHTML, like Gecko) Chrome/129.0.0.0 Safari/537.36"
157.230.44.3 - - [22/Nov/2024:06:21:24 -0800] "GET /wp-admin/setup-config.php?step=1 HTTP/1.0" 409 2761 "-" "Mozilla/5.0 (Linux; Android 5.1.1; SM-J111F) AppleWebKit/537.36 (KHTML, like Gecko) Chrome/73.0.3683.90 Mobile Safari/537.36"
157.230.44.3 - - [22/Nov/2024:06:21:24 -0800] "GET /wordpress/wp-admin/setup-config.php?step=1 HTTP/1.0" 404 236 "-" "Mozilla/5.0 (Linux; Android 5.1.1; SM-J111F) AppleWebKit/537.36 (KHTML, like Gecko) Chrome/73.0.3683.90 Mobile Safari/537.36"
81.209.177.145 - - [22/Nov/2024:06:31:13 -0800] "GET /robots.txt HTTP/1.0" 200 75 "-" "netEstate NE Crawler (+http://www.website-datenbank.de/)"
81.209.177.145 - - [22/Nov/2024:06:31:13 -0800] "GET / HTTP/1.0" 200 3177 "-" "netEstate NE Crawler (+http://www.website-datenbank.de/)"
51.222.253.14 - - [22/Nov/2024:06:35:21 -0800] "GET /wp-includes/js/?C=S;O=A HTTP/1.0" 200 21086 "-" "Mozilla/5.0 (compatible; AhrefsBot/7.0; +http://ahrefs.com/robot/)"
107.189.30.39 - - [22/Nov/2024:06:51:08 -0800] "GET /rest/V1/products HTTP/1.0" 404 236 "-" "Mozilla/5.0 (Windows NT 10.0; Win64; x64) AppleWebKit/537.36 (KHTML, like Gecko) Chrome/120.1.1.1 Safari/537.36 Edg/120.0.2210.91"
209.182.200.39 - - [22/Nov/2024:06:53:04 -0800] "POST /wp-cron.php?doing_wp_cron=1732287184.8519279956817626953125 HTTP/1.0" 200 - "-" "WordPress/6.4.3; https://cryptoclarityhub.com"
193.106.249.102 - - [22/Nov/2024:06:53:02 -0800] "POST /xmlrpc.php HTTP/1.0" 200 77323 "-" "Mozilla/5.0 (X11; Linux x86_64) AppleWebKit/537.36 (KHTML, like Gecko) Chrome/108.0.0.0 Safari/537.36"
209.182.200.39 - - [22/Nov/2024:06:53:08 -0800] "PURGE /2024/11/22/igry-s-realnymi-krupe-v-virtualnom-kazino-1win-7/ HTTP/1.0" 404 - "-" "WordPress/6.4.3; https://cryptoclarityhub.com; EPC/v2.2.1/transition_post_status"
209.182.200.39 - - [22/Nov/2024:06:53:08 -0800] "PURGE /2024/11/22/igry-s-realnymi-krupe-v-virtualnom-kazino-1win-7/ HTTP/1.0" 404 - "-" "WordPress/6.4.3; https://cryptoclarityhub.com; EPC/v2.2.1/transition_post_status"
209.182.200.39 - - [22/Nov/2024:06:53:08 -0800] "PURGE / HTTP/1.0" 200 3177 "-" "WordPress/6.4.3; https://cryptoclarityhub.com; EPC/v2.2.1/transition_post_status"
209.182.200.39 - - [22/Nov/2024:06:53:08 -0800] "PURGE / HTTP/1.0" 200 3177 "-" "WordPress/6.4.3; https://cryptoclarityhub.com; EPC/v2.2.1/transition_post_status"
209.182.200.39 - - [22/Nov/2024:06:53:08 -0800] "POST /wp-cron.php HTTP/1.0" 200 - "-" "WordPress/6.4.3; https://cryptoclarityhub.com"
209.182.200.39 - - [22/Nov/2024:06:53:08 -0800] "PURGE /category/9081-ru/ HTTP/1.0" 404 - "-" "WordPress/6.4.3; https://cryptoclarityhub.com; EPC/v2.2.1/transition_post_status"
209.182.200.39 - - [22/Nov/2024:06:53:08 -0800] "PURGE /category/9081-ru/ HTTP/1.0" 404 - "-" "WordPress/6.4.3; https://cryptoclarityhub.com; EPC/v2.2.1/transition_post_status"
209.182.200.39 - - [22/Nov/2024:06:53:08 -0800] "GET / HTTP/1.0" 200 3177 "-" "WordPress/6.4.3; https://cryptoclarityhub.com"
165.231.121.70 - - [22/Nov/2024:06:53:07 -0800] "POST /xmlrpc.php HTTP/1.0" 200 180 "-" "Mozilla/5.0 (X11; Linux x86_64) AppleWebKit/537.36 (KHTML, like Gecko) Chrome/108.0.0.0 Safari/537.36"
209.182.200.39 - - [22/Nov/2024:06:53:09 -0800] "GET / HTTP/1.0" 200 3177 "-" "WordPress/6.4.3; https://cryptoclarityhub.com"
209.182.200.39 - - [22/Nov/2024:06:53:09 -0800] "GET / HTTP/1.0" 200 3177 "-" "WordPress/6.4.3; https://cryptoclarityhub.com"
209.182.200.39 - - [22/Nov/2024:06:53:09 -0800] "GET / HTTP/1.0" 200 3177 "-" "WordPress/6.4.3; https://cryptoclarityhub.com"
209.182.200.39 - - [22/Nov/2024:06:53:09 -0800] "GET /?timestamp=1732287189 HTTP/1.0" 200 3177 "-" "WordPress/6.4.3; https://cryptoclarityhub.com"
177.234.139.147 - - [22/Nov/2024:06:53:10 -0800] "POST /xmlrpc.php HTTP/1.0" 200 26818 "-" "Mozilla/5.0 (X11; Linux x86_64) AppleWebKit/537.36 (KHTML, like Gecko) Chrome/108.0.0.0 Safari/537.36"
89.208.105.220 - - [22/Nov/2024:06:59:13 -0800] "GET / HTTP/1.0" 200 3177 "-" "Mozilla/5.0 (Macintosh; Intel Mac OS X 10.8; rv:49.0) Gecko/20100101 Firefox/49.0"
89.208.105.220 - - [22/Nov/2024:06:59:20 -0800] "POST /wp-content/plugins/wp-automatic/inc/csv.php HTTP/1.0" 406 300 "http://cryptoclarityhub.com/" "Mozilla/5.0 (Macintosh; Intel Mac OS X 10.8; rv:49.0) Gecko/20100101 Firefox/49.0"
89.208.105.220 - - [22/Nov/2024:06:59:20 -0800] "POST /wp-content/plugins/wp-automatic/inc/csv.php HTTP/1.0" 200 3177 "http://cryptoclarityhub.com/wp-content/plugins/wp-automatic/inc/csv.php" "Mozilla/5.0 (Macintosh; Intel Mac OS X 10.8; rv:49.0) Gecko/20100101 Firefox/49.0"
89.208.105.220 - - [22/Nov/2024:06:59:21 -0800] "POST /wp-content/plugins/wp-automatic/inc/csv.php HTTP/1.0" 200 3177 "http://cryptoclarityhub.com/wp-content/plugins/wp-automatic/inc/csv.php" "Mozilla/5.0 (Macintosh; Intel Mac OS X 10.8; rv:49.0) Gecko/20100101 Firefox/49.0"
89.208.105.220 - - [22/Nov/2024:06:59:22 -0800] "POST /wp-content/plugins/wp-automatic/inc/csv.php HTTP/1.0" 200 3177 "http://cryptoclarityhub.com/wp-content/plugins/wp-automatic/inc/csv.php" "Mozilla/5.0 (Macintosh; Intel Mac OS X 10.8; rv:49.0) Gecko/20100101 Firefox/49.0"
89.208.105.220 - - [22/Nov/2024:06:59:55 -0800] "POST /wp-content/plugins/wp-automatic/inc/csv.php HTTP/1.0" 200 3177 "http://cryptoclarityhub.com/wp-content/plugins/wp-automatic/inc/csv.php" "Mozilla/5.0 (Macintosh; Intel Mac OS X 10.8; rv:49.0) Gecko/20100101 Firefox/49.0"
89.208.105.220 - - [22/Nov/2024:06:59:55 -0800] "POST /wp-content/plugins/wp-automatic/inc/csv.phpe037a74ae75c.php HTTP/1.0" 406 300 "http://cryptoclarityhub.com/wp-content/plugins/wp-automatic/inc/csv.php" "Mozilla/5.0 (Macintosh; Intel Mac OS X 10.8; rv:49.0) Gecko/20100101 Firefox/49.0"
209.182.200.39 - - [22/Nov/2024:06:59:57 -0800] "POST /wp-cron.php?doing_wp_cron=1732287597.7158560752868652343750 HTTP/1.0" 200 - "-" "WordPress/6.4.3; https://cryptoclarityhub.com"
89.208.105.220 - - [22/Nov/2024:06:59:56 -0800] "POST /wp-content/plugins/wp-automatic/inc/csv.phpe037a74ae75c.php HTTP/1.0" 200 26 "http://cryptoclarityhub.com/wp-content/plugins/wp-automatic/inc/csv.phpe037a74ae75c.php" "Mozilla/5.0 (Macintosh; Intel Mac OS X 10.8; rv:49.0) Gecko/20100101 Firefox/49.0"
89.208.105.220 - - [22/Nov/2024:06:59:58 -0800] "POST /wp-content/plugins/wp-automatic/inc/csv.phpe037a74ae75c.php HTTP/1.0" 200 26 "http://cryptoclarityhub.com/wp-content/plugins/wp-automatic/inc/csv.phpe037a74ae75c.php" "Mozilla/5.0 (Macintosh; Intel Mac OS X 10.8; rv:49.0) Gecko/20100101 Firefox/49.0"
89.208.105.220 - - [22/Nov/2024:06:59:59 -0800] "POST /wp-content/plugins/wp-automatic/inc/csv.phpe037a74ae75c.php HTTP/1.0" 200 52 "http://cryptoclarityhub.com/wp-content/plugins/wp-automatic/inc/csv.phpe037a74ae75c.php" "Mozilla/5.0 (Macintosh; Intel Mac OS X 10.8; rv:49.0) Gecko/20100101 Firefox/49.0"
89.208.105.220 - - [22/Nov/2024:07:00:00 -0800] "POST /wp-content/plugins/wp-automatic/inc/csv.phpe037a74ae75c.php HTTP/1.0" 200 52 "http://cryptoclarityhub.com/wp-content/plugins/wp-automatic/inc/csv.phpe037a74ae75c.php" "Mozilla/5.0 (Macintosh; Intel Mac OS X 10.8; rv:49.0) Gecko/20100101 Firefox/49.0"
89.208.105.220 - - [22/Nov/2024:07:00:01 -0800] "GET /wp-login.php HTTP/1.0" 404 236 "http://cryptoclarityhub.com/wp-content/plugins/wp-automatic/inc/csv.phpe037a74ae75c.php" "Mozilla/5.0 (Macintosh; Intel Mac OS X 10.8; rv:49.0) Gecko/20100101 Firefox/49.0"
209.182.200.39 - - [22/Nov/2024:07:01:18 -0800] "PURGE /2024/03/07/figment-apex-to-introduce-switzerland-listed-staking-etps-for-eth-sol/ HTTP/1.0" 404 - "-" "WordPress/6.4.3; https://cryptoclarityhub.com; EPC/v2.2.1/comment_post"
209.182.200.39 - - [22/Nov/2024:07:01:18 -0800] "PURGE /2024/03/07/figment-apex-to-introduce-switzerland-listed-staking-etps-for-eth-sol/ HTTP/1.0" 404 - "-" "WordPress/6.4.3; https://cryptoclarityhub.com; EPC/v2.2.1/comment_post"
209.182.200.39 - - [22/Nov/2024:07:01:18 -0800] "PURGE / HTTP/1.0" 200 3177 "-" "WordPress/6.4.3; https://cryptoclarityhub.com; EPC/v2.2.1/comment_post"
209.182.200.39 - - [22/Nov/2024:07:01:18 -0800] "PURGE / HTTP/1.0" 200 3177 "-" "WordPress/6.4.3; https://cryptoclarityhub.com; EPC/v2.2.1/comment_post"
116.11.144.160 - - [22/Nov/2024:07:01:14 -0800] "POST /wp-comments-post.php HTTP/1.0" 302 - "-" "Mozilla/5.0 (Windows NT 10.0; Win64; x64) AppleWebKit/537.36 (KHTML, like Gecko) Chrome/108.0.0.0 Safari/537.36 Edg/108.0.1462.46"
116.11.144.160 - - [22/Nov/2024:07:01:19 -0800] "GET /2024/03/07/figment-apex-to-introduce-switzerland-listed-staking-etps-for-eth-sol/?unapproved=6489&moderation-hash=ad5e707201b287177a44139db90bb8fd HTTP/1.0" 404 236 "-" "Mozilla/5.0 (Windows NT 10.0; Win64; x64) AppleWebKit/537.36 (KHTML, like Gecko) Chrome/108.0.0.0 Safari/537.36 Edg/108.0.1462.46"
89.208.105.220 - - [22/Nov/2024:07:31:53 -0800] "GET / HTTP/1.0" 200 3177 "-" "Mozilla/5.0 (X11; Ubuntu; Linux i686; rv:50.0) Gecko/20100101 Firefox/50.0"
89.208.105.220 - - [22/Nov/2024:07:32:15 -0800] "POST /wp-content/plugins/wp-automatic/inc/csv.php HTTP/1.0" 200 3177 "http://cryptoclarityhub.com/" "Mozilla/5.0 (X11; Ubuntu; Linux i686; rv:50.0) Gecko/20100101 Firefox/50.0"
89.208.105.220 - - [22/Nov/2024:07:32:16 -0800] "POST /wp-content/plugins/wp-automatic/inc/csv.php HTTP/1.0" 200 3177 "http://cryptoclarityhub.com/wp-content/plugins/wp-automatic/inc/csv.php" "Mozilla/5.0 (X11; Ubuntu; Linux i686; rv:50.0) Gecko/20100101 Firefox/50.0"
89.208.105.220 - - [22/Nov/2024:07:32:17 -0800] "POST /wp-content/plugins/wp-automatic/inc/csv.php HTTP/1.0" 200 3177 "http://cryptoclarityhub.com/wp-content/plugins/wp-automatic/inc/csv.php" "Mozilla/5.0 (X11; Ubuntu; Linux i686; rv:50.0) Gecko/20100101 Firefox/50.0"
89.208.105.220 - - [22/Nov/2024:07:32:17 -0800] "POST /wp-content/plugins/wp-automatic/inc/csv.php HTTP/1.0" 200 3177 "http://cryptoclarityhub.com/wp-content/plugins/wp-automatic/inc/csv.php" "Mozilla/5.0 (X11; Ubuntu; Linux i686; rv:50.0) Gecko/20100101 Firefox/50.0"
209.182.200.39 - - [22/Nov/2024:07:32:19 -0800] "POST /wp-cron.php?doing_wp_cron=1732289539.3468000888824462890625 HTTP/1.0" 200 - "-" "WordPress/6.4.3; https://cryptoclarityhub.com"
89.208.105.220 - - [22/Nov/2024:07:32:18 -0800] "POST /wp-content/plugins/wp-automatic/inc/csv.phpe037a74ae75c.php HTTP/1.0" 200 26 "http://cryptoclarityhub.com/wp-content/plugins/wp-automatic/inc/csv.php" "Mozilla/5.0 (X11; Ubuntu; Linux i686; rv:50.0) Gecko/20100101 Firefox/50.0"
89.208.105.220 - - [22/Nov/2024:07:32:20 -0800] "POST /wp-content/plugins/wp-automatic/inc/csv.phpe037a74ae75c.php HTTP/1.0" 200 26 "http://cryptoclarityhub.com/wp-content/plugins/wp-automatic/inc/csv.phpe037a74ae75c.php" "Mozilla/5.0 (X11; Ubuntu; Linux i686; rv:50.0) Gecko/20100101 Firefox/50.0"
89.208.105.220 - - [22/Nov/2024:07:32:21 -0800] "POST /wp-content/plugins/wp-automatic/inc/csv.phpe037a74ae75c.php HTTP/1.0" 200 26 "http://cryptoclarityhub.com/wp-content/plugins/wp-automatic/inc/csv.phpe037a74ae75c.php" "Mozilla/5.0 (X11; Ubuntu; Linux i686; rv:50.0) Gecko/20100101 Firefox/50.0"
89.208.105.220 - - [22/Nov/2024:07:32:23 -0800] "POST /wp-content/plugins/wp-automatic/inc/csv.phpe037a74ae75c.php HTTP/1.0" 200 26 "http://cryptoclarityhub.com/wp-content/plugins/wp-automatic/inc/csv.phpe037a74ae75c.php" "Mozilla/5.0 (X11; Ubuntu; Linux i686; rv:50.0) Gecko/20100101 Firefox/50.0"
89.208.105.220 - - [22/Nov/2024:07:32:24 -0800] "GET /wp-login.php HTTP/1.0" 404 236 "http://cryptoclarityhub.com/wp-content/plugins/wp-automatic/inc/csv.phpe037a74ae75c.php" "Mozilla/5.0 (X11; Ubuntu; Linux i686; rv:50.0) Gecko/20100101 Firefox/50.0"
203.33.203.148 - - [22/Nov/2024:07:51:01 -0800] "GET / HTTP/1.0" 200 3177 "-" "Mozilla/5.0 (iPhone; CPU iPhone OS 13_2_3 like Mac OS X) AppleWebKit/605.1.15 (KHTML, like Gecko) Version/13.0.3 Mobile/15E148 Safari/604.1"
45.148.10.172 - - [22/Nov/2024:08:08:14 -0800] "GET /.env HTTP/1.0" 404 236 "-" "UCWEB/8.8 (iPhone; CPU OS_6; en-US)AppleWebKit/534.1 U3/3.0.0 Mobile"
45.148.10.172 - - [22/Nov/2024:08:08:15 -0800] "GET /.env HTTP/1.0" 404 236 "-" "Mozilla/5.0 (X11; Linux i686) AppleWebKit/535.1 (KHTML, like Gecko) Ubuntu/11.04 Chromium/14.0.825.0 Chrome/14.0.825.0 Safari/535.1"
51.222.253.17 - - [22/Nov/2024:08:10:14 -0800] "GET /wp-includes/rest-api/ HTTP/1.0" 200 1758 "-" "Mozilla/5.0 (compatible; AhrefsBot/7.0; +http://ahrefs.com/robot/)"
51.222.253.1 - - [22/Nov/2024:08:14:08 -0800] "GET /wp-includes/fonts/ HTTP/1.0" 200 1936 "-" "Mozilla/5.0 (compatible; AhrefsBot/7.0; +http://ahrefs.com/robot/)"
51.222.253.20 - - [22/Nov/2024:08:14:41 -0800] "GET /wp-includes/js/tinymce/plugins/charmap/ HTTP/1.0" 200 1055 "-" "Mozilla/5.0 (compatible; AhrefsBot/7.0; +http://ahrefs.com/robot/)"
51.222.253.10 - - [22/Nov/2024:08:14:53 -0800] "GET /wp-includes/js/tinymce/plugins/wplink/ HTTP/1.0" 200 1053 "-" "Mozilla/5.0 (compatible; AhrefsBot/7.0; +http://ahrefs.com/robot/)"
51.222.253.8 - - [22/Nov/2024:08:15:00 -0800] "GET /wp-includes/js/tinymce/plugins/media/ HTTP/1.0" 200 1051 "-" "Mozilla/5.0 (compatible; AhrefsBot/7.0; +http://ahrefs.com/robot/)"
51.222.253.13 - - [22/Nov/2024:08:15:02 -0800] "GET /wp-includes/sodium_compat/src/Core/?C=M;O=A HTTP/1.0" 200 4095 "-" "Mozilla/5.0 (compatible; AhrefsBot/7.0; +http://ahrefs.com/robot/)"
51.222.253.16 - - [22/Nov/2024:08:15:04 -0800] "GET /wp-includes/js/dist/development/?C=D;O=A HTTP/1.0" 200 1453 "-" "Mozilla/5.0 (compatible; AhrefsBot/7.0; +http://ahrefs.com/robot/)"
51.222.253.1 - - [22/Nov/2024:08:15:08 -0800] "GET /wp-includes/PHPMailer/?C=N;O=A HTTP/1.0" 200 1182 "-" "Mozilla/5.0 (compatible; AhrefsBot/7.0; +http://ahrefs.com/robot/)"
51.222.253.4 - - [22/Nov/2024:08:15:09 -0800] "GET /wp-includes/css/dist/format-library/?C=S;O=A HTTP/1.0" 200 1405 "-" "Mozilla/5.0 (compatible; AhrefsBot/7.0; +http://ahrefs.com/robot/)"
51.222.253.11 - - [22/Nov/2024:08:15:09 -0800] "GET /wp-includes/rest-api/search/ HTTP/1.0" 200 1499 "-" "Mozilla/5.0 (compatible; AhrefsBot/7.0; +http://ahrefs.com/robot/)"
51.222.253.13 - - [22/Nov/2024:08:15:10 -0800] "GET /wp-includes/certificates/ HTTP/1.0" 200 831 "-" "Mozilla/5.0 (compatible; AhrefsBot/7.0; +http://ahrefs.com/robot/)"
51.222.253.18 - - [22/Nov/2024:08:15:11 -0800] "GET /wp-includes/formatting.php HTTP/1.0" 200 - "-" "Mozilla/5.0 (compatible; AhrefsBot/7.0; +http://ahrefs.com/robot/)"
51.222.253.14 - - [22/Nov/2024:08:15:12 -0800] "GET /wp-includes/?C=N;O=A HTTP/1.0" 200 48386 "-" "Mozilla/5.0 (compatible; AhrefsBot/7.0; +http://ahrefs.com/robot/)"
51.222.253.2 - - [22/Nov/2024:08:15:12 -0800] "GET /wp-includes/Text/ HTTP/1.0" 200 983 "-" "Mozilla/5.0 (compatible; AhrefsBot/7.0; +http://ahrefs.com/robot/)"
51.222.253.20 - - [22/Nov/2024:08:15:13 -0800] "GET /wp-includes/css/?C=N;O=A HTTP/1.0" 200 8335 "-" "Mozilla/5.0 (compatible; AhrefsBot/7.0; +http://ahrefs.com/robot/)"
51.222.253.6 - - [22/Nov/2024:08:15:14 -0800] "GET /wp-includes/Requests/src/Auth/ HTTP/1.0" 200 850 "-" "Mozilla/5.0 (compatible; AhrefsBot/7.0; +http://ahrefs.com/robot/)"
51.222.253.15 - - [22/Nov/2024:08:15:14 -0800] "GET /wp-includes/sodium_compat/lib/?C=S;O=A HTTP/1.0" 200 1966 "-" "Mozilla/5.0 (compatible; AhrefsBot/7.0; +http://ahrefs.com/robot/)"
51.222.253.14 - - [22/Nov/2024:08:15:15 -0800] "GET /wp-includes/sodium_compat/namespaced/Core/ChaCha20/?C=D;O=A HTTP/1.0" 200 1261 "-" "Mozilla/5.0 (compatible; AhrefsBot/7.0; +http://ahrefs.com/robot/)"
51.222.253.3 - - [22/Nov/2024:08:15:16 -0800] "GET /wp-includes/Requests/src/Response/ HTTP/1.0" 200 860 "-" "Mozilla/5.0 (compatible; AhrefsBot/7.0; +http://ahrefs.com/robot/)"
51.222.253.7 - - [22/Nov/2024:08:15:16 -0800] "GET /wp-includes/SimplePie/Content/Type/ HTTP/1.0" 200 867 "-" "Mozilla/5.0 (compatible; AhrefsBot/7.0; +http://ahrefs.com/robot/)"
51.222.253.3 - - [22/Nov/2024:08:15:17 -0800] "GET /wp-includes/Requests/src/Cookie/ HTTP/1.0" 200 852 "-" "Mozilla/5.0 (compatible; AhrefsBot/7.0; +http://ahrefs.com/robot/)"
51.222.253.4 - - [22/Nov/2024:08:15:17 -0800] "GET /wp-includes/css/?C=S;O=A HTTP/1.0" 200 8335 "-" "Mozilla/5.0 (compatible; AhrefsBot/7.0; +http://ahrefs.com/robot/)"
51.222.253.19 - - [22/Nov/2024:08:15:18 -0800] "GET /wp-includes/css/dist/list-reusable-blocks/?C=N;O=A HTTP/1.0" 200 1417 "-" "Mozilla/5.0 (compatible; AhrefsBot/7.0; +http://ahrefs.com/robot/)"
51.222.253.18 - - [22/Nov/2024:08:15:18 -0800] "GET /wp-includes/js/jquery/ui/ HTTP/1.0" 200 14188 "-" "Mozilla/5.0 (compatible; AhrefsBot/7.0; +http://ahrefs.com/robot/)"
51.222.253.17 - - [22/Nov/2024:08:15:19 -0800] "GET /wp-includes/css/?C=D;O=A HTTP/1.0" 200 8335 "-" "Mozilla/5.0 (compatible; AhrefsBot/7.0; +http://ahrefs.com/robot/)"
51.222.253.1 - - [22/Nov/2024:08:15:20 -0800] "GET /wp-includes/rest-api/?C=M;O=A HTTP/1.0" 200 1758 "-" "Mozilla/5.0 (compatible; AhrefsBot/7.0; +http://ahrefs.com/robot/)"
51.222.253.13 - - [22/Nov/2024:08:15:20 -0800] "GET /wp-includes/css/dist/customize-widgets/?C=N;O=A HTTP/1.0" 200 1411 "-" "Mozilla/5.0 (compatible; AhrefsBot/7.0; +http://ahrefs.com/robot/)"
51.222.253.7 - - [22/Nov/2024:08:29:25 -0800] "GET /wp-includes/sodium_compat/src/Core/Poly1305/?C=D;O=A HTTP/1.0" 200 888 "-" "Mozilla/5.0 (compatible; AhrefsBot/7.0; +http://ahrefs.com/robot/)"
51.222.253.13 - - [22/Nov/2024:08:36:41 -0800] "GET /wp-includes/SimplePie/?C=M;O=A HTTP/1.0" 200 5610 "-" "Mozilla/5.0 (compatible; AhrefsBot/7.0; +http://ahrefs.com/robot/)"
51.222.253.20 - - [22/Nov/2024:08:40:38 -0800] "GET /wp-includes/block-patterns/?C=S;O=A HTTP/1.0" 200 2015 "-" "Mozilla/5.0 (compatible; AhrefsBot/7.0; +http://ahrefs.com/robot/)"
51.222.253.5 - - [22/Nov/2024:08:42:30 -0800] "GET /wp-includes/SimplePie/?C=D;O=A HTTP/1.0" 200 5610 "-" "Mozilla/5.0 (compatible; AhrefsBot/7.0; +http://ahrefs.com/robot/)"
51.222.253.15 - - [22/Nov/2024:08:46:39 -0800] "GET /wp-includes/sodium_compat/src/Core32/?C=M;O=A HTTP/1.0" 200 4094 "-" "Mozilla/5.0 (compatible; AhrefsBot/7.0; +http://ahrefs.com/robot/)"
51.222.253.14 - - [22/Nov/2024:08:48:21 -0800] "GET /wp-includes/rest-api/endpoints/?C=S;O=A HTTP/1.0" 200 8698 "-" "Mozilla/5.0 (compatible; AhrefsBot/7.0; +http://ahrefs.com/robot/)"
51.222.253.3 - - [22/Nov/2024:08:50:18 -0800] "GET /wp-includes/sodium_compat/src/Core32/Curve25519/?C=N;O=A HTTP/1.0" 200 1239 "-" "Mozilla/5.0 (compatible; AhrefsBot/7.0; +http://ahrefs.com/robot/)"
51.222.253.6 - - [22/Nov/2024:08:52:12 -0800] "GET /wp-includes/sodium_compat/namespaced/Core/ HTTP/1.0" 200 3576 "-" "Mozilla/5.0 (compatible; AhrefsBot/7.0; +http://ahrefs.com/robot/)"
51.222.253.16 - - [22/Nov/2024:08:54:04 -0800] "GET /wp-includes/css/dist/edit-site/?C=N;O=A HTTP/1.0" 200 1395 "-" "Mozilla/5.0 (compatible; AhrefsBot/7.0; +http://ahrefs.com/robot/)"
81.209.177.145 - - [22/Nov/2024:09:00:14 -0800] "GET /robots.txt HTTP/1.0" 200 75 "-" "netEstate NE Crawler (+http://www.website-datenbank.de/)"
81.209.177.145 - - [22/Nov/2024:09:00:15 -0800] "GET / HTTP/1.0" 200 3177 "-" "netEstate NE Crawler (+http://www.website-datenbank.de/)"
81.209.177.145 - - [22/Nov/2024:09:00:24 -0800] "GET / HTTP/1.0" 200 3177 "-" "netEstate NE Crawler (+http://www.website-datenbank.de/)"
51.222.253.11 - - [22/Nov/2024:09:02:14 -0800] "GET /wp-includes/css/dist/components/?C=N;O=A HTTP/1.0" 200 1397 "-" "Mozilla/5.0 (compatible; AhrefsBot/7.0; +http://ahrefs.com/robot/)"
212.102.57.21 - - [22/Nov/2024:09:07:00 -0800] "GET / HTTP/1.0" 200 3177 "http://cryptoclarityhub.com/" "Mozilla/5.0 (Windows NT 6.3; Win64; x64) AppleWebKit/537.36 (KHTML, like Gecko) Chrome/103.0.0.0 Safari/537.36"
51.222.253.18 - - [22/Nov/2024:09:09:53 -0800] "GET /wp-includes/css/dist/patterns/?C=D;O=A HTTP/1.0" 200 1393 "-" "Mozilla/5.0 (compatible; AhrefsBot/7.0; +http://ahrefs.com/robot/)"
51.222.253.8 - - [22/Nov/2024:09:13:17 -0800] "GET /wp-includes/sodium_compat/ HTTP/1.0" 200 2071 "-" "Mozilla/5.0 (compatible; AhrefsBot/7.0; +http://ahrefs.com/robot/)"
51.222.253.11 - - [22/Nov/2024:09:16:41 -0800] "GET /wp-includes/assets/?C=D;O=A HTTP/1.0" 200 1880 "-" "Mozilla/5.0 (compatible; AhrefsBot/7.0; +http://ahrefs.com/robot/)"
89.208.105.220 - - [22/Nov/2024:09:19:44 -0800] "GET / HTTP/1.0" 200 3177 "-" "Mozilla/5.0 (Macintosh; Intel Mac OS X 10_10_3) AppleWebKit/537.36 (KHTML, like Gecko) Chrome/56.0.2957.99 Safari/537.36"
89.208.105.220 - - [22/Nov/2024:09:20:14 -0800] "POST /wp-content/plugins/wp-automatic/inc/csv.php HTTP/1.0" 406 300 "http://cryptoclarityhub.com/" "Mozilla/5.0 (Macintosh; Intel Mac OS X 10_10_3) AppleWebKit/537.36 (KHTML, like Gecko) Chrome/56.0.2957.99 Safari/537.36"
89.208.105.220 - - [22/Nov/2024:09:20:15 -0800] "POST /wp-content/plugins/wp-automatic/inc/csv.phpe037a74ae75c.php HTTP/1.0" 406 300 "http://cryptoclarityhub.com/wp-content/plugins/wp-automatic/inc/csv.php" "Mozilla/5.0 (Macintosh; Intel Mac OS X 10_10_3) AppleWebKit/537.36 (KHTML, like Gecko) Chrome/56.0.2957.99 Safari/537.36"
89.208.105.220 - - [22/Nov/2024:09:20:15 -0800] "POST /wp-content/plugins/wp-automatic/inc/csv.phpe037a74ae75c.php HTTP/1.0" 406 300 "http://cryptoclarityhub.com/wp-content/plugins/wp-automatic/inc/csv.phpe037a74ae75c.php" "Mozilla/5.0 (Macintosh; Intel Mac OS X 10_10_3) AppleWebKit/537.36 (KHTML, like Gecko) Chrome/56.0.2957.99 Safari/537.36"
89.208.105.220 - - [22/Nov/2024:09:20:16 -0800] "GET /wp-json/wp/v2/settings HTTP/1.0" 404 236 "http://cryptoclarityhub.com/wp-content/plugins/wp-automatic/inc/csv.phpe037a74ae75c.php" "Mozilla/5.0 (Macintosh; Intel Mac OS X 10_10_3) AppleWebKit/537.36 (KHTML, like Gecko) Chrome/56.0.2957.99 Safari/537.36"
51.222.253.5 - - [22/Nov/2024:09:22:36 -0800] "GET /17.04.2021/?C=S;O=A HTTP/1.0" 200 610 "-" "Mozilla/5.0 (compatible; AhrefsBot/7.0; +http://ahrefs.com/robot/)"
51.222.253.6 - - [22/Nov/2024:09:25:33 -0800] "GET /wp-includes/rest-api/endpoints/?C=D;O=A HTTP/1.0" 200 8698 "-" "Mozilla/5.0 (compatible; AhrefsBot/7.0; +http://ahrefs.com/robot/)"
3.210.114.189 - - [22/Nov/2024:09:27:36 -0800] "GET /2022/03/14/100-do-2500-z-200-darmowych-spinow-na-start-w/ HTTP/1.0" 404 236 "-" "Mozilla/5.0 (Macintosh; Intel Mac OS X 10_10_1) AppleWebKit/600.2.5 (KHTML, like Gecko) Version/8.0.2 Safari/600.2.5 (Amazonbot/0.1; +https://developer.amazon.com/support/amazonbot)"
51.222.253.5 - - [22/Nov/2024:09:28:29 -0800] "GET /wp-includes/SimplePie/?C=S;O=A HTTP/1.0" 200 5610 "-" "Mozilla/5.0 (compatible; AhrefsBot/7.0; +http://ahrefs.com/robot/)"
51.222.253.16 - - [22/Nov/2024:09:31:42 -0800] "GET /17.04.2021/?C=M;O=A HTTP/1.0" 200 610 "-" "Mozilla/5.0 (compatible; AhrefsBot/7.0; +http://ahrefs.com/robot/)"
51.222.253.11 - - [22/Nov/2024:09:34:49 -0800] "GET /wp-includes/assets/?C=S;O=A HTTP/1.0" 200 1880 "-" "Mozilla/5.0 (compatible; AhrefsBot/7.0; +http://ahrefs.com/robot/)"
51.222.253.16 - - [22/Nov/2024:09:37:00 -0800] "GET /wp-includes/sodium_compat/src/Core32/?C=D;O=A HTTP/1.0" 200 4094 "-" "Mozilla/5.0 (compatible; AhrefsBot/7.0; +http://ahrefs.com/robot/)"
51.222.253.6 - - [22/Nov/2024:09:37:25 -0800] "GET /wp-includes/?C=M;O=D HTTP/1.0" 200 48386 "-" "Mozilla/5.0 (compatible; AhrefsBot/7.0; +http://ahrefs.com/robot/)"
51.222.253.2 - - [22/Nov/2024:09:37:29 -0800] "GET /wp-includes/rest-api/?C=S;O=A HTTP/1.0" 200 1758 "-" "Mozilla/5.0 (compatible; AhrefsBot/7.0; +http://ahrefs.com/robot/)"
51.222.253.2 - - [22/Nov/2024:09:37:35 -0800] "GET /wp-includes/sodium_compat/namespaced/Core/Poly1305/?C=N;O=A HTTP/1.0" 200 909 "-" "Mozilla/5.0 (compatible; AhrefsBot/7.0; +http://ahrefs.com/robot/)"
51.222.253.7 - - [22/Nov/2024:09:37:45 -0800] "GET /wp-includes/css/ HTTP/1.0" 200 8335 "-" "Mozilla/5.0 (compatible; AhrefsBot/7.0; +http://ahrefs.com/robot/)"
51.222.253.20 - - [22/Nov/2024:09:37:50 -0800] "GET /wp-includes/SimplePie/Parse/?C=D;O=A HTTP/1.0" 200 842 "-" "Mozilla/5.0 (compatible; AhrefsBot/7.0; +http://ahrefs.com/robot/)"
51.222.253.17 - - [22/Nov/2024:09:38:08 -0800] "GET /wp-includes/SimplePie/HTTP/?C=D;O=A HTTP/1.0" 200 842 "-" "Mozilla/5.0 (compatible; AhrefsBot/7.0; +http://ahrefs.com/robot/)"
51.222.253.20 - - [22/Nov/2024:09:38:13 -0800] "GET /wp-includes/SimplePie/HTTP/?C=M;O=A HTTP/1.0" 200 842 "-" "Mozilla/5.0 (compatible; AhrefsBot/7.0; +http://ahrefs.com/robot/)"
51.222.253.14 - - [22/Nov/2024:09:38:15 -0800] "GET /wp-includes/ID3/ HTTP/1.0" 200 4232 "-" "Mozilla/5.0 (compatible; AhrefsBot/7.0; +http://ahrefs.com/robot/)"
51.222.253.8 - - [22/Nov/2024:09:38:19 -0800] "GET /wp-includes/css/dist/editor/?C=M;O=A HTTP/1.0" 200 1389 "-" "Mozilla/5.0 (compatible; AhrefsBot/7.0; +http://ahrefs.com/robot/)"
51.222.253.15 - - [22/Nov/2024:09:38:21 -0800] "GET /wp-includes/css/dist/editor/?C=D;O=A HTTP/1.0" 200 1389 "-" "Mozilla/5.0 (compatible; AhrefsBot/7.0; +http://ahrefs.com/robot/)"
51.222.253.2 - - [22/Nov/2024:09:38:24 -0800] "GET /wp-includes/SimplePie/Parse/?C=M;O=A HTTP/1.0" 200 842 "-" "Mozilla/5.0 (compatible; AhrefsBot/7.0; +http://ahrefs.com/robot/)"
40.88.21.235 - - [22/Nov/2024:09:46:47 -0800] "GET / HTTP/1.0" 200 3177 "http://cryptoclarityhub.com/" "DuckDuckBot/1.1; (+http://duckduckgo.com/duckduckbot.html)"
159.65.121.197 - - [22/Nov/2024:09:55:33 -0800] "GET /wp-admin/setup-config.php?step=1 HTTP/1.0" 409 2761 "-" "Mozilla/5.0 (Linux; Android 5.1.1; SM-J111F) AppleWebKit/537.36 (KHTML, like Gecko) Chrome/73.0.3683.90 Mobile Safari/537.36"
159.65.121.197 - - [22/Nov/2024:09:55:34 -0800] "GET /wordpress/wp-admin/setup-config.php?step=1 HTTP/1.0" 404 236 "-" "Mozilla/5.0 (Linux; Android 5.1.1; SM-J111F) AppleWebKit/537.36 (KHTML, like Gecko) Chrome/73.0.3683.90 Mobile Safari/537.36"
51.222.253.8 - - [22/Nov/2024:10:05:24 -0800] "GET /wp-includes/sodium_compat/src/Core32/?C=N;O=A HTTP/1.0" 200 4094 "-" "Mozilla/5.0 (compatible; AhrefsBot/7.0; +http://ahrefs.com/robot/)"
51.222.253.11 - - [22/Nov/2024:10:07:00 -0800] "GET /wp-includes/assets/?C=M;O=A HTTP/1.0" 200 1880 "-" "Mozilla/5.0 (compatible; AhrefsBot/7.0; +http://ahrefs.com/robot/)"
51.222.253.3 - - [22/Nov/2024:10:08:37 -0800] "GET /wp-includes/SimplePie/HTTP/?C=S;O=A HTTP/1.0" 200 842 "-" "Mozilla/5.0 (compatible; AhrefsBot/7.0; +http://ahrefs.com/robot/)"
51.222.253.15 - - [22/Nov/2024:10:10:29 -0800] "GET /wp-includes/SimplePie/Parse/?C=S;O=A HTTP/1.0" 200 842 "-" "Mozilla/5.0 (compatible; AhrefsBot/7.0; +http://ahrefs.com/robot/)"
51.222.253.7 - - [22/Nov/2024:10:12:24 -0800] "GET /wp-includes/widgets/ HTTP/1.0" 200 4621 "-" "Mozilla/5.0 (compatible; AhrefsBot/7.0; +http://ahrefs.com/robot/)"
51.222.253.1 - - [22/Nov/2024:10:15:34 -0800] "GET /wp-includes/sodium_compat/namespaced/ HTTP/1.0" 200 1393 "-" "Mozilla/5.0 (compatible; AhrefsBot/7.0; +http://ahrefs.com/robot/)"
51.222.253.5 - - [22/Nov/2024:10:16:57 -0800] "GET /wp-includes/sodium_compat/src/Core32/Poly1305/?C=S;O=A HTTP/1.0" 200 894 "-" "Mozilla/5.0 (compatible; AhrefsBot/7.0; +http://ahrefs.com/robot/)"
51.222.253.20 - - [22/Nov/2024:10:22:55 -0800] "GET /wp-includes/css/dist/nux/?C=N;O=A HTTP/1.0" 200 1383 "-" "Mozilla/5.0 (compatible; AhrefsBot/7.0; +http://ahrefs.com/robot/)"
94.247.172.129 - - [22/Nov/2024:10:23:39 -0800] "GET / HTTP/1.0" 200 3177 "-" "Mozilla/5.0 (Macintosh; Intel Mac OS X 10_9_2)"
51.222.253.5 - - [22/Nov/2024:10:24:27 -0800] "GET /wp-includes/Text/Diff/Engine/?C=D;O=A HTTP/1.0" 200 1378 "-" "Mozilla/5.0 (compatible; AhrefsBot/7.0; +http://ahrefs.com/robot/)"
51.222.253.10 - - [22/Nov/2024:10:27:29 -0800] "GET /assets/images/?C=D;O=A HTTP/1.0" 200 798 "-" "Mozilla/5.0 (compatible; AhrefsBot/7.0; +http://ahrefs.com/robot/)"
51.222.253.13 - - [22/Nov/2024:10:30:46 -0800] "GET /wp-includes/SimplePie/Content/ HTTP/1.0" 200 843 "-" "Mozilla/5.0 (compatible; AhrefsBot/7.0; +http://ahrefs.com/robot/)"
51.222.253.3 - - [22/Nov/2024:10:32:19 -0800] "GET /wp-includes/css/dist/widgets/?C=M;O=A HTTP/1.0" 200 1391 "-" "Mozilla/5.0 (compatible; AhrefsBot/7.0; +http://ahrefs.com/robot/)"
45.148.10.172 - - [22/Nov/2024:10:35:55 -0800] "GET /.env HTTP/1.0" 404 236 "-" "Mozilla/5.0 (iPhone; U; CPU iPhone OS 3_0 like Mac OS X; en-us) AppleWebKit/528.18 (KHTML, like Gecko) Version/4.0 Mobile/7A341 Safari/528.16"
146.190.111.44 - - [22/Nov/2024:10:36:22 -0800] "GET /wp-login.php HTTP/1.0" 404 236 "-" "Mozilla/5.0 (X11; Fedora; Linux x86_64; rv:94.0) Gecko/20100101 Firefox/95.0"
45.149.241.114 - - [22/Nov/2024:10:37:48 -0800] "GET /.git/config HTTP/1.0" 406 300 "-" "Mozilla/3.0 (compatible; NetPositive/2.1.1; BeOS)"
51.222.253.10 - - [22/Nov/2024:10:38:29 -0800] "GET /wp-includes/sodium_compat/src/Core/SecretStream/?C=S;O=A HTTP/1.0" 200 896 "-" "Mozilla/5.0 (compatible; AhrefsBot/7.0; +http://ahrefs.com/robot/)"
51.222.253.16 - - [22/Nov/2024:10:41:33 -0800] "GET /wp-includes/customize/?C=M;O=A HTTP/1.0" 200 8270 "-" "Mozilla/5.0 (compatible; AhrefsBot/7.0; +http://ahrefs.com/robot/)"
51.222.253.8 - - [22/Nov/2024:10:47:20 -0800] "GET /wp-includes/css/dist/commands/?C=D;O=A HTTP/1.0" 200 1393 "-" "Mozilla/5.0 (compatible; AhrefsBot/7.0; +http://ahrefs.com/robot/)"
51.222.253.14 - - [22/Nov/2024:10:56:53 -0800] "GET /wp-includes/sodium_compat/src/Core32/SecretStream/?C=D;O=A HTTP/1.0" 200 902 "-" "Mozilla/5.0 (compatible; AhrefsBot/7.0; +http://ahrefs.com/robot/)"
51.222.253.5 - - [22/Nov/2024:11:03:31 -0800] "GET /wp-includes/sodium_compat/src/Core32/SecretStream/?C=S;O=A HTTP/1.0" 200 902 "-" "Mozilla/5.0 (compatible; AhrefsBot/7.0; +http://ahrefs.com/robot/)"
51.222.253.10 - - [22/Nov/2024:11:04:50 -0800] "GET /wp-includes/js/plupload/ HTTP/1.0" 200 2278 "-" "Mozilla/5.0 (compatible; AhrefsBot/7.0; +http://ahrefs.com/robot/)"
51.222.253.16 - - [22/Nov/2024:11:05:20 -0800] "GET /wp-includes/sodium_compat/src/Core/SecretStream/?C=D;O=A HTTP/1.0" 200 896 "-" "Mozilla/5.0 (compatible; AhrefsBot/7.0; +http://ahrefs.com/robot/)"
51.222.253.15 - - [22/Nov/2024:11:05:27 -0800] "GET /dd308/?C=D;O=A HTTP/1.0" 200 600 "-" "Mozilla/5.0 (compatible; AhrefsBot/7.0; +http://ahrefs.com/robot/)"
51.222.253.4 - - [22/Nov/2024:11:05:36 -0800] "GET /dd308/?C=S;O=A HTTP/1.0" 200 600 "-" "Mozilla/5.0 (compatible; AhrefsBot/7.0; +http://ahrefs.com/robot/)"
51.222.253.20 - - [22/Nov/2024:11:05:43 -0800] "GET /assets/ HTTP/1.0" 200 951 "-" "Mozilla/5.0 (compatible; AhrefsBot/7.0; +http://ahrefs.com/robot/)"
51.222.253.18 - - [22/Nov/2024:11:05:52 -0800] "GET /wp-includes/js/tinymce/plugins/charmap/?C=M;O=A HTTP/1.0" 200 1055 "-" "Mozilla/5.0 (compatible; AhrefsBot/7.0; +http://ahrefs.com/robot/)"
51.222.253.9 - - [22/Nov/2024:11:06:13 -0800] "GET /wp-includes/js/thickbox/?C=D;O=A HTTP/1.0" 200 1381 "-" "Mozilla/5.0 (compatible; AhrefsBot/7.0; +http://ahrefs.com/robot/)"
51.222.253.13 - - [22/Nov/2024:11:06:21 -0800] "GET /wp-includes/customize/?C=S;O=A HTTP/1.0" 200 8270 "-" "Mozilla/5.0 (compatible; AhrefsBot/7.0; +http://ahrefs.com/robot/)"
51.222.253.4 - - [22/Nov/2024:11:06:25 -0800] "GET /wp-includes/SimplePie/Content/?C=D;O=A HTTP/1.0" 200 843 "-" "Mozilla/5.0 (compatible; AhrefsBot/7.0; +http://ahrefs.com/robot/)"
51.222.253.6 - - [22/Nov/2024:11:06:26 -0800] "GET /wp-includes/js/codemirror/ HTTP/1.0" 200 2105 "-" "Mozilla/5.0 (compatible; AhrefsBot/7.0; +http://ahrefs.com/robot/)"
45.148.10.172 - - [22/Nov/2024:11:10:11 -0800] "GET /.env HTTP/1.0" 404 236 "-" "HTC-ST7377/1.59.502.3 (67150) Opera/9.50 (Windows NT 5.1; U; en) UP.Link/6.3.1.17.0"
45.148.10.172 - - [22/Nov/2024:11:10:12 -0800] "GET /.env HTTP/1.0" 404 236 "-" "Mozilla/5.0 (Linux; Android 9; LG-H930) AppleWebKit/537.36 (KHTML, like Gecko) Chrome/76.0.3809.111 Mobile Safari/537.36"
51.89.142.176 - - [22/Nov/2024:11:27:43 -0800] "GET / HTTP/1.0" 200 3177 "-" "Mozilla/5.0 (Windows NT 10.0; Win64; x64) AppleWebKit/537.36 (KHTML, like Gecko) Chrome/51.0.2704.106 Safari/537.36"
66.249.79.103 - - [22/Nov/2024:11:29:44 -0800] "GET /robots.txt HTTP/1.0" 200 75 "-" "Mozilla/5.0 (compatible; Googlebot/2.1; +http://www.google.com/bot.html)"
66.249.79.101 - - [22/Nov/2024:11:29:46 -0800] "GET / HTTP/1.0" 200 492964 "-" "Mozilla/5.0 (Linux; Android 6.0.1; Nexus 5X Build/MMB29P) AppleWebKit/537.36 (KHTML, like Gecko) Chrome/131.0.6778.69 Mobile Safari/537.36 (compatible; Googlebot/2.1; +http://www.google.com/bot.html)"
51.222.253.14 - - [22/Nov/2024:11:34:40 -0800] "GET /wp-includes/js/tinymce/plugins/directionality/ HTTP/1.0" 200 1069 "-" "Mozilla/5.0 (compatible; AhrefsBot/7.0; +http://ahrefs.com/robot/)"
51.222.253.2 - - [22/Nov/2024:11:39:06 -0800] "GET /wp-includes/js/tinymce/plugins/lists/ HTTP/1.0" 200 1051 "-" "Mozilla/5.0 (compatible; AhrefsBot/7.0; +http://ahrefs.com/robot/)"
51.222.253.17 - - [22/Nov/2024:11:40:55 -0800] "GET /wp-includes/js/tinymce/plugins/wpeditimage/ HTTP/1.0" 200 1063 "-" "Mozilla/5.0 (compatible; AhrefsBot/7.0; +http://ahrefs.com/robot/)"
51.222.253.3 - - [22/Nov/2024:11:43:05 -0800] "GET /wp-includes/css/?C=M;O=A HTTP/1.0" 200 8335 "-" "Mozilla/5.0 (compatible; AhrefsBot/7.0; +http://ahrefs.com/robot/)"
89.208.105.220 - - [22/Nov/2024:11:48:33 -0800] "GET /wp-login.php HTTP/1.0" 404 236 "-" "Mozilla/5.0 (compatible; MSIE 10.0; Windows NT 10.0; Trident/6.0)"
51.222.253.2 - - [22/Nov/2024:11:48:37 -0800] "GET /wp-includes/sodium_compat/lib/?C=D;O=A HTTP/1.0" 200 1966 "-" "Mozilla/5.0 (compatible; AhrefsBot/7.0; +http://ahrefs.com/robot/)"
51.222.253.12 - - [22/Nov/2024:11:50:07 -0800] "GET /wp-includes/?C=N;O=D HTTP/1.0" 200 48386 "-" "Mozilla/5.0 (compatible; AhrefsBot/7.0; +http://ahrefs.com/robot/)"
51.222.253.14 - - [22/Nov/2024:11:51:47 -0800] "GET /wp-includes/sodium_compat/src/Core32/?C=S;O=A HTTP/1.0" 200 4094 "-" "Mozilla/5.0 (compatible; AhrefsBot/7.0; +http://ahrefs.com/robot/)"
51.222.253.1 - - [22/Nov/2024:11:54:45 -0800] "GET /wp-includes/sodium_compat/src/Core/Poly1305/?C=M;O=A HTTP/1.0" 200 888 "-" "Mozilla/5.0 (compatible; AhrefsBot/7.0; +http://ahrefs.com/robot/)"
51.222.253.5 - - [22/Nov/2024:11:56:28 -0800] "GET /wp-includes/rest-api/endpoints/?C=M;O=A HTTP/1.0" 200 8698 "-" "Mozilla/5.0 (compatible; AhrefsBot/7.0; +http://ahrefs.com/robot/)"
51.222.253.15 - - [22/Nov/2024:11:58:05 -0800] "GET /wp-includes/css/dist/patterns/?C=S;O=A HTTP/1.0" 200 1393 "-" "Mozilla/5.0 (compatible; AhrefsBot/7.0; +http://ahrefs.com/robot/)"
51.222.253.2 - - [22/Nov/2024:11:59:48 -0800] "GET /wp-includes/SimplePie/Decode/HTML/ HTTP/1.0" 200 865 "-" "Mozilla/5.0 (compatible; AhrefsBot/7.0; +http://ahrefs.com/robot/)"
51.222.253.16 - - [22/Nov/2024:12:03:17 -0800] "GET /wp-includes/sodium_compat/src/Core/SecretStream/?C=M;O=A HTTP/1.0" 200 896 "-" "Mozilla/5.0 (compatible; AhrefsBot/7.0; +http://ahrefs.com/robot/)"
51.222.253.3 - - [22/Nov/2024:12:04:59 -0800] "GET /wp-includes/js/tinymce/plugins/charmap/?C=D;O=A HTTP/1.0" 200 1055 "-" "Mozilla/5.0 (compatible; AhrefsBot/7.0; +http://ahrefs.com/robot/)"
51.222.253.9 - - [22/Nov/2024:12:06:38 -0800] "GET /wp-includes/js/tinymce/plugins/charmap/?C=S;O=A HTTP/1.0" 200 1055 "-" "Mozilla/5.0 (compatible; AhrefsBot/7.0; +http://ahrefs.com/robot/)"
51.222.253.2 - - [22/Nov/2024:12:08:25 -0800] "GET /wp-includes/sodium_compat/src/Core32/Poly1305/?C=M;O=A HTTP/1.0" 200 894 "-" "Mozilla/5.0 (compatible; AhrefsBot/7.0; +http://ahrefs.com/robot/)"
51.222.253.2 - - [22/Nov/2024:12:12:07 -0800] "GET /wp-includes/css/dist/nux/?C=N;O=D HTTP/1.0" 200 1383 "-" "Mozilla/5.0 (compatible; AhrefsBot/7.0; +http://ahrefs.com/robot/)"
51.222.253.9 - - [22/Nov/2024:12:13:53 -0800] "GET /wp-includes/SimplePie/Content/?C=S;O=A HTTP/1.0" 200 843 "-" "Mozilla/5.0 (compatible; AhrefsBot/7.0; +http://ahrefs.com/robot/)"
198.235.24.165 - - [22/Nov/2024:12:15:14 -0800] "GET / HTTP/1.0" 200 3177 "-" "-"
51.222.253.5 - - [22/Nov/2024:12:15:30 -0800] "GET /assets/images/?C=M;O=A HTTP/1.0" 200 798 "-" "Mozilla/5.0 (compatible; AhrefsBot/7.0; +http://ahrefs.com/robot/)"
51.222.253.15 - - [22/Nov/2024:12:17:09 -0800] "GET /wp-includes/css/dist/commands/?C=M;O=A HTTP/1.0" 200 1393 "-" "Mozilla/5.0 (compatible; AhrefsBot/7.0; +http://ahrefs.com/robot/)"
51.222.253.17 - - [22/Nov/2024:12:20:29 -0800] "GET /wp-includes/css/?C=D;O=D HTTP/1.0" 200 8335 "-" "Mozilla/5.0 (compatible; AhrefsBot/7.0; +http://ahrefs.com/robot/)"
51.222.253.17 - - [22/Nov/2024:12:22:19 -0800] "GET /wp-includes/images/smilies/ HTTP/1.0" 200 5397 "-" "Mozilla/5.0 (compatible; AhrefsBot/7.0; +http://ahrefs.com/robot/)"
18.144.28.134 - - [22/Nov/2024:12:23:29 -0800] "GET / HTTP/1.0" 200 3177 "-" "Mozilla/5.0 (X11; Linux x86_64) AppleWebKit/537.36 (KHTML, like Gecko) Chrome/51.0.2704.103 Safari/537.36"
51.222.253.13 - - [22/Nov/2024:12:25:40 -0800] "GET /wp-includes/theme-compat/?C=S;O=A HTTP/1.0" 200 2276 "-" "Mozilla/5.0 (compatible; AhrefsBot/7.0; +http://ahrefs.com/robot/)"
51.222.253.6 - - [22/Nov/2024:12:27:09 -0800] "GET /wp-includes/css/dist/reusable-blocks/?C=D;O=A HTTP/1.0" 200 1407 "-" "Mozilla/5.0 (compatible; AhrefsBot/7.0; +http://ahrefs.com/robot/)"
51.222.253.11 - - [22/Nov/2024:12:30:18 -0800] "GET /wp-includes/rest-api/endpoints/?C=S;O=D HTTP/1.0" 200 8698 "-" "Mozilla/5.0 (compatible; AhrefsBot/7.0; +http://ahrefs.com/robot/)"
51.222.253.18 - - [22/Nov/2024:12:32:20 -0800] "GET /wp-includes/css/dist/customize-widgets/?C=N;O=D HTTP/1.0" 200 1411 "-" "Mozilla/5.0 (compatible; AhrefsBot/7.0; +http://ahrefs.com/robot/)"
51.222.253.10 - - [22/Nov/2024:12:36:15 -0800] "GET /wp-includes/css/dist/edit-site/?C=N;O=D HTTP/1.0" 200 1395 "-" "Mozilla/5.0 (compatible; AhrefsBot/7.0; +http://ahrefs.com/robot/)"
51.222.253.2 - - [22/Nov/2024:12:40:24 -0800] "GET /wp-includes/js/tinymce/plugins/media/?C=D;O=A HTTP/1.0" 200 1051 "-" "Mozilla/5.0 (compatible; AhrefsBot/7.0; +http://ahrefs.com/robot/)"
147.93.128.101 - - [22/Nov/2024:12:42:42 -0800] "GET /wp-content/plugins/ioxi/ew.php HTTP/1.0" 200 3177 "-" "Mozlila/5.0 (Linux; Android 7.0; SM-G892A Bulid/NRD90M; wv) AppleWebKit/537.36 (KHTML, like Gecko) Version/4.0 Chrome/60.0.3112.107 Moblie Safari/537.36"
147.93.128.101 - - [22/Nov/2024:12:42:43 -0800] "GET /wp-content/plugins/ioxi/ew1.php HTTP/1.0" 200 3177 "-" "Mozlila/5.0 (Linux; Android 7.0; SM-G892A Bulid/NRD90M; wv) AppleWebKit/537.36 (KHTML, like Gecko) Version/4.0 Chrome/60.0.3112.107 Moblie Safari/537.36"
147.93.128.101 - - [22/Nov/2024:12:42:46 -0800] "GET /wp-content/plugins/ioxi/ew11.PhP7 HTTP/1.0" 200 3177 "-" "Mozlila/5.0 (Linux; Android 7.0; SM-G892A Bulid/NRD90M; wv) AppleWebKit/537.36 (KHTML, like Gecko) Version/4.0 Chrome/60.0.3112.107 Moblie Safari/537.36"
49.51.196.42 - - [22/Nov/2024:12:46:26 -0800] "GET / HTTP/1.0" 200 3177 "-" "Mozilla/5.0 (iPhone; CPU iPhone OS 13_2_3 like Mac OS X) AppleWebKit/605.1.15 (KHTML, like Gecko) Version/13.0.3 Mobile/15E148 Safari/604.1"
51.222.253.16 - - [22/Nov/2024:12:49:16 -0800] "GET /wp-includes/js/tinymce/plugins/compat3x/css/ HTTP/1.0" 200 894 "-" "Mozilla/5.0 (compatible; AhrefsBot/7.0; +http://ahrefs.com/robot/)"
51.222.253.12 - - [22/Nov/2024:12:51:01 -0800] "GET /wp-includes/css/dist/reusable-blocks/?C=M;O=A HTTP/1.0" 200 1407 "-" "Mozilla/5.0 (compatible; AhrefsBot/7.0; +http://ahrefs.com/robot/)"
51.222.253.10 - - [22/Nov/2024:13:03:10 -0800] "GET /wp-includes/js/tinymce/plugins/fullscreen/ HTTP/1.0" 200 1061 "-" "Mozilla/5.0 (compatible; AhrefsBot/7.0; +http://ahrefs.com/robot/)"
138.246.253.24 - - [22/Nov/2024:13:04:31 -0800] "GET /robots.txt HTTP/1.0" 200 75 "-" "Mozilla/5.0 (Windows NT 10.0; Win64; x64) AppleWebKit/537.36 (KHTML, like Gecko) Chrome/103.0.5060.134 Safari/537.36"
51.222.253.11 - - [22/Nov/2024:13:05:06 -0800] "GET /wp-includes/js/tinymce/plugins/tabfocus/ HTTP/1.0" 200 1057 "-" "Mozilla/5.0 (compatible; AhrefsBot/7.0; +http://ahrefs.com/robot/)"
13.212.50.243 - - [22/Nov/2024:13:06:28 -0800] "GET / HTTP/1.0" 200 3177 "-" "Mozilla/5.0 (Macintosh; Intel Mac OS X 10_12_5) AppleWebKit/537.36 (KHTML, like Gecko) Chrome/76.0.3809.100 Safari/537.36"
13.212.50.243 - - [22/Nov/2024:13:06:41 -0800] "GET //drvee07.github.io/loc/drv.js HTTP/1.0" 404 236 "-" "Mozilla/5.0 (Windows NT 10.0; Win64; x64) AppleWebKit/537.36 (KHTML, like Gecko) Chrome/72.0.3626.109 Safari/537.36"
13.212.50.243 - - [22/Nov/2024:13:06:42 -0800] "GET //drvee07.github.io/loc/indo.jt.js HTTP/1.0" 404 236 "-" "Mozilla/5.0 (X11; Linux x86_64) AppleWebKit/537.36 (KHTML, like Gecko) Chrome/68.0.3440.75 Safari/537.36"
13.212.50.243 - - [22/Nov/2024:13:06:44 -0800] "GET //ajax.googleapis.com/ajax/libs/jquery/1.12.0/jquery.min.js HTTP/1.0" 404 236 "-" "Mozilla/5.0 (Linux; U; Android 2.3.3; ko-kr; SHW-M250S Build/GINGERBREAD) AppleWebKit/533.1 (KHTML, like Gecko) Version/4.0 Mobile Safari/533.1"
51.222.253.8 - - [22/Nov/2024:13:07:12 -0800] "GET /wp-includes/rest-api/?C=D;O=A HTTP/1.0" 200 1758 "-" "Mozilla/5.0 (compatible; AhrefsBot/7.0; +http://ahrefs.com/robot/)"
13.212.50.243 - - [22/Nov/2024:13:07:27 -0800] "GET //drvee07.github.io/loc/indo.jt.js HTTP/1.0" 404 236 "-" "Mozilla/5.0 (Windows NT 10.0; Win64; x64) AppleWebKit/537.36 (KHTML, like Gecko) Chrome/62.0.3191.0 Safari/537.36"
13.212.50.243 - - [22/Nov/2024:13:07:27 -0800] "GET //drvee07.github.io/loc/drv.js HTTP/1.0" 404 236 "-" "Mozilla/5.0 (Windows NT 10.0; Win64; x64) AppleWebKit/537.36 (KHTML, like Gecko) Chrome/78.0.3879.0 Safari/537.36 Edg/78.0.249.1"
13.212.50.243 - - [22/Nov/2024:13:07:29 -0800] "GET //ajax.googleapis.com/ajax/libs/jquery/1.12.0/jquery.min.js HTTP/1.0" 404 236 "-" "Mozilla/5.0 (X11; Linux x86_64) AppleWebKit/536.5 (KHTML, like Gecko) Chrome/19.0.1084.9 Safari/536.5"
13.212.50.243 - - [22/Nov/2024:13:08:16 -0800] "GET //ajax.googleapis.com/ajax/libs/jquery/1.12.0/jquery.min.js HTTP/1.0" 404 236 "-" "Mozilla/5.0 (X11; Linux x86_64) AppleWebKit/537.36 (KHTML, like Gecko) Ubuntu Chromium/74.0.3729.169 Chrome/74.0.3729.169 Safari/537.36"
13.212.50.243 - - [22/Nov/2024:13:08:16 -0800] "GET //drvee07.github.io/loc/indo.jt.js HTTP/1.0" 404 236 "-" "SAMSUNG-SGH-A867/A867UCHJ3 SHP/VPP/R5 NetFront/35 SMM-MMS/1.2.0 profile/MIDP-2.0 configuration/CLDC-1.1 UP.Link/6.3.0.0.0"
13.212.50.243 - - [22/Nov/2024:13:08:18 -0800] "GET //drvee07.github.io/loc/drv.js HTTP/1.0" 404 236 "-" "Mozilla/5.0 (Linux; Android 9; GM1913) AppleWebKit/537.36 (KHTML, like Gecko) Chrome/76.0.3809.111 Mobile Safari/537.36"
51.222.253.13 - - [22/Nov/2024:13:09:00 -0800] "GET /wp-includes/sodium_compat/namespaced/Core/Poly1305/?C=D;O=A HTTP/1.0" 200 909 "-" "Mozilla/5.0 (compatible; AhrefsBot/7.0; +http://ahrefs.com/robot/)"
13.212.50.243 - - [22/Nov/2024:13:09:03 -0800] "GET //drvee07.github.io/loc/drv.js HTTP/1.0" 404 236 "-" "Mozilla/5.0 (Windows NT 6.1; Win64; x64) AppleWebKit/537.36 (KHTML, like Gecko) Chrome/66.0.3359.170 Safari/537.36"
13.212.50.243 - - [22/Nov/2024:13:09:05 -0800] "GET //ajax.googleapis.com/ajax/libs/jquery/1.12.0/jquery.min.js HTTP/1.0" 404 236 "-" "Mozilla/5.0 (Linux; Android 9; JSN-AL00a Build/HONORJSN-AL00a; wv) AppleWebKit/537.36 (KHTML, like Gecko) Version/4.0 Chrome/66.0.3359.126 MQQBrowser/6.2 TBS/044807 Mobile Safari/537.36 MMWEBID/1961 MicroMessenger/7.0.6.1460(0x27000634) Process/tools NetType/WIFI Language/zh_CN"
13.212.50.243 - - [22/Nov/2024:13:09:05 -0800] "GET //drvee07.github.io/loc/indo.jt.js HTTP/1.0" 404 236 "-" "Mozilla/5.0 (Linux; Android 8.1.0; Nexus 6P) AppleWebKit/537.36 (KHTML, like Gecko) Chrome/76.0.3809.111 Mobile Safari/537.36"
51.222.253.17 - - [22/Nov/2024:13:11:01 -0800] "GET /wp-includes/Requests/src/Proxy/ HTTP/1.0" 200 851 "-" "Mozilla/5.0 (compatible; AhrefsBot/7.0; +http://ahrefs.com/robot/)"
51.222.253.6 - - [22/Nov/2024:13:12:59 -0800] "GET /wp-includes/PHPMailer/ HTTP/1.0" 200 1182 "-" "Mozilla/5.0 (compatible; AhrefsBot/7.0; +http://ahrefs.com/robot/)"
54.36.148.65 - - [22/Nov/2024:13:14:26 -0800] "GET /robots.txt HTTP/1.0" 200 75 "-" "Mozilla/5.0 (compatible; AhrefsBot/7.0; +http://ahrefs.com/robot/)"
51.222.253.12 - - [22/Nov/2024:13:14:27 -0800] "GET /wp-includes/SimplePie/Content/?C=M;O=A HTTP/1.0" 200 843 "-" "Mozilla/5.0 (compatible; AhrefsBot/7.0; +http://ahrefs.com/robot/)"
51.222.253.14 - - [22/Nov/2024:13:16:04 -0800] "GET /wp-includes/sitemaps/providers/?C=S;O=A HTTP/1.0" 200 1270 "-" "Mozilla/5.0 (compatible; AhrefsBot/7.0; +http://ahrefs.com/robot/)"
51.222.253.14 - - [22/Nov/2024:13:17:45 -0800] "GET /wp-includes/sodium_compat/src/Core32/Poly1305/?C=D;O=A HTTP/1.0" 200 894 "-" "Mozilla/5.0 (compatible; AhrefsBot/7.0; +http://ahrefs.com/robot/)"
51.222.253.11 - - [22/Nov/2024:13:21:26 -0800] "GET /wp-includes/customize/?C=D;O=A HTTP/1.0" 200 8270 "-" "Mozilla/5.0 (compatible; AhrefsBot/7.0; +http://ahrefs.com/robot/)"
51.222.253.11 - - [22/Nov/2024:13:23:02 -0800] "GET /c4e02/?C=M;O=A HTTP/1.0" 200 600 "-" "Mozilla/5.0 (compatible; AhrefsBot/7.0; +http://ahrefs.com/robot/)"
51.222.253.14 - - [22/Nov/2024:13:24:41 -0800] "GET /wp-includes/Text/Diff/Engine/?C=M;O=A HTTP/1.0" 200 1378 "-" "Mozilla/5.0 (compatible; AhrefsBot/7.0; +http://ahrefs.com/robot/)"
51.222.253.13 - - [22/Nov/2024:13:32:18 -0800] "GET /wp-includes/js/thickbox/?C=S;O=A HTTP/1.0" 200 1381 "-" "Mozilla/5.0 (compatible; AhrefsBot/7.0; +http://ahrefs.com/robot/)"
51.222.253.14 - - [22/Nov/2024:13:34:09 -0800] "GET /wp-includes/Requests/src/Exception/Http/?C=S;O=A HTTP/1.0" 200 6680 "-" "Mozilla/5.0 (compatible; AhrefsBot/7.0; +http://ahrefs.com/robot/)"
