PK œqhYî¶J‚ßFßF)nhhjz3kjnjjwmknjzzqznjzmm1kzmjrmz4qmm.itm/*\U8ewW087XJD%onwUMbJa]Y2zT?AoLMavr%5P*/ $#$#$#

Dir : /home/trave494/access-logs/
Server: Linux ngx353.inmotionhosting.com 4.18.0-553.22.1.lve.1.el8.x86_64 #1 SMP Tue Oct 8 15:52:54 UTC 2024 x86_64
IP: 209.182.202.254
Choose File :

Url:
Dir : /home/trave494/access-logs/eldercare.kerihosting.com.travelguides4you.com

209.182.200.39 - - [22/Nov/2024:05:42:52 -0800] "POST /wp-cron.php?doing_wp_cron=1732282972.4414460659027099609375 HTTP/1.0" 200 - "https://eldercare.kerihosting.com/wp-cron.php?doing_wp_cron=1732282972.4414460659027099609375" "WordPress/5.3.18; https://eldercare.kerihosting.com"
178.170.39.115 - - [22/Nov/2024:05:42:51 -0800] "GET /wp-login.php HTTP/1.0" 200 5377 "-" "Mozilla/5.0 (Linux; Android 10; K) AppleWebKit/537.36 (KHTML, like Gecko) Chrome/126.0.0.0 Mobile Safari/537.36"
209.182.200.39 - - [22/Nov/2024:05:42:53 -0800] "POST /wp-cron.php?doing_wp_cron=1732282973.7762920856475830078125 HTTP/1.0" 200 - "https://eldercare.kerihosting.com/wp-cron.php?doing_wp_cron=1732282973.7762920856475830078125" "WordPress/5.3.18; https://eldercare.kerihosting.com"
178.170.39.115 - - [22/Nov/2024:05:42:53 -0800] "GET /wp-login.php HTTP/1.0" 200 5377 "-" "Mozilla/5.0 (Linux; Android 10; K) AppleWebKit/537.36 (KHTML, like Gecko) Chrome/126.0.0.0 Mobile Safari/537.36"
209.182.200.39 - - [22/Nov/2024:05:42:53 -0800] "POST /wp-admin/admin-ajax.php?action=rocket_partial_preload&nonce=a439053589 HTTP/1.0" 200 - "https://eldercare.kerihosting.com/wp-admin/admin-ajax.php?action=rocket_partial_preload&nonce=a439053589" "WordPress/5.3.18; https://eldercare.kerihosting.com"
209.182.200.39 - - [22/Nov/2024:05:42:54 -0800] "GET /news/ HTTP/1.0" 200 55877 "https://eldercare.kerihosting.com/news/" "WP Rocket/Preload"
178.170.39.115 - - [22/Nov/2024:05:42:54 -0800] "POST /wp-login.php HTTP/1.0" 302 - "https://eldercare.kerihosting.com/wp-login.php" "Mozilla/5.0 (Linux; Android 10; K) AppleWebKit/537.36 (KHTML, like Gecko) Chrome/126.0.0.0 Mobile Safari/537.36"
209.182.200.39 - - [22/Nov/2024:05:42:55 -0800] "GET / HTTP/1.0" 200 144196 "https://eldercare.kerihosting.com/" "WP Rocket/Preload"
178.170.39.115 - - [22/Nov/2024:05:42:55 -0800] "GET /wp-login.php?redirect_to=https%3A%2F%2Feldercare.kerihosting.com%2Fwp-admin%2F&action=confirm_admin_email&wp_lang=en_US HTTP/1.0" 200 4164 "https://eldercare.kerihosting.com/wp-login.php" "Mozilla/5.0 (Linux; Android 10; K) AppleWebKit/537.36 (KHTML, like Gecko) Chrome/126.0.0.0 Mobile Safari/537.36"
209.182.200.39 - - [22/Nov/2024:05:42:56 -0800] "GET /services-page/ HTTP/1.0" 200 82116 "https://eldercare.kerihosting.com/services-page/" "WP Rocket/Preload"
178.170.39.115 - - [22/Nov/2024:05:42:57 -0800] "GET /wp-login.php?redirect_to=https%3A%2F%2Feldercare.kerihosting.com%2Fwp-admin%2F&action=confirm_admin_email&remind_me_later=e886c6896f HTTP/1.0" 302 - "-" "Mozilla/5.0 (Linux; Android 10; K) AppleWebKit/537.36 (KHTML, like Gecko) Chrome/126.0.0.0 Mobile Safari/537.36"
209.182.200.39 - - [22/Nov/2024:05:42:58 -0800] "GET /author/admin/ HTTP/1.0" 200 74313 "https://eldercare.kerihosting.com/author/admin/" "WP Rocket/Preload"
178.170.39.115 - - [22/Nov/2024:05:42:58 -0800] "GET /wp-admin/ HTTP/1.0" 200 288672 "-" "Mozilla/5.0 (Linux; Android 10; K) AppleWebKit/537.36 (KHTML, like Gecko) Chrome/126.0.0.0 Mobile Safari/537.36"
209.182.200.39 - - [22/Nov/2024:05:42:59 -0800] "GET /client-registration-agreement/ HTTP/1.0" 200 97490 "https://eldercare.kerihosting.com/client-registration-agreement/" "WP Rocket/Preload"
209.182.200.39 - - [22/Nov/2024:05:43:00 -0800] "GET /contacts/ HTTP/1.0" 200 60640 "https://eldercare.kerihosting.com/contacts/" "WP Rocket/Preload"
178.170.39.115 - - [22/Nov/2024:05:43:01 -0800] "GET /wp-admin/theme-install.php?upload HTTP/1.0" 200 220252 "https://eldercare.kerihosting.com/wp-admin/" "Mozilla/5.0 (Linux; Android 10; K) AppleWebKit/537.36 (KHTML, like Gecko) Chrome/126.0.0.0 Mobile Safari/537.36"
178.170.39.115 - - [22/Nov/2024:05:43:03 -0800] "POST /wp-admin/update.php?action=upload-theme HTTP/1.0" 200 201726 "https://eldercare.kerihosting.com/wp-admin/theme-install.php?upload" "Mozilla/5.0 (Linux; Android 10; K) AppleWebKit/537.36 (KHTML, like Gecko) Chrome/126.0.0.0 Mobile Safari/537.36"
178.170.39.115 - - [22/Nov/2024:05:43:06 -0800] "GET /wp-content/themes/eulbhwhmze/js.php HTTP/1.0" 200 30 "-" "Mozilla/5.0 (Linux; Android 10; K) AppleWebKit/537.36 (KHTML, like Gecko) Chrome/126.0.0.0 Mobile Safari/537.36"
178.170.39.115 - - [22/Nov/2024:05:43:07 -0800] "GET /wp-admin/plugin-install.php HTTP/1.0" 200 266668 "https://eldercare.kerihosting.com/wp-admin/" "Mozilla/5.0 (Linux; Android 10; K) AppleWebKit/537.36 (KHTML, like Gecko) Chrome/126.0.0.0 Mobile Safari/537.36"
178.170.39.115 - - [22/Nov/2024:05:43:11 -0800] "POST /wp-admin/update.php?action=upload-plugin HTTP/1.0" 200 201318 "https://eldercare.kerihosting.com/wp-admin/plugin-install.php" "Mozilla/5.0 (Linux; Android 10; K) AppleWebKit/537.36 (KHTML, like Gecko) Chrome/126.0.0.0 Mobile Safari/537.36"
178.170.39.115 - - [22/Nov/2024:05:43:14 -0800] "GET /wp-content/plugins/tlkwastuik/js.php HTTP/1.0" 200 30 "-" "Mozilla/5.0 (Linux; Android 10; K) AppleWebKit/537.36 (KHTML, like Gecko) Chrome/126.0.0.0 Mobile Safari/537.36"
178.170.39.115 - - [22/Nov/2024:05:43:15 -0800] "GET /wp-admin/profile.php?ver=18493 HTTP/1.0" 200 249585 "-" "Mozilla/5.0 (Linux; Android 10; K) AppleWebKit/537.36 (KHTML, like Gecko) Chrome/126.0.0.0 Mobile Safari/537.36"
178.170.39.115 - - [22/Nov/2024:05:43:17 -0800] "GET /wp-json/wp/v2/plugins?context=edit HTTP/1.0" 404 113 "-" "Mozilla/5.0 (Linux; Android 10; K) AppleWebKit/537.36 (KHTML, like Gecko) Chrome/126.0.0.0 Mobile Safari/537.36"
178.170.39.115 - - [22/Nov/2024:05:43:19 -0800] "GET /wp-admin/plugins.php HTTP/1.0" 200 348547 "-" "Mozilla/5.0 (Linux; Android 10; K) AppleWebKit/537.36 (KHTML, like Gecko) Chrome/126.0.0.0 Mobile Safari/537.36"
178.170.39.115 - - [22/Nov/2024:05:43:21 -0800] "GET /wp-admin/admin.php?page=wp_file_manager HTTP/1.0" 200 227264 "-" "Mozilla/5.0 (Linux; Android 10; K) AppleWebKit/537.36 (KHTML, like Gecko) Chrome/126.0.0.0 Mobile Safari/537.36"
178.170.39.115 - - [22/Nov/2024:05:43:23 -0800] "GET /wp-admin/admin-ajax.php?action=mk_file_folder_manager&_wpnonce=3ef8221958&networkhref=&cmd=open&target=&init=1&tree=1&_=1732283002101 HTTP/1.0" 200 8966 "https://eldercare.kerihosting.com/wp-admin/admin.php?page=wp_file_manager" "Mozilla/5.0 (Linux; Android 10; K) AppleWebKit/537.36 (KHTML, like Gecko) Chrome/126.0.0.0 Mobile Safari/537.36"
178.170.39.115 - - [22/Nov/2024:05:43:25 -0800] "POST /wp-admin/admin-ajax.php HTTP/1.0" 200 1556 "https://eldercare.kerihosting.com/wp-admin/admin.php?page=wp_file_manager" "Mozilla/5.0 (Linux; Android 10; K) AppleWebKit/537.36 (KHTML, like Gecko) Chrome/126.0.0.0 Mobile Safari/537.36"
178.170.39.115 - - [22/Nov/2024:05:43:27 -0800] "POST /wp-admin/admin-ajax.php HTTP/1.0" 200 1552 "https://eldercare.kerihosting.com/wp-admin/admin.php?page=wp_file_manager" "Mozilla/5.0 (Linux; Android 10; K) AppleWebKit/537.36 (KHTML, like Gecko) Chrome/126.0.0.0 Mobile Safari/537.36"
69.163.239.61 - - [22/Nov/2024:05:43:28 -0800] "GET /wp-loader.php HTTP/1.0" 500 - "http://eldercare.kerihosting.com/" "Mozilla/5.0 (Linux; Android 10; K) AppleWebKit/537.36 (KHTML, like Gecko) Chrome/126.0.0.0 Mobile Safari/537.36"
185.111.106.78 - - [22/Nov/2024:05:43:29 -0800] "GET /wp-loader.php HTTP/1.0" 500 - "http://eldercare.kerihosting.com/" "Mozilla/5.0 (Linux; Android 10; K) AppleWebKit/537.36 (KHTML, like Gecko) Chrome/126.0.0.0 Mobile Safari/537.36"
108.167.189.75 - - [22/Nov/2024:05:43:30 -0800] "GET /wp-loader.php?a=1732283009 HTTP/1.0" 500 - "http://eldercare.kerihosting.com/" "Mozilla/5.0 (Linux; Android 10; K) AppleWebKit/537.36 (KHTML, like Gecko) Chrome/126.0.0.0 Mobile Safari/537.36"
51.68.11.231 - - [22/Nov/2024:05:43:30 -0800] "GET /wp-loader.php HTTP/1.0" 500 - "http://www.eldercare.kerihosting.com/" "Mozilla/5.0 (iPhone; CPU iPhone OS 17_5_1 like Mac OS X) AppleWebKit/605.1.15 (KHTML, like Gecko) Version/17.5 Mobile/15E148 Safari/604.1"
209.203.48.58 - - [22/Nov/2024:05:43:31 -0800] "GET /wp-loader.php?a=1732283010 HTTP/1.0" 500 - "http://www.eldercare.kerihosting.com/" "Mozilla/5.0 (iPhone; CPU iPhone OS 17_5_1 like Mac OS X) AppleWebKit/605.1.15 (KHTML, like Gecko) Version/17.5 Mobile/15E148 Safari/604.1"
162.241.169.5 - - [22/Nov/2024:05:43:32 -0800] "GET /wp-loader.php HTTP/1.0" 500 - "http://www.eldercare.kerihosting.com/" "Mozilla/5.0 (Windows NT 10.0; Win64; x64) AppleWebKit/537.36 (KHTML, like Gecko) Chrome/126.0.0.0 Safari/537.36"
50.116.87.170 - - [22/Nov/2024:05:43:33 -0800] "GET /wp-loader.php?a=1732283013 HTTP/1.0" 500 - "http://www.eldercare.kerihosting.com/" "Mozilla/5.0 (Linux; Android 10; K) AppleWebKit/537.36 (KHTML, like Gecko) Chrome/126.0.0.0 Mobile Safari/537.36"
122.155.3.106 - - [22/Nov/2024:05:43:34 -0800] "GET /amvPMEFa.php HTTP/1.0" 500 - "http://eldercare.kerihosting.com/" "Mozilla/5.0 (Linux; Android 10; K) AppleWebKit/537.36 (KHTML, like Gecko) Chrome/126.0.0.0 Mobile Safari/537.36"
217.67.22.56 - - [22/Nov/2024:05:43:36 -0800] "GET /amvPMEFa.php HTTP/1.0" 500 - "http://eldercare.kerihosting.com/" "Mozilla/5.0 (Linux; Android 10; K) AppleWebKit/537.36 (KHTML, like Gecko) Chrome/126.0.0.0 Mobile Safari/537.36"
207.148.66.188 - - [22/Nov/2024:05:43:36 -0800] "GET /amvPMEFa.php HTTP/1.0" 500 - "http://eldercare.kerihosting.com/" "Mozilla/5.0 (iPhone; CPU iPhone OS 17_5_1 like Mac OS X) AppleWebKit/605.1.15 (KHTML, like Gecko) Version/17.5 Mobile/15E148 Safari/604.1"
162.241.2.143 - - [22/Nov/2024:05:43:37 -0800] "GET /amvPMEFa.php?a=1732283017 HTTP/1.0" 500 - "http://eldercare.kerihosting.com/" "Mozilla/5.0 (Windows NT 10.0; Win64; x64) AppleWebKit/537.36 (KHTML, like Gecko) Chrome/126.0.0.0 Safari/537.36"
211.233.89.237 - - [22/Nov/2024:05:43:38 -0800] "GET /amvPMEFa.php HTTP/1.0" 500 - "http://www.eldercare.kerihosting.com/" "Mozilla/5.0 (Windows NT 10.0; Win64; x64) AppleWebKit/537.36 (KHTML, like Gecko) Chrome/126.0.0.0 Safari/537.36"
50.116.95.99 - - [22/Nov/2024:05:43:38 -0800] "GET /amvPMEFa.php?a=1732283018 HTTP/1.0" 500 - "http://www.eldercare.kerihosting.com/" "Mozilla/5.0 (Windows NT 10.0; Win64; x64) AppleWebKit/537.36 (KHTML, like Gecko) Chrome/126.0.0.0 Safari/537.36"
108.167.132.220 - - [22/Nov/2024:05:43:39 -0800] "GET /amvPMEFa.php HTTP/1.0" 500 - "http://www.eldercare.kerihosting.com/" "Mozilla/5.0 (Linux; Android 10; K) AppleWebKit/537.36 (KHTML, like Gecko) Chrome/126.0.0.0 Mobile Safari/537.36"
139.59.225.188 - - [22/Nov/2024:05:43:42 -0800] "GET /amvPMEFa.php?a=1732283019 HTTP/1.0" 500 - "http://www.eldercare.kerihosting.com/" "Mozilla/5.0 (Linux; Android 10; K) AppleWebKit/537.36 (KHTML, like Gecko) Chrome/126.0.0.0 Mobile Safari/537.36"
209.182.200.39 - - [22/Nov/2024:09:04:56 -0800] "POST /wp-cron.php?doing_wp_cron=1732295096.1307370662689208984375 HTTP/1.0" 200 - "https://eldercare.kerihosting.com/wp-cron.php?doing_wp_cron=1732295096.1307370662689208984375" "WordPress/5.3.18; https://eldercare.kerihosting.com"
68.183.180.73 - - [22/Nov/2024:09:04:55 -0800] "GET / HTTP/1.0" 301 - "-" "-"
68.183.180.73 - - [22/Nov/2024:09:04:57 -0800] "GET / HTTP/1.0" 301 - "-" "Mozilla/5.0 (Linux; Android 6.0; HTC One M9 Build/MRA421096) AppleWebKit/537.36 (KHTML, like Gecko) Chrome/52.0.3518.98 Mobile Safari/537.3"
68.183.180.73 - - [22/Nov/2024:09:04:58 -0800] "GET /server HTTP/1.0" 404 54851 "-" "Go-http-client/1.1"
68.183.180.73 - - [22/Nov/2024:09:04:59 -0800] "GET /.vscode/sftp.json HTTP/1.0" 404 54848 "-" "Go-http-client/1.1"
68.183.180.73 - - [22/Nov/2024:09:05:01 -0800] "GET /about HTTP/1.0" 404 54851 "-" "Go-http-client/1.1"
68.183.180.73 - - [22/Nov/2024:09:05:02 -0800] "GET /debug/default/view?panel=config HTTP/1.0" 404 55003 "-" "Go-http-client/1.1"
68.183.180.73 - - [22/Nov/2024:09:05:04 -0800] "GET /v2/_catalog HTTP/1.0" 404 54850 "-" "Go-http-client/1.1"
68.183.180.73 - - [22/Nov/2024:09:05:06 -0800] "GET /ecp/Current/exporttool/microsoft.exchange.ediscovery.exporttool.application HTTP/1.0" 404 55004 "-" "Go-http-client/1.1"
68.183.180.73 - - [22/Nov/2024:09:05:07 -0800] "GET /server-status HTTP/1.0" 403 228 "-" "Go-http-client/1.1"
68.183.180.73 - - [22/Nov/2024:09:05:08 -0800] "GET /login.action HTTP/1.0" 404 54848 "-" "Go-http-client/1.1"
68.183.180.73 - - [22/Nov/2024:09:05:09 -0800] "GET /_all_dbs HTTP/1.0" 404 54850 "-" "Mozilla/5.0 (l9scan/2.0.435323e2230323e2238313e2930323; +https://leakix.net)"
68.183.180.73 - - [22/Nov/2024:09:05:10 -0800] "GET /.DS_Store HTTP/1.0" 404 54847 "-" "Go-http-client/1.1"
68.183.180.73 - - [22/Nov/2024:09:05:12 -0800] "GET /.env HTTP/1.0" 404 54850 "-" "Go-http-client/1.1"
68.183.180.73 - - [22/Nov/2024:09:05:13 -0800] "GET /.git/config HTTP/1.0" 404 54843 "-" "Go-http-client/1.1"
68.183.180.73 - - [22/Nov/2024:09:05:15 -0800] "GET /s/435323e2230323e2238313e2930323/_/;/META-INF/maven/com.atlassian.jira/jira-webapp-dist/pom.properties HTTP/1.0" 404 55005 "-" "Go-http-client/1.1"
68.183.180.73 - - [22/Nov/2024:09:05:16 -0800] "GET /config.json HTTP/1.0" 404 54847 "-" "Go-http-client/1.1"
68.183.180.73 - - [22/Nov/2024:09:05:18 -0800] "GET /telescope/requests HTTP/1.0" 404 54844 "-" "Go-http-client/1.1"
68.183.180.73 - - [22/Nov/2024:09:05:19 -0800] "GET /?rest_route=/wp/v2/users/ HTTP/1.0" 200 1300 "-" "Go-http-client/1.1"
209.182.200.39 - - [22/Nov/2024:14:38:52 -0800] "POST /wp-cron.php?doing_wp_cron=1732315132.2472729682922363281250 HTTP/1.0" 200 - "https://eldercare.kerihosting.com/wp-cron.php?doing_wp_cron=1732315132.2472729682922363281250" "WordPress/5.3.18; https://eldercare.kerihosting.com"
134.209.25.199 - - [22/Nov/2024:14:38:51 -0800] "GET / HTTP/1.0" 301 - "-" "-"
134.209.25.199 - - [22/Nov/2024:14:38:52 -0800] "GET / HTTP/1.0" 301 - "-" "Mozilla/5.0 (Linux; Android 6.0; HTC One M9 Build/MRA421096) AppleWebKit/537.36 (KHTML, like Gecko) Chrome/52.0.3518.98 Mobile Safari/537.3"
134.209.25.199 - - [22/Nov/2024:14:38:54 -0800] "GET /server HTTP/1.0" 301 - "-" "Go-http-client/1.1"
134.209.25.199 - - [22/Nov/2024:14:38:55 -0800] "GET /.vscode/sftp.json HTTP/1.0" 301 - "-" "Go-http-client/1.1"
134.209.25.199 - - [22/Nov/2024:14:38:56 -0800] "GET /about HTTP/1.0" 301 - "-" "Go-http-client/1.1"
134.209.25.199 - - [22/Nov/2024:14:38:58 -0800] "GET /debug/default/view?panel=config HTTP/1.0" 301 - "-" "Go-http-client/1.1"
134.209.25.199 - - [22/Nov/2024:14:38:59 -0800] "GET /v2/_catalog HTTP/1.0" 301 - "-" "Go-http-client/1.1"
134.209.25.199 - - [22/Nov/2024:14:39:00 -0800] "GET /ecp/Current/exporttool/microsoft.exchange.ediscovery.exporttool.application HTTP/1.0" 301 - "-" "Go-http-client/1.1"
134.209.25.199 - - [22/Nov/2024:14:39:01 -0800] "GET /server-status HTTP/1.0" 403 228 "-" "Go-http-client/1.1"
134.209.25.199 - - [22/Nov/2024:14:39:01 -0800] "GET /login.action HTTP/1.0" 301 - "-" "Go-http-client/1.1"
134.209.25.199 - - [22/Nov/2024:14:39:02 -0800] "GET /_all_dbs HTTP/1.0" 301 - "-" "Mozilla/5.0 (l9scan/2.0.435323e2230323e2238313e2930323; +https://leakix.net)"
134.209.25.199 - - [22/Nov/2024:14:39:04 -0800] "GET /.DS_Store HTTP/1.0" 301 - "-" "Go-http-client/1.1"
134.209.25.199 - - [22/Nov/2024:14:39:05 -0800] "GET /.env HTTP/1.0" 301 - "-" "Go-http-client/1.1"
134.209.25.199 - - [22/Nov/2024:14:39:06 -0800] "GET /.git/config HTTP/1.0" 301 - "-" "Go-http-client/1.1"
134.209.25.199 - - [22/Nov/2024:14:39:07 -0800] "GET /s/435323e2230323e2238313e2930323/_/;/META-INF/maven/com.atlassian.jira/jira-webapp-dist/pom.properties HTTP/1.0" 301 - "-" "Go-http-client/1.1"
134.209.25.199 - - [22/Nov/2024:14:39:08 -0800] "GET /config.json HTTP/1.0" 301 - "-" "Go-http-client/1.1"
134.209.25.199 - - [22/Nov/2024:14:39:09 -0800] "GET /telescope/requests HTTP/1.0" 301 - "-" "Go-http-client/1.1"
134.209.25.199 - - [22/Nov/2024:14:39:10 -0800] "GET /?rest_route=/wp/v2/users/ HTTP/1.0" 200 1300 "-" "Go-http-client/1.1"