3.17.67.211 - - [22/Nov/2024:07:43:53 -0800] "GET //epiccrowndeals.click/wp-content/plugins/form-builder-wp/assets/js/js.cookie.min.js HTTP/1.0" 301 - "-" "Mozilla/5.0 (Macintosh; Intel Mac OS X 10_15_7) AppleWebKit/537.36 (KHTML, like Gecko) Chrome/102.0.0.0 Safari/537.36"
3.17.67.211 - - [22/Nov/2024:07:43:53 -0800] "GET //epiccrowndeals.click/wp-content/plugins/form-builder-wp/assets/js/jquery.blockUI.min.js HTTP/1.0" 301 - "-" "Mozilla/5.0 (compatible; MSIE 10.0; Windows Phone 8.0; Trident/6.0; IEMobile/10.0; ARM; Touch)"
3.17.67.211 - - [22/Nov/2024:07:43:53 -0800] "GET //epiccrowndeals.click/wp-includes/js/api-request.min.js HTTP/1.0" 301 - "-" "Mozilla/5.0 (X11; Linux x86_64) AppleWebKit/537.36 (KHTML, like Gecko) Chrome/100.0.4896.127 Safari/537.36 OPR/86.0.4363.50"
3.17.67.211 - - [22/Nov/2024:07:43:53 -0800] "GET //epiccrowndeals.click/wp-content/plugins/elkit/assets/js/jarallax.js HTTP/1.0" 301 - "-" "Mozilla/5.0 (X11; U; Linux x86_64; us; rv:1.9.1.19) Gecko/20110430 shadowfox/7.0 (like Firefox/7.0"
3.17.67.211 - - [22/Nov/2024:07:43:53 -0800] "GET //epiccrowndeals.click/wp-includes/js/dist/a11y.min.js HTTP/1.0" 301 - "-" "Mozilla/4.8 [en] (Windows NT 5.1; U)"
3.17.67.211 - - [22/Nov/2024:07:43:53 -0800] "GET //epiccrowndeals.click/wp-content/themes/classiadspro/includes/plugins-config/woocommerce-quantity-increment/assets/js/wc-quantity-increment.min.js HTTP/1.0" 301 - "-" "Mozilla/5.0 (X11; FreeBSD amd64) AppleWebKit/536.5 (KHTML like Gecko) Chrome/19.0.1084.56 Safari/536.5"
3.17.67.211 - - [22/Nov/2024:07:43:53 -0800] "GET //epiccrowndeals.click/wp-includes/js/dist/i18n.min.js HTTP/1.0" 301 - "-" "Mozilla/5.0 (X11; Fedora; Linux x86_64) AppleWebKit/537.36 (KHTML, like Gecko) Chrome/100.0.4896.127 Safari/537.36"
3.17.67.211 - - [22/Nov/2024:07:43:53 -0800] "GET //epiccrowndeals.click/wp-content/themes/classiadspro/js/bootstrap.min.js HTTP/1.0" 301 - "-" "Mozilla/5.0 (iPod; U; CPU iPhone OS 2_2_1 like Mac OS X; en-us) AppleWebKit/525.18.1 (KHTML, like Gecko) Version/3.1.1 Mobile/5H11a Safari/525.20"
3.17.67.211 - - [22/Nov/2024:07:43:53 -0800] "GET //epiccrowndeals.click/wp-includes/js/jquery/jquery-migrate.min.js HTTP/1.0" 301 - "-" "MSIE (MSIE 6.0; X11; Linux; i686) Opera 7.23"
3.17.67.211 - - [22/Nov/2024:07:43:53 -0800] "GET //epiccrowndeals.click/wp-includes/js/jquery/ui/checkboxradio.min.js HTTP/1.0" 301 - "-" "Mozilla/5.0 (Windows NT 10.0; WOW64) AppleWebKit/537.36 (KHTML, like Gecko) Chrome/100.0.4896.127 Safari/537.36"
3.17.67.211 - - [22/Nov/2024:07:43:53 -0800] "GET //epiccrowndeals.click/wp-content/themes/classiadspro/js/select2.min.js HTTP/1.0" 301 - "-" "Mozilla/5.0 (X11; Linux i686; rv:43.0) Gecko/20100101 Firefox/43.0"
3.17.67.211 - - [22/Nov/2024:07:43:53 -0800] "GET //epiccrowndeals.click/wp-includes/js/jquery/jquery.min.js HTTP/1.0" 301 - "-" "Opera/9.80 (Android; Opera Mini/9.0.1829/66.318; U; en) Presto/2.12.423 Version/12.16"
3.17.67.211 - - [22/Nov/2024:07:43:53 -0800] "GET //epiccrowndeals.click/wp-content/themes/classiadspro/includes/assets/js/social-icon-widget.js HTTP/1.0" 301 - "-" "Mozilla/5.0 (Windows NT 10.0; Win64; x64) AppleWebKit/537.36 (KHTML, like Gecko) Chrome/99.0.4844.74 Safari/537.36"
3.17.67.211 - - [22/Nov/2024:07:43:53 -0800] "GET //epiccrowndeals.click/wp-includes/js/jquery/jquery.ui.touch-punch.js HTTP/1.0" 301 - "-" "Mozilla/5.0 (Windows NT 10.0; Win64; x64) AppleWebKit/537.36 (KHTML, like Gecko) Chrome/88.0.4324.182 Safari/537.36"
3.17.67.211 - - [22/Nov/2024:07:43:53 -0800] "GET //epiccrowndeals.click/wp-includes/js/dist/hooks.min.js HTTP/1.0" 301 - "-" "Mozilla/5.0 (Macintosh; Intel Mac OS X 10.5; rv:10.0.1) Gecko/20100101 Firefox/10.0.1 SeaMonkey/2.7.1"
3.17.67.211 - - [22/Nov/2024:07:43:53 -0800] "GET //epiccrowndeals.click/wp-includes/js/jquery/ui/autocomplete.min.js HTTP/1.0" 301 - "-" "Mozilla/5.0 (Windows NT 6.2; Win64; x64) AppleWebKit/537.36 (KHTML, like Gecko) Chrome/32.0.1667.0 Safari/537.36"
3.17.67.211 - - [22/Nov/2024:07:43:53 -0800] "GET //epiccrowndeals.click/wp-includes/js/jquery/ui/selectmenu.min.js HTTP/1.0" 301 - "-" "Mozilla/5.0 (X11; Linux x86_64) AppleWebKit/537.4 (KHTML like Gecko) Chrome/22.0.1229.56 Safari/537.4"
3.17.67.211 - - [22/Nov/2024:07:43:53 -0800] "GET //epiccrowndeals.click/wp-includes/js/jquery/ui/menu.min.js HTTP/1.0" 301 - "-" "WDG_Validator/1.6.2"
3.17.67.211 - - [22/Nov/2024:07:43:53 -0800] "GET //epiccrowndeals.click/wp-includes/js/jquery/ui/mouse.min.js HTTP/1.0" 301 - "-" "Mozilla/4.77 [en] (X11; I; IRIX;64 6.5 IP30)"
3.17.67.211 - - [22/Nov/2024:07:43:53 -0800] "GET //epiccrowndeals.click/wp-includes/js/jquery/ui/draggable.min.js HTTP/1.0" 301 - "-" "BlackBerry9000/4.6.0.167 Profile/MIDP-2.0 Configuration/CLDC-1.1 VendorID/102"
3.17.67.211 - - [22/Nov/2024:07:43:53 -0800] "GET //epiccrowndeals.click/wp-includes/js/masonry.min.js HTTP/1.0" 301 - "-" "Mozilla/5.0 (X11; Linux x86_64) AppleWebKit/604.1 (KHTML, like Gecko) Version/11.0 Safari/604.1 Ubuntu/17.04 (3.24.1-0ubuntu1) Epiphany/3.24.1"
3.17.67.211 - - [22/Nov/2024:07:43:53 -0800] "GET //epiccrowndeals.click/wp-includes/js/dist/dom-ready.min.js HTTP/1.0" 301 - "-" "Mozilla/5.0 (Symbian/3; Series60/5.2 NokiaX7-00/021.004; Profile/MIDP-2.1 Configuration/CLDC-1.1 ) AppleWebKit/533.4 (KHTML, like Gecko) NokiaBrowser/7.3.1.21 Mobile Safari/533.4 3gpp-gba"
3.17.67.211 - - [22/Nov/2024:07:43:53 -0800] "GET //epiccrowndeals.click/wp-includes/js/jquery/ui/tabs.min.js HTTP/1.0" 301 - "-" "Mozilla/5.0 (Macintosh; Intel Mac OS X 10_15_0) AppleWebKit/537.36 (KHTML, like Gecko) Chrome/100.0.4896.127 Safari/537.36"
3.17.67.211 - - [22/Nov/2024:07:43:53 -0800] "GET //epiccrowndeals.click/wp-includes/js/media-models.min.js HTTP/1.0" 301 - "-" "Mozilla/5.0 (Macintosh; Intel Mac OS X 10_15_7) AppleWebKit/537.36 (KHTML, like Gecko) Chrome/101.0.4951.54 Safari/537.36 Edg/101.0.1210.39"
3.17.67.211 - - [22/Nov/2024:07:43:53 -0800] "GET //epiccrowndeals.click/wp-includes/js/json2.min.js HTTP/1.0" 301 - "-" "Mozilla/5.0 (Macintosh; Intel Mac OS X 10_15_7) AppleWebKit/537.36 (KHTML, like Gecko) Chrome/97.0.4692.71 Safari/537.36"
3.17.67.211 - - [22/Nov/2024:07:43:53 -0800] "GET //epiccrowndeals.click/wp-includes/js/jquery/ui/button.min.js HTTP/1.0" 301 - "-" "Mozilla/5.0 (Windows NT 10.0; Win64; x64) AppleWebKit/537.36 (KHTML, like Gecko) Chrome/72.0.3626.121 Safari/537.36"
3.17.67.211 - - [22/Nov/2024:07:43:53 -0800] "GET //epiccrowndeals.click/wp-includes/js/media-editor.min.js HTTP/1.0" 301 - "-" "Mozilla/5.0 (Linux; Android 10; CLT-L29) AppleWebKit/537.36 (KHTML, like Gecko) Chrome/101.0.4951.41 Mobile Safari/537.36"
3.17.67.211 - - [22/Nov/2024:07:43:53 -0800] "GET //epiccrowndeals.click/wp-includes/js/jquery/ui/slider.min.js HTTP/1.0" 301 - "-" "Mozilla/5.0 (Linux; Android 12; SM-N770F) AppleWebKit/537.36 (KHTML, like Gecko) Chrome/101.0.4951.54 Mobile Safari/537.36 EdgA/101.0.1210.39"
3.17.67.211 - - [22/Nov/2024:07:43:53 -0800] "GET //epiccrowndeals.click/wp-includes/js/jquery/ui/resizable.min.js HTTP/1.0" 301 - "-" "Mozilla/4.0 (compatible; MSIE 7.0; Windows NT 6.0; Trident/4.0)"
3.17.67.211 - - [22/Nov/2024:07:43:58 -0800] "GET //epiccrowndeals.click/wp-content/plugins/AccessPress_Social_Login/js/frontend.js HTTP/1.0" 301 - "-" "BlackBerry8320/4.2.2 Profile/MIDP-2.0 Configuration/CLDC-1.1 VendorID/100"
3.17.67.211 - - [22/Nov/2024:07:43:58 -0800] "GET //epiccrowndeals.click/wp-content/plugins/directorypress/assets/js/contact-form.js HTTP/1.0" 301 - "-" "Opera/7.50 (Windows ME; U) [en]"
3.17.67.211 - - [22/Nov/2024:07:43:58 -0800] "GET //epiccrowndeals.click/wp-content/plugins/directorypress-frontend/assets/js/directorypress-frontend-profile.js HTTP/1.0" 301 - "-" "Mozilla/5.0 (iPad; U; CPU OS 4_2_1 like Mac OS X; ja-jp) AppleWebKit/533.17.9 (KHTML, like Gecko) Version/5.0.2 Mobile/8C148 Safari/6533.18.5"
3.17.67.211 - - [22/Nov/2024:07:43:58 -0800] "GET //epiccrowndeals.click/wp-content/plugins/directorypress/assets/lib/lity/js/lity.min.js HTTP/1.0" 301 - "-" "Mozilla/5.0 (X11; U; Linux x86_64; en-AU) AppleWebKit/534.35 (KHTML, like Gecko) Chrome/11.0.696.65 Safari/534.35 Puffin/3.9174IT"
3.17.67.211 - - [22/Nov/2024:07:43:58 -0800] "GET //epiccrowndeals.click/wp-content/plugins/directorypress/assets/js/directorypress-public.js HTTP/1.0" 301 - "-" "Mozilla/5.0 (Linux; Android 7.1.1; Coolpad 3632A Build/NMF26F) AppleWebKit/537.36 (KHTML, like Gecko) Chrome/59.0.3071.125 Mobile Safari/537.36"
209.182.200.39 - - [22/Nov/2024:07:44:38 -0800] "POST /wp-cron.php?doing_wp_cron=1732290278.1562149524688720703125 HTTP/1.0" 200 - "-" "WordPress/6.7.1; https://epiccrowndeals.click"
3.17.67.211 - - [22/Nov/2024:07:43:58 -0800] "GET //epiccrowndeals.click/wp-content/plugins/directorypress/assets/js/jquery.cookie.js HTTP/1.0" 301 - "-" "Mozilla/5.0 (Windows NT 10.0; Win64; x64) AppleWebKit/537.36 (KHTML, like Gecko) Chrome/91.0.4472.124 Safari/537.36"
3.17.67.211 - - [22/Nov/2024:07:43:58 -0800] "GET //epiccrowndeals.click/wp-content/plugins/directorypress-frontend/assets/js/directorypress-frontend-public.js HTTP/1.0" 301 - "-" "Mozilla/5.0 (X11; U; Linux x86_64; en-US; rv:1.9.1.5) Gecko/20091107 Firefox/3.5.5"
3.17.67.211 - - [22/Nov/2024:07:43:58 -0800] "GET //epiccrowndeals.click/wp-content/plugins/form-builder-wp/assets/js/jquery.blockUI.min.js HTTP/1.0" 301 - "-" "Mozilla/5.0 (Windows NT 10.0; WOW64) AppleWebKit/537.36 (KHTML, like Gecko) Chrome/49.0.2623.87 Safari/537.36 OPR/36.0.2130.46"
209.182.200.39 - - [22/Nov/2024:08:00:29 -0800] "POST /wp-cron.php?doing_wp_cron=1732291229.5950191020965576171875 HTTP/1.0" 200 - "-" "WordPress/6.7.1; https://epiccrowndeals.click"
209.141.37.13 - - [22/Nov/2024:08:00:24 -0800] "GET /wp-login.php HTTP/1.0" 200 8924 "-" "Mozilla/5.0 (X11; Ubuntu; Linux i686; rv:31.0) Gecko/20100101 Firefox/31.0"
209.141.37.13 - - [22/Nov/2024:08:00:29 -0800] "POST /wp-login.php HTTP/1.0" 200 9436 "-" "Mozilla/5.0 (X11; Ubuntu; Linux i686; rv:31.0) Gecko/20100101 Firefox/31.0"
209.182.200.39 - - [22/Nov/2024:08:09:59 -0800] "POST /wp-cron.php?doing_wp_cron=1732291799.3808100223541259765625 HTTP/1.0" 200 - "-" "WordPress/6.7.1; https://epiccrowndeals.click"
157.55.39.9 - - [22/Nov/2024:08:09:57 -0800] "GET /wp-sitemap-taxonomies-category-1.xml HTTP/1.0" 200 261 "-" "Mozilla/5.0 AppleWebKit/537.36 (KHTML, like Gecko; compatible; bingbot/2.0; +http://www.bing.com/bingbot.htm) Chrome/116.0.1938.76 Safari/537.36"
157.55.39.9 - - [22/Nov/2024:08:09:59 -0800] "GET /wp-sitemap-taxonomies-category-1.xml HTTP/1.0" 200 261 "-" "Mozilla/5.0 AppleWebKit/537.36 (KHTML, like Gecko; compatible; bingbot/2.0; +http://www.bing.com/bingbot.htm) Chrome/116.0.1938.76 Safari/537.36"
51.222.253.10 - - [22/Nov/2024:08:45:13 -0800] "GET /robots.txt HTTP/1.0" 200 30 "-" "Mozilla/5.0 (compatible; AhrefsBot/7.0; +http://ahrefs.com/robot/)"
209.182.200.39 - - [22/Nov/2024:08:47:44 -0800] "POST /wp-cron.php?doing_wp_cron=1732294064.4855279922485351562500 HTTP/1.0" 200 - "-" "WordPress/6.7.1; https://epiccrowndeals.click"
138.197.115.33 - - [22/Nov/2024:08:47:42 -0800] "GET /product-tag/shop/?add-to-cart=2588 HTTP/1.0" 200 304439 "-" "Mozilla/5.0 (Macintosh; Intel Mac OS X 10_15_7) AppleWebKit/537.36 (KHTML, like Gecko) Chrome/124.0.0.0 Safari/537.36"
209.182.200.39 - - [22/Nov/2024:08:48:02 -0800] "POST /wp-cron.php?doing_wp_cron=1732294082.2420010566711425781250 HTTP/1.0" 200 - "-" "WordPress/6.7.1; https://epiccrowndeals.click"
107.189.5.58 - - [22/Nov/2024:08:48:00 -0800] "GET /wp-login.php HTTP/1.0" 200 8924 "-" "Mozilla/5.0 (Windows NT 6.3; WOW64) AppleWebKit/537.36 (KHTML, like Gecko) Chrome/35.0.1916.153 Safari/537.36"
107.189.5.58 - - [22/Nov/2024:08:48:05 -0800] "POST /wp-login.php HTTP/1.0" 200 9428 "-" "Mozilla/5.0 (Windows NT 6.3; WOW64) AppleWebKit/537.36 (KHTML, like Gecko) Chrome/35.0.1916.153 Safari/537.36"
209.182.200.39 - - [22/Nov/2024:08:59:07 -0800] "POST /wp-cron.php?doing_wp_cron=1732294747.4795780181884765625000 HTTP/1.0" 200 - "-" "WordPress/6.7.1; https://epiccrowndeals.click"
47.97.110.212 - - [22/Nov/2024:08:59:05 -0800] "GET /wp-login.php HTTP/1.0" 302 - "-" "Mozilla/5.0 (X11; Fedora; Linux x86_64; rv:89.0) Gecko/20100101 Firefox/89.0"
47.97.110.212 - - [22/Nov/2024:08:59:09 -0800] "GET /wp-login.php HTTP/1.0" 200 8924 "http://epiccrowndeals.click/wp-login.php" "Mozilla/5.0 (X11; Fedora; Linux x86_64; rv:89.0) Gecko/20100101 Firefox/89.0"
47.97.110.212 - - [22/Nov/2024:08:59:11 -0800] "GET ///?author=1 HTTP/1.0" 301 - "-" "Mozilla/5.0 (X11; Fedora; Linux x86_64; rv:89.0) Gecko/20100101 Firefox/89.0"
47.97.110.212 - - [22/Nov/2024:08:59:14 -0800] "GET /author/admin/ HTTP/1.0" 200 295434 "http://epiccrowndeals.click///?author=1" "Mozilla/5.0 (X11; Fedora; Linux x86_64; rv:89.0) Gecko/20100101 Firefox/89.0"
47.97.110.212 - - [22/Nov/2024:08:59:17 -0800] "GET ///wp-json/wp/v2/users/ HTTP/1.0" 200 1321 "-" "Mozilla/5.0 (X11; Fedora; Linux x86_64; rv:89.0) Gecko/20100101 Firefox/89.0"
47.97.110.212 - - [22/Nov/2024:08:59:20 -0800] "GET ///?author=2 HTTP/1.0" 301 - "-" "Mozilla/5.0 (X11; Fedora; Linux x86_64; rv:89.0) Gecko/20100101 Firefox/89.0"
47.97.110.212 - - [22/Nov/2024:08:59:23 -0800] "GET /?author=2 HTTP/1.0" 200 278412 "http://epiccrowndeals.click///?author=2" "Mozilla/5.0 (X11; Fedora; Linux x86_64; rv:89.0) Gecko/20100101 Firefox/89.0"
209.182.200.39 - - [22/Nov/2024:09:15:20 -0800] "POST /wp-cron.php?doing_wp_cron=1732295720.9409720897674560546875 HTTP/1.0" 200 - "-" "WordPress/6.7.1; https://epiccrowndeals.click"
51.222.253.20 - - [22/Nov/2024:09:15:18 -0800] "GET /product-tag/cleaning/ HTTP/1.0" 200 283438 "-" "Mozilla/5.0 (compatible; AhrefsBot/7.0; +http://ahrefs.com/robot/)"
209.182.200.39 - - [22/Nov/2024:09:20:32 -0800] "POST /wp-cron.php?doing_wp_cron=1732296032.1702299118041992187500 HTTP/1.0" 200 - "-" "WordPress/6.7.1; https://epiccrowndeals.click"
178.128.227.63 - - [22/Nov/2024:09:20:30 -0800] "GET /listings/business-category/electronics/mobile-tablets/ HTTP/1.0" 200 284334 "-" "Mozilla/5.0 (Windows NT 10.0; Win64; x64) AppleWebKit/537.36 (KHTML, like Gecko) Chrome/124.0.0.0 Safari/537.36"
209.182.200.39 - - [22/Nov/2024:09:32:36 -0800] "POST /wp-cron.php?doing_wp_cron=1732296756.3847970962524414062500 HTTP/1.0" 200 - "-" "WordPress/6.7.1; https://epiccrowndeals.click"
207.46.13.141 - - [22/Nov/2024:09:32:34 -0800] "GET /wp-sitemap-posts-post-1.xml HTTP/1.0" 200 2615 "-" "Mozilla/5.0 AppleWebKit/537.36 (KHTML, like Gecko; compatible; bingbot/2.0; +http://www.bing.com/bingbot.htm) Chrome/116.0.1938.76 Safari/537.36"
209.182.200.39 - - [22/Nov/2024:10:02:26 -0800] "POST /wp-cron.php?doing_wp_cron=1732298546.8498361110687255859375 HTTP/1.0" 200 - "-" "WordPress/6.7.1; https://epiccrowndeals.click"
205.185.123.37 - - [22/Nov/2024:10:02:25 -0800] "GET /wp-login.php HTTP/1.0" 200 8924 "-" "Mozilla/5.0 (Macintosh; Intel Mac OS X 10.6; rv:31.0) Gecko/20100101 Firefox/31.0"
205.185.123.37 - - [22/Nov/2024:10:02:26 -0800] "POST /wp-login.php HTTP/1.0" 200 9406 "-" "Mozilla/5.0 (Macintosh; Intel Mac OS X 10.6; rv:31.0) Gecko/20100101 Firefox/31.0"
209.182.200.39 - - [22/Nov/2024:10:27:16 -0800] "POST /wp-cron.php?doing_wp_cron=1732300036.4236729145050048828125 HTTP/1.0" 200 - "-" "WordPress/6.7.1; https://epiccrowndeals.click"
64.225.59.76 - - [22/Nov/2024:10:27:14 -0800] "GET /wp-login.php HTTP/1.0" 200 8924 "-" "Mozilla/5.0 (Linux; Android 10; K) AppleWebKit/537.36 (KHTML, like Gecko) Chrome/126.0.0.0 Mobile Safari/537.36"
64.225.59.76 - - [22/Nov/2024:10:27:17 -0800] "GET /wp-login.php HTTP/1.0" 200 8924 "-" "Mozilla/5.0 (Linux; Android 10; K) AppleWebKit/537.36 (KHTML, like Gecko) Chrome/126.0.0.0 Mobile Safari/537.36"
64.225.59.76 - - [22/Nov/2024:10:27:20 -0800] "POST /wp-login.php HTTP/1.0" 302 - "https://epiccrowndeals.click/wp-login.php" "Mozilla/5.0 (Linux; Android 10; K) AppleWebKit/537.36 (KHTML, like Gecko) Chrome/126.0.0.0 Mobile Safari/537.36"
64.225.59.76 - - [22/Nov/2024:10:27:23 -0800] "GET /wp-login.php?redirect_to=https%3A%2F%2Fepiccrowndeals.click%2Fwp-admin%2F&action=confirm_admin_email&wp_lang=en_US HTTP/1.0" 200 7131 "https://epiccrowndeals.click/wp-login.php" "Mozilla/5.0 (Linux; Android 10; K) AppleWebKit/537.36 (KHTML, like Gecko) Chrome/126.0.0.0 Mobile Safari/537.36"
64.225.59.76 - - [22/Nov/2024:10:27:25 -0800] "GET /wp-login.php?redirect_to=https%3A%2F%2Fepiccrowndeals.click%2Fwp-admin%2F&action=confirm_admin_email&remind_me_later=33e411ca2b HTTP/1.0" 302 - "-" "Mozilla/5.0 (Linux; Android 10; K) AppleWebKit/537.36 (KHTML, like Gecko) Chrome/126.0.0.0 Mobile Safari/537.36"
64.225.59.76 - - [22/Nov/2024:10:27:28 -0800] "GET /wp-admin/?admin_email_remind_later=1 HTTP/1.0" 200 461159 "-" "Mozilla/5.0 (Linux; Android 10; K) AppleWebKit/537.36 (KHTML, like Gecko) Chrome/126.0.0.0 Mobile Safari/537.36"
64.225.59.76 - - [22/Nov/2024:10:27:34 -0800] "GET /wp-admin/theme-install.php?upload HTTP/1.0" 200 401315 "https://epiccrowndeals.click/wp-admin/" "Mozilla/5.0 (Linux; Android 10; K) AppleWebKit/537.36 (KHTML, like Gecko) Chrome/126.0.0.0 Mobile Safari/537.36"
209.182.200.39 - - [22/Nov/2024:10:27:32 -0800] "POST /wp-admin/admin-ajax.php?action=as_async_request_queue_runner&nonce=dbad2e804d HTTP/1.0" 200 - "-" "WordPress/6.7.1; https://epiccrowndeals.click"
209.182.200.39 - - [22/Nov/2024:10:27:40 -0800] "POST /wp-cron.php?doing_wp_cron=1732300060.3936049938201904296875 HTTP/1.0" 200 - "-" "WordPress/6.7.1; https://epiccrowndeals.click"
64.225.59.76 - - [22/Nov/2024:10:27:39 -0800] "POST /wp-admin/update.php?action=upload-theme HTTP/1.0" 200 378950 "https://epiccrowndeals.click/wp-admin/theme-install.php?upload" "Mozilla/5.0 (Linux; Android 10; K) AppleWebKit/537.36 (KHTML, like Gecko) Chrome/126.0.0.0 Mobile Safari/537.36"
64.225.59.76 - - [22/Nov/2024:10:27:52 -0800] "GET /wp-content/themes/offgtfbmde/js.php HTTP/1.0" 200 30 "-" "Mozilla/5.0 (Linux; Android 10; K) AppleWebKit/537.36 (KHTML, like Gecko) Chrome/126.0.0.0 Mobile Safari/537.36"
209.182.200.39 - - [22/Nov/2024:10:27:55 -0800] "POST /wp-cron.php?doing_wp_cron=1732300075.7854850292205810546875 HTTP/1.0" 200 - "-" "WordPress/6.7.1; https://epiccrowndeals.click"
64.225.59.76 - - [22/Nov/2024:10:27:54 -0800] "GET /wp-admin/plugin-install.php HTTP/1.0" 200 438373 "https://epiccrowndeals.click/wp-admin/" "Mozilla/5.0 (Linux; Android 10; K) AppleWebKit/537.36 (KHTML, like Gecko) Chrome/126.0.0.0 Mobile Safari/537.36"
64.225.59.76 - - [22/Nov/2024:10:27:59 -0800] "POST /wp-admin/update.php?action=upload-plugin HTTP/1.0" 200 378513 "https://epiccrowndeals.click/wp-admin/plugin-install.php" "Mozilla/5.0 (Linux; Android 10; K) AppleWebKit/537.36 (KHTML, like Gecko) Chrome/126.0.0.0 Mobile Safari/537.36"
64.225.59.76 - - [22/Nov/2024:10:28:04 -0800] "GET /wp-content/plugins/nbkosdbyso/js.php HTTP/1.0" 200 30 "-" "Mozilla/5.0 (Linux; Android 10; K) AppleWebKit/537.36 (KHTML, like Gecko) Chrome/126.0.0.0 Mobile Safari/537.36"
209.182.200.39 - - [22/Nov/2024:10:28:06 -0800] "POST /wp-cron.php?doing_wp_cron=1732300086.8286259174346923828125 HTTP/1.0" 200 - "-" "WordPress/6.7.1; https://epiccrowndeals.click"
64.225.59.76 - - [22/Nov/2024:10:28:05 -0800] "GET /wp-admin/profile.php?ver=12343 HTTP/1.0" 200 511697 "-" "Mozilla/5.0 (Linux; Android 10; K) AppleWebKit/537.36 (KHTML, like Gecko) Chrome/126.0.0.0 Mobile Safari/537.36"
209.182.200.39 - - [22/Nov/2024:10:28:08 -0800] "POST /wp-admin/admin-ajax.php?action=wp_1_wc_privacy_cleanup&nonce=14892ae75e HTTP/1.0" 200 - "-" "WordPress/6.7.1; https://epiccrowndeals.click"
209.182.200.39 - - [22/Nov/2024:10:28:11 -0800] "POST /wp-cron.php?doing_wp_cron=1732300091.4661440849304199218750 HTTP/1.0" 200 - "-" "WordPress/6.7.1; https://epiccrowndeals.click"
64.225.59.76 - - [22/Nov/2024:10:28:09 -0800] "GET /wp-json/wp/v2/plugins?context=edit HTTP/1.0" 200 32303 "-" "Mozilla/5.0 (Linux; Android 10; K) AppleWebKit/537.36 (KHTML, like Gecko) Chrome/126.0.0.0 Mobile Safari/537.36"
64.225.59.76 - - [22/Nov/2024:10:28:12 -0800] "GET /wp-admin/admin.php?page=wp_file_manager HTTP/1.0" 200 404004 "-" "Mozilla/5.0 (Linux; Android 10; K) AppleWebKit/537.36 (KHTML, like Gecko) Chrome/126.0.0.0 Mobile Safari/537.36"
64.225.59.76 - - [22/Nov/2024:10:28:23 -0800] "GET /wp-admin/admin-ajax.php?action=mk_file_folder_manager&_wpnonce=2c873c455f&networkhref=&cmd=open&target=&init=1&tree=1&_=1732300095101 HTTP/1.0" 200 8623 "https://epiccrowndeals.click/wp-admin/admin.php?page=wp_file_manager" "Mozilla/5.0 (Linux; Android 10; K) AppleWebKit/537.36 (KHTML, like Gecko) Chrome/126.0.0.0 Mobile Safari/537.36"
64.225.59.76 - - [22/Nov/2024:10:28:28 -0800] "POST /wp-admin/admin-ajax.php HTTP/1.0" 200 1532 "https://epiccrowndeals.click/wp-admin/admin.php?page=wp_file_manager" "Mozilla/5.0 (Linux; Android 10; K) AppleWebKit/537.36 (KHTML, like Gecko) Chrome/126.0.0.0 Mobile Safari/537.36"
64.225.59.76 - - [22/Nov/2024:10:28:32 -0800] "POST /wp-admin/admin-ajax.php HTTP/1.0" 200 1532 "https://epiccrowndeals.click/wp-admin/admin.php?page=wp_file_manager" "Mozilla/5.0 (Linux; Android 10; K) AppleWebKit/537.36 (KHTML, like Gecko) Chrome/126.0.0.0 Mobile Safari/537.36"
141.94.87.67 - - [22/Nov/2024:10:28:35 -0800] "GET /wp-admin.php HTTP/1.0" 500 - "http://epiccrowndeals.click/" "Mozilla/5.0 (Linux; Android 10; K) AppleWebKit/537.36 (KHTML, like Gecko) Chrome/126.0.0.0 Mobile Safari/537.36"
192.185.4.132 - - [22/Nov/2024:10:28:36 -0800] "GET /wp-admin.php HTTP/1.0" 406 300 "http://epiccrowndeals.click/" "Mozilla/5.0 (Windows NT 10.0; Win64; x64) AppleWebKit/537.36 (KHTML, like Gecko) Chrome/126.0.0.0 Safari/537.36"
91.107.237.40 - - [22/Nov/2024:10:28:37 -0800] "GET /wp-admin.php?a=1732300116 HTTP/1.0" 500 - "http://epiccrowndeals.click/" "Mozilla/5.0 (Linux; Android 10; K) AppleWebKit/537.36 (KHTML, like Gecko) Chrome/126.0.0.0 Mobile Safari/537.36"
173.254.91.101 - - [22/Nov/2024:10:28:37 -0800] "GET /wp-admin.php HTTP/1.0" 406 300 "http://www.epiccrowndeals.click/" "Mozilla/5.0 (Windows NT 10.0; Win64; x64) AppleWebKit/537.36 (KHTML, like Gecko) Chrome/126.0.0.0 Safari/537.36"
155.133.138.66 - - [22/Nov/2024:10:28:38 -0800] "GET /wp-admin.php?a=1732300117 HTTP/1.0" 500 - "http://www.epiccrowndeals.click/" "Mozilla/5.0 (iPhone; CPU iPhone OS 17_5_1 like Mac OS X) AppleWebKit/605.1.15 (KHTML, like Gecko) Version/17.5 Mobile/15E148 Safari/604.1"
180.150.92.221 - - [22/Nov/2024:10:28:42 -0800] "GET /wp-admin.php HTTP/1.0" 500 - "http://www.epiccrowndeals.click/" "Mozilla/5.0 (Linux; Android 10; K) AppleWebKit/537.36 (KHTML, like Gecko) Chrome/126.0.0.0 Mobile Safari/537.36"
51.68.11.195 - - [22/Nov/2024:10:28:43 -0800] "GET /wp-admin.php?a=1732300122 HTTP/1.0" 500 - "http://www.epiccrowndeals.click/" "Mozilla/5.0 (iPhone; CPU iPhone OS 17_5_1 like Mac OS X) AppleWebKit/605.1.15 (KHTML, like Gecko) Version/17.5 Mobile/15E148 Safari/604.1"
186.234.80.170 - - [22/Nov/2024:10:28:45 -0800] "GET /AqZEYWbR.php HTTP/1.0" 500 - "http://epiccrowndeals.click/" "Mozilla/5.0 (iPhone; CPU iPhone OS 17_5_1 like Mac OS X) AppleWebKit/605.1.15 (KHTML, like Gecko) Version/17.5 Mobile/15E148 Safari/604.1"
193.202.110.22 - - [22/Nov/2024:10:28:47 -0800] "GET /AqZEYWbR.php HTTP/1.0" 500 - "http://epiccrowndeals.click/" "Mozilla/5.0 (iPhone; CPU iPhone OS 17_5_1 like Mac OS X) AppleWebKit/605.1.15 (KHTML, like Gecko) Version/17.5 Mobile/15E148 Safari/604.1"
162.144.181.226 - - [22/Nov/2024:10:28:47 -0800] "GET /AqZEYWbR.php HTTP/1.0" 500 - "http://epiccrowndeals.click/" "Mozilla/5.0 (iPhone; CPU iPhone OS 17_5_1 like Mac OS X) AppleWebKit/605.1.15 (KHTML, like Gecko) Version/17.5 Mobile/15E148 Safari/604.1"
185.66.36.3 - - [22/Nov/2024:10:28:48 -0800] "GET /AqZEYWbR.php?a=1732300127 HTTP/1.0" 406 300 "http://epiccrowndeals.click/" "Mozilla/5.0 (Windows NT 10.0; Win64; x64) AppleWebKit/537.36 (KHTML, like Gecko) Chrome/126.0.0.0 Safari/537.36"
109.95.157.167 - - [22/Nov/2024:10:28:48 -0800] "GET /AqZEYWbR.php HTTP/1.0" 500 - "http://www.epiccrowndeals.click/" "Mozilla/5.0 (iPhone; CPU iPhone OS 17_5_1 like Mac OS X) AppleWebKit/605.1.15 (KHTML, like Gecko) Version/17.5 Mobile/15E148 Safari/604.1"
209.61.197.13 - - [22/Nov/2024:10:28:49 -0800] "GET /AqZEYWbR.php?a=1732300129 HTTP/1.0" 500 - "http://www.epiccrowndeals.click/" "Mozilla/5.0 (Linux; Android 10; K) AppleWebKit/537.36 (KHTML, like Gecko) Chrome/126.0.0.0 Mobile Safari/537.36"
51.178.64.180 - - [22/Nov/2024:10:28:50 -0800] "GET /AqZEYWbR.php HTTP/1.0" 500 - "http://www.epiccrowndeals.click/" "Mozilla/5.0 (iPhone; CPU iPhone OS 17_5_1 like Mac OS X) AppleWebKit/605.1.15 (KHTML, like Gecko) Version/17.5 Mobile/15E148 Safari/604.1"
50.87.144.116 - - [22/Nov/2024:10:28:51 -0800] "GET /AqZEYWbR.php?a=1732300130 HTTP/1.0" 500 - "http://www.epiccrowndeals.click/" "Mozilla/5.0 (iPhone; CPU iPhone OS 17_5_1 like Mac OS X) AppleWebKit/605.1.15 (KHTML, like Gecko) Version/17.5 Mobile/15E148 Safari/604.1"
209.182.200.39 - - [22/Nov/2024:10:43:22 -0800] "POST /wp-cron.php?doing_wp_cron=1732301002.5436079502105712890625 HTTP/1.0" 200 - "-" "WordPress/6.7.1; https://epiccrowndeals.click"
217.144.191.209 - - [22/Nov/2024:10:43:16 -0800] "GET /wp-content/plugins/wordpresss3cll/includes.php HTTP/1.0" 404 276416 "www.google.com" "Mozlila/5.0 (Linux; Android 7.0; SM-G892A Build/NRD90M; wv) AppleWebKit/537.36 (KHTML, like Gecko) Version/4.0 Chrome/60.0.3112.107 Mobile Safari/537.36"
147.185.132.141 - - [22/Nov/2024:11:11:16 -0800] "GET / HTTP/1.0" 406 300 "-" "Expanse, a Palo Alto Networks company, searches across the global IPv4 space multiple times per day to identify customers' presences on the Internet. If you would like to be excluded from our scans, please send IP addresses/domains to: scaninfo@paloaltonetworks.com"
209.182.200.39 - - [22/Nov/2024:11:13:15 -0800] "POST /wp-cron.php?doing_wp_cron=1732302795.8149719238281250000000 HTTP/1.0" 200 - "-" "WordPress/6.7.1; https://epiccrowndeals.click"
49.51.47.100 - - [22/Nov/2024:11:13:13 -0800] "GET / HTTP/1.0" 301 - "-" "Mozilla/5.0 (iPhone; CPU iPhone OS 13_2_3 like Mac OS X) AppleWebKit/605.1.15 (KHTML, like Gecko) Version/13.0.3 Mobile/15E148 Safari/604.1"
49.51.47.100 - - [22/Nov/2024:11:13:17 -0800] "GET / HTTP/1.0" 200 375212 "http://epiccrowndeals.click" "Mozilla/5.0 (iPhone; CPU iPhone OS 13_2_3 like Mac OS X) AppleWebKit/605.1.15 (KHTML, like Gecko) Version/13.0.3 Mobile/15E148 Safari/604.1"
209.182.200.39 - - [22/Nov/2024:12:51:51 -0800] "POST /wp-cron.php?doing_wp_cron=1732308711.8258609771728515625000 HTTP/1.0" 200 - "-" "WordPress/6.7.1; https://epiccrowndeals.click"
209.141.60.43 - - [22/Nov/2024:12:51:49 -0800] "GET /wp-login.php HTTP/1.0" 200 8924 "-" "Mozilla/5.0 (Windows NT 6.1; WOW64; rv:24.0) Gecko/20100101 Firefox/24.0"
209.141.60.43 - - [22/Nov/2024:12:51:52 -0800] "POST /wp-login.php HTTP/1.0" 200 9406 "-" "Mozilla/5.0 (Windows NT 6.1; WOW64; rv:24.0) Gecko/20100101 Firefox/24.0"
209.182.200.39 - - [22/Nov/2024:12:58:45 -0800] "POST /wp-cron.php?doing_wp_cron=1732309125.3518130779266357421875 HTTP/1.0" 200 - "-" "WordPress/6.7.1; https://epiccrowndeals.click"
104.244.73.74 - - [22/Nov/2024:12:58:43 -0800] "GET /wp-login.php HTTP/1.0" 200 8924 "-" "Mozilla/5.0 (Windows NT 6.1; rv:24.0) Gecko/20100101 Firefox/24.0"
104.244.73.74 - - [22/Nov/2024:12:58:45 -0800] "POST /wp-login.php HTTP/1.0" 200 9406 "-" "Mozilla/5.0 (Windows NT 6.1; rv:24.0) Gecko/20100101 Firefox/24.0"
209.182.200.39 - - [22/Nov/2024:12:59:08 -0800] "POST /wp-cron.php?doing_wp_cron=1732309148.5930719375610351562500 HTTP/1.0" 200 - "-" "WordPress/6.7.1; https://epiccrowndeals.click"
45.55.84.147 - - [22/Nov/2024:12:59:07 -0800] "GET /product-category/hotels/ HTTP/1.0" 200 283402 "-" "Mozilla/5.0 (Windows NT 10.0; Win64; x64) AppleWebKit/537.36 (KHTML, like Gecko) Chrome/124.0.0.0 Safari/537.36"
209.182.200.39 - - [22/Nov/2024:13:04:16 -0800] "POST /wp-cron.php?doing_wp_cron=1732309456.3519089221954345703125 HTTP/1.0" 200 - "-" "WordPress/6.7.1; https://epiccrowndeals.click"
198.98.53.72 - - [22/Nov/2024:13:04:14 -0800] "GET /wp-login.php HTTP/1.0" 200 8924 "-" "Mozilla/5.0 (Windows NT 6.3; WOW64) AppleWebKit/537.36 (KHTML, like Gecko) Chrome/36.0.1985.125 Safari/537.36"
198.98.53.72 - - [22/Nov/2024:13:04:16 -0800] "POST /wp-login.php HTTP/1.0" 200 9406 "-" "Mozilla/5.0 (Windows NT 6.3; WOW64) AppleWebKit/537.36 (KHTML, like Gecko) Chrome/36.0.1985.125 Safari/537.36"
52.195.210.12 - - [22/Nov/2024:13:53:26 -0800] "GET /wp-login.php HTTP/1.0" 302 - "-" "Mozilla/5.0"
209.182.200.39 - - [22/Nov/2024:13:53:29 -0800] "POST /wp-cron.php?doing_wp_cron=1732312409.0462360382080078125000 HTTP/1.0" 200 - "-" "WordPress/6.7.1; https://epiccrowndeals.click"
52.195.210.12 - - [22/Nov/2024:13:53:29 -0800] "GET /wp-login.php HTTP/1.0" 200 8924 "-" "Mozilla/5.0"
52.195.210.12 - - [22/Nov/2024:13:53:30 -0800] "GET /?author=1 HTTP/1.0" 301 - "-" "Mozilla/5.0"
52.195.210.12 - - [22/Nov/2024:13:53:32 -0800] "GET /?author=2 HTTP/1.0" 200 278722 "-" "Mozilla/5.0"
52.195.210.12 - - [22/Nov/2024:13:53:34 -0800] "GET /?author=3 HTTP/1.0" 200 278716 "-" "Mozilla/5.0"
52.195.210.12 - - [22/Nov/2024:13:53:36 -0800] "GET /?author=4 HTTP/1.0" 200 278812 "-" "Mozilla/5.0"
209.182.200.39 - - [22/Nov/2024:13:53:39 -0800] "POST /wp-cron.php?doing_wp_cron=1732312419.2485198974609375000000 HTTP/1.0" 200 - "-" "WordPress/6.7.1; https://epiccrowndeals.click"
52.195.210.12 - - [22/Nov/2024:13:53:38 -0800] "GET /?author=5 HTTP/1.0" 200 278788 "-" "Mozilla/5.0"
52.195.210.12 - - [22/Nov/2024:13:53:39 -0800] "GET /?author=6 HTTP/1.0" 404 278337 "-" "Mozilla/5.0"
209.182.200.39 - - [22/Nov/2024:13:56:44 -0800] "POST /wp-cron.php?doing_wp_cron=1732312604.4136819839477539062500 HTTP/1.0" 200 - "-" "WordPress/6.7.1; https://epiccrowndeals.click"
138.197.115.33 - - [22/Nov/2024:13:56:42 -0800] "GET /product-tag/shop/?add-to-cart=2594 HTTP/1.0" 200 304443 "-" "Mozilla/5.0 (Windows NT 10.0; Win64; x64) AppleWebKit/537.36 (KHTML, like Gecko) Chrome/124.0.0.0 Safari/537.36"
191.101.61.83 - - [22/Nov/2024:14:13:00 -0800] "GET /.env HTTP/1.0" 406 300 "-" "Mozilla/5.0 (Macintosh; Intel Mac OS X 10.15; rv:77.0) Gecko/20100101 Firefox/77.0"
209.182.200.39 - - [22/Nov/2024:14:27:45 -0800] "POST /wp-cron.php?doing_wp_cron=1732314465.7580199241638183593750 HTTP/1.0" 200 - "-" "WordPress/6.7.1; https://epiccrowndeals.click"
147.45.207.29 - - [22/Nov/2024:14:27:43 -0800] "GET / HTTP/1.0" 301 - "-" "Python/3.11 aiohttp/3.9.3"
209.182.200.39 - - [22/Nov/2024:14:27:50 -0800] "POST /wp-cron.php?doing_wp_cron=1732314470.0068619251251220703125 HTTP/1.0" 200 - "-" "WordPress/6.7.1; https://epiccrowndeals.click"
46.8.22.170 - - [22/Nov/2024:14:27:48 -0800] "GET / HTTP/1.0" 200 375850 "-" "Python/3.11 aiohttp/3.9.3"
209.182.200.39 - - [22/Nov/2024:14:31:35 -0800] "POST /wp-cron.php?doing_wp_cron=1732314695.4615869522094726562500 HTTP/1.0" 200 - "-" "WordPress/6.7.1; https://epiccrowndeals.click"
107.189.1.73 - - [22/Nov/2024:14:31:33 -0800] "GET /wp-login.php HTTP/1.0" 200 8924 "-" "Mozilla/5.0 (X11; Linux x86_64) AppleWebKit/537.36 (KHTML, like Gecko) Ubuntu Chromium/36.0.1985.125 Chrome/36.0.1985.125 Safari/537.36"
107.189.1.73 - - [22/Nov/2024:14:31:35 -0800] "POST /wp-login.php HTTP/1.0" 200 9436 "-" "Mozilla/5.0 (X11; Linux x86_64) AppleWebKit/537.36 (KHTML, like Gecko) Ubuntu Chromium/36.0.1985.125 Chrome/36.0.1985.125 Safari/537.36"
209.182.200.39 - - [22/Nov/2024:14:35:50 -0800] "POST /wp-cron.php?doing_wp_cron=1732314950.7642869949340820312500 HTTP/1.0" 200 - "-" "WordPress/6.7.1; https://epiccrowndeals.click"
198.98.51.29 - - [22/Nov/2024:14:35:49 -0800] "GET /wp-login.php HTTP/1.0" 200 8924 "-" "Mozilla/5.0 (Macintosh; Intel Mac OS X 10_9_4) AppleWebKit/537.36 (KHTML, like Gecko) Chrome/35.0.1916.153 Safari/537.36"
198.98.51.29 - - [22/Nov/2024:14:35:50 -0800] "POST /wp-login.php HTTP/1.0" 200 9436 "-" "Mozilla/5.0 (Macintosh; Intel Mac OS X 10_9_4) AppleWebKit/537.36 (KHTML, like Gecko) Chrome/35.0.1916.153 Safari/537.36"
209.182.200.39 - - [22/Nov/2024:14:46:24 -0800] "POST /wp-cron.php?doing_wp_cron=1732315584.2444500923156738281250 HTTP/1.0" 200 - "-" "WordPress/6.7.1; https://epiccrowndeals.click"
51.222.253.4 - - [22/Nov/2024:14:46:22 -0800] "GET /listings/business-category/mobile-phones/ HTTP/1.0" 200 284321 "-" "Mozilla/5.0 (compatible; AhrefsBot/7.0; +http://ahrefs.com/robot/)"
209.182.200.39 - - [22/Nov/2024:14:47:01 -0800] "POST /wp-cron.php?doing_wp_cron=1732315621.1394100189208984375000 HTTP/1.0" 200 - "-" "WordPress/6.7.1; https://epiccrowndeals.click"
107.189.29.207 - - [22/Nov/2024:14:46:59 -0800] "GET /wp-login.php HTTP/1.0" 200 8924 "-" "Mozilla/5.0 (Macintosh; Intel Mac OS X 10.7; rv:31.0) Gecko/20100101 Firefox/31.0"
107.189.29.207 - - [22/Nov/2024:14:47:01 -0800] "POST /wp-login.php HTTP/1.0" 200 9406 "-" "Mozilla/5.0 (Macintosh; Intel Mac OS X 10.7; rv:31.0) Gecko/20100101 Firefox/31.0"
209.182.200.39 - - [22/Nov/2024:14:59:05 -0800] "POST /wp-cron.php?doing_wp_cron=1732316345.2303020954132080078125 HTTP/1.0" 200 - "-" "WordPress/6.7.1; https://epiccrowndeals.click"
104.244.72.171 - - [22/Nov/2024:14:59:03 -0800] "GET /wp-login.php HTTP/1.0" 200 8924 "-" "Mozilla/5.0 (Macintosh; Intel Mac OS X 10_10) AppleWebKit/600.1.3 (KHTML, like Gecko) Version/8.0 Safari/600.1.3"
104.244.72.171 - - [22/Nov/2024:14:59:05 -0800] "POST /wp-login.php HTTP/1.0" 200 9388 "-" "Mozilla/5.0 (Macintosh; Intel Mac OS X 10_10) AppleWebKit/600.1.3 (KHTML, like Gecko) Version/8.0 Safari/600.1.3"
165.22.62.110 - - [22/Nov/2024:15:10:24 -0800] "GET /sftp-config.json HTTP/1.0" 406 300 "-" "Mozilla/5.0 (Macintosh; Intel Mac OS X 10.15; rv:77.0) Gecko/20100101 Firefox/77.0"
209.182.200.39 - - [22/Nov/2024:15:10:27 -0800] "POST /wp-cron.php?doing_wp_cron=1732317027.4151608943939208984375 HTTP/1.0" 200 - "-" "WordPress/6.7.1; https://epiccrowndeals.click"
165.22.62.110 - - [22/Nov/2024:15:10:25 -0800] "GET /.vscode/sftp.json HTTP/1.0" 404 278037 "-" "Mozilla/5.0 (Macintosh; Intel Mac OS X 10.15; rv:77.0) Gecko/20100101 Firefox/77.0"
165.22.62.110 - - [22/Nov/2024:15:10:28 -0800] "GET /.vscode/ftp-sync.json HTTP/1.0" 404 278041 "-" "Mozilla/5.0 (Macintosh; Intel Mac OS X 10.15; rv:77.0) Gecko/20100101 Firefox/77.0"
165.22.62.110 - - [22/Nov/2024:15:10:30 -0800] "GET /.ftpconfig HTTP/1.0" 404 278030 "-" "Mozilla/5.0 (Macintosh; Intel Mac OS X 10.15; rv:77.0) Gecko/20100101 Firefox/77.0"
165.22.62.110 - - [22/Nov/2024:15:10:33 -0800] "GET /ftpsync.settings HTTP/1.0" 404 278036 "-" "Mozilla/5.0 (Macintosh; Intel Mac OS X 10.15; rv:77.0) Gecko/20100101 Firefox/77.0"
165.22.62.110 - - [22/Nov/2024:15:10:35 -0800] "GET /ftp-sync.json HTTP/1.0" 404 278033 "-" "Mozilla/5.0 (Macintosh; Intel Mac OS X 10.15; rv:77.0) Gecko/20100101 Firefox/77.0"
209.182.200.39 - - [22/Nov/2024:15:10:39 -0800] "POST /wp-cron.php?doing_wp_cron=1732317039.4826269149780273437500 HTTP/1.0" 200 - "-" "WordPress/6.7.1; https://epiccrowndeals.click"
165.22.62.110 - - [22/Nov/2024:15:10:38 -0800] "GET /.ftp-sync.json HTTP/1.0" 404 278034 "-" "Mozilla/5.0 (Macintosh; Intel Mac OS X 10.15; rv:77.0) Gecko/20100101 Firefox/77.0"
209.182.200.39 - - [22/Nov/2024:15:23:44 -0800] "POST /wp-cron.php?doing_wp_cron=1732317823.8959379196166992187500 HTTP/1.0" 200 - "-" "WordPress/6.7.1; https://epiccrowndeals.click"
107.189.29.207 - - [22/Nov/2024:15:23:42 -0800] "GET /wp-login.php HTTP/1.0" 200 8924 "-" "Mozilla/5.0 (Windows NT 6.1; WOW64; Trident/7.0; rv:11.0) like Gecko"
107.189.29.207 - - [22/Nov/2024:15:23:44 -0800] "POST /wp-login.php HTTP/1.0" 200 9406 "-" "Mozilla/5.0 (Windows NT 6.1; WOW64; Trident/7.0; rv:11.0) like Gecko"
209.182.200.39 - - [22/Nov/2024:15:36:57 -0800] "POST /wp-cron.php?doing_wp_cron=1732318617.1317679882049560546875 HTTP/1.0" 200 - "-" "WordPress/6.7.1; https://epiccrowndeals.click"
188.166.234.134 - - [22/Nov/2024:15:36:46 -0800] "GET / HTTP/1.0" 301 - "-" "Mozilla/5.0 (Windows NT 10.0; Win64; x64) AppleWebKit/537.36 (KHTML, like Gecko) Chrome/78.0.3904.108 Safari/537.36"
188.166.234.134 - - [22/Nov/2024:15:36:58 -0800] "GET / HTTP/1.0" 200 375855 "-" "Mozilla/5.0 (Windows NT 10.0; Win64; x64) AppleWebKit/537.36 (KHTML, like Gecko) Chrome/78.0.3904.108 Safari/537.36"
188.166.234.134 - - [22/Nov/2024:15:37:10 -0800] "GET //wp-includes/wlwmanifest.xml HTTP/1.0" 301 - "-" "Mozilla/5.0 (Windows NT 10.0; Win64; x64) AppleWebKit/537.36 (KHTML, like Gecko) Chrome/78.0.3904.108 Safari/537.36"
188.166.234.134 - - [22/Nov/2024:15:37:17 -0800] "GET //xmlrpc.php?rsd HTTP/1.0" 200 834 "-" "Mozilla/5.0 (Windows NT 10.0; Win64; x64) AppleWebKit/537.36 (KHTML, like Gecko) Chrome/78.0.3904.108 Safari/537.36"
188.166.234.134 - - [22/Nov/2024:15:37:23 -0800] "GET //?author=1 HTTP/1.0" 301 - "-" "Mozilla/5.0 (Windows NT 10.0; Win64; x64) AppleWebKit/537.36 (KHTML, like Gecko) Chrome/78.0.3904.108 Safari/537.36"
209.182.200.39 - - [22/Nov/2024:15:37:38 -0800] "POST /wp-cron.php?doing_wp_cron=1732318658.6311380863189697265625 HTTP/1.0" 200 - "-" "WordPress/6.7.1; https://epiccrowndeals.click"
188.166.234.134 - - [22/Nov/2024:15:37:30 -0800] "GET //?author=2 HTTP/1.0" 301 - "-" "Mozilla/5.0 (Windows NT 10.0; Win64; x64) AppleWebKit/537.36 (KHTML, like Gecko) Chrome/78.0.3904.108 Safari/537.36"
188.166.234.134 - - [22/Nov/2024:15:37:39 -0800] "GET //wp-json/wp/v2/users/ HTTP/1.0" 200 1321 "-" "Mozilla/5.0 (Windows NT 10.0; Win64; x64) AppleWebKit/537.36 (KHTML, like Gecko) Chrome/78.0.3904.108 Safari/537.36"
188.166.234.134 - - [22/Nov/2024:15:37:45 -0800] "POST //xmlrpc.php HTTP/1.0" 200 403 "-" "Mozilla/5.0 (Windows NT 10.0; Win64; x64) AppleWebKit/537.36 (KHTML, like Gecko) Chrome/78.0.3904.108 Safari/537.36"
209.182.200.39 - - [22/Nov/2024:15:37:50 -0800] "POST /wp-cron.php?doing_wp_cron=1732318670.5492959022521972656250 HTTP/1.0" 200 - "-" "WordPress/6.7.1; https://epiccrowndeals.click"
188.166.234.134 - - [22/Nov/2024:15:37:47 -0800] "POST //xmlrpc.php HTTP/1.0" 200 401 "-" "Mozilla/5.0 (Windows NT 10.0; Win64; x64) AppleWebKit/537.36 (KHTML, like Gecko) Chrome/78.0.3904.108 Safari/537.36"
188.166.234.134 - - [22/Nov/2024:15:37:50 -0800] "POST //xmlrpc.php HTTP/1.0" 200 401 "-" "Mozilla/5.0 (Windows NT 10.0; Win64; x64) AppleWebKit/537.36 (KHTML, like Gecko) Chrome/78.0.3904.108 Safari/537.36"
188.166.234.134 - - [22/Nov/2024:15:37:53 -0800] "POST //xmlrpc.php HTTP/1.0" 200 403 "-" "Mozilla/5.0 (Windows NT 10.0; Win64; x64) AppleWebKit/537.36 (KHTML, like Gecko) Chrome/78.0.3904.108 Safari/537.36"
188.166.234.134 - - [22/Nov/2024:15:37:56 -0800] "POST //xmlrpc.php HTTP/1.0" 200 401 "-" "Mozilla/5.0 (Windows NT 10.0; Win64; x64) AppleWebKit/537.36 (KHTML, like Gecko) Chrome/78.0.3904.108 Safari/537.36"
188.166.234.134 - - [22/Nov/2024:15:37:58 -0800] "POST //xmlrpc.php HTTP/1.0" 200 401 "-" "Mozilla/5.0 (Windows NT 10.0; Win64; x64) AppleWebKit/537.36 (KHTML, like Gecko) Chrome/78.0.3904.108 Safari/537.36"
188.166.234.134 - - [22/Nov/2024:15:38:00 -0800] "POST //xmlrpc.php HTTP/1.0" 200 401 "-" "Mozilla/5.0 (Windows NT 10.0; Win64; x64) AppleWebKit/537.36 (KHTML, like Gecko) Chrome/78.0.3904.108 Safari/537.36"
188.166.234.134 - - [22/Nov/2024:15:38:03 -0800] "POST //xmlrpc.php HTTP/1.0" 200 401 "-" "Mozilla/5.0 (Windows NT 10.0; Win64; x64) AppleWebKit/537.36 (KHTML, like Gecko) Chrome/78.0.3904.108 Safari/537.36"
188.166.234.134 - - [22/Nov/2024:15:38:05 -0800] "POST //xmlrpc.php HTTP/1.0" 200 401 "-" "Mozilla/5.0 (Windows NT 10.0; Win64; x64) AppleWebKit/537.36 (KHTML, like Gecko) Chrome/78.0.3904.108 Safari/537.36"
188.166.234.134 - - [22/Nov/2024:15:38:07 -0800] "POST //xmlrpc.php HTTP/1.0" 200 401 "-" "Mozilla/5.0 (Windows NT 10.0; Win64; x64) AppleWebKit/537.36 (KHTML, like Gecko) Chrome/78.0.3904.108 Safari/537.36"
188.166.234.134 - - [22/Nov/2024:15:38:10 -0800] "POST //xmlrpc.php HTTP/1.0" 200 401 "-" "Mozilla/5.0 (Windows NT 10.0; Win64; x64) AppleWebKit/537.36 (KHTML, like Gecko) Chrome/78.0.3904.108 Safari/537.36"
188.166.234.134 - - [22/Nov/2024:15:38:12 -0800] "POST //xmlrpc.php HTTP/1.0" 200 401 "-" "Mozilla/5.0 (Windows NT 10.0; Win64; x64) AppleWebKit/537.36 (KHTML, like Gecko) Chrome/78.0.3904.108 Safari/537.36"
188.166.234.134 - - [22/Nov/2024:15:38:14 -0800] "POST //xmlrpc.php HTTP/1.0" 200 401 "-" "Mozilla/5.0 (Windows NT 10.0; Win64; x64) AppleWebKit/537.36 (KHTML, like Gecko) Chrome/78.0.3904.108 Safari/537.36"
188.166.234.134 - - [22/Nov/2024:15:38:16 -0800] "POST //xmlrpc.php HTTP/1.0" 200 401 "-" "Mozilla/5.0 (Windows NT 10.0; Win64; x64) AppleWebKit/537.36 (KHTML, like Gecko) Chrome/78.0.3904.108 Safari/537.36"
188.166.234.134 - - [22/Nov/2024:15:38:18 -0800] "POST //xmlrpc.php HTTP/1.0" 200 401 "-" "Mozilla/5.0 (Windows NT 10.0; Win64; x64) AppleWebKit/537.36 (KHTML, like Gecko) Chrome/78.0.3904.108 Safari/537.36"
188.166.234.134 - - [22/Nov/2024:15:38:20 -0800] "POST //xmlrpc.php HTTP/1.0" 200 401 "-" "Mozilla/5.0 (Windows NT 10.0; Win64; x64) AppleWebKit/537.36 (KHTML, like Gecko) Chrome/78.0.3904.108 Safari/537.36"
188.166.234.134 - - [22/Nov/2024:15:38:23 -0800] "POST //xmlrpc.php HTTP/1.0" 200 401 "-" "Mozilla/5.0 (Windows NT 10.0; Win64; x64) AppleWebKit/537.36 (KHTML, like Gecko) Chrome/78.0.3904.108 Safari/537.36"
188.166.234.134 - - [22/Nov/2024:15:38:24 -0800] "POST //xmlrpc.php HTTP/1.0" 200 401 "-" "Mozilla/5.0 (Windows NT 10.0; Win64; x64) AppleWebKit/537.36 (KHTML, like Gecko) Chrome/78.0.3904.108 Safari/537.36"
188.166.234.134 - - [22/Nov/2024:15:38:26 -0800] "POST //xmlrpc.php HTTP/1.0" 200 401 "-" "Mozilla/5.0 (Windows NT 10.0; Win64; x64) AppleWebKit/537.36 (KHTML, like Gecko) Chrome/78.0.3904.108 Safari/537.36"
209.182.200.39 - - [22/Nov/2024:16:00:24 -0800] "POST /wp-cron.php?doing_wp_cron=1732320024.4646520614624023437500 HTTP/1.0" 200 - "-" "WordPress/6.7.1; https://epiccrowndeals.click"
188.245.112.120 - - [22/Nov/2024:16:00:22 -0800] "GET / HTTP/1.0" 200 375784 "-" "Mozilla/5.0 (Windows NT 10.0; Win64; x64) AppleWebKit/537.36 (KHTML, like Gecko) Chrome/103.0.0.0 Safari/537.36"
209.182.200.39 - - [22/Nov/2024:16:15:17 -0800] "POST /wp-cron.php?doing_wp_cron=1732320917.5529019832611083984375 HTTP/1.0" 200 - "-" "WordPress/6.7.1; https://epiccrowndeals.click"
167.99.66.131 - - [22/Nov/2024:16:15:15 -0800] "GET /product/pet-for-sale/ HTTP/1.0" 200 297094 "-" "Mozilla/5.0 (Macintosh; Intel Mac OS X 10_15_7) AppleWebKit/537.36 (KHTML, like Gecko) Chrome/124.0.0.0 Safari/537.36"
209.182.200.39 - - [22/Nov/2024:16:32:46 -0800] "POST /wp-cron.php?doing_wp_cron=1732321966.2512090206146240234375 HTTP/1.0" 200 - "-" "WordPress/6.7.1; https://epiccrowndeals.click"
5.161.106.8 - - [22/Nov/2024:16:32:44 -0800] "GET /product/car-for-sale/?add-to-cart=2592 HTTP/1.0" 200 297302 "-" "Mozilla/5.0 (Windows NT 10.0; Win64; x64) AppleWebKit/537.36 (KHTML, like Gecko) Chrome/124.0.0.0 Safari/537.36"
209.182.200.39 - - [22/Nov/2024:16:41:34 -0800] "POST /wp-cron.php?doing_wp_cron=1732322494.5856070518493652343750 HTTP/1.0" 200 - "-" "WordPress/6.7.1; https://epiccrowndeals.click"
205.185.126.220 - - [22/Nov/2024:16:41:32 -0800] "GET /wp-login.php HTTP/1.0" 200 8924 "-" "Mozilla/5.0 (Macintosh; Intel Mac OS X 10_6_8) AppleWebKit/534.59.10 (KHTML, like Gecko) Version/5.1.9 Safari/534.59.10"
205.185.126.220 - - [22/Nov/2024:16:41:34 -0800] "POST /wp-login.php HTTP/1.0" 200 9436 "-" "Mozilla/5.0 (Macintosh; Intel Mac OS X 10_6_8) AppleWebKit/534.59.10 (KHTML, like Gecko) Version/5.1.9 Safari/534.59.10"
42.236.17.104 - - [22/Nov/2024:17:22:17 -0800] "GET /wp-includes/js/jquery/ui/draggable.min.js HTTP/1.0" 200 18420 "-" "Mozilla/5.0 (Windows NT 6.1; WOW64) AppleWebKit/537.36 (KHTML, like Gecko) Chrome/50.0.2661.102 Safari/537.36; 360Spider"
42.236.101.231 - - [22/Nov/2024:17:22:18 -0800] "GET /wp-content/themes/classiadspro/styles/css/fonticon-custom.min.css HTTP/1.0" 200 101308 "-" "Mozilla/5.0 (Windows NT 6.1; WOW64) AppleWebKit/537.36 (KHTML, like Gecko) Chrome/50.0.2661.102 Safari/537.36; 360Spider"
42.236.17.118 - - [22/Nov/2024:17:22:22 -0800] "GET /wp-includes/js/plupload/wp-plupload.min.js HTTP/1.0" 200 6036 "-" "Mozilla/5.0 (Windows NT 6.1; WOW64) AppleWebKit/537.36 (KHTML, like Gecko) Chrome/50.0.2661.102 Safari/537.36; 360Spider"
42.236.12.222 - - [22/Nov/2024:17:22:22 -0800] "GET /wp-content/plugins/directorypress-claim-listing/assets/css/style.css HTTP/1.0" 200 98 "-" "Mozilla/5.0 (Windows NT 6.1; WOW64) AppleWebKit/537.36 (KHTML, like Gecko) Chrome/50.0.2661.102 Safari/537.36; 360Spider"
42.236.17.53 - - [22/Nov/2024:17:22:25 -0800] "GET /wp-content/plugins/header-footer-builder/assets/public/js/menu.js HTTP/1.0" 200 8154 "-" "Mozilla/5.0 (Windows NT 6.1; WOW64) AppleWebKit/537.36 (KHTML, like Gecko) Chrome/50.0.2661.102 Safari/537.36; 360Spider"
42.236.12.247 - - [22/Nov/2024:17:22:25 -0800] "GET /wp-includes/js/backbone.min.js HTTP/1.0" 200 24278 "-" "Mozilla/5.0 (Windows NT 6.1; WOW64) AppleWebKit/537.36 (KHTML, like Gecko) Chrome/50.0.2661.102 Safari/537.36; 360Spider"
42.236.17.44 - - [22/Nov/2024:17:22:26 -0800] "GET /wp-content/plugins/directorypress/assets/css/directorypress-search.css HTTP/1.0" 200 25024 "-" "Mozilla/5.0 (Windows NT 6.1; WOW64) AppleWebKit/537.36 (KHTML, like Gecko) Chrome/50.0.2661.102 Safari/537.36; 360Spider"
42.236.12.222 - - [22/Nov/2024:17:22:27 -0800] "GET /wp-content/plugins/directorypress/assets/js/directorypress-public.js HTTP/1.0" 200 155256 "-" "Mozilla/5.0 (Windows NT 6.1; WOW64) AppleWebKit/537.36 (KHTML, like Gecko) Chrome/50.0.2661.102 Safari/537.36; 360Spider"
42.236.12.217 - - [22/Nov/2024:17:22:27 -0800] "GET /wp-content/plugins/elementor/assets/js/webpack.runtime.min.js HTTP/1.0" 200 5252 "-" "Mozilla/5.0 (Windows NT 6.1; WOW64) AppleWebKit/537.36 (KHTML, like Gecko) Chrome/50.0.2661.102 Safari/537.36; 360Spider"
42.236.12.239 - - [22/Nov/2024:17:22:29 -0800] "GET /wp-content/plugins/elementor/assets/lib/eicons/css/elementor-icons.min.css HTTP/1.0" 200 20021 "-" "Mozilla/5.0 (Windows NT 6.1; WOW64) AppleWebKit/537.36 (KHTML, like Gecko) Chrome/50.0.2661.102 Safari/537.36; 360Spider"
42.236.17.61 - - [22/Nov/2024:17:22:30 -0800] "GET /wp-content/plugins/elementor-pro/assets/js/preloaded-elements-handlers.min.js HTTP/1.0" 200 132890 "-" "Mozilla/5.0 (Windows NT 6.1; WOW64) AppleWebKit/537.36 (KHTML, like Gecko) Chrome/50.0.2661.102 Safari/537.36; 360Spider"
42.236.101.229 - - [22/Nov/2024:17:22:30 -0800] "GET /wp-includes/js/jquery/jquery.ui.touch-punch.js HTTP/1.0" 200 1179 "-" "Mozilla/5.0 (Windows NT 6.1; WOW64) AppleWebKit/537.36 (KHTML, like Gecko) Chrome/50.0.2661.102 Safari/537.36; 360Spider"
42.236.12.249 - - [22/Nov/2024:17:22:30 -0800] "GET /wp-content/plugins/directorypress/assets/lib/slick-carousel/js/slick-triger.min.js HTTP/1.0" 200 4482 "-" "Mozilla/5.0 (Windows NT 6.1; WOW64) AppleWebKit/537.36 (KHTML, like Gecko) Chrome/50.0.2661.102 Safari/537.36; 360Spider"
42.236.12.214 - - [22/Nov/2024:17:22:33 -0800] "GET /wp-includes/js/media-views.min.js HTTP/1.0" 200 110617 "-" "Mozilla/5.0 (Windows NT 6.1; WOW64) AppleWebKit/537.36 (KHTML, like Gecko) Chrome/50.0.2661.102 Safari/537.36; 360Spider"
42.236.17.16 - - [22/Nov/2024:17:22:33 -0800] "GET /wp-includes/js/clipboard.min.js HTTP/1.0" 200 9009 "-" "Mozilla/5.0 (Windows NT 6.1; WOW64) AppleWebKit/537.36 (KHTML, like Gecko) Chrome/50.0.2661.102 Safari/537.36; 360Spider"
42.236.17.47 - - [22/Nov/2024:17:22:33 -0800] "GET /wp-content/themes/classiadspro/js/bootstrap.min.js HTTP/1.0" 200 37051 "-" "Mozilla/5.0 (Windows NT 6.1; WOW64) AppleWebKit/537.36 (KHTML, like Gecko) Chrome/50.0.2661.102 Safari/537.36; 360Spider"
42.236.17.78 - - [22/Nov/2024:17:22:35 -0800] "GET /wp-includes/js/dist/a11y.min.js HTTP/1.0" 200 2358 "-" "Mozilla/5.0 (Windows NT 6.1; WOW64) AppleWebKit/537.36 (KHTML, like Gecko) Chrome/50.0.2661.102 Safari/537.36; 360Spider"
42.236.17.72 - - [22/Nov/2024:17:22:36 -0800] "GET /wp-content/plugins/directorypress-frontend/assets/js/directorypress-frontend-profile.js HTTP/1.0" 200 12503 "-" "Mozilla/5.0 (Windows NT 6.1; WOW64) AppleWebKit/537.36 (KHTML, like Gecko) Chrome/50.0.2661.102 Safari/537.36; 360Spider"
42.236.17.36 - - [22/Nov/2024:17:22:36 -0800] "GET /wp-content/plugins/directorypress/assets/css/jqueryui/themes/smoothness/jquery-ui.min.css HTTP/1.0" 200 31340 "-" "Mozilla/5.0 (Windows NT 6.1; WOW64) AppleWebKit/537.36 (KHTML, like Gecko) Chrome/50.0.2661.102 Safari/537.36; 360Spider"
42.236.101.202 - - [22/Nov/2024:17:22:37 -0800] "GET /wp-includes/js/comment-reply.min.js HTTP/1.0" 200 3026 "-" "Mozilla/5.0 (Windows NT 6.1; WOW64) AppleWebKit/537.36 (KHTML, like Gecko) Chrome/50.0.2661.102 Safari/537.36; 360Spider"
42.236.17.46 - - [22/Nov/2024:17:22:37 -0800] "GET /wp-content/uploads/classiadspro_assets/classiadspro-dynamic.css HTTP/1.0" 200 50811 "-" "Mozilla/5.0 (Windows NT 6.1; WOW64) AppleWebKit/537.36 (KHTML, like Gecko) Chrome/50.0.2661.102 Safari/537.36; 360Spider"
42.236.101.246 - - [22/Nov/2024:17:22:38 -0800] "GET /wp-content/plugins/directorypress/reviews/js/reviews.js HTTP/1.0" 200 1067 "-" "Mozilla/5.0 (Windows NT 6.1; WOW64) AppleWebKit/537.36 (KHTML, like Gecko) Chrome/50.0.2661.102 Safari/537.36; 360Spider"
42.236.17.38 - - [22/Nov/2024:17:22:38 -0800] "GET /wp-includes/js/mediaelement/mediaelement-and-player.min.js HTTP/1.0" 200 158005 "-" "Mozilla/5.0 (Windows NT 6.1; WOW64) AppleWebKit/537.36 (KHTML, like Gecko) Chrome/50.0.2661.102 Safari/537.36; 360Spider"
42.236.101.234 - - [22/Nov/2024:17:22:39 -0800] "GET /wp-content/plugins/AccessPress_Social_Login/css/frontend.css HTTP/1.0" 200 173448 "-" "Mozilla/5.0 (Windows NT 6.1; WOW64) AppleWebKit/537.36 (KHTML, like Gecko) Chrome/50.0.2661.102 Safari/537.36; 360Spider"
42.236.17.17 - - [22/Nov/2024:17:22:39 -0800] "GET /wp-content/plugins/directorypress-frontend-messages/assets/css/common-style.css HTTP/1.0" 200 1446 "-" "Mozilla/5.0 (Windows NT 6.1; WOW64) AppleWebKit/537.36 (KHTML, like Gecko) Chrome/50.0.2661.102 Safari/537.36; 360Spider"
42.236.101.234 - - [22/Nov/2024:17:22:39 -0800] "GET /wp-includes/js/shortcode.min.js HTTP/1.0" 200 2643 "-" "Mozilla/5.0 (Windows NT 6.1; WOW64) AppleWebKit/537.36 (KHTML, like Gecko) Chrome/50.0.2661.102 Safari/537.36; 360Spider"
