85.208.96.211 - - [22/Nov/2024:19:32:35 -0800] "GET /37563808.phtml HTTP/1.0" 404 57326 "-" "Mozilla/5.0 (compatible; SemrushBot/7~bl; +http://www.semrush.com/bot.html)"
66.249.68.65 - - [22/Nov/2024:19:32:36 -0800] "GET /51628180.phtml HTTP/1.0" 200 465011 "-" "Mozilla/5.0 (Linux; Android 6.0.1; Nexus 5X Build/MMB29P) AppleWebKit/537.36 (KHTML, like Gecko) Chrome/131.0.6778.69 Mobile Safari/537.36 (compatible; Googlebot/2.1; +http://www.google.com/bot.html)"
66.249.68.66 - - [22/Nov/2024:19:32:46 -0800] "GET /27276592.phtml HTTP/1.0" 200 465963 "-" "Mozilla/5.0 (Linux; Android 6.0.1; Nexus 5X Build/MMB29P) AppleWebKit/537.36 (KHTML, like Gecko) Chrome/131.0.6778.69 Mobile Safari/537.36 (compatible; Googlebot/2.1; +http://www.google.com/bot.html)"
66.249.68.65 - - [22/Nov/2024:19:32:59 -0800] "GET /50778328.phtml HTTP/1.0" 200 462848 "-" "Mozilla/5.0 (Linux; Android 6.0.1; Nexus 5X Build/MMB29P) AppleWebKit/537.36 (KHTML, like Gecko) Chrome/131.0.6778.69 Mobile Safari/537.36 (compatible; Googlebot/2.1; +http://www.google.com/bot.html)"
85.208.96.202 - - [22/Nov/2024:19:33:09 -0800] "GET /54302872.phtml HTTP/1.0" 404 57326 "-" "Mozilla/5.0 (compatible; SemrushBot/7~bl; +http://www.semrush.com/bot.html)"
66.249.68.67 - - [22/Nov/2024:19:33:14 -0800] "GET /?pay=%E0%B8%AA%E0%B8%A1%E0%B8%B1%E0%B8%84%E0%B8%A3%20ivip9.html HTTP/1.0" 200 463269 "-" "Mozilla/5.0 (Linux; Android 6.0.1; Nexus 5X Build/MMB29P) AppleWebKit/537.36 (KHTML, like Gecko) Chrome/131.0.6778.69 Mobile Safari/537.36 (compatible; Googlebot/2.1; +http://www.google.com/bot.html)"
66.249.68.67 - - [22/Nov/2024:19:33:17 -0800] "GET /sxdykbk6661q989fk.html?news=pg1234 HTTP/1.0" 200 462227 "-" "Mozilla/5.0 (Linux; Android 6.0.1; Nexus 5X Build/MMB29P) AppleWebKit/537.36 (KHTML, like Gecko) Chrome/131.0.6778.69 Mobile Safari/537.36 (compatible; Googlebot/2.1; +http://www.google.com/bot.html)"
66.249.68.66 - - [22/Nov/2024:19:33:20 -0800] "GET /85509472.phtml HTTP/1.0" 200 457673 "-" "Mozilla/5.0 (Linux; Android 6.0.1; Nexus 5X Build/MMB29P) AppleWebKit/537.36 (KHTML, like Gecko) Chrome/131.0.6778.69 Mobile Safari/537.36 (compatible; Googlebot/2.1; +http://www.google.com/bot.html)"
66.249.68.65 - - [22/Nov/2024:19:33:23 -0800] "GET /44978440.phtml HTTP/1.0" 200 472979 "-" "Mozilla/5.0 (Linux; Android 6.0.1; Nexus 5X Build/MMB29P) AppleWebKit/537.36 (KHTML, like Gecko) Chrome/131.0.6778.69 Mobile Safari/537.36 (compatible; Googlebot/2.1; +http://www.google.com/bot.html)"
66.249.68.66 - - [22/Nov/2024:19:33:31 -0800] "GET /13672084.phtml HTTP/1.0" 200 469288 "-" "Mozilla/5.0 (Linux; Android 6.0.1; Nexus 5X Build/MMB29P) AppleWebKit/537.36 (KHTML, like Gecko) Chrome/131.0.6778.69 Mobile Safari/537.36 (compatible; Googlebot/2.1; +http://www.google.com/bot.html)"
66.249.68.65 - - [22/Nov/2024:19:33:35 -0800] "GET /58503712.phtml HTTP/1.0" 200 467810 "-" "Mozilla/5.0 (Linux; Android 6.0.1; Nexus 5X Build/MMB29P) AppleWebKit/537.36 (KHTML, like Gecko) Chrome/131.0.6778.69 Mobile Safari/537.36 (compatible; Googlebot/2.1; +http://www.google.com/bot.html)"
66.249.68.66 - - [22/Nov/2024:19:33:37 -0800] "GET /102642448.phtml HTTP/1.0" 200 463225 "-" "Mozilla/5.0 (Linux; Android 6.0.1; Nexus 5X Build/MMB29P) AppleWebKit/537.36 (KHTML, like Gecko) Chrome/131.0.6778.69 Mobile Safari/537.36 (compatible; Googlebot/2.1; +http://www.google.com/bot.html)"
209.182.200.39 - - [22/Nov/2024:19:33:38 -0800] "POST /wp-cron.php?doing_wp_cron=1732332818.4721910953521728515625 HTTP/1.0" 200 - "https://figplantsparadise.com/wp-cron.php?doing_wp_cron=1732332818.4721910953521728515625" "WordPress/6.1.7; https://figplantsparadise.com"
185.191.171.15 - - [22/Nov/2024:19:33:38 -0800] "GET /85973548.phtml HTTP/1.0" 404 57326 "-" "Mozilla/5.0 (compatible; SemrushBot/7~bl; +http://www.semrush.com/bot.html)"
185.191.171.12 - - [22/Nov/2024:19:33:55 -0800] "GET /43814344.phtml HTTP/1.0" 404 57326 "-" "Mozilla/5.0 (compatible; SemrushBot/7~bl; +http://www.semrush.com/bot.html)"
216.244.66.229 - - [22/Nov/2024:19:34:26 -0800] "GET /robots.txt HTTP/1.0" 200 30 "-" "Mozilla/5.0 (compatible; DotBot/1.2; +https://opensiteexplorer.org/dotbot; help@moz.com)"
209.182.200.39 - - [22/Nov/2024:19:35:23 -0800] "POST /wp-cron.php?doing_wp_cron=1732332923.1958160400390625000000 HTTP/1.0" 200 - "https://figplantsparadise.com/wp-cron.php?doing_wp_cron=1732332923.1958160400390625000000" "WordPress/6.1.7; https://figplantsparadise.com"
185.191.171.13 - - [22/Nov/2024:19:35:22 -0800] "GET /99861700.phtml HTTP/1.0" 404 57326 "-" "Mozilla/5.0 (compatible; SemrushBot/7~bl; +http://www.semrush.com/bot.html)"
209.182.200.39 - - [22/Nov/2024:19:36:37 -0800] "POST /wp-cron.php?doing_wp_cron=1732332997.0189340114593505859375 HTTP/1.0" 200 - "https://figplantsparadise.com/wp-cron.php?doing_wp_cron=1732332997.0189340114593505859375" "WordPress/6.1.7; https://figplantsparadise.com"
185.191.171.6 - - [22/Nov/2024:19:36:36 -0800] "GET /12987076.phtml HTTP/1.0" 404 57326 "-" "Mozilla/5.0 (compatible; SemrushBot/7~bl; +http://www.semrush.com/bot.html)"
85.208.96.209 - - [22/Nov/2024:19:37:03 -0800] "GET /37023916.phtml HTTP/1.0" 404 57326 "-" "Mozilla/5.0 (compatible; SemrushBot/7~bl; +http://www.semrush.com/bot.html)"
209.182.200.39 - - [22/Nov/2024:19:37:59 -0800] "POST /wp-cron.php?doing_wp_cron=1732333079.6156640052795410156250 HTTP/1.0" 200 - "https://figplantsparadise.com/wp-cron.php?doing_wp_cron=1732333079.6156640052795410156250" "WordPress/6.1.7; https://figplantsparadise.com"
85.208.96.196 - - [22/Nov/2024:19:37:59 -0800] "GET /95597608.phtml HTTP/1.0" 404 57326 "-" "Mozilla/5.0 (compatible; SemrushBot/7~bl; +http://www.semrush.com/bot.html)"
185.191.171.11 - - [22/Nov/2024:19:38:10 -0800] "GET /93719704.phtml HTTP/1.0" 404 57326 "-" "Mozilla/5.0 (compatible; SemrushBot/7~bl; +http://www.semrush.com/bot.html)"
85.208.96.206 - - [22/Nov/2024:19:38:24 -0800] "GET /100634728.phtml HTTP/1.0" 404 57326 "-" "Mozilla/5.0 (compatible; SemrushBot/7~bl; +http://www.semrush.com/bot.html)"
209.182.200.39 - - [22/Nov/2024:19:38:39 -0800] "POST /wp-cron.php?doing_wp_cron=1732333119.9070370197296142578125 HTTP/1.0" 200 - "https://figplantsparadise.com/wp-cron.php?doing_wp_cron=1732333119.9070370197296142578125" "WordPress/6.1.7; https://figplantsparadise.com"
198.235.24.135 - - [22/Nov/2024:19:38:39 -0800] "GET / HTTP/1.0" 301 - "-" "-"
198.235.24.135 - - [22/Nov/2024:19:38:40 -0800] "GET / HTTP/1.0" 200 173032 "-" "-"
66.249.68.65 - - [22/Nov/2024:19:38:43 -0800] "GET /101075116.phtml HTTP/1.0" 200 471251 "-" "Mozilla/5.0 (Linux; Android 6.0.1; Nexus 5X Build/MMB29P) AppleWebKit/537.36 (KHTML, like Gecko) Chrome/131.0.6778.69 Mobile Safari/537.36 (compatible; Googlebot/2.1; +http://www.google.com/bot.html)"
66.249.68.66 - - [22/Nov/2024:19:38:44 -0800] "GET /80835592.phtml HTTP/1.0" 200 461453 "-" "Mozilla/5.0 (Linux; Android 6.0.1; Nexus 5X Build/MMB29P) AppleWebKit/537.36 (KHTML, like Gecko) Chrome/131.0.6778.69 Mobile Safari/537.36 (compatible; Googlebot/2.1; +http://www.google.com/bot.html)"
66.249.68.66 - - [22/Nov/2024:19:38:47 -0800] "GET /111547984.phtml HTTP/1.0" 200 471961 "-" "Mozilla/5.0 (Linux; Android 6.0.1; Nexus 5X Build/MMB29P) AppleWebKit/537.36 (KHTML, like Gecko) Chrome/131.0.6778.69 Mobile Safari/537.36 (compatible; Googlebot/2.1; +http://www.google.com/bot.html)"
66.249.68.65 - - [22/Nov/2024:19:38:51 -0800] "GET /klvhtmy1063i5xyirku.html HTTP/1.0" 200 465676 "-" "Mozilla/5.0 (Linux; Android 6.0.1; Nexus 5X Build/MMB29P) AppleWebKit/537.36 (KHTML, like Gecko) Chrome/131.0.6778.69 Mobile Safari/537.36 (compatible; Googlebot/2.1; +http://www.google.com/bot.html)"
66.249.68.65 - - [22/Nov/2024:19:38:53 -0800] "GET /63307228.phtml HTTP/1.0" 200 465690 "-" "Mozilla/5.0 (Linux; Android 6.0.1; Nexus 5X Build/MMB29P) AppleWebKit/537.36 (KHTML, like Gecko) Chrome/131.0.6778.69 Mobile Safari/537.36 (compatible; Googlebot/2.1; +http://www.google.com/bot.html)"
66.249.68.66 - - [22/Nov/2024:19:38:57 -0800] "GET /41244520.phtml HTTP/1.0" 200 465735 "-" "Mozilla/5.0 (Linux; Android 6.0.1; Nexus 5X Build/MMB29P) AppleWebKit/537.36 (KHTML, like Gecko) Chrome/131.0.6778.69 Mobile Safari/537.36 (compatible; Googlebot/2.1; +http://www.google.com/bot.html)"
66.249.68.66 - - [22/Nov/2024:19:38:58 -0800] "GET /23838592.phtml HTTP/1.0" 200 459152 "-" "Mozilla/5.0 (Linux; Android 6.0.1; Nexus 5X Build/MMB29P) AppleWebKit/537.36 (KHTML, like Gecko) Chrome/131.0.6778.69 Mobile Safari/537.36 (compatible; Googlebot/2.1; +http://www.google.com/bot.html)"
66.249.68.67 - - [22/Nov/2024:19:39:02 -0800] "GET /41829304.phtml HTTP/1.0" 200 464575 "-" "Mozilla/5.0 (Linux; Android 6.0.1; Nexus 5X Build/MMB29P) AppleWebKit/537.36 (KHTML, like Gecko) Chrome/131.0.6778.69 Mobile Safari/537.36 (compatible; Googlebot/2.1; +http://www.google.com/bot.html)"
66.249.68.66 - - [22/Nov/2024:19:39:08 -0800] "GET /95412820.phtml HTTP/1.0" 200 463719 "-" "Mozilla/5.0 (Linux; Android 6.0.1; Nexus 5X Build/MMB29P) AppleWebKit/537.36 (KHTML, like Gecko) Chrome/131.0.6778.69 Mobile Safari/537.36 (compatible; Googlebot/2.1; +http://www.google.com/bot.html)"
66.249.68.65 - - [22/Nov/2024:19:39:13 -0800] "GET /87745972.phtml HTTP/1.0" 200 462091 "-" "Mozilla/5.0 (Linux; Android 6.0.1; Nexus 5X Build/MMB29P) AppleWebKit/537.36 (KHTML, like Gecko) Chrome/131.0.6778.69 Mobile Safari/537.36 (compatible; Googlebot/2.1; +http://www.google.com/bot.html)"
66.249.68.65 - - [22/Nov/2024:19:39:16 -0800] "GET /?pay=xlot1688 HTTP/1.0" 200 458277 "-" "Mozilla/5.0 (Linux; Android 6.0.1; Nexus 5X Build/MMB29P) AppleWebKit/537.36 (KHTML, like Gecko) Chrome/131.0.6778.69 Mobile Safari/537.36 (compatible; Googlebot/2.1; +http://www.google.com/bot.html)"
66.249.68.65 - - [22/Nov/2024:19:39:17 -0800] "GET /101957296.phtml HTTP/1.0" 200 461219 "-" "Mozilla/5.0 (Linux; Android 6.0.1; Nexus 5X Build/MMB29P) AppleWebKit/537.36 (KHTML, like Gecko) Chrome/131.0.6778.69 Mobile Safari/537.36 (compatible; Googlebot/2.1; +http://www.google.com/bot.html)"
66.249.68.65 - - [22/Nov/2024:19:39:22 -0800] "GET /54529708.phtml HTTP/1.0" 200 468536 "-" "Mozilla/5.0 (Linux; Android 6.0.1; Nexus 5X Build/MMB29P) AppleWebKit/537.36 (KHTML, like Gecko) Chrome/131.0.6778.69 Mobile Safari/537.36 (compatible; Googlebot/2.1; +http://www.google.com/bot.html)"
66.249.68.66 - - [22/Nov/2024:19:39:24 -0800] "GET /113293228.phtml HTTP/1.0" 200 465625 "-" "Mozilla/5.0 (Linux; Android 6.0.1; Nexus 5X Build/MMB29P) AppleWebKit/537.36 (KHTML, like Gecko) Chrome/131.0.6778.69 Mobile Safari/537.36 (compatible; Googlebot/2.1; +http://www.google.com/bot.html)"
66.249.68.66 - - [22/Nov/2024:19:39:28 -0800] "GET /48784900.phtml HTTP/1.0" 200 471685 "-" "Mozilla/5.0 (Linux; Android 6.0.1; Nexus 5X Build/MMB29P) AppleWebKit/537.36 (KHTML, like Gecko) Chrome/131.0.6778.69 Mobile Safari/537.36 (compatible; Googlebot/2.1; +http://www.google.com/bot.html)"
66.249.68.65 - - [22/Nov/2024:19:39:38 -0800] "GET /67402120.phtml HTTP/1.0" 200 465804 "-" "Mozilla/5.0 (Linux; Android 6.0.1; Nexus 5X Build/MMB29P) AppleWebKit/537.36 (KHTML, like Gecko) Chrome/131.0.6778.69 Mobile Safari/537.36 (compatible; Googlebot/2.1; +http://www.google.com/bot.html)"
66.249.68.66 - - [22/Nov/2024:19:39:43 -0800] "GET /111289576.phtml HTTP/1.0" 200 469562 "-" "Mozilla/5.0 (Linux; Android 6.0.1; Nexus 5X Build/MMB29P) AppleWebKit/537.36 (KHTML, like Gecko) Chrome/131.0.6778.69 Mobile Safari/537.36 (compatible; Googlebot/2.1; +http://www.google.com/bot.html)"
66.249.68.65 - - [22/Nov/2024:19:39:49 -0800] "GET /102258184.phtml HTTP/1.0" 200 461982 "-" "Mozilla/5.0 (Linux; Android 6.0.1; Nexus 5X Build/MMB29P) AppleWebKit/537.36 (KHTML, like Gecko) Chrome/131.0.6778.69 Mobile Safari/537.36 (compatible; Googlebot/2.1; +http://www.google.com/bot.html)"
209.182.200.39 - - [22/Nov/2024:19:39:54 -0800] "POST /wp-cron.php?doing_wp_cron=1732333193.9908370971679687500000 HTTP/1.0" 200 - "https://figplantsparadise.com/wp-cron.php?doing_wp_cron=1732333193.9908370971679687500000" "WordPress/6.1.7; https://figplantsparadise.com"
185.191.171.5 - - [22/Nov/2024:19:39:53 -0800] "GET /63060700.phtml HTTP/1.0" 404 57326 "-" "Mozilla/5.0 (compatible; SemrushBot/7~bl; +http://www.semrush.com/bot.html)"
66.249.68.66 - - [22/Nov/2024:19:39:56 -0800] "GET /15006532.phtml HTTP/1.0" 200 460289 "-" "Mozilla/5.0 (Linux; Android 6.0.1; Nexus 5X Build/MMB29P) AppleWebKit/537.36 (KHTML, like Gecko) Chrome/131.0.6778.69 Mobile Safari/537.36 (compatible; Googlebot/2.1; +http://www.google.com/bot.html)"
85.208.96.197 - - [22/Nov/2024:19:40:05 -0800] "GET /110492212.phtml HTTP/1.0" 404 57326 "-" "Mozilla/5.0 (compatible; SemrushBot/7~bl; +http://www.semrush.com/bot.html)"
66.249.68.67 - - [22/Nov/2024:19:40:10 -0800] "GET /111796816.phtml HTTP/1.0" 200 463535 "-" "Mozilla/5.0 (Linux; Android 6.0.1; Nexus 5X Build/MMB29P) AppleWebKit/537.36 (KHTML, like Gecko) Chrome/131.0.6778.69 Mobile Safari/537.36 (compatible; Googlebot/2.1; +http://www.google.com/bot.html)"
66.249.68.66 - - [22/Nov/2024:19:40:17 -0800] "GET /8634640.phtml HTTP/1.0" 200 463021 "-" "Mozilla/5.0 (Linux; Android 6.0.1; Nexus 5X Build/MMB29P) AppleWebKit/537.36 (KHTML, like Gecko) Chrome/131.0.6778.69 Mobile Safari/537.36 (compatible; Googlebot/2.1; +http://www.google.com/bot.html)"
66.249.68.65 - - [22/Nov/2024:19:40:19 -0800] "GET /28082956.phtml HTTP/1.0" 200 467012 "-" "Mozilla/5.0 (Linux; Android 6.0.1; Nexus 5X Build/MMB29P) AppleWebKit/537.36 (KHTML, like Gecko) Chrome/131.0.6778.69 Mobile Safari/537.36 (compatible; GoogleOther)"
66.249.68.65 - - [22/Nov/2024:19:40:23 -0800] "GET /11891776.phtml HTTP/1.0" 200 472408 "-" "Mozilla/5.0 (Linux; Android 6.0.1; Nexus 5X Build/MMB29P) AppleWebKit/537.36 (KHTML, like Gecko) Chrome/131.0.6778.69 Mobile Safari/537.36 (compatible; Googlebot/2.1; +http://www.google.com/bot.html)"
66.249.68.65 - - [22/Nov/2024:19:40:32 -0800] "GET /92256052.phtml HTTP/1.0" 200 457023 "-" "Mozilla/5.0 (Linux; Android 6.0.1; Nexus 5X Build/MMB29P) AppleWebKit/537.36 (KHTML, like Gecko) Chrome/131.0.6778.69 Mobile Safari/537.36 (compatible; Googlebot/2.1; +http://www.google.com/bot.html)"
209.182.200.39 - - [22/Nov/2024:19:40:37 -0800] "POST /wp-cron.php?doing_wp_cron=1732333237.6267020702362060546875 HTTP/1.0" 200 - "https://figplantsparadise.com/wp-cron.php?doing_wp_cron=1732333237.6267020702362060546875" "WordPress/6.1.7; https://figplantsparadise.com"
185.191.171.1 - - [22/Nov/2024:19:40:37 -0800] "GET /84088696.phtml HTTP/1.0" 404 57326 "-" "Mozilla/5.0 (compatible; SemrushBot/7~bl; +http://www.semrush.com/bot.html)"
66.249.68.66 - - [22/Nov/2024:19:40:38 -0800] "GET /115650328.phtml HTTP/1.0" 200 471021 "-" "Mozilla/5.0 (Linux; Android 6.0.1; Nexus 5X Build/MMB29P) AppleWebKit/537.36 (KHTML, like Gecko) Chrome/131.0.6778.69 Mobile Safari/537.36 (compatible; Googlebot/2.1; +http://www.google.com/bot.html)"
66.249.68.66 - - [22/Nov/2024:19:40:44 -0800] "GET /88979080.phtml HTTP/1.0" 200 461301 "-" "Mozilla/5.0 (Linux; Android 6.0.1; Nexus 5X Build/MMB29P) AppleWebKit/537.36 (KHTML, like Gecko) Chrome/131.0.6778.69 Mobile Safari/537.36 (compatible; Googlebot/2.1; +http://www.google.com/bot.html)"
66.249.68.65 - - [22/Nov/2024:19:41:03 -0800] "GET /11713252.phtml HTTP/1.0" 200 460787 "-" "Mozilla/5.0 (Linux; Android 6.0.1; Nexus 5X Build/MMB29P) AppleWebKit/537.36 (KHTML, like Gecko) Chrome/131.0.6778.69 Mobile Safari/537.36 (compatible; Googlebot/2.1; +http://www.google.com/bot.html)"
66.249.68.66 - - [22/Nov/2024:19:41:08 -0800] "GET /65050960.phtml HTTP/1.0" 200 460695 "-" "Mozilla/5.0 (Linux; Android 6.0.1; Nexus 5X Build/MMB29P) AppleWebKit/537.36 (KHTML, like Gecko) Chrome/131.0.6778.69 Mobile Safari/537.36 (compatible; Googlebot/2.1; +http://www.google.com/bot.html)"
66.249.68.65 - - [22/Nov/2024:19:41:12 -0800] "GET /69181168.phtml HTTP/1.0" 200 459796 "-" "Mozilla/5.0 (Linux; Android 6.0.1; Nexus 5X Build/MMB29P) AppleWebKit/537.36 (KHTML, like Gecko) Chrome/131.0.6778.69 Mobile Safari/537.36 (compatible; Googlebot/2.1; +http://www.google.com/bot.html)"
66.249.68.65 - - [22/Nov/2024:19:41:17 -0800] "GET /107697820.phtml HTTP/1.0" 200 471939 "-" "Mozilla/5.0 (Linux; Android 6.0.1; Nexus 5X Build/MMB29P) AppleWebKit/537.36 (KHTML, like Gecko) Chrome/131.0.6778.69 Mobile Safari/537.36 (compatible; Googlebot/2.1; +http://www.google.com/bot.html)"
66.249.68.66 - - [22/Nov/2024:19:41:22 -0800] "GET /114393604.phtml HTTP/1.0" 200 467322 "-" "Mozilla/5.0 (Linux; Android 6.0.1; Nexus 5X Build/MMB29P) AppleWebKit/537.36 (KHTML, like Gecko) Chrome/131.0.6778.69 Mobile Safari/537.36 (compatible; Googlebot/2.1; +http://www.google.com/bot.html)"
66.249.68.66 - - [22/Nov/2024:19:41:27 -0800] "GET /37863472.phtml HTTP/1.0" 200 471780 "-" "Mozilla/5.0 (Linux; Android 6.0.1; Nexus 5X Build/MMB29P) AppleWebKit/537.36 (KHTML, like Gecko) Chrome/131.0.6778.69 Mobile Safari/537.36 (compatible; Googlebot/2.1; +http://www.google.com/bot.html)"
66.249.68.65 - - [22/Nov/2024:19:41:32 -0800] "GET /73669072.phtml HTTP/1.0" 200 459789 "-" "Mozilla/5.0 (Linux; Android 6.0.1; Nexus 5X Build/MMB29P) AppleWebKit/537.36 (KHTML, like Gecko) Chrome/131.0.6778.69 Mobile Safari/537.36 (compatible; Googlebot/2.1; +http://www.google.com/bot.html)"
209.182.200.39 - - [22/Nov/2024:19:41:32 -0800] "POST /wp-cron.php?doing_wp_cron=1732333292.6844739913940429687500 HTTP/1.0" 200 - "https://figplantsparadise.com/wp-cron.php?doing_wp_cron=1732333292.6844739913940429687500" "WordPress/6.1.7; https://figplantsparadise.com"
85.208.96.210 - - [22/Nov/2024:19:41:32 -0800] "GET /26058748.phtml HTTP/1.0" 404 57326 "-" "Mozilla/5.0 (compatible; SemrushBot/7~bl; +http://www.semrush.com/bot.html)"
66.249.68.65 - - [22/Nov/2024:19:41:39 -0800] "GET /110221024.phtml HTTP/1.0" 200 465646 "-" "Mozilla/5.0 (Linux; Android 6.0.1; Nexus 5X Build/MMB29P) AppleWebKit/537.36 (KHTML, like Gecko) Chrome/131.0.6778.69 Mobile Safari/537.36 (compatible; Googlebot/2.1; +http://www.google.com/bot.html)"
66.249.68.65 - - [22/Nov/2024:19:41:45 -0800] "GET /82235128.phtml HTTP/1.0" 200 471497 "-" "Mozilla/5.0 (Linux; Android 6.0.1; Nexus 5X Build/MMB29P) AppleWebKit/537.36 (KHTML, like Gecko) Chrome/131.0.6778.69 Mobile Safari/537.36 (compatible; Googlebot/2.1; +http://www.google.com/bot.html)"
66.249.68.67 - - [22/Nov/2024:19:41:50 -0800] "GET /94163224.phtml HTTP/1.0" 200 459172 "-" "Mozilla/5.0 (Linux; Android 6.0.1; Nexus 5X Build/MMB29P) AppleWebKit/537.36 (KHTML, like Gecko) Chrome/131.0.6778.69 Mobile Safari/537.36 (compatible; Googlebot/2.1; +http://www.google.com/bot.html)"
66.249.68.66 - - [22/Nov/2024:19:41:59 -0800] "GET /99247216.phtml HTTP/1.0" 200 458978 "-" "Mozilla/5.0 (Linux; Android 6.0.1; Nexus 5X Build/MMB29P) AppleWebKit/537.36 (KHTML, like Gecko) Chrome/131.0.6778.69 Mobile Safari/537.36 (compatible; Googlebot/2.1; +http://www.google.com/bot.html)"
66.249.68.66 - - [22/Nov/2024:19:42:03 -0800] "GET /55965712.phtml HTTP/1.0" 200 460312 "-" "Mozilla/5.0 (Linux; Android 6.0.1; Nexus 5X Build/MMB29P) AppleWebKit/537.36 (KHTML, like Gecko) Chrome/131.0.6778.69 Mobile Safari/537.36 (compatible; Googlebot/2.1; +http://www.google.com/bot.html)"
66.249.68.66 - - [22/Nov/2024:19:42:08 -0800] "GET /99192856.phtml HTTP/1.0" 200 458331 "-" "Mozilla/5.0 (Linux; Android 6.0.1; Nexus 5X Build/MMB29P) AppleWebKit/537.36 (KHTML, like Gecko) Chrome/131.0.6778.69 Mobile Safari/537.36 (compatible; Googlebot/2.1; +http://www.google.com/bot.html)"
66.249.68.65 - - [22/Nov/2024:19:42:12 -0800] "GET /36034132.phtml HTTP/1.0" 200 471315 "-" "Mozilla/5.0 (Linux; Android 6.0.1; Nexus 5X Build/MMB29P) AppleWebKit/537.36 (KHTML, like Gecko) Chrome/131.0.6778.69 Mobile Safari/537.36 (compatible; Googlebot/2.1; +http://www.google.com/bot.html)"
66.249.68.65 - - [22/Nov/2024:19:42:19 -0800] "GET /14937160.phtml HTTP/1.0" 200 468547 "-" "Mozilla/5.0 (Linux; Android 6.0.1; Nexus 5X Build/MMB29P) AppleWebKit/537.36 (KHTML, like Gecko) Chrome/131.0.6778.69 Mobile Safari/537.36 (compatible; Googlebot/2.1; +http://www.google.com/bot.html)"
66.249.68.65 - - [22/Nov/2024:19:42:22 -0800] "GET /26824684.phtml HTTP/1.0" 200 458550 "-" "Mozilla/5.0 (Linux; Android 6.0.1; Nexus 5X Build/MMB29P) AppleWebKit/537.36 (KHTML, like Gecko) Chrome/131.0.6778.69 Mobile Safari/537.36 (compatible; Googlebot/2.1; +http://www.google.com/bot.html)"
66.249.68.65 - - [22/Nov/2024:19:42:29 -0800] "GET /101449336.phtml HTTP/1.0" 200 462090 "-" "Mozilla/5.0 (Linux; Android 6.0.1; Nexus 5X Build/MMB29P) AppleWebKit/537.36 (KHTML, like Gecko) Chrome/131.0.6778.69 Mobile Safari/537.36 (compatible; Googlebot/2.1; +http://www.google.com/bot.html)"
66.249.68.66 - - [22/Nov/2024:19:42:33 -0800] "GET /9366484.phtml HTTP/1.0" 200 462449 "-" "Mozilla/5.0 (Linux; Android 6.0.1; Nexus 5X Build/MMB29P) AppleWebKit/537.36 (KHTML, like Gecko) Chrome/131.0.6778.69 Mobile Safari/537.36 (compatible; Googlebot/2.1; +http://www.google.com/bot.html)"
66.249.68.66 - - [22/Nov/2024:19:42:36 -0800] "GET /8247064.phtml HTTP/1.0" 200 460891 "-" "Mozilla/5.0 (Linux; Android 6.0.1; Nexus 5X Build/MMB29P) AppleWebKit/537.36 (KHTML, like Gecko) Chrome/131.0.6778.69 Mobile Safari/537.36 (compatible; Googlebot/2.1; +http://www.google.com/bot.html)"
66.249.68.65 - - [22/Nov/2024:19:42:42 -0800] "GET /49675576.phtml HTTP/1.0" 200 463822 "-" "Mozilla/5.0 (Linux; Android 6.0.1; Nexus 5X Build/MMB29P) AppleWebKit/537.36 (KHTML, like Gecko) Chrome/131.0.6778.69 Mobile Safari/537.36 (compatible; Googlebot/2.1; +http://www.google.com/bot.html)"
66.249.68.65 - - [22/Nov/2024:19:42:45 -0800] "GET /67328428.phtml HTTP/1.0" 200 470645 "-" "Mozilla/5.0 (Linux; Android 6.0.1; Nexus 5X Build/MMB29P) AppleWebKit/537.36 (KHTML, like Gecko) Chrome/131.0.6778.69 Mobile Safari/537.36 (compatible; Googlebot/2.1; +http://www.google.com/bot.html)"
66.249.68.66 - - [22/Nov/2024:19:42:46 -0800] "GET /news=25%20%E0%B8%9F%E0%B8%A3%E0%B8%B5%20%E0%B8%AA%20%E0%B8%9B%E0%B8%B4%20%E0%B8%99.html HTTP/1.0" 200 458657 "-" "Mozilla/5.0 (Linux; Android 6.0.1; Nexus 5X Build/MMB29P) AppleWebKit/537.36 (KHTML, like Gecko) Chrome/131.0.6778.69 Mobile Safari/537.36 (compatible; Googlebot/2.1; +http://www.google.com/bot.html)"
66.249.68.67 - - [22/Nov/2024:19:42:50 -0800] "GET /69859228.phtml HTTP/1.0" 200 458006 "-" "Mozilla/5.0 (Linux; Android 6.0.1; Nexus 5X Build/MMB29P) AppleWebKit/537.36 (KHTML, like Gecko) Chrome/131.0.6778.69 Mobile Safari/537.36 (compatible; Googlebot/2.1; +http://www.google.com/bot.html)"
66.249.68.67 - - [22/Nov/2024:19:42:56 -0800] "GET /65610076.phtml HTTP/1.0" 200 463300 "-" "Mozilla/5.0 (Linux; Android 6.0.1; Nexus 5X Build/MMB29P) AppleWebKit/537.36 (KHTML, like Gecko) Chrome/131.0.6778.69 Mobile Safari/537.36 (compatible; Googlebot/2.1; +http://www.google.com/bot.html)"
66.249.68.68 - - [22/Nov/2024:19:42:59 -0800] "GET /87355120.phtml HTTP/1.0" 200 462316 "-" "Mozilla/5.0 (Linux; Android 6.0.1; Nexus 5X Build/MMB29P) AppleWebKit/537.36 (KHTML, like Gecko) Chrome/131.0.6778.69 Mobile Safari/537.36 (compatible; Googlebot/2.1; +http://www.google.com/bot.html)"
209.182.200.39 - - [22/Nov/2024:19:43:00 -0800] "POST /wp-cron.php?doing_wp_cron=1732333380.3539140224456787109375 HTTP/1.0" 200 - "https://figplantsparadise.com/wp-cron.php?doing_wp_cron=1732333380.3539140224456787109375" "WordPress/6.1.7; https://figplantsparadise.com"
85.208.96.207 - - [22/Nov/2024:19:43:00 -0800] "GET /21839368.phtml HTTP/1.0" 404 57326 "-" "Mozilla/5.0 (compatible; SemrushBot/7~bl; +http://www.semrush.com/bot.html)"
66.249.68.66 - - [22/Nov/2024:19:43:04 -0800] "GET /43258504.phtml HTTP/1.0" 200 459236 "-" "Mozilla/5.0 (Linux; Android 6.0.1; Nexus 5X Build/MMB29P) AppleWebKit/537.36 (KHTML, like Gecko) Chrome/131.0.6778.69 Mobile Safari/537.36 (compatible; Googlebot/2.1; +http://www.google.com/bot.html)"
66.249.68.65 - - [22/Nov/2024:19:43:10 -0800] "GET /40403200.phtml HTTP/1.0" 200 466303 "-" "Mozilla/5.0 (Linux; Android 6.0.1; Nexus 5X Build/MMB29P) AppleWebKit/537.36 (KHTML, like Gecko) Chrome/131.0.6778.69 Mobile Safari/537.36 (compatible; Googlebot/2.1; +http://www.google.com/bot.html)"
85.208.96.206 - - [22/Nov/2024:19:43:11 -0800] "GET /29543296.phtml HTTP/1.0" 404 57326 "-" "Mozilla/5.0 (compatible; SemrushBot/7~bl; +http://www.semrush.com/bot.html)"
66.249.68.65 - - [22/Nov/2024:19:43:15 -0800] "GET /30426988.phtml HTTP/1.0" 200 462804 "-" "Mozilla/5.0 (Linux; Android 6.0.1; Nexus 5X Build/MMB29P) AppleWebKit/537.36 (KHTML, like Gecko) Chrome/131.0.6778.69 Mobile Safari/537.36 (compatible; Googlebot/2.1; +http://www.google.com/bot.html)"
66.249.68.65 - - [22/Nov/2024:19:43:16 -0800] "GET /78374884.phtml HTTP/1.0" 200 458208 "-" "Mozilla/5.0 (Linux; Android 6.0.1; Nexus 5X Build/MMB29P) AppleWebKit/537.36 (KHTML, like Gecko) Chrome/131.0.6778.69 Mobile Safari/537.36 (compatible; Googlebot/2.1; +http://www.google.com/bot.html)"
66.249.68.65 - - [22/Nov/2024:19:43:21 -0800] "GET /103457380.phtml HTTP/1.0" 200 459973 "-" "Mozilla/5.0 (Linux; Android 6.0.1; Nexus 5X Build/MMB29P) AppleWebKit/537.36 (KHTML, like Gecko) Chrome/131.0.6778.69 Mobile Safari/537.36 (compatible; Googlebot/2.1; +http://www.google.com/bot.html)"
85.208.96.205 - - [22/Nov/2024:19:43:22 -0800] "GET /106373488.phtml HTTP/1.0" 404 57326 "-" "Mozilla/5.0 (compatible; SemrushBot/7~bl; +http://www.semrush.com/bot.html)"
66.249.68.65 - - [22/Nov/2024:19:43:30 -0800] "GET /61644316.phtml HTTP/1.0" 200 468997 "-" "Mozilla/5.0 (Linux; Android 6.0.1; Nexus 5X Build/MMB29P) AppleWebKit/537.36 (KHTML, like Gecko) Chrome/131.0.6778.69 Mobile Safari/537.36 (compatible; Googlebot/2.1; +http://www.google.com/bot.html)"
66.249.68.66 - - [22/Nov/2024:19:43:41 -0800] "GET /49534492.phtml HTTP/1.0" 200 463140 "-" "Mozilla/5.0 (Linux; Android 6.0.1; Nexus 5X Build/MMB29P) AppleWebKit/537.36 (KHTML, like Gecko) Chrome/131.0.6778.69 Mobile Safari/537.36 (compatible; Googlebot/2.1; +http://www.google.com/bot.html)"
66.249.68.66 - - [22/Nov/2024:19:43:49 -0800] "GET /16249720.phtml HTTP/1.0" 200 464099 "-" "Mozilla/5.0 (Linux; Android 6.0.1; Nexus 5X Build/MMB29P) AppleWebKit/537.36 (KHTML, like Gecko) Chrome/131.0.6778.69 Mobile Safari/537.36 (compatible; Googlebot/2.1; +http://www.google.com/bot.html)"
66.249.68.65 - - [22/Nov/2024:19:43:54 -0800] "GET /99883480.phtml HTTP/1.0" 200 463692 "-" "Mozilla/5.0 (Linux; Android 6.0.1; Nexus 5X Build/MMB29P) AppleWebKit/537.36 (KHTML, like Gecko) Chrome/131.0.6778.69 Mobile Safari/537.36 (compatible; Googlebot/2.1; +http://www.google.com/bot.html)"
209.182.200.39 - - [22/Nov/2024:19:44:00 -0800] "POST /wp-cron.php?doing_wp_cron=1732333440.6306090354919433593750 HTTP/1.0" 200 - "https://figplantsparadise.com/wp-cron.php?doing_wp_cron=1732333440.6306090354919433593750" "WordPress/6.1.7; https://figplantsparadise.com"
85.208.96.208 - - [22/Nov/2024:19:44:00 -0800] "GET /100171480.phtml HTTP/1.0" 404 57326 "-" "Mozilla/5.0 (compatible; SemrushBot/7~bl; +http://www.semrush.com/bot.html)"
66.249.68.66 - - [22/Nov/2024:19:44:01 -0800] "GET /51010816.phtml HTTP/1.0" 200 460304 "-" "Mozilla/5.0 (Linux; Android 6.0.1; Nexus 5X Build/MMB29P) AppleWebKit/537.36 (KHTML, like Gecko) Chrome/131.0.6778.69 Mobile Safari/537.36 (compatible; Googlebot/2.1; +http://www.google.com/bot.html)"
66.249.68.66 - - [22/Nov/2024:19:44:06 -0800] "GET /112052164.phtml HTTP/1.0" 200 457319 "-" "Mozilla/5.0 (Linux; Android 6.0.1; Nexus 5X Build/MMB29P) AppleWebKit/537.36 (KHTML, like Gecko) Chrome/131.0.6778.69 Mobile Safari/537.36 (compatible; Googlebot/2.1; +http://www.google.com/bot.html)"
66.249.68.65 - - [22/Nov/2024:19:44:11 -0800] "GET /108607864.phtml HTTP/1.0" 200 460259 "-" "Mozilla/5.0 (Linux; Android 6.0.1; Nexus 5X Build/MMB29P) AppleWebKit/537.36 (KHTML, like Gecko) Chrome/131.0.6778.69 Mobile Safari/537.36 (compatible; Googlebot/2.1; +http://www.google.com/bot.html)"
66.249.68.65 - - [22/Nov/2024:19:44:19 -0800] "GET /114153448.phtml HTTP/1.0" 200 466490 "-" "Mozilla/5.0 (Linux; Android 6.0.1; Nexus 5X Build/MMB29P) AppleWebKit/537.36 (KHTML, like Gecko) Chrome/131.0.6778.69 Mobile Safari/537.36 (compatible; Googlebot/2.1; +http://www.google.com/bot.html)"
66.249.68.66 - - [22/Nov/2024:19:44:26 -0800] "GET /111926524.phtml HTTP/1.0" 200 461153 "-" "Mozilla/5.0 (Linux; Android 6.0.1; Nexus 5X Build/MMB29P) AppleWebKit/537.36 (KHTML, like Gecko) Chrome/131.0.6778.69 Mobile Safari/537.36 (compatible; Googlebot/2.1; +http://www.google.com/bot.html)"
66.249.68.66 - - [22/Nov/2024:19:44:33 -0800] "GET /103903924.phtml HTTP/1.0" 200 461649 "-" "Mozilla/5.0 (Linux; Android 6.0.1; Nexus 5X Build/MMB29P) AppleWebKit/537.36 (KHTML, like Gecko) Chrome/131.0.6778.69 Mobile Safari/537.36 (compatible; Googlebot/2.1; +http://www.google.com/bot.html)"
66.249.68.66 - - [22/Nov/2024:19:44:40 -0800] "GET /36129028.phtml HTTP/1.0" 200 462970 "-" "Mozilla/5.0 (Linux; Android 6.0.1; Nexus 5X Build/MMB29P) AppleWebKit/537.36 (KHTML, like Gecko) Chrome/131.0.6778.69 Mobile Safari/537.36 (compatible; Googlebot/2.1; +http://www.google.com/bot.html)"
66.249.68.66 - - [22/Nov/2024:19:44:47 -0800] "GET /78483532.phtml HTTP/1.0" 200 462043 "-" "Mozilla/5.0 (Linux; Android 6.0.1; Nexus 5X Build/MMB29P) AppleWebKit/537.36 (KHTML, like Gecko) Chrome/131.0.6778.69 Mobile Safari/537.36 (compatible; Googlebot/2.1; +http://www.google.com/bot.html)"
66.249.68.66 - - [22/Nov/2024:19:44:54 -0800] "GET /33192292.phtml HTTP/1.0" 200 462078 "-" "Mozilla/5.0 (Linux; Android 6.0.1; Nexus 5X Build/MMB29P) AppleWebKit/537.36 (KHTML, like Gecko) Chrome/131.0.6778.69 Mobile Safari/537.36 (compatible; Googlebot/2.1; +http://www.google.com/bot.html)"
66.249.68.65 - - [22/Nov/2024:19:45:02 -0800] "GET /46596316.phtml HTTP/1.0" 200 474995 "-" "Mozilla/5.0 (Linux; Android 6.0.1; Nexus 5X Build/MMB29P) AppleWebKit/537.36 (KHTML, like Gecko) Chrome/131.0.6778.69 Mobile Safari/537.36 (compatible; Googlebot/2.1; +http://www.google.com/bot.html)"
66.249.68.66 - - [22/Nov/2024:19:45:11 -0800] "GET /112017280.phtml HTTP/1.0" 200 461934 "-" "Mozilla/5.0 (Linux; Android 6.0.1; Nexus 5X Build/MMB29P) AppleWebKit/537.36 (KHTML, like Gecko) Chrome/131.0.6778.69 Mobile Safari/537.36 (compatible; Googlebot/2.1; +http://www.google.com/bot.html)"
66.249.68.65 - - [22/Nov/2024:19:45:19 -0800] "GET /79323340.phtml HTTP/1.0" 200 467894 "-" "Mozilla/5.0 (Linux; Android 6.0.1; Nexus 5X Build/MMB29P) AppleWebKit/537.36 (KHTML, like Gecko) Chrome/131.0.6778.69 Mobile Safari/537.36 (compatible; Googlebot/2.1; +http://www.google.com/bot.html)"
66.249.68.65 - - [22/Nov/2024:19:45:30 -0800] "GET /65587216.phtml HTTP/1.0" 200 469514 "-" "Mozilla/5.0 (Linux; Android 6.0.1; Nexus 5X Build/MMB29P) AppleWebKit/537.36 (KHTML, like Gecko) Chrome/131.0.6778.69 Mobile Safari/537.36 (compatible; Googlebot/2.1; +http://www.google.com/bot.html)"
66.249.68.65 - - [22/Nov/2024:19:45:41 -0800] "GET /13531792.phtml HTTP/1.0" 200 472782 "-" "Mozilla/5.0 (Linux; Android 6.0.1; Nexus 5X Build/MMB29P) AppleWebKit/537.36 (KHTML, like Gecko) Chrome/131.0.6778.69 Mobile Safari/537.36 (compatible; Googlebot/2.1; +http://www.google.com/bot.html)"
85.208.96.207 - - [22/Nov/2024:19:45:46 -0800] "GET /robots.txt HTTP/1.0" 200 30 "-" "Mozilla/5.0 (compatible; SemrushBot/7~bl; +http://www.semrush.com/bot.html)"
209.182.200.39 - - [22/Nov/2024:19:45:46 -0800] "POST /wp-cron.php?doing_wp_cron=1732333546.8971769809722900390625 HTTP/1.0" 200 - "https://figplantsparadise.com/wp-cron.php?doing_wp_cron=1732333546.8971769809722900390625" "WordPress/6.1.7; https://figplantsparadise.com"
185.191.171.17 - - [22/Nov/2024:19:45:46 -0800] "GET /46648588.phtml HTTP/1.0" 404 57326 "-" "Mozilla/5.0 (compatible; SemrushBot/7~bl; +http://www.semrush.com/bot.html)"
66.249.68.65 - - [22/Nov/2024:19:45:54 -0800] "GET /103418644.phtml HTTP/1.0" 200 470014 "-" "Mozilla/5.0 (Linux; Android 6.0.1; Nexus 5X Build/MMB29P) AppleWebKit/537.36 (KHTML, like Gecko) Chrome/131.0.6778.69 Mobile Safari/537.36 (compatible; Googlebot/2.1; +http://www.google.com/bot.html)"
66.249.68.67 - - [22/Nov/2024:19:46:05 -0800] "GET /29552908.phtml HTTP/1.0" 200 462932 "-" "Mozilla/5.0 (Linux; Android 6.0.1; Nexus 5X Build/MMB29P) AppleWebKit/537.36 (KHTML, like Gecko) Chrome/131.0.6778.69 Mobile Safari/537.36 (compatible; Googlebot/2.1; +http://www.google.com/bot.html)"
209.182.200.39 - - [22/Nov/2024:19:46:19 -0800] "POST /wp-cron.php?doing_wp_cron=1732333579.7933390140533447265625 HTTP/1.0" 200 - "https://figplantsparadise.com/wp-cron.php?doing_wp_cron=1732333579.7933390140533447265625" "WordPress/6.1.7; https://figplantsparadise.com"
185.191.171.1 - - [22/Nov/2024:19:46:19 -0800] "GET /58875808.phtml HTTP/1.0" 404 57326 "-" "Mozilla/5.0 (compatible; SemrushBot/7~bl; +http://www.semrush.com/bot.html)"
66.249.68.65 - - [22/Nov/2024:19:46:23 -0800] "GET /53019652.phtml HTTP/1.0" 200 464020 "-" "Mozilla/5.0 (Linux; Android 6.0.1; Nexus 5X Build/MMB29P) AppleWebKit/537.36 (KHTML, like Gecko) Chrome/131.0.6778.69 Mobile Safari/537.36 (compatible; Googlebot/2.1; +http://www.google.com/bot.html)"
66.249.68.65 - - [22/Nov/2024:19:46:32 -0800] "GET /110232472.phtml HTTP/1.0" 200 467172 "-" "Mozilla/5.0 (Linux; Android 6.0.1; Nexus 5X Build/MMB29P) AppleWebKit/537.36 (KHTML, like Gecko) Chrome/131.0.6778.69 Mobile Safari/537.36 (compatible; Googlebot/2.1; +http://www.google.com/bot.html)"
66.249.68.65 - - [22/Nov/2024:19:46:39 -0800] "GET /14146060.phtml HTTP/1.0" 200 469097 "-" "Mozilla/5.0 (Linux; Android 6.0.1; Nexus 5X Build/MMB29P) AppleWebKit/537.36 (KHTML, like Gecko) Chrome/131.0.6778.69 Mobile Safari/537.36 (compatible; Googlebot/2.1; +http://www.google.com/bot.html)"
66.249.68.66 - - [22/Nov/2024:19:46:53 -0800] "GET /62248252.phtml HTTP/1.0" 200 463399 "-" "Mozilla/5.0 (Linux; Android 6.0.1; Nexus 5X Build/MMB29P) AppleWebKit/537.36 (KHTML, like Gecko) Chrome/131.0.6778.69 Mobile Safari/537.36 (compatible; Googlebot/2.1; +http://www.google.com/bot.html)"
66.249.68.65 - - [22/Nov/2024:19:46:56 -0800] "GET /110191936.phtml HTTP/1.0" 200 464554 "-" "Mozilla/5.0 (Linux; Android 6.0.1; Nexus 5X Build/MMB29P) AppleWebKit/537.36 (KHTML, like Gecko) Chrome/131.0.6778.69 Mobile Safari/537.36 (compatible; Googlebot/2.1; +http://www.google.com/bot.html)"
66.249.68.65 - - [22/Nov/2024:19:47:04 -0800] "GET /29034760.phtml HTTP/1.0" 200 477142 "-" "Mozilla/5.0 (Linux; Android 6.0.1; Nexus 5X Build/MMB29P) AppleWebKit/537.36 (KHTML, like Gecko) Chrome/131.0.6778.69 Mobile Safari/537.36 (compatible; Googlebot/2.1; +http://www.google.com/bot.html)"
66.249.68.67 - - [22/Nov/2024:19:47:07 -0800] "GET /88910320.phtml HTTP/1.0" 200 459479 "-" "Mozilla/5.0 (Linux; Android 6.0.1; Nexus 5X Build/MMB29P) AppleWebKit/537.36 (KHTML, like Gecko) Chrome/131.0.6778.69 Mobile Safari/537.36 (compatible; Googlebot/2.1; +http://www.google.com/bot.html)"
66.249.68.66 - - [22/Nov/2024:19:47:12 -0800] "GET /52161664.phtml HTTP/1.0" 200 474780 "-" "Mozilla/5.0 (Linux; Android 6.0.1; Nexus 5X Build/MMB29P) AppleWebKit/537.36 (KHTML, like Gecko) Chrome/131.0.6778.69 Mobile Safari/537.36 (compatible; Googlebot/2.1; +http://www.google.com/bot.html)"
66.249.68.65 - - [22/Nov/2024:19:47:17 -0800] "GET /78365632.phtml HTTP/1.0" 200 458466 "-" "Mozilla/5.0 (Linux; Android 6.0.1; Nexus 5X Build/MMB29P) AppleWebKit/537.36 (KHTML, like Gecko) Chrome/131.0.6778.69 Mobile Safari/537.36 (compatible; Googlebot/2.1; +http://www.google.com/bot.html)"
66.249.68.65 - - [22/Nov/2024:19:47:23 -0800] "GET /77587960.phtml HTTP/1.0" 200 459647 "-" "Mozilla/5.0 (Linux; Android 6.0.1; Nexus 5X Build/MMB29P) AppleWebKit/537.36 (KHTML, like Gecko) Chrome/131.0.6778.69 Mobile Safari/537.36 (compatible; Googlebot/2.1; +http://www.google.com/bot.html)"
66.249.68.66 - - [22/Nov/2024:19:47:28 -0800] "GET /107618872.phtml HTTP/1.0" 200 470743 "-" "Mozilla/5.0 (Linux; Android 6.0.1; Nexus 5X Build/MMB29P) AppleWebKit/537.36 (KHTML, like Gecko) Chrome/131.0.6778.69 Mobile Safari/537.36 (compatible; Googlebot/2.1; +http://www.google.com/bot.html)"
209.182.200.39 - - [22/Nov/2024:19:47:36 -0800] "POST /wp-cron.php?doing_wp_cron=1732333656.5729711055755615234375 HTTP/1.0" 200 - "https://figplantsparadise.com/wp-cron.php?doing_wp_cron=1732333656.5729711055755615234375" "WordPress/6.1.7; https://figplantsparadise.com"
85.208.96.194 - - [22/Nov/2024:19:47:36 -0800] "GET /17942764.phtml HTTP/1.0" 404 57326 "-" "Mozilla/5.0 (compatible; SemrushBot/7~bl; +http://www.semrush.com/bot.html)"
66.249.68.65 - - [22/Nov/2024:19:47:38 -0800] "GET /98233960.phtml HTTP/1.0" 200 459007 "-" "Mozilla/5.0 (Linux; Android 6.0.1; Nexus 5X Build/MMB29P) AppleWebKit/537.36 (KHTML, like Gecko) Chrome/131.0.6778.69 Mobile Safari/537.36 (compatible; Googlebot/2.1; +http://www.google.com/bot.html)"
66.249.68.65 - - [22/Nov/2024:19:47:46 -0800] "GET /22476712.phtml HTTP/1.0" 200 464194 "-" "Mozilla/5.0 (Linux; Android 6.0.1; Nexus 5X Build/MMB29P) AppleWebKit/537.36 (KHTML, like Gecko) Chrome/131.0.6778.69 Mobile Safari/537.36 (compatible; Googlebot/2.1; +http://www.google.com/bot.html)"
185.191.171.15 - - [22/Nov/2024:19:47:48 -0800] "GET /101457148.phtml HTTP/1.0" 404 57326 "-" "Mozilla/5.0 (compatible; SemrushBot/7~bl; +http://www.semrush.com/bot.html)"
66.249.68.67 - - [22/Nov/2024:19:47:54 -0800] "GET /jeuherb10214hfwrhyv.htm?brand=%E0%B8%9D%E0%B8%B2%E0%B8%81%201%20%E0%B8%9A%E0%B8%B2%E0%B8%97%20%E0%B8%9F%E0%B8%A3%E0%B8%B5%2099%20%E0%B8%9A%E0%B8%B2%E0%B8%97%202020.html HTTP/1.0" 200 462122 "-" "Mozilla/5.0 (Linux; Android 6.0.1; Nexus 5X Build/MMB29P) AppleWebKit/537.36 (KHTML, like Gecko) Chrome/131.0.6778.69 Mobile Safari/537.36 (compatible; Googlebot/2.1; +http://www.google.com/bot.html)"
66.249.68.67 - - [22/Nov/2024:19:47:56 -0800] "GET /fkqxpvt22508dzjsx.htm?go=%E0%B9%81%E0%B8%88%E0%B8%81%20%E0%B9%80%E0%B8%84%E0%B8%A3%E0%B8%94%E0%B8%B4%E0%B8%95%20%E0%B8%97%E0%B8%94%E0%B8%A5%E0%B8%AD%E0%B8%87%20%E0%B9%80%E0%B8%A5%E0%B9%88%E0%B8%99%20%E0%B8%9F%E0%B8%A3%E0%B8%B5%20%E0%B9%84%E0%B8%A1%E0%B9%88%20%E0%B8%95%E0%B9%89%E0%B8%AD%E0%B8%87%20%E0%B8%9D%E0%B8%B2%E0%B8%81 HTTP/1.0" 200 463096 "-" "Mozilla/5.0 (Linux; Android 6.0.1; Nexus 5X Build/MMB29P) AppleWebKit/537.36 (KHTML, like Gecko) Chrome/131.0.6778.69 Mobile Safari/537.36 (compatible; Googlebot/2.1; +http://www.google.com/bot.html)"
66.249.68.67 - - [22/Nov/2024:19:47:57 -0800] "GET /?news=%E0%B9%80%E0%B8%84%E0%B8%A3%E0%B8%94%E0%B8%B4%E0%B8%95%20%E0%B8%9F%E0%B8%A3%E0%B8%B5%20%E0%B9%84%E0%B8%A1%E0%B9%88%20%E0%B8%A2%E0%B8%B8%E0%B9%88%E0%B8%87%E0%B8%A2%E0%B8%B2%E0%B8%81 HTTP/1.0" 200 471732 "-" "Mozilla/5.0 (Linux; Android 6.0.1; Nexus 5X Build/MMB29P) AppleWebKit/537.36 (KHTML, like Gecko) Chrome/131.0.6778.69 Mobile Safari/537.36 (compatible; Googlebot/2.1; +http://www.google.com/bot.html)"
185.191.171.4 - - [22/Nov/2024:19:47:59 -0800] "GET /47637436.phtml HTTP/1.0" 404 57326 "-" "Mozilla/5.0 (compatible; SemrushBot/7~bl; +http://www.semrush.com/bot.html)"
66.249.68.65 - - [22/Nov/2024:19:47:59 -0800] "GET /jeuherb10214hfwrhyv.htm?pay=joker6886.html HTTP/1.0" 200 468311 "-" "Mozilla/5.0 (Linux; Android 6.0.1; Nexus 5X Build/MMB29P) AppleWebKit/537.36 (KHTML, like Gecko) Chrome/131.0.6778.69 Mobile Safari/537.36 (compatible; Googlebot/2.1; +http://www.google.com/bot.html)"
66.249.68.66 - - [22/Nov/2024:19:48:01 -0800] "GET /nlyykbk21944l2ayl55.htm?pay=%E0%B8%AA%E0%B8%A5%E0%B9%87%E0%B8%AD%E0%B8%95%20xo%20%E0%B8%A7%E0%B8%AD%20%E0%B9%80%E0%B8%A5%E0%B8%97.html HTTP/1.0" 200 461218 "-" "Mozilla/5.0 (Linux; Android 6.0.1; Nexus 5X Build/MMB29P) AppleWebKit/537.36 (KHTML, like Gecko) Chrome/131.0.6778.69 Mobile Safari/537.36 (compatible; Googlebot/2.1; +http://www.google.com/bot.html)"
216.244.66.229 - - [22/Nov/2024:19:48:24 -0800] "GET /product/fraviol-2/ HTTP/1.0" 301 - "-" "Mozilla/5.0 (compatible; DotBot/1.2; +https://opensiteexplorer.org/dotbot; help@moz.com)"
66.249.68.65 - - [22/Nov/2024:19:48:28 -0800] "GET /55757992.phtml HTTP/1.0" 200 461528 "-" "Mozilla/5.0 (Linux; Android 6.0.1; Nexus 5X Build/MMB29P) AppleWebKit/537.36 (KHTML, like Gecko) Chrome/131.0.6778.69 Mobile Safari/537.36 (compatible; Googlebot/2.1; +http://www.google.com/bot.html)"
66.249.68.67 - - [22/Nov/2024:19:49:35 -0800] "GET /pkhxvnm9232upcxuvql.html?ac=%E0%B8%A7%E0%B8%B4%E0%B8%98%E0%B8%B5%20%E0%B9%80%E0%B8%A5%E0%B9%88%E0%B8%99%20%E0%B9%80%E0%B8%81%E0%B8%A1%20%E0%B8%AD%E0%B8%AD%E0%B8%99%E0%B9%84%E0%B8%A5%E0%B8%99%E0%B9%8C%20%E0%B9%83%E0%B8%AB%E0%B9%89%20%E0%B9%84%E0%B8%94%E0%B9%89%20%E0%B9%80%E0%B8%87%E0%B8%B4%E0%B8%99.htmls HTTP/1.0" 200 466969 "-" "Mozilla/5.0 (Linux; Android 6.0.1; Nexus 5X Build/MMB29P) AppleWebKit/537.36 (KHTML, like Gecko) Chrome/131.0.6778.69 Mobile Safari/537.36 (compatible; Googlebot/2.1; +http://www.google.com/bot.html)"
66.249.68.66 - - [22/Nov/2024:19:49:40 -0800] "GET /avlhirn3757ye7niy.html?ac=%E0%B8%AA%20%E0%B8%9B%E0%B8%B4%20%E0%B8%99%20%E0%B8%9F%E0%B8%A3%E0%B8%B5%20%E0%B8%A5%E0%B9%88%E0%B8%B2%E0%B8%AA%E0%B8%B8%E0%B8%94.html HTTP/1.0" 200 464178 "-" "Mozilla/5.0 (Linux; Android 6.0.1; Nexus 5X Build/MMB29P) AppleWebKit/537.36 (KHTML, like Gecko) Chrome/131.0.6778.69 Mobile Safari/537.36 (compatible; Googlebot/2.1; +http://www.google.com/bot.html)"
66.249.68.65 - - [22/Nov/2024:19:49:43 -0800] "GET /jeuherb10214hfwrhyv.htm?pay=lava789 HTTP/1.0" 200 460906 "-" "Mozilla/5.0 (Linux; Android 6.0.1; Nexus 5X Build/MMB29P) AppleWebKit/537.36 (KHTML, like Gecko) Chrome/131.0.6778.69 Mobile Safari/537.36 (compatible; Googlebot/2.1; +http://www.google.com/bot.html)"
66.249.68.65 - - [22/Nov/2024:19:49:47 -0800] "GET /jeuherb10214hfwrhyv.htm?pay=%E0%B9%80%E0%B8%81%E0%B8%A1%20%E0%B9%82%E0%B8%A3%20%E0%B8%A1%E0%B9%88%E0%B8%B2%20%E0%B8%97%E0%B8%94%E0%B8%A5%E0%B8%AD%E0%B8%87%20%E0%B9%80%E0%B8%A5%E0%B9%88%E0%B8%99.htmls HTTP/1.0" 200 461982 "-" "Mozilla/5.0 (Linux; Android 6.0.1; Nexus 5X Build/MMB29P) AppleWebKit/537.36 (KHTML, like Gecko) Chrome/131.0.6778.69 Mobile Safari/537.36 (compatible; Googlebot/2.1; +http://www.google.com/bot.html)"
66.249.68.65 - - [22/Nov/2024:19:49:50 -0800] "GET /wxoiknb6353bcjkbexk.htm?pay=%E0%B9%84%E0%B8%AD%20%E0%B8%94%E0%B8%B5%20888 HTTP/1.0" 200 459065 "-" "Mozilla/5.0 (Linux; Android 6.0.1; Nexus 5X Build/MMB29P) AppleWebKit/537.36 (KHTML, like Gecko) Chrome/131.0.6778.69 Mobile Safari/537.36 (compatible; Googlebot/2.1; +http://www.google.com/bot.html)"
66.249.68.66 - - [22/Nov/2024:19:49:51 -0800] "GET /fkqxpvt22508dzjsx.htm?pay=joker%20slot%20demo HTTP/1.0" 200 468128 "-" "Mozilla/5.0 (Linux; Android 6.0.1; Nexus 5X Build/MMB29P) AppleWebKit/537.36 (KHTML, like Gecko) Chrome/131.0.6778.69 Mobile Safari/537.36 (compatible; Googlebot/2.1; +http://www.google.com/bot.html)"
66.249.68.65 - - [22/Nov/2024:19:49:54 -0800] "GET /ummkbyz5883znhzz?ac=slot%20live22 HTTP/1.0" 200 480282 "-" "Mozilla/5.0 (Linux; Android 6.0.1; Nexus 5X Build/MMB29P) AppleWebKit/537.36 (KHTML, like Gecko) Chrome/131.0.6778.69 Mobile Safari/537.36 (compatible; Googlebot/2.1; +http://www.google.com/bot.html)"
66.249.68.66 - - [22/Nov/2024:19:49:55 -0800] "GET /jeuherb10214hfwrhyv.htm?pay=%E0%B9%80%E0%B8%84%E0%B8%A3%E0%B8%94%E0%B8%B4%E0%B8%95%20%E0%B8%9F%E0%B8%A3%E0%B8%B5%20918kiss.html HTTP/1.0" 200 467222 "-" "Mozilla/5.0 (Linux; Android 6.0.1; Nexus 5X Build/MMB29P) AppleWebKit/537.36 (KHTML, like Gecko) Chrome/131.0.6778.69 Mobile Safari/537.36 (compatible; Googlebot/2.1; +http://www.google.com/bot.html)"
66.249.68.66 - - [22/Nov/2024:19:49:58 -0800] "GET /ummkbyz5883znhzz?brand=fun88%20chna HTTP/1.0" 200 468666 "-" "Mozilla/5.0 (Linux; Android 6.0.1; Nexus 5X Build/MMB29P) AppleWebKit/537.36 (KHTML, like Gecko) Chrome/131.0.6778.69 Mobile Safari/537.36 (compatible; Googlebot/2.1; +http://www.google.com/bot.html)"
66.249.68.66 - - [22/Nov/2024:19:50:04 -0800] "GET /ummkbyz5883znhzz?pay=%E0%B9%80%E0%B8%A7%E0%B9%87%E0%B8%9A%20%E0%B8%95%E0%B8%A3%E0%B8%87%20pgslot HTTP/1.0" 200 459557 "-" "Mozilla/5.0 (Linux; Android 6.0.1; Nexus 5X Build/MMB29P) AppleWebKit/537.36 (KHTML, like Gecko) Chrome/131.0.6778.69 Mobile Safari/537.36 (compatible; Googlebot/2.1; +http://www.google.com/bot.html)"
209.182.200.39 - - [22/Nov/2024:19:50:07 -0800] "POST /wp-cron.php?doing_wp_cron=1732333807.4827249050140380859375 HTTP/1.0" 200 - "https://figplantsparadise.com/wp-cron.php?doing_wp_cron=1732333807.4827249050140380859375" "WordPress/6.1.7; https://figplantsparadise.com"
85.208.96.199 - - [22/Nov/2024:19:50:07 -0800] "GET /90926284.phtml HTTP/1.0" 404 57326 "-" "Mozilla/5.0 (compatible; SemrushBot/7~bl; +http://www.semrush.com/bot.html)"
66.249.68.65 - - [22/Nov/2024:19:50:11 -0800] "GET /ummkbyz5883znhzz?pay=lavabet88 HTTP/1.0" 200 461750 "-" "Mozilla/5.0 (Linux; Android 6.0.1; Nexus 5X Build/MMB29P) AppleWebKit/537.36 (KHTML, like Gecko) Chrome/131.0.6778.69 Mobile Safari/537.36 (compatible; Googlebot/2.1; +http://www.google.com/bot.html)"
66.249.68.65 - - [22/Nov/2024:19:50:15 -0800] "GET /ummkbyz5883znhzz?go=king%20xoslot.html HTTP/1.0" 200 470488 "-" "Mozilla/5.0 (Linux; Android 6.0.1; Nexus 5X Build/MMB29P) AppleWebKit/537.36 (KHTML, like Gecko) Chrome/131.0.6778.69 Mobile Safari/537.36 (compatible; Googlebot/2.1; +http://www.google.com/bot.html)"
66.249.68.65 - - [22/Nov/2024:19:50:27 -0800] "GET /ummkbyz5883znhzz?pay=ufa%20023 HTTP/1.0" 200 462452 "-" "Mozilla/5.0 (Linux; Android 6.0.1; Nexus 5X Build/MMB29P) AppleWebKit/537.36 (KHTML, like Gecko) Chrome/131.0.6778.69 Mobile Safari/537.36 (compatible; Googlebot/2.1; +http://www.google.com/bot.html)"
66.249.68.66 - - [22/Nov/2024:19:50:44 -0800] "GET /ummkbyz5883znhzz?pay=%E0%B8%A3%E0%B8%B1%E0%B8%9A%20%E0%B8%9F%E0%B8%A3%E0%B8%B5%20%E0%B8%AA%20%E0%B8%9B%E0%B8%B4%20%E0%B8%99 HTTP/1.0" 200 466322 "-" "Mozilla/5.0 (Linux; Android 6.0.1; Nexus 5X Build/MMB29P) AppleWebKit/537.36 (KHTML, like Gecko) Chrome/131.0.6778.69 Mobile Safari/537.36 (compatible; Googlebot/2.1; +http://www.google.com/bot.html)"
66.249.68.65 - - [22/Nov/2024:19:50:53 -0800] "GET /ummkbyz5883znhzz?ac=gclub%20%E0%B8%9C%E0%B9%88%E0%B8%B2%E0%B8%99%E0%B9%80%E0%B8%A7%E0%B9%87%E0%B8%9A%20%E0%B8%A1%E0%B8%B7%E0%B8%AD%20%E0%B8%96%E0%B8%B7%E0%B8%AD.html HTTP/1.0" 200 468617 "-" "Mozilla/5.0 (Linux; Android 6.0.1; Nexus 5X Build/MMB29P) AppleWebKit/537.36 (KHTML, like Gecko) Chrome/131.0.6778.69 Mobile Safari/537.36 (compatible; Googlebot/2.1; +http://www.google.com/bot.html)"
66.249.68.65 - - [22/Nov/2024:19:51:03 -0800] "GET /wlhyydg28765ujyuqw.html?go=joker%20gaming%20%E0%B9%80%E0%B8%A7%E0%B9%87%E0%B8%9A%E0%B8%95%E0%B8%A3%E0%B8%87 HTTP/1.0" 200 464666 "-" "Mozilla/5.0 (Linux; Android 6.0.1; Nexus 5X Build/MMB29P) AppleWebKit/537.36 (KHTML, like Gecko) Chrome/131.0.6778.69 Mobile Safari/537.36 (compatible; Googlebot/2.1; +http://www.google.com/bot.html)"
66.249.68.65 - - [22/Nov/2024:19:51:05 -0800] "GET /ummkbyz5883znhzz?pay=%E0%B9%80%E0%B8%A7%E0%B9%87%E0%B8%9A%20%E0%B9%80%E0%B8%A5%E0%B9%88%E0%B8%99%20slot HTTP/1.0" 200 460170 "-" "Mozilla/5.0 (Linux; Android 6.0.1; Nexus 5X Build/MMB29P) AppleWebKit/537.36 (KHTML, like Gecko) Chrome/131.0.6778.69 Mobile Safari/537.36 (compatible; Googlebot/2.1; +http://www.google.com/bot.html)"
66.249.68.65 - - [22/Nov/2024:19:51:09 -0800] "GET /khvhyiu13699ixui.html?go=%E0%B8%AA%E0%B8%A5%E0%B9%87%E0%B8%AD%E0%B8%95%20%E0%B8%9F%E0%B8%A3%E0%B8%B5%20%E0%B9%80%E0%B8%84%E0%B8%A3%E0%B8%94%E0%B8%B4%E0%B8%95%20%E0%B9%84%E0%B8%A1%E0%B9%88%20%E0%B8%95%E0%B9%89%E0%B8%AD%E0%B8%87%20%E0%B8%9D%E0%B8%B2%E0%B8%81%20%E0%B8%95%E0%B9%89%E0%B8%AD%E0%B8%87%20%E0%B9%81%E0%B8%8A%E0%B8%A3%E0%B9%8C%20%E0%B8%96%E0%B8%AD%E0%B8%99%20%E0%B9%84%E0%B8%94%E0%B9%89%202020.html HTTP/1.0" 200 465162 "-" "Mozilla/5.0 (Linux; Android 6.0.1; Nexus 5X Build/MMB29P) AppleWebKit/537.36 (KHTML, like Gecko) Chrome/131.0.6778.69 Mobile Safari/537.36 (compatible; Googlebot/2.1; +http://www.google.com/bot.html)"
66.249.68.65 - - [22/Nov/2024:19:51:13 -0800] "GET /ummkbyz5883znhzz?go=caesar88%20%E0%B9%80%E0%B8%84%E0%B8%A3%E0%B8%94%E0%B8%B4%E0%B8%95%20%E0%B8%9F%E0%B8%A3%E0%B8%B5.htmls HTTP/1.0" 200 461058 "-" "Mozilla/5.0 (Linux; Android 6.0.1; Nexus 5X Build/MMB29P) AppleWebKit/537.36 (KHTML, like Gecko) Chrome/131.0.6778.69 Mobile Safari/537.36 (compatible; Googlebot/2.1; +http://www.google.com/bot.html)"
209.182.200.39 - - [22/Nov/2024:19:51:15 -0800] "POST /wp-cron.php?doing_wp_cron=1732333875.5931169986724853515625 HTTP/1.0" 200 - "https://figplantsparadise.com/wp-cron.php?doing_wp_cron=1732333875.5931169986724853515625" "WordPress/6.1.7; https://figplantsparadise.com"
85.208.96.195 - - [22/Nov/2024:19:51:15 -0800] "GET /78540628.phtml HTTP/1.0" 404 57326 "-" "Mozilla/5.0 (compatible; SemrushBot/7~bl; +http://www.semrush.com/bot.html)"
66.249.68.65 - - [22/Nov/2024:19:51:21 -0800] "GET /rnjqsas4294wheaw68h.html?go=%E0%B9%82%E0%B8%9B%E0%B8%A3%20%E0%B9%82%E0%B8%A1%20%E0%B8%8A%E0%B8%B1%E0%B9%88%20%E0%B8%99%20slotxo HTTP/1.0" 200 458893 "-" "Mozilla/5.0 (Linux; Android 6.0.1; Nexus 5X Build/MMB29P) AppleWebKit/537.36 (KHTML, like Gecko) Chrome/131.0.6778.69 Mobile Safari/537.36 (compatible; Googlebot/2.1; +http://www.google.com/bot.html)"
66.249.68.65 - - [22/Nov/2024:19:51:26 -0800] "GET /rnjqsas4294wheaw68h.html?ac=%E0%B8%A1%E0%B8%B2%20%E0%B8%84%E0%B8%B2%20%E0%B8%A3%E0%B9%88%E0%B8%B2%20%E0%B8%AD%E0%B8%AD%E0%B8%99%E0%B9%84%E0%B8%A5%E0%B8%99%E0%B9%8C HTTP/1.0" 200 479418 "-" "Mozilla/5.0 (Linux; Android 6.0.1; Nexus 5X Build/MMB29P) AppleWebKit/537.36 (KHTML, like Gecko) Chrome/131.0.6778.69 Mobile Safari/537.36 (compatible; Googlebot/2.1; +http://www.google.com/bot.html)"
85.208.96.207 - - [22/Nov/2024:19:51:27 -0800] "GET /85190512.phtml HTTP/1.0" 404 57326 "-" "Mozilla/5.0 (compatible; SemrushBot/7~bl; +http://www.semrush.com/bot.html)"
66.249.68.65 - - [22/Nov/2024:19:51:29 -0800] "GET /avlhirn3757ye7niy.html?go=diamond%20slot.html HTTP/1.0" 200 464935 "-" "Mozilla/5.0 (Linux; Android 6.0.1; Nexus 5X Build/MMB29P) AppleWebKit/537.36 (KHTML, like Gecko) Chrome/131.0.6778.69 Mobile Safari/537.36 (compatible; Googlebot/2.1; +http://www.google.com/bot.html)"
