66.249.68.66 - - [22/Nov/2024:14:50:30 -0800] "GET /36706072.phtml HTTP/1.0" 200 459052 "-" "Mozilla/5.0 (Linux; Android 6.0.1; Nexus 5X Build/MMB29P) AppleWebKit/537.36 (KHTML, like Gecko) Chrome/131.0.6778.69 Mobile Safari/537.36 (compatible; Googlebot/2.1; +http://www.google.com/bot.html)"
66.249.68.65 - - [22/Nov/2024:14:50:31 -0800] "GET /11185204.phtml HTTP/1.0" 200 460535 "-" "Mozilla/5.0 (Linux; Android 6.0.1; Nexus 5X Build/MMB29P) AppleWebKit/537.36 (KHTML, like Gecko) Chrome/131.0.6778.69 Mobile Safari/537.36 (compatible; Googlebot/2.1; +http://www.google.com/bot.html)"
66.249.68.65 - - [22/Nov/2024:14:50:31 -0800] "GET /76654804.phtml HTTP/1.0" 200 460146 "-" "Mozilla/5.0 (Linux; Android 6.0.1; Nexus 5X Build/MMB29P) AppleWebKit/537.36 (KHTML, like Gecko) Chrome/131.0.6778.69 Mobile Safari/537.36 (compatible; Googlebot/2.1; +http://www.google.com/bot.html)"
209.182.200.39 - - [22/Nov/2024:14:50:32 -0800] "POST /wp-cron.php?doing_wp_cron=1732315832.0510289669036865234375 HTTP/1.0" 200 - "https://figplantsparadise.com/wp-cron.php?doing_wp_cron=1732315832.0510289669036865234375" "WordPress/6.1.7; https://figplantsparadise.com"
185.191.171.4 - - [22/Nov/2024:14:50:31 -0800] "GET /support/ HTTP/1.0" 200 72183 "-" "Mozilla/5.0 (compatible; SemrushBot/7~bl; +http://www.semrush.com/bot.html)"
66.249.68.66 - - [22/Nov/2024:14:50:32 -0800] "GET /74100676.phtml HTTP/1.0" 200 459363 "-" "Mozilla/5.0 (Linux; Android 6.0.1; Nexus 5X Build/MMB29P) AppleWebKit/537.36 (KHTML, like Gecko) Chrome/131.0.6778.69 Mobile Safari/537.36 (compatible; Googlebot/2.1; +http://www.google.com/bot.html)"
209.182.200.39 - - [22/Nov/2024:14:51:03 -0800] "POST /wp-cron.php?doing_wp_cron=1732315863.3396670818328857421875 HTTP/1.0" 200 - "https://figplantsparadise.com/wp-cron.php?doing_wp_cron=1732315863.3396670818328857421875" "WordPress/6.1.7; https://figplantsparadise.com"
85.208.96.209 - - [22/Nov/2024:14:51:03 -0800] "GET /44780476.phtml HTTP/1.0" 404 57326 "-" "Mozilla/5.0 (compatible; SemrushBot/7~bl; +http://www.semrush.com/bot.html)"
209.182.200.39 - - [22/Nov/2024:14:51:47 -0800] "POST /wp-cron.php?doing_wp_cron=1732315907.0686819553375244140625 HTTP/1.0" 200 - "https://figplantsparadise.com/wp-cron.php?doing_wp_cron=1732315907.0686819553375244140625" "WordPress/6.1.7; https://figplantsparadise.com"
185.191.171.17 - - [22/Nov/2024:14:51:46 -0800] "GET /86787976.phtml HTTP/1.0" 404 57326 "-" "Mozilla/5.0 (compatible; SemrushBot/7~bl; +http://www.semrush.com/bot.html)"
185.191.171.16 - - [22/Nov/2024:14:51:58 -0800] "GET /75989236.phtml HTTP/1.0" 404 57326 "-" "Mozilla/5.0 (compatible; SemrushBot/7~bl; +http://www.semrush.com/bot.html)"
185.191.171.5 - - [22/Nov/2024:14:52:10 -0800] "GET /64111720.phtml HTTP/1.0" 404 57326 "-" "Mozilla/5.0 (compatible; SemrushBot/7~bl; +http://www.semrush.com/bot.html)"
185.191.171.3 - - [22/Nov/2024:14:52:22 -0800] "GET /71044672.phtml HTTP/1.0" 404 57326 "-" "Mozilla/5.0 (compatible; SemrushBot/7~bl; +http://www.semrush.com/bot.html)"
209.182.200.39 - - [22/Nov/2024:14:52:32 -0800] "POST /wp-cron.php?doing_wp_cron=1732315952.8611938953399658203125 HTTP/1.0" 200 - "https://figplantsparadise.com/wp-cron.php?doing_wp_cron=1732315952.8611938953399658203125" "WordPress/6.1.7; https://figplantsparadise.com"
209.141.56.53 - - [22/Nov/2024:14:52:32 -0800] "GET /wp-login.php HTTP/1.0" 200 5991 "-" "Mozilla/5.0 (Macintosh; Intel Mac OS X 10_10) AppleWebKit/600.1.3 (KHTML, like Gecko) Version/8.0 Safari/600.1.3"
209.141.56.53 - - [22/Nov/2024:14:52:32 -0800] "POST /wp-login.php HTTP/1.0" 200 6437 "-" "Mozilla/5.0 (Macintosh; Intel Mac OS X 10_10) AppleWebKit/600.1.3 (KHTML, like Gecko) Version/8.0 Safari/600.1.3"
209.182.200.39 - - [22/Nov/2024:14:52:56 -0800] "POST /wp-cron.php?doing_wp_cron=1732315976.8645689487457275390625 HTTP/1.0" 200 - "https://figplantsparadise.com/wp-cron.php?doing_wp_cron=1732315976.8645689487457275390625" "WordPress/6.1.7; https://figplantsparadise.com"
85.208.96.203 - - [22/Nov/2024:14:52:56 -0800] "GET /9137992.phtml HTTP/1.0" 404 57326 "-" "Mozilla/5.0 (compatible; SemrushBot/7~bl; +http://www.semrush.com/bot.html)"
51.222.253.18 - - [22/Nov/2024:14:53:03 -0800] "GET /product/tauro-2/ HTTP/1.0" 200 111473 "-" "Mozilla/5.0 (compatible; AhrefsBot/7.0; +http://ahrefs.com/robot/)"
185.191.171.10 - - [22/Nov/2024:14:53:21 -0800] "GET /61796848.phtml HTTP/1.0" 404 57326 "-" "Mozilla/5.0 (compatible; SemrushBot/7~bl; +http://www.semrush.com/bot.html)"
209.182.200.39 - - [22/Nov/2024:14:53:45 -0800] "POST /wp-cron.php?doing_wp_cron=1732316025.9642000198364257812500 HTTP/1.0" 200 - "https://figplantsparadise.com/wp-cron.php?doing_wp_cron=1732316025.9642000198364257812500" "WordPress/6.1.7; https://figplantsparadise.com"
185.191.171.7 - - [22/Nov/2024:14:53:45 -0800] "GET /35872672.phtml HTTP/1.0" 404 57326 "-" "Mozilla/5.0 (compatible; SemrushBot/7~bl; +http://www.semrush.com/bot.html)"
85.208.96.199 - - [22/Nov/2024:14:53:56 -0800] "GET /58457776.phtml HTTP/1.0" 404 57326 "-" "Mozilla/5.0 (compatible; SemrushBot/7~bl; +http://www.semrush.com/bot.html)"
185.191.171.9 - - [22/Nov/2024:14:54:13 -0800] "GET /26537872.phtml HTTP/1.0" 404 57326 "-" "Mozilla/5.0 (compatible; SemrushBot/7~bl; +http://www.semrush.com/bot.html)"
209.182.200.39 - - [22/Nov/2024:14:54:41 -0800] "POST /wp-cron.php?doing_wp_cron=1732316081.0097310543060302734375 HTTP/1.0" 200 - "https://figplantsparadise.com/wp-cron.php?doing_wp_cron=1732316081.0097310543060302734375" "WordPress/6.1.7; https://figplantsparadise.com"
185.191.171.14 - - [22/Nov/2024:14:54:40 -0800] "GET /29636896.phtml HTTP/1.0" 404 57326 "-" "Mozilla/5.0 (compatible; SemrushBot/7~bl; +http://www.semrush.com/bot.html)"
185.191.171.9 - - [22/Nov/2024:14:55:02 -0800] "GET /45148072.phtml HTTP/1.0" 404 57326 "-" "Mozilla/5.0 (compatible; SemrushBot/7~bl; +http://www.semrush.com/bot.html)"
209.182.200.39 - - [22/Nov/2024:14:55:43 -0800] "POST /wp-cron.php?doing_wp_cron=1732316143.9118099212646484375000 HTTP/1.0" 200 - "http://figplantsparadise.com/wp-cron.php?doing_wp_cron=1732316143.9118099212646484375000" "WordPress/6.1.7; https://figplantsparadise.com"
216.244.66.229 - - [22/Nov/2024:14:55:43 -0800] "GET /wp-content/uploads/2024/03/FICO-JESUS.jpg HTTP/1.0" 301 - "-" "Mozilla/5.0 (compatible; DotBot/1.2; +https://opensiteexplorer.org/dotbot; help@moz.com)"
209.182.200.39 - - [22/Nov/2024:14:56:18 -0800] "POST /wp-cron.php?doing_wp_cron=1732316178.6338069438934326171875 HTTP/1.0" 200 - "https://figplantsparadise.com/wp-cron.php?doing_wp_cron=1732316178.6338069438934326171875" "WordPress/6.1.7; https://figplantsparadise.com"
185.191.171.12 - - [22/Nov/2024:14:56:18 -0800] "GET /36652828.phtml HTTP/1.0" 404 57326 "-" "Mozilla/5.0 (compatible; SemrushBot/7~bl; +http://www.semrush.com/bot.html)"
209.182.200.39 - - [22/Nov/2024:14:56:30 -0800] "POST /wp-cron.php?doing_wp_cron=1732316190.1838569641113281250000 HTTP/1.0" 200 - "https://figplantsparadise.com/wp-cron.php?doing_wp_cron=1732316190.1838569641113281250000" "WordPress/6.1.7; https://figplantsparadise.com"
185.191.171.13 - - [22/Nov/2024:14:56:29 -0800] "GET /113250820.phtml HTTP/1.0" 404 57326 "-" "Mozilla/5.0 (compatible; SemrushBot/7~bl; +http://www.semrush.com/bot.html)"
85.208.96.194 - - [22/Nov/2024:14:56:42 -0800] "GET /24077596.phtml HTTP/1.0" 404 57326 "-" "Mozilla/5.0 (compatible; SemrushBot/7~bl; +http://www.semrush.com/bot.html)"
185.191.171.3 - - [22/Nov/2024:14:56:52 -0800] "GET /robots.txt HTTP/1.0" 200 30 "-" "Mozilla/5.0 (compatible; SemrushBot/7~bl; +http://www.semrush.com/bot.html)"
185.191.171.19 - - [22/Nov/2024:14:56:53 -0800] "GET /86316196.phtml HTTP/1.0" 404 57326 "-" "Mozilla/5.0 (compatible; SemrushBot/7~bl; +http://www.semrush.com/bot.html)"
185.191.171.8 - - [22/Nov/2024:14:57:04 -0800] "GET /102072316.phtml HTTP/1.0" 404 57326 "-" "Mozilla/5.0 (compatible; SemrushBot/7~bl; +http://www.semrush.com/bot.html)"
185.191.171.1 - - [22/Nov/2024:14:57:17 -0800] "GET /97093480.phtml HTTP/1.0" 404 57326 "-" "Mozilla/5.0 (compatible; SemrushBot/7~bl; +http://www.semrush.com/bot.html)"
85.208.96.208 - - [22/Nov/2024:14:57:28 -0800] "GET /108309856.phtml HTTP/1.0" 404 57326 "-" "Mozilla/5.0 (compatible; SemrushBot/7~bl; +http://www.semrush.com/bot.html)"
209.182.200.39 - - [22/Nov/2024:14:58:11 -0800] "POST /wp-cron.php?doing_wp_cron=1732316291.6152529716491699218750 HTTP/1.0" 200 - "https://figplantsparadise.com/wp-cron.php?doing_wp_cron=1732316291.6152529716491699218750" "WordPress/6.1.7; https://figplantsparadise.com"
185.191.171.11 - - [22/Nov/2024:14:58:11 -0800] "GET /94370836.phtml HTTP/1.0" 404 57326 "-" "Mozilla/5.0 (compatible; SemrushBot/7~bl; +http://www.semrush.com/bot.html)"
185.191.171.5 - - [22/Nov/2024:14:58:22 -0800] "GET /35774176.phtml HTTP/1.0" 404 57326 "-" "Mozilla/5.0 (compatible; SemrushBot/7~bl; +http://www.semrush.com/bot.html)"
209.182.200.39 - - [22/Nov/2024:14:59:07 -0800] "POST /wp-cron.php?doing_wp_cron=1732316347.9447650909423828125000 HTTP/1.0" 200 - "https://figplantsparadise.com/wp-cron.php?doing_wp_cron=1732316347.9447650909423828125000" "WordPress/6.1.7; https://figplantsparadise.com"
114.119.149.173 - - [22/Nov/2024:14:59:07 -0800] "GET /product/black-red/ HTTP/1.0" 200 112573 "https://figplantsparadise.com/product-category/wordwidibulkonly/page/4/" "Mozilla/5.0 (Linux; Android 7.0;) AppleWebKit/537.36 (KHTML, like Gecko) Mobile Safari/537.36 (compatible; PetalBot;+https://webmaster.petalsearch.com/site/petalbot)"
185.191.171.17 - - [22/Nov/2024:14:59:08 -0800] "GET /43952008.phtml HTTP/1.0" 404 57326 "-" "Mozilla/5.0 (compatible; SemrushBot/7~bl; +http://www.semrush.com/bot.html)"
185.191.171.12 - - [22/Nov/2024:14:59:27 -0800] "GET /69121300.phtml HTTP/1.0" 404 57326 "-" "Mozilla/5.0 (compatible; SemrushBot/7~bl; +http://www.semrush.com/bot.html)"
66.249.68.66 - - [22/Nov/2024:14:59:42 -0800] "GET /113538388.phtml HTTP/1.0" 200 469586 "-" "Mozilla/5.0 (Linux; Android 6.0.1; Nexus 5X Build/MMB29P) AppleWebKit/537.36 (KHTML, like Gecko) Chrome/131.0.6778.69 Mobile Safari/537.36 (compatible; GoogleOther)"
209.182.200.39 - - [22/Nov/2024:15:00:20 -0800] "POST /wp-cron.php?doing_wp_cron=1732316420.7822740077972412109375 HTTP/1.0" 200 - "https://figplantsparadise.com/wp-cron.php?doing_wp_cron=1732316420.7822740077972412109375" "WordPress/6.1.7; https://figplantsparadise.com"
85.208.96.195 - - [22/Nov/2024:15:00:20 -0800] "GET /109615180.phtml HTTP/1.0" 404 57326 "-" "Mozilla/5.0 (compatible; SemrushBot/7~bl; +http://www.semrush.com/bot.html)"
209.182.200.39 - - [22/Nov/2024:15:00:36 -0800] "POST /wp-cron.php?doing_wp_cron=1732316436.3820838928222656250000 HTTP/1.0" 200 - "https://figplantsparadise.com/wp-cron.php?doing_wp_cron=1732316436.3820838928222656250000" "WordPress/6.1.7; https://figplantsparadise.com"
85.208.96.210 - - [22/Nov/2024:15:00:36 -0800] "GET /114720016.phtml HTTP/1.0" 404 57326 "-" "Mozilla/5.0 (compatible; SemrushBot/7~bl; +http://www.semrush.com/bot.html)"
185.191.171.14 - - [22/Nov/2024:15:00:48 -0800] "GET /46284448.phtml HTTP/1.0" 404 57326 "-" "Mozilla/5.0 (compatible; SemrushBot/7~bl; +http://www.semrush.com/bot.html)"
209.182.200.39 - - [22/Nov/2024:15:01:00 -0800] "POST /wp-cron.php?doing_wp_cron=1732316460.2020459175109863281250 HTTP/1.0" 200 - "https://figplantsparadise.com/wp-cron.php?doing_wp_cron=1732316460.2020459175109863281250" "WordPress/6.1.7; https://figplantsparadise.com"
185.191.171.13 - - [22/Nov/2024:15:01:00 -0800] "GET /25943368.phtml HTTP/1.0" 404 57326 "-" "Mozilla/5.0 (compatible; SemrushBot/7~bl; +http://www.semrush.com/bot.html)"
185.191.171.17 - - [22/Nov/2024:15:01:11 -0800] "GET /36056200.phtml HTTP/1.0" 404 57326 "-" "Mozilla/5.0 (compatible; SemrushBot/7~bl; +http://www.semrush.com/bot.html)"
51.222.253.11 - - [22/Nov/2024:15:01:27 -0800] "GET /product/lorusso-2/ HTTP/1.0" 200 110157 "-" "Mozilla/5.0 (compatible; AhrefsBot/7.0; +http://ahrefs.com/robot/)"
209.182.200.39 - - [22/Nov/2024:15:01:37 -0800] "POST /wp-cron.php?doing_wp_cron=1732316497.0044329166412353515625 HTTP/1.0" 200 - "http://figplantsparadise.com/wp-cron.php?doing_wp_cron=1732316497.0044329166412353515625" "WordPress/6.1.7; https://figplantsparadise.com"
216.244.66.229 - - [22/Nov/2024:15:01:36 -0800] "GET /product/marcela/ HTTP/1.0" 301 - "-" "Mozilla/5.0 (compatible; DotBot/1.2; +https://opensiteexplorer.org/dotbot; help@moz.com)"
85.208.96.209 - - [22/Nov/2024:15:01:55 -0800] "GET /86216944.phtml HTTP/1.0" 404 57326 "-" "Mozilla/5.0 (compatible; SemrushBot/7~bl; +http://www.semrush.com/bot.html)"
85.208.96.208 - - [22/Nov/2024:15:02:15 -0800] "GET /90944428.phtml HTTP/1.0" 404 57326 "-" "Mozilla/5.0 (compatible; SemrushBot/7~bl; +http://www.semrush.com/bot.html)"
209.182.200.39 - - [22/Nov/2024:15:02:32 -0800] "POST /wp-cron.php?doing_wp_cron=1732316552.5570580959320068359375 HTTP/1.0" 200 - "https://figplantsparadise.com/wp-cron.php?doing_wp_cron=1732316552.5570580959320068359375" "WordPress/6.1.7; https://figplantsparadise.com"
185.191.171.7 - - [22/Nov/2024:15:02:32 -0800] "GET /88374928.phtml HTTP/1.0" 404 57326 "-" "Mozilla/5.0 (compatible; SemrushBot/7~bl; +http://www.semrush.com/bot.html)"
66.249.68.67 - - [22/Nov/2024:15:02:43 -0800] "GET /107157532.phtml HTTP/1.0" 200 457637 "-" "Mozilla/5.0 (Linux; Android 6.0.1; Nexus 5X Build/MMB29P) AppleWebKit/537.36 (KHTML, like Gecko) Chrome/131.0.6778.69 Mobile Safari/537.36 (compatible; GoogleOther)"
209.182.200.39 - - [22/Nov/2024:15:02:45 -0800] "POST /wp-cron.php?doing_wp_cron=1732316565.0057060718536376953125 HTTP/1.0" 200 - "https://figplantsparadise.com/wp-cron.php?doing_wp_cron=1732316565.0057060718536376953125" "WordPress/6.1.7; https://figplantsparadise.com"
85.208.96.210 - - [22/Nov/2024:15:02:44 -0800] "GET /72287752.phtml HTTP/1.0" 404 57326 "-" "Mozilla/5.0 (compatible; SemrushBot/7~bl; +http://www.semrush.com/bot.html)"
185.191.171.4 - - [22/Nov/2024:15:03:18 -0800] "GET /23863072.phtml HTTP/1.0" 404 57326 "-" "Mozilla/5.0 (compatible; SemrushBot/7~bl; +http://www.semrush.com/bot.html)"
209.182.200.39 - - [22/Nov/2024:15:03:45 -0800] "POST /wp-cron.php?doing_wp_cron=1732316625.9342050552368164062500 HTTP/1.0" 200 - "https://figplantsparadise.com/wp-cron.php?doing_wp_cron=1732316625.9342050552368164062500" "WordPress/6.1.7; https://figplantsparadise.com"
85.208.96.210 - - [22/Nov/2024:15:03:45 -0800] "GET /60593116.phtml HTTP/1.0" 404 57326 "-" "Mozilla/5.0 (compatible; SemrushBot/7~bl; +http://www.semrush.com/bot.html)"
216.244.66.229 - - [22/Nov/2024:15:03:58 -0800] "GET /product/grazia-3-3/ HTTP/1.0" 301 - "-" "Mozilla/5.0 (compatible; DotBot/1.2; +https://opensiteexplorer.org/dotbot; help@moz.com)"
209.182.200.39 - - [22/Nov/2024:15:04:40 -0800] "POST /wp-cron.php?doing_wp_cron=1732316680.5576159954071044921875 HTTP/1.0" 200 - "https://figplantsparadise.com/wp-cron.php?doing_wp_cron=1732316680.5576159954071044921875" "WordPress/6.1.7; https://figplantsparadise.com"
159.65.92.208 - - [22/Nov/2024:15:04:40 -0800] "GET /cart/page/2/ HTTP/1.0" 200 136239 "-" "Mozilla/5.0 (Macintosh; Intel Mac OS X 10_15_7) AppleWebKit/537.36 (KHTML, like Gecko) Chrome/124.0.0.0 Safari/537.36"
85.208.96.206 - - [22/Nov/2024:15:04:41 -0800] "GET /73593544.phtml HTTP/1.0" 404 57326 "-" "Mozilla/5.0 (compatible; SemrushBot/7~bl; +http://www.semrush.com/bot.html)"
185.191.171.8 - - [22/Nov/2024:15:04:52 -0800] "GET /110457940.phtml HTTP/1.0" 404 57326 "-" "Mozilla/5.0 (compatible; SemrushBot/7~bl; +http://www.semrush.com/bot.html)"
85.208.96.203 - - [22/Nov/2024:15:05:03 -0800] "GET /88877776.phtml HTTP/1.0" 404 57326 "-" "Mozilla/5.0 (compatible; SemrushBot/7~bl; +http://www.semrush.com/bot.html)"
66.249.68.66 - - [22/Nov/2024:15:05:49 -0800] "GET /20099668.phtml HTTP/1.0" 200 462865 "-" "Mozilla/5.0 (Linux; Android 6.0.1; Nexus 5X Build/MMB29P) AppleWebKit/537.36 (KHTML, like Gecko) Chrome/131.0.6778.69 Mobile Safari/537.36 (compatible; GoogleOther)"
209.182.200.39 - - [22/Nov/2024:15:06:11 -0800] "POST /wp-cron.php?doing_wp_cron=1732316771.5581688880920410156250 HTTP/1.0" 200 - "https://figplantsparadise.com/wp-cron.php?doing_wp_cron=1732316771.5581688880920410156250" "WordPress/6.1.7; https://figplantsparadise.com"
185.191.171.11 - - [22/Nov/2024:15:06:11 -0800] "GET /11565544.phtml HTTP/1.0" 404 57326 "-" "Mozilla/5.0 (compatible; SemrushBot/7~bl; +http://www.semrush.com/bot.html)"
66.249.68.67 - - [22/Nov/2024:15:06:14 -0800] "GET /?pay=1234slot HTTP/1.0" 200 466259 "-" "Mozilla/5.0 (Linux; Android 6.0.1; Nexus 5X Build/MMB29P) AppleWebKit/537.36 (KHTML, like Gecko) Chrome/131.0.6778.69 Mobile Safari/537.36 (compatible; Googlebot/2.1; +http://www.google.com/bot.html)"
66.249.68.65 - - [22/Nov/2024:15:06:16 -0800] "GET /?pay=%E0%B8%9F%E0%B8%A3%E0%B8%B5%20%E0%B9%80%E0%B8%84%E0%B8%A3%E0%B8%94%E0%B8%B4%E0%B8%95%20100%20%E0%B9%84%E0%B8%A1%E0%B9%88%20%E0%B8%95%E0%B9%89%E0%B8%AD%E0%B8%87%20%E0%B8%9D%E0%B8%B2%E0%B8%81%20%E0%B8%A5%E0%B9%88%E0%B8%B2%E0%B8%AA%E0%B8%B8%E0%B8%94 HTTP/1.0" 200 466935 "-" "Mozilla/5.0 (Linux; Android 6.0.1; Nexus 5X Build/MMB29P) AppleWebKit/537.36 (KHTML, like Gecko) Chrome/131.0.6778.69 Mobile Safari/537.36 (compatible; Googlebot/2.1; +http://www.google.com/bot.html)"
66.249.68.67 - - [22/Nov/2024:15:06:16 -0800] "GET /57821188.phtml HTTP/1.0" 200 468236 "-" "Mozilla/5.0 (Linux; Android 6.0.1; Nexus 5X Build/MMB29P) AppleWebKit/537.36 (KHTML, like Gecko) Chrome/131.0.6778.69 Mobile Safari/537.36 (compatible; Googlebot/2.1; +http://www.google.com/bot.html)"
66.249.68.66 - - [22/Nov/2024:15:06:17 -0800] "GET /?go=%E0%B8%9A%E0%B8%B2%20%E0%B8%84%E0%B8%B2%20%E0%B8%A3%E0%B9%88%E0%B8%B2%20auto77.htmls HTTP/1.0" 200 460529 "-" "Mozilla/5.0 (Linux; Android 6.0.1; Nexus 5X Build/MMB29P) AppleWebKit/537.36 (KHTML, like Gecko) Chrome/131.0.6778.69 Mobile Safari/537.36 (compatible; Googlebot/2.1; +http://www.google.com/bot.html)"
66.249.68.65 - - [22/Nov/2024:15:06:19 -0800] "GET /37546096.phtml HTTP/1.0" 200 468129 "-" "Mozilla/5.0 (Linux; Android 6.0.1; Nexus 5X Build/MMB29P) AppleWebKit/537.36 (KHTML, like Gecko) Chrome/131.0.6778.69 Mobile Safari/537.36 (compatible; Googlebot/2.1; +http://www.google.com/bot.html)"
66.249.68.66 - - [22/Nov/2024:15:06:20 -0800] "GET /96026404.phtml HTTP/1.0" 200 459470 "-" "Mozilla/5.0 (Linux; Android 6.0.1; Nexus 5X Build/MMB29P) AppleWebKit/537.36 (KHTML, like Gecko) Chrome/131.0.6778.69 Mobile Safari/537.36 (compatible; Googlebot/2.1; +http://www.google.com/bot.html)"
66.249.68.65 - - [22/Nov/2024:15:06:21 -0800] "GET /62017852.phtml HTTP/1.0" 200 467194 "-" "Mozilla/5.0 (Linux; Android 6.0.1; Nexus 5X Build/MMB29P) AppleWebKit/537.36 (KHTML, like Gecko) Chrome/131.0.6778.69 Mobile Safari/537.36 (compatible; Googlebot/2.1; +http://www.google.com/bot.html)"
66.249.68.65 - - [22/Nov/2024:15:06:22 -0800] "GET /78582316.phtml HTTP/1.0" 200 461766 "-" "Mozilla/5.0 (Linux; Android 6.0.1; Nexus 5X Build/MMB29P) AppleWebKit/537.36 (KHTML, like Gecko) Chrome/131.0.6778.69 Mobile Safari/537.36 (compatible; Googlebot/2.1; +http://www.google.com/bot.html)"
85.208.96.200 - - [22/Nov/2024:15:06:22 -0800] "GET /111815356.phtml HTTP/1.0" 404 57326 "-" "Mozilla/5.0 (compatible; SemrushBot/7~bl; +http://www.semrush.com/bot.html)"
66.249.68.66 - - [22/Nov/2024:15:06:24 -0800] "GET /115222216.phtml HTTP/1.0" 200 459098 "-" "Mozilla/5.0 (Linux; Android 6.0.1; Nexus 5X Build/MMB29P) AppleWebKit/537.36 (KHTML, like Gecko) Chrome/131.0.6778.69 Mobile Safari/537.36 (compatible; Googlebot/2.1; +http://www.google.com/bot.html)"
66.249.68.65 - - [22/Nov/2024:15:06:25 -0800] "GET /96450160.phtml HTTP/1.0" 200 465237 "-" "Mozilla/5.0 (Linux; Android 6.0.1; Nexus 5X Build/MMB29P) AppleWebKit/537.36 (KHTML, like Gecko) Chrome/131.0.6778.69 Mobile Safari/537.36 (compatible; Googlebot/2.1; +http://www.google.com/bot.html)"
66.249.68.65 - - [22/Nov/2024:15:06:27 -0800] "GET /11010784.phtml HTTP/1.0" 200 461295 "-" "Mozilla/5.0 (Linux; Android 6.0.1; Nexus 5X Build/MMB29P) AppleWebKit/537.36 (KHTML, like Gecko) Chrome/131.0.6778.69 Mobile Safari/537.36 (compatible; Googlebot/2.1; +http://www.google.com/bot.html)"
66.249.68.65 - - [22/Nov/2024:15:06:29 -0800] "GET /20651080.phtml HTTP/1.0" 200 468090 "-" "Mozilla/5.0 (Linux; Android 6.0.1; Nexus 5X Build/MMB29P) AppleWebKit/537.36 (KHTML, like Gecko) Chrome/131.0.6778.69 Mobile Safari/537.36 (compatible; Googlebot/2.1; +http://www.google.com/bot.html)"
66.249.68.66 - - [22/Nov/2024:15:06:30 -0800] "GET /107796100.phtml HTTP/1.0" 200 458369 "-" "Mozilla/5.0 (Linux; Android 6.0.1; Nexus 5X Build/MMB29P) AppleWebKit/537.36 (KHTML, like Gecko) Chrome/131.0.6778.69 Mobile Safari/537.36 (compatible; Googlebot/2.1; +http://www.google.com/bot.html)"
66.249.68.66 - - [22/Nov/2024:15:06:33 -0800] "GET /10976044.phtml HTTP/1.0" 200 467498 "-" "Mozilla/5.0 (Linux; Android 6.0.1; Nexus 5X Build/MMB29P) AppleWebKit/537.36 (KHTML, like Gecko) Chrome/131.0.6778.69 Mobile Safari/537.36 (compatible; Googlebot/2.1; +http://www.google.com/bot.html)"
66.249.68.68 - - [22/Nov/2024:15:06:37 -0800] "GET /66053992.phtml HTTP/1.0" 200 460026 "-" "Mozilla/5.0 (Linux; Android 6.0.1; Nexus 5X Build/MMB29P) AppleWebKit/537.36 (KHTML, like Gecko) Chrome/131.0.6778.69 Mobile Safari/537.36 (compatible; Googlebot/2.1; +http://www.google.com/bot.html)"
209.182.200.39 - - [22/Nov/2024:15:06:56 -0800] "POST /wp-cron.php?doing_wp_cron=1732316816.8658180236816406250000 HTTP/1.0" 200 - "https://figplantsparadise.com/wp-cron.php?doing_wp_cron=1732316816.8658180236816406250000" "WordPress/6.1.7; https://figplantsparadise.com"
185.191.171.10 - - [22/Nov/2024:15:06:56 -0800] "GET /81104080.phtml HTTP/1.0" 404 57326 "-" "Mozilla/5.0 (compatible; SemrushBot/7~bl; +http://www.semrush.com/bot.html)"
66.249.68.66 - - [22/Nov/2024:15:07:05 -0800] "GET /35457592.phtml HTTP/1.0" 200 466454 "-" "Mozilla/5.0 (Linux; Android 6.0.1; Nexus 5X Build/MMB29P) AppleWebKit/537.36 (KHTML, like Gecko) Chrome/131.0.6778.69 Mobile Safari/537.36 (compatible; Googlebot/2.1; +http://www.google.com/bot.html)"
66.249.68.67 - - [22/Nov/2024:15:07:07 -0800] "GET /17271544.phtml HTTP/1.0" 200 462473 "-" "Mozilla/5.0 (Linux; Android 6.0.1; Nexus 5X Build/MMB29P) AppleWebKit/537.36 (KHTML, like Gecko) Chrome/131.0.6778.69 Mobile Safari/537.36 (compatible; Googlebot/2.1; +http://www.google.com/bot.html)"
66.249.68.65 - - [22/Nov/2024:15:07:15 -0800] "GET /13841428.phtml HTTP/1.0" 200 463502 "-" "Mozilla/5.0 (Linux; Android 6.0.1; Nexus 5X Build/MMB29P) AppleWebKit/537.36 (KHTML, like Gecko) Chrome/131.0.6778.69 Mobile Safari/537.36 (compatible; Googlebot/2.1; +http://www.google.com/bot.html)"
85.208.96.204 - - [22/Nov/2024:15:07:18 -0800] "GET /40101268.phtml HTTP/1.0" 404 57326 "-" "Mozilla/5.0 (compatible; SemrushBot/7~bl; +http://www.semrush.com/bot.html)"
66.249.68.65 - - [22/Nov/2024:15:07:22 -0800] "GET /11259256.phtml HTTP/1.0" 200 466875 "-" "Mozilla/5.0 (Linux; Android 6.0.1; Nexus 5X Build/MMB29P) AppleWebKit/537.36 (KHTML, like Gecko) Chrome/131.0.6778.69 Mobile Safari/537.36 (compatible; Googlebot/2.1; +http://www.google.com/bot.html)"
209.182.200.39 - - [22/Nov/2024:15:07:31 -0800] "POST /wp-cron.php?doing_wp_cron=1732316851.0766489505767822265625 HTTP/1.0" 200 - "https://figplantsparadise.com/wp-cron.php?doing_wp_cron=1732316851.0766489505767822265625" "WordPress/6.1.7; https://figplantsparadise.com"
51.222.253.16 - - [22/Nov/2024:15:07:30 -0800] "GET /product/tauro-lungo/feed/ HTTP/1.0" 200 773 "-" "Mozilla/5.0 (compatible; AhrefsBot/7.0; +http://ahrefs.com/robot/)"
85.208.96.206 - - [22/Nov/2024:15:07:31 -0800] "GET /27941008.phtml HTTP/1.0" 404 57326 "-" "Mozilla/5.0 (compatible; SemrushBot/7~bl; +http://www.semrush.com/bot.html)"
185.191.171.3 - - [22/Nov/2024:15:07:42 -0800] "GET /66045748.phtml HTTP/1.0" 404 57326 "-" "Mozilla/5.0 (compatible; SemrushBot/7~bl; +http://www.semrush.com/bot.html)"
66.249.68.67 - - [22/Nov/2024:15:08:03 -0800] "GET /88833316.phtml HTTP/1.0" 200 469475 "-" "Mozilla/5.0 (Linux; Android 6.0.1; Nexus 5X Build/MMB29P) AppleWebKit/537.36 (KHTML, like Gecko) Chrome/131.0.6778.69 Mobile Safari/537.36 (compatible; Googlebot/2.1; +http://www.google.com/bot.html)"
185.191.171.16 - - [22/Nov/2024:15:08:06 -0800] "GET /61756960.phtml HTTP/1.0" 404 57326 "-" "Mozilla/5.0 (compatible; SemrushBot/7~bl; +http://www.semrush.com/bot.html)"
66.249.68.65 - - [22/Nov/2024:15:08:12 -0800] "GET /brand=%E0%B9%80%E0%B8%84%E0%B8%A3%E0%B8%94%E0%B8%B4%E0%B8%95%20%E0%B8%AA%E0%B8%A5%E0%B9%87%E0%B8%AD%E0%B8%95%20%E0%B8%9F%E0%B8%A3%E0%B8%B5%20%E0%B8%A5%E0%B9%88%E0%B8%B2%E0%B8%AA%E0%B8%B8%E0%B8%94.htmls HTTP/1.0" 200 464648 "-" "Mozilla/5.0 (Linux; Android 6.0.1; Nexus 5X Build/MMB29P) AppleWebKit/537.36 (KHTML, like Gecko) Chrome/131.0.6778.69 Mobile Safari/537.36 (compatible; Googlebot/2.1; +http://www.google.com/bot.html)"
66.249.68.65 - - [22/Nov/2024:15:08:37 -0800] "GET /?ruay=%E0%B9%82%E0%B8%88%E0%B9%8A%E0%B8%81%20%E0%B9%80%E0%B8%81%E0%B8%AD%E0%B8%A3%E0%B9%8C%20777.htmls HTTP/1.0" 200 475771 "-" "Mozilla/5.0 (Linux; Android 6.0.1; Nexus 5X Build/MMB29P) AppleWebKit/537.36 (KHTML, like Gecko) Chrome/131.0.6778.69 Mobile Safari/537.36 (compatible; Googlebot/2.1; +http://www.google.com/bot.html)"
209.182.200.39 - - [22/Nov/2024:15:08:42 -0800] "POST /wp-cron.php?doing_wp_cron=1732316922.8293418884277343750000 HTTP/1.0" 200 - "https://figplantsparadise.com/wp-cron.php?doing_wp_cron=1732316922.8293418884277343750000" "WordPress/6.1.7; https://figplantsparadise.com"
66.249.68.65 - - [22/Nov/2024:15:08:42 -0800] "GET /114152368.phtml HTTP/1.0" 200 461083 "-" "Mozilla/5.0 (Linux; Android 6.0.1; Nexus 5X Build/MMB29P) AppleWebKit/537.36 (KHTML, like Gecko) Chrome/131.0.6778.69 Mobile Safari/537.36 (compatible; Googlebot/2.1; +http://www.google.com/bot.html)"
85.208.96.197 - - [22/Nov/2024:15:08:42 -0800] "GET /108159268.phtml HTTP/1.0" 404 57326 "-" "Mozilla/5.0 (compatible; SemrushBot/7~bl; +http://www.semrush.com/bot.html)"
3.143.5.72 - - [22/Nov/2024:15:08:46 -0800] "POST /wp-login.php HTTP/1.0" 200 6407 "-" "Mozilla/5.0"
3.143.5.72 - - [22/Nov/2024:15:08:46 -0800] "POST /wp-login.php HTTP/1.0" 200 6366 "-" "Mozilla/5.0"
3.143.5.72 - - [22/Nov/2024:15:08:46 -0800] "POST /wp-login.php HTTP/1.0" 200 6419 "-" "Mozilla/5.0"
3.143.5.72 - - [22/Nov/2024:15:08:46 -0800] "POST /wp-login.php HTTP/1.0" 200 6419 "-" "Mozilla/5.0"
3.143.5.72 - - [22/Nov/2024:15:08:46 -0800] "POST /wp-login.php HTTP/1.0" 200 6413 "-" "Mozilla/5.0"
3.143.5.72 - - [22/Nov/2024:15:08:46 -0800] "POST /wp-login.php HTTP/1.0" 200 6421 "-" "Mozilla/5.0"
3.143.5.72 - - [22/Nov/2024:15:08:46 -0800] "POST /wp-login.php HTTP/1.0" 200 6423 "-" "Mozilla/5.0"
3.143.5.72 - - [22/Nov/2024:15:08:46 -0800] "POST /wp-login.php HTTP/1.0" 200 6427 "-" "Mozilla/5.0"
3.143.5.72 - - [22/Nov/2024:15:08:46 -0800] "POST /wp-login.php HTTP/1.0" 200 6417 "-" "Mozilla/5.0"
66.249.68.65 - - [22/Nov/2024:15:08:51 -0800] "GET /9838912.phtml HTTP/1.0" 200 471261 "-" "Mozilla/5.0 (Linux; Android 6.0.1; Nexus 5X Build/MMB29P) AppleWebKit/537.36 (KHTML, like Gecko) Chrome/131.0.6778.69 Mobile Safari/537.36 (compatible; Googlebot/2.1; +http://www.google.com/bot.html)"
66.249.68.66 - - [22/Nov/2024:15:08:52 -0800] "GET /97895164.phtml HTTP/1.0" 200 460857 "-" "Mozilla/5.0 (Linux; Android 6.0.1; Nexus 5X Build/MMB29P) AppleWebKit/537.36 (KHTML, like Gecko) Chrome/131.0.6778.69 Mobile Safari/537.36 (compatible; Googlebot/2.1; +http://www.google.com/bot.html)"
66.249.68.66 - - [22/Nov/2024:15:08:57 -0800] "GET /12941392.phtml HTTP/1.0" 200 469492 "-" "Mozilla/5.0 (Linux; Android 6.0.1; Nexus 5X Build/MMB29P) AppleWebKit/537.36 (KHTML, like Gecko) Chrome/131.0.6778.69 Mobile Safari/537.36 (compatible; Googlebot/2.1; +http://www.google.com/bot.html)"
66.249.68.66 - - [22/Nov/2024:15:08:59 -0800] "GET /106845952.phtml HTTP/1.0" 200 457961 "-" "Mozilla/5.0 (Linux; Android 6.0.1; Nexus 5X Build/MMB29P) AppleWebKit/537.36 (KHTML, like Gecko) Chrome/131.0.6778.69 Mobile Safari/537.36 (compatible; Googlebot/2.1; +http://www.google.com/bot.html)"
66.249.68.66 - - [22/Nov/2024:15:09:06 -0800] "GET /59192572.phtml HTTP/1.0" 200 467031 "-" "Mozilla/5.0 (Linux; Android 6.0.1; Nexus 5X Build/MMB29P) AppleWebKit/537.36 (KHTML, like Gecko) Chrome/131.0.6778.69 Mobile Safari/537.36 (compatible; Googlebot/2.1; +http://www.google.com/bot.html)"
66.249.68.66 - - [22/Nov/2024:15:09:17 -0800] "GET /?ruay=%E0%B8%AA%E0%B8%A1%E0%B8%B1%E0%B8%84%E0%B8%A3%20gclub168 HTTP/1.0" 200 460499 "-" "Mozilla/5.0 (Linux; Android 6.0.1; Nexus 5X Build/MMB29P) AppleWebKit/537.36 (KHTML, like Gecko) Chrome/131.0.6778.69 Mobile Safari/537.36 (compatible; Googlebot/2.1; +http://www.google.com/bot.html)"
66.249.68.65 - - [22/Nov/2024:15:09:21 -0800] "GET /46577128.phtml HTTP/1.0" 200 466328 "-" "Mozilla/5.0 (Linux; Android 6.0.1; Nexus 5X Build/MMB29P) AppleWebKit/537.36 (KHTML, like Gecko) Chrome/131.0.6778.69 Mobile Safari/537.36 (compatible; Googlebot/2.1; +http://www.google.com/bot.html)"
66.249.68.65 - - [22/Nov/2024:15:09:22 -0800] "GET /ruay=%E0%B9%80%E0%B8%A7%E0%B9%87%E0%B8%9A%20%E0%B8%84%E0%B8%B2%20%E0%B8%AA%E0%B8%B4%20%E0%B9%82%E0%B8%99%20%E0%B8%AD%E0%B8%AD%E0%B8%99%E0%B9%84%E0%B8%A5%E0%B8%99%E0%B9%8C%20%E0%B8%97%E0%B8%B5%E0%B9%88%20%E0%B8%94%E0%B8%B5%20%E0%B8%97%E0%B8%B5%E0%B9%88%E0%B8%AA%E0%B8%B8%E0%B8%94.htmls HTTP/1.0" 200 458810 "-" "Mozilla/5.0 (Linux; Android 6.0.1; Nexus 5X Build/MMB29P) AppleWebKit/537.36 (KHTML, like Gecko) Chrome/131.0.6778.69 Mobile Safari/537.36 (compatible; Googlebot/2.1; +http://www.google.com/bot.html)"
85.208.96.209 - - [22/Nov/2024:15:09:24 -0800] "GET /33389716.phtml HTTP/1.0" 404 57326 "-" "Mozilla/5.0 (compatible; SemrushBot/7~bl; +http://www.semrush.com/bot.html)"
66.249.68.66 - - [22/Nov/2024:15:09:45 -0800] "GET /92229124.phtml HTTP/1.0" 200 461911 "-" "Mozilla/5.0 (Linux; Android 6.0.1; Nexus 5X Build/MMB29P) AppleWebKit/537.36 (KHTML, like Gecko) Chrome/131.0.6778.69 Mobile Safari/537.36 (compatible; Googlebot/2.1; +http://www.google.com/bot.html)"
66.249.68.66 - - [22/Nov/2024:15:09:47 -0800] "GET /31906948.phtml HTTP/1.0" 200 464237 "-" "Mozilla/5.0 (Linux; Android 6.0.1; Nexus 5X Build/MMB29P) AppleWebKit/537.36 (KHTML, like Gecko) Chrome/131.0.6778.69 Mobile Safari/537.36 (compatible; Googlebot/2.1; +http://www.google.com/bot.html)"
66.249.68.65 - - [22/Nov/2024:15:09:48 -0800] "GET /102606628.phtml HTTP/1.0" 200 465753 "-" "Mozilla/5.0 (Linux; Android 6.0.1; Nexus 5X Build/MMB29P) AppleWebKit/537.36 (KHTML, like Gecko) Chrome/131.0.6778.69 Mobile Safari/537.36 (compatible; Googlebot/2.1; +http://www.google.com/bot.html)"
66.249.68.66 - - [22/Nov/2024:15:09:48 -0800] "GET /22813528.phtml HTTP/1.0" 200 477474 "-" "Mozilla/5.0 (Linux; Android 6.0.1; Nexus 5X Build/MMB29P) AppleWebKit/537.36 (KHTML, like Gecko) Chrome/131.0.6778.69 Mobile Safari/537.36 (compatible; Googlebot/2.1; +http://www.google.com/bot.html)"
209.182.200.39 - - [22/Nov/2024:15:09:50 -0800] "POST /wp-cron.php?doing_wp_cron=1732316990.0478930473327636718750 HTTP/1.0" 200 - "https://figplantsparadise.com/wp-cron.php?doing_wp_cron=1732316990.0478930473327636718750" "WordPress/6.1.7; https://figplantsparadise.com"
185.191.171.16 - - [22/Nov/2024:15:09:49 -0800] "GET /105837988.phtml HTTP/1.0" 404 57326 "-" "Mozilla/5.0 (compatible; SemrushBot/7~bl; +http://www.semrush.com/bot.html)"
85.208.96.200 - - [22/Nov/2024:15:10:11 -0800] "GET /18463288.phtml HTTP/1.0" 404 57326 "-" "Mozilla/5.0 (compatible; SemrushBot/7~bl; +http://www.semrush.com/bot.html)"
66.249.68.66 - - [22/Nov/2024:15:10:12 -0800] "GET /48622792.phtml HTTP/1.0" 200 462348 "-" "Mozilla/5.0 (Linux; Android 6.0.1; Nexus 5X Build/MMB29P) AppleWebKit/537.36 (KHTML, like Gecko) Chrome/131.0.6778.69 Mobile Safari/537.36 (compatible; Googlebot/2.1; +http://www.google.com/bot.html)"
209.182.200.39 - - [22/Nov/2024:15:10:52 -0800] "POST /wp-cron.php?doing_wp_cron=1732317052.4376709461212158203125 HTTP/1.0" 200 - "https://figplantsparadise.com/wp-cron.php?doing_wp_cron=1732317052.4376709461212158203125" "WordPress/6.1.7; https://figplantsparadise.com"
138.197.123.154 - - [22/Nov/2024:15:10:52 -0800] "GET /product/green-summer/ HTTP/1.0" 200 109281 "-" "Mozilla/5.0 (Macintosh; Intel Mac OS X 10_15_7) AppleWebKit/537.36 (KHTML, like Gecko) Chrome/124.0.0.0 Safari/537.36"
209.182.200.39 - - [22/Nov/2024:15:11:26 -0800] "POST /wp-cron.php?doing_wp_cron=1732317086.5736060142517089843750 HTTP/1.0" 200 - "https://figplantsparadise.com/wp-cron.php?doing_wp_cron=1732317086.5736060142517089843750" "WordPress/6.1.7; https://figplantsparadise.com"
185.191.171.2 - - [22/Nov/2024:15:11:26 -0800] "GET /95427688.phtml HTTP/1.0" 404 57326 "-" "Mozilla/5.0 (compatible; SemrushBot/7~bl; +http://www.semrush.com/bot.html)"
209.182.200.39 - - [22/Nov/2024:15:11:37 -0800] "POST /wp-cron.php?doing_wp_cron=1732317097.3238139152526855468750 HTTP/1.0" 200 - "https://figplantsparadise.com/wp-cron.php?doing_wp_cron=1732317097.3238139152526855468750" "WordPress/6.1.7; https://figplantsparadise.com"
185.191.171.10 - - [22/Nov/2024:15:11:37 -0800] "GET /97086784.phtml HTTP/1.0" 404 57326 "-" "Mozilla/5.0 (compatible; SemrushBot/7~bl; +http://www.semrush.com/bot.html)"
85.208.96.209 - - [22/Nov/2024:15:11:47 -0800] "GET /31108432.phtml HTTP/1.0" 404 57326 "-" "Mozilla/5.0 (compatible; SemrushBot/7~bl; +http://www.semrush.com/bot.html)"
85.208.96.202 - - [22/Nov/2024:15:12:18 -0800] "GET /75630316.phtml HTTP/1.0" 404 57326 "-" "Mozilla/5.0 (compatible; SemrushBot/7~bl; +http://www.semrush.com/bot.html)"
85.208.96.205 - - [22/Nov/2024:15:12:29 -0800] "GET /113660284.phtml HTTP/1.0" 404 57326 "-" "Mozilla/5.0 (compatible; SemrushBot/7~bl; +http://www.semrush.com/bot.html)"
209.182.200.39 - - [22/Nov/2024:15:12:43 -0800] "POST /wp-cron.php?doing_wp_cron=1732317163.3714311122894287109375 HTTP/1.0" 200 - "https://figplantsparadise.com/wp-cron.php?doing_wp_cron=1732317163.3714311122894287109375" "WordPress/6.1.7; https://figplantsparadise.com"
185.191.171.14 - - [22/Nov/2024:15:12:43 -0800] "GET /58821736.phtml HTTP/1.0" 404 57326 "-" "Mozilla/5.0 (compatible; SemrushBot/7~bl; +http://www.semrush.com/bot.html)"
85.208.96.195 - - [22/Nov/2024:15:13:09 -0800] "GET /107575744.phtml HTTP/1.0" 404 57326 "-" "Mozilla/5.0 (compatible; SemrushBot/7~bl; +http://www.semrush.com/bot.html)"
209.182.200.39 - - [22/Nov/2024:15:14:11 -0800] "POST /wp-cron.php?doing_wp_cron=1732317251.3836140632629394531250 HTTP/1.0" 200 - "https://figplantsparadise.com/wp-cron.php?doing_wp_cron=1732317251.3836140632629394531250" "WordPress/6.1.7; https://figplantsparadise.com"
185.191.171.16 - - [22/Nov/2024:15:14:11 -0800] "GET /100882120.phtml HTTP/1.0" 404 57326 "-" "Mozilla/5.0 (compatible; SemrushBot/7~bl; +http://www.semrush.com/bot.html)"
185.191.171.15 - - [22/Nov/2024:15:14:26 -0800] "GET /110750980.phtml HTTP/1.0" 404 57326 "-" "Mozilla/5.0 (compatible; SemrushBot/7~bl; +http://www.semrush.com/bot.html)"
209.182.200.39 - - [22/Nov/2024:15:16:19 -0800] "POST /wp-cron.php?doing_wp_cron=1732317379.1663269996643066406250 HTTP/1.0" 200 - "https://figplantsparadise.com/wp-cron.php?doing_wp_cron=1732317379.1663269996643066406250" "WordPress/6.1.7; https://figplantsparadise.com"
85.208.96.210 - - [22/Nov/2024:15:16:18 -0800] "GET /91485148.phtml HTTP/1.0" 404 57326 "-" "Mozilla/5.0 (compatible; SemrushBot/7~bl; +http://www.semrush.com/bot.html)"
209.182.200.39 - - [22/Nov/2024:15:16:31 -0800] "POST /wp-cron.php?doing_wp_cron=1732317391.6695950031280517578125 HTTP/1.0" 200 - "https://figplantsparadise.com/wp-cron.php?doing_wp_cron=1732317391.6695950031280517578125" "WordPress/6.1.7; https://figplantsparadise.com"
185.191.171.14 - - [22/Nov/2024:15:16:31 -0800] "GET /114522592.phtml HTTP/1.0" 404 57326 "-" "Mozilla/5.0 (compatible; SemrushBot/7~bl; +http://www.semrush.com/bot.html)"
85.208.96.205 - - [22/Nov/2024:15:16:45 -0800] "GET /32598364.phtml HTTP/1.0" 404 57326 "-" "Mozilla/5.0 (compatible; SemrushBot/7~bl; +http://www.semrush.com/bot.html)"
85.208.96.212 - - [22/Nov/2024:15:16:55 -0800] "GET /34394980.phtml HTTP/1.0" 404 57326 "-" "Mozilla/5.0 (compatible; SemrushBot/7~bl; +http://www.semrush.com/bot.html)"
85.208.96.209 - - [22/Nov/2024:15:17:06 -0800] "GET /76456480.phtml HTTP/1.0" 404 57326 "-" "Mozilla/5.0 (compatible; SemrushBot/7~bl; +http://www.semrush.com/bot.html)"
85.208.96.193 - - [22/Nov/2024:15:17:17 -0800] "GET /22429588.phtml HTTP/1.0" 404 57326 "-" "Mozilla/5.0 (compatible; SemrushBot/7~bl; +http://www.semrush.com/bot.html)"
185.191.171.8 - - [22/Nov/2024:15:17:28 -0800] "GET /59882620.phtml HTTP/1.0" 404 57326 "-" "Mozilla/5.0 (compatible; SemrushBot/7~bl; +http://www.semrush.com/bot.html)"
209.182.200.39 - - [22/Nov/2024:15:17:39 -0800] "POST /wp-cron.php?doing_wp_cron=1732317459.4268260002136230468750 HTTP/1.0" 200 - "https://figplantsparadise.com/wp-cron.php?doing_wp_cron=1732317459.4268260002136230468750" "WordPress/6.1.7; https://figplantsparadise.com"
185.191.171.18 - - [22/Nov/2024:15:17:39 -0800] "GET /105629260.phtml HTTP/1.0" 404 57326 "-" "Mozilla/5.0 (compatible; SemrushBot/7~bl; +http://www.semrush.com/bot.html)"
209.182.200.39 - - [22/Nov/2024:15:18:39 -0800] "POST /wp-cron.php?doing_wp_cron=1732317519.1668460369110107421875 HTTP/1.0" 200 - "https://figplantsparadise.com/wp-cron.php?doing_wp_cron=1732317519.1668460369110107421875" "WordPress/6.1.7; https://figplantsparadise.com"
185.191.171.15 - - [22/Nov/2024:15:18:38 -0800] "GET /78974464.phtml HTTP/1.0" 404 57326 "-" "Mozilla/5.0 (compatible; SemrushBot/7~bl; +http://www.semrush.com/bot.html)"
216.244.66.229 - - [22/Nov/2024:15:18:43 -0800] "GET /product/cul-dama-verde-3/feed/ HTTP/1.0" 301 - "-" "Mozilla/5.0 (compatible; DotBot/1.2; +https://opensiteexplorer.org/dotbot; help@moz.com)"
209.182.200.39 - - [22/Nov/2024:15:20:01 -0800] "POST /wp-cron.php?doing_wp_cron=1732317601.0905389785766601562500 HTTP/1.0" 200 - "https://figplantsparadise.com/wp-cron.php?doing_wp_cron=1732317601.0905389785766601562500" "WordPress/6.1.7; https://figplantsparadise.com"
85.208.96.198 - - [22/Nov/2024:15:20:00 -0800] "GET /90129280.phtml HTTP/1.0" 404 57326 "-" "Mozilla/5.0 (compatible; SemrushBot/7~bl; +http://www.semrush.com/bot.html)"
185.191.171.3 - - [22/Nov/2024:15:20:12 -0800] "GET /60387700.phtml HTTP/1.0" 404 57326 "-" "Mozilla/5.0 (compatible; SemrushBot/7~bl; +http://www.semrush.com/bot.html)"
209.182.200.39 - - [22/Nov/2024:15:21:10 -0800] "POST /wp-cron.php?doing_wp_cron=1732317670.1891090869903564453125 HTTP/1.0" 200 - "https://figplantsparadise.com/wp-cron.php?doing_wp_cron=1732317670.1891090869903564453125" "WordPress/6.1.7; https://figplantsparadise.com"
185.191.171.8 - - [22/Nov/2024:15:21:09 -0800] "GET /9361228.phtml HTTP/1.0" 404 57326 "-" "Mozilla/5.0 (compatible; SemrushBot/7~bl; +http://www.semrush.com/bot.html)"
85.208.96.211 - - [22/Nov/2024:15:21:20 -0800] "GET /101498044.phtml HTTP/1.0" 404 57326 "-" "Mozilla/5.0 (compatible; SemrushBot/7~bl; +http://www.semrush.com/bot.html)"
209.182.200.39 - - [22/Nov/2024:15:21:33 -0800] "POST /wp-cron.php?doing_wp_cron=1732317693.2824959754943847656250 HTTP/1.0" 200 - "https://figplantsparadise.com/wp-cron.php?doing_wp_cron=1732317693.2824959754943847656250" "WordPress/6.1.7; https://figplantsparadise.com"
85.208.96.210 - - [22/Nov/2024:15:21:33 -0800] "GET /98737528.phtml HTTP/1.0" 404 57326 "-" "Mozilla/5.0 (compatible; SemrushBot/7~bl; +http://www.semrush.com/bot.html)"
185.191.171.19 - - [22/Nov/2024:15:21:44 -0800] "GET /44704804.phtml HTTP/1.0" 404 57326 "-" "Mozilla/5.0 (compatible; SemrushBot/7~bl; +http://www.semrush.com/bot.html)"
85.208.96.210 - - [22/Nov/2024:15:21:55 -0800] "GET /115693312.phtml HTTP/1.0" 404 57326 "-" "Mozilla/5.0 (compatible; SemrushBot/7~bl; +http://www.semrush.com/bot.html)"
185.191.171.1 - - [22/Nov/2024:15:22:20 -0800] "GET /61686076.phtml HTTP/1.0" 404 57326 "-" "Mozilla/5.0 (compatible; SemrushBot/7~bl; +http://www.semrush.com/bot.html)"
209.182.200.39 - - [22/Nov/2024:15:22:43 -0800] "POST /wp-cron.php?doing_wp_cron=1732317763.6473848819732666015625 HTTP/1.0" 200 - "https://figplantsparadise.com/wp-cron.php?doing_wp_cron=1732317763.6473848819732666015625" "WordPress/6.1.7; https://figplantsparadise.com"
85.208.96.201 - - [22/Nov/2024:15:22:43 -0800] "GET /36425668.phtml HTTP/1.0" 404 57326 "-" "Mozilla/5.0 (compatible; SemrushBot/7~bl; +http://www.semrush.com/bot.html)"
66.249.68.67 - - [22/Nov/2024:15:22:58 -0800] "GET /87583576.phtml HTTP/1.0" 200 459888 "-" "Mozilla/5.0 (Linux; Android 6.0.1; Nexus 5X Build/MMB29P) AppleWebKit/537.36 (KHTML, like Gecko) Chrome/131.0.6778.69 Mobile Safari/537.36 (compatible; Googlebot/2.1; +http://www.google.com/bot.html)"
66.249.68.66 - - [22/Nov/2024:15:22:59 -0800] "GET /33360988.phtml HTTP/1.0" 200 466220 "-" "Mozilla/5.0 (Linux; Android 6.0.1; Nexus 5X Build/MMB29P) AppleWebKit/537.36 (KHTML, like Gecko) Chrome/131.0.6778.69 Mobile Safari/537.36 (compatible; Googlebot/2.1; +http://www.google.com/bot.html)"
195.20.19.198 - - [22/Nov/2024:15:23:05 -0800] "GET / HTTP/1.0" 200 173032 "-" "Mozilla/5.0 (Windows NT 10.0; Win64; x64) AppleWebKit/537.36 (KHTML, like Gecko) Chrome/121.0.0.0 Safari/537.36 Edg/121.0.0.0"
66.249.68.65 - - [22/Nov/2024:15:23:07 -0800] "GET /104801620.phtml HTTP/1.0" 200 460703 "-" "Mozilla/5.0 (Linux; Android 6.0.1; Nexus 5X Build/MMB29P) AppleWebKit/537.36 (KHTML, like Gecko) Chrome/131.0.6778.69 Mobile Safari/537.36 (compatible; Googlebot/2.1; +http://www.google.com/bot.html)"
195.20.19.198 - - [22/Nov/2024:15:23:08 -0800] "POST /test-contact-page/ HTTP/1.0" 404 57462 "-" "Mozilla/5.0 (Windows NT 10.0; Win64; x64) AppleWebKit/537.36 (KHTML, like Gecko) Chrome/121.0.0.0 Safari/537.36 Edg/121.0.0.0"
195.20.19.198 - - [22/Nov/2024:15:23:09 -0800] "POST /service/247-support/ HTTP/1.0" 404 57462 "-" "Mozilla/5.0 (Windows NT 10.0; Win64; x64) AppleWebKit/537.36 (KHTML, like Gecko) Chrome/121.0.0.0 Safari/537.36 Edg/121.0.0.0"
195.20.19.198 - - [22/Nov/2024:15:23:11 -0800] "POST /about-us/ HTTP/1.0" 404 57500 "-" "Mozilla/5.0 (Windows NT 10.0; Win64; x64) AppleWebKit/537.36 (KHTML, like Gecko) Chrome/121.0.0.0 Safari/537.36 Edg/121.0.0.0"
195.20.19.198 - - [22/Nov/2024:15:23:12 -0800] "POST /contact/ HTTP/1.0" 404 57538 "-" "Mozilla/5.0 (Windows NT 10.0; Win64; x64) AppleWebKit/537.36 (KHTML, like Gecko) Chrome/121.0.0.0 Safari/537.36 Edg/121.0.0.0"
195.20.19.198 - - [22/Nov/2024:15:23:14 -0800] "POST /my-account/ HTTP/1.0" 404 57576 "-" "Mozilla/5.0 (Windows NT 10.0; Win64; x64) AppleWebKit/537.36 (KHTML, like Gecko) Chrome/121.0.0.0 Safari/537.36 Edg/121.0.0.0"
66.249.68.66 - - [22/Nov/2024:15:23:15 -0800] "GET /43908952.phtml HTTP/1.0" 200 471102 "-" "Mozilla/5.0 (Linux; Android 6.0.1; Nexus 5X Build/MMB29P) AppleWebKit/537.36 (KHTML, like Gecko) Chrome/131.0.6778.69 Mobile Safari/537.36 (compatible; Googlebot/2.1; +http://www.google.com/bot.html)"
66.249.68.66 - - [22/Nov/2024:15:23:16 -0800] "GET /77486944.phtml HTTP/1.0" 200 460599 "-" "Mozilla/5.0 (Linux; Android 6.0.1; Nexus 5X Build/MMB29P) AppleWebKit/537.36 (KHTML, like Gecko) Chrome/131.0.6778.69 Mobile Safari/537.36 (compatible; Googlebot/2.1; +http://www.google.com/bot.html)"
66.249.68.65 - - [22/Nov/2024:15:23:24 -0800] "GET /100582024.phtml HTTP/1.0" 200 461002 "-" "Mozilla/5.0 (Linux; Android 6.0.1; Nexus 5X Build/MMB29P) AppleWebKit/537.36 (KHTML, like Gecko) Chrome/131.0.6778.69 Mobile Safari/537.36 (compatible; Googlebot/2.1; +http://www.google.com/bot.html)"
66.249.68.65 - - [22/Nov/2024:15:23:28 -0800] "GET /17683996.phtml HTTP/1.0" 200 464566 "-" "Mozilla/5.0 (Linux; Android 6.0.1; Nexus 5X Build/MMB29P) AppleWebKit/537.36 (KHTML, like Gecko) Chrome/131.0.6778.69 Mobile Safari/537.36 (compatible; Googlebot/2.1; +http://www.google.com/bot.html)"
66.249.68.65 - - [22/Nov/2024:15:23:33 -0800] "GET /27149440.phtml HTTP/1.0" 200 473191 "-" "Mozilla/5.0 (Linux; Android 6.0.1; Nexus 5X Build/MMB29P) AppleWebKit/537.36 (KHTML, like Gecko) Chrome/131.0.6778.69 Mobile Safari/537.36 (compatible; Googlebot/2.1; +http://www.google.com/bot.html)"
66.249.68.65 - - [22/Nov/2024:15:23:37 -0800] "GET /105895696.phtml HTTP/1.0" 200 461617 "-" "Mozilla/5.0 (Linux; Android 6.0.1; Nexus 5X Build/MMB29P) AppleWebKit/537.36 (KHTML, like Gecko) Chrome/131.0.6778.69 Mobile Safari/537.36 (compatible; Googlebot/2.1; +http://www.google.com/bot.html)"
66.249.68.65 - - [22/Nov/2024:15:23:41 -0800] "GET /113620540.phtml HTTP/1.0" 200 461012 "-" "Mozilla/5.0 (Linux; Android 6.0.1; Nexus 5X Build/MMB29P) AppleWebKit/537.36 (KHTML, like Gecko) Chrome/131.0.6778.69 Mobile Safari/537.36 (compatible; Googlebot/2.1; +http://www.google.com/bot.html)"
66.249.68.66 - - [22/Nov/2024:15:23:41 -0800] "GET /31523116.phtml HTTP/1.0" 200 473861 "-" "Mozilla/5.0 (Linux; Android 6.0.1; Nexus 5X Build/MMB29P) AppleWebKit/537.36 (KHTML, like Gecko) Chrome/131.0.6778.69 Mobile Safari/537.36 (compatible; Googlebot/2.1; +http://www.google.com/bot.html)"
66.249.68.65 - - [22/Nov/2024:15:23:42 -0800] "GET /38919820.phtml HTTP/1.0" 200 460468 "-" "Mozilla/5.0 (Linux; Android 6.0.1; Nexus 5X Build/MMB29P) AppleWebKit/537.36 (KHTML, like Gecko) Chrome/131.0.6778.69 Mobile Safari/537.36 (compatible; Googlebot/2.1; +http://www.google.com/bot.html)"
66.249.68.66 - - [22/Nov/2024:15:23:47 -0800] "GET /112260172.phtml HTTP/1.0" 200 464116 "-" "Mozilla/5.0 (Linux; Android 6.0.1; Nexus 5X Build/MMB29P) AppleWebKit/537.36 (KHTML, like Gecko) Chrome/131.0.6778.69 Mobile Safari/537.36 (compatible; Googlebot/2.1; +http://www.google.com/bot.html)"
66.249.68.66 - - [22/Nov/2024:15:23:48 -0800] "GET /88055608.phtml HTTP/1.0" 200 469744 "-" "Mozilla/5.0 (Linux; Android 6.0.1; Nexus 5X Build/MMB29P) AppleWebKit/537.36 (KHTML, like Gecko) Chrome/131.0.6778.69 Mobile Safari/537.36 (compatible; Googlebot/2.1; +http://www.google.com/bot.html)"
66.249.68.66 - - [22/Nov/2024:15:23:56 -0800] "GET /44628484.phtml HTTP/1.0" 200 460892 "-" "Mozilla/5.0 (Linux; Android 6.0.1; Nexus 5X Build/MMB29P) AppleWebKit/537.36 (KHTML, like Gecko) Chrome/131.0.6778.69 Mobile Safari/537.36 (compatible; Googlebot/2.1; +http://www.google.com/bot.html)"
209.182.200.39 - - [22/Nov/2024:15:23:58 -0800] "POST /wp-cron.php?doing_wp_cron=1732317838.1863789558410644531250 HTTP/1.0" 200 - "https://figplantsparadise.com/wp-cron.php?doing_wp_cron=1732317838.1863789558410644531250" "WordPress/6.1.7; https://figplantsparadise.com"
185.191.171.4 - - [22/Nov/2024:15:23:58 -0800] "GET /9440788.phtml HTTP/1.0" 404 57326 "-" "Mozilla/5.0 (compatible; SemrushBot/7~bl; +http://www.semrush.com/bot.html)"
66.249.68.65 - - [22/Nov/2024:15:23:59 -0800] "GET /53941576.phtml HTTP/1.0" 200 465598 "-" "Mozilla/5.0 (Linux; Android 6.0.1; Nexus 5X Build/MMB29P) AppleWebKit/537.36 (KHTML, like Gecko) Chrome/131.0.6778.69 Mobile Safari/537.36 (compatible; Googlebot/2.1; +http://www.google.com/bot.html)"
66.249.68.66 - - [22/Nov/2024:15:24:03 -0800] "GET /60195640.phtml HTTP/1.0" 200 465321 "-" "Mozilla/5.0 (Linux; Android 6.0.1; Nexus 5X Build/MMB29P) AppleWebKit/537.36 (KHTML, like Gecko) Chrome/131.0.6778.69 Mobile Safari/537.36 (compatible; Googlebot/2.1; +http://www.google.com/bot.html)"
66.249.68.66 - - [22/Nov/2024:15:24:04 -0800] "GET /77525788.phtml HTTP/1.0" 200 471050 "-" "Mozilla/5.0 (Linux; Android 6.0.1; Nexus 5X Build/MMB29P) AppleWebKit/537.36 (KHTML, like Gecko) Chrome/131.0.6778.69 Mobile Safari/537.36 (compatible; Googlebot/2.1; +http://www.google.com/bot.html)"
66.249.68.65 - - [22/Nov/2024:15:24:08 -0800] "GET /13960192.phtml HTTP/1.0" 200 462831 "-" "Mozilla/5.0 (Linux; Android 6.0.1; Nexus 5X Build/MMB29P) AppleWebKit/537.36 (KHTML, like Gecko) Chrome/131.0.6778.69 Mobile Safari/537.36 (compatible; Googlebot/2.1; +http://www.google.com/bot.html)"
66.249.68.66 - - [22/Nov/2024:15:24:10 -0800] "GET /9329296.phtml HTTP/1.0" 200 460972 "-" "Mozilla/5.0 (Linux; Android 6.0.1; Nexus 5X Build/MMB29P) AppleWebKit/537.36 (KHTML, like Gecko) Chrome/131.0.6778.69 Mobile Safari/537.36 (compatible; Googlebot/2.1; +http://www.google.com/bot.html)"
66.249.68.66 - - [22/Nov/2024:15:24:14 -0800] "GET /51530044.phtml HTTP/1.0" 200 458396 "-" "Mozilla/5.0 (Linux; Android 6.0.1; Nexus 5X Build/MMB29P) AppleWebKit/537.36 (KHTML, like Gecko) Chrome/131.0.6778.69 Mobile Safari/537.36 (compatible; Googlebot/2.1; +http://www.google.com/bot.html)"
66.249.68.66 - - [22/Nov/2024:15:24:18 -0800] "GET /ac=pg%20slot%20aba.htmls HTTP/1.0" 200 460744 "-" "Mozilla/5.0 (Linux; Android 6.0.1; Nexus 5X Build/MMB29P) AppleWebKit/537.36 (KHTML, like Gecko) Chrome/131.0.6778.69 Mobile Safari/537.36 (compatible; Googlebot/2.1; +http://www.google.com/bot.html)"
66.249.68.66 - - [22/Nov/2024:15:24:20 -0800] "GET /54818356.phtml HTTP/1.0" 200 471006 "-" "Mozilla/5.0 (Linux; Android 6.0.1; Nexus 5X Build/MMB29P) AppleWebKit/537.36 (KHTML, like Gecko) Chrome/131.0.6778.69 Mobile Safari/537.36 (compatible; Googlebot/2.1; +http://www.google.com/bot.html)"
66.249.68.65 - - [22/Nov/2024:15:24:22 -0800] "GET /71436712.phtml HTTP/1.0" 200 462875 "-" "Mozilla/5.0 (Linux; Android 6.0.1; Nexus 5X Build/MMB29P) AppleWebKit/537.36 (KHTML, like Gecko) Chrome/131.0.6778.69 Mobile Safari/537.36 (compatible; Googlebot/2.1; +http://www.google.com/bot.html)"
66.249.68.65 - - [22/Nov/2024:15:24:23 -0800] "GET /ruay=%E0%B8%97%E0%B8%B2%E0%B8%87%20%E0%B9%80%E0%B8%82%E0%B9%89%E0%B8%B2%20sbo.html HTTP/1.0" 200 464747 "-" "Mozilla/5.0 (Linux; Android 6.0.1; Nexus 5X Build/MMB29P) AppleWebKit/537.36 (KHTML, like Gecko) Chrome/131.0.6778.69 Mobile Safari/537.36 (compatible; Googlebot/2.1; +http://www.google.com/bot.html)"
66.249.68.66 - - [22/Nov/2024:15:24:32 -0800] "GET /76888588.phtml HTTP/1.0" 200 463371 "-" "Mozilla/5.0 (Linux; Android 6.0.1; Nexus 5X Build/MMB29P) AppleWebKit/537.36 (KHTML, like Gecko) Chrome/131.0.6778.69 Mobile Safari/537.36 (compatible; Googlebot/2.1; +http://www.google.com/bot.html)"
