85.208.96.199 - - [22/Nov/2024:08:13:58 -0800] "GET /68956888.phtml HTTP/1.0" 404 57326 "-" "Mozilla/5.0 (compatible; SemrushBot/7~bl; +http://www.semrush.com/bot.html)"
85.208.96.202 - - [22/Nov/2024:08:14:09 -0800] "GET /78507868.phtml HTTP/1.0" 404 57326 "-" "Mozilla/5.0 (compatible; SemrushBot/7~bl; +http://www.semrush.com/bot.html)"
185.191.171.4 - - [22/Nov/2024:08:14:20 -0800] "GET /28449004.phtml HTTP/1.0" 404 57326 "-" "Mozilla/5.0 (compatible; SemrushBot/7~bl; +http://www.semrush.com/bot.html)"
209.182.200.39 - - [22/Nov/2024:08:14:31 -0800] "POST /wp-cron.php?doing_wp_cron=1732292071.3319239616394042968750 HTTP/1.0" 200 - "https://figplantsparadise.com/wp-cron.php?doing_wp_cron=1732292071.3319239616394042968750" "WordPress/6.1.7; https://figplantsparadise.com"
185.191.171.12 - - [22/Nov/2024:08:14:31 -0800] "GET /91342804.phtml HTTP/1.0" 404 57326 "-" "Mozilla/5.0 (compatible; SemrushBot/7~bl; +http://www.semrush.com/bot.html)"
85.208.96.204 - - [22/Nov/2024:08:14:43 -0800] "GET /8309920.phtml HTTP/1.0" 404 57326 "-" "Mozilla/5.0 (compatible; SemrushBot/7~bl; +http://www.semrush.com/bot.html)"
51.222.253.8 - - [22/Nov/2024:08:15:10 -0800] "GET /product/battaglia/ HTTP/1.0" 200 110918 "-" "Mozilla/5.0 (compatible; AhrefsBot/7.0; +http://ahrefs.com/robot/)"
185.191.171.4 - - [22/Nov/2024:08:15:27 -0800] "GET /66508744.phtml HTTP/1.0" 404 57326 "-" "Mozilla/5.0 (compatible; SemrushBot/7~bl; +http://www.semrush.com/bot.html)"
209.182.200.39 - - [22/Nov/2024:08:15:42 -0800] "POST /wp-cron.php?doing_wp_cron=1732292142.6787099838256835937500 HTTP/1.0" 200 - "https://figplantsparadise.com/wp-cron.php?doing_wp_cron=1732292142.6787099838256835937500" "WordPress/6.1.7; https://figplantsparadise.com"
185.191.171.5 - - [22/Nov/2024:08:15:42 -0800] "GET /77087920.phtml HTTP/1.0" 404 57326 "-" "Mozilla/5.0 (compatible; SemrushBot/7~bl; +http://www.semrush.com/bot.html)"
209.182.200.39 - - [22/Nov/2024:08:16:03 -0800] "POST /wp-cron.php?doing_wp_cron=1732292163.0537281036376953125000 HTTP/1.0" 200 - "https://figplantsparadise.com/wp-cron.php?doing_wp_cron=1732292163.0537281036376953125000" "WordPress/6.1.7; https://figplantsparadise.com"
185.191.171.13 - - [22/Nov/2024:08:16:00 -0800] "GET /13964188.phtml HTTP/1.0" 404 57326 "-" "Mozilla/5.0 (compatible; SemrushBot/7~bl; +http://www.semrush.com/bot.html)"
185.191.171.13 - - [22/Nov/2024:08:16:14 -0800] "GET /38083828.phtml HTTP/1.0" 404 57326 "-" "Mozilla/5.0 (compatible; SemrushBot/7~bl; +http://www.semrush.com/bot.html)"
185.191.171.12 - - [22/Nov/2024:08:16:26 -0800] "GET /100670080.phtml HTTP/1.0" 404 57326 "-" "Mozilla/5.0 (compatible; SemrushBot/7~bl; +http://www.semrush.com/bot.html)"
209.182.200.39 - - [22/Nov/2024:08:16:37 -0800] "POST /wp-cron.php?doing_wp_cron=1732292197.5013170242309570312500 HTTP/1.0" 200 - "https://figplantsparadise.com/wp-cron.php?doing_wp_cron=1732292197.5013170242309570312500" "WordPress/6.1.7; https://figplantsparadise.com"
85.208.96.198 - - [22/Nov/2024:08:16:37 -0800] "GET /36595372.phtml HTTP/1.0" 404 57326 "-" "Mozilla/5.0 (compatible; SemrushBot/7~bl; +http://www.semrush.com/bot.html)"
85.208.96.198 - - [22/Nov/2024:08:16:48 -0800] "GET /110428852.phtml HTTP/1.0" 404 57326 "-" "Mozilla/5.0 (compatible; SemrushBot/7~bl; +http://www.semrush.com/bot.html)"
185.191.171.12 - - [22/Nov/2024:08:17:00 -0800] "GET /62486968.phtml HTTP/1.0" 404 57326 "-" "Mozilla/5.0 (compatible; SemrushBot/7~bl; +http://www.semrush.com/bot.html)"
185.191.171.12 - - [22/Nov/2024:08:17:19 -0800] "GET /product/angelica-2/ HTTP/1.0" 200 109781 "-" "Mozilla/5.0 (compatible; SemrushBot/7~bl; +http://www.semrush.com/bot.html)"
209.182.200.39 - - [22/Nov/2024:08:17:34 -0800] "POST /wp-cron.php?doing_wp_cron=1732292254.0552790164947509765625 HTTP/1.0" 200 - "https://figplantsparadise.com/wp-cron.php?doing_wp_cron=1732292254.0552790164947509765625" "WordPress/6.1.7; https://figplantsparadise.com"
185.191.171.12 - - [22/Nov/2024:08:17:33 -0800] "GET /68873044.phtml HTTP/1.0" 404 57326 "-" "Mozilla/5.0 (compatible; SemrushBot/7~bl; +http://www.semrush.com/bot.html)"
185.191.171.11 - - [22/Nov/2024:08:17:46 -0800] "GET /12105544.phtml HTTP/1.0" 404 57326 "-" "Mozilla/5.0 (compatible; SemrushBot/7~bl; +http://www.semrush.com/bot.html)"
185.191.171.8 - - [22/Nov/2024:08:17:58 -0800] "GET /81964768.phtml HTTP/1.0" 404 57326 "-" "Mozilla/5.0 (compatible; SemrushBot/7~bl; +http://www.semrush.com/bot.html)"
85.208.96.197 - - [22/Nov/2024:08:18:09 -0800] "GET /67425772.phtml HTTP/1.0" 404 57326 "-" "Mozilla/5.0 (compatible; SemrushBot/7~bl; +http://www.semrush.com/bot.html)"
185.191.171.11 - - [22/Nov/2024:08:18:20 -0800] "GET /64495480.phtml HTTP/1.0" 404 57326 "-" "Mozilla/5.0 (compatible; SemrushBot/7~bl; +http://www.semrush.com/bot.html)"
209.182.200.39 - - [22/Nov/2024:08:18:32 -0800] "POST /wp-cron.php?doing_wp_cron=1732292312.2384870052337646484375 HTTP/1.0" 200 - "https://figplantsparadise.com/wp-cron.php?doing_wp_cron=1732292312.2384870052337646484375" "WordPress/6.1.7; https://figplantsparadise.com"
85.208.96.206 - - [22/Nov/2024:08:18:32 -0800] "GET /70924216.phtml HTTP/1.0" 404 57326 "-" "Mozilla/5.0 (compatible; SemrushBot/7~bl; +http://www.semrush.com/bot.html)"
185.191.171.14 - - [22/Nov/2024:08:18:44 -0800] "GET /18539716.phtml HTTP/1.0" 404 57326 "-" "Mozilla/5.0 (compatible; SemrushBot/7~bl; +http://www.semrush.com/bot.html)"
216.244.66.229 - - [22/Nov/2024:08:18:58 -0800] "GET /product/ragno-viola/feed/ HTTP/1.0" 301 - "-" "Mozilla/5.0 (compatible; DotBot/1.2; +https://opensiteexplorer.org/dotbot; help@moz.com)"
85.208.96.200 - - [22/Nov/2024:08:19:19 -0800] "GET /48379360.phtml HTTP/1.0" 404 57326 "-" "Mozilla/5.0 (compatible; SemrushBot/7~bl; +http://www.semrush.com/bot.html)"
209.182.200.39 - - [22/Nov/2024:08:20:06 -0800] "POST /wp-cron.php?doing_wp_cron=1732292406.2986879348754882812500 HTTP/1.0" 200 - "https://figplantsparadise.com/wp-cron.php?doing_wp_cron=1732292406.2986879348754882812500" "WordPress/6.1.7; https://figplantsparadise.com"
185.191.171.5 - - [22/Nov/2024:08:20:06 -0800] "GET /91742008.phtml HTTP/1.0" 404 57326 "-" "Mozilla/5.0 (compatible; SemrushBot/7~bl; +http://www.semrush.com/bot.html)"
85.208.96.198 - - [22/Nov/2024:08:20:17 -0800] "GET /104983780.phtml HTTP/1.0" 404 57326 "-" "Mozilla/5.0 (compatible; SemrushBot/7~bl; +http://www.semrush.com/bot.html)"
66.249.68.65 - - [22/Nov/2024:08:20:20 -0800] "GET /65966116.phtml HTTP/1.0" 200 464589 "-" "Mozilla/5.0 (Linux; Android 6.0.1; Nexus 5X Build/MMB29P) AppleWebKit/537.36 (KHTML, like Gecko) Chrome/131.0.6778.69 Mobile Safari/537.36 (compatible; Googlebot/2.1; +http://www.google.com/bot.html)"
185.191.171.13 - - [22/Nov/2024:08:20:27 -0800] "GET /22165312.phtml HTTP/1.0" 404 57326 "-" "Mozilla/5.0 (compatible; SemrushBot/7~bl; +http://www.semrush.com/bot.html)"
209.182.200.39 - - [22/Nov/2024:08:20:39 -0800] "POST /wp-cron.php?doing_wp_cron=1732292439.2492349147796630859375 HTTP/1.0" 200 - "https://figplantsparadise.com/wp-cron.php?doing_wp_cron=1732292439.2492349147796630859375" "WordPress/6.1.7; https://figplantsparadise.com"
185.191.171.11 - - [22/Nov/2024:08:20:39 -0800] "GET /53580064.phtml HTTP/1.0" 404 57326 "-" "Mozilla/5.0 (compatible; SemrushBot/7~bl; +http://www.semrush.com/bot.html)"
216.244.66.229 - - [22/Nov/2024:08:20:40 -0800] "GET /product-category/fig-trees/page/3/ HTTP/1.0" 301 - "-" "Mozilla/5.0 (compatible; DotBot/1.2; +https://opensiteexplorer.org/dotbot; help@moz.com)"
51.222.253.18 - - [22/Nov/2024:08:20:47 -0800] "GET /product/large-breba/ HTTP/1.0" 200 110471 "-" "Mozilla/5.0 (compatible; AhrefsBot/7.0; +http://ahrefs.com/robot/)"
85.208.96.200 - - [22/Nov/2024:08:20:50 -0800] "GET /104373148.phtml HTTP/1.0" 404 57326 "-" "Mozilla/5.0 (compatible; SemrushBot/7~bl; +http://www.semrush.com/bot.html)"
209.182.200.39 - - [22/Nov/2024:08:21:01 -0800] "POST /wp-cron.php?doing_wp_cron=1732292461.2271409034729003906250 HTTP/1.0" 200 - "https://figplantsparadise.com/wp-cron.php?doing_wp_cron=1732292461.2271409034729003906250" "WordPress/6.1.7; https://figplantsparadise.com"
185.191.171.3 - - [22/Nov/2024:08:21:00 -0800] "GET /84171100.phtml HTTP/1.0" 404 57326 "-" "Mozilla/5.0 (compatible; SemrushBot/7~bl; +http://www.semrush.com/bot.html)"
57.141.0.30 - - [22/Nov/2024:08:21:02 -0800] "GET /product/brown-autumn/ HTTP/1.0" 200 111211 "-" "meta-externalagent/1.1 (+https://developers.facebook.com/docs/sharing/webmasters/crawler)"
216.244.66.229 - - [22/Nov/2024:08:21:10 -0800] "GET /product/cavaliere-2/feed/ HTTP/1.0" 301 - "-" "Mozilla/5.0 (compatible; DotBot/1.2; +https://opensiteexplorer.org/dotbot; help@moz.com)"
185.191.171.13 - - [22/Nov/2024:08:21:29 -0800] "GET /97232836.phtml HTTP/1.0" 404 57326 "-" "Mozilla/5.0 (compatible; SemrushBot/7~bl; +http://www.semrush.com/bot.html)"
209.182.200.39 - - [22/Nov/2024:08:21:40 -0800] "POST /wp-cron.php?doing_wp_cron=1732292500.9011080265045166015625 HTTP/1.0" 200 - "https://figplantsparadise.com/wp-cron.php?doing_wp_cron=1732292500.9011080265045166015625" "WordPress/6.1.7; https://figplantsparadise.com"
85.208.96.194 - - [22/Nov/2024:08:21:40 -0800] "GET /13365040.phtml HTTP/1.0" 404 57326 "-" "Mozilla/5.0 (compatible; SemrushBot/7~bl; +http://www.semrush.com/bot.html)"
216.244.66.229 - - [22/Nov/2024:08:21:41 -0800] "GET /product/zic-zic/feed/ HTTP/1.0" 301 - "-" "Mozilla/5.0 (compatible; DotBot/1.2; +https://opensiteexplorer.org/dotbot; help@moz.com)"
185.191.171.18 - - [22/Nov/2024:08:21:51 -0800] "GET /94856044.phtml HTTP/1.0" 404 57326 "-" "Mozilla/5.0 (compatible; SemrushBot/7~bl; +http://www.semrush.com/bot.html)"
185.191.171.14 - - [22/Nov/2024:08:22:02 -0800] "GET /58552672.phtml HTTP/1.0" 404 57326 "-" "Mozilla/5.0 (compatible; SemrushBot/7~bl; +http://www.semrush.com/bot.html)"
185.191.171.5 - - [22/Nov/2024:08:22:14 -0800] "GET /111323056.phtml HTTP/1.0" 404 57326 "-" "Mozilla/5.0 (compatible; SemrushBot/7~bl; +http://www.semrush.com/bot.html)"
85.208.96.194 - - [22/Nov/2024:08:22:25 -0800] "GET /88102624.phtml HTTP/1.0" 404 57326 "-" "Mozilla/5.0 (compatible; SemrushBot/7~bl; +http://www.semrush.com/bot.html)"
209.182.200.39 - - [22/Nov/2024:08:23:31 -0800] "POST /wp-cron.php?doing_wp_cron=1732292611.6501619815826416015625 HTTP/1.0" 200 - "https://figplantsparadise.com/wp-cron.php?doing_wp_cron=1732292611.6501619815826416015625" "WordPress/6.1.7; https://figplantsparadise.com"
85.208.96.200 - - [22/Nov/2024:08:23:31 -0800] "GET /37800400.phtml HTTP/1.0" 404 57326 "-" "Mozilla/5.0 (compatible; SemrushBot/7~bl; +http://www.semrush.com/bot.html)"
185.191.171.5 - - [22/Nov/2024:08:23:57 -0800] "GET /97608964.phtml HTTP/1.0" 404 57326 "-" "Mozilla/5.0 (compatible; SemrushBot/7~bl; +http://www.semrush.com/bot.html)"
85.208.96.206 - - [22/Nov/2024:08:24:09 -0800] "GET /29213932.phtml HTTP/1.0" 404 57326 "-" "Mozilla/5.0 (compatible; SemrushBot/7~bl; +http://www.semrush.com/bot.html)"
185.191.171.8 - - [22/Nov/2024:08:24:20 -0800] "GET /9709024.phtml HTTP/1.0" 404 57326 "-" "Mozilla/5.0 (compatible; SemrushBot/7~bl; +http://www.semrush.com/bot.html)"
209.182.200.39 - - [22/Nov/2024:08:24:31 -0800] "POST /wp-cron.php?doing_wp_cron=1732292671.9595670700073242187500 HTTP/1.0" 200 - "https://figplantsparadise.com/wp-cron.php?doing_wp_cron=1732292671.9595670700073242187500" "WordPress/6.1.7; https://figplantsparadise.com"
185.191.171.17 - - [22/Nov/2024:08:24:31 -0800] "GET /23955592.phtml HTTP/1.0" 404 57326 "-" "Mozilla/5.0 (compatible; SemrushBot/7~bl; +http://www.semrush.com/bot.html)"
185.191.171.19 - - [22/Nov/2024:08:24:42 -0800] "GET /product/rosalina/ HTTP/1.0" 200 112384 "-" "Mozilla/5.0 (compatible; SemrushBot/7~bl; +http://www.semrush.com/bot.html)"
185.191.171.14 - - [22/Nov/2024:08:24:54 -0800] "GET /55534828.phtml HTTP/1.0" 404 57326 "-" "Mozilla/5.0 (compatible; SemrushBot/7~bl; +http://www.semrush.com/bot.html)"
85.208.96.198 - - [22/Nov/2024:08:25:06 -0800] "GET /47484472.phtml HTTP/1.0" 404 57326 "-" "Mozilla/5.0 (compatible; SemrushBot/7~bl; +http://www.semrush.com/bot.html)"
185.191.171.19 - - [22/Nov/2024:08:25:16 -0800] "GET /41760688.phtml HTTP/1.0" 404 57326 "-" "Mozilla/5.0 (compatible; SemrushBot/7~bl; +http://www.semrush.com/bot.html)"
185.191.171.7 - - [22/Nov/2024:08:25:27 -0800] "GET /product/fico-tauro/ HTTP/1.0" 200 111840 "-" "Mozilla/5.0 (compatible; SemrushBot/7~bl; +http://www.semrush.com/bot.html)"
209.182.200.39 - - [22/Nov/2024:08:25:40 -0800] "POST /wp-cron.php?doing_wp_cron=1732292740.3544569015502929687500 HTTP/1.0" 200 - "https://figplantsparadise.com/wp-cron.php?doing_wp_cron=1732292740.3544569015502929687500" "WordPress/6.1.7; https://figplantsparadise.com"
185.191.171.12 - - [22/Nov/2024:08:25:40 -0800] "GET /20233516.phtml HTTP/1.0" 404 57326 "-" "Mozilla/5.0 (compatible; SemrushBot/7~bl; +http://www.semrush.com/bot.html)"
216.244.66.229 - - [22/Nov/2024:08:25:45 -0800] "GET /product/dalmata/feed/ HTTP/1.0" 301 - "-" "Mozilla/5.0 (compatible; DotBot/1.2; +https://opensiteexplorer.org/dotbot; help@moz.com)"
85.208.96.211 - - [22/Nov/2024:08:25:51 -0800] "GET /25137688.phtml HTTP/1.0" 404 57326 "-" "Mozilla/5.0 (compatible; SemrushBot/7~bl; +http://www.semrush.com/bot.html)"
66.249.68.65 - - [22/Nov/2024:08:25:54 -0800] "GET /88538620.phtml HTTP/1.0" 200 465913 "-" "Mozilla/5.0 (Linux; Android 6.0.1; Nexus 5X Build/MMB29P) AppleWebKit/537.36 (KHTML, like Gecko) Chrome/131.0.6778.69 Mobile Safari/537.36 (compatible; Googlebot/2.1; +http://www.google.com/bot.html)"
209.182.200.39 - - [22/Nov/2024:08:26:01 -0800] "POST /wp-cron.php?doing_wp_cron=1732292761.9427080154418945312500 HTTP/1.0" 200 - "https://figplantsparadise.com/wp-cron.php?doing_wp_cron=1732292761.9427080154418945312500" "WordPress/6.1.7; https://figplantsparadise.com"
185.191.171.17 - - [22/Nov/2024:08:26:01 -0800] "GET /product/annie/ HTTP/1.0" 200 109872 "-" "Mozilla/5.0 (compatible; SemrushBot/7~bl; +http://www.semrush.com/bot.html)"
85.208.96.202 - - [22/Nov/2024:08:26:12 -0800] "GET /103768312.phtml HTTP/1.0" 404 57326 "-" "Mozilla/5.0 (compatible; SemrushBot/7~bl; +http://www.semrush.com/bot.html)"
216.244.66.229 - - [22/Nov/2024:08:26:15 -0800] "GET /product/violeta-gigante/feed/ HTTP/1.0" 301 - "-" "Mozilla/5.0 (compatible; DotBot/1.2; +https://opensiteexplorer.org/dotbot; help@moz.com)"
51.222.253.4 - - [22/Nov/2024:08:26:21 -0800] "GET /product/tif/ HTTP/1.0" 200 110838 "-" "Mozilla/5.0 (compatible; AhrefsBot/7.0; +http://ahrefs.com/robot/)"
85.208.96.209 - - [22/Nov/2024:08:26:23 -0800] "GET /17683888.phtml HTTP/1.0" 404 57326 "-" "Mozilla/5.0 (compatible; SemrushBot/7~bl; +http://www.semrush.com/bot.html)"
209.182.200.39 - - [22/Nov/2024:08:26:34 -0800] "POST /wp-cron.php?doing_wp_cron=1732292794.4155209064483642578125 HTTP/1.0" 200 - "https://figplantsparadise.com/wp-cron.php?doing_wp_cron=1732292794.4155209064483642578125" "WordPress/6.1.7; https://figplantsparadise.com"
85.208.96.208 - - [22/Nov/2024:08:26:34 -0800] "GET /54870664.phtml HTTP/1.0" 404 57326 "-" "Mozilla/5.0 (compatible; SemrushBot/7~bl; +http://www.semrush.com/bot.html)"
85.208.96.204 - - [22/Nov/2024:08:26:45 -0800] "GET /15549088.phtml HTTP/1.0" 404 57326 "-" "Mozilla/5.0 (compatible; SemrushBot/7~bl; +http://www.semrush.com/bot.html)"
185.191.171.16 - - [22/Nov/2024:08:26:55 -0800] "GET /70615840.phtml HTTP/1.0" 404 57326 "-" "Mozilla/5.0 (compatible; SemrushBot/7~bl; +http://www.semrush.com/bot.html)"
66.249.68.65 - - [22/Nov/2024:08:27:09 -0800] "GET /43424392.phtml HTTP/1.0" 200 468924 "-" "Mozilla/5.0 (Linux; Android 6.0.1; Nexus 5X Build/MMB29P) AppleWebKit/537.36 (KHTML, like Gecko) Chrome/131.0.6778.69 Mobile Safari/537.36 (compatible; Googlebot/2.1; +http://www.google.com/bot.html)"
66.249.68.65 - - [22/Nov/2024:08:27:30 -0800] "GET /73643080.phtml HTTP/1.0" 200 458690 "-" "Mozilla/5.0 (Linux; Android 6.0.1; Nexus 5X Build/MMB29P) AppleWebKit/537.36 (KHTML, like Gecko) Chrome/131.0.6778.69 Mobile Safari/537.36 (compatible; Googlebot/2.1; +http://www.google.com/bot.html)"
209.182.200.39 - - [22/Nov/2024:08:27:34 -0800] "POST /wp-cron.php?doing_wp_cron=1732292854.4287340641021728515625 HTTP/1.0" 200 - "https://figplantsparadise.com/wp-cron.php?doing_wp_cron=1732292854.4287340641021728515625" "WordPress/6.1.7; https://figplantsparadise.com"
85.208.96.199 - - [22/Nov/2024:08:27:34 -0800] "GET /64587208.phtml HTTP/1.0" 404 57326 "-" "Mozilla/5.0 (compatible; SemrushBot/7~bl; +http://www.semrush.com/bot.html)"
185.191.171.14 - - [22/Nov/2024:08:27:45 -0800] "GET /83939368.phtml HTTP/1.0" 404 57326 "-" "Mozilla/5.0 (compatible; SemrushBot/7~bl; +http://www.semrush.com/bot.html)"
66.249.68.65 - - [22/Nov/2024:08:28:03 -0800] "GET /103750168.phtml HTTP/1.0" 200 463347 "-" "Mozilla/5.0 (Linux; Android 6.0.1; Nexus 5X Build/MMB29P) AppleWebKit/537.36 (KHTML, like Gecko) Chrome/131.0.6778.69 Mobile Safari/537.36 (compatible; Googlebot/2.1; +http://www.google.com/bot.html)"
185.191.171.8 - - [22/Nov/2024:08:28:13 -0800] "GET /101299648.phtml HTTP/1.0" 404 57326 "-" "Mozilla/5.0 (compatible; SemrushBot/7~bl; +http://www.semrush.com/bot.html)"
85.208.96.194 - - [22/Nov/2024:08:28:25 -0800] "GET /93476992.phtml HTTP/1.0" 404 57326 "-" "Mozilla/5.0 (compatible; SemrushBot/7~bl; +http://www.semrush.com/bot.html)"
66.249.68.65 - - [22/Nov/2024:08:28:34 -0800] "GET /28449904.phtml HTTP/1.0" 200 459424 "-" "Mozilla/5.0 (Linux; Android 6.0.1; Nexus 5X Build/MMB29P) AppleWebKit/537.36 (KHTML, like Gecko) Chrome/131.0.6778.69 Mobile Safari/537.36 (compatible; Googlebot/2.1; +http://www.google.com/bot.html)"
209.182.200.39 - - [22/Nov/2024:08:28:43 -0800] "POST /wp-cron.php?doing_wp_cron=1732292923.5984299182891845703125 HTTP/1.0" 200 - "https://figplantsparadise.com/wp-cron.php?doing_wp_cron=1732292923.5984299182891845703125" "WordPress/6.1.7; https://figplantsparadise.com"
85.208.96.204 - - [22/Nov/2024:08:28:43 -0800] "GET /27167800.phtml HTTP/1.0" 404 57326 "-" "Mozilla/5.0 (compatible; SemrushBot/7~bl; +http://www.semrush.com/bot.html)"
185.191.171.4 - - [22/Nov/2024:08:28:55 -0800] "GET /product/portisol/ HTTP/1.0" 200 110009 "-" "Mozilla/5.0 (compatible; SemrushBot/7~bl; +http://www.semrush.com/bot.html)"
85.208.96.209 - - [22/Nov/2024:08:29:07 -0800] "GET /107612680.phtml HTTP/1.0" 404 57326 "-" "Mozilla/5.0 (compatible; SemrushBot/7~bl; +http://www.semrush.com/bot.html)"
85.208.96.209 - - [22/Nov/2024:08:29:19 -0800] "GET /58379836.phtml HTTP/1.0" 404 57326 "-" "Mozilla/5.0 (compatible; SemrushBot/7~bl; +http://www.semrush.com/bot.html)"
209.182.200.39 - - [22/Nov/2024:08:29:30 -0800] "POST /wp-cron.php?doing_wp_cron=1732292970.6270699501037597656250 HTTP/1.0" 200 - "https://figplantsparadise.com/wp-cron.php?doing_wp_cron=1732292970.6270699501037597656250" "WordPress/6.1.7; https://figplantsparadise.com"
185.191.171.9 - - [22/Nov/2024:08:29:30 -0800] "GET /81620680.phtml HTTP/1.0" 404 57326 "-" "Mozilla/5.0 (compatible; SemrushBot/7~bl; +http://www.semrush.com/bot.html)"
185.191.171.16 - - [22/Nov/2024:08:29:41 -0800] "GET /105164068.phtml HTTP/1.0" 404 57326 "-" "Mozilla/5.0 (compatible; SemrushBot/7~bl; +http://www.semrush.com/bot.html)"
185.191.171.8 - - [22/Nov/2024:08:29:52 -0800] "GET /23642860.phtml HTTP/1.0" 404 57326 "-" "Mozilla/5.0 (compatible; SemrushBot/7~bl; +http://www.semrush.com/bot.html)"
85.208.96.208 - - [22/Nov/2024:08:30:03 -0800] "GET /70667932.phtml HTTP/1.0" 404 57326 "-" "Mozilla/5.0 (compatible; SemrushBot/7~bl; +http://www.semrush.com/bot.html)"
185.191.171.13 - - [22/Nov/2024:08:30:15 -0800] "GET /70815136.phtml HTTP/1.0" 404 57326 "-" "Mozilla/5.0 (compatible; SemrushBot/7~bl; +http://www.semrush.com/bot.html)"
185.191.171.15 - - [22/Nov/2024:08:30:26 -0800] "GET /80912020.phtml HTTP/1.0" 404 57326 "-" "Mozilla/5.0 (compatible; SemrushBot/7~bl; +http://www.semrush.com/bot.html)"
209.182.200.39 - - [22/Nov/2024:08:30:37 -0800] "POST /wp-cron.php?doing_wp_cron=1732293037.7869269847869873046875 HTTP/1.0" 200 - "https://figplantsparadise.com/wp-cron.php?doing_wp_cron=1732293037.7869269847869873046875" "WordPress/6.1.7; https://figplantsparadise.com"
85.208.96.210 - - [22/Nov/2024:08:30:37 -0800] "GET /49795816.phtml HTTP/1.0" 404 57326 "-" "Mozilla/5.0 (compatible; SemrushBot/7~bl; +http://www.semrush.com/bot.html)"
209.182.200.39 - - [22/Nov/2024:08:30:48 -0800] "POST /wp-cron.php?doing_wp_cron=1732293048.7032270431518554687500 HTTP/1.0" 200 - "https://figplantsparadise.com/wp-cron.php?doing_wp_cron=1732293048.7032270431518554687500" "WordPress/6.1.7; https://figplantsparadise.com"
85.208.96.198 - - [22/Nov/2024:08:30:48 -0800] "GET /70172968.phtml HTTP/1.0" 404 57326 "-" "Mozilla/5.0 (compatible; SemrushBot/7~bl; +http://www.semrush.com/bot.html)"
209.182.200.39 - - [22/Nov/2024:08:30:59 -0800] "POST /wp-cron.php?doing_wp_cron=1732293059.4539480209350585937500 HTTP/1.0" 200 - "https://figplantsparadise.com/wp-cron.php?doing_wp_cron=1732293059.4539480209350585937500" "WordPress/6.1.7; https://figplantsparadise.com"
85.208.96.205 - - [22/Nov/2024:08:30:59 -0800] "GET /26555008.phtml HTTP/1.0" 404 57326 "-" "Mozilla/5.0 (compatible; SemrushBot/7~bl; +http://www.semrush.com/bot.html)"
209.182.200.39 - - [22/Nov/2024:08:31:39 -0800] "POST /wp-cron.php?doing_wp_cron=1732293099.1659979820251464843750 HTTP/1.0" 200 - "https://figplantsparadise.com/wp-cron.php?doing_wp_cron=1732293099.1659979820251464843750" "WordPress/6.1.7; https://figplantsparadise.com"
185.191.171.11 - - [22/Nov/2024:08:31:38 -0800] "GET /34787020.phtml HTTP/1.0" 404 57326 "-" "Mozilla/5.0 (compatible; SemrushBot/7~bl; +http://www.semrush.com/bot.html)"
216.244.66.229 - - [22/Nov/2024:08:31:50 -0800] "GET /wp-content/uploads/2023/03/PALLA-DI-NIEVE-2.jpg HTTP/1.0" 200 38720 "-" "Mozilla/5.0 (compatible; DotBot/1.2; +https://opensiteexplorer.org/dotbot; help@moz.com)"
185.191.171.5 - - [22/Nov/2024:08:32:01 -0800] "GET /86951128.phtml HTTP/1.0" 404 57326 "-" "Mozilla/5.0 (compatible; SemrushBot/7~bl; +http://www.semrush.com/bot.html)"
185.191.171.7 - - [22/Nov/2024:08:32:12 -0800] "GET /66848404.phtml HTTP/1.0" 404 57326 "-" "Mozilla/5.0 (compatible; SemrushBot/7~bl; +http://www.semrush.com/bot.html)"
95.211.224.147 - - [22/Nov/2024:08:32:19 -0800] "GET /wp-content/uploads/2023/03/SIGAR-2-322x375.jpg HTTP/1.0" 200 30370 "-" "Mozilla/5.0 (Windows NT 10.0; Win64; x64) AppleWebKit/537.36 (KHTML, like Gecko) Chrome/88.0.4324.104 Safari/537.36"
209.182.200.39 - - [22/Nov/2024:08:32:31 -0800] "POST /wp-cron.php?doing_wp_cron=1732293151.7019870281219482421875 HTTP/1.0" 200 - "https://figplantsparadise.com/wp-cron.php?doing_wp_cron=1732293151.7019870281219482421875" "WordPress/6.1.7; https://figplantsparadise.com"
185.191.171.14 - - [22/Nov/2024:08:32:31 -0800] "GET /80206816.phtml HTTP/1.0" 404 57326 "-" "Mozilla/5.0 (compatible; SemrushBot/7~bl; +http://www.semrush.com/bot.html)"
85.208.96.206 - - [22/Nov/2024:08:32:42 -0800] "GET /102767044.phtml HTTP/1.0" 404 57326 "-" "Mozilla/5.0 (compatible; SemrushBot/7~bl; +http://www.semrush.com/bot.html)"
51.222.253.3 - - [22/Nov/2024:08:32:51 -0800] "GET /product/topaz/ HTTP/1.0" 200 109658 "-" "Mozilla/5.0 (compatible; AhrefsBot/7.0; +http://ahrefs.com/robot/)"
185.191.171.13 - - [22/Nov/2024:08:32:54 -0800] "GET /81293332.phtml HTTP/1.0" 404 57326 "-" "Mozilla/5.0 (compatible; SemrushBot/7~bl; +http://www.semrush.com/bot.html)"
85.208.96.201 - - [22/Nov/2024:08:33:05 -0800] "GET /33104164.phtml HTTP/1.0" 404 57326 "-" "Mozilla/5.0 (compatible; SemrushBot/7~bl; +http://www.semrush.com/bot.html)"
185.191.171.8 - - [22/Nov/2024:08:33:17 -0800] "GET /product/summer-kiss-gigante/ HTTP/1.0" 200 111592 "-" "Mozilla/5.0 (compatible; SemrushBot/7~bl; +http://www.semrush.com/bot.html)"
209.182.200.39 - - [22/Nov/2024:08:33:36 -0800] "POST /wp-cron.php?doing_wp_cron=1732293216.3613491058349609375000 HTTP/1.0" 200 - "https://figplantsparadise.com/wp-cron.php?doing_wp_cron=1732293216.3613491058349609375000" "WordPress/6.1.7; https://figplantsparadise.com"
185.191.171.13 - - [22/Nov/2024:08:33:36 -0800] "GET /103317448.phtml HTTP/1.0" 404 57326 "-" "Mozilla/5.0 (compatible; SemrushBot/7~bl; +http://www.semrush.com/bot.html)"
185.191.171.1 - - [22/Nov/2024:08:33:55 -0800] "GET /12074800.phtml HTTP/1.0" 404 57326 "-" "Mozilla/5.0 (compatible; SemrushBot/7~bl; +http://www.semrush.com/bot.html)"
185.191.171.15 - - [22/Nov/2024:08:34:06 -0800] "GET /11007508.phtml HTTP/1.0" 404 57326 "-" "Mozilla/5.0 (compatible; SemrushBot/7~bl; +http://www.semrush.com/bot.html)"
85.208.96.199 - - [22/Nov/2024:08:34:17 -0800] "GET /84135028.phtml HTTP/1.0" 404 57326 "-" "Mozilla/5.0 (compatible; SemrushBot/7~bl; +http://www.semrush.com/bot.html)"
209.182.200.39 - - [22/Nov/2024:08:34:30 -0800] "POST /wp-cron.php?doing_wp_cron=1732293270.0669960975646972656250 HTTP/1.0" 200 - "https://figplantsparadise.com/wp-cron.php?doing_wp_cron=1732293270.0669960975646972656250" "WordPress/6.1.7; https://figplantsparadise.com"
185.191.171.15 - - [22/Nov/2024:08:34:29 -0800] "GET /16878640.phtml HTTP/1.0" 404 57326 "-" "Mozilla/5.0 (compatible; SemrushBot/7~bl; +http://www.semrush.com/bot.html)"
185.191.171.18 - - [22/Nov/2024:08:34:41 -0800] "GET /35303008.phtml HTTP/1.0" 404 57326 "-" "Mozilla/5.0 (compatible; SemrushBot/7~bl; +http://www.semrush.com/bot.html)"
185.191.171.12 - - [22/Nov/2024:08:34:54 -0800] "GET /11047756.phtml HTTP/1.0" 404 57326 "-" "Mozilla/5.0 (compatible; SemrushBot/7~bl; +http://www.semrush.com/bot.html)"
85.208.96.194 - - [22/Nov/2024:08:35:05 -0800] "GET /34468924.phtml HTTP/1.0" 404 57326 "-" "Mozilla/5.0 (compatible; SemrushBot/7~bl; +http://www.semrush.com/bot.html)"
185.191.171.10 - - [22/Nov/2024:08:35:16 -0800] "GET /13153720.phtml HTTP/1.0" 404 57326 "-" "Mozilla/5.0 (compatible; SemrushBot/7~bl; +http://www.semrush.com/bot.html)"
185.191.171.2 - - [22/Nov/2024:08:35:27 -0800] "GET /66530596.phtml HTTP/1.0" 404 57326 "-" "Mozilla/5.0 (compatible; SemrushBot/7~bl; +http://www.semrush.com/bot.html)"
3.143.5.72 - - [22/Nov/2024:08:35:30 -0800] "POST /wp-login.php HTTP/1.0" 200 6366 "-" "Mozilla/5.0"
3.143.5.72 - - [22/Nov/2024:08:35:30 -0800] "POST /wp-login.php HTTP/1.0" 200 6407 "-" "Mozilla/5.0"
3.143.5.72 - - [22/Nov/2024:08:35:30 -0800] "POST /wp-login.php HTTP/1.0" 200 6419 "-" "Mozilla/5.0"
3.143.5.72 - - [22/Nov/2024:08:35:30 -0800] "POST /wp-login.php HTTP/1.0" 200 6421 "-" "Mozilla/5.0"
3.143.5.72 - - [22/Nov/2024:08:35:30 -0800] "POST /wp-login.php HTTP/1.0" 200 6427 "-" "Mozilla/5.0"
3.143.5.72 - - [22/Nov/2024:08:35:30 -0800] "POST /wp-login.php HTTP/1.0" 200 6413 "-" "Mozilla/5.0"
209.182.200.39 - - [22/Nov/2024:08:35:30 -0800] "POST /wp-cron.php?doing_wp_cron=1732293330.4079449176788330078125 HTTP/1.0" 200 - "https://figplantsparadise.com/wp-cron.php?doing_wp_cron=1732293330.4079449176788330078125" "WordPress/6.1.7; https://figplantsparadise.com"
3.143.5.72 - - [22/Nov/2024:08:35:30 -0800] "POST /wp-login.php HTTP/1.0" 200 6419 "-" "Mozilla/5.0"
3.143.5.72 - - [22/Nov/2024:08:35:30 -0800] "POST /wp-login.php HTTP/1.0" 200 6417 "-" "Mozilla/5.0"
3.143.5.72 - - [22/Nov/2024:08:35:30 -0800] "POST /wp-login.php HTTP/1.0" 200 6423 "-" "Mozilla/5.0"
185.191.171.6 - - [22/Nov/2024:08:35:38 -0800] "GET /60114316.phtml HTTP/1.0" 404 57326 "-" "Mozilla/5.0 (compatible; SemrushBot/7~bl; +http://www.semrush.com/bot.html)"
185.191.171.15 - - [22/Nov/2024:08:35:52 -0800] "GET /76759492.phtml HTTP/1.0" 404 57326 "-" "Mozilla/5.0 (compatible; SemrushBot/7~bl; +http://www.semrush.com/bot.html)"
85.208.96.207 - - [22/Nov/2024:08:36:10 -0800] "GET /robots.txt HTTP/1.0" 200 30 "-" "Mozilla/5.0 (compatible; SemrushBot/7~bl; +http://www.semrush.com/bot.html)"
209.182.200.39 - - [22/Nov/2024:08:36:12 -0800] "POST /wp-cron.php?doing_wp_cron=1732293372.4549410343170166015625 HTTP/1.0" 200 - "https://figplantsparadise.com/wp-cron.php?doing_wp_cron=1732293372.4549410343170166015625" "WordPress/6.1.7; https://figplantsparadise.com"
85.208.96.206 - - [22/Nov/2024:08:36:12 -0800] "GET /105784240.phtml HTTP/1.0" 404 57326 "-" "Mozilla/5.0 (compatible; SemrushBot/7~bl; +http://www.semrush.com/bot.html)"
85.208.96.197 - - [22/Nov/2024:08:36:26 -0800] "GET /92418808.phtml HTTP/1.0" 404 57326 "-" "Mozilla/5.0 (compatible; SemrushBot/7~bl; +http://www.semrush.com/bot.html)"
209.182.200.39 - - [22/Nov/2024:08:36:37 -0800] "POST /wp-cron.php?doing_wp_cron=1732293397.9312050342559814453125 HTTP/1.0" 200 - "https://figplantsparadise.com/wp-cron.php?doing_wp_cron=1732293397.9312050342559814453125" "WordPress/6.1.7; https://figplantsparadise.com"
185.191.171.10 - - [22/Nov/2024:08:36:37 -0800] "GET /41068264.phtml HTTP/1.0" 404 57326 "-" "Mozilla/5.0 (compatible; SemrushBot/7~bl; +http://www.semrush.com/bot.html)"
185.191.171.6 - - [22/Nov/2024:08:36:50 -0800] "GET /86596420.phtml HTTP/1.0" 404 57326 "-" "Mozilla/5.0 (compatible; SemrushBot/7~bl; +http://www.semrush.com/bot.html)"
85.208.96.197 - - [22/Nov/2024:08:37:07 -0800] "GET /81880744.phtml HTTP/1.0" 404 57326 "-" "Mozilla/5.0 (compatible; SemrushBot/7~bl; +http://www.semrush.com/bot.html)"
66.249.68.67 - - [22/Nov/2024:08:37:17 -0800] "GET /85149868.phtml HTTP/1.0" 200 469919 "-" "Mozilla/5.0 (Linux; Android 6.0.1; Nexus 5X Build/MMB29P) AppleWebKit/537.36 (KHTML, like Gecko) Chrome/131.0.6778.69 Mobile Safari/537.36 (compatible; GoogleOther)"
85.208.96.199 - - [22/Nov/2024:08:37:17 -0800] "GET /78206656.phtml HTTP/1.0" 404 57326 "-" "Mozilla/5.0 (compatible; SemrushBot/7~bl; +http://www.semrush.com/bot.html)"
185.191.171.6 - - [22/Nov/2024:08:37:28 -0800] "GET /105153664.phtml HTTP/1.0" 404 57326 "-" "Mozilla/5.0 (compatible; SemrushBot/7~bl; +http://www.semrush.com/bot.html)"
209.182.200.39 - - [22/Nov/2024:08:37:39 -0800] "POST /wp-cron.php?doing_wp_cron=1732293459.8971560001373291015625 HTTP/1.0" 200 - "https://figplantsparadise.com/wp-cron.php?doing_wp_cron=1732293459.8971560001373291015625" "WordPress/6.1.7; https://figplantsparadise.com"
185.191.171.7 - - [22/Nov/2024:08:37:39 -0800] "GET /product/bufa-lungo/ HTTP/1.0" 200 115205 "-" "Mozilla/5.0 (compatible; SemrushBot/7~bl; +http://www.semrush.com/bot.html)"
198.98.51.185 - - [22/Nov/2024:08:38:04 -0800] "GET /wp-login.php HTTP/1.0" 200 5991 "-" "Mozilla/5.0 (Windows NT 6.1; WOW64; rv:31.0) Gecko/20100101 Firefox/31.0"
198.98.51.185 - - [22/Nov/2024:08:38:04 -0800] "POST /wp-login.php HTTP/1.0" 200 6419 "-" "Mozilla/5.0 (Windows NT 6.1; WOW64; rv:31.0) Gecko/20100101 Firefox/31.0"
185.191.171.18 - - [22/Nov/2024:08:38:11 -0800] "GET /41323540.phtml HTTP/1.0" 404 57326 "-" "Mozilla/5.0 (compatible; SemrushBot/7~bl; +http://www.semrush.com/bot.html)"
185.191.171.11 - - [22/Nov/2024:08:38:22 -0800] "GET /100861528.phtml HTTP/1.0" 404 57326 "-" "Mozilla/5.0 (compatible; SemrushBot/7~bl; +http://www.semrush.com/bot.html)"
209.182.200.39 - - [22/Nov/2024:08:38:33 -0800] "POST /wp-cron.php?doing_wp_cron=1732293513.3693981170654296875000 HTTP/1.0" 200 - "https://figplantsparadise.com/wp-cron.php?doing_wp_cron=1732293513.3693981170654296875000" "WordPress/6.1.7; https://figplantsparadise.com"
185.191.171.17 - - [22/Nov/2024:08:38:33 -0800] "GET /79438144.phtml HTTP/1.0" 404 57326 "-" "Mozilla/5.0 (compatible; SemrushBot/7~bl; +http://www.semrush.com/bot.html)"
185.191.171.17 - - [22/Nov/2024:08:38:44 -0800] "GET /88564900.phtml HTTP/1.0" 404 57326 "-" "Mozilla/5.0 (compatible; SemrushBot/7~bl; +http://www.semrush.com/bot.html)"
178.156.131.177 - - [22/Nov/2024:08:38:47 -0800] "GET /product/tauro-2-lucido/ HTTP/1.0" 200 109324 "-" "Mozilla/5.0 (Windows NT 10.0; Win64; x64) AppleWebKit/537.36 (KHTML, like Gecko) Chrome/124.0.0.0 Safari/537.36"
185.191.171.17 - - [22/Nov/2024:08:38:55 -0800] "GET /113978560.phtml HTTP/1.0" 404 57326 "-" "Mozilla/5.0 (compatible; SemrushBot/7~bl; +http://www.semrush.com/bot.html)"
66.249.68.67 - - [22/Nov/2024:08:39:04 -0800] "GET /30807004.phtml HTTP/1.0" 200 464399 "-" "Mozilla/5.0 (Linux; Android 6.0.1; Nexus 5X Build/MMB29P) AppleWebKit/537.36 (KHTML, like Gecko) Chrome/131.0.6778.69 Mobile Safari/537.36 (compatible; GoogleOther)"
185.191.171.16 - - [22/Nov/2024:08:39:09 -0800] "GET /90403528.phtml HTTP/1.0" 404 57326 "-" "Mozilla/5.0 (compatible; SemrushBot/7~bl; +http://www.semrush.com/bot.html)"
185.191.171.10 - - [22/Nov/2024:08:39:29 -0800] "GET /53680504.phtml HTTP/1.0" 404 57326 "-" "Mozilla/5.0 (compatible; SemrushBot/7~bl; +http://www.semrush.com/bot.html)"
209.182.200.39 - - [22/Nov/2024:08:39:41 -0800] "POST /wp-cron.php?doing_wp_cron=1732293581.5920178890228271484375 HTTP/1.0" 200 - "https://figplantsparadise.com/wp-cron.php?doing_wp_cron=1732293581.5920178890228271484375" "WordPress/6.1.7; https://figplantsparadise.com"
185.191.171.7 - - [22/Nov/2024:08:39:41 -0800] "GET /80464576.phtml HTTP/1.0" 404 57326 "-" "Mozilla/5.0 (compatible; SemrushBot/7~bl; +http://www.semrush.com/bot.html)"
185.191.171.18 - - [22/Nov/2024:08:39:52 -0800] "GET /82550344.phtml HTTP/1.0" 404 57326 "-" "Mozilla/5.0 (compatible; SemrushBot/7~bl; +http://www.semrush.com/bot.html)"
185.191.171.11 - - [22/Nov/2024:08:40:04 -0800] "GET /36980428.phtml HTTP/1.0" 404 57326 "-" "Mozilla/5.0 (compatible; SemrushBot/7~bl; +http://www.semrush.com/bot.html)"
185.191.171.18 - - [22/Nov/2024:08:40:15 -0800] "GET /50219536.phtml HTTP/1.0" 404 57326 "-" "Mozilla/5.0 (compatible; SemrushBot/7~bl; +http://www.semrush.com/bot.html)"
185.191.171.15 - - [22/Nov/2024:08:40:26 -0800] "GET /66309988.phtml HTTP/1.0" 404 57326 "-" "Mozilla/5.0 (compatible; SemrushBot/7~bl; +http://www.semrush.com/bot.html)"
209.182.200.39 - - [22/Nov/2024:08:40:37 -0800] "POST /wp-cron.php?doing_wp_cron=1732293637.1507649421691894531250 HTTP/1.0" 200 - "https://figplantsparadise.com/wp-cron.php?doing_wp_cron=1732293637.1507649421691894531250" "WordPress/6.1.7; https://figplantsparadise.com"
85.208.96.209 - - [22/Nov/2024:08:40:36 -0800] "GET /78010240.phtml HTTP/1.0" 404 57326 "-" "Mozilla/5.0 (compatible; SemrushBot/7~bl; +http://www.semrush.com/bot.html)"
185.191.171.7 - - [22/Nov/2024:08:40:48 -0800] "GET /26576824.phtml HTTP/1.0" 404 57326 "-" "Mozilla/5.0 (compatible; SemrushBot/7~bl; +http://www.semrush.com/bot.html)"
209.182.200.39 - - [22/Nov/2024:08:41:08 -0800] "POST /wp-cron.php?doing_wp_cron=1732293668.0525140762329101562500 HTTP/1.0" 200 - "https://figplantsparadise.com/wp-cron.php?doing_wp_cron=1732293668.0525140762329101562500" "WordPress/6.1.7; https://figplantsparadise.com"
85.208.96.195 - - [22/Nov/2024:08:41:07 -0800] "GET /102096868.phtml HTTP/1.0" 404 57326 "-" "Mozilla/5.0 (compatible; SemrushBot/7~bl; +http://www.semrush.com/bot.html)"
85.208.96.212 - - [22/Nov/2024:08:41:18 -0800] "GET /40065016.phtml HTTP/1.0" 404 57326 "-" "Mozilla/5.0 (compatible; SemrushBot/7~bl; +http://www.semrush.com/bot.html)"
66.249.68.66 - - [22/Nov/2024:08:41:23 -0800] "GET /15837844.phtml HTTP/1.0" 200 462999 "-" "Mozilla/5.0 (Linux; Android 6.0.1; Nexus 5X Build/MMB29P) AppleWebKit/537.36 (KHTML, like Gecko) Chrome/131.0.6778.69 Mobile Safari/537.36 (compatible; GoogleOther)"
85.208.96.194 - - [22/Nov/2024:08:41:29 -0800] "GET /product/s-augustino/ HTTP/1.0" 200 111833 "-" "Mozilla/5.0 (compatible; SemrushBot/7~bl; +http://www.semrush.com/bot.html)"
209.182.200.39 - - [22/Nov/2024:08:41:40 -0800] "POST /wp-cron.php?doing_wp_cron=1732293700.6562769412994384765625 HTTP/1.0" 200 - "https://figplantsparadise.com/wp-cron.php?doing_wp_cron=1732293700.6562769412994384765625" "WordPress/6.1.7; https://figplantsparadise.com"
185.191.171.4 - - [22/Nov/2024:08:41:40 -0800] "GET /27359140.phtml HTTP/1.0" 404 57326 "-" "Mozilla/5.0 (compatible; SemrushBot/7~bl; +http://www.semrush.com/bot.html)"
85.208.96.212 - - [22/Nov/2024:08:41:59 -0800] "GET /22398880.phtml HTTP/1.0" 404 57326 "-" "Mozilla/5.0 (compatible; SemrushBot/7~bl; +http://www.semrush.com/bot.html)"
85.208.96.200 - - [22/Nov/2024:08:42:15 -0800] "GET /71802148.phtml HTTP/1.0" 404 57326 "-" "Mozilla/5.0 (compatible; SemrushBot/7~bl; +http://www.semrush.com/bot.html)"
209.182.200.39 - - [22/Nov/2024:08:42:42 -0800] "POST /wp-cron.php?doing_wp_cron=1732293762.9508590698242187500000 HTTP/1.0" 200 - "https://figplantsparadise.com/wp-cron.php?doing_wp_cron=1732293762.9508590698242187500000" "WordPress/6.1.7; https://figplantsparadise.com"
85.208.96.197 - - [22/Nov/2024:08:42:42 -0800] "GET /14886076.phtml HTTP/1.0" 404 57326 "-" "Mozilla/5.0 (compatible; SemrushBot/7~bl; +http://www.semrush.com/bot.html)"
185.191.171.16 - - [22/Nov/2024:08:42:54 -0800] "GET /112271620.phtml HTTP/1.0" 404 57326 "-" "Mozilla/5.0 (compatible; SemrushBot/7~bl; +http://www.semrush.com/bot.html)"
85.208.96.211 - - [22/Nov/2024:08:43:29 -0800] "GET /14897020.phtml HTTP/1.0" 404 57326 "-" "Mozilla/5.0 (compatible; SemrushBot/7~bl; +http://www.semrush.com/bot.html)"
209.182.200.39 - - [22/Nov/2024:08:43:40 -0800] "POST /wp-cron.php?doing_wp_cron=1732293820.5374538898468017578125 HTTP/1.0" 200 - "https://figplantsparadise.com/wp-cron.php?doing_wp_cron=1732293820.5374538898468017578125" "WordPress/6.1.7; https://figplantsparadise.com"
85.208.96.198 - - [22/Nov/2024:08:43:40 -0800] "GET /83744896.phtml HTTP/1.0" 404 57326 "-" "Mozilla/5.0 (compatible; SemrushBot/7~bl; +http://www.semrush.com/bot.html)"
85.208.96.202 - - [22/Nov/2024:08:43:51 -0800] "GET /36872068.phtml HTTP/1.0" 404 57326 "-" "Mozilla/5.0 (compatible; SemrushBot/7~bl; +http://www.semrush.com/bot.html)"
85.208.96.207 - - [22/Nov/2024:08:44:02 -0800] "GET /37252336.phtml HTTP/1.0" 404 57326 "-" "Mozilla/5.0 (compatible; SemrushBot/7~bl; +http://www.semrush.com/bot.html)"
185.191.171.14 - - [22/Nov/2024:08:44:14 -0800] "GET /81063832.phtml HTTP/1.0" 404 57326 "-" "Mozilla/5.0 (compatible; SemrushBot/7~bl; +http://www.semrush.com/bot.html)"
85.208.96.200 - - [22/Nov/2024:08:44:25 -0800] "GET /42948580.phtml HTTP/1.0" 404 57326 "-" "Mozilla/5.0 (compatible; SemrushBot/7~bl; +http://www.semrush.com/bot.html)"
209.182.200.39 - - [22/Nov/2024:08:44:36 -0800] "POST /wp-cron.php?doing_wp_cron=1732293876.3286280632019042968750 HTTP/1.0" 200 - "https://figplantsparadise.com/wp-cron.php?doing_wp_cron=1732293876.3286280632019042968750" "WordPress/6.1.7; https://figplantsparadise.com"
185.191.171.3 - - [22/Nov/2024:08:44:36 -0800] "GET /48381160.phtml HTTP/1.0" 404 57326 "-" "Mozilla/5.0 (compatible; SemrushBot/7~bl; +http://www.semrush.com/bot.html)"
85.208.96.196 - - [22/Nov/2024:08:44:46 -0800] "GET /101423812.phtml HTTP/1.0" 404 57326 "-" "Mozilla/5.0 (compatible; SemrushBot/7~bl; +http://www.semrush.com/bot.html)"
85.208.96.205 - - [22/Nov/2024:08:44:57 -0800] "GET /49320868.phtml HTTP/1.0" 404 57326 "-" "Mozilla/5.0 (compatible; SemrushBot/7~bl; +http://www.semrush.com/bot.html)"
185.191.171.16 - - [22/Nov/2024:08:45:08 -0800] "GET /65661232.phtml HTTP/1.0" 404 57326 "-" "Mozilla/5.0 (compatible; SemrushBot/7~bl; +http://www.semrush.com/bot.html)"
85.208.96.198 - - [22/Nov/2024:08:45:19 -0800] "GET /11816824.phtml HTTP/1.0" 404 57326 "-" "Mozilla/5.0 (compatible; SemrushBot/7~bl; +http://www.semrush.com/bot.html)"
209.182.200.39 - - [22/Nov/2024:08:45:31 -0800] "POST /wp-cron.php?doing_wp_cron=1732293931.0498170852661132812500 HTTP/1.0" 200 - "https://figplantsparadise.com/wp-cron.php?doing_wp_cron=1732293931.0498170852661132812500" "WordPress/6.1.7; https://figplantsparadise.com"
85.208.96.202 - - [22/Nov/2024:08:45:30 -0800] "GET /23353348.phtml HTTP/1.0" 404 57326 "-" "Mozilla/5.0 (compatible; SemrushBot/7~bl; +http://www.semrush.com/bot.html)"
185.191.171.13 - - [22/Nov/2024:08:45:42 -0800] "GET /46033132.phtml HTTP/1.0" 404 57326 "-" "Mozilla/5.0 (compatible; SemrushBot/7~bl; +http://www.semrush.com/bot.html)"
85.208.96.212 - - [22/Nov/2024:08:45:55 -0800] "GET /113053792.phtml HTTP/1.0" 404 57326 "-" "Mozilla/5.0 (compatible; SemrushBot/7~bl; +http://www.semrush.com/bot.html)"
209.182.200.39 - - [22/Nov/2024:08:46:13 -0800] "POST /wp-cron.php?doing_wp_cron=1732293973.3599259853363037109375 HTTP/1.0" 200 - "https://figplantsparadise.com/wp-cron.php?doing_wp_cron=1732293973.3599259853363037109375" "WordPress/6.1.7; https://figplantsparadise.com"
185.191.171.17 - - [22/Nov/2024:08:46:13 -0800] "GET /113776888.phtml HTTP/1.0" 404 57326 "-" "Mozilla/5.0 (compatible; SemrushBot/7~bl; +http://www.semrush.com/bot.html)"
185.191.171.13 - - [22/Nov/2024:08:46:24 -0800] "GET /106043476.phtml HTTP/1.0" 404 57326 "-" "Mozilla/5.0 (compatible; SemrushBot/7~bl; +http://www.semrush.com/bot.html)"
209.182.200.39 - - [22/Nov/2024:08:46:56 -0800] "POST /wp-cron.php?doing_wp_cron=1732294016.2679560184478759765625 HTTP/1.0" 200 - "https://figplantsparadise.com/wp-cron.php?doing_wp_cron=1732294016.2679560184478759765625" "WordPress/6.1.7; https://figplantsparadise.com"
185.191.171.5 - - [22/Nov/2024:08:46:56 -0800] "GET /12281836.phtml HTTP/1.0" 404 57326 "-" "Mozilla/5.0 (compatible; SemrushBot/7~bl; +http://www.semrush.com/bot.html)"
185.191.171.16 - - [22/Nov/2024:08:47:08 -0800] "GET /80682664.phtml HTTP/1.0" 404 57326 "-" "Mozilla/5.0 (compatible; SemrushBot/7~bl; +http://www.semrush.com/bot.html)"
185.191.171.18 - - [22/Nov/2024:08:47:24 -0800] "GET /115002652.phtml HTTP/1.0" 404 57326 "-" "Mozilla/5.0 (compatible; SemrushBot/7~bl; +http://www.semrush.com/bot.html)"
209.182.200.39 - - [22/Nov/2024:08:47:47 -0800] "POST /wp-cron.php?doing_wp_cron=1732294067.3840079307556152343750 HTTP/1.0" 200 - "https://figplantsparadise.com/wp-cron.php?doing_wp_cron=1732294067.3840079307556152343750" "WordPress/6.1.7; https://figplantsparadise.com"
185.191.171.12 - - [22/Nov/2024:08:47:47 -0800] "GET /98688892.phtml HTTP/1.0" 404 57326 "-" "Mozilla/5.0 (compatible; SemrushBot/7~bl; +http://www.semrush.com/bot.html)"
185.191.171.9 - - [22/Nov/2024:08:47:58 -0800] "GET /108502924.phtml HTTP/1.0" 404 57326 "-" "Mozilla/5.0 (compatible; SemrushBot/7~bl; +http://www.semrush.com/bot.html)"
185.191.171.13 - - [22/Nov/2024:08:48:21 -0800] "GET /17815396.phtml HTTP/1.0" 404 57326 "-" "Mozilla/5.0 (compatible; SemrushBot/7~bl; +http://www.semrush.com/bot.html)"
209.182.200.39 - - [22/Nov/2024:08:48:34 -0800] "POST /wp-cron.php?doing_wp_cron=1732294114.8832659721374511718750 HTTP/1.0" 200 - "https://figplantsparadise.com/wp-cron.php?doing_wp_cron=1732294114.8832659721374511718750" "WordPress/6.1.7; https://figplantsparadise.com"
85.208.96.209 - - [22/Nov/2024:08:48:34 -0800] "GET /18704488.phtml HTTP/1.0" 404 57326 "-" "Mozilla/5.0 (compatible; SemrushBot/7~bl; +http://www.semrush.com/bot.html)"
185.191.171.19 - - [22/Nov/2024:08:48:45 -0800] "GET /111034804.phtml HTTP/1.0" 404 57326 "-" "Mozilla/5.0 (compatible; SemrushBot/7~bl; +http://www.semrush.com/bot.html)"
185.191.171.13 - - [22/Nov/2024:08:48:57 -0800] "GET /45946948.phtml HTTP/1.0" 404 57326 "-" "Mozilla/5.0 (compatible; SemrushBot/7~bl; +http://www.semrush.com/bot.html)"
185.191.171.12 - - [22/Nov/2024:08:49:08 -0800] "GET /105202408.phtml HTTP/1.0" 404 57326 "-" "Mozilla/5.0 (compatible; SemrushBot/7~bl; +http://www.semrush.com/bot.html)"
185.191.171.9 - - [22/Nov/2024:08:49:21 -0800] "GET /107763880.phtml HTTP/1.0" 404 57326 "-" "Mozilla/5.0 (compatible; SemrushBot/7~bl; +http://www.semrush.com/bot.html)"
66.249.68.65 - - [22/Nov/2024:08:49:31 -0800] "GET /?go=%E0%B8%AA%E0%B8%A5%E0%B9%87%E0%B8%AD%E0%B8%95%20pussy888 HTTP/1.0" 200 473057 "-" "Mozilla/5.0 (Linux; Android 6.0.1; Nexus 5X Build/MMB29P) AppleWebKit/537.36 (KHTML, like Gecko) Chrome/131.0.6778.69 Mobile Safari/537.36 (compatible; Googlebot/2.1; +http://www.google.com/bot.html)"
209.182.200.39 - - [22/Nov/2024:08:49:34 -0800] "POST /wp-cron.php?doing_wp_cron=1732294174.5077760219573974609375 HTTP/1.0" 200 - "https://figplantsparadise.com/wp-cron.php?doing_wp_cron=1732294174.5077760219573974609375" "WordPress/6.1.7; https://figplantsparadise.com"
85.208.96.210 - - [22/Nov/2024:08:49:34 -0800] "GET /22276732.phtml HTTP/1.0" 404 57326 "-" "Mozilla/5.0 (compatible; SemrushBot/7~bl; +http://www.semrush.com/bot.html)"
185.191.171.14 - - [22/Nov/2024:08:49:47 -0800] "GET /47651332.phtml HTTP/1.0" 404 57326 "-" "Mozilla/5.0 (compatible; SemrushBot/7~bl; +http://www.semrush.com/bot.html)"
185.191.171.8 - - [22/Nov/2024:08:49:58 -0800] "GET /70603996.phtml HTTP/1.0" 404 57326 "-" "Mozilla/5.0 (compatible; SemrushBot/7~bl; +http://www.semrush.com/bot.html)"
85.208.96.209 - - [22/Nov/2024:08:50:08 -0800] "GET /45537376.phtml HTTP/1.0" 404 57326 "-" "Mozilla/5.0 (compatible; SemrushBot/7~bl; +http://www.semrush.com/bot.html)"
66.249.68.67 - - [22/Nov/2024:08:50:13 -0800] "GET /111422056.phtml HTTP/1.0" 200 457427 "-" "Mozilla/5.0 (Linux; Android 6.0.1; Nexus 5X Build/MMB29P) AppleWebKit/537.36 (KHTML, like Gecko) Chrome/131.0.6778.69 Mobile Safari/537.36 (compatible; Googlebot/2.1; +http://www.google.com/bot.html)"
85.208.96.212 - - [22/Nov/2024:08:50:19 -0800] "GET /21098164.phtml HTTP/1.0" 404 57326 "-" "Mozilla/5.0 (compatible; SemrushBot/7~bl; +http://www.semrush.com/bot.html)"
209.182.200.39 - - [22/Nov/2024:08:50:30 -0800] "POST /wp-cron.php?doing_wp_cron=1732294230.5348069667816162109375 HTTP/1.0" 200 - "https://figplantsparadise.com/wp-cron.php?doing_wp_cron=1732294230.5348069667816162109375" "WordPress/6.1.7; https://figplantsparadise.com"
85.208.96.200 - - [22/Nov/2024:08:50:30 -0800] "GET /96844000.phtml HTTP/1.0" 404 57326 "-" "Mozilla/5.0 (compatible; SemrushBot/7~bl; +http://www.semrush.com/bot.html)"
209.182.200.39 - - [22/Nov/2024:08:51:01 -0800] "POST /wp-cron.php?doing_wp_cron=1732294261.4376170635223388671875 HTTP/1.0" 200 - "https://figplantsparadise.com/wp-cron.php?doing_wp_cron=1732294261.4376170635223388671875" "WordPress/6.1.7; https://figplantsparadise.com"
85.208.96.199 - - [22/Nov/2024:08:51:01 -0800] "GET /94154548.phtml HTTP/1.0" 404 57326 "-" "Mozilla/5.0 (compatible; SemrushBot/7~bl; +http://www.semrush.com/bot.html)"
66.249.68.66 - - [22/Nov/2024:08:51:26 -0800] "GET /62918536.phtml HTTP/1.0" 200 464171 "-" "Mozilla/5.0 (Linux; Android 6.0.1; Nexus 5X Build/MMB29P) AppleWebKit/537.36 (KHTML, like Gecko) Chrome/131.0.6778.69 Mobile Safari/537.36 (compatible; Googlebot/2.1; +http://www.google.com/bot.html)"
209.182.200.39 - - [22/Nov/2024:08:51:32 -0800] "POST /wp-cron.php?doing_wp_cron=1732294292.8506739139556884765625 HTTP/1.0" 200 - "https://figplantsparadise.com/wp-cron.php?doing_wp_cron=1732294292.8506739139556884765625" "WordPress/6.1.7; https://figplantsparadise.com"
85.208.96.205 - - [22/Nov/2024:08:51:32 -0800] "GET /42506032.phtml HTTP/1.0" 404 57326 "-" "Mozilla/5.0 (compatible; SemrushBot/7~bl; +http://www.semrush.com/bot.html)"
66.249.68.66 - - [22/Nov/2024:08:51:35 -0800] "GET /?go=%E0%B8%AA%E0%B8%A1%E0%B8%B1%E0%B8%84%E0%B8%A3%20%E0%B8%AA%E0%B8%A1%E0%B8%B2%E0%B8%8A%E0%B8%B4%E0%B8%81%20%E0%B9%83%E0%B8%AB%E0%B8%A1%E0%B9%88%20%E0%B8%A3%E0%B8%B1%E0%B8%9A%20%E0%B8%9F%E0%B8%A3%E0%B8%B5%20%E0%B9%80%E0%B8%84%E0%B8%A3%E0%B8%94%E0%B8%B4%E0%B8%95 HTTP/1.0" 200 466784 "-" "Mozilla/5.0 (Linux; Android 6.0.1; Nexus 5X Build/MMB29P) AppleWebKit/537.36 (KHTML, like Gecko) Chrome/131.0.6778.69 Mobile Safari/537.36 (compatible; Googlebot/2.1; +http://www.google.com/bot.html)"
85.208.96.206 - - [22/Nov/2024:08:51:54 -0800] "GET /29605972.phtml HTTP/1.0" 404 57326 "-" "Mozilla/5.0 (compatible; SemrushBot/7~bl; +http://www.semrush.com/bot.html)"
85.208.96.212 - - [22/Nov/2024:08:52:05 -0800] "GET /94074196.phtml HTTP/1.0" 404 57326 "-" "Mozilla/5.0 (compatible; SemrushBot/7~bl; +http://www.semrush.com/bot.html)"
185.191.171.11 - - [22/Nov/2024:08:52:18 -0800] "GET /31270468.phtml HTTP/1.0" 404 57326 "-" "Mozilla/5.0 (compatible; SemrushBot/7~bl; +http://www.semrush.com/bot.html)"
209.182.200.39 - - [22/Nov/2024:08:52:30 -0800] "POST /wp-cron.php?doing_wp_cron=1732294350.5473830699920654296875 HTTP/1.0" 200 - "https://figplantsparadise.com/wp-cron.php?doing_wp_cron=1732294350.5473830699920654296875" "WordPress/6.1.7; https://figplantsparadise.com"
185.191.171.5 - - [22/Nov/2024:08:52:30 -0800] "GET /14193436.phtml HTTP/1.0" 404 57326 "-" "Mozilla/5.0 (compatible; SemrushBot/7~bl; +http://www.semrush.com/bot.html)"
66.249.68.67 - - [22/Nov/2024:08:52:31 -0800] "GET /?brand=%E0%B9%80%E0%B8%A7%E0%B9%87%E0%B8%9A%20%E0%B8%AD%E0%B8%AD%E0%B8%99%E0%B9%84%E0%B8%A5%E0%B8%99%E0%B9%8C%20%E0%B9%80%E0%B8%84%E0%B8%A3%E0%B8%94%E0%B8%B4%E0%B8%95%20%E0%B8%9F%E0%B8%A3%E0%B8%B5.html HTTP/1.0" 200 463546 "-" "Mozilla/5.0 (Linux; Android 6.0.1; Nexus 5X Build/MMB29P) AppleWebKit/537.36 (KHTML, like Gecko) Chrome/131.0.6778.69 Mobile Safari/537.36 (compatible; Googlebot/2.1; +http://www.google.com/bot.html)"
185.191.171.1 - - [22/Nov/2024:08:53:07 -0800] "GET /47261848.phtml HTTP/1.0" 404 57326 "-" "Mozilla/5.0 (compatible; SemrushBot/7~bl; +http://www.semrush.com/bot.html)"
85.208.96.212 - - [22/Nov/2024:08:53:19 -0800] "GET /37503148.phtml HTTP/1.0" 404 57326 "-" "Mozilla/5.0 (compatible; SemrushBot/7~bl; +http://www.semrush.com/bot.html)"
185.191.171.1 - - [22/Nov/2024:08:53:30 -0800] "GET /23311048.phtml HTTP/1.0" 404 57326 "-" "Mozilla/5.0 (compatible; SemrushBot/7~bl; +http://www.semrush.com/bot.html)"
85.208.96.197 - - [22/Nov/2024:08:53:40 -0800] "GET /32526580.phtml HTTP/1.0" 404 57326 "-" "Mozilla/5.0 (compatible; SemrushBot/7~bl; +http://www.semrush.com/bot.html)"
66.249.68.65 - - [22/Nov/2024:08:53:42 -0800] "GET /104521036.phtml HTTP/1.0" 200 458945 "-" "Mozilla/5.0 (Linux; Android 6.0.1; Nexus 5X Build/MMB29P) AppleWebKit/537.36 (KHTML, like Gecko) Chrome/131.0.6778.69 Mobile Safari/537.36 (compatible; Googlebot/2.1; +http://www.google.com/bot.html)"
185.191.171.7 - - [22/Nov/2024:08:53:51 -0800] "GET /93017488.phtml HTTP/1.0" 404 57326 "-" "Mozilla/5.0 (compatible; SemrushBot/7~bl; +http://www.semrush.com/bot.html)"
85.208.96.203 - - [22/Nov/2024:08:54:02 -0800] "GET /110572924.phtml HTTP/1.0" 404 57326 "-" "Mozilla/5.0 (compatible; SemrushBot/7~bl; +http://www.semrush.com/bot.html)"
209.182.200.39 - - [22/Nov/2024:08:54:13 -0800] "POST /wp-cron.php?doing_wp_cron=1732294453.3442490100860595703125 HTTP/1.0" 200 - "https://figplantsparadise.com/wp-cron.php?doing_wp_cron=1732294453.3442490100860595703125" "WordPress/6.1.7; https://figplantsparadise.com"
