66.249.68.66 - - [22/Nov/2024:15:24:33 -0800] "GET /?go=slotxo%20pro HTTP/1.0" 200 468575 "-" "Mozilla/5.0 (Linux; Android 6.0.1; Nexus 5X Build/MMB29P) AppleWebKit/537.36 (KHTML, like Gecko) Chrome/131.0.6778.69 Mobile Safari/537.36 (compatible; Googlebot/2.1; +http://www.google.com/bot.html)"
66.249.68.67 - - [22/Nov/2024:15:24:33 -0800] "GET /56541964.phtml HTTP/1.0" 200 464356 "-" "Mozilla/5.0 (Linux; Android 6.0.1; Nexus 5X Build/MMB29P) AppleWebKit/537.36 (KHTML, like Gecko) Chrome/131.0.6778.69 Mobile Safari/537.36 (compatible; Googlebot/2.1; +http://www.google.com/bot.html)"
66.249.68.65 - - [22/Nov/2024:15:24:36 -0800] "GET /98505580.phtml HTTP/1.0" 200 456940 "-" "Mozilla/5.0 (Linux; Android 6.0.1; Nexus 5X Build/MMB29P) AppleWebKit/537.36 (KHTML, like Gecko) Chrome/131.0.6778.69 Mobile Safari/537.36 (compatible; Googlebot/2.1; +http://www.google.com/bot.html)"
66.249.68.66 - - [22/Nov/2024:15:24:38 -0800] "GET /51680848.phtml HTTP/1.0" 200 462379 "-" "Mozilla/5.0 (Linux; Android 6.0.1; Nexus 5X Build/MMB29P) AppleWebKit/537.36 (KHTML, like Gecko) Chrome/131.0.6778.69 Mobile Safari/537.36 (compatible; Googlebot/2.1; +http://www.google.com/bot.html)"
66.249.68.67 - - [22/Nov/2024:15:24:39 -0800] "GET /90746140.phtml HTTP/1.0" 200 461811 "-" "Mozilla/5.0 (Linux; Android 6.0.1; Nexus 5X Build/MMB29P) AppleWebKit/537.36 (KHTML, like Gecko) Chrome/131.0.6778.69 Mobile Safari/537.36 (compatible; Googlebot/2.1; +http://www.google.com/bot.html)"
66.249.68.65 - - [22/Nov/2024:15:24:40 -0800] "GET /45075784.phtml HTTP/1.0" 200 464802 "-" "Mozilla/5.0 (Linux; Android 6.0.1; Nexus 5X Build/MMB29P) AppleWebKit/537.36 (KHTML, like Gecko) Chrome/131.0.6778.69 Mobile Safari/537.36 (compatible; Googlebot/2.1; +http://www.google.com/bot.html)"
66.249.68.67 - - [22/Nov/2024:15:24:41 -0800] "GET /41150416.phtml HTTP/1.0" 200 482406 "-" "Mozilla/5.0 (Linux; Android 6.0.1; Nexus 5X Build/MMB29P) AppleWebKit/537.36 (KHTML, like Gecko) Chrome/131.0.6778.69 Mobile Safari/537.36 (compatible; Googlebot/2.1; +http://www.google.com/bot.html)"
66.249.68.65 - - [22/Nov/2024:15:24:41 -0800] "GET /97517992.phtml HTTP/1.0" 200 465180 "-" "Mozilla/5.0 (Linux; Android 6.0.1; Nexus 5X Build/MMB29P) AppleWebKit/537.36 (KHTML, like Gecko) Chrome/131.0.6778.69 Mobile Safari/537.36 (compatible; Googlebot/2.1; +http://www.google.com/bot.html)"
209.182.200.39 - - [22/Nov/2024:15:24:55 -0800] "POST /wp-cron.php?doing_wp_cron=1732317895.0318229198455810546875 HTTP/1.0" 200 - "https://figplantsparadise.com/wp-cron.php?doing_wp_cron=1732317895.0318229198455810546875" "WordPress/6.1.7; https://figplantsparadise.com"
185.191.171.19 - - [22/Nov/2024:15:24:47 -0800] "GET /41833336.phtml HTTP/1.0" 404 57326 "-" "Mozilla/5.0 (compatible; SemrushBot/7~bl; +http://www.semrush.com/bot.html)"
66.249.68.68 - - [22/Nov/2024:15:24:59 -0800] "GET /90408892.phtml HTTP/1.0" 200 466067 "-" "Mozilla/5.0 (Linux; Android 6.0.1; Nexus 5X Build/MMB29P) AppleWebKit/537.36 (KHTML, like Gecko) Chrome/131.0.6778.69 Mobile Safari/537.36 (compatible; Googlebot/2.1; +http://www.google.com/bot.html)"
85.208.96.205 - - [22/Nov/2024:15:25:05 -0800] "GET /17729212.phtml HTTP/1.0" 404 57326 "-" "Mozilla/5.0 (compatible; SemrushBot/7~bl; +http://www.semrush.com/bot.html)"
66.249.68.68 - - [22/Nov/2024:15:25:06 -0800] "GET /60446632.phtml HTTP/1.0" 200 460494 "-" "Mozilla/5.0 (Linux; Android 6.0.1; Nexus 5X Build/MMB29P) AppleWebKit/537.36 (KHTML, like Gecko) Chrome/131.0.6778.69 Mobile Safari/537.36 (compatible; Googlebot/2.1; +http://www.google.com/bot.html)"
66.249.68.68 - - [22/Nov/2024:15:25:07 -0800] "GET /112503208.phtml HTTP/1.0" 200 462086 "-" "Mozilla/5.0 (Linux; Android 6.0.1; Nexus 5X Build/MMB29P) AppleWebKit/537.36 (KHTML, like Gecko) Chrome/131.0.6778.69 Mobile Safari/537.36 (compatible; Googlebot/2.1; +http://www.google.com/bot.html)"
66.249.68.65 - - [22/Nov/2024:15:25:10 -0800] "GET /ruay=%E0%B8%AA%E0%B8%A5%E0%B9%87%E0%B8%AD%E0%B8%95%20%E0%B9%80%E0%B8%84%E0%B8%A3%E0%B8%94%E0%B8%B4%E0%B8%95%20%E0%B8%9F%E0%B8%A3%E0%B8%B5%20%E0%B8%A5%E0%B9%88%E0%B8%B2%E0%B8%AA%E0%B8%B8%E0%B8%94%202020.html HTTP/1.0" 200 460401 "-" "Mozilla/5.0 (Linux; Android 6.0.1; Nexus 5X Build/MMB29P) AppleWebKit/537.36 (KHTML, like Gecko) Chrome/131.0.6778.69 Mobile Safari/537.36 (compatible; Googlebot/2.1; +http://www.google.com/bot.html)"
66.249.68.65 - - [22/Nov/2024:15:25:12 -0800] "GET /35416552.phtml HTTP/1.0" 200 465605 "-" "Mozilla/5.0 (Linux; Android 6.0.1; Nexus 5X Build/MMB29P) AppleWebKit/537.36 (KHTML, like Gecko) Chrome/131.0.6778.69 Mobile Safari/537.36 (compatible; Googlebot/2.1; +http://www.google.com/bot.html)"
66.249.68.66 - - [22/Nov/2024:15:25:13 -0800] "GET /52988188.phtml HTTP/1.0" 200 459809 "-" "Mozilla/5.0 (Linux; Android 6.0.1; Nexus 5X Build/MMB29P) AppleWebKit/537.36 (KHTML, like Gecko) Chrome/131.0.6778.69 Mobile Safari/537.36 (compatible; Googlebot/2.1; +http://www.google.com/bot.html)"
66.249.68.65 - - [22/Nov/2024:15:25:15 -0800] "GET /33522772.phtml HTTP/1.0" 200 460849 "-" "Mozilla/5.0 (Linux; Android 6.0.1; Nexus 5X Build/MMB29P) AppleWebKit/537.36 (KHTML, like Gecko) Chrome/131.0.6778.69 Mobile Safari/537.36 (compatible; Googlebot/2.1; +http://www.google.com/bot.html)"
185.191.171.3 - - [22/Nov/2024:15:25:16 -0800] "GET /17955508.phtml HTTP/1.0" 404 57326 "-" "Mozilla/5.0 (compatible; SemrushBot/7~bl; +http://www.semrush.com/bot.html)"
185.191.171.6 - - [22/Nov/2024:15:25:27 -0800] "GET /74746732.phtml HTTP/1.0" 404 57326 "-" "Mozilla/5.0 (compatible; SemrushBot/7~bl; +http://www.semrush.com/bot.html)"
66.249.68.66 - - [22/Nov/2024:15:25:28 -0800] "GET /70565800.phtml HTTP/1.0" 200 465392 "-" "Mozilla/5.0 (Linux; Android 6.0.1; Nexus 5X Build/MMB29P) AppleWebKit/537.36 (KHTML, like Gecko) Chrome/131.0.6778.69 Mobile Safari/537.36 (compatible; Googlebot/2.1; +http://www.google.com/bot.html)"
66.249.68.65 - - [22/Nov/2024:15:25:31 -0800] "GET /?brand=%E0%B8%84%E0%B8%B2%20%E0%B8%AA%E0%B8%B4%20%E0%B9%82%E0%B8%99%20%E0%B8%AD%E0%B8%AD%E0%B8%99%E0%B9%84%E0%B8%A5%E0%B8%99%E0%B9%8C%20%E0%B8%A7%E0%B8%AD%20%E0%B8%A5%20%E0%B9%80%E0%B8%A5%E0%B9%87%20%E0%B8%95.html HTTP/1.0" 200 462164 "-" "Mozilla/5.0 (Linux; Android 6.0.1; Nexus 5X Build/MMB29P) AppleWebKit/537.36 (KHTML, like Gecko) Chrome/131.0.6778.69 Mobile Safari/537.36 (compatible; Googlebot/2.1; +http://www.google.com/bot.html)"
66.249.68.66 - - [22/Nov/2024:15:25:34 -0800] "GET /52599172.phtml HTTP/1.0" 200 468677 "-" "Mozilla/5.0 (Linux; Android 6.0.1; Nexus 5X Build/MMB29P) AppleWebKit/537.36 (KHTML, like Gecko) Chrome/131.0.6778.69 Mobile Safari/537.36 (compatible; Googlebot/2.1; +http://www.google.com/bot.html)"
209.182.200.39 - - [22/Nov/2024:15:25:38 -0800] "POST /wp-cron.php?doing_wp_cron=1732317938.1566700935363769531250 HTTP/1.0" 200 - "https://figplantsparadise.com/wp-cron.php?doing_wp_cron=1732317938.1566700935363769531250" "WordPress/6.1.7; https://figplantsparadise.com"
85.208.96.211 - - [22/Nov/2024:15:25:37 -0800] "GET /96996460.phtml HTTP/1.0" 404 57326 "-" "Mozilla/5.0 (compatible; SemrushBot/7~bl; +http://www.semrush.com/bot.html)"
66.249.68.67 - - [22/Nov/2024:15:25:39 -0800] "GET /76272088.phtml HTTP/1.0" 200 467339 "-" "Mozilla/5.0 (Linux; Android 6.0.1; Nexus 5X Build/MMB29P) AppleWebKit/537.36 (KHTML, like Gecko) Chrome/131.0.6778.69 Mobile Safari/537.36 (compatible; Googlebot/2.1; +http://www.google.com/bot.html)"
66.249.68.66 - - [22/Nov/2024:15:25:41 -0800] "GET /?ruay=%E0%B8%AA%E0%B8%A1%E0%B8%B1%E0%B8%84%E0%B8%A3%20pgslot.html HTTP/1.0" 200 471396 "-" "Mozilla/5.0 (Linux; Android 6.0.1; Nexus 5X Build/MMB29P) AppleWebKit/537.36 (KHTML, like Gecko) Chrome/131.0.6778.69 Mobile Safari/537.36 (compatible; Googlebot/2.1; +http://www.google.com/bot.html)"
66.249.68.66 - - [22/Nov/2024:15:25:43 -0800] "GET /37868008.phtml HTTP/1.0" 200 471816 "-" "Mozilla/5.0 (Linux; Android 6.0.1; Nexus 5X Build/MMB29P) AppleWebKit/537.36 (KHTML, like Gecko) Chrome/131.0.6778.69 Mobile Safari/537.36 (compatible; Googlebot/2.1; +http://www.google.com/bot.html)"
185.191.171.3 - - [22/Nov/2024:15:25:48 -0800] "GET /8556772.phtml HTTP/1.0" 404 57326 "-" "Mozilla/5.0 (compatible; SemrushBot/7~bl; +http://www.semrush.com/bot.html)"
66.249.68.65 - - [22/Nov/2024:15:26:13 -0800] "GET /36308344.phtml HTTP/1.0" 200 474649 "-" "Mozilla/5.0 (Linux; Android 6.0.1; Nexus 5X Build/MMB29P) AppleWebKit/537.36 (KHTML, like Gecko) Chrome/131.0.6778.69 Mobile Safari/537.36 (compatible; Googlebot/2.1; +http://www.google.com/bot.html)"
66.249.68.65 - - [22/Nov/2024:15:26:15 -0800] "GET /59090476.phtml HTTP/1.0" 200 467438 "-" "Mozilla/5.0 (Linux; Android 6.0.1; Nexus 5X Build/MMB29P) AppleWebKit/537.36 (KHTML, like Gecko) Chrome/131.0.6778.69 Mobile Safari/537.36 (compatible; Googlebot/2.1; +http://www.google.com/bot.html)"
209.182.200.39 - - [22/Nov/2024:15:26:32 -0800] "POST /wp-cron.php?doing_wp_cron=1732317992.3581368923187255859375 HTTP/1.0" 200 - "https://figplantsparadise.com/wp-cron.php?doing_wp_cron=1732317992.3581368923187255859375" "WordPress/6.1.7; https://figplantsparadise.com"
185.191.171.9 - - [22/Nov/2024:15:26:32 -0800] "GET /92499592.phtml HTTP/1.0" 404 57326 "-" "Mozilla/5.0 (compatible; SemrushBot/7~bl; +http://www.semrush.com/bot.html)"
85.208.96.198 - - [22/Nov/2024:15:26:43 -0800] "GET /98508784.phtml HTTP/1.0" 404 57326 "-" "Mozilla/5.0 (compatible; SemrushBot/7~bl; +http://www.semrush.com/bot.html)"
66.249.68.66 - - [22/Nov/2024:15:26:46 -0800] "GET /ac=%E0%B9%82%E0%B8%9B%E0%B8%A3%20%E0%B8%AA%E0%B8%A1%E0%B8%B2%E0%B8%8A%E0%B8%B4%E0%B8%81%20%E0%B9%83%E0%B8%AB%E0%B8%A1%E0%B9%88%20100%20xo HTTP/1.0" 200 467110 "-" "Mozilla/5.0 (Linux; Android 6.0.1; Nexus 5X Build/MMB29P) AppleWebKit/537.36 (KHTML, like Gecko) Chrome/131.0.6778.69 Mobile Safari/537.36 (compatible; Googlebot/2.1; +http://www.google.com/bot.html)"
185.191.171.14 - - [22/Nov/2024:15:27:14 -0800] "GET /61616416.phtml HTTP/1.0" 404 57326 "-" "Mozilla/5.0 (compatible; SemrushBot/7~bl; +http://www.semrush.com/bot.html)"
66.249.68.65 - - [22/Nov/2024:15:27:17 -0800] "GET /brand=got7bet.htmls HTTP/1.0" 200 461372 "-" "Mozilla/5.0 (Linux; Android 6.0.1; Nexus 5X Build/MMB29P) AppleWebKit/537.36 (KHTML, like Gecko) Chrome/131.0.6778.69 Mobile Safari/537.36 (compatible; Googlebot/2.1; +http://www.google.com/bot.html)"
66.249.68.66 - - [22/Nov/2024:15:27:18 -0800] "GET /42937708.phtml HTTP/1.0" 200 470743 "-" "Mozilla/5.0 (Linux; Android 6.0.1; Nexus 5X Build/MMB29P) AppleWebKit/537.36 (KHTML, like Gecko) Chrome/131.0.6778.69 Mobile Safari/537.36 (compatible; Googlebot/2.1; +http://www.google.com/bot.html)"
66.249.68.66 - - [22/Nov/2024:15:27:37 -0800] "GET /26900572.phtml HTTP/1.0" 200 463898 "-" "Mozilla/5.0 (Linux; Android 6.0.1; Nexus 5X Build/MMB29P) AppleWebKit/537.36 (KHTML, like Gecko) Chrome/131.0.6778.69 Mobile Safari/537.36 (compatible; Googlebot/2.1; +http://www.google.com/bot.html)"
66.249.68.67 - - [22/Nov/2024:15:28:15 -0800] "GET /92194240.phtml HTTP/1.0" 200 463271 "-" "Mozilla/5.0 (Linux; Android 6.0.1; Nexus 5X Build/MMB29P) AppleWebKit/537.36 (KHTML, like Gecko) Chrome/131.0.6778.69 Mobile Safari/537.36 (compatible; Googlebot/2.1; +http://www.google.com/bot.html)"
66.249.68.67 - - [22/Nov/2024:15:28:15 -0800] "GET /111175168.phtml HTTP/1.0" 200 466282 "-" "Mozilla/5.0 (Linux; Android 6.0.1; Nexus 5X Build/MMB29P) AppleWebKit/537.36 (KHTML, like Gecko) Chrome/131.0.6778.69 Mobile Safari/537.36 (compatible; Googlebot/2.1; +http://www.google.com/bot.html)"
66.249.68.65 - - [22/Nov/2024:15:28:20 -0800] "GET /101413336.phtml HTTP/1.0" 200 461568 "-" "Mozilla/5.0 (Linux; Android 6.0.1; Nexus 5X Build/MMB29P) AppleWebKit/537.36 (KHTML, like Gecko) Chrome/131.0.6778.69 Mobile Safari/537.36 (compatible; Googlebot/2.1; +http://www.google.com/bot.html)"
66.249.68.66 - - [22/Nov/2024:15:28:21 -0800] "GET /48744544.phtml HTTP/1.0" 200 464684 "-" "Mozilla/5.0 (Linux; Android 6.0.1; Nexus 5X Build/MMB29P) AppleWebKit/537.36 (KHTML, like Gecko) Chrome/131.0.6778.69 Mobile Safari/537.36 (compatible; Googlebot/2.1; +http://www.google.com/bot.html)"
66.249.68.65 - - [22/Nov/2024:15:28:29 -0800] "GET /88288636.phtml HTTP/1.0" 200 468749 "-" "Mozilla/5.0 (Linux; Android 6.0.1; Nexus 5X Build/MMB29P) AppleWebKit/537.36 (KHTML, like Gecko) Chrome/131.0.6778.69 Mobile Safari/537.36 (compatible; Googlebot/2.1; +http://www.google.com/bot.html)"
66.249.68.65 - - [22/Nov/2024:15:28:30 -0800] "GET /113058184.phtml HTTP/1.0" 200 468541 "-" "Mozilla/5.0 (Linux; Android 6.0.1; Nexus 5X Build/MMB29P) AppleWebKit/537.36 (KHTML, like Gecko) Chrome/131.0.6778.69 Mobile Safari/537.36 (compatible; Googlebot/2.1; +http://www.google.com/bot.html)"
209.182.200.39 - - [22/Nov/2024:15:28:42 -0800] "POST /wp-cron.php?doing_wp_cron=1732318122.5583539009094238281250 HTTP/1.0" 200 - "https://figplantsparadise.com/wp-cron.php?doing_wp_cron=1732318122.5583539009094238281250" "WordPress/6.1.7; https://figplantsparadise.com"
85.208.96.208 - - [22/Nov/2024:15:28:42 -0800] "GET /91496596.phtml HTTP/1.0" 404 57326 "-" "Mozilla/5.0 (compatible; SemrushBot/7~bl; +http://www.semrush.com/bot.html)"
66.249.68.65 - - [22/Nov/2024:15:28:46 -0800] "GET /ac=mafia789 HTTP/1.0" 200 460031 "-" "Mozilla/5.0 (Linux; Android 6.0.1; Nexus 5X Build/MMB29P) AppleWebKit/537.36 (KHTML, like Gecko) Chrome/131.0.6778.69 Mobile Safari/537.36 (compatible; Googlebot/2.1; +http://www.google.com/bot.html)"
66.249.68.65 - - [22/Nov/2024:15:28:51 -0800] "GET /pay=slot%20%E0%B9%82%E0%B8%9B%E0%B8%A3%20%E0%B8%9D%E0%B8%B2%E0%B8%81%2010%20%E0%B8%A3%E0%B8%B1%E0%B8%9A%20100.htmls HTTP/1.0" 200 460272 "-" "Mozilla/5.0 (Linux; Android 6.0.1; Nexus 5X Build/MMB29P) AppleWebKit/537.36 (KHTML, like Gecko) Chrome/131.0.6778.69 Mobile Safari/537.36 (compatible; Googlebot/2.1; +http://www.google.com/bot.html)"
85.208.96.205 - - [22/Nov/2024:15:28:53 -0800] "GET /33343816.phtml HTTP/1.0" 404 57326 "-" "Mozilla/5.0 (compatible; SemrushBot/7~bl; +http://www.semrush.com/bot.html)"
66.249.68.65 - - [22/Nov/2024:15:29:01 -0800] "GET /64515460.phtml HTTP/1.0" 200 464059 "-" "Mozilla/5.0 (Linux; Android 6.0.1; Nexus 5X Build/MMB29P) AppleWebKit/537.36 (KHTML, like Gecko) Chrome/131.0.6778.69 Mobile Safari/537.36 (compatible; Googlebot/2.1; +http://www.google.com/bot.html)"
66.249.68.67 - - [22/Nov/2024:15:29:03 -0800] "GET /71198140.phtml HTTP/1.0" 200 463347 "-" "Mozilla/5.0 (Linux; Android 6.0.1; Nexus 5X Build/MMB29P) AppleWebKit/537.36 (KHTML, like Gecko) Chrome/131.0.6778.69 Mobile Safari/537.36 (compatible; Googlebot/2.1; +http://www.google.com/bot.html)"
185.191.171.2 - - [22/Nov/2024:15:29:07 -0800] "GET /96525040.phtml HTTP/1.0" 404 57326 "-" "Mozilla/5.0 (compatible; SemrushBot/7~bl; +http://www.semrush.com/bot.html)"
85.208.96.207 - - [22/Nov/2024:15:29:18 -0800] "GET /58410436.phtml HTTP/1.0" 404 57326 "-" "Mozilla/5.0 (compatible; SemrushBot/7~bl; +http://www.semrush.com/bot.html)"
66.249.68.66 - - [22/Nov/2024:15:29:20 -0800] "GET /85218844.phtml HTTP/1.0" 200 463209 "-" "Mozilla/5.0 (Linux; Android 6.0.1; Nexus 5X Build/MMB29P) AppleWebKit/537.36 (KHTML, like Gecko) Chrome/131.0.6778.69 Mobile Safari/537.36 (compatible; Googlebot/2.1; +http://www.google.com/bot.html)"
66.249.68.65 - - [22/Nov/2024:15:29:22 -0800] "GET /105908908.phtml HTTP/1.0" 200 461958 "-" "Mozilla/5.0 (Linux; Android 6.0.1; Nexus 5X Build/MMB29P) AppleWebKit/537.36 (KHTML, like Gecko) Chrome/131.0.6778.69 Mobile Safari/537.36 (compatible; Googlebot/2.1; +http://www.google.com/bot.html)"
185.191.171.10 - - [22/Nov/2024:15:29:29 -0800] "GET /39429652.phtml HTTP/1.0" 404 57326 "-" "Mozilla/5.0 (compatible; SemrushBot/7~bl; +http://www.semrush.com/bot.html)"
66.249.68.65 - - [22/Nov/2024:15:29:33 -0800] "GET /ruay=slotxo%20%E0%B9%81%E0%B8%AD%20%E0%B8%9E%20%E0%B8%A1%E0%B8%B7%E0%B8%AD%20%E0%B8%96%E0%B8%B7%E0%B8%AD HTTP/1.0" 200 461207 "-" "Mozilla/5.0 (Linux; Android 6.0.1; Nexus 5X Build/MMB29P) AppleWebKit/537.36 (KHTML, like Gecko) Chrome/131.0.6778.69 Mobile Safari/537.36 (compatible; Googlebot/2.1; +http://www.google.com/bot.html)"
209.182.200.39 - - [22/Nov/2024:15:29:40 -0800] "POST /wp-cron.php?doing_wp_cron=1732318180.2721641063690185546875 HTTP/1.0" 200 - "https://figplantsparadise.com/wp-cron.php?doing_wp_cron=1732318180.2721641063690185546875" "WordPress/6.1.7; https://figplantsparadise.com"
85.208.96.211 - - [22/Nov/2024:15:29:40 -0800] "GET /76328284.phtml HTTP/1.0" 404 57326 "-" "Mozilla/5.0 (compatible; SemrushBot/7~bl; +http://www.semrush.com/bot.html)"
66.249.68.65 - - [22/Nov/2024:15:29:46 -0800] "GET /19408972.phtml HTTP/1.0" 200 469183 "-" "Mozilla/5.0 (Linux; Android 6.0.1; Nexus 5X Build/MMB29P) AppleWebKit/537.36 (KHTML, like Gecko) Chrome/131.0.6778.69 Mobile Safari/537.36 (compatible; Googlebot/2.1; +http://www.google.com/bot.html)"
66.249.68.65 - - [22/Nov/2024:15:29:48 -0800] "GET /105282868.phtml HTTP/1.0" 200 462035 "-" "Mozilla/5.0 (Linux; Android 6.0.1; Nexus 5X Build/MMB29P) AppleWebKit/537.36 (KHTML, like Gecko) Chrome/131.0.6778.69 Mobile Safari/537.36 (compatible; Googlebot/2.1; +http://www.google.com/bot.html)"
66.249.68.65 - - [22/Nov/2024:15:29:50 -0800] "GET /9330412.phtml HTTP/1.0" 200 469806 "-" "Mozilla/5.0 (Linux; Android 6.0.1; Nexus 5X Build/MMB29P) AppleWebKit/537.36 (KHTML, like Gecko) Chrome/131.0.6778.69 Mobile Safari/537.36 (compatible; Googlebot/2.1; +http://www.google.com/bot.html)"
85.208.96.198 - - [22/Nov/2024:15:29:50 -0800] "GET /33865852.phtml HTTP/1.0" 404 57326 "-" "Mozilla/5.0 (compatible; SemrushBot/7~bl; +http://www.semrush.com/bot.html)"
66.249.68.65 - - [22/Nov/2024:15:29:51 -0800] "GET /go=%E0%B8%94%E0%B8%B2%E0%B8%A7%E0%B8%99%E0%B9%8C%E0%B9%82%E0%B8%AB%E0%B8%A5%E0%B8%94%20918kiss%20%E0%B9%80%E0%B8%A7%E0%B8%AD%E0%B8%A3%E0%B9%8C%E0%B8%8A%E0%B8%B1%E0%B9%88%E0%B8%99%E0%B9%80%E0%B8%81%E0%B9%88%E0%B8%B2 HTTP/1.0" 200 462195 "-" "Mozilla/5.0 (Linux; Android 6.0.1; Nexus 5X Build/MMB29P) AppleWebKit/537.36 (KHTML, like Gecko) Chrome/131.0.6778.69 Mobile Safari/537.36 (compatible; Googlebot/2.1; +http://www.google.com/bot.html)"
66.249.68.66 - - [22/Nov/2024:15:30:16 -0800] "GET /68320552.phtml HTTP/1.0" 200 464293 "-" "Mozilla/5.0 (Linux; Android 6.0.1; Nexus 5X Build/MMB29P) AppleWebKit/537.36 (KHTML, like Gecko) Chrome/131.0.6778.69 Mobile Safari/537.36 (compatible; Googlebot/2.1; +http://www.google.com/bot.html)"
66.249.68.65 - - [22/Nov/2024:15:30:17 -0800] "GET /91323688.phtml HTTP/1.0" 200 458495 "-" "Mozilla/5.0 (Linux; Android 6.0.1; Nexus 5X Build/MMB29P) AppleWebKit/537.36 (KHTML, like Gecko) Chrome/131.0.6778.69 Mobile Safari/537.36 (compatible; Googlebot/2.1; +http://www.google.com/bot.html)"
66.249.68.65 - - [22/Nov/2024:15:30:24 -0800] "GET /8813632.phtml HTTP/1.0" 200 468197 "-" "Mozilla/5.0 (Linux; Android 6.0.1; Nexus 5X Build/MMB29P) AppleWebKit/537.36 (KHTML, like Gecko) Chrome/131.0.6778.69 Mobile Safari/537.36 (compatible; Googlebot/2.1; +http://www.google.com/bot.html)"
66.249.68.65 - - [22/Nov/2024:15:30:33 -0800] "GET /46511716.phtml HTTP/1.0" 200 467111 "-" "Mozilla/5.0 (Linux; Android 6.0.1; Nexus 5X Build/MMB29P) AppleWebKit/537.36 (KHTML, like Gecko) Chrome/131.0.6778.69 Mobile Safari/537.36 (compatible; Googlebot/2.1; +http://www.google.com/bot.html)"
66.249.68.65 - - [22/Nov/2024:15:30:39 -0800] "GET /108306580.phtml HTTP/1.0" 200 461793 "-" "Mozilla/5.0 (Linux; Android 6.0.1; Nexus 5X Build/MMB29P) AppleWebKit/537.36 (KHTML, like Gecko) Chrome/131.0.6778.69 Mobile Safari/537.36 (compatible; Googlebot/2.1; +http://www.google.com/bot.html)"
209.182.200.39 - - [22/Nov/2024:15:30:41 -0800] "POST /wp-cron.php?doing_wp_cron=1732318241.2897028923034667968750 HTTP/1.0" 200 - "https://figplantsparadise.com/wp-cron.php?doing_wp_cron=1732318241.2897028923034667968750" "WordPress/6.1.7; https://figplantsparadise.com"
185.191.171.1 - - [22/Nov/2024:15:30:40 -0800] "GET /96858040.phtml HTTP/1.0" 404 57326 "-" "Mozilla/5.0 (compatible; SemrushBot/7~bl; +http://www.semrush.com/bot.html)"
173.214.172.82 - - [22/Nov/2024:15:31:00 -0800] "GET /.well-known/acme-challenge/MFFRARSXTK4_W57D8-B6LSQEZ3Y5JXIU HTTP/1.0" 404 236 "-" "Cpanel-HTTP-Client/1.0"
173.214.172.82 - - [22/Nov/2024:15:31:11 -0800] "GET /.well-known/acme-challenge/4OS97TE7WREW-9WQQO9IEBH055KM3C3J HTTP/1.0" 404 236 "-" "Cpanel-HTTP-Client/1.0"
173.214.172.82 - - [22/Nov/2024:15:31:13 -0800] "GET /.well-known/acme-challenge/_RFJMW6JWK3GG0UWXT925M_SPZZICCK5 HTTP/1.0" 404 236 "-" "Cpanel-HTTP-Client/1.0"
66.249.68.66 - - [22/Nov/2024:15:31:21 -0800] "GET /19920820.phtml HTTP/1.0" 200 466972 "-" "Mozilla/5.0 (Linux; Android 6.0.1; Nexus 5X Build/MMB29P) AppleWebKit/537.36 (KHTML, like Gecko) Chrome/131.0.6778.69 Mobile Safari/537.36 (compatible; Googlebot/2.1; +http://www.google.com/bot.html)"
209.182.200.39 - - [22/Nov/2024:15:31:25 -0800] "POST /wp-cron.php?doing_wp_cron=1732318285.9475419521331787109375 HTTP/1.0" 200 - "https://figplantsparadise.com/wp-cron.php?doing_wp_cron=1732318285.9475419521331787109375" "WordPress/6.1.7; https://figplantsparadise.com"
85.208.96.208 - - [22/Nov/2024:15:31:25 -0800] "GET /11449696.phtml HTTP/1.0" 404 57326 "-" "Mozilla/5.0 (compatible; SemrushBot/7~bl; +http://www.semrush.com/bot.html)"
66.249.68.65 - - [22/Nov/2024:15:31:29 -0800] "GET /109075072.phtml HTTP/1.0" 200 462517 "-" "Mozilla/5.0 (Linux; Android 6.0.1; Nexus 5X Build/MMB29P) AppleWebKit/537.36 (KHTML, like Gecko) Chrome/131.0.6778.69 Mobile Safari/537.36 (compatible; Googlebot/2.1; +http://www.google.com/bot.html)"
209.182.200.39 - - [22/Nov/2024:15:31:43 -0800] "POST /wp-cron.php?doing_wp_cron=1732318303.6388740539550781250000 HTTP/1.0" 200 - "https://figplantsparadise.com/wp-cron.php?doing_wp_cron=1732318303.6388740539550781250000" "WordPress/6.1.7; https://figplantsparadise.com"
185.191.171.14 - - [22/Nov/2024:15:31:43 -0800] "GET /92221420.phtml HTTP/1.0" 404 57326 "-" "Mozilla/5.0 (compatible; SemrushBot/7~bl; +http://www.semrush.com/bot.html)"
66.249.68.65 - - [22/Nov/2024:15:32:14 -0800] "GET /go=7nsys.htmls HTTP/1.0" 200 460384 "-" "Mozilla/5.0 (Linux; Android 6.0.1; Nexus 5X Build/MMB29P) AppleWebKit/537.36 (KHTML, like Gecko) Chrome/131.0.6778.69 Mobile Safari/537.36 (compatible; Googlebot/2.1; +http://www.google.com/bot.html)"
66.249.68.65 - - [22/Nov/2024:15:32:14 -0800] "GET /brand=thai%20sbo HTTP/1.0" 200 462658 "-" "Mozilla/5.0 (Linux; Android 6.0.1; Nexus 5X Build/MMB29P) AppleWebKit/537.36 (KHTML, like Gecko) Chrome/131.0.6778.69 Mobile Safari/537.36 (compatible; Googlebot/2.1; +http://www.google.com/bot.html)"
209.182.200.39 - - [22/Nov/2024:15:32:49 -0800] "POST /wp-cron.php?doing_wp_cron=1732318369.7154059410095214843750 HTTP/1.0" 200 - "https://figplantsparadise.com/wp-cron.php?doing_wp_cron=1732318369.7154059410095214843750" "WordPress/6.1.7; https://figplantsparadise.com"
85.208.96.197 - - [22/Nov/2024:15:32:49 -0800] "GET /76039132.phtml HTTP/1.0" 404 57326 "-" "Mozilla/5.0 (compatible; SemrushBot/7~bl; +http://www.semrush.com/bot.html)"
185.191.171.11 - - [22/Nov/2024:15:33:02 -0800] "GET /43373164.phtml HTTP/1.0" 404 57326 "-" "Mozilla/5.0 (compatible; SemrushBot/7~bl; +http://www.semrush.com/bot.html)"
185.191.171.2 - - [22/Nov/2024:15:33:13 -0800] "GET /39690472.phtml HTTP/1.0" 404 57326 "-" "Mozilla/5.0 (compatible; SemrushBot/7~bl; +http://www.semrush.com/bot.html)"
66.249.68.65 - - [22/Nov/2024:15:33:16 -0800] "GET /59658052.phtml HTTP/1.0" 200 462374 "-" "Mozilla/5.0 (Linux; Android 6.0.1; Nexus 5X Build/MMB29P) AppleWebKit/537.36 (KHTML, like Gecko) Chrome/131.0.6778.69 Mobile Safari/537.36 (compatible; Googlebot/2.1; +http://www.google.com/bot.html)"
66.249.68.66 - - [22/Nov/2024:15:33:20 -0800] "GET /37384636.phtml HTTP/1.0" 200 467941 "-" "Mozilla/5.0 (Linux; Android 6.0.1; Nexus 5X Build/MMB29P) AppleWebKit/537.36 (KHTML, like Gecko) Chrome/131.0.6778.69 Mobile Safari/537.36 (compatible; Googlebot/2.1; +http://www.google.com/bot.html)"
66.249.68.65 - - [22/Nov/2024:15:33:25 -0800] "GET /news=%E0%B9%80%E0%B8%81%E0%B8%A1%20%E0%B9%80%E0%B8%A5%E0%B9%88%E0%B8%99%20%E0%B9%81%E0%B8%A5%E0%B9%89%E0%B8%A7%20%E0%B9%84%E0%B8%94%E0%B9%89%20%E0%B9%80%E0%B8%87%E0%B8%B4%E0%B8%99%20%E0%B9%80%E0%B8%82%E0%B9%89%E0%B8%B2%20%E0%B8%9A%E0%B8%B1%E0%B8%8D%E0%B8%8A%E0%B8%B5%20%E0%B8%88%E0%B8%A3%E0%B8%B4%E0%B8%87.html HTTP/1.0" 200 459899 "-" "Mozilla/5.0 (Linux; Android 6.0.1; Nexus 5X Build/MMB29P) AppleWebKit/537.36 (KHTML, like Gecko) Chrome/131.0.6778.69 Mobile Safari/537.36 (compatible; Googlebot/2.1; +http://www.google.com/bot.html)"
66.249.68.65 - - [22/Nov/2024:15:33:26 -0800] "GET /11318872.phtml HTTP/1.0" 200 464022 "-" "Mozilla/5.0 (Linux; Android 6.0.1; Nexus 5X Build/MMB29P) AppleWebKit/537.36 (KHTML, like Gecko) Chrome/131.0.6778.69 Mobile Safari/537.36 (compatible; Googlebot/2.1; +http://www.google.com/bot.html)"
209.182.200.39 - - [22/Nov/2024:15:33:36 -0800] "POST /wp-cron.php?doing_wp_cron=1732318416.0083959102630615234375 HTTP/1.0" 200 - "https://figplantsparadise.com/wp-cron.php?doing_wp_cron=1732318416.0083959102630615234375" "WordPress/6.1.7; https://figplantsparadise.com"
85.208.96.199 - - [22/Nov/2024:15:33:35 -0800] "GET /111109972.phtml HTTP/1.0" 404 57326 "-" "Mozilla/5.0 (compatible; SemrushBot/7~bl; +http://www.semrush.com/bot.html)"
66.249.68.65 - - [22/Nov/2024:15:33:39 -0800] "GET /113591560.phtml HTTP/1.0" 200 461235 "-" "Mozilla/5.0 (Linux; Android 6.0.1; Nexus 5X Build/MMB29P) AppleWebKit/537.36 (KHTML, like Gecko) Chrome/131.0.6778.69 Mobile Safari/537.36 (compatible; Googlebot/2.1; +http://www.google.com/bot.html)"
85.208.96.204 - - [22/Nov/2024:15:33:49 -0800] "GET /86578780.phtml HTTP/1.0" 404 57326 "-" "Mozilla/5.0 (compatible; SemrushBot/7~bl; +http://www.semrush.com/bot.html)"
185.191.171.15 - - [22/Nov/2024:15:34:00 -0800] "GET /59354824.phtml HTTP/1.0" 404 57326 "-" "Mozilla/5.0 (compatible; SemrushBot/7~bl; +http://www.semrush.com/bot.html)"
85.208.96.210 - - [22/Nov/2024:15:34:12 -0800] "GET /77676340.phtml HTTP/1.0" 404 57326 "-" "Mozilla/5.0 (compatible; SemrushBot/7~bl; +http://www.semrush.com/bot.html)"
66.249.68.66 - - [22/Nov/2024:15:34:15 -0800] "GET /82721956.phtml HTTP/1.0" 200 465201 "-" "Mozilla/5.0 (Linux; Android 6.0.1; Nexus 5X Build/MMB29P) AppleWebKit/537.36 (KHTML, like Gecko) Chrome/131.0.6778.69 Mobile Safari/537.36 (compatible; Googlebot/2.1; +http://www.google.com/bot.html)"
66.249.68.65 - - [22/Nov/2024:15:34:16 -0800] "GET /75432208.phtml HTTP/1.0" 200 457792 "-" "Mozilla/5.0 (Linux; Android 6.0.1; Nexus 5X Build/MMB29P) AppleWebKit/537.36 (KHTML, like Gecko) Chrome/131.0.6778.69 Mobile Safari/537.36 (compatible; Googlebot/2.1; +http://www.google.com/bot.html)"
85.208.96.210 - - [22/Nov/2024:15:34:25 -0800] "GET /41777428.phtml HTTP/1.0" 404 57326 "-" "Mozilla/5.0 (compatible; SemrushBot/7~bl; +http://www.semrush.com/bot.html)"
66.249.68.65 - - [22/Nov/2024:15:34:33 -0800] "GET /23612296.phtml HTTP/1.0" 200 471016 "-" "Mozilla/5.0 (Linux; Android 6.0.1; Nexus 5X Build/MMB29P) AppleWebKit/537.36 (KHTML, like Gecko) Chrome/131.0.6778.69 Mobile Safari/537.36 (compatible; Googlebot/2.1; +http://www.google.com/bot.html)"
209.182.200.39 - - [22/Nov/2024:15:34:44 -0800] "POST /wp-cron.php?doing_wp_cron=1732318484.1551470756530761718750 HTTP/1.0" 200 - "https://figplantsparadise.com/wp-cron.php?doing_wp_cron=1732318484.1551470756530761718750" "WordPress/6.1.7; https://figplantsparadise.com"
185.191.171.10 - - [22/Nov/2024:15:34:43 -0800] "GET /36991048.phtml HTTP/1.0" 404 57326 "-" "Mozilla/5.0 (compatible; SemrushBot/7~bl; +http://www.semrush.com/bot.html)"
216.244.66.229 - - [22/Nov/2024:15:34:48 -0800] "GET /robots.txt HTTP/1.0" 200 30 "-" "Mozilla/5.0 (compatible; DotBot/1.2; +https://opensiteexplorer.org/dotbot; help@moz.com)"
66.249.68.66 - - [22/Nov/2024:15:35:23 -0800] "GET /71637340.phtml HTTP/1.0" 200 458288 "-" "Mozilla/5.0 (Linux; Android 6.0.1; Nexus 5X Build/MMB29P) AppleWebKit/537.36 (KHTML, like Gecko) Chrome/131.0.6778.69 Mobile Safari/537.36 (compatible; Googlebot/2.1; +http://www.google.com/bot.html)"
66.249.68.66 - - [22/Nov/2024:15:35:44 -0800] "GET /72906484.phtml HTTP/1.0" 200 461201 "-" "Mozilla/5.0 (Linux; Android 6.0.1; Nexus 5X Build/MMB29P) AppleWebKit/537.36 (KHTML, like Gecko) Chrome/131.0.6778.69 Mobile Safari/537.36 (compatible; Googlebot/2.1; +http://www.google.com/bot.html)"
209.182.200.39 - - [22/Nov/2024:15:35:58 -0800] "POST /wp-cron.php?doing_wp_cron=1732318558.9597940444946289062500 HTTP/1.0" 200 - "https://figplantsparadise.com/wp-cron.php?doing_wp_cron=1732318558.9597940444946289062500" "WordPress/6.1.7; https://figplantsparadise.com"
185.191.171.6 - - [22/Nov/2024:15:35:58 -0800] "GET /36447736.phtml HTTP/1.0" 404 57326 "-" "Mozilla/5.0 (compatible; SemrushBot/7~bl; +http://www.semrush.com/bot.html)"
209.182.200.39 - - [22/Nov/2024:15:36:19 -0800] "POST /wp-cron.php?doing_wp_cron=1732318579.5157659053802490234375 HTTP/1.0" 200 - "https://figplantsparadise.com/wp-cron.php?doing_wp_cron=1732318579.5157659053802490234375" "WordPress/6.1.7; https://figplantsparadise.com"
51.222.253.12 - - [22/Nov/2024:15:36:19 -0800] "GET /product/olga-yellow/ HTTP/1.0" 200 110008 "-" "Mozilla/5.0 (compatible; AhrefsBot/7.0; +http://ahrefs.com/robot/)"
85.208.96.210 - - [22/Nov/2024:15:36:23 -0800] "GET /55196284.phtml HTTP/1.0" 404 57326 "-" "Mozilla/5.0 (compatible; SemrushBot/7~bl; +http://www.semrush.com/bot.html)"
66.249.68.66 - - [22/Nov/2024:15:36:46 -0800] "GET /34136212.phtml HTTP/1.0" 200 466658 "-" "Mozilla/5.0 (Linux; Android 6.0.1; Nexus 5X Build/MMB29P) AppleWebKit/537.36 (KHTML, like Gecko) Chrome/131.0.6778.69 Mobile Safari/537.36 (compatible; Googlebot/2.1; +http://www.google.com/bot.html)"
66.249.68.65 - - [22/Nov/2024:15:36:54 -0800] "GET /93807364.phtml HTTP/1.0" 200 461494 "-" "Mozilla/5.0 (Linux; Android 6.0.1; Nexus 5X Build/MMB29P) AppleWebKit/537.36 (KHTML, like Gecko) Chrome/131.0.6778.69 Mobile Safari/537.36 (compatible; Googlebot/2.1; +http://www.google.com/bot.html)"
209.182.200.39 - - [22/Nov/2024:15:36:57 -0800] "POST /wp-cron.php?doing_wp_cron=1732318617.3344349861145019531250 HTTP/1.0" 200 - "https://figplantsparadise.com/wp-cron.php?doing_wp_cron=1732318617.3344349861145019531250" "WordPress/6.1.7; https://figplantsparadise.com"
85.208.96.209 - - [22/Nov/2024:15:36:56 -0800] "GET /27484168.phtml HTTP/1.0" 404 57326 "-" "Mozilla/5.0 (compatible; SemrushBot/7~bl; +http://www.semrush.com/bot.html)"
209.182.200.39 - - [22/Nov/2024:15:37:09 -0800] "POST /wp-cron.php?doing_wp_cron=1732318629.8381359577178955078125 HTTP/1.0" 200 - "https://figplantsparadise.com/wp-cron.php?doing_wp_cron=1732318629.8381359577178955078125" "WordPress/6.1.7; https://figplantsparadise.com"
85.208.96.206 - - [22/Nov/2024:15:37:09 -0800] "GET /61879540.phtml HTTP/1.0" 404 57326 "-" "Mozilla/5.0 (compatible; SemrushBot/7~bl; +http://www.semrush.com/bot.html)"
66.249.68.67 - - [22/Nov/2024:15:37:14 -0800] "GET /38631928.phtml HTTP/1.0" 200 468491 "-" "Mozilla/5.0 (Linux; Android 6.0.1; Nexus 5X Build/MMB29P) AppleWebKit/537.36 (KHTML, like Gecko) Chrome/131.0.6778.69 Mobile Safari/537.36 (compatible; Googlebot/2.1; +http://www.google.com/bot.html)"
66.249.68.66 - - [22/Nov/2024:15:37:22 -0800] "GET /news=%E0%B9%80%E0%B8%84%E0%B8%A3%E0%B8%94%E0%B8%B4%E0%B8%95%20%E0%B8%9F%E0%B8%A3%E0%B8%B5%20500%20%E0%B8%96%E0%B8%AD%E0%B8%99%20%E0%B9%84%E0%B8%94%E0%B9%89 HTTP/1.0" 200 471801 "-" "Mozilla/5.0 (Linux; Android 6.0.1; Nexus 5X Build/MMB29P) AppleWebKit/537.36 (KHTML, like Gecko) Chrome/131.0.6778.69 Mobile Safari/537.36 (compatible; Googlebot/2.1; +http://www.google.com/bot.html)"
66.249.68.65 - - [22/Nov/2024:15:37:28 -0800] "GET /23864548.phtml HTTP/1.0" 200 463900 "-" "Mozilla/5.0 (Linux; Android 6.0.1; Nexus 5X Build/MMB29P) AppleWebKit/537.36 (KHTML, like Gecko) Chrome/131.0.6778.69 Mobile Safari/537.36 (compatible; Googlebot/2.1; +http://www.google.com/bot.html)"
209.182.200.39 - - [22/Nov/2024:15:37:40 -0800] "POST /wp-cron.php?doing_wp_cron=1732318660.4353659152984619140625 HTTP/1.0" 200 - "https://figplantsparadise.com/wp-cron.php?doing_wp_cron=1732318660.4353659152984619140625" "WordPress/6.1.7; https://figplantsparadise.com"
185.191.171.18 - - [22/Nov/2024:15:37:39 -0800] "GET /76820224.phtml HTTP/1.0" 404 57326 "-" "Mozilla/5.0 (compatible; SemrushBot/7~bl; +http://www.semrush.com/bot.html)"
85.208.96.196 - - [22/Nov/2024:15:37:54 -0800] "GET /product/bela-di-maria/ HTTP/1.0" 200 112293 "-" "Mozilla/5.0 (compatible; SemrushBot/7~bl; +http://www.semrush.com/bot.html)"
185.191.171.10 - - [22/Nov/2024:15:38:07 -0800] "GET /47601652.phtml HTTP/1.0" 404 57326 "-" "Mozilla/5.0 (compatible; SemrushBot/7~bl; +http://www.semrush.com/bot.html)"
66.249.68.67 - - [22/Nov/2024:15:38:14 -0800] "GET /61589452.phtml HTTP/1.0" 200 457809 "-" "Mozilla/5.0 (Linux; Android 6.0.1; Nexus 5X Build/MMB29P) AppleWebKit/537.36 (KHTML, like Gecko) Chrome/131.0.6778.69 Mobile Safari/537.36 (compatible; Googlebot/2.1; +http://www.google.com/bot.html)"
85.208.96.194 - - [22/Nov/2024:15:38:18 -0800] "GET /53594716.phtml HTTP/1.0" 404 57326 "-" "Mozilla/5.0 (compatible; SemrushBot/7~bl; +http://www.semrush.com/bot.html)"
66.249.68.65 - - [22/Nov/2024:15:38:20 -0800] "GET /62142736.phtml HTTP/1.0" 200 460421 "-" "Mozilla/5.0 (Linux; Android 6.0.1; Nexus 5X Build/MMB29P) AppleWebKit/537.36 (KHTML, like Gecko) Chrome/131.0.6778.69 Mobile Safari/537.36 (compatible; Googlebot/2.1; +http://www.google.com/bot.html)"
66.249.68.65 - - [22/Nov/2024:15:38:25 -0800] "GET /78780280.phtml HTTP/1.0" 200 458704 "-" "Mozilla/5.0 (Linux; Android 6.0.1; Nexus 5X Build/MMB29P) AppleWebKit/537.36 (KHTML, like Gecko) Chrome/131.0.6778.69 Mobile Safari/537.36 (compatible; Googlebot/2.1; +http://www.google.com/bot.html)"
66.249.68.65 - - [22/Nov/2024:15:38:27 -0800] "GET /13478908.phtml HTTP/1.0" 200 463032 "-" "Mozilla/5.0 (Linux; Android 6.0.1; Nexus 5X Build/MMB29P) AppleWebKit/537.36 (KHTML, like Gecko) Chrome/131.0.6778.69 Mobile Safari/537.36 (compatible; Googlebot/2.1; +http://www.google.com/bot.html)"
209.182.200.39 - - [22/Nov/2024:15:38:30 -0800] "POST /wp-cron.php?doing_wp_cron=1732318710.0334410667419433593750 HTTP/1.0" 200 - "https://figplantsparadise.com/wp-cron.php?doing_wp_cron=1732318710.0334410667419433593750" "WordPress/6.1.7; https://figplantsparadise.com"
185.191.171.3 - - [22/Nov/2024:15:38:29 -0800] "GET /21788788.phtml HTTP/1.0" 404 57326 "-" "Mozilla/5.0 (compatible; SemrushBot/7~bl; +http://www.semrush.com/bot.html)"
66.249.68.66 - - [22/Nov/2024:15:38:32 -0800] "GET /80355928.phtml HTTP/1.0" 200 464220 "-" "Mozilla/5.0 (Linux; Android 6.0.1; Nexus 5X Build/MMB29P) AppleWebKit/537.36 (KHTML, like Gecko) Chrome/131.0.6778.69 Mobile Safari/537.36 (compatible; Googlebot/2.1; +http://www.google.com/bot.html)"
85.208.96.209 - - [22/Nov/2024:15:38:52 -0800] "GET /106607524.phtml HTTP/1.0" 404 57326 "-" "Mozilla/5.0 (compatible; SemrushBot/7~bl; +http://www.semrush.com/bot.html)"
185.191.171.9 - - [22/Nov/2024:15:39:20 -0800] "GET /7859632.phtml HTTP/1.0" 404 57326 "-" "Mozilla/5.0 (compatible; SemrushBot/7~bl; +http://www.semrush.com/bot.html)"
66.249.68.66 - - [22/Nov/2024:15:39:27 -0800] "GET /75245548.phtml HTTP/1.0" 200 467232 "-" "Mozilla/5.0 (Linux; Android 6.0.1; Nexus 5X Build/MMB29P) AppleWebKit/537.36 (KHTML, like Gecko) Chrome/131.0.6778.69 Mobile Safari/537.36 (compatible; Googlebot/2.1; +http://www.google.com/bot.html)"
66.249.68.65 - - [22/Nov/2024:15:39:46 -0800] "GET /113596816.phtml HTTP/1.0" 200 457992 "-" "Mozilla/5.0 (Linux; Android 6.0.1; Nexus 5X Build/MMB29P) AppleWebKit/537.36 (KHTML, like Gecko) Chrome/131.0.6778.69 Mobile Safari/537.36 (compatible; Googlebot/2.1; +http://www.google.com/bot.html)"
66.249.68.66 - - [22/Nov/2024:15:39:47 -0800] "GET /99674968.phtml HTTP/1.0" 200 461661 "-" "Mozilla/5.0 (Linux; Android 6.0.1; Nexus 5X Build/MMB29P) AppleWebKit/537.36 (KHTML, like Gecko) Chrome/131.0.6778.69 Mobile Safari/537.36 (compatible; Googlebot/2.1; +http://www.google.com/bot.html)"
66.249.68.65 - - [22/Nov/2024:15:39:59 -0800] "GET /news=%E0%B8%A5%E0%B8%AD%E0%B8%87%20%E0%B9%80%E0%B8%A5%E0%B9%88%E0%B8%99%20%E0%B9%82%E0%B8%A3%20%E0%B8%A1%E0%B9%88%E0%B8%B2.html HTTP/1.0" 200 469968 "-" "Mozilla/5.0 (Linux; Android 6.0.1; Nexus 5X Build/MMB29P) AppleWebKit/537.36 (KHTML, like Gecko) Chrome/131.0.6778.69 Mobile Safari/537.36 (compatible; Googlebot/2.1; +http://www.google.com/bot.html)"
209.182.200.39 - - [22/Nov/2024:15:40:18 -0800] "POST /wp-cron.php?doing_wp_cron=1732318818.5977230072021484375000 HTTP/1.0" 200 - "https://figplantsparadise.com/wp-cron.php?doing_wp_cron=1732318818.5977230072021484375000" "WordPress/6.1.7; https://figplantsparadise.com"
85.208.96.197 - - [22/Nov/2024:15:40:18 -0800] "GET /20980048.phtml HTTP/1.0" 404 57326 "-" "Mozilla/5.0 (compatible; SemrushBot/7~bl; +http://www.semrush.com/bot.html)"
66.249.68.65 - - [22/Nov/2024:15:40:44 -0800] "GET /94217512.phtml HTTP/1.0" 200 461636 "-" "Mozilla/5.0 (Linux; Android 6.0.1; Nexus 5X Build/MMB29P) AppleWebKit/537.36 (KHTML, like Gecko) Chrome/131.0.6778.69 Mobile Safari/537.36 (compatible; Googlebot/2.1; +http://www.google.com/bot.html)"
66.249.68.65 - - [22/Nov/2024:15:41:02 -0800] "GET /22976608.phtml HTTP/1.0" 200 462506 "-" "Mozilla/5.0 (Linux; Android 6.0.1; Nexus 5X Build/MMB29P) AppleWebKit/537.36 (KHTML, like Gecko) Chrome/131.0.6778.69 Mobile Safari/537.36 (compatible; Googlebot/2.1; +http://www.google.com/bot.html)"
66.249.68.66 - - [22/Nov/2024:15:41:28 -0800] "GET /go=ufa88%20%E0%B8%97%E0%B8%B2%E0%B8%87%E0%B9%80%E0%B8%82%E0%B9%89%E0%B8%B2%20ufabet.htmls HTTP/1.0" 200 465105 "-" "Mozilla/5.0 (Linux; Android 6.0.1; Nexus 5X Build/MMB29P) AppleWebKit/537.36 (KHTML, like Gecko) Chrome/131.0.6778.69 Mobile Safari/537.36 (compatible; Googlebot/2.1; +http://www.google.com/bot.html)"
66.249.68.66 - - [22/Nov/2024:15:41:31 -0800] "GET /19131268.phtml HTTP/1.0" 200 462220 "-" "Mozilla/5.0 (Linux; Android 6.0.1; Nexus 5X Build/MMB29P) AppleWebKit/537.36 (KHTML, like Gecko) Chrome/131.0.6778.69 Mobile Safari/537.36 (compatible; Googlebot/2.1; +http://www.google.com/bot.html)"
209.182.200.39 - - [22/Nov/2024:15:41:36 -0800] "POST /wp-cron.php?doing_wp_cron=1732318896.0372130870819091796875 HTTP/1.0" 200 - "https://figplantsparadise.com/wp-cron.php?doing_wp_cron=1732318896.0372130870819091796875" "WordPress/6.1.7; https://figplantsparadise.com"
85.208.96.204 - - [22/Nov/2024:15:41:35 -0800] "GET /41316484.phtml HTTP/1.0" 404 57326 "-" "Mozilla/5.0 (compatible; SemrushBot/7~bl; +http://www.semrush.com/bot.html)"
185.191.171.1 - - [22/Nov/2024:15:41:46 -0800] "GET /19409080.phtml HTTP/1.0" 404 57326 "-" "Mozilla/5.0 (compatible; SemrushBot/7~bl; +http://www.semrush.com/bot.html)"
85.208.96.205 - - [22/Nov/2024:15:42:00 -0800] "GET /robots.txt HTTP/1.0" 200 30 "-" "Mozilla/5.0 (compatible; SemrushBot/7~bl; +http://www.semrush.com/bot.html)"
185.191.171.18 - - [22/Nov/2024:15:42:00 -0800] "GET /101040484.phtml HTTP/1.0" 404 57326 "-" "Mozilla/5.0 (compatible; SemrushBot/7~bl; +http://www.semrush.com/bot.html)"
85.208.96.208 - - [22/Nov/2024:15:42:13 -0800] "GET /40847728.phtml HTTP/1.0" 404 57326 "-" "Mozilla/5.0 (compatible; SemrushBot/7~bl; +http://www.semrush.com/bot.html)"
209.182.200.39 - - [22/Nov/2024:15:42:39 -0800] "POST /wp-cron.php?doing_wp_cron=1732318959.1949450969696044921875 HTTP/1.0" 200 - "https://figplantsparadise.com/wp-cron.php?doing_wp_cron=1732318959.1949450969696044921875" "WordPress/6.1.7; https://figplantsparadise.com"
185.191.171.11 - - [22/Nov/2024:15:42:39 -0800] "GET /product/l-s-u-purple/ HTTP/1.0" 200 109905 "-" "Mozilla/5.0 (compatible; SemrushBot/7~bl; +http://www.semrush.com/bot.html)"
85.208.96.198 - - [22/Nov/2024:15:42:50 -0800] "GET /28068124.phtml HTTP/1.0" 404 57326 "-" "Mozilla/5.0 (compatible; SemrushBot/7~bl; +http://www.semrush.com/bot.html)"
85.208.96.201 - - [22/Nov/2024:15:43:01 -0800] "GET /90123988.phtml HTTP/1.0" 404 57326 "-" "Mozilla/5.0 (compatible; SemrushBot/7~bl; +http://www.semrush.com/bot.html)"
185.191.171.1 - - [22/Nov/2024:15:43:12 -0800] "GET /63156244.phtml HTTP/1.0" 404 57326 "-" "Mozilla/5.0 (compatible; SemrushBot/7~bl; +http://www.semrush.com/bot.html)"
185.191.171.15 - - [22/Nov/2024:15:43:23 -0800] "GET /10959304.phtml HTTP/1.0" 404 57326 "-" "Mozilla/5.0 (compatible; SemrushBot/7~bl; +http://www.semrush.com/bot.html)"
209.182.200.39 - - [22/Nov/2024:15:43:46 -0800] "POST /wp-cron.php?doing_wp_cron=1732319026.1929569244384765625000 HTTP/1.0" 200 - "http://figplantsparadise.com/wp-cron.php?doing_wp_cron=1732319026.1929569244384765625000" "WordPress/6.1.7; https://figplantsparadise.com"
216.244.66.229 - - [22/Nov/2024:15:43:45 -0800] "GET /wp-content/uploads/2024/03/COSTANTINO.jpg HTTP/1.0" 301 - "-" "Mozilla/5.0 (compatible; DotBot/1.2; +https://opensiteexplorer.org/dotbot; help@moz.com)"
66.249.68.66 - - [22/Nov/2024:15:44:07 -0800] "GET /ac=joker%20%E0%B8%AA%E0%B8%A1%E0%B8%B2%E0%B8%8A%E0%B8%B4%E0%B8%81%20%E0%B9%83%E0%B8%AB%E0%B8%A1%E0%B9%88 HTTP/1.0" 200 459615 "-" "Mozilla/5.0 (Linux; Android 6.0.1; Nexus 5X Build/MMB29P) AppleWebKit/537.36 (KHTML, like Gecko) Chrome/131.0.6778.69 Mobile Safari/537.36 (compatible; Googlebot/2.1; +http://www.google.com/bot.html)"
216.244.66.229 - - [22/Nov/2024:15:44:16 -0800] "GET /product/vatar/ HTTP/1.0" 301 - "-" "Mozilla/5.0 (compatible; DotBot/1.2; +https://opensiteexplorer.org/dotbot; help@moz.com)"
66.249.68.66 - - [22/Nov/2024:15:44:27 -0800] "GET /50198512.phtml HTTP/1.0" 200 470258 "-" "Mozilla/5.0 (Linux; Android 6.0.1; Nexus 5X Build/MMB29P) AppleWebKit/537.36 (KHTML, like Gecko) Chrome/131.0.6778.69 Mobile Safari/537.36 (compatible; Googlebot/2.1; +http://www.google.com/bot.html)"
66.249.68.65 - - [22/Nov/2024:15:44:29 -0800] "GET /72538204.phtml HTTP/1.0" 200 467451 "-" "Mozilla/5.0 (Linux; Android 6.0.1; Nexus 5X Build/MMB29P) AppleWebKit/537.36 (KHTML, like Gecko) Chrome/131.0.6778.69 Mobile Safari/537.36 (compatible; Googlebot/2.1; +http://www.google.com/bot.html)"
209.182.200.39 - - [22/Nov/2024:15:44:38 -0800] "POST /wp-cron.php?doing_wp_cron=1732319078.3670239448547363281250 HTTP/1.0" 200 - "https://figplantsparadise.com/wp-cron.php?doing_wp_cron=1732319078.3670239448547363281250" "WordPress/6.1.7; https://figplantsparadise.com"
185.191.171.8 - - [22/Nov/2024:15:44:38 -0800] "GET /111579448.phtml HTTP/1.0" 404 57326 "-" "Mozilla/5.0 (compatible; SemrushBot/7~bl; +http://www.semrush.com/bot.html)"
66.249.68.66 - - [22/Nov/2024:15:45:14 -0800] "GET /114847384.phtml HTTP/1.0" 200 462253 "-" "Mozilla/5.0 (Linux; Android 6.0.1; Nexus 5X Build/MMB29P) AppleWebKit/537.36 (KHTML, like Gecko) Chrome/131.0.6778.69 Mobile Safari/537.36 (compatible; Googlebot/2.1; +http://www.google.com/bot.html)"
66.249.68.65 - - [22/Nov/2024:15:45:21 -0800] "GET /80435092.phtml HTTP/1.0" 200 461769 "-" "Mozilla/5.0 (Linux; Android 6.0.1; Nexus 5X Build/MMB29P) AppleWebKit/537.36 (KHTML, like Gecko) Chrome/131.0.6778.69 Mobile Safari/537.36 (compatible; Googlebot/2.1; +http://www.google.com/bot.html)"
66.249.68.65 - - [22/Nov/2024:15:45:22 -0800] "GET /113028484.phtml HTTP/1.0" 200 461333 "-" "Mozilla/5.0 (Linux; Android 6.0.1; Nexus 5X Build/MMB29P) AppleWebKit/537.36 (KHTML, like Gecko) Chrome/131.0.6778.69 Mobile Safari/537.36 (compatible; Googlebot/2.1; +http://www.google.com/bot.html)"
66.249.68.66 - - [22/Nov/2024:15:46:04 -0800] "GET /113288512.phtml HTTP/1.0" 200 463639 "-" "Mozilla/5.0 (Linux; Android 6.0.1; Nexus 5X Build/MMB29P) AppleWebKit/537.36 (KHTML, like Gecko) Chrome/131.0.6778.69 Mobile Safari/537.36 (compatible; GoogleOther)"
209.182.200.39 - - [22/Nov/2024:15:46:07 -0800] "POST /wp-cron.php?doing_wp_cron=1732319167.4430890083312988281250 HTTP/1.0" 200 - "https://figplantsparadise.com/wp-cron.php?doing_wp_cron=1732319167.4430890083312988281250" "WordPress/6.1.7; https://figplantsparadise.com"
85.208.96.204 - - [22/Nov/2024:15:46:07 -0800] "GET /93097408.phtml HTTP/1.0" 404 57326 "-" "Mozilla/5.0 (compatible; SemrushBot/7~bl; +http://www.semrush.com/bot.html)"
185.191.171.15 - - [22/Nov/2024:15:46:27 -0800] "GET /115585096.phtml HTTP/1.0" 404 57326 "-" "Mozilla/5.0 (compatible; SemrushBot/7~bl; +http://www.semrush.com/bot.html)"
66.249.68.66 - - [22/Nov/2024:15:46:31 -0800] "GET /?news=%E0%B8%A7%E0%B8%B4%E0%B8%98%E0%B8%B5%20%E0%B8%A3%E0%B8%B1%E0%B8%9A%20%E0%B8%AA%20%E0%B8%9B%E0%B8%B4%20%E0%B8%99%20%E0%B8%9F%E0%B8%A3%E0%B8%B5 HTTP/1.0" 200 465215 "-" "Mozilla/5.0 (Linux; Android 6.0.1; Nexus 5X Build/MMB29P) AppleWebKit/537.36 (KHTML, like Gecko) Chrome/131.0.6778.69 Mobile Safari/537.36 (compatible; Googlebot/2.1; +http://www.google.com/bot.html)"
66.249.68.66 - - [22/Nov/2024:15:46:34 -0800] "GET /8221576.phtml HTTP/1.0" 200 468241 "-" "Mozilla/5.0 (Linux; Android 6.0.1; Nexus 5X Build/MMB29P) AppleWebKit/537.36 (KHTML, like Gecko) Chrome/131.0.6778.69 Mobile Safari/537.36 (compatible; Googlebot/2.1; +http://www.google.com/bot.html)"
205.210.31.80 - - [22/Nov/2024:15:46:48 -0800] "GET / HTTP/1.0" 406 300 "-" "Expanse, a Palo Alto Networks company, searches across the global IPv4 space multiple times per day to identify customers' presences on the Internet. If you would like to be excluded from our scans, please send IP addresses/domains to: scaninfo@paloaltonetworks.com"
209.182.200.39 - - [22/Nov/2024:15:46:50 -0800] "POST /wp-cron.php?doing_wp_cron=1732319210.1074059009552001953125 HTTP/1.0" 200 - "https://figplantsparadise.com/wp-cron.php?doing_wp_cron=1732319210.1074059009552001953125" "WordPress/6.1.7; https://figplantsparadise.com"
185.191.171.13 - - [22/Nov/2024:15:46:49 -0800] "GET /94781884.phtml HTTP/1.0" 404 57326 "-" "Mozilla/5.0 (compatible; SemrushBot/7~bl; +http://www.semrush.com/bot.html)"
185.191.171.11 - - [22/Nov/2024:15:47:01 -0800] "GET /77593936.phtml HTTP/1.0" 404 57326 "-" "Mozilla/5.0 (compatible; SemrushBot/7~bl; +http://www.semrush.com/bot.html)"
216.244.66.229 - - [22/Nov/2024:15:47:05 -0800] "GET /product/taviol-2/ HTTP/1.0" 301 - "-" "Mozilla/5.0 (compatible; DotBot/1.2; +https://opensiteexplorer.org/dotbot; help@moz.com)"
85.208.96.209 - - [22/Nov/2024:15:47:34 -0800] "GET /113738908.phtml HTTP/1.0" 404 57326 "-" "Mozilla/5.0 (compatible; SemrushBot/7~bl; +http://www.semrush.com/bot.html)"
85.208.96.211 - - [22/Nov/2024:15:47:46 -0800] "GET /26314708.phtml HTTP/1.0" 404 57326 "-" "Mozilla/5.0 (compatible; SemrushBot/7~bl; +http://www.semrush.com/bot.html)"
66.249.68.65 - - [22/Nov/2024:15:47:57 -0800] "GET /?brand=dafa HTTP/1.0" 200 470014 "-" "Mozilla/5.0 (Linux; Android 6.0.1; Nexus 5X Build/MMB29P) AppleWebKit/537.36 (KHTML, like Gecko) Chrome/131.0.6778.69 Mobile Safari/537.36 (compatible; Googlebot/2.1; +http://www.google.com/bot.html)"
85.208.96.204 - - [22/Nov/2024:15:47:57 -0800] "GET /86596528.phtml HTTP/1.0" 404 57326 "-" "Mozilla/5.0 (compatible; SemrushBot/7~bl; +http://www.semrush.com/bot.html)"
66.249.68.66 - - [22/Nov/2024:15:47:57 -0800] "GET /?ac=dafabet%20tips HTTP/1.0" 200 462376 "-" "Mozilla/5.0 (Linux; Android 6.0.1; Nexus 5X Build/MMB29P) AppleWebKit/537.36 (KHTML, like Gecko) Chrome/131.0.6778.69 Mobile Safari/537.36 (compatible; Googlebot/2.1; +http://www.google.com/bot.html)"
66.249.68.66 - - [22/Nov/2024:15:48:25 -0800] "GET /?ac=joker%20%E0%B9%80%E0%B8%84%E0%B8%A3%E0%B8%94%E0%B8%B4%E0%B8%95%20%E0%B8%9F%E0%B8%A3%E0%B8%B5%2050%20%E0%B9%84%E0%B8%A1%E0%B9%88%20%E0%B8%95%E0%B9%89%E0%B8%AD%E0%B8%87%20%E0%B9%81%E0%B8%8A%E0%B8%A3%E0%B9%8C%202021.htmls HTTP/1.0" 200 462364 "-" "Mozilla/5.0 (Linux; Android 6.0.1; Nexus 5X Build/MMB29P) AppleWebKit/537.36 (KHTML, like Gecko) Chrome/131.0.6778.69 Mobile Safari/537.36 (compatible; Googlebot/2.1; +http://www.google.com/bot.html)"
66.249.68.65 - - [22/Nov/2024:15:48:28 -0800] "GET /107709448.phtml HTTP/1.0" 200 461703 "-" "Mozilla/5.0 (Linux; Android 6.0.1; Nexus 5X Build/MMB29P) AppleWebKit/537.36 (KHTML, like Gecko) Chrome/131.0.6778.69 Mobile Safari/537.36 (compatible; Googlebot/2.1; +http://www.google.com/bot.html)"
66.249.68.65 - - [22/Nov/2024:15:48:33 -0800] "GET /34217140.phtml HTTP/1.0" 200 463521 "-" "Mozilla/5.0 (Linux; Android 6.0.1; Nexus 5X Build/MMB29P) AppleWebKit/537.36 (KHTML, like Gecko) Chrome/131.0.6778.69 Mobile Safari/537.36 (compatible; Googlebot/2.1; +http://www.google.com/bot.html)"
66.249.68.65 - - [22/Nov/2024:15:48:37 -0800] "GET /46324372.phtml HTTP/1.0" 200 465544 "-" "Mozilla/5.0 (Linux; Android 6.0.1; Nexus 5X Build/MMB29P) AppleWebKit/537.36 (KHTML, like Gecko) Chrome/131.0.6778.69 Mobile Safari/537.36 (compatible; Googlebot/2.1; +http://www.google.com/bot.html)"
66.249.68.65 - - [22/Nov/2024:15:48:40 -0800] "GET /61893796.phtml HTTP/1.0" 200 457898 "-" "Mozilla/5.0 (Linux; Android 6.0.1; Nexus 5X Build/MMB29P) AppleWebKit/537.36 (KHTML, like Gecko) Chrome/131.0.6778.69 Mobile Safari/537.36 (compatible; Googlebot/2.1; +http://www.google.com/bot.html)"
66.249.68.66 - - [22/Nov/2024:15:48:42 -0800] "GET /2023/05/12/php-website-development-service-at-rs-15000-pack-in-qq-OVpvdOcx/ HTTP/1.0" 200 470432 "-" "Mozilla/5.0 (Linux; Android 6.0.1; Nexus 5X Build/MMB29P) AppleWebKit/537.36 (KHTML, like Gecko) Chrome/131.0.6778.69 Mobile Safari/537.36 (compatible; Googlebot/2.1; +http://www.google.com/bot.html)"
66.249.68.66 - - [22/Nov/2024:15:48:50 -0800] "GET /71471092.phtml HTTP/1.0" 200 468483 "-" "Mozilla/5.0 (Linux; Android 6.0.1; Nexus 5X Build/MMB29P) AppleWebKit/537.36 (KHTML, like Gecko) Chrome/131.0.6778.69 Mobile Safari/537.36 (compatible; Googlebot/2.1; +http://www.google.com/bot.html)"
66.249.68.66 - - [22/Nov/2024:15:48:54 -0800] "GET /94551088.phtml HTTP/1.0" 200 468804 "-" "Mozilla/5.0 (Linux; Android 6.0.1; Nexus 5X Build/MMB29P) AppleWebKit/537.36 (KHTML, like Gecko) Chrome/131.0.6778.69 Mobile Safari/537.36 (compatible; Googlebot/2.1; +http://www.google.com/bot.html)"
209.182.200.39 - - [22/Nov/2024:15:48:58 -0800] "POST /wp-cron.php?doing_wp_cron=1732319338.1858661174774169921875 HTTP/1.0" 200 - "https://figplantsparadise.com/wp-cron.php?doing_wp_cron=1732319338.1858661174774169921875" "WordPress/6.1.7; https://figplantsparadise.com"
