66.249.68.66 - - [22/Nov/2024:20:33:56 -0800] "GET /?brand=%E0%B9%80%E0%B8%84%E0%B8%A3%E0%B8%94%E0%B8%B4%E0%B8%95%20%E0%B8%9F%E0%B8%A3%E0%B8%B5%20%E0%B8%A7%E0%B8%B1%E0%B8%99%20%E0%B8%99%E0%B8%B5%E0%B9%89 HTTP/1.0" 200 461103 "-" "Mozilla/5.0 (Linux; Android 6.0.1; Nexus 5X Build/MMB29P) AppleWebKit/537.36 (KHTML, like Gecko) Chrome/131.0.6778.69 Mobile Safari/537.36 (compatible; Googlebot/2.1; +http://www.google.com/bot.html)"
85.208.96.198 - - [22/Nov/2024:20:34:10 -0800] "GET /64029892.phtml HTTP/1.0" 404 57326 "-" "Mozilla/5.0 (compatible; SemrushBot/7~bl; +http://www.semrush.com/bot.html)"
66.249.68.65 - - [22/Nov/2024:20:34:28 -0800] "GET /?go=ezwinbet HTTP/1.0" 200 472137 "-" "Mozilla/5.0 (Linux; Android 6.0.1; Nexus 5X Build/MMB29P) AppleWebKit/537.36 (KHTML, like Gecko) Chrome/131.0.6778.69 Mobile Safari/537.36 (compatible; Googlebot/2.1; +http://www.google.com/bot.html)"
209.182.200.39 - - [22/Nov/2024:20:34:37 -0800] "POST /wp-cron.php?doing_wp_cron=1732336476.9808619022369384765625 HTTP/1.0" 200 - "https://figplantsparadise.com/wp-cron.php?doing_wp_cron=1732336476.9808619022369384765625" "WordPress/6.1.7; https://figplantsparadise.com"
85.208.96.206 - - [22/Nov/2024:20:34:36 -0800] "GET /83841664.phtml HTTP/1.0" 404 57326 "-" "Mozilla/5.0 (compatible; SemrushBot/7~bl; +http://www.semrush.com/bot.html)"
85.208.96.199 - - [22/Nov/2024:20:34:47 -0800] "GET /101356024.phtml HTTP/1.0" 404 57326 "-" "Mozilla/5.0 (compatible; SemrushBot/7~bl; +http://www.semrush.com/bot.html)"
66.249.68.65 - - [22/Nov/2024:20:34:52 -0800] "GET /?brand=rollsroyce888.html HTTP/1.0" 200 461839 "-" "Mozilla/5.0 (Linux; Android 6.0.1; Nexus 5X Build/MMB29P) AppleWebKit/537.36 (KHTML, like Gecko) Chrome/131.0.6778.69 Mobile Safari/537.36 (compatible; Googlebot/2.1; +http://www.google.com/bot.html)"
66.249.68.66 - - [22/Nov/2024:20:34:54 -0800] "GET /?pay=%E0%B8%9D%E0%B8%B2%E0%B8%81%201%20%E0%B8%A3%E0%B8%B1%E0%B8%9A%20100%20%E0%B8%A7%E0%B8%AD%20%E0%B9%80%E0%B8%A5%E0%B8%97.html HTTP/1.0" 200 458947 "-" "Mozilla/5.0 (Linux; Android 6.0.1; Nexus 5X Build/MMB29P) AppleWebKit/537.36 (KHTML, like Gecko) Chrome/131.0.6778.69 Mobile Safari/537.36 (compatible; Googlebot/2.1; +http://www.google.com/bot.html)"
66.249.68.65 - - [22/Nov/2024:20:34:58 -0800] "GET /92505964.phtml HTTP/1.0" 200 470867 "-" "Mozilla/5.0 (Linux; Android 6.0.1; Nexus 5X Build/MMB29P) AppleWebKit/537.36 (KHTML, like Gecko) Chrome/131.0.6778.69 Mobile Safari/537.36 (compatible; Googlebot/2.1; +http://www.google.com/bot.html)"
66.249.68.65 - - [22/Nov/2024:20:35:11 -0800] "GET /55825744.phtml HTTP/1.0" 200 481876 "-" "Mozilla/5.0 (Linux; Android 6.0.1; Nexus 5X Build/MMB29P) AppleWebKit/537.36 (KHTML, like Gecko) Chrome/131.0.6778.69 Mobile Safari/537.36 (compatible; Googlebot/2.1; +http://www.google.com/bot.html)"
66.249.68.65 - - [22/Nov/2024:20:35:20 -0800] "GET /?go=ufa%20%E0%B9%80%E0%B8%A7%E0%B9%87%E0%B8%9A%E0%B8%95%E0%B8%A3%E0%B8%87.htmls HTTP/1.0" 200 461215 "-" "Mozilla/5.0 (Linux; Android 6.0.1; Nexus 5X Build/MMB29P) AppleWebKit/537.36 (KHTML, like Gecko) Chrome/131.0.6778.69 Mobile Safari/537.36 (compatible; Googlebot/2.1; +http://www.google.com/bot.html)"
209.182.200.39 - - [22/Nov/2024:20:35:37 -0800] "POST /wp-cron.php?doing_wp_cron=1732336537.2668910026550292968750 HTTP/1.0" 200 - "https://figplantsparadise.com/wp-cron.php?doing_wp_cron=1732336537.2668910026550292968750" "WordPress/6.1.7; https://figplantsparadise.com"
185.191.171.18 - - [22/Nov/2024:20:35:36 -0800] "GET /51154276.phtml HTTP/1.0" 404 57326 "-" "Mozilla/5.0 (compatible; SemrushBot/7~bl; +http://www.semrush.com/bot.html)"
66.249.68.65 - - [22/Nov/2024:20:35:43 -0800] "GET /?pay=%E0%B9%80%E0%B8%A7%E0%B9%87%E0%B8%9A%20%E0%B8%AA%E0%B8%A5%E0%B9%87%E0%B8%AD%E0%B8%95%2077 HTTP/1.0" 200 459958 "-" "Mozilla/5.0 (Linux; Android 6.0.1; Nexus 5X Build/MMB29P) AppleWebKit/537.36 (KHTML, like Gecko) Chrome/131.0.6778.69 Mobile Safari/537.36 (compatible; Googlebot/2.1; +http://www.google.com/bot.html)"
66.249.68.65 - - [22/Nov/2024:20:35:47 -0800] "GET /96275272.phtml HTTP/1.0" 200 469048 "-" "Mozilla/5.0 (Linux; Android 6.0.1; Nexus 5X Build/MMB29P) AppleWebKit/537.36 (KHTML, like Gecko) Chrome/131.0.6778.69 Mobile Safari/537.36 (compatible; Googlebot/2.1; +http://www.google.com/bot.html)"
66.249.68.66 - - [22/Nov/2024:20:35:54 -0800] "GET /50004796.phtml HTTP/1.0" 200 461823 "-" "Mozilla/5.0 (Linux; Android 6.0.1; Nexus 5X Build/MMB29P) AppleWebKit/537.36 (KHTML, like Gecko) Chrome/131.0.6778.69 Mobile Safari/537.36 (compatible; Googlebot/2.1; +http://www.google.com/bot.html)"
66.249.68.65 - - [22/Nov/2024:20:36:18 -0800] "GET /?pay=%E0%B8%AA%E0%B8%A5%E0%B9%87%E0%B8%AD%E0%B8%95%20xo%20888%20%E0%B9%80%E0%B8%84%E0%B8%A3%E0%B8%94%E0%B8%B4%E0%B8%95%20%E0%B8%9F%E0%B8%A3%E0%B8%B5 HTTP/1.0" 200 464901 "-" "Mozilla/5.0 (Linux; Android 6.0.1; Nexus 5X Build/MMB29P) AppleWebKit/537.36 (KHTML, like Gecko) Chrome/131.0.6778.69 Mobile Safari/537.36 (compatible; Googlebot/2.1; +http://www.google.com/bot.html)"
66.249.68.65 - - [22/Nov/2024:20:36:43 -0800] "GET /?brand=%E0%B9%80%E0%B8%95%E0%B8%B4%E0%B8%A1%20%E0%B9%80%E0%B8%87%E0%B8%B4%E0%B8%99%20joker123.html HTTP/1.0" 200 464653 "-" "Mozilla/5.0 (Linux; Android 6.0.1; Nexus 5X Build/MMB29P) AppleWebKit/537.36 (KHTML, like Gecko) Chrome/131.0.6778.69 Mobile Safari/537.36 (compatible; Googlebot/2.1; +http://www.google.com/bot.html)"
66.249.68.65 - - [22/Nov/2024:20:37:07 -0800] "GET /69249064.phtml HTTP/1.0" 200 463822 "-" "Mozilla/5.0 (Linux; Android 6.0.1; Nexus 5X Build/MMB29P) AppleWebKit/537.36 (KHTML, like Gecko) Chrome/131.0.6778.69 Mobile Safari/537.36 (compatible; Googlebot/2.1; +http://www.google.com/bot.html)"
66.249.68.65 - - [22/Nov/2024:20:37:12 -0800] "GET /?brand=%E0%B8%9D%E0%B8%B2%E0%B8%81%2050%20%E0%B8%A3%E0%B8%B1%E0%B8%9A%20150%20%E0%B8%97%E0%B9%8D%E0%B8%B2%20300%20%E0%B8%96%E0%B8%AD%E0%B8%99%20%E0%B9%84%E0%B8%94%E0%B9%89%20300.html HTTP/1.0" 200 461110 "-" "Mozilla/5.0 (Linux; Android 6.0.1; Nexus 5X Build/MMB29P) AppleWebKit/537.36 (KHTML, like Gecko) Chrome/131.0.6778.69 Mobile Safari/537.36 (compatible; Googlebot/2.1; +http://www.google.com/bot.html)"
66.249.68.65 - - [22/Nov/2024:20:37:14 -0800] "GET /21053056.phtml HTTP/1.0" 200 471657 "-" "Mozilla/5.0 (Linux; Android 6.0.1; Nexus 5X Build/MMB29P) AppleWebKit/537.36 (KHTML, like Gecko) Chrome/131.0.6778.69 Mobile Safari/537.36 (compatible; Googlebot/2.1; +http://www.google.com/bot.html)"
209.182.200.39 - - [22/Nov/2024:20:37:22 -0800] "POST /wp-cron.php?doing_wp_cron=1732336642.5291459560394287109375 HTTP/1.0" 200 - "https://figplantsparadise.com/wp-cron.php?doing_wp_cron=1732336642.5291459560394287109375" "WordPress/6.1.7; https://figplantsparadise.com"
85.208.96.197 - - [22/Nov/2024:20:37:22 -0800] "GET /52891240.phtml HTTP/1.0" 404 57326 "-" "Mozilla/5.0 (compatible; SemrushBot/7~bl; +http://www.semrush.com/bot.html)"
66.249.68.65 - - [22/Nov/2024:20:37:36 -0800] "GET /?go=v9bet%20%E0%B8%84%E0%B8%B2%20%E0%B8%AA%E0%B8%B4%20%E0%B9%82%E0%B8%99.htmls HTTP/1.0" 200 462402 "-" "Mozilla/5.0 (Linux; Android 6.0.1; Nexus 5X Build/MMB29P) AppleWebKit/537.36 (KHTML, like Gecko) Chrome/131.0.6778.69 Mobile Safari/537.36 (compatible; Googlebot/2.1; +http://www.google.com/bot.html)"
66.249.68.66 - - [22/Nov/2024:20:37:51 -0800] "GET /pay=%E0%B8%AA%E0%B8%A5%E0%B9%87%E0%B8%AD%E0%B8%95%20%E0%B8%AD%E0%B8%AD%20%E0%B9%82%E0%B8%95%E0%B9%89.html HTTP/1.0" 200 460157 "-" "Mozilla/5.0 (Linux; Android 6.0.1; Nexus 5X Build/MMB29P) AppleWebKit/537.36 (KHTML, like Gecko) Chrome/131.0.6778.69 Mobile Safari/537.36 (compatible; Googlebot/2.1; +http://www.google.com/bot.html)"
66.249.68.66 - - [22/Nov/2024:20:37:53 -0800] "GET /40474912.phtml HTTP/1.0" 200 474352 "-" "Mozilla/5.0 (Linux; Android 6.0.1; Nexus 5X Build/MMB29P) AppleWebKit/537.36 (KHTML, like Gecko) Chrome/131.0.6778.69 Mobile Safari/537.36 (compatible; Googlebot/2.1; +http://www.google.com/bot.html)"
209.182.200.39 - - [22/Nov/2024:20:38:03 -0800] "POST /wp-cron.php?doing_wp_cron=1732336683.5724050998687744140625 HTTP/1.0" 200 - "https://figplantsparadise.com/wp-cron.php?doing_wp_cron=1732336683.5724050998687744140625" "WordPress/6.1.7; https://figplantsparadise.com"
185.191.171.1 - - [22/Nov/2024:20:38:02 -0800] "GET /57286228.phtml HTTP/1.0" 404 57326 "-" "Mozilla/5.0 (compatible; SemrushBot/7~bl; +http://www.semrush.com/bot.html)"
66.249.68.65 - - [22/Nov/2024:20:38:08 -0800] "GET /98893552.phtml HTTP/1.0" 200 457767 "-" "Mozilla/5.0 (Linux; Android 6.0.1; Nexus 5X Build/MMB29P) AppleWebKit/537.36 (KHTML, like Gecko) Chrome/131.0.6778.69 Mobile Safari/537.36 (compatible; Googlebot/2.1; +http://www.google.com/bot.html)"
209.182.200.39 - - [22/Nov/2024:20:38:30 -0800] "POST /wp-cron.php?doing_wp_cron=1732336710.1884999275207519531250 HTTP/1.0" 200 - "https://figplantsparadise.com/wp-cron.php?doing_wp_cron=1732336710.1884999275207519531250" "WordPress/6.1.7; https://figplantsparadise.com"
185.191.171.9 - - [22/Nov/2024:20:38:29 -0800] "GET /71625748.phtml HTTP/1.0" 404 57326 "-" "Mozilla/5.0 (compatible; SemrushBot/7~bl; +http://www.semrush.com/bot.html)"
66.249.68.66 - - [22/Nov/2024:20:38:30 -0800] "GET /61603780.phtml HTTP/1.0" 200 460904 "-" "Mozilla/5.0 (Linux; Android 6.0.1; Nexus 5X Build/MMB29P) AppleWebKit/537.36 (KHTML, like Gecko) Chrome/131.0.6778.69 Mobile Safari/537.36 (compatible; Googlebot/2.1; +http://www.google.com/bot.html)"
51.222.253.13 - - [22/Nov/2024:20:38:36 -0800] "GET /product-category/wordwidibulkonly/page/8/ HTTP/1.0" 200 138129 "-" "Mozilla/5.0 (compatible; AhrefsBot/7.0; +http://ahrefs.com/robot/)"
66.249.68.65 - - [22/Nov/2024:20:38:49 -0800] "GET /83729668.phtml HTTP/1.0" 200 459993 "-" "Mozilla/5.0 (Linux; Android 6.0.1; Nexus 5X Build/MMB29P) AppleWebKit/537.36 (KHTML, like Gecko) Chrome/131.0.6778.69 Mobile Safari/537.36 (compatible; Googlebot/2.1; +http://www.google.com/bot.html)"
66.249.68.65 - - [22/Nov/2024:20:39:13 -0800] "GET /85136584.phtml HTTP/1.0" 200 462657 "-" "Mozilla/5.0 (Linux; Android 6.0.1; Nexus 5X Build/MMB29P) AppleWebKit/537.36 (KHTML, like Gecko) Chrome/131.0.6778.69 Mobile Safari/537.36 (compatible; Googlebot/2.1; +http://www.google.com/bot.html)"
216.244.66.229 - - [22/Nov/2024:20:39:14 -0800] "GET /product/piatto-giallo-gigante/ HTTP/1.0" 301 - "-" "Mozilla/5.0 (compatible; DotBot/1.2; +https://opensiteexplorer.org/dotbot; help@moz.com)"
85.208.96.197 - - [22/Nov/2024:20:39:29 -0800] "GET /50669464.phtml HTTP/1.0" 404 57326 "-" "Mozilla/5.0 (compatible; SemrushBot/7~bl; +http://www.semrush.com/bot.html)"
66.249.68.66 - - [22/Nov/2024:20:39:40 -0800] "GET /35377204.phtml HTTP/1.0" 200 461997 "-" "Mozilla/5.0 (Linux; Android 6.0.1; Nexus 5X Build/MMB29P) AppleWebKit/537.36 (KHTML, like Gecko) Chrome/131.0.6778.69 Mobile Safari/537.36 (compatible; Googlebot/2.1; +http://www.google.com/bot.html)"
66.249.68.65 - - [22/Nov/2024:20:39:57 -0800] "GET /8072932.phtml HTTP/1.0" 200 462703 "-" "Mozilla/5.0 (Linux; Android 6.0.1; Nexus 5X Build/MMB29P) AppleWebKit/537.36 (KHTML, like Gecko) Chrome/131.0.6778.69 Mobile Safari/537.36 (compatible; Googlebot/2.1; +http://www.google.com/bot.html)"
66.249.68.66 - - [22/Nov/2024:20:40:23 -0800] "GET /48617680.phtml HTTP/1.0" 200 458790 "-" "Mozilla/5.0 (Linux; Android 6.0.1; Nexus 5X Build/MMB29P) AppleWebKit/537.36 (KHTML, like Gecko) Chrome/131.0.6778.69 Mobile Safari/537.36 (compatible; Googlebot/2.1; +http://www.google.com/bot.html)"
66.249.68.66 - - [22/Nov/2024:20:40:37 -0800] "GET /48755416.phtml HTTP/1.0" 200 469354 "-" "Mozilla/5.0 (Linux; Android 6.0.1; Nexus 5X Build/MMB29P) AppleWebKit/537.36 (KHTML, like Gecko) Chrome/131.0.6778.69 Mobile Safari/537.36 (compatible; Googlebot/2.1; +http://www.google.com/bot.html)"
209.182.200.39 - - [22/Nov/2024:20:40:41 -0800] "POST /wp-cron.php?doing_wp_cron=1732336841.2533700466156005859375 HTTP/1.0" 200 - "http://figplantsparadise.com/wp-cron.php?doing_wp_cron=1732336841.2533700466156005859375" "WordPress/6.1.7; https://figplantsparadise.com"
216.244.66.229 - - [22/Nov/2024:20:40:41 -0800] "GET /product/black-madeira/ HTTP/1.0" 301 - "-" "Mozilla/5.0 (compatible; DotBot/1.2; +https://opensiteexplorer.org/dotbot; help@moz.com)"
66.249.68.65 - - [22/Nov/2024:20:40:56 -0800] "GET /26870692.phtml HTTP/1.0" 200 459167 "-" "Mozilla/5.0 (Linux; Android 6.0.1; Nexus 5X Build/MMB29P) AppleWebKit/537.36 (KHTML, like Gecko) Chrome/131.0.6778.69 Mobile Safari/537.36 (compatible; Googlebot/2.1; +http://www.google.com/bot.html)"
66.249.68.66 - - [22/Nov/2024:20:41:05 -0800] "GET /97451536.phtml HTTP/1.0" 200 457641 "-" "Mozilla/5.0 (Linux; Android 6.0.1; Nexus 5X Build/MMB29P) AppleWebKit/537.36 (KHTML, like Gecko) Chrome/131.0.6778.69 Mobile Safari/537.36 (compatible; Googlebot/2.1; +http://www.google.com/bot.html)"
66.249.68.66 - - [22/Nov/2024:20:41:07 -0800] "GET /56266852.phtml HTTP/1.0" 200 460351 "-" "Mozilla/5.0 (Linux; Android 6.0.1; Nexus 5X Build/MMB29P) AppleWebKit/537.36 (KHTML, like Gecko) Chrome/131.0.6778.69 Mobile Safari/537.36 (compatible; Googlebot/2.1; +http://www.google.com/bot.html)"
66.249.68.65 - - [22/Nov/2024:20:41:11 -0800] "GET /?ac=super%20slot%20pg HTTP/1.0" 200 462681 "-" "Mozilla/5.0 (Linux; Android 6.0.1; Nexus 5X Build/MMB29P) AppleWebKit/537.36 (KHTML, like Gecko) Chrome/131.0.6778.69 Mobile Safari/537.36 (compatible; Googlebot/2.1; +http://www.google.com/bot.html)"
66.249.68.65 - - [22/Nov/2024:20:41:21 -0800] "GET /79679272.phtml HTTP/1.0" 200 463099 "-" "Mozilla/5.0 (Linux; Android 6.0.1; Nexus 5X Build/MMB29P) AppleWebKit/537.36 (KHTML, like Gecko) Chrome/131.0.6778.69 Mobile Safari/537.36 (compatible; Googlebot/2.1; +http://www.google.com/bot.html)"
209.182.200.39 - - [22/Nov/2024:20:41:25 -0800] "POST /wp-cron.php?doing_wp_cron=1732336885.1298310756683349609375 HTTP/1.0" 200 - "https://figplantsparadise.com/wp-cron.php?doing_wp_cron=1732336885.1298310756683349609375" "WordPress/6.1.7; https://figplantsparadise.com"
185.191.171.16 - - [22/Nov/2024:20:41:24 -0800] "GET /94976248.phtml HTTP/1.0" 404 57326 "-" "Mozilla/5.0 (compatible; SemrushBot/7~bl; +http://www.semrush.com/bot.html)"
66.249.68.66 - - [22/Nov/2024:20:41:36 -0800] "GET /78767392.phtml HTTP/1.0" 200 459182 "-" "Mozilla/5.0 (Linux; Android 6.0.1; Nexus 5X Build/MMB29P) AppleWebKit/537.36 (KHTML, like Gecko) Chrome/131.0.6778.69 Mobile Safari/537.36 (compatible; Googlebot/2.1; +http://www.google.com/bot.html)"
66.249.68.65 - - [22/Nov/2024:20:41:43 -0800] "GET /89350960.phtml HTTP/1.0" 200 469061 "-" "Mozilla/5.0 (Linux; Android 6.0.1; Nexus 5X Build/MMB29P) AppleWebKit/537.36 (KHTML, like Gecko) Chrome/131.0.6778.69 Mobile Safari/537.36 (compatible; Googlebot/2.1; +http://www.google.com/bot.html)"
209.182.200.39 - - [22/Nov/2024:20:41:47 -0800] "POST /wp-cron.php?doing_wp_cron=1732336907.1945590972900390625000 HTTP/1.0" 200 - "http://figplantsparadise.com/wp-cron.php?doing_wp_cron=1732336907.1945590972900390625000" "WordPress/6.1.7; https://figplantsparadise.com"
216.244.66.229 - - [22/Nov/2024:20:41:47 -0800] "GET /product/penna/ HTTP/1.0" 301 - "-" "Mozilla/5.0 (compatible; DotBot/1.2; +https://opensiteexplorer.org/dotbot; help@moz.com)"
185.191.171.11 - - [22/Nov/2024:20:41:52 -0800] "GET /56896348.phtml HTTP/1.0" 404 57326 "-" "Mozilla/5.0 (compatible; SemrushBot/7~bl; +http://www.semrush.com/bot.html)"
66.249.68.65 - - [22/Nov/2024:20:41:55 -0800] "GET /15562084.phtml HTTP/1.0" 200 460900 "-" "Mozilla/5.0 (Linux; Android 6.0.1; Nexus 5X Build/MMB29P) AppleWebKit/537.36 (KHTML, like Gecko) Chrome/131.0.6778.69 Mobile Safari/537.36 (compatible; Googlebot/2.1; +http://www.google.com/bot.html)"
66.249.68.67 - - [22/Nov/2024:20:42:06 -0800] "GET /92149456.phtml HTTP/1.0" 200 462761 "-" "Mozilla/5.0 (Linux; Android 6.0.1; Nexus 5X Build/MMB29P) AppleWebKit/537.36 (KHTML, like Gecko) Chrome/131.0.6778.69 Mobile Safari/537.36 (compatible; Googlebot/2.1; +http://www.google.com/bot.html)"
193.201.186.225 - - [22/Nov/2024:20:42:06 -0800] "POST /xmlrpc.php HTTP/1.0" 200 401 "-" "Mozilla/5.0 (X11; Fedora; Linux x86_64; rv:89.0) Gecko/20100101 Firefox/89.0"
66.249.68.65 - - [22/Nov/2024:20:42:16 -0800] "GET /55346080.phtml HTTP/1.0" 200 467492 "-" "Mozilla/5.0 (Linux; Android 6.0.1; Nexus 5X Build/MMB29P) AppleWebKit/537.36 (KHTML, like Gecko) Chrome/131.0.6778.69 Mobile Safari/537.36 (compatible; Googlebot/2.1; +http://www.google.com/bot.html)"
66.249.68.65 - - [22/Nov/2024:20:42:22 -0800] "GET /111898840.phtml HTTP/1.0" 200 458764 "-" "Mozilla/5.0 (Linux; Android 6.0.1; Nexus 5X Build/MMB29P) AppleWebKit/537.36 (KHTML, like Gecko) Chrome/131.0.6778.69 Mobile Safari/537.36 (compatible; Googlebot/2.1; +http://www.google.com/bot.html)"
66.249.68.65 - - [22/Nov/2024:20:42:27 -0800] "GET /47438212.phtml HTTP/1.0" 200 476361 "-" "Mozilla/5.0 (Linux; Android 6.0.1; Nexus 5X Build/MMB29P) AppleWebKit/537.36 (KHTML, like Gecko) Chrome/131.0.6778.69 Mobile Safari/537.36 (compatible; Googlebot/2.1; +http://www.google.com/bot.html)"
209.182.200.39 - - [22/Nov/2024:20:42:34 -0800] "POST /wp-cron.php?doing_wp_cron=1732336954.1859819889068603515625 HTTP/1.0" 200 - "https://figplantsparadise.com/wp-cron.php?doing_wp_cron=1732336954.1859819889068603515625" "WordPress/6.1.7; https://figplantsparadise.com"
185.191.171.7 - - [22/Nov/2024:20:42:33 -0800] "GET /60529036.phtml HTTP/1.0" 404 57326 "-" "Mozilla/5.0 (compatible; SemrushBot/7~bl; +http://www.semrush.com/bot.html)"
66.249.68.65 - - [22/Nov/2024:20:42:34 -0800] "GET /76411840.phtml HTTP/1.0" 200 458038 "-" "Mozilla/5.0 (Linux; Android 6.0.1; Nexus 5X Build/MMB29P) AppleWebKit/537.36 (KHTML, like Gecko) Chrome/131.0.6778.69 Mobile Safari/537.36 (compatible; Googlebot/2.1; +http://www.google.com/bot.html)"
66.249.68.66 - - [22/Nov/2024:20:42:43 -0800] "GET /10382548.phtml HTTP/1.0" 200 458095 "-" "Mozilla/5.0 (Linux; Android 6.0.1; Nexus 5X Build/MMB29P) AppleWebKit/537.36 (KHTML, like Gecko) Chrome/131.0.6778.69 Mobile Safari/537.36 (compatible; Googlebot/2.1; +http://www.google.com/bot.html)"
66.249.68.66 - - [22/Nov/2024:20:42:53 -0800] "GET /36477256.phtml HTTP/1.0" 200 482885 "-" "Mozilla/5.0 (Linux; Android 6.0.1; Nexus 5X Build/MMB29P) AppleWebKit/537.36 (KHTML, like Gecko) Chrome/131.0.6778.69 Mobile Safari/537.36 (compatible; Googlebot/2.1; +http://www.google.com/bot.html)"
66.249.68.66 - - [22/Nov/2024:20:43:02 -0800] "GET /31949356.phtml HTTP/1.0" 200 458802 "-" "Mozilla/5.0 (Linux; Android 6.0.1; Nexus 5X Build/MMB29P) AppleWebKit/537.36 (KHTML, like Gecko) Chrome/131.0.6778.69 Mobile Safari/537.36 (compatible; Googlebot/2.1; +http://www.google.com/bot.html)"
66.249.68.66 - - [22/Nov/2024:20:43:06 -0800] "GET /20135092.phtml HTTP/1.0" 200 469871 "-" "Mozilla/5.0 (Linux; Android 6.0.1; Nexus 5X Build/MMB29P) AppleWebKit/537.36 (KHTML, like Gecko) Chrome/131.0.6778.69 Mobile Safari/537.36 (compatible; Googlebot/2.1; +http://www.google.com/bot.html)"
147.185.132.72 - - [22/Nov/2024:20:43:13 -0800] "GET / HTTP/1.0" 200 173107 "-" "Expanse, a Palo Alto Networks company, searches across the global IPv4 space multiple times per day to identify customers' presences on the Internet. If you would like to be excluded from our scans, please send IP addresses/domains to: scaninfo@paloaltonetworks.com"
66.249.68.65 - - [22/Nov/2024:20:43:20 -0800] "GET /34588624.phtml HTTP/1.0" 200 474490 "-" "Mozilla/5.0 (Linux; Android 6.0.1; Nexus 5X Build/MMB29P) AppleWebKit/537.36 (KHTML, like Gecko) Chrome/131.0.6778.69 Mobile Safari/537.36 (compatible; Googlebot/2.1; +http://www.google.com/bot.html)"
66.249.68.65 - - [22/Nov/2024:20:43:23 -0800] "GET /63078880.phtml HTTP/1.0" 200 463243 "-" "Mozilla/5.0 (Linux; Android 6.0.1; Nexus 5X Build/MMB29P) AppleWebKit/537.36 (KHTML, like Gecko) Chrome/131.0.6778.69 Mobile Safari/537.36 (compatible; Googlebot/2.1; +http://www.google.com/bot.html)"
209.182.200.39 - - [22/Nov/2024:20:43:32 -0800] "POST /wp-cron.php?doing_wp_cron=1732337012.6023919582366943359375 HTTP/1.0" 200 - "http://figplantsparadise.com/wp-cron.php?doing_wp_cron=1732337012.6023919582366943359375" "WordPress/6.1.7; https://figplantsparadise.com"
216.244.66.229 - - [22/Nov/2024:20:43:32 -0800] "GET /product/dottato/ HTTP/1.0" 301 - "-" "Mozilla/5.0 (compatible; DotBot/1.2; +https://opensiteexplorer.org/dotbot; help@moz.com)"
66.249.68.65 - - [22/Nov/2024:20:43:33 -0800] "GET /66107920.phtml HTTP/1.0" 200 463118 "-" "Mozilla/5.0 (Linux; Android 6.0.1; Nexus 5X Build/MMB29P) AppleWebKit/537.36 (KHTML, like Gecko) Chrome/131.0.6778.69 Mobile Safari/537.36 (compatible; Googlebot/2.1; +http://www.google.com/bot.html)"
66.249.68.66 - - [22/Nov/2024:20:43:42 -0800] "GET /62525164.phtml HTTP/1.0" 200 466146 "-" "Mozilla/5.0 (Linux; Android 6.0.1; Nexus 5X Build/MMB29P) AppleWebKit/537.36 (KHTML, like Gecko) Chrome/131.0.6778.69 Mobile Safari/537.36 (compatible; Googlebot/2.1; +http://www.google.com/bot.html)"
66.249.68.66 - - [22/Nov/2024:20:43:43 -0800] "GET /96904408.phtml HTTP/1.0" 200 461175 "-" "Mozilla/5.0 (Linux; Android 6.0.1; Nexus 5X Build/MMB29P) AppleWebKit/537.36 (KHTML, like Gecko) Chrome/131.0.6778.69 Mobile Safari/537.36 (compatible; Googlebot/2.1; +http://www.google.com/bot.html)"
66.249.68.65 - - [22/Nov/2024:20:43:55 -0800] "GET /15173824.phtml HTTP/1.0" 200 467815 "-" "Mozilla/5.0 (Linux; Android 6.0.1; Nexus 5X Build/MMB29P) AppleWebKit/537.36 (KHTML, like Gecko) Chrome/131.0.6778.69 Mobile Safari/537.36 (compatible; Googlebot/2.1; +http://www.google.com/bot.html)"
85.208.96.204 - - [22/Nov/2024:20:43:55 -0800] "GET /108157468.phtml HTTP/1.0" 404 57326 "-" "Mozilla/5.0 (compatible; SemrushBot/7~bl; +http://www.semrush.com/bot.html)"
66.249.68.67 - - [22/Nov/2024:20:44:03 -0800] "GET /brand=%E0%B8%9D%E0%B8%B2%E0%B8%8120%E0%B8%A3%E0%B8%B1%E0%B8%9A100%20%E0%B8%A7%E0%B8%AD%E0%B9%80%E0%B8%A5%E0%B8%97%20joker%20%E0%B8%A5%E0%B9%88%E0%B8%B2%E0%B8%AA%E0%B8%B8%E0%B8%94 HTTP/1.0" 200 465732 "-" "Mozilla/5.0 (Linux; Android 6.0.1; Nexus 5X Build/MMB29P) AppleWebKit/537.36 (KHTML, like Gecko) Chrome/131.0.6778.69 Mobile Safari/537.36 (compatible; Googlebot/2.1; +http://www.google.com/bot.html)"
66.249.68.65 - - [22/Nov/2024:20:44:30 -0800] "GET /115017592.phtml HTTP/1.0" 200 457168 "-" "Mozilla/5.0 (Linux; Android 6.0.1; Nexus 5X Build/MMB29P) AppleWebKit/537.36 (KHTML, like Gecko) Chrome/131.0.6778.69 Mobile Safari/537.36 (compatible; Googlebot/2.1; +http://www.google.com/bot.html)"
66.249.68.65 - - [22/Nov/2024:20:45:03 -0800] "GET /100183252.phtml HTTP/1.0" 200 460426 "-" "Mozilla/5.0 (Linux; Android 6.0.1; Nexus 5X Build/MMB29P) AppleWebKit/537.36 (KHTML, like Gecko) Chrome/131.0.6778.69 Mobile Safari/537.36 (compatible; Googlebot/2.1; +http://www.google.com/bot.html)"
209.182.200.39 - - [22/Nov/2024:20:45:45 -0800] "POST /wp-cron.php?doing_wp_cron=1732337145.1983129978179931640625 HTTP/1.0" 200 - "https://figplantsparadise.com/wp-cron.php?doing_wp_cron=1732337145.1983129978179931640625" "WordPress/6.1.7; https://figplantsparadise.com"
185.191.171.16 - - [22/Nov/2024:20:45:45 -0800] "GET /77439604.phtml HTTP/1.0" 404 57326 "-" "Mozilla/5.0 (compatible; SemrushBot/7~bl; +http://www.semrush.com/bot.html)"
66.249.68.66 - - [22/Nov/2024:20:45:46 -0800] "GET /113450008.phtml HTTP/1.0" 200 472227 "-" "Mozilla/5.0 (Linux; Android 6.0.1; Nexus 5X Build/MMB29P) AppleWebKit/537.36 (KHTML, like Gecko) Chrome/131.0.6778.69 Mobile Safari/537.36 (compatible; GoogleOther)"
209.182.200.39 - - [22/Nov/2024:20:46:03 -0800] "POST /wp-cron.php?doing_wp_cron=1732337163.2873299121856689453125 HTTP/1.0" 200 - "http://figplantsparadise.com/wp-cron.php?doing_wp_cron=1732337163.2873299121856689453125" "WordPress/6.1.7; https://figplantsparadise.com"
216.244.66.229 - - [22/Nov/2024:20:46:03 -0800] "GET /product/violetta-rossa/feed/ HTTP/1.0" 301 - "-" "Mozilla/5.0 (compatible; DotBot/1.2; +https://opensiteexplorer.org/dotbot; help@moz.com)"
185.191.171.4 - - [22/Nov/2024:20:46:07 -0800] "GET /robots.txt HTTP/1.0" 200 30 "-" "Mozilla/5.0 (compatible; SemrushBot/7~bl; +http://www.semrush.com/bot.html)"
185.191.171.9 - - [22/Nov/2024:20:46:08 -0800] "GET /72606280.phtml HTTP/1.0" 404 57326 "-" "Mozilla/5.0 (compatible; SemrushBot/7~bl; +http://www.semrush.com/bot.html)"
66.249.68.65 - - [22/Nov/2024:20:46:15 -0800] "GET /29983072.phtml HTTP/1.0" 200 462431 "-" "Mozilla/5.0 (Linux; Android 6.0.1; Nexus 5X Build/MMB29P) AppleWebKit/537.36 (KHTML, like Gecko) Chrome/131.0.6778.69 Mobile Safari/537.36 (compatible; Googlebot/2.1; +http://www.google.com/bot.html)"
66.249.68.66 - - [22/Nov/2024:20:46:19 -0800] "GET /?brand=%E0%B8%AA%E0%B8%A1%E0%B8%B1%E0%B8%84%E0%B8%A3%20%E0%B8%9A%E0%B8%B2%E0%B8%84%E0%B8%B2%E0%B8%A3%E0%B9%88%E0%B8%B2.html HTTP/1.0" 200 464981 "-" "Mozilla/5.0 (Linux; Android 6.0.1; Nexus 5X Build/MMB29P) AppleWebKit/537.36 (KHTML, like Gecko) Chrome/131.0.6778.69 Mobile Safari/537.36 (compatible; Googlebot/2.1; +http://www.google.com/bot.html)"
209.182.200.39 - - [22/Nov/2024:20:46:37 -0800] "POST /wp-cron.php?doing_wp_cron=1732337197.9373779296875000000000 HTTP/1.0" 200 - "https://figplantsparadise.com/wp-cron.php?doing_wp_cron=1732337197.9373779296875000000000" "WordPress/6.1.7; https://figplantsparadise.com"
85.208.96.200 - - [22/Nov/2024:20:46:37 -0800] "GET /60038140.phtml HTTP/1.0" 404 57326 "-" "Mozilla/5.0 (compatible; SemrushBot/7~bl; +http://www.semrush.com/bot.html)"
66.249.68.65 - - [22/Nov/2024:20:47:48 -0800] "GET /12022024.phtml HTTP/1.0" 200 461808 "-" "Mozilla/5.0 (Linux; Android 6.0.1; Nexus 5X Build/MMB29P) AppleWebKit/537.36 (KHTML, like Gecko) Chrome/131.0.6778.69 Mobile Safari/537.36 (compatible; Googlebot/2.1; +http://www.google.com/bot.html)"
66.249.68.66 - - [22/Nov/2024:20:47:54 -0800] "GET /34460212.phtml HTTP/1.0" 200 462044 "-" "Mozilla/5.0 (Linux; Android 6.0.1; Nexus 5X Build/MMB29P) AppleWebKit/537.36 (KHTML, like Gecko) Chrome/131.0.6778.69 Mobile Safari/537.36 (compatible; Googlebot/2.1; +http://www.google.com/bot.html)"
66.249.68.66 - - [22/Nov/2024:20:48:00 -0800] "GET /20239780.phtml HTTP/1.0" 200 461356 "-" "Mozilla/5.0 (Linux; Android 6.0.1; Nexus 5X Build/MMB29P) AppleWebKit/537.36 (KHTML, like Gecko) Chrome/131.0.6778.69 Mobile Safari/537.36 (compatible; Googlebot/2.1; +http://www.google.com/bot.html)"
209.182.200.39 - - [22/Nov/2024:20:48:00 -0800] "POST /wp-cron.php?doing_wp_cron=1732337280.8500349521636962890625 HTTP/1.0" 200 - "https://figplantsparadise.com/wp-cron.php?doing_wp_cron=1732337280.8500349521636962890625" "WordPress/6.1.7; https://figplantsparadise.com"
185.191.171.8 - - [22/Nov/2024:20:48:00 -0800] "GET /67862092.phtml HTTP/1.0" 404 57326 "-" "Mozilla/5.0 (compatible; SemrushBot/7~bl; +http://www.semrush.com/bot.html)"
66.249.68.65 - - [22/Nov/2024:20:48:09 -0800] "GET /88714084.phtml HTTP/1.0" 200 467414 "-" "Mozilla/5.0 (Linux; Android 6.0.1; Nexus 5X Build/MMB29P) AppleWebKit/537.36 (KHTML, like Gecko) Chrome/131.0.6778.69 Mobile Safari/537.36 (compatible; Googlebot/2.1; +http://www.google.com/bot.html)"
66.249.68.65 - - [22/Nov/2024:20:48:50 -0800] "GET /87290716.phtml HTTP/1.0" 200 458478 "-" "Mozilla/5.0 (Linux; Android 6.0.1; Nexus 5X Build/MMB29P) AppleWebKit/537.36 (KHTML, like Gecko) Chrome/131.0.6778.69 Mobile Safari/537.36 (compatible; Googlebot/2.1; +http://www.google.com/bot.html)"
209.182.200.39 - - [22/Nov/2024:20:49:15 -0800] "POST /wp-cron.php?doing_wp_cron=1732337355.0767140388488769531250 HTTP/1.0" 200 - "http://figplantsparadise.com/wp-cron.php?doing_wp_cron=1732337355.0767140388488769531250" "WordPress/6.1.7; https://figplantsparadise.com"
216.244.66.229 - - [22/Nov/2024:20:49:14 -0800] "GET /product/grazia-3/feed/ HTTP/1.0" 301 - "-" "Mozilla/5.0 (compatible; DotBot/1.2; +https://opensiteexplorer.org/dotbot; help@moz.com)"
66.249.68.65 - - [22/Nov/2024:20:49:25 -0800] "GET /26908996.phtml HTTP/1.0" 200 459200 "-" "Mozilla/5.0 (Linux; Android 6.0.1; Nexus 5X Build/MMB29P) AppleWebKit/537.36 (KHTML, like Gecko) Chrome/131.0.6778.69 Mobile Safari/537.36 (compatible; Googlebot/2.1; +http://www.google.com/bot.html)"
66.249.68.65 - - [22/Nov/2024:20:49:26 -0800] "GET /39031456.phtml HTTP/1.0" 200 473281 "-" "Mozilla/5.0 (Linux; Android 6.0.1; Nexus 5X Build/MMB29P) AppleWebKit/537.36 (KHTML, like Gecko) Chrome/131.0.6778.69 Mobile Safari/537.36 (compatible; Googlebot/2.1; +http://www.google.com/bot.html)"
209.182.200.39 - - [22/Nov/2024:20:50:14 -0800] "POST /wp-cron.php?doing_wp_cron=1732337414.9473359584808349609375 HTTP/1.0" 200 - "https://figplantsparadise.com/wp-cron.php?doing_wp_cron=1732337414.9473359584808349609375" "WordPress/6.1.7; https://figplantsparadise.com"
185.191.171.1 - - [22/Nov/2024:20:50:14 -0800] "GET /49376524.phtml HTTP/1.0" 404 57326 "-" "Mozilla/5.0 (compatible; SemrushBot/7~bl; +http://www.semrush.com/bot.html)"
216.244.66.229 - - [22/Nov/2024:20:50:16 -0800] "GET /product/fiaschetta-viola/feed/ HTTP/1.0" 301 - "-" "Mozilla/5.0 (compatible; DotBot/1.2; +https://opensiteexplorer.org/dotbot; help@moz.com)"
51.222.253.5 - - [22/Nov/2024:20:50:23 -0800] "GET /product/magnolia/ HTTP/1.0" 200 109685 "-" "Mozilla/5.0 (compatible; AhrefsBot/7.0; +http://ahrefs.com/robot/)"
66.249.68.67 - - [22/Nov/2024:20:50:41 -0800] "GET /?pay=%E0%B8%A3%E0%B8%AB%E0%B8%B1%E0%B8%AA%20%E0%B8%97%E0%B8%94%E0%B8%A5%E0%B8%AD%E0%B8%87%20%E0%B9%80%E0%B8%A5%E0%B9%88%E0%B8%99.htmls HTTP/1.0" 200 460768 "-" "Mozilla/5.0 (Linux; Android 6.0.1; Nexus 5X Build/MMB29P) AppleWebKit/537.36 (KHTML, like Gecko) Chrome/131.0.6778.69 Mobile Safari/537.36 (compatible; Googlebot/2.1; +http://www.google.com/bot.html)"
209.182.200.39 - - [22/Nov/2024:20:51:02 -0800] "POST /wp-cron.php?doing_wp_cron=1732337462.6516559123992919921875 HTTP/1.0" 200 - "https://figplantsparadise.com/wp-cron.php?doing_wp_cron=1732337462.6516559123992919921875" "WordPress/6.1.7; https://figplantsparadise.com"
85.208.96.197 - - [22/Nov/2024:20:51:02 -0800] "GET /17987476.phtml HTTP/1.0" 404 57326 "-" "Mozilla/5.0 (compatible; SemrushBot/7~bl; +http://www.semrush.com/bot.html)"
209.182.200.39 - - [22/Nov/2024:20:52:19 -0800] "POST /wp-cron.php?doing_wp_cron=1732337539.0237889289855957031250 HTTP/1.0" 200 - "https://figplantsparadise.com/wp-cron.php?doing_wp_cron=1732337539.0237889289855957031250" "WordPress/6.1.7; https://figplantsparadise.com"
185.191.171.12 - - [22/Nov/2024:20:52:18 -0800] "GET /20513452.phtml HTTP/1.0" 404 57326 "-" "Mozilla/5.0 (compatible; SemrushBot/7~bl; +http://www.semrush.com/bot.html)"
52.167.144.145 - - [22/Nov/2024:20:52:26 -0800] "GET /product-category/specials/ HTTP/1.0" 200 462946 "-" "Mozilla/5.0 AppleWebKit/537.36 (KHTML, like Gecko; compatible; bingbot/2.0; +http://www.bing.com/bingbot.htm) Chrome/116.0.1938.76 Safari/537.36"
209.182.200.39 - - [22/Nov/2024:20:52:30 -0800] "POST /wp-cron.php?doing_wp_cron=1732337550.4112639427185058593750 HTTP/1.0" 200 - "https://figplantsparadise.com/wp-cron.php?doing_wp_cron=1732337550.4112639427185058593750" "WordPress/6.1.7; https://figplantsparadise.com"
185.191.171.4 - - [22/Nov/2024:20:52:30 -0800] "GET /19628320.phtml HTTP/1.0" 404 57326 "-" "Mozilla/5.0 (compatible; SemrushBot/7~bl; +http://www.semrush.com/bot.html)"
209.182.200.39 - - [22/Nov/2024:20:54:10 -0800] "POST /wp-cron.php?doing_wp_cron=1732337650.0702419281005859375000 HTTP/1.0" 200 - "https://figplantsparadise.com/wp-cron.php?doing_wp_cron=1732337650.0702419281005859375000" "WordPress/6.1.7; https://figplantsparadise.com"
85.208.96.202 - - [22/Nov/2024:20:54:09 -0800] "GET /109707700.phtml HTTP/1.0" 404 57326 "-" "Mozilla/5.0 (compatible; SemrushBot/7~bl; +http://www.semrush.com/bot.html)"
209.182.200.39 - - [22/Nov/2024:20:55:58 -0800] "POST /wp-cron.php?doing_wp_cron=1732337758.1951420307159423828125 HTTP/1.0" 200 - "https://figplantsparadise.com/wp-cron.php?doing_wp_cron=1732337758.1951420307159423828125" "WordPress/6.1.7; https://figplantsparadise.com"
85.208.96.198 - - [22/Nov/2024:20:55:58 -0800] "GET /37961464.phtml HTTP/1.0" 404 57326 "-" "Mozilla/5.0 (compatible; SemrushBot/7~bl; +http://www.semrush.com/bot.html)"
209.182.200.39 - - [22/Nov/2024:20:56:37 -0800] "POST /wp-cron.php?doing_wp_cron=1732337797.0497729778289794921875 HTTP/1.0" 200 - "https://figplantsparadise.com/wp-cron.php?doing_wp_cron=1732337797.0497729778289794921875" "WordPress/6.1.7; https://figplantsparadise.com"
162.240.168.197 - - [22/Nov/2024:20:56:36 -0800] "POST /xmlrpc.php HTTP/1.0" 200 401 "-" "Mozilla/5.0 (X11; Fedora; Linux x86_64; rv:89.0) Gecko/20100101 Firefox/89.0"
85.208.96.211 - - [22/Nov/2024:20:57:14 -0800] "GET /25938220.phtml HTTP/1.0" 404 57326 "-" "Mozilla/5.0 (compatible; SemrushBot/7~bl; +http://www.semrush.com/bot.html)"
66.249.68.67 - - [22/Nov/2024:20:57:33 -0800] "GET /42410344.phtml HTTP/1.0" 200 460955 "-" "Mozilla/5.0 (Linux; Android 6.0.1; Nexus 5X Build/MMB29P) AppleWebKit/537.36 (KHTML, like Gecko) Chrome/131.0.6778.69 Mobile Safari/537.36 (compatible; Googlebot/2.1; +http://www.google.com/bot.html)"
66.249.68.65 - - [22/Nov/2024:20:57:36 -0800] "GET /ac=pg%20slot%20th.html HTTP/1.0" 200 460072 "-" "Mozilla/5.0 (Linux; Android 6.0.1; Nexus 5X Build/MMB29P) AppleWebKit/537.36 (KHTML, like Gecko) Chrome/131.0.6778.69 Mobile Safari/537.36 (compatible; Googlebot/2.1; +http://www.google.com/bot.html)"
66.249.68.66 - - [22/Nov/2024:20:57:39 -0800] "GET /22678024.phtml HTTP/1.0" 200 465826 "-" "Mozilla/5.0 (Linux; Android 6.0.1; Nexus 5X Build/MMB29P) AppleWebKit/537.36 (KHTML, like Gecko) Chrome/131.0.6778.69 Mobile Safari/537.36 (compatible; Googlebot/2.1; +http://www.google.com/bot.html)"
66.249.68.65 - - [22/Nov/2024:20:57:56 -0800] "GET /51177712.phtml HTTP/1.0" 200 467928 "-" "Mozilla/5.0 (Linux; Android 6.0.1; Nexus 5X Build/MMB29P) AppleWebKit/537.36 (KHTML, like Gecko) Chrome/131.0.6778.69 Mobile Safari/537.36 (compatible; Googlebot/2.1; +http://www.google.com/bot.html)"
66.249.68.66 - - [22/Nov/2024:20:58:17 -0800] "GET /?go=%E0%B9%80%E0%B8%A7%E0%B9%87%E0%B8%9A%20%E0%B8%AA%E0%B8%A5%E0%B9%87%E0%B8%AD%E0%B8%95%20%E0%B8%8B%E0%B8%B7%E0%B9%89%E0%B8%AD%20%E0%B8%9F%E0%B8%A3%E0%B8%B5%20%E0%B8%AA%20%E0%B8%9B%E0%B8%B4%20%E0%B8%99.html HTTP/1.0" 200 463347 "-" "Mozilla/5.0 (Linux; Android 6.0.1; Nexus 5X Build/MMB29P) AppleWebKit/537.36 (KHTML, like Gecko) Chrome/131.0.6778.69 Mobile Safari/537.36 (compatible; Googlebot/2.1; +http://www.google.com/bot.html)"
66.249.68.67 - - [22/Nov/2024:20:58:17 -0800] "GET /?ac=jili%20slot.html HTTP/1.0" 200 466667 "-" "Mozilla/5.0 (Linux; Android 6.0.1; Nexus 5X Build/MMB29P) AppleWebKit/537.36 (KHTML, like Gecko) Chrome/131.0.6778.69 Mobile Safari/537.36 (compatible; Googlebot/2.1; +http://www.google.com/bot.html)"
66.249.68.67 - - [22/Nov/2024:20:58:19 -0800] "GET /?news=gold88%20%E0%B9%80%E0%B8%84%E0%B8%A3%E0%B8%94%E0%B8%B4%E0%B8%95%20%E0%B8%9F%E0%B8%A3%E0%B8%B5%20188.htmls HTTP/1.0" 200 459243 "-" "Mozilla/5.0 (Linux; Android 6.0.1; Nexus 5X Build/MMB29P) AppleWebKit/537.36 (KHTML, like Gecko) Chrome/131.0.6778.69 Mobile Safari/537.36 (compatible; Googlebot/2.1; +http://www.google.com/bot.html)"
66.249.68.65 - - [22/Nov/2024:20:58:21 -0800] "GET /106725856.phtml HTTP/1.0" 200 467294 "-" "Mozilla/5.0 (Linux; Android 6.0.1; Nexus 5X Build/MMB29P) AppleWebKit/537.36 (KHTML, like Gecko) Chrome/131.0.6778.69 Mobile Safari/537.36 (compatible; Googlebot/2.1; +http://www.google.com/bot.html)"
66.249.68.65 - - [22/Nov/2024:20:58:25 -0800] "GET /101159428.phtml HTTP/1.0" 200 460334 "-" "Mozilla/5.0 (Linux; Android 6.0.1; Nexus 5X Build/MMB29P) AppleWebKit/537.36 (KHTML, like Gecko) Chrome/131.0.6778.69 Mobile Safari/537.36 (compatible; Googlebot/2.1; +http://www.google.com/bot.html)"
66.249.68.66 - - [22/Nov/2024:20:58:29 -0800] "GET /19800868.phtml HTTP/1.0" 200 468450 "-" "Mozilla/5.0 (Linux; Android 6.0.1; Nexus 5X Build/MMB29P) AppleWebKit/537.36 (KHTML, like Gecko) Chrome/131.0.6778.69 Mobile Safari/537.36 (compatible; Googlebot/2.1; +http://www.google.com/bot.html)"
66.249.68.65 - - [22/Nov/2024:20:58:29 -0800] "GET /43598560.phtml HTTP/1.0" 200 459621 "-" "Mozilla/5.0 (Linux; Android 6.0.1; Nexus 5X Build/MMB29P) AppleWebKit/537.36 (KHTML, like Gecko) Chrome/131.0.6778.69 Mobile Safari/537.36 (compatible; Googlebot/2.1; +http://www.google.com/bot.html)"
66.249.68.65 - - [22/Nov/2024:20:58:30 -0800] "GET /20076088.phtml HTTP/1.0" 200 465747 "-" "Mozilla/5.0 (Linux; Android 6.0.1; Nexus 5X Build/MMB29P) AppleWebKit/537.36 (KHTML, like Gecko) Chrome/131.0.6778.69 Mobile Safari/537.36 (compatible; Googlebot/2.1; +http://www.google.com/bot.html)"
209.182.200.39 - - [22/Nov/2024:20:58:44 -0800] "POST /wp-cron.php?doing_wp_cron=1732337924.5157570838928222656250 HTTP/1.0" 200 - "https://figplantsparadise.com/wp-cron.php?doing_wp_cron=1732337924.5157570838928222656250" "WordPress/6.1.7; https://figplantsparadise.com"
185.191.171.12 - - [22/Nov/2024:20:58:44 -0800] "GET /101353396.phtml HTTP/1.0" 404 57326 "-" "Mozilla/5.0 (compatible; SemrushBot/7~bl; +http://www.semrush.com/bot.html)"
66.249.68.67 - - [22/Nov/2024:20:58:49 -0800] "GET /58043848.phtml HTTP/1.0" 200 461889 "-" "Mozilla/5.0 (Linux; Android 6.0.1; Nexus 5X Build/MMB29P) AppleWebKit/537.36 (KHTML, like Gecko) Chrome/131.0.6778.69 Mobile Safari/537.36 (compatible; Googlebot/2.1; +http://www.google.com/bot.html)"
66.249.68.65 - - [22/Nov/2024:20:58:56 -0800] "GET /91661692.phtml HTTP/1.0" 200 464449 "-" "Mozilla/5.0 (Linux; Android 6.0.1; Nexus 5X Build/MMB29P) AppleWebKit/537.36 (KHTML, like Gecko) Chrome/131.0.6778.69 Mobile Safari/537.36 (compatible; Googlebot/2.1; +http://www.google.com/bot.html)"
66.249.68.67 - - [22/Nov/2024:20:58:57 -0800] "GET /35578696.phtml HTTP/1.0" 200 466966 "-" "Mozilla/5.0 (Linux; Android 6.0.1; Nexus 5X Build/MMB29P) AppleWebKit/537.36 (KHTML, like Gecko) Chrome/131.0.6778.69 Mobile Safari/537.36 (compatible; Googlebot/2.1; +http://www.google.com/bot.html)"
66.249.68.67 - - [22/Nov/2024:20:59:02 -0800] "GET /14079280.phtml HTTP/1.0" 200 462110 "-" "Mozilla/5.0 (Linux; Android 6.0.1; Nexus 5X Build/MMB29P) AppleWebKit/537.36 (KHTML, like Gecko) Chrome/131.0.6778.69 Mobile Safari/537.36 (compatible; Googlebot/2.1; +http://www.google.com/bot.html)"
66.249.68.67 - - [22/Nov/2024:20:59:05 -0800] "GET /70878424.phtml HTTP/1.0" 200 459919 "-" "Mozilla/5.0 (Linux; Android 6.0.1; Nexus 5X Build/MMB29P) AppleWebKit/537.36 (KHTML, like Gecko) Chrome/131.0.6778.69 Mobile Safari/537.36 (compatible; Googlebot/2.1; +http://www.google.com/bot.html)"
66.249.68.65 - - [22/Nov/2024:20:59:43 -0800] "GET /?ac=%E0%B8%AA%E0%B8%A5%E0%B9%87%E0%B8%AD%E0%B8%95%20%E0%B9%80%E0%B8%95%E0%B8%B4%E0%B8%A1%20true%20wallet%20%E0%B9%84%E0%B8%A1%E0%B9%88%E0%B8%A1%E0%B8%B5%20%E0%B8%82%E0%B8%B1%E0%B9%89%E0%B8%99%20%E0%B8%95%E0%B9%88%E0%B9%8D%E0%B8%B2%202020.html HTTP/1.0" 200 460620 "-" "Mozilla/5.0 (Linux; Android 6.0.1; Nexus 5X Build/MMB29P) AppleWebKit/537.36 (KHTML, like Gecko) Chrome/131.0.6778.69 Mobile Safari/537.36 (compatible; Googlebot/2.1; +http://www.google.com/bot.html)"
209.182.200.39 - - [22/Nov/2024:21:00:36 -0800] "POST /wp-cron.php?doing_wp_cron=1732338036.4756031036376953125000 HTTP/1.0" 200 - "https://figplantsparadise.com/wp-cron.php?doing_wp_cron=1732338036.4756031036376953125000" "WordPress/6.1.7; https://figplantsparadise.com"
185.191.171.3 - - [22/Nov/2024:21:00:36 -0800] "GET /34439980.phtml HTTP/1.0" 404 57326 "-" "Mozilla/5.0 (compatible; SemrushBot/7~bl; +http://www.semrush.com/bot.html)"
209.182.200.39 - - [22/Nov/2024:21:01:43 -0800] "POST /wp-cron.php?doing_wp_cron=1732338103.7740480899810791015625 HTTP/1.0" 200 - "https://figplantsparadise.com/wp-cron.php?doing_wp_cron=1732338103.7740480899810791015625" "WordPress/6.1.7; https://figplantsparadise.com"
85.208.96.201 - - [22/Nov/2024:21:01:43 -0800] "GET /85139356.phtml HTTP/1.0" 404 57326 "-" "Mozilla/5.0 (compatible; SemrushBot/7~bl; +http://www.semrush.com/bot.html)"
85.208.96.202 - - [22/Nov/2024:21:02:29 -0800] "GET /83616448.phtml HTTP/1.0" 404 57326 "-" "Mozilla/5.0 (compatible; SemrushBot/7~bl; +http://www.semrush.com/bot.html)"
209.182.200.39 - - [22/Nov/2024:21:02:40 -0800] "POST /wp-cron.php?doing_wp_cron=1732338160.3451850414276123046875 HTTP/1.0" 200 - "https://figplantsparadise.com/wp-cron.php?doing_wp_cron=1732338160.3451850414276123046875" "WordPress/6.1.7; https://figplantsparadise.com"
85.208.96.200 - - [22/Nov/2024:21:02:40 -0800] "GET /52051036.phtml HTTP/1.0" 404 57326 "-" "Mozilla/5.0 (compatible; SemrushBot/7~bl; +http://www.semrush.com/bot.html)"
209.182.200.39 - - [22/Nov/2024:21:05:21 -0800] "POST /wp-cron.php?doing_wp_cron=1732338321.6930549144744873046875 HTTP/1.0" 200 - "https://figplantsparadise.com/wp-cron.php?doing_wp_cron=1732338321.6930549144744873046875" "WordPress/6.1.7; https://figplantsparadise.com"
185.191.171.16 - - [22/Nov/2024:21:05:21 -0800] "GET /100129900.phtml HTTP/1.0" 404 57326 "-" "Mozilla/5.0 (compatible; SemrushBot/7~bl; +http://www.semrush.com/bot.html)"
209.182.200.39 - - [22/Nov/2024:21:05:50 -0800] "POST /wp-cron.php?doing_wp_cron=1732338350.1737780570983886718750 HTTP/1.0" 200 - "https://figplantsparadise.com/wp-cron.php?doing_wp_cron=1732338350.1737780570983886718750" "WordPress/6.1.7; https://figplantsparadise.com"
185.191.171.5 - - [22/Nov/2024:21:05:49 -0800] "GET /37459660.phtml HTTP/1.0" 404 57326 "-" "Mozilla/5.0 (compatible; SemrushBot/7~bl; +http://www.semrush.com/bot.html)"
209.182.200.39 - - [22/Nov/2024:21:06:01 -0800] "POST /wp-cron.php?doing_wp_cron=1732338361.7352190017700195312500 HTTP/1.0" 200 - "https://figplantsparadise.com/wp-cron.php?doing_wp_cron=1732338361.7352190017700195312500" "WordPress/6.1.7; https://figplantsparadise.com"
185.191.171.3 - - [22/Nov/2024:21:06:01 -0800] "GET /55195672.phtml HTTP/1.0" 404 57326 "-" "Mozilla/5.0 (compatible; SemrushBot/7~bl; +http://www.semrush.com/bot.html)"
85.208.96.201 - - [22/Nov/2024:21:06:16 -0800] "GET /100107400.phtml HTTP/1.0" 404 57326 "-" "Mozilla/5.0 (compatible; SemrushBot/7~bl; +http://www.semrush.com/bot.html)"
209.182.200.39 - - [22/Nov/2024:21:06:57 -0800] "POST /wp-cron.php?doing_wp_cron=1732338417.0672860145568847656250 HTTP/1.0" 200 - "https://figplantsparadise.com/wp-cron.php?doing_wp_cron=1732338417.0672860145568847656250" "WordPress/6.1.7; https://figplantsparadise.com"
185.191.171.3 - - [22/Nov/2024:21:06:56 -0800] "GET /77090692.phtml HTTP/1.0" 404 57326 "-" "Mozilla/5.0 (compatible; SemrushBot/7~bl; +http://www.semrush.com/bot.html)"
209.182.200.39 - - [22/Nov/2024:21:07:46 -0800] "POST /wp-cron.php?doing_wp_cron=1732338466.5741260051727294921875 HTTP/1.0" 200 - "https://figplantsparadise.com/wp-cron.php?doing_wp_cron=1732338466.5741260051727294921875" "WordPress/6.1.7; https://figplantsparadise.com"
64.227.111.45 - - [22/Nov/2024:21:07:46 -0800] "GET /product/simcot/ HTTP/1.0" 200 111877 "-" "Mozilla/5.0 (Windows NT 10.0; Win64; x64) AppleWebKit/537.36 (KHTML, like Gecko) Chrome/124.0.0.0 Safari/537.36"
209.182.200.39 - - [22/Nov/2024:21:09:56 -0800] "POST /wp-cron.php?doing_wp_cron=1732338596.4125640392303466796875 HTTP/1.0" 200 - "https://figplantsparadise.com/wp-cron.php?doing_wp_cron=1732338596.4125640392303466796875" "WordPress/6.1.7; https://figplantsparadise.com"
85.208.96.210 - - [22/Nov/2024:21:09:56 -0800] "GET /89119120.phtml HTTP/1.0" 404 57326 "-" "Mozilla/5.0 (compatible; SemrushBot/7~bl; +http://www.semrush.com/bot.html)"
85.208.96.203 - - [22/Nov/2024:21:10:07 -0800] "GET /14459584.phtml HTTP/1.0" 404 57326 "-" "Mozilla/5.0 (compatible; SemrushBot/7~bl; +http://www.semrush.com/bot.html)"
185.191.171.9 - - [22/Nov/2024:21:10:21 -0800] "GET /59581984.phtml HTTP/1.0" 404 57326 "-" "Mozilla/5.0 (compatible; SemrushBot/7~bl; +http://www.semrush.com/bot.html)"
209.182.200.39 - - [22/Nov/2024:21:10:50 -0800] "POST /wp-cron.php?doing_wp_cron=1732338650.2543470859527587890625 HTTP/1.0" 200 - "https://figplantsparadise.com/wp-cron.php?doing_wp_cron=1732338650.2543470859527587890625" "WordPress/6.1.7; https://figplantsparadise.com"
85.208.96.206 - - [22/Nov/2024:21:10:50 -0800] "GET /113894176.phtml HTTP/1.0" 404 57326 "-" "Mozilla/5.0 (compatible; SemrushBot/7~bl; +http://www.semrush.com/bot.html)"
209.182.200.39 - - [22/Nov/2024:21:11:12 -0800] "POST /wp-cron.php?doing_wp_cron=1732338672.5930809974670410156250 HTTP/1.0" 200 - "https://figplantsparadise.com/wp-cron.php?doing_wp_cron=1732338672.5930809974670410156250" "WordPress/6.1.7; https://figplantsparadise.com"
85.208.96.209 - - [22/Nov/2024:21:11:12 -0800] "GET /73949800.phtml HTTP/1.0" 404 57326 "-" "Mozilla/5.0 (compatible; SemrushBot/7~bl; +http://www.semrush.com/bot.html)"
209.182.200.39 - - [22/Nov/2024:21:11:48 -0800] "POST /wp-cron.php?doing_wp_cron=1732338708.3298020362854003906250 HTTP/1.0" 200 - "https://figplantsparadise.com/wp-cron.php?doing_wp_cron=1732338708.3298020362854003906250" "WordPress/6.1.7; https://figplantsparadise.com"
114.119.144.132 - - [22/Nov/2024:21:11:48 -0800] "GET /product/taviol-2/ HTTP/1.0" 200 108829 "https://figplantsparadise.com/product-category/wordwidibulkonly/page/20/" "Mozilla/5.0 (Linux; Android 7.0;) AppleWebKit/537.36 (KHTML, like Gecko) Mobile Safari/537.36 (compatible; PetalBot;+https://webmaster.petalsearch.com/site/petalbot)"
54.36.174.69 - - [22/Nov/2024:21:12:01 -0800] "POST /xmlrpc.php HTTP/1.0" 200 401 "-" "Mozilla/5.0 (X11; Fedora; Linux x86_64; rv:89.0) Gecko/20100101 Firefox/89.0"
209.182.200.39 - - [22/Nov/2024:21:13:01 -0800] "POST /wp-cron.php?doing_wp_cron=1732338781.0093729496002197265625 HTTP/1.0" 200 - "https://figplantsparadise.com/wp-cron.php?doing_wp_cron=1732338781.0093729496002197265625" "WordPress/6.1.7; https://figplantsparadise.com"
85.208.96.201 - - [22/Nov/2024:21:13:00 -0800] "GET /36314644.phtml HTTP/1.0" 404 57326 "-" "Mozilla/5.0 (compatible; SemrushBot/7~bl; +http://www.semrush.com/bot.html)"
209.182.200.39 - - [22/Nov/2024:21:13:48 -0800] "POST /wp-cron.php?doing_wp_cron=1732338828.8275890350341796875000 HTTP/1.0" 200 - "https://figplantsparadise.com/wp-cron.php?doing_wp_cron=1732338828.8275890350341796875000" "WordPress/6.1.7; https://figplantsparadise.com"
185.191.171.16 - - [22/Nov/2024:21:13:48 -0800] "GET /20639668.phtml HTTP/1.0" 404 57326 "-" "Mozilla/5.0 (compatible; SemrushBot/7~bl; +http://www.semrush.com/bot.html)"
185.191.171.9 - - [22/Nov/2024:21:14:00 -0800] "GET /103966348.phtml HTTP/1.0" 404 57326 "-" "Mozilla/5.0 (compatible; SemrushBot/7~bl; +http://www.semrush.com/bot.html)"
185.191.171.4 - - [22/Nov/2024:21:14:10 -0800] "GET /12089956.phtml HTTP/1.0" 404 57326 "-" "Mozilla/5.0 (compatible; SemrushBot/7~bl; +http://www.semrush.com/bot.html)"
209.182.200.39 - - [22/Nov/2024:21:15:05 -0800] "POST /wp-cron.php?doing_wp_cron=1732338905.9411590099334716796875 HTTP/1.0" 200 - "https://figplantsparadise.com/wp-cron.php?doing_wp_cron=1732338905.9411590099334716796875" "WordPress/6.1.7; https://figplantsparadise.com"
185.191.171.4 - - [22/Nov/2024:21:15:05 -0800] "GET /17934484.phtml HTTP/1.0" 404 57326 "-" "Mozilla/5.0 (compatible; SemrushBot/7~bl; +http://www.semrush.com/bot.html)"
185.191.171.11 - - [22/Nov/2024:21:15:25 -0800] "GET /22295380.phtml HTTP/1.0" 404 57326 "-" "Mozilla/5.0 (compatible; SemrushBot/7~bl; +http://www.semrush.com/bot.html)"
209.182.200.39 - - [22/Nov/2024:21:16:48 -0800] "POST /wp-cron.php?doing_wp_cron=1732339008.1760690212249755859375 HTTP/1.0" 200 - "https://figplantsparadise.com/wp-cron.php?doing_wp_cron=1732339008.1760690212249755859375" "WordPress/6.1.7; https://figplantsparadise.com"
114.119.140.38 - - [22/Nov/2024:21:16:47 -0800] "GET /wp-content/uploads/2024/03/DENISE-300x300.jpg HTTP/1.0" 404 57326 "https://figplantsparadise.com/product-category/fig-tree-cuttings/page/5/" "Mozilla/5.0 (Linux; Android 7.0;) AppleWebKit/537.36 (KHTML, like Gecko) Mobile Safari/537.36 (compatible; PetalBot;+https://webmaster.petalsearch.com/site/petalbot)"
85.208.96.198 - - [22/Nov/2024:21:16:51 -0800] "GET /66353512.phtml HTTP/1.0" 404 57326 "-" "Mozilla/5.0 (compatible; SemrushBot/7~bl; +http://www.semrush.com/bot.html)"
216.244.66.229 - - [22/Nov/2024:21:17:10 -0800] "GET /robots.txt HTTP/1.0" 200 30 "-" "Mozilla/5.0 (compatible; DotBot/1.2; +https://opensiteexplorer.org/dotbot; help@moz.com)"
51.222.253.7 - - [22/Nov/2024:21:17:28 -0800] "GET /product/piatto-giallo-gigante/ HTTP/1.0" 200 106827 "-" "Mozilla/5.0 (compatible; AhrefsBot/7.0; +http://ahrefs.com/robot/)"
209.182.200.39 - - [22/Nov/2024:21:17:57 -0800] "POST /wp-cron.php?doing_wp_cron=1732339077.6407730579376220703125 HTTP/1.0" 200 - "https://figplantsparadise.com/wp-cron.php?doing_wp_cron=1732339077.6407730579376220703125" "WordPress/6.1.7; https://figplantsparadise.com"
185.191.171.17 - - [22/Nov/2024:21:17:57 -0800] "GET /73995448.phtml HTTP/1.0" 404 57326 "-" "Mozilla/5.0 (compatible; SemrushBot/7~bl; +http://www.semrush.com/bot.html)"
185.191.171.14 - - [22/Nov/2024:21:18:22 -0800] "GET /89676688.phtml HTTP/1.0" 404 57326 "-" "Mozilla/5.0 (compatible; SemrushBot/7~bl; +http://www.semrush.com/bot.html)"
209.182.200.39 - - [22/Nov/2024:21:18:35 -0800] "POST /wp-cron.php?doing_wp_cron=1732339115.7276649475097656250000 HTTP/1.0" 200 - "https://figplantsparadise.com/wp-cron.php?doing_wp_cron=1732339115.7276649475097656250000" "WordPress/6.1.7; https://figplantsparadise.com"
185.191.171.16 - - [22/Nov/2024:21:18:35 -0800] "GET /97482964.phtml HTTP/1.0" 404 57326 "-" "Mozilla/5.0 (compatible; SemrushBot/7~bl; +http://www.semrush.com/bot.html)"
85.208.96.200 - - [22/Nov/2024:21:19:08 -0800] "GET /31160848.phtml HTTP/1.0" 404 57326 "-" "Mozilla/5.0 (compatible; SemrushBot/7~bl; +http://www.semrush.com/bot.html)"
66.249.68.65 - - [22/Nov/2024:21:19:41 -0800] "GET /?ac=%E0%B8%AA%E0%B8%A1%E0%B8%B1%E0%B8%84%E0%B8%A3%20%E0%B8%A3%E0%B8%B1%E0%B8%9A%20%E0%B8%9F%E0%B8%A3%E0%B8%B5 HTTP/1.0" 200 467512 "-" "Mozilla/5.0 (Linux; Android 6.0.1; Nexus 5X Build/MMB29P) AppleWebKit/537.36 (KHTML, like Gecko) Chrome/131.0.6778.69 Mobile Safari/537.36 (compatible; Googlebot/2.1; +http://www.google.com/bot.html)"
