209.182.200.39 - - [22/Nov/2024:10:07:34 -0800] "POST /wp-cron.php?doing_wp_cron=1732298854.3764450550079345703125 HTTP/1.0" 200 - "https://figplantsparadise.com/wp-cron.php?doing_wp_cron=1732298854.3764450550079345703125" "WordPress/6.1.7; https://figplantsparadise.com"
85.208.96.203 - - [22/Nov/2024:10:07:34 -0800] "GET /product/assunta-2/ HTTP/1.0" 200 109707 "-" "Mozilla/5.0 (compatible; SemrushBot/7~bl; +http://www.semrush.com/bot.html)"
185.191.171.14 - - [22/Nov/2024:10:07:46 -0800] "GET /63751360.phtml HTTP/1.0" 404 57326 "-" "Mozilla/5.0 (compatible; SemrushBot/7~bl; +http://www.semrush.com/bot.html)"
185.191.171.8 - - [22/Nov/2024:10:07:59 -0800] "GET /26561020.phtml HTTP/1.0" 404 57326 "-" "Mozilla/5.0 (compatible; SemrushBot/7~bl; +http://www.semrush.com/bot.html)"
85.208.96.193 - - [22/Nov/2024:10:08:10 -0800] "GET /59382004.phtml HTTP/1.0" 404 57326 "-" "Mozilla/5.0 (compatible; SemrushBot/7~bl; +http://www.semrush.com/bot.html)"
66.249.68.65 - - [22/Nov/2024:10:08:13 -0800] "GET /11099848.phtml HTTP/1.0" 200 462947 "-" "Mozilla/5.0 (Linux; Android 6.0.1; Nexus 5X Build/MMB29P) AppleWebKit/537.36 (KHTML, like Gecko) Chrome/131.0.6778.69 Mobile Safari/537.36 (compatible; Googlebot/2.1; +http://www.google.com/bot.html)"
85.208.96.209 - - [22/Nov/2024:10:08:21 -0800] "GET /79932460.phtml HTTP/1.0" 404 57326 "-" "Mozilla/5.0 (compatible; SemrushBot/7~bl; +http://www.semrush.com/bot.html)"
66.249.68.65 - - [22/Nov/2024:10:08:27 -0800] "GET /rnjqsas4294wheaw68h.html?news=pg%20slot%20vip HTTP/1.0" 200 462687 "-" "Mozilla/5.0 (Linux; Android 6.0.1; Nexus 5X Build/MMB29P) AppleWebKit/537.36 (KHTML, like Gecko) Chrome/131.0.6778.69 Mobile Safari/537.36 (compatible; Googlebot/2.1; +http://www.google.com/bot.html)"
209.182.200.39 - - [22/Nov/2024:10:08:32 -0800] "POST /wp-cron.php?doing_wp_cron=1732298912.9115190505981445312500 HTTP/1.0" 200 - "https://figplantsparadise.com/wp-cron.php?doing_wp_cron=1732298912.9115190505981445312500" "WordPress/6.1.7; https://figplantsparadise.com"
85.208.96.201 - - [22/Nov/2024:10:08:32 -0800] "GET /64436656.phtml HTTP/1.0" 404 57326 "-" "Mozilla/5.0 (compatible; SemrushBot/7~bl; +http://www.semrush.com/bot.html)"
185.191.171.17 - - [22/Nov/2024:10:08:43 -0800] "GET /23011420.phtml HTTP/1.0" 404 57326 "-" "Mozilla/5.0 (compatible; SemrushBot/7~bl; +http://www.semrush.com/bot.html)"
216.244.66.229 - - [22/Nov/2024:10:08:47 -0800] "GET /product/dolcezza/ HTTP/1.0" 301 - "-" "Mozilla/5.0 (compatible; DotBot/1.2; +https://opensiteexplorer.org/dotbot; help@moz.com)"
66.249.68.65 - - [22/Nov/2024:10:08:54 -0800] "GET /jeuherb10214hfwrhyv.htm?ac=fd%20slotxo HTTP/1.0" 200 463546 "-" "Mozilla/5.0 (Linux; Android 6.0.1; Nexus 5X Build/MMB29P) AppleWebKit/537.36 (KHTML, like Gecko) Chrome/131.0.6778.69 Mobile Safari/537.36 (compatible; Googlebot/2.1; +http://www.google.com/bot.html)"
85.208.96.201 - - [22/Nov/2024:10:08:54 -0800] "GET /42828088.phtml HTTP/1.0" 404 57326 "-" "Mozilla/5.0 (compatible; SemrushBot/7~bl; +http://www.semrush.com/bot.html)"
185.191.171.17 - - [22/Nov/2024:10:09:05 -0800] "GET /55110748.phtml HTTP/1.0" 404 57326 "-" "Mozilla/5.0 (compatible; SemrushBot/7~bl; +http://www.semrush.com/bot.html)"
66.249.68.66 - - [22/Nov/2024:10:09:07 -0800] "GET /dnoadjx21752baqab7z.htm?pay=%E0%B8%9A%E0%B8%B2%E0%B8%84%E0%B8%B2%E0%B8%A3%E0%B9%88%E0%B8%B2%20dg HTTP/1.0" 200 459675 "-" "Mozilla/5.0 (Linux; Android 6.0.1; Nexus 5X Build/MMB29P) AppleWebKit/537.36 (KHTML, like Gecko) Chrome/131.0.6778.69 Mobile Safari/537.36 (compatible; Googlebot/2.1; +http://www.google.com/bot.html)"
185.191.171.12 - - [22/Nov/2024:10:09:16 -0800] "GET /26374468.phtml HTTP/1.0" 404 57326 "-" "Mozilla/5.0 (compatible; SemrushBot/7~bl; +http://www.semrush.com/bot.html)"
185.191.171.5 - - [22/Nov/2024:10:09:27 -0800] "GET /40845820.phtml HTTP/1.0" 404 57326 "-" "Mozilla/5.0 (compatible; SemrushBot/7~bl; +http://www.semrush.com/bot.html)"
209.182.200.39 - - [22/Nov/2024:10:09:38 -0800] "POST /wp-cron.php?doing_wp_cron=1732298978.7968440055847167968750 HTTP/1.0" 200 - "https://figplantsparadise.com/wp-cron.php?doing_wp_cron=1732298978.7968440055847167968750" "WordPress/6.1.7; https://figplantsparadise.com"
85.208.96.202 - - [22/Nov/2024:10:09:38 -0800] "GET /54083668.phtml HTTP/1.0" 404 57326 "-" "Mozilla/5.0 (compatible; SemrushBot/7~bl; +http://www.semrush.com/bot.html)"
185.191.171.18 - - [22/Nov/2024:10:10:04 -0800] "GET /82503688.phtml HTTP/1.0" 404 57326 "-" "Mozilla/5.0 (compatible; SemrushBot/7~bl; +http://www.semrush.com/bot.html)"
66.249.68.67 - - [22/Nov/2024:10:10:14 -0800] "GET /82057468.phtml HTTP/1.0" 200 461775 "-" "Mozilla/5.0 (Linux; Android 6.0.1; Nexus 5X Build/MMB29P) AppleWebKit/537.36 (KHTML, like Gecko) Chrome/131.0.6778.69 Mobile Safari/537.36 (compatible; GoogleOther)"
209.182.200.39 - - [22/Nov/2024:10:10:33 -0800] "POST /wp-cron.php?doing_wp_cron=1732299033.8148109912872314453125 HTTP/1.0" 200 - "https://figplantsparadise.com/wp-cron.php?doing_wp_cron=1732299033.8148109912872314453125" "WordPress/6.1.7; https://figplantsparadise.com"
85.208.96.198 - - [22/Nov/2024:10:10:33 -0800] "GET /product/karadeniz-purple-eggplant/ HTTP/1.0" 200 110807 "-" "Mozilla/5.0 (compatible; SemrushBot/7~bl; +http://www.semrush.com/bot.html)"
85.208.96.201 - - [22/Nov/2024:10:10:44 -0800] "GET /64898752.phtml HTTP/1.0" 404 57326 "-" "Mozilla/5.0 (compatible; SemrushBot/7~bl; +http://www.semrush.com/bot.html)"
57.141.0.25 - - [22/Nov/2024:10:10:54 -0800] "GET /product/kavak/ HTTP/1.0" 200 107690 "-" "meta-externalagent/1.1 (+https://developers.facebook.com/docs/sharing/webmasters/crawler)"
66.249.68.66 - - [22/Nov/2024:10:10:55 -0800] "GET /?news=%E0%B9%80%E0%B8%84%E0%B8%A3%E0%B8%94%E0%B8%B4%E0%B8%95%20%E0%B8%9F%E0%B8%A3%E0%B8%B5%20%E0%B8%81%E0%B8%94%20%E0%B8%A3%E0%B8%B1%E0%B8%9A%20%E0%B9%80%E0%B8%AD%E0%B8%87%20%E0%B9%84%E0%B8%A1%E0%B9%88%20%E0%B8%9D%E0%B8%B2%E0%B8%81%20%E0%B9%84%E0%B8%A1%E0%B9%88%20%E0%B9%81%E0%B8%8A%E0%B8%A3%E0%B9%8C%202021.htmls HTTP/1.0" 200 461145 "-" "Mozilla/5.0 (Linux; Android 6.0.1; Nexus 5X Build/MMB29P) AppleWebKit/537.36 (KHTML, like Gecko) Chrome/131.0.6778.69 Mobile Safari/537.36 (compatible; Googlebot/2.1; +http://www.google.com/bot.html)"
185.191.171.11 - - [22/Nov/2024:10:10:56 -0800] "GET /36981076.phtml HTTP/1.0" 404 57326 "-" "Mozilla/5.0 (compatible; SemrushBot/7~bl; +http://www.semrush.com/bot.html)"
66.249.68.66 - - [22/Nov/2024:10:11:07 -0800] "GET /?pay=sanook%20slot.html HTTP/1.0" 200 464649 "-" "Mozilla/5.0 (Linux; Android 6.0.1; Nexus 5X Build/MMB29P) AppleWebKit/537.36 (KHTML, like Gecko) Chrome/131.0.6778.69 Mobile Safari/537.36 (compatible; Googlebot/2.1; +http://www.google.com/bot.html)"
209.182.200.39 - - [22/Nov/2024:10:11:07 -0800] "POST /wp-cron.php?doing_wp_cron=1732299067.9241309165954589843750 HTTP/1.0" 200 - "https://figplantsparadise.com/wp-cron.php?doing_wp_cron=1732299067.9241309165954589843750" "WordPress/6.1.7; https://figplantsparadise.com"
185.191.171.2 - - [22/Nov/2024:10:11:07 -0800] "GET /53503996.phtml HTTP/1.0" 404 57326 "-" "Mozilla/5.0 (compatible; SemrushBot/7~bl; +http://www.semrush.com/bot.html)"
66.249.68.66 - - [22/Nov/2024:10:11:24 -0800] "GET /72104368.phtml HTTP/1.0" 200 459503 "-" "Mozilla/5.0 (Linux; Android 6.0.1; Nexus 5X Build/MMB29P) AppleWebKit/537.36 (KHTML, like Gecko) Chrome/131.0.6778.69 Mobile Safari/537.36 (compatible; Googlebot/2.1; +http://www.google.com/bot.html)"
209.182.200.39 - - [22/Nov/2024:10:11:32 -0800] "POST /wp-cron.php?doing_wp_cron=1732299092.4657831192016601562500 HTTP/1.0" 200 - "https://figplantsparadise.com/wp-cron.php?doing_wp_cron=1732299092.4657831192016601562500" "WordPress/6.1.7; https://figplantsparadise.com"
85.208.96.203 - - [22/Nov/2024:10:11:32 -0800] "GET /product/arlecchino/ HTTP/1.0" 200 111436 "-" "Mozilla/5.0 (compatible; SemrushBot/7~bl; +http://www.semrush.com/bot.html)"
66.249.68.65 - - [22/Nov/2024:10:11:33 -0800] "GET /112537300.phtml HTTP/1.0" 200 461730 "-" "Mozilla/5.0 (Linux; Android 6.0.1; Nexus 5X Build/MMB29P) AppleWebKit/537.36 (KHTML, like Gecko) Chrome/131.0.6778.69 Mobile Safari/537.36 (compatible; Googlebot/2.1; +http://www.google.com/bot.html)"
66.249.68.65 - - [22/Nov/2024:10:12:03 -0800] "GET /54026392.phtml HTTP/1.0" 200 474701 "-" "Mozilla/5.0 (Linux; Android 6.0.1; Nexus 5X Build/MMB29P) AppleWebKit/537.36 (KHTML, like Gecko) Chrome/131.0.6778.69 Mobile Safari/537.36 (compatible; Googlebot/2.1; +http://www.google.com/bot.html)"
185.191.171.2 - - [22/Nov/2024:10:12:03 -0800] "GET /27222268.phtml HTTP/1.0" 404 57326 "-" "Mozilla/5.0 (compatible; SemrushBot/7~bl; +http://www.semrush.com/bot.html)"
185.191.171.9 - - [22/Nov/2024:10:12:14 -0800] "GET /111791488.phtml HTTP/1.0" 404 57326 "-" "Mozilla/5.0 (compatible; SemrushBot/7~bl; +http://www.semrush.com/bot.html)"
66.249.68.65 - - [22/Nov/2024:10:12:16 -0800] "GET /105963196.phtml HTTP/1.0" 200 462562 "-" "Mozilla/5.0 (Linux; Android 6.0.1; Nexus 5X Build/MMB29P) AppleWebKit/537.36 (KHTML, like Gecko) Chrome/131.0.6778.69 Mobile Safari/537.36 (compatible; Googlebot/2.1; +http://www.google.com/bot.html)"
185.191.171.1 - - [22/Nov/2024:10:12:26 -0800] "GET /85604080.phtml HTTP/1.0" 404 57326 "-" "Mozilla/5.0 (compatible; SemrushBot/7~bl; +http://www.semrush.com/bot.html)"
66.249.68.65 - - [22/Nov/2024:10:12:32 -0800] "GET /29872048.phtml HTTP/1.0" 200 461313 "-" "Mozilla/5.0 (Linux; Android 6.0.1; Nexus 5X Build/MMB29P) AppleWebKit/537.36 (KHTML, like Gecko) Chrome/131.0.6778.69 Mobile Safari/537.36 (compatible; Googlebot/2.1; +http://www.google.com/bot.html)"
209.182.200.39 - - [22/Nov/2024:10:12:37 -0800] "POST /wp-cron.php?doing_wp_cron=1732299157.0984299182891845703125 HTTP/1.0" 200 - "https://figplantsparadise.com/wp-cron.php?doing_wp_cron=1732299157.0984299182891845703125" "WordPress/6.1.7; https://figplantsparadise.com"
85.208.96.211 - - [22/Nov/2024:10:12:36 -0800] "GET /product/bucia-amara/ HTTP/1.0" 200 110196 "-" "Mozilla/5.0 (compatible; SemrushBot/7~bl; +http://www.semrush.com/bot.html)"
66.249.68.65 - - [22/Nov/2024:10:12:42 -0800] "GET /64217488.phtml HTTP/1.0" 200 462158 "-" "Mozilla/5.0 (Linux; Android 6.0.1; Nexus 5X Build/MMB29P) AppleWebKit/537.36 (KHTML, like Gecko) Chrome/131.0.6778.69 Mobile Safari/537.36 (compatible; Googlebot/2.1; +http://www.google.com/bot.html)"
66.249.68.65 - - [22/Nov/2024:10:12:45 -0800] "GET /43846312.phtml HTTP/1.0" 200 466669 "-" "Mozilla/5.0 (Linux; Android 6.0.1; Nexus 5X Build/MMB29P) AppleWebKit/537.36 (KHTML, like Gecko) Chrome/131.0.6778.69 Mobile Safari/537.36 (compatible; Googlebot/2.1; +http://www.google.com/bot.html)"
185.191.171.15 - - [22/Nov/2024:10:12:48 -0800] "GET /85343836.phtml HTTP/1.0" 404 57326 "-" "Mozilla/5.0 (compatible; SemrushBot/7~bl; +http://www.semrush.com/bot.html)"
66.249.68.66 - - [22/Nov/2024:10:12:52 -0800] "GET /77689372.phtml HTTP/1.0" 200 462711 "-" "Mozilla/5.0 (Linux; Android 6.0.1; Nexus 5X Build/MMB29P) AppleWebKit/537.36 (KHTML, like Gecko) Chrome/131.0.6778.69 Mobile Safari/537.36 (compatible; Googlebot/2.1; +http://www.google.com/bot.html)"
85.208.96.210 - - [22/Nov/2024:10:13:01 -0800] "GET /48530056.phtml HTTP/1.0" 404 57326 "-" "Mozilla/5.0 (compatible; SemrushBot/7~bl; +http://www.semrush.com/bot.html)"
66.249.68.65 - - [22/Nov/2024:10:13:03 -0800] "GET /24491740.phtml HTTP/1.0" 200 465925 "-" "Mozilla/5.0 (Linux; Android 6.0.1; Nexus 5X Build/MMB29P) AppleWebKit/537.36 (KHTML, like Gecko) Chrome/131.0.6778.69 Mobile Safari/537.36 (compatible; Googlebot/2.1; +http://www.google.com/bot.html)"
185.191.171.2 - - [22/Nov/2024:10:13:12 -0800] "GET /28824520.phtml HTTP/1.0" 404 57326 "-" "Mozilla/5.0 (compatible; SemrushBot/7~bl; +http://www.semrush.com/bot.html)"
66.249.68.66 - - [22/Nov/2024:10:13:13 -0800] "GET /72406624.phtml HTTP/1.0" 200 463762 "-" "Mozilla/5.0 (Linux; Android 6.0.1; Nexus 5X Build/MMB29P) AppleWebKit/537.36 (KHTML, like Gecko) Chrome/131.0.6778.69 Mobile Safari/537.36 (compatible; Googlebot/2.1; +http://www.google.com/bot.html)"
66.249.68.66 - - [22/Nov/2024:10:13:17 -0800] "GET /32322820.phtml HTTP/1.0" 200 462710 "-" "Mozilla/5.0 (Linux; Android 6.0.1; Nexus 5X Build/MMB29P) AppleWebKit/537.36 (KHTML, like Gecko) Chrome/131.0.6778.69 Mobile Safari/537.36 (compatible; Googlebot/2.1; +http://www.google.com/bot.html)"
66.249.68.65 - - [22/Nov/2024:10:13:17 -0800] "GET /63176548.phtml HTTP/1.0" 200 463668 "-" "Mozilla/5.0 (Linux; Android 6.0.1; Nexus 5X Build/MMB29P) AppleWebKit/537.36 (KHTML, like Gecko) Chrome/131.0.6778.69 Mobile Safari/537.36 (compatible; GoogleOther)"
185.191.171.1 - - [22/Nov/2024:10:13:23 -0800] "GET /106170448.phtml HTTP/1.0" 404 57326 "-" "Mozilla/5.0 (compatible; SemrushBot/7~bl; +http://www.semrush.com/bot.html)"
66.249.68.65 - - [22/Nov/2024:10:13:24 -0800] "GET /33845656.phtml HTTP/1.0" 200 462703 "-" "Mozilla/5.0 (Linux; Android 6.0.1; Nexus 5X Build/MMB29P) AppleWebKit/537.36 (KHTML, like Gecko) Chrome/131.0.6778.69 Mobile Safari/537.36 (compatible; Googlebot/2.1; +http://www.google.com/bot.html)"
209.182.200.39 - - [22/Nov/2024:10:13:34 -0800] "POST /wp-cron.php?doing_wp_cron=1732299214.7737419605255126953125 HTTP/1.0" 200 - "https://figplantsparadise.com/wp-cron.php?doing_wp_cron=1732299214.7737419605255126953125" "WordPress/6.1.7; https://figplantsparadise.com"
185.191.171.2 - - [22/Nov/2024:10:13:34 -0800] "GET /74200612.phtml HTTP/1.0" 404 57326 "-" "Mozilla/5.0 (compatible; SemrushBot/7~bl; +http://www.semrush.com/bot.html)"
66.249.68.65 - - [22/Nov/2024:10:13:38 -0800] "GET /71404888.phtml HTTP/1.0" 200 459203 "-" "Mozilla/5.0 (Linux; Android 6.0.1; Nexus 5X Build/MMB29P) AppleWebKit/537.36 (KHTML, like Gecko) Chrome/131.0.6778.69 Mobile Safari/537.36 (compatible; Googlebot/2.1; +http://www.google.com/bot.html)"
185.191.171.6 - - [22/Nov/2024:10:13:46 -0800] "GET /89700916.phtml HTTP/1.0" 404 57326 "-" "Mozilla/5.0 (compatible; SemrushBot/7~bl; +http://www.semrush.com/bot.html)"
85.208.96.205 - - [22/Nov/2024:10:13:52 -0800] "GET /robots.txt HTTP/1.0" 200 30 "-" "Mozilla/5.0 (compatible; SemrushBot/7~bl; +http://www.semrush.com/bot.html)"
66.249.68.66 - - [22/Nov/2024:10:13:52 -0800] "GET /28455772.phtml HTTP/1.0" 200 482467 "-" "Mozilla/5.0 (Linux; Android 6.0.1; Nexus 5X Build/MMB29P) AppleWebKit/537.36 (KHTML, like Gecko) Chrome/131.0.6778.69 Mobile Safari/537.36 (compatible; Googlebot/2.1; +http://www.google.com/bot.html)"
185.191.171.13 - - [22/Nov/2024:10:13:58 -0800] "GET /85488016.phtml HTTP/1.0" 404 57326 "-" "Mozilla/5.0 (compatible; SemrushBot/7~bl; +http://www.semrush.com/bot.html)"
66.249.68.65 - - [22/Nov/2024:10:14:05 -0800] "GET /61178908.phtml HTTP/1.0" 200 470756 "-" "Mozilla/5.0 (Linux; Android 6.0.1; Nexus 5X Build/MMB29P) AppleWebKit/537.36 (KHTML, like Gecko) Chrome/131.0.6778.69 Mobile Safari/537.36 (compatible; Googlebot/2.1; +http://www.google.com/bot.html)"
66.249.68.66 - - [22/Nov/2024:10:14:15 -0800] "GET /40286416.phtml HTTP/1.0" 200 460918 "-" "Mozilla/5.0 (Linux; Android 6.0.1; Nexus 5X Build/MMB29P) AppleWebKit/537.36 (KHTML, like Gecko) Chrome/131.0.6778.69 Mobile Safari/537.36 (compatible; Googlebot/2.1; +http://www.google.com/bot.html)"
185.191.171.18 - - [22/Nov/2024:10:14:23 -0800] "GET /112165708.phtml HTTP/1.0" 404 57326 "-" "Mozilla/5.0 (compatible; SemrushBot/7~bl; +http://www.semrush.com/bot.html)"
66.249.68.65 - - [22/Nov/2024:10:14:25 -0800] "GET /29703460.phtml HTTP/1.0" 200 472758 "-" "Mozilla/5.0 (Linux; Android 6.0.1; Nexus 5X Build/MMB29P) AppleWebKit/537.36 (KHTML, like Gecko) Chrome/131.0.6778.69 Mobile Safari/537.36 (compatible; Googlebot/2.1; +http://www.google.com/bot.html)"
66.249.68.65 - - [22/Nov/2024:10:14:35 -0800] "GET /16761244.phtml HTTP/1.0" 200 463311 "-" "Mozilla/5.0 (Linux; Android 6.0.1; Nexus 5X Build/MMB29P) AppleWebKit/537.36 (KHTML, like Gecko) Chrome/131.0.6778.69 Mobile Safari/537.36 (compatible; Googlebot/2.1; +http://www.google.com/bot.html)"
209.182.200.39 - - [22/Nov/2024:10:14:55 -0800] "POST /wp-cron.php?doing_wp_cron=1732299295.4069230556488037109375 HTTP/1.0" 200 - "https://figplantsparadise.com/wp-cron.php?doing_wp_cron=1732299295.4069230556488037109375" "WordPress/6.1.7; https://figplantsparadise.com"
185.191.171.8 - - [22/Nov/2024:10:14:55 -0800] "GET /91222528.phtml HTTP/1.0" 404 57326 "-" "Mozilla/5.0 (compatible; SemrushBot/7~bl; +http://www.semrush.com/bot.html)"
66.249.68.65 - - [22/Nov/2024:10:14:56 -0800] "GET /38888716.phtml HTTP/1.0" 200 461163 "-" "Mozilla/5.0 (Linux; Android 6.0.1; Nexus 5X Build/MMB29P) AppleWebKit/537.36 (KHTML, like Gecko) Chrome/131.0.6778.69 Mobile Safari/537.36 (compatible; Googlebot/2.1; +http://www.google.com/bot.html)"
85.208.96.193 - - [22/Nov/2024:10:15:06 -0800] "GET /95029564.phtml HTTP/1.0" 404 57326 "-" "Mozilla/5.0 (compatible; SemrushBot/7~bl; +http://www.semrush.com/bot.html)"
66.249.68.66 - - [22/Nov/2024:10:15:13 -0800] "GET /80592880.phtml HTTP/1.0" 200 469460 "-" "Mozilla/5.0 (Linux; Android 6.0.1; Nexus 5X Build/MMB29P) AppleWebKit/537.36 (KHTML, like Gecko) Chrome/131.0.6778.69 Mobile Safari/537.36 (compatible; Googlebot/2.1; +http://www.google.com/bot.html)"
66.249.68.65 - - [22/Nov/2024:10:15:16 -0800] "GET /52150720.phtml HTTP/1.0" 200 463562 "-" "Mozilla/5.0 (Linux; Android 6.0.1; Nexus 5X Build/MMB29P) AppleWebKit/537.36 (KHTML, like Gecko) Chrome/131.0.6778.69 Mobile Safari/537.36 (compatible; Googlebot/2.1; +http://www.google.com/bot.html)"
185.191.171.2 - - [22/Nov/2024:10:15:17 -0800] "GET /105864664.phtml HTTP/1.0" 404 57326 "-" "Mozilla/5.0 (compatible; SemrushBot/7~bl; +http://www.semrush.com/bot.html)"
185.191.171.5 - - [22/Nov/2024:10:15:28 -0800] "GET /60357784.phtml HTTP/1.0" 404 57326 "-" "Mozilla/5.0 (compatible; SemrushBot/7~bl; +http://www.semrush.com/bot.html)"
66.249.68.66 - - [22/Nov/2024:10:15:36 -0800] "GET /69813400.phtml HTTP/1.0" 200 464841 "-" "Mozilla/5.0 (Linux; Android 6.0.1; Nexus 5X Build/MMB29P) AppleWebKit/537.36 (KHTML, like Gecko) Chrome/131.0.6778.69 Mobile Safari/537.36 (compatible; Googlebot/2.1; +http://www.google.com/bot.html)"
209.182.200.39 - - [22/Nov/2024:10:15:47 -0800] "POST /wp-cron.php?doing_wp_cron=1732299347.9054770469665527343750 HTTP/1.0" 200 - "https://figplantsparadise.com/wp-cron.php?doing_wp_cron=1732299347.9054770469665527343750" "WordPress/6.1.7; https://figplantsparadise.com"
85.208.96.201 - - [22/Nov/2024:10:15:47 -0800] "GET /53381776.phtml HTTP/1.0" 404 57326 "-" "Mozilla/5.0 (compatible; SemrushBot/7~bl; +http://www.semrush.com/bot.html)"
209.182.200.39 - - [22/Nov/2024:10:16:00 -0800] "POST /wp-cron.php?doing_wp_cron=1732299360.0431079864501953125000 HTTP/1.0" 200 - "https://figplantsparadise.com/wp-cron.php?doing_wp_cron=1732299360.0431079864501953125000" "WordPress/6.1.7; https://figplantsparadise.com"
185.191.171.8 - - [22/Nov/2024:10:15:59 -0800] "GET /80511016.phtml HTTP/1.0" 404 57326 "-" "Mozilla/5.0 (compatible; SemrushBot/7~bl; +http://www.semrush.com/bot.html)"
66.249.68.66 - - [22/Nov/2024:10:16:02 -0800] "GET /113774836.phtml HTTP/1.0" 200 460598 "-" "Mozilla/5.0 (Linux; Android 6.0.1; Nexus 5X Build/MMB29P) AppleWebKit/537.36 (KHTML, like Gecko) Chrome/131.0.6778.69 Mobile Safari/537.36 (compatible; Googlebot/2.1; +http://www.google.com/bot.html)"
185.191.171.16 - - [22/Nov/2024:10:16:12 -0800] "GET /88719484.phtml HTTP/1.0" 404 57326 "-" "Mozilla/5.0 (compatible; SemrushBot/7~bl; +http://www.semrush.com/bot.html)"
185.191.171.18 - - [22/Nov/2024:10:16:23 -0800] "GET /22015120.phtml HTTP/1.0" 404 57326 "-" "Mozilla/5.0 (compatible; SemrushBot/7~bl; +http://www.semrush.com/bot.html)"
66.249.68.66 - - [22/Nov/2024:10:16:27 -0800] "GET /109456672.phtml HTTP/1.0" 200 461140 "-" "Mozilla/5.0 (Linux; Android 6.0.1; Nexus 5X Build/MMB29P) AppleWebKit/537.36 (KHTML, like Gecko) Chrome/131.0.6778.69 Mobile Safari/537.36 (compatible; GoogleOther)"
209.182.200.39 - - [22/Nov/2024:10:16:34 -0800] "POST /wp-cron.php?doing_wp_cron=1732299394.5018029212951660156250 HTTP/1.0" 200 - "https://figplantsparadise.com/wp-cron.php?doing_wp_cron=1732299394.5018029212951660156250" "WordPress/6.1.7; https://figplantsparadise.com"
85.208.96.212 - - [22/Nov/2024:10:16:34 -0800] "GET /45541624.phtml HTTP/1.0" 404 57326 "-" "Mozilla/5.0 (compatible; SemrushBot/7~bl; +http://www.semrush.com/bot.html)"
66.249.68.65 - - [22/Nov/2024:10:16:35 -0800] "GET /23278900.phtml HTTP/1.0" 200 464601 "-" "Mozilla/5.0 (Linux; Android 6.0.1; Nexus 5X Build/MMB29P) AppleWebKit/537.36 (KHTML, like Gecko) Chrome/131.0.6778.69 Mobile Safari/537.36 (compatible; Googlebot/2.1; +http://www.google.com/bot.html)"
66.249.68.65 - - [22/Nov/2024:10:16:38 -0800] "GET /108747724.phtml HTTP/1.0" 200 459598 "-" "Mozilla/5.0 (Linux; Android 6.0.1; Nexus 5X Build/MMB29P) AppleWebKit/537.36 (KHTML, like Gecko) Chrome/131.0.6778.69 Mobile Safari/537.36 (compatible; Googlebot/2.1; +http://www.google.com/bot.html)"
185.191.171.1 - - [22/Nov/2024:10:16:45 -0800] "GET /44965768.phtml HTTP/1.0" 404 57326 "-" "Mozilla/5.0 (compatible; SemrushBot/7~bl; +http://www.semrush.com/bot.html)"
185.191.171.10 - - [22/Nov/2024:10:16:55 -0800] "GET /15895408.phtml HTTP/1.0" 404 57326 "-" "Mozilla/5.0 (compatible; SemrushBot/7~bl; +http://www.semrush.com/bot.html)"
185.191.171.8 - - [22/Nov/2024:10:17:07 -0800] "GET /114978748.phtml HTTP/1.0" 404 57326 "-" "Mozilla/5.0 (compatible; SemrushBot/7~bl; +http://www.semrush.com/bot.html)"
209.182.200.39 - - [22/Nov/2024:10:17:32 -0800] "POST /wp-cron.php?doing_wp_cron=1732299452.4158470630645751953125 HTTP/1.0" 200 - "https://figplantsparadise.com/wp-cron.php?doing_wp_cron=1732299452.4158470630645751953125" "WordPress/6.1.7; https://figplantsparadise.com"
185.191.171.14 - - [22/Nov/2024:10:17:32 -0800] "GET /12310024.phtml HTTP/1.0" 404 57326 "-" "Mozilla/5.0 (compatible; SemrushBot/7~bl; +http://www.semrush.com/bot.html)"
185.191.171.8 - - [22/Nov/2024:10:17:48 -0800] "GET /62737384.phtml HTTP/1.0" 404 57326 "-" "Mozilla/5.0 (compatible; SemrushBot/7~bl; +http://www.semrush.com/bot.html)"
156.59.198.136 - - [22/Nov/2024:10:17:58 -0800] "GET /wp-content/uploads/2023/10/Bordissot-Negra-Rimada.jpg HTTP/1.0" 403 228 "-" "Mozilla/5.0 (Linux; Android 5.0) AppleWebKit/537.36 (KHTML, like Gecko) Mobile Safari/537.36 (compatible; Bytespider; spider-feedback@bytedance.com)"
209.182.200.39 - - [22/Nov/2024:10:18:31 -0800] "POST /wp-cron.php?doing_wp_cron=1732299511.3076229095458984375000 HTTP/1.0" 200 - "https://figplantsparadise.com/wp-cron.php?doing_wp_cron=1732299511.3076229095458984375000" "WordPress/6.1.7; https://figplantsparadise.com"
85.208.96.194 - - [22/Nov/2024:10:18:30 -0800] "GET /108161392.phtml HTTP/1.0" 404 57326 "-" "Mozilla/5.0 (compatible; SemrushBot/7~bl; +http://www.semrush.com/bot.html)"
85.208.96.197 - - [22/Nov/2024:10:19:04 -0800] "GET /13303264.phtml HTTP/1.0" 404 57326 "-" "Mozilla/5.0 (compatible; SemrushBot/7~bl; +http://www.semrush.com/bot.html)"
85.208.96.201 - - [22/Nov/2024:10:19:16 -0800] "GET /53749120.phtml HTTP/1.0" 404 57326 "-" "Mozilla/5.0 (compatible; SemrushBot/7~bl; +http://www.semrush.com/bot.html)"
209.182.200.39 - - [22/Nov/2024:10:19:36 -0800] "POST /wp-cron.php?doing_wp_cron=1732299576.6131780147552490234375 HTTP/1.0" 200 - "https://figplantsparadise.com/wp-cron.php?doing_wp_cron=1732299576.6131780147552490234375" "WordPress/6.1.7; https://figplantsparadise.com"
185.191.171.5 - - [22/Nov/2024:10:19:36 -0800] "GET /24740932.phtml HTTP/1.0" 404 57326 "-" "Mozilla/5.0 (compatible; SemrushBot/7~bl; +http://www.semrush.com/bot.html)"
185.191.171.12 - - [22/Nov/2024:10:19:47 -0800] "GET /93714448.phtml HTTP/1.0" 404 57326 "-" "Mozilla/5.0 (compatible; SemrushBot/7~bl; +http://www.semrush.com/bot.html)"
185.191.171.11 - - [22/Nov/2024:10:19:59 -0800] "GET /108904792.phtml HTTP/1.0" 404 57326 "-" "Mozilla/5.0 (compatible; SemrushBot/7~bl; +http://www.semrush.com/bot.html)"
85.208.96.198 - - [22/Nov/2024:10:20:11 -0800] "GET /9101380.phtml HTTP/1.0" 404 57326 "-" "Mozilla/5.0 (compatible; SemrushBot/7~bl; +http://www.semrush.com/bot.html)"
185.191.171.16 - - [22/Nov/2024:10:20:21 -0800] "GET /24519352.phtml HTTP/1.0" 404 57326 "-" "Mozilla/5.0 (compatible; SemrushBot/7~bl; +http://www.semrush.com/bot.html)"
209.182.200.39 - - [22/Nov/2024:10:20:32 -0800] "POST /wp-cron.php?doing_wp_cron=1732299632.7290821075439453125000 HTTP/1.0" 200 - "https://figplantsparadise.com/wp-cron.php?doing_wp_cron=1732299632.7290821075439453125000" "WordPress/6.1.7; https://figplantsparadise.com"
185.191.171.1 - - [22/Nov/2024:10:20:32 -0800] "GET /91627240.phtml HTTP/1.0" 404 57326 "-" "Mozilla/5.0 (compatible; SemrushBot/7~bl; +http://www.semrush.com/bot.html)"
185.191.171.7 - - [22/Nov/2024:10:20:48 -0800] "GET /40765468.phtml HTTP/1.0" 404 57326 "-" "Mozilla/5.0 (compatible; SemrushBot/7~bl; +http://www.semrush.com/bot.html)"
209.182.200.39 - - [22/Nov/2024:10:21:05 -0800] "POST /wp-cron.php?doing_wp_cron=1732299665.7094790935516357421875 HTTP/1.0" 200 - "https://figplantsparadise.com/wp-cron.php?doing_wp_cron=1732299665.7094790935516357421875" "WordPress/6.1.7; https://figplantsparadise.com"
185.191.171.3 - - [22/Nov/2024:10:21:05 -0800] "GET /26317444.phtml HTTP/1.0" 404 57326 "-" "Mozilla/5.0 (compatible; SemrushBot/7~bl; +http://www.semrush.com/bot.html)"
85.208.96.194 - - [22/Nov/2024:10:21:18 -0800] "GET /109646140.phtml HTTP/1.0" 404 57326 "-" "Mozilla/5.0 (compatible; SemrushBot/7~bl; +http://www.semrush.com/bot.html)"
209.182.200.39 - - [22/Nov/2024:10:21:52 -0800] "POST /wp-cron.php?doing_wp_cron=1732299712.0798830986022949218750 HTTP/1.0" 200 - "https://figplantsparadise.com/wp-cron.php?doing_wp_cron=1732299712.0798830986022949218750" "WordPress/6.1.7; https://figplantsparadise.com"
185.191.171.10 - - [22/Nov/2024:10:21:51 -0800] "GET /93706816.phtml HTTP/1.0" 404 57326 "-" "Mozilla/5.0 (compatible; SemrushBot/7~bl; +http://www.semrush.com/bot.html)"
185.191.171.16 - - [22/Nov/2024:10:22:07 -0800] "GET /107003128.phtml HTTP/1.0" 404 57326 "-" "Mozilla/5.0 (compatible; SemrushBot/7~bl; +http://www.semrush.com/bot.html)"
185.191.171.6 - - [22/Nov/2024:10:22:18 -0800] "GET /109415200.phtml HTTP/1.0" 404 57326 "-" "Mozilla/5.0 (compatible; SemrushBot/7~bl; +http://www.semrush.com/bot.html)"
209.182.200.39 - - [22/Nov/2024:10:22:33 -0800] "POST /wp-cron.php?doing_wp_cron=1732299753.2623810768127441406250 HTTP/1.0" 200 - "https://figplantsparadise.com/wp-cron.php?doing_wp_cron=1732299753.2623810768127441406250" "WordPress/6.1.7; https://figplantsparadise.com"
85.208.96.204 - - [22/Nov/2024:10:22:33 -0800] "GET /72931324.phtml HTTP/1.0" 404 57326 "-" "Mozilla/5.0 (compatible; SemrushBot/7~bl; +http://www.semrush.com/bot.html)"
185.191.171.18 - - [22/Nov/2024:10:22:45 -0800] "GET /33286216.phtml HTTP/1.0" 404 57326 "-" "Mozilla/5.0 (compatible; SemrushBot/7~bl; +http://www.semrush.com/bot.html)"
209.182.200.39 - - [22/Nov/2024:10:23:03 -0800] "POST /wp-cron.php?doing_wp_cron=1732299783.1655449867248535156250 HTTP/1.0" 200 - "https://figplantsparadise.com/wp-cron.php?doing_wp_cron=1732299783.1655449867248535156250" "WordPress/6.1.7; https://figplantsparadise.com"
85.208.96.205 - - [22/Nov/2024:10:23:02 -0800] "GET /86462572.phtml HTTP/1.0" 404 57326 "-" "Mozilla/5.0 (compatible; SemrushBot/7~bl; +http://www.semrush.com/bot.html)"
209.182.200.39 - - [22/Nov/2024:10:23:03 -0800] "GET / HTTP/1.0" 200 172903 "https://figplantsparadise.com/" "WordPress/6.1.7; https://figplantsparadise.com"
85.208.96.203 - - [22/Nov/2024:10:23:13 -0800] "GET /61000636.phtml HTTP/1.0" 404 57326 "-" "Mozilla/5.0 (compatible; SemrushBot/7~bl; +http://www.semrush.com/bot.html)"
185.191.171.2 - - [22/Nov/2024:10:23:24 -0800] "GET /24356812.phtml HTTP/1.0" 404 57326 "-" "Mozilla/5.0 (compatible; SemrushBot/7~bl; +http://www.semrush.com/bot.html)"
156.59.198.135 - - [22/Nov/2024:10:23:25 -0800] "GET /wp-content/uploads/2023/10/Fioronecul-dama-verde-300x300.jpg HTTP/1.0" 403 228 "-" "Mozilla/5.0 (Linux; Android 5.0) AppleWebKit/537.36 (KHTML, like Gecko) Mobile Safari/537.36 (compatible; Bytespider; spider-feedback@bytedance.com)"
209.182.200.39 - - [22/Nov/2024:10:23:36 -0800] "POST /wp-cron.php?doing_wp_cron=1732299816.2175021171569824218750 HTTP/1.0" 200 - "https://figplantsparadise.com/wp-cron.php?doing_wp_cron=1732299816.2175021171569824218750" "WordPress/6.1.7; https://figplantsparadise.com"
185.191.171.18 - - [22/Nov/2024:10:23:36 -0800] "GET /47798140.phtml HTTP/1.0" 404 57326 "-" "Mozilla/5.0 (compatible; SemrushBot/7~bl; +http://www.semrush.com/bot.html)"
66.249.68.65 - - [22/Nov/2024:10:23:38 -0800] "GET /73617952.phtml HTTP/1.0" 200 458005 "-" "Mozilla/5.0 (Linux; Android 6.0.1; Nexus 5X Build/MMB29P) AppleWebKit/537.36 (KHTML, like Gecko) Chrome/131.0.6778.69 Mobile Safari/537.36 (compatible; GoogleOther)"
85.208.96.202 - - [22/Nov/2024:10:23:46 -0800] "GET /84891388.phtml HTTP/1.0" 404 57326 "-" "Mozilla/5.0 (compatible; SemrushBot/7~bl; +http://www.semrush.com/bot.html)"
185.191.171.9 - - [22/Nov/2024:10:23:57 -0800] "GET /9356800.phtml HTTP/1.0" 404 57326 "-" "Mozilla/5.0 (compatible; SemrushBot/7~bl; +http://www.semrush.com/bot.html)"
85.208.96.201 - - [22/Nov/2024:10:24:20 -0800] "GET /21939232.phtml HTTP/1.0" 404 57326 "-" "Mozilla/5.0 (compatible; SemrushBot/7~bl; +http://www.semrush.com/bot.html)"
209.182.200.39 - - [22/Nov/2024:10:24:31 -0800] "POST /wp-cron.php?doing_wp_cron=1732299871.2676179409027099609375 HTTP/1.0" 200 - "https://figplantsparadise.com/wp-cron.php?doing_wp_cron=1732299871.2676179409027099609375" "WordPress/6.1.7; https://figplantsparadise.com"
185.191.171.13 - - [22/Nov/2024:10:24:31 -0800] "GET /90325300.phtml HTTP/1.0" 404 57326 "-" "Mozilla/5.0 (compatible; SemrushBot/7~bl; +http://www.semrush.com/bot.html)"
85.208.96.194 - - [22/Nov/2024:10:25:01 -0800] "GET /70231036.phtml HTTP/1.0" 404 57326 "-" "Mozilla/5.0 (compatible; SemrushBot/7~bl; +http://www.semrush.com/bot.html)"
66.249.68.65 - - [22/Nov/2024:10:25:05 -0800] "GET /26694076.phtml HTTP/1.0" 200 463668 "-" "Mozilla/5.0 (Linux; Android 6.0.1; Nexus 5X Build/MMB29P) AppleWebKit/537.36 (KHTML, like Gecko) Chrome/131.0.6778.69 Mobile Safari/537.36 (compatible; GoogleOther)"
85.208.96.194 - - [22/Nov/2024:10:25:12 -0800] "GET /10897780.phtml HTTP/1.0" 404 57326 "-" "Mozilla/5.0 (compatible; SemrushBot/7~bl; +http://www.semrush.com/bot.html)"
185.191.171.2 - - [22/Nov/2024:10:25:23 -0800] "GET /34506436.phtml HTTP/1.0" 404 57326 "-" "Mozilla/5.0 (compatible; SemrushBot/7~bl; +http://www.semrush.com/bot.html)"
209.182.200.39 - - [22/Nov/2024:10:25:36 -0800] "POST /wp-cron.php?doing_wp_cron=1732299936.3115599155426025390625 HTTP/1.0" 200 - "https://figplantsparadise.com/wp-cron.php?doing_wp_cron=1732299936.3115599155426025390625" "WordPress/6.1.7; https://figplantsparadise.com"
185.191.171.14 - - [22/Nov/2024:10:25:34 -0800] "GET /103305028.phtml HTTP/1.0" 404 57326 "-" "Mozilla/5.0 (compatible; SemrushBot/7~bl; +http://www.semrush.com/bot.html)"
85.208.96.198 - - [22/Nov/2024:10:25:47 -0800] "GET /product/black-manzanita/ HTTP/1.0" 200 110631 "-" "Mozilla/5.0 (compatible; SemrushBot/7~bl; +http://www.semrush.com/bot.html)"
85.208.96.209 - - [22/Nov/2024:10:25:58 -0800] "GET /50653120.phtml HTTP/1.0" 404 57326 "-" "Mozilla/5.0 (compatible; SemrushBot/7~bl; +http://www.semrush.com/bot.html)"
209.182.200.39 - - [22/Nov/2024:10:26:18 -0800] "POST /wp-cron.php?doing_wp_cron=1732299978.3168330192565917968750 HTTP/1.0" 200 - "https://figplantsparadise.com/wp-cron.php?doing_wp_cron=1732299978.3168330192565917968750" "WordPress/6.1.7; https://figplantsparadise.com"
185.191.171.13 - - [22/Nov/2024:10:26:18 -0800] "GET /75608932.phtml HTTP/1.0" 404 57326 "-" "Mozilla/5.0 (compatible; SemrushBot/7~bl; +http://www.semrush.com/bot.html)"
209.182.200.39 - - [22/Nov/2024:10:26:48 -0800] "POST /wp-cron.php?doing_wp_cron=1732300007.2981719970703125000000 HTTP/1.0" 200 - "https://figplantsparadise.com/wp-cron.php?doing_wp_cron=1732300007.2981719970703125000000" "WordPress/6.1.7; https://figplantsparadise.com"
85.208.96.198 - - [22/Nov/2024:10:26:46 -0800] "GET /92671708.phtml HTTP/1.0" 404 57326 "-" "Mozilla/5.0 (compatible; SemrushBot/7~bl; +http://www.semrush.com/bot.html)"
66.249.68.65 - - [22/Nov/2024:10:26:49 -0800] "GET /68515168.phtml HTTP/1.0" 200 461280 "-" "Mozilla/5.0 (Linux; Android 6.0.1; Nexus 5X Build/MMB29P) AppleWebKit/537.36 (KHTML, like Gecko) Chrome/131.0.6778.69 Mobile Safari/537.36 (compatible; GoogleOther)"
185.191.171.13 - - [22/Nov/2024:10:27:00 -0800] "GET /product/sigar-2/ HTTP/1.0" 200 109059 "-" "Mozilla/5.0 (compatible; SemrushBot/7~bl; +http://www.semrush.com/bot.html)"
85.208.96.193 - - [22/Nov/2024:10:27:11 -0800] "GET /38761528.phtml HTTP/1.0" 404 57326 "-" "Mozilla/5.0 (compatible; SemrushBot/7~bl; +http://www.semrush.com/bot.html)"
185.191.171.2 - - [22/Nov/2024:10:27:23 -0800] "GET /12282232.phtml HTTP/1.0" 404 57326 "-" "Mozilla/5.0 (compatible; SemrushBot/7~bl; +http://www.semrush.com/bot.html)"
209.182.200.39 - - [22/Nov/2024:10:27:34 -0800] "POST /wp-cron.php?doing_wp_cron=1732300054.5832519531250000000000 HTTP/1.0" 200 - "https://figplantsparadise.com/wp-cron.php?doing_wp_cron=1732300054.5832519531250000000000" "WordPress/6.1.7; https://figplantsparadise.com"
185.191.171.9 - - [22/Nov/2024:10:27:34 -0800] "GET /40251316.phtml HTTP/1.0" 404 57326 "-" "Mozilla/5.0 (compatible; SemrushBot/7~bl; +http://www.semrush.com/bot.html)"
85.208.96.208 - - [22/Nov/2024:10:27:45 -0800] "GET /56648956.phtml HTTP/1.0" 404 57326 "-" "Mozilla/5.0 (compatible; SemrushBot/7~bl; +http://www.semrush.com/bot.html)"
185.191.171.14 - - [22/Nov/2024:10:27:56 -0800] "GET /88391488.phtml HTTP/1.0" 404 57326 "-" "Mozilla/5.0 (compatible; SemrushBot/7~bl; +http://www.semrush.com/bot.html)"
85.208.96.202 - - [22/Nov/2024:10:28:07 -0800] "GET /77880892.phtml HTTP/1.0" 404 57326 "-" "Mozilla/5.0 (compatible; SemrushBot/7~bl; +http://www.semrush.com/bot.html)"
85.208.96.198 - - [22/Nov/2024:10:28:18 -0800] "GET /22670752.phtml HTTP/1.0" 404 57326 "-" "Mozilla/5.0 (compatible; SemrushBot/7~bl; +http://www.semrush.com/bot.html)"
209.182.200.39 - - [22/Nov/2024:10:28:30 -0800] "POST /wp-cron.php?doing_wp_cron=1732300110.1872220039367675781250 HTTP/1.0" 200 - "https://figplantsparadise.com/wp-cron.php?doing_wp_cron=1732300110.1872220039367675781250" "WordPress/6.1.7; https://figplantsparadise.com"
185.191.171.14 - - [22/Nov/2024:10:28:29 -0800] "GET /67665748.phtml HTTP/1.0" 404 57326 "-" "Mozilla/5.0 (compatible; SemrushBot/7~bl; +http://www.semrush.com/bot.html)"
85.208.96.201 - - [22/Nov/2024:10:28:40 -0800] "GET /107051044.phtml HTTP/1.0" 404 57326 "-" "Mozilla/5.0 (compatible; SemrushBot/7~bl; +http://www.semrush.com/bot.html)"
66.249.68.66 - - [22/Nov/2024:10:28:42 -0800] "GET /52262104.phtml HTTP/1.0" 200 457549 "-" "Mozilla/5.0 (Linux; Android 6.0.1; Nexus 5X Build/MMB29P) AppleWebKit/537.36 (KHTML, like Gecko) Chrome/131.0.6778.69 Mobile Safari/537.36 (compatible; GoogleOther)"
85.208.96.198 - - [22/Nov/2024:10:28:51 -0800] "GET /13143136.phtml HTTP/1.0" 404 57326 "-" "Mozilla/5.0 (compatible; SemrushBot/7~bl; +http://www.semrush.com/bot.html)"
85.208.96.197 - - [22/Nov/2024:10:29:09 -0800] "GET /26402584.phtml HTTP/1.0" 404 57326 "-" "Mozilla/5.0 (compatible; SemrushBot/7~bl; +http://www.semrush.com/bot.html)"
209.182.200.39 - - [22/Nov/2024:10:29:37 -0800] "POST /wp-cron.php?doing_wp_cron=1732300177.7888898849487304687500 HTTP/1.0" 200 - "https://figplantsparadise.com/wp-cron.php?doing_wp_cron=1732300177.7888898849487304687500" "WordPress/6.1.7; https://figplantsparadise.com"
85.208.96.199 - - [22/Nov/2024:10:29:37 -0800] "GET /91515388.phtml HTTP/1.0" 404 57326 "-" "Mozilla/5.0 (compatible; SemrushBot/7~bl; +http://www.semrush.com/bot.html)"
85.208.96.210 - - [22/Nov/2024:10:29:50 -0800] "GET /67735660.phtml HTTP/1.0" 404 57326 "-" "Mozilla/5.0 (compatible; SemrushBot/7~bl; +http://www.semrush.com/bot.html)"
85.208.96.212 - - [22/Nov/2024:10:30:02 -0800] "GET /43857796.phtml HTTP/1.0" 404 57326 "-" "Mozilla/5.0 (compatible; SemrushBot/7~bl; +http://www.semrush.com/bot.html)"
85.208.96.208 - - [22/Nov/2024:10:30:13 -0800] "GET /home/ HTTP/1.0" 200 69637 "-" "Mozilla/5.0 (compatible; SemrushBot/7~bl; +http://www.semrush.com/bot.html)"
185.191.171.18 - - [22/Nov/2024:10:30:24 -0800] "GET /99103036.phtml HTTP/1.0" 404 57326 "-" "Mozilla/5.0 (compatible; SemrushBot/7~bl; +http://www.semrush.com/bot.html)"
209.182.200.39 - - [22/Nov/2024:10:30:49 -0800] "POST /wp-cron.php?doing_wp_cron=1732300249.1236190795898437500000 HTTP/1.0" 200 - "https://figplantsparadise.com/wp-cron.php?doing_wp_cron=1732300249.1236190795898437500000" "WordPress/6.1.7; https://figplantsparadise.com"
85.208.96.198 - - [22/Nov/2024:10:30:48 -0800] "GET /44233384.phtml HTTP/1.0" 404 57326 "-" "Mozilla/5.0 (compatible; SemrushBot/7~bl; +http://www.semrush.com/bot.html)"
209.182.200.39 - - [22/Nov/2024:10:31:17 -0800] "POST /wp-cron.php?doing_wp_cron=1732300277.2686090469360351562500 HTTP/1.0" 200 - "https://figplantsparadise.com/wp-cron.php?doing_wp_cron=1732300277.2686090469360351562500" "WordPress/6.1.7; https://figplantsparadise.com"
85.208.96.198 - - [22/Nov/2024:10:31:17 -0800] "GET /product/natalina/ HTTP/1.0" 200 110092 "-" "Mozilla/5.0 (compatible; SemrushBot/7~bl; +http://www.semrush.com/bot.html)"
209.182.200.39 - - [22/Nov/2024:10:31:28 -0800] "POST /wp-cron.php?doing_wp_cron=1732300288.4355649948120117187500 HTTP/1.0" 200 - "https://figplantsparadise.com/wp-cron.php?doing_wp_cron=1732300288.4355649948120117187500" "WordPress/6.1.7; https://figplantsparadise.com"
85.208.96.196 - - [22/Nov/2024:10:31:28 -0800] "GET /52918528.phtml HTTP/1.0" 404 57326 "-" "Mozilla/5.0 (compatible; SemrushBot/7~bl; +http://www.semrush.com/bot.html)"
209.182.200.39 - - [22/Nov/2024:10:31:39 -0800] "POST /wp-cron.php?doing_wp_cron=1732300299.3744161128997802734375 HTTP/1.0" 200 - "https://figplantsparadise.com/wp-cron.php?doing_wp_cron=1732300299.3744161128997802734375" "WordPress/6.1.7; https://figplantsparadise.com"
85.208.96.193 - - [22/Nov/2024:10:31:39 -0800] "GET /18931720.phtml HTTP/1.0" 404 57326 "-" "Mozilla/5.0 (compatible; SemrushBot/7~bl; +http://www.semrush.com/bot.html)"
66.249.68.65 - - [22/Nov/2024:10:31:46 -0800] "GET /100021936.phtml HTTP/1.0" 200 457505 "-" "Mozilla/5.0 (Linux; Android 6.0.1; Nexus 5X Build/MMB29P) AppleWebKit/537.36 (KHTML, like Gecko) Chrome/131.0.6778.69 Mobile Safari/537.36 (compatible; GoogleOther)"
185.191.171.14 - - [22/Nov/2024:10:32:15 -0800] "GET /74021260.phtml HTTP/1.0" 404 57326 "-" "Mozilla/5.0 (compatible; SemrushBot/7~bl; +http://www.semrush.com/bot.html)"
209.182.200.39 - - [22/Nov/2024:10:32:31 -0800] "POST /wp-cron.php?doing_wp_cron=1732300351.3887519836425781250000 HTTP/1.0" 200 - "https://figplantsparadise.com/wp-cron.php?doing_wp_cron=1732300351.3887519836425781250000" "WordPress/6.1.7; https://figplantsparadise.com"
185.191.171.18 - - [22/Nov/2024:10:32:30 -0800] "GET /74801668.phtml HTTP/1.0" 404 57326 "-" "Mozilla/5.0 (compatible; SemrushBot/7~bl; +http://www.semrush.com/bot.html)"
185.191.171.16 - - [22/Nov/2024:10:32:42 -0800] "GET /41396836.phtml HTTP/1.0" 404 57326 "-" "Mozilla/5.0 (compatible; SemrushBot/7~bl; +http://www.semrush.com/bot.html)"
85.208.96.193 - - [22/Nov/2024:10:32:53 -0800] "GET /106062160.phtml HTTP/1.0" 404 57326 "-" "Mozilla/5.0 (compatible; SemrushBot/7~bl; +http://www.semrush.com/bot.html)"
185.191.171.14 - - [22/Nov/2024:10:33:05 -0800] "GET /36663736.phtml HTTP/1.0" 404 57326 "-" "Mozilla/5.0 (compatible; SemrushBot/7~bl; +http://www.semrush.com/bot.html)"
85.208.96.199 - - [22/Nov/2024:10:33:16 -0800] "GET /61729096.phtml HTTP/1.0" 404 57326 "-" "Mozilla/5.0 (compatible; SemrushBot/7~bl; +http://www.semrush.com/bot.html)"
185.191.171.1 - - [22/Nov/2024:10:33:26 -0800] "GET /86803204.phtml HTTP/1.0" 404 57326 "-" "Mozilla/5.0 (compatible; SemrushBot/7~bl; +http://www.semrush.com/bot.html)"
209.182.200.39 - - [22/Nov/2024:10:33:37 -0800] "POST /wp-cron.php?doing_wp_cron=1732300417.9190990924835205078125 HTTP/1.0" 200 - "https://figplantsparadise.com/wp-cron.php?doing_wp_cron=1732300417.9190990924835205078125" "WordPress/6.1.7; https://figplantsparadise.com"
185.191.171.8 - - [22/Nov/2024:10:33:37 -0800] "GET /product/taviol-2/ HTTP/1.0" 200 111948 "-" "Mozilla/5.0 (compatible; SemrushBot/7~bl; +http://www.semrush.com/bot.html)"
185.191.171.1 - - [22/Nov/2024:10:34:25 -0800] "GET /90956488.phtml HTTP/1.0" 404 57326 "-" "Mozilla/5.0 (compatible; SemrushBot/7~bl; +http://www.semrush.com/bot.html)"
66.249.68.65 - - [22/Nov/2024:10:34:26 -0800] "GET /28775488.phtml HTTP/1.0" 200 466155 "-" "Mozilla/5.0 (Linux; Android 6.0.1; Nexus 5X Build/MMB29P) AppleWebKit/537.36 (KHTML, like Gecko) Chrome/131.0.6778.69 Mobile Safari/537.36 (compatible; Googlebot/2.1; +http://www.google.com/bot.html)"
209.182.200.39 - - [22/Nov/2024:10:34:37 -0800] "POST /wp-cron.php?doing_wp_cron=1732300477.4963560104370117187500 HTTP/1.0" 200 - "https://figplantsparadise.com/wp-cron.php?doing_wp_cron=1732300477.4963560104370117187500" "WordPress/6.1.7; https://figplantsparadise.com"
185.191.171.14 - - [22/Nov/2024:10:34:37 -0800] "GET /23628820.phtml HTTP/1.0" 404 57326 "-" "Mozilla/5.0 (compatible; SemrushBot/7~bl; +http://www.semrush.com/bot.html)"
66.249.68.65 - - [22/Nov/2024:10:34:41 -0800] "GET /54254488.phtml HTTP/1.0" 200 469744 "-" "Mozilla/5.0 (Linux; Android 6.0.1; Nexus 5X Build/MMB29P) AppleWebKit/537.36 (KHTML, like Gecko) Chrome/131.0.6778.69 Mobile Safari/537.36 (compatible; Googlebot/2.1; +http://www.google.com/bot.html)"
85.208.96.199 - - [22/Nov/2024:10:34:48 -0800] "GET /37989616.phtml HTTP/1.0" 404 57326 "-" "Mozilla/5.0 (compatible; SemrushBot/7~bl; +http://www.semrush.com/bot.html)"
66.249.68.65 - - [22/Nov/2024:10:34:51 -0800] "GET /59312020.phtml HTTP/1.0" 200 463423 "-" "Mozilla/5.0 (Linux; Android 6.0.1; Nexus 5X Build/MMB29P) AppleWebKit/537.36 (KHTML, like Gecko) Chrome/131.0.6778.69 Mobile Safari/537.36 (compatible; GoogleOther)"
185.191.171.11 - - [22/Nov/2024:10:35:01 -0800] "GET /98461228.phtml HTTP/1.0" 404 57326 "-" "Mozilla/5.0 (compatible; SemrushBot/7~bl; +http://www.semrush.com/bot.html)"
66.249.68.66 - - [22/Nov/2024:10:35:01 -0800] "GET /78031444.phtml HTTP/1.0" 200 468256 "-" "Mozilla/5.0 (Linux; Android 6.0.1; Nexus 5X Build/MMB29P) AppleWebKit/537.36 (KHTML, like Gecko) Chrome/131.0.6778.69 Mobile Safari/537.36 (compatible; Googlebot/2.1; +http://www.google.com/bot.html)"
185.191.171.9 - - [22/Nov/2024:10:35:12 -0800] "GET /60632104.phtml HTTP/1.0" 404 57326 "-" "Mozilla/5.0 (compatible; SemrushBot/7~bl; +http://www.semrush.com/bot.html)"
57.141.0.21 - - [22/Nov/2024:10:35:15 -0800] "GET /product/sultana/ HTTP/1.0" 200 106724 "-" "meta-externalagent/1.1 (+https://developers.facebook.com/docs/sharing/webmasters/crawler)"
66.249.68.66 - - [22/Nov/2024:10:35:20 -0800] "GET /18857632.phtml HTTP/1.0" 200 461686 "-" "Mozilla/5.0 (Linux; Android 6.0.1; Nexus 5X Build/MMB29P) AppleWebKit/537.36 (KHTML, like Gecko) Chrome/131.0.6778.69 Mobile Safari/537.36 (compatible; Googlebot/2.1; +http://www.google.com/bot.html)"
185.191.171.3 - - [22/Nov/2024:10:35:23 -0800] "GET /product/f-pera-bianca/ HTTP/1.0" 200 112786 "-" "Mozilla/5.0 (compatible; SemrushBot/7~bl; +http://www.semrush.com/bot.html)"
66.249.68.65 - - [22/Nov/2024:10:35:30 -0800] "GET /110236036.phtml HTTP/1.0" 200 462467 "-" "Mozilla/5.0 (Linux; Android 6.0.1; Nexus 5X Build/MMB29P) AppleWebKit/537.36 (KHTML, like Gecko) Chrome/131.0.6778.69 Mobile Safari/537.36 (compatible; Googlebot/2.1; +http://www.google.com/bot.html)"
209.182.200.39 - - [22/Nov/2024:10:35:39 -0800] "POST /wp-cron.php?doing_wp_cron=1732300539.6274490356445312500000 HTTP/1.0" 200 - "https://figplantsparadise.com/wp-cron.php?doing_wp_cron=1732300539.6274490356445312500000" "WordPress/6.1.7; https://figplantsparadise.com"
185.191.171.11 - - [22/Nov/2024:10:35:39 -0800] "GET /32359360.phtml HTTP/1.0" 404 57326 "-" "Mozilla/5.0 (compatible; SemrushBot/7~bl; +http://www.semrush.com/bot.html)"
66.249.68.65 - - [22/Nov/2024:10:35:48 -0800] "GET /26832712.phtml HTTP/1.0" 200 463536 "-" "Mozilla/5.0 (Linux; Android 6.0.1; Nexus 5X Build/MMB29P) AppleWebKit/537.36 (KHTML, like Gecko) Chrome/131.0.6778.69 Mobile Safari/537.36 (compatible; Googlebot/2.1; +http://www.google.com/bot.html)"
185.191.171.16 - - [22/Nov/2024:10:35:52 -0800] "GET /60371968.phtml HTTP/1.0" 404 57326 "-" "Mozilla/5.0 (compatible; SemrushBot/7~bl; +http://www.semrush.com/bot.html)"
209.182.200.39 - - [22/Nov/2024:10:36:03 -0800] "POST /wp-cron.php?doing_wp_cron=1732300563.9598319530487060546875 HTTP/1.0" 200 - "https://figplantsparadise.com/wp-cron.php?doing_wp_cron=1732300563.9598319530487060546875" "WordPress/6.1.7; https://figplantsparadise.com"
85.208.96.207 - - [22/Nov/2024:10:36:03 -0800] "GET /80125060.phtml HTTP/1.0" 404 57326 "-" "Mozilla/5.0 (compatible; SemrushBot/7~bl; +http://www.semrush.com/bot.html)"
66.249.68.67 - - [22/Nov/2024:10:36:13 -0800] "GET /46348708.phtml HTTP/1.0" 200 468572 "-" "Mozilla/5.0 (Linux; Android 6.0.1; Nexus 5X Build/MMB29P) AppleWebKit/537.36 (KHTML, like Gecko) Chrome/131.0.6778.69 Mobile Safari/537.36 (compatible; Googlebot/2.1; +http://www.google.com/bot.html)"
185.191.171.14 - - [22/Nov/2024:10:36:15 -0800] "GET /85224100.phtml HTTP/1.0" 404 57326 "-" "Mozilla/5.0 (compatible; SemrushBot/7~bl; +http://www.semrush.com/bot.html)"
66.249.68.66 - - [22/Nov/2024:10:36:20 -0800] "GET /59965600.phtml HTTP/1.0" 200 482297 "-" "Mozilla/5.0 (Linux; Android 6.0.1; Nexus 5X Build/MMB29P) AppleWebKit/537.36 (KHTML, like Gecko) Chrome/131.0.6778.69 Mobile Safari/537.36 (compatible; Googlebot/2.1; +http://www.google.com/bot.html)"
185.191.171.16 - - [22/Nov/2024:10:36:27 -0800] "GET /100008256.phtml HTTP/1.0" 404 57326 "-" "Mozilla/5.0 (compatible; SemrushBot/7~bl; +http://www.semrush.com/bot.html)"
66.249.68.65 - - [22/Nov/2024:10:36:29 -0800] "GET /28107220.phtml HTTP/1.0" 200 463393 "-" "Mozilla/5.0 (Linux; Android 6.0.1; Nexus 5X Build/MMB29P) AppleWebKit/537.36 (KHTML, like Gecko) Chrome/131.0.6778.69 Mobile Safari/537.36 (compatible; Googlebot/2.1; +http://www.google.com/bot.html)"
66.249.68.65 - - [22/Nov/2024:10:36:30 -0800] "GET /87488788.phtml HTTP/1.0" 200 462337 "-" "Mozilla/5.0 (Linux; Android 6.0.1; Nexus 5X Build/MMB29P) AppleWebKit/537.36 (KHTML, like Gecko) Chrome/131.0.6778.69 Mobile Safari/537.36 (compatible; Googlebot/2.1; +http://www.google.com/bot.html)"
66.249.68.66 - - [22/Nov/2024:10:36:36 -0800] "GET /32839636.phtml HTTP/1.0" 200 468143 "-" "Mozilla/5.0 (Linux; Android 6.0.1; Nexus 5X Build/MMB29P) AppleWebKit/537.36 (KHTML, like Gecko) Chrome/131.0.6778.69 Mobile Safari/537.36 (compatible; Googlebot/2.1; +http://www.google.com/bot.html)"
209.182.200.39 - - [22/Nov/2024:10:36:39 -0800] "POST /wp-cron.php?doing_wp_cron=1732300599.5420079231262207031250 HTTP/1.0" 200 - "https://figplantsparadise.com/wp-cron.php?doing_wp_cron=1732300599.5420079231262207031250" "WordPress/6.1.7; https://figplantsparadise.com"
185.191.171.7 - - [22/Nov/2024:10:36:39 -0800] "GET /113750248.phtml HTTP/1.0" 404 57326 "-" "Mozilla/5.0 (compatible; SemrushBot/7~bl; +http://www.semrush.com/bot.html)"
66.249.68.65 - - [22/Nov/2024:10:36:41 -0800] "GET /66532648.phtml HTTP/1.0" 200 466911 "-" "Mozilla/5.0 (Linux; Android 6.0.1; Nexus 5X Build/MMB29P) AppleWebKit/537.36 (KHTML, like Gecko) Chrome/131.0.6778.69 Mobile Safari/537.36 (compatible; Googlebot/2.1; +http://www.google.com/bot.html)"
66.249.68.65 - - [22/Nov/2024:10:36:46 -0800] "GET /76521388.phtml HTTP/1.0" 200 466005 "-" "Mozilla/5.0 (Linux; Android 6.0.1; Nexus 5X Build/MMB29P) AppleWebKit/537.36 (KHTML, like Gecko) Chrome/131.0.6778.69 Mobile Safari/537.36 (compatible; Googlebot/2.1; +http://www.google.com/bot.html)"
147.185.132.28 - - [22/Nov/2024:10:36:47 -0800] "GET / HTTP/1.0" 301 - "-" "Expanse, a Palo Alto Networks company, searches across the global IPv4 space multiple times per day to identify customers' presences on the Internet. If you would like to be excluded from our scans, please send IP addresses/domains to: scaninfo@paloaltonetworks.com"
185.191.171.3 - - [22/Nov/2024:10:36:50 -0800] "GET /59956960.phtml HTTP/1.0" 404 57326 "-" "Mozilla/5.0 (compatible; SemrushBot/7~bl; +http://www.semrush.com/bot.html)"
66.249.68.65 - - [22/Nov/2024:10:36:55 -0800] "GET /88513492.phtml HTTP/1.0" 200 463986 "-" "Mozilla/5.0 (Linux; Android 6.0.1; Nexus 5X Build/MMB29P) AppleWebKit/537.36 (KHTML, like Gecko) Chrome/131.0.6778.69 Mobile Safari/537.36 (compatible; Googlebot/2.1; +http://www.google.com/bot.html)"
66.249.68.66 - - [22/Nov/2024:10:36:57 -0800] "GET /36268024.phtml HTTP/1.0" 200 458047 "-" "Mozilla/5.0 (Linux; Android 6.0.1; Nexus 5X Build/MMB29P) AppleWebKit/537.36 (KHTML, like Gecko) Chrome/131.0.6778.69 Mobile Safari/537.36 (compatible; Googlebot/2.1; +http://www.google.com/bot.html)"
185.191.171.9 - - [22/Nov/2024:10:37:01 -0800] "GET /55182352.phtml HTTP/1.0" 404 57326 "-" "Mozilla/5.0 (compatible; SemrushBot/7~bl; +http://www.semrush.com/bot.html)"
66.249.68.66 - - [22/Nov/2024:10:37:05 -0800] "GET /107813740.phtml HTTP/1.0" 200 462341 "-" "Mozilla/5.0 (Linux; Android 6.0.1; Nexus 5X Build/MMB29P) AppleWebKit/537.36 (KHTML, like Gecko) Chrome/131.0.6778.69 Mobile Safari/537.36 (compatible; Googlebot/2.1; +http://www.google.com/bot.html)"
185.191.171.11 - - [22/Nov/2024:10:37:12 -0800] "GET /product/oro-rosato-3/ HTTP/1.0" 200 110903 "-" "Mozilla/5.0 (compatible; SemrushBot/7~bl; +http://www.semrush.com/bot.html)"
66.249.68.66 - - [22/Nov/2024:10:37:13 -0800] "GET /97698100.phtml HTTP/1.0" 200 461080 "-" "Mozilla/5.0 (Linux; Android 6.0.1; Nexus 5X Build/MMB29P) AppleWebKit/537.36 (KHTML, like Gecko) Chrome/131.0.6778.69 Mobile Safari/537.36 (compatible; Googlebot/2.1; +http://www.google.com/bot.html)"
66.249.68.65 - - [22/Nov/2024:10:37:21 -0800] "GET /25203640.phtml HTTP/1.0" 200 469699 "-" "Mozilla/5.0 (Linux; Android 6.0.1; Nexus 5X Build/MMB29P) AppleWebKit/537.36 (KHTML, like Gecko) Chrome/131.0.6778.69 Mobile Safari/537.36 (compatible; Googlebot/2.1; +http://www.google.com/bot.html)"
