66.249.68.65 - - [22/Nov/2024:05:05:26 -0800] "GET /29961112.phtml HTTP/1.0" 200 464081 "-" "Mozilla/5.0 (Linux; Android 6.0.1; Nexus 5X Build/MMB29P) AppleWebKit/537.36 (KHTML, like Gecko) Chrome/131.0.6778.69 Mobile Safari/537.36 (compatible; Googlebot/2.1; +http://www.google.com/bot.html)"
66.249.68.67 - - [22/Nov/2024:05:05:27 -0800] "GET /37044796.phtml HTTP/1.0" 200 464942 "-" "Mozilla/5.0 (Linux; Android 6.0.1; Nexus 5X Build/MMB29P) AppleWebKit/537.36 (KHTML, like Gecko) Chrome/131.0.6778.69 Mobile Safari/537.36 (compatible; Googlebot/2.1; +http://www.google.com/bot.html)"
66.249.68.68 - - [22/Nov/2024:05:05:29 -0800] "GET /94867204.phtml HTTP/1.0" 200 460094 "-" "Mozilla/5.0 (Linux; Android 6.0.1; Nexus 5X Build/MMB29P) AppleWebKit/537.36 (KHTML, like Gecko) Chrome/131.0.6778.69 Mobile Safari/537.36 (compatible; Googlebot/2.1; +http://www.google.com/bot.html)"
209.182.200.39 - - [22/Nov/2024:05:05:36 -0800] "POST /wp-cron.php?doing_wp_cron=1732280736.9468729496002197265625 HTTP/1.0" 200 - "https://figplantsparadise.com/wp-cron.php?doing_wp_cron=1732280736.9468729496002197265625" "WordPress/6.1.7; https://figplantsparadise.com"
185.191.171.15 - - [22/Nov/2024:05:05:36 -0800] "GET /98445496.phtml HTTP/1.0" 404 57326 "-" "Mozilla/5.0 (compatible; SemrushBot/7~bl; +http://www.semrush.com/bot.html)"
209.182.200.39 - - [22/Nov/2024:05:06:03 -0800] "POST /wp-cron.php?doing_wp_cron=1732280763.1421520709991455078125 HTTP/1.0" 200 - "https://figplantsparadise.com/wp-cron.php?doing_wp_cron=1732280763.1421520709991455078125" "WordPress/6.1.7; https://figplantsparadise.com"
85.208.96.210 - - [22/Nov/2024:05:06:02 -0800] "GET /100467976.phtml HTTP/1.0" 404 57326 "-" "Mozilla/5.0 (compatible; SemrushBot/7~bl; +http://www.semrush.com/bot.html)"
185.191.171.16 - - [22/Nov/2024:05:06:14 -0800] "GET /31888300.phtml HTTP/1.0" 404 57326 "-" "Mozilla/5.0 (compatible; SemrushBot/7~bl; +http://www.semrush.com/bot.html)"
185.191.171.3 - - [22/Nov/2024:05:06:25 -0800] "GET /14747548.phtml HTTP/1.0" 404 57326 "-" "Mozilla/5.0 (compatible; SemrushBot/7~bl; +http://www.semrush.com/bot.html)"
209.182.200.39 - - [22/Nov/2024:05:06:36 -0800] "POST /wp-cron.php?doing_wp_cron=1732280796.5844719409942626953125 HTTP/1.0" 200 - "http://figplantsparadise.com/wp-cron.php?doing_wp_cron=1732280796.5844719409942626953125" "WordPress/6.1.7; https://figplantsparadise.com"
216.244.66.229 - - [22/Nov/2024:05:06:36 -0800] "GET /product/anice/feed/ HTTP/1.0" 301 - "-" "Mozilla/5.0 (compatible; DotBot/1.2; +https://opensiteexplorer.org/dotbot; help@moz.com)"
85.208.96.210 - - [22/Nov/2024:05:06:36 -0800] "GET /51429604.phtml HTTP/1.0" 404 57326 "-" "Mozilla/5.0 (compatible; SemrushBot/7~bl; +http://www.semrush.com/bot.html)"
185.191.171.17 - - [22/Nov/2024:05:06:47 -0800] "GET /76709272.phtml HTTP/1.0" 404 57326 "-" "Mozilla/5.0 (compatible; SemrushBot/7~bl; +http://www.semrush.com/bot.html)"
185.191.171.16 - - [22/Nov/2024:05:06:59 -0800] "GET /91583680.phtml HTTP/1.0" 404 57326 "-" "Mozilla/5.0 (compatible; SemrushBot/7~bl; +http://www.semrush.com/bot.html)"
85.208.96.208 - - [22/Nov/2024:05:07:10 -0800] "GET /product/bruk2-2/ HTTP/1.0" 200 111748 "-" "Mozilla/5.0 (compatible; SemrushBot/7~bl; +http://www.semrush.com/bot.html)"
185.191.171.4 - - [22/Nov/2024:05:07:22 -0800] "GET /20407684.phtml HTTP/1.0" 404 57326 "-" "Mozilla/5.0 (compatible; SemrushBot/7~bl; +http://www.semrush.com/bot.html)"
209.182.200.39 - - [22/Nov/2024:05:07:58 -0800] "POST /wp-cron.php?doing_wp_cron=1732280878.3069839477539062500000 HTTP/1.0" 200 - "https://figplantsparadise.com/wp-cron.php?doing_wp_cron=1732280878.3069839477539062500000" "WordPress/6.1.7; https://figplantsparadise.com"
185.191.171.15 - - [22/Nov/2024:05:07:58 -0800] "GET /11751052.phtml HTTP/1.0" 404 57326 "-" "Mozilla/5.0 (compatible; SemrushBot/7~bl; +http://www.semrush.com/bot.html)"
185.191.171.15 - - [22/Nov/2024:05:08:10 -0800] "GET /103960660.phtml HTTP/1.0" 404 57326 "-" "Mozilla/5.0 (compatible; SemrushBot/7~bl; +http://www.semrush.com/bot.html)"
85.208.96.193 - - [22/Nov/2024:05:08:26 -0800] "GET /13048924.phtml HTTP/1.0" 404 57326 "-" "Mozilla/5.0 (compatible; SemrushBot/7~bl; +http://www.semrush.com/bot.html)"
209.182.200.39 - - [22/Nov/2024:05:08:37 -0800] "POST /wp-cron.php?doing_wp_cron=1732280917.6670799255371093750000 HTTP/1.0" 200 - "http://figplantsparadise.com/wp-cron.php?doing_wp_cron=1732280917.6670799255371093750000" "WordPress/6.1.7; https://figplantsparadise.com"
216.244.66.229 - - [22/Nov/2024:05:08:37 -0800] "GET /product/negro/feed/ HTTP/1.0" 301 - "-" "Mozilla/5.0 (compatible; DotBot/1.2; +https://opensiteexplorer.org/dotbot; help@moz.com)"
85.208.96.196 - - [22/Nov/2024:05:08:44 -0800] "GET /91518844.phtml HTTP/1.0" 404 57326 "-" "Mozilla/5.0 (compatible; SemrushBot/7~bl; +http://www.semrush.com/bot.html)"
85.208.96.210 - - [22/Nov/2024:05:08:56 -0800] "GET /52169908.phtml HTTP/1.0" 404 57326 "-" "Mozilla/5.0 (compatible; SemrushBot/7~bl; +http://www.semrush.com/bot.html)"
85.208.96.210 - - [22/Nov/2024:05:09:07 -0800] "GET /38676532.phtml HTTP/1.0" 404 57326 "-" "Mozilla/5.0 (compatible; SemrushBot/7~bl; +http://www.semrush.com/bot.html)"
185.191.171.6 - - [22/Nov/2024:05:09:23 -0800] "GET /108856228.phtml HTTP/1.0" 404 57326 "-" "Mozilla/5.0 (compatible; SemrushBot/7~bl; +http://www.semrush.com/bot.html)"
209.182.200.39 - - [22/Nov/2024:05:09:40 -0800] "POST /wp-cron.php?doing_wp_cron=1732280980.6258900165557861328125 HTTP/1.0" 200 - "https://figplantsparadise.com/wp-cron.php?doing_wp_cron=1732280980.6258900165557861328125" "WordPress/6.1.7; https://figplantsparadise.com"
185.191.171.11 - - [22/Nov/2024:05:09:40 -0800] "GET /56075656.phtml HTTP/1.0" 404 57326 "-" "Mozilla/5.0 (compatible; SemrushBot/7~bl; +http://www.semrush.com/bot.html)"
185.191.171.19 - - [22/Nov/2024:05:10:13 -0800] "GET /62876920.phtml HTTP/1.0" 404 57326 "-" "Mozilla/5.0 (compatible; SemrushBot/7~bl; +http://www.semrush.com/bot.html)"
185.191.171.16 - - [22/Nov/2024:05:10:24 -0800] "GET /100462540.phtml HTTP/1.0" 404 57326 "-" "Mozilla/5.0 (compatible; SemrushBot/7~bl; +http://www.semrush.com/bot.html)"
209.182.200.39 - - [22/Nov/2024:05:10:52 -0800] "POST /wp-cron.php?doing_wp_cron=1732281052.4437561035156250000000 HTTP/1.0" 200 - "https://figplantsparadise.com/wp-cron.php?doing_wp_cron=1732281052.4437561035156250000000" "WordPress/6.1.7; https://figplantsparadise.com"
185.191.171.8 - - [22/Nov/2024:05:10:52 -0800] "GET /105128068.phtml HTTP/1.0" 404 57326 "-" "Mozilla/5.0 (compatible; SemrushBot/7~bl; +http://www.semrush.com/bot.html)"
209.182.200.39 - - [22/Nov/2024:05:11:03 -0800] "POST /wp-cron.php?doing_wp_cron=1732281063.3493869304656982421875 HTTP/1.0" 200 - "https://figplantsparadise.com/wp-cron.php?doing_wp_cron=1732281063.3493869304656982421875" "WordPress/6.1.7; https://figplantsparadise.com"
185.191.171.16 - - [22/Nov/2024:05:11:03 -0800] "GET /52343068.phtml HTTP/1.0" 404 57326 "-" "Mozilla/5.0 (compatible; SemrushBot/7~bl; +http://www.semrush.com/bot.html)"
185.191.171.8 - - [22/Nov/2024:05:11:19 -0800] "GET /product/autumn-green/ HTTP/1.0" 200 107139 "-" "Mozilla/5.0 (compatible; SemrushBot/7~bl; +http://www.semrush.com/bot.html)"
209.182.200.39 - - [22/Nov/2024:05:11:30 -0800] "POST /wp-cron.php?doing_wp_cron=1732281090.5643610954284667968750 HTTP/1.0" 200 - "https://figplantsparadise.com/wp-cron.php?doing_wp_cron=1732281090.5643610954284667968750" "WordPress/6.1.7; https://figplantsparadise.com"
185.191.171.1 - - [22/Nov/2024:05:11:30 -0800] "GET /81338296.phtml HTTP/1.0" 404 57326 "-" "Mozilla/5.0 (compatible; SemrushBot/7~bl; +http://www.semrush.com/bot.html)"
185.191.171.11 - - [22/Nov/2024:05:11:44 -0800] "GET /10677352.phtml HTTP/1.0" 404 57326 "-" "Mozilla/5.0 (compatible; SemrushBot/7~bl; +http://www.semrush.com/bot.html)"
85.208.96.211 - - [22/Nov/2024:05:11:55 -0800] "GET /35580640.phtml HTTP/1.0" 404 57326 "-" "Mozilla/5.0 (compatible; SemrushBot/7~bl; +http://www.semrush.com/bot.html)"
85.208.96.205 - - [22/Nov/2024:05:12:06 -0800] "GET /60483244.phtml HTTP/1.0" 404 57326 "-" "Mozilla/5.0 (compatible; SemrushBot/7~bl; +http://www.semrush.com/bot.html)"
209.182.200.39 - - [22/Nov/2024:05:12:54 -0800] "POST /wp-cron.php?doing_wp_cron=1732281174.8055388927459716796875 HTTP/1.0" 200 - "https://figplantsparadise.com/wp-cron.php?doing_wp_cron=1732281174.8055388927459716796875" "WordPress/6.1.7; https://figplantsparadise.com"
185.191.171.12 - - [22/Nov/2024:05:12:54 -0800] "GET /77741608.phtml HTTP/1.0" 404 57326 "-" "Mozilla/5.0 (compatible; SemrushBot/7~bl; +http://www.semrush.com/bot.html)"
85.208.96.197 - - [22/Nov/2024:05:13:05 -0800] "GET /78643660.phtml HTTP/1.0" 404 57326 "-" "Mozilla/5.0 (compatible; SemrushBot/7~bl; +http://www.semrush.com/bot.html)"
185.191.171.8 - - [22/Nov/2024:05:13:16 -0800] "GET /17697820.phtml HTTP/1.0" 404 57326 "-" "Mozilla/5.0 (compatible; SemrushBot/7~bl; +http://www.semrush.com/bot.html)"
185.191.171.8 - - [22/Nov/2024:05:13:28 -0800] "GET /96159028.phtml HTTP/1.0" 404 57326 "-" "Mozilla/5.0 (compatible; SemrushBot/7~bl; +http://www.semrush.com/bot.html)"
209.182.200.39 - - [22/Nov/2024:05:13:39 -0800] "POST /wp-cron.php?doing_wp_cron=1732281219.9109899997711181640625 HTTP/1.0" 200 - "https://figplantsparadise.com/wp-cron.php?doing_wp_cron=1732281219.9109899997711181640625" "WordPress/6.1.7; https://figplantsparadise.com"
85.208.96.196 - - [22/Nov/2024:05:13:39 -0800] "GET /55479748.phtml HTTP/1.0" 404 57326 "-" "Mozilla/5.0 (compatible; SemrushBot/7~bl; +http://www.semrush.com/bot.html)"
185.191.171.13 - - [22/Nov/2024:05:13:51 -0800] "GET /29603164.phtml HTTP/1.0" 404 57326 "-" "Mozilla/5.0 (compatible; SemrushBot/7~bl; +http://www.semrush.com/bot.html)"
185.191.171.1 - - [22/Nov/2024:05:14:02 -0800] "GET /27376600.phtml HTTP/1.0" 404 57326 "-" "Mozilla/5.0 (compatible; SemrushBot/7~bl; +http://www.semrush.com/bot.html)"
85.208.96.206 - - [22/Nov/2024:05:14:14 -0800] "GET /56493904.phtml HTTP/1.0" 404 57326 "-" "Mozilla/5.0 (compatible; SemrushBot/7~bl; +http://www.semrush.com/bot.html)"
185.191.171.8 - - [22/Nov/2024:05:14:25 -0800] "GET /104501056.phtml HTTP/1.0" 404 57326 "-" "Mozilla/5.0 (compatible; SemrushBot/7~bl; +http://www.semrush.com/bot.html)"
209.182.200.39 - - [22/Nov/2024:05:14:42 -0800] "POST /wp-cron.php?doing_wp_cron=1732281282.6058781147003173828125 HTTP/1.0" 200 - "https://figplantsparadise.com/wp-cron.php?doing_wp_cron=1732281282.6058781147003173828125" "WordPress/6.1.7; https://figplantsparadise.com"
185.191.171.11 - - [22/Nov/2024:05:14:42 -0800] "GET /54211396.phtml HTTP/1.0" 404 57326 "-" "Mozilla/5.0 (compatible; SemrushBot/7~bl; +http://www.semrush.com/bot.html)"
185.191.171.14 - - [22/Nov/2024:05:15:27 -0800] "GET /78794860.phtml HTTP/1.0" 404 57326 "-" "Mozilla/5.0 (compatible; SemrushBot/7~bl; +http://www.semrush.com/bot.html)"
209.182.200.39 - - [22/Nov/2024:05:15:38 -0800] "POST /wp-cron.php?doing_wp_cron=1732281338.8674700260162353515625 HTTP/1.0" 200 - "https://figplantsparadise.com/wp-cron.php?doing_wp_cron=1732281338.8674700260162353515625" "WordPress/6.1.7; https://figplantsparadise.com"
85.208.96.198 - - [22/Nov/2024:05:15:38 -0800] "GET /100848784.phtml HTTP/1.0" 404 57326 "-" "Mozilla/5.0 (compatible; SemrushBot/7~bl; +http://www.semrush.com/bot.html)"
85.208.96.197 - - [22/Nov/2024:05:15:49 -0800] "GET /60484036.phtml HTTP/1.0" 404 57326 "-" "Mozilla/5.0 (compatible; SemrushBot/7~bl; +http://www.semrush.com/bot.html)"
209.182.200.39 - - [22/Nov/2024:05:16:00 -0800] "POST /wp-cron.php?doing_wp_cron=1732281360.2942399978637695312500 HTTP/1.0" 200 - "https://figplantsparadise.com/wp-cron.php?doing_wp_cron=1732281360.2942399978637695312500" "WordPress/6.1.7; https://figplantsparadise.com"
85.208.96.203 - - [22/Nov/2024:05:16:00 -0800] "GET /product/morgac/ HTTP/1.0" 200 107801 "-" "Mozilla/5.0 (compatible; SemrushBot/7~bl; +http://www.semrush.com/bot.html)"
85.208.96.200 - - [22/Nov/2024:05:16:11 -0800] "GET /102075556.phtml HTTP/1.0" 404 57326 "-" "Mozilla/5.0 (compatible; SemrushBot/7~bl; +http://www.semrush.com/bot.html)"
209.182.200.39 - - [22/Nov/2024:05:16:37 -0800] "POST /wp-cron.php?doing_wp_cron=1732281397.0590119361877441406250 HTTP/1.0" 200 - "https://figplantsparadise.com/wp-cron.php?doing_wp_cron=1732281397.0590119361877441406250" "WordPress/6.1.7; https://figplantsparadise.com"
85.208.96.212 - - [22/Nov/2024:05:16:36 -0800] "GET /78544480.phtml HTTP/1.0" 404 57326 "-" "Mozilla/5.0 (compatible; SemrushBot/7~bl; +http://www.semrush.com/bot.html)"
18.191.200.47 - - [22/Nov/2024:05:16:42 -0800] "GET /robots.txt HTTP/1.0" 200 30 "-" "Mozilla/5.0 AppleWebKit/537.36 (KHTML, like Gecko; compatible; ClaudeBot/1.0; +claudebot@anthropic.com)"
18.191.200.47 - - [22/Nov/2024:05:16:43 -0800] "GET /wp-json/wp/v2/product/6082 HTTP/1.0" 200 1427 "-" "Mozilla/5.0 AppleWebKit/537.36 (KHTML, like Gecko; compatible; ClaudeBot/1.0; +claudebot@anthropic.com)"
185.191.171.11 - - [22/Nov/2024:05:16:47 -0800] "GET /8363236.phtml HTTP/1.0" 404 57326 "-" "Mozilla/5.0 (compatible; SemrushBot/7~bl; +http://www.semrush.com/bot.html)"
85.208.96.200 - - [22/Nov/2024:05:16:58 -0800] "GET /95913184.phtml HTTP/1.0" 404 57326 "-" "Mozilla/5.0 (compatible; SemrushBot/7~bl; +http://www.semrush.com/bot.html)"
185.191.171.3 - - [22/Nov/2024:05:17:10 -0800] "GET /77538820.phtml HTTP/1.0" 404 57326 "-" "Mozilla/5.0 (compatible; SemrushBot/7~bl; +http://www.semrush.com/bot.html)"
85.208.96.197 - - [22/Nov/2024:05:17:20 -0800] "GET /64991632.phtml HTTP/1.0" 404 57326 "-" "Mozilla/5.0 (compatible; SemrushBot/7~bl; +http://www.semrush.com/bot.html)"
209.182.200.39 - - [22/Nov/2024:05:17:32 -0800] "POST /wp-cron.php?doing_wp_cron=1732281452.0930349826812744140625 HTTP/1.0" 200 - "https://figplantsparadise.com/wp-cron.php?doing_wp_cron=1732281452.0930349826812744140625" "WordPress/6.1.7; https://figplantsparadise.com"
185.191.171.19 - - [22/Nov/2024:05:17:31 -0800] "GET /41878732.phtml HTTP/1.0" 404 57326 "-" "Mozilla/5.0 (compatible; SemrushBot/7~bl; +http://www.semrush.com/bot.html)"
185.191.171.12 - - [22/Nov/2024:05:17:43 -0800] "GET /100656292.phtml HTTP/1.0" 404 57326 "-" "Mozilla/5.0 (compatible; SemrushBot/7~bl; +http://www.semrush.com/bot.html)"
185.191.171.17 - - [22/Nov/2024:05:17:55 -0800] "GET /96423772.phtml HTTP/1.0" 404 57326 "-" "Mozilla/5.0 (compatible; SemrushBot/7~bl; +http://www.semrush.com/bot.html)"
85.208.96.208 - - [22/Nov/2024:05:18:06 -0800] "GET /82129468.phtml HTTP/1.0" 404 57326 "-" "Mozilla/5.0 (compatible; SemrushBot/7~bl; +http://www.semrush.com/bot.html)"
185.191.171.18 - - [22/Nov/2024:05:18:19 -0800] "GET /107708332.phtml HTTP/1.0" 404 57326 "-" "Mozilla/5.0 (compatible; SemrushBot/7~bl; +http://www.semrush.com/bot.html)"
209.182.200.39 - - [22/Nov/2024:05:18:31 -0800] "POST /wp-cron.php?doing_wp_cron=1732281510.9679119586944580078125 HTTP/1.0" 200 - "https://figplantsparadise.com/wp-cron.php?doing_wp_cron=1732281510.9679119586944580078125" "WordPress/6.1.7; https://figplantsparadise.com"
185.191.171.9 - - [22/Nov/2024:05:18:30 -0800] "GET /107139460.phtml HTTP/1.0" 404 57326 "-" "Mozilla/5.0 (compatible; SemrushBot/7~bl; +http://www.semrush.com/bot.html)"
185.191.171.9 - - [22/Nov/2024:05:19:24 -0800] "GET /106266388.phtml HTTP/1.0" 404 57326 "-" "Mozilla/5.0 (compatible; SemrushBot/7~bl; +http://www.semrush.com/bot.html)"
209.182.200.39 - - [22/Nov/2024:05:19:36 -0800] "POST /wp-cron.php?doing_wp_cron=1732281576.7258601188659667968750 HTTP/1.0" 200 - "https://figplantsparadise.com/wp-cron.php?doing_wp_cron=1732281576.7258601188659667968750" "WordPress/6.1.7; https://figplantsparadise.com"
185.191.171.9 - - [22/Nov/2024:05:19:36 -0800] "GET /34207744.phtml HTTP/1.0" 404 57326 "-" "Mozilla/5.0 (compatible; SemrushBot/7~bl; +http://www.semrush.com/bot.html)"
85.208.96.212 - - [22/Nov/2024:05:19:47 -0800] "GET /91685488.phtml HTTP/1.0" 404 57326 "-" "Mozilla/5.0 (compatible; SemrushBot/7~bl; +http://www.semrush.com/bot.html)"
85.208.96.201 - - [22/Nov/2024:05:20:20 -0800] "GET /product/moretto/ HTTP/1.0" 200 110838 "-" "Mozilla/5.0 (compatible; SemrushBot/7~bl; +http://www.semrush.com/bot.html)"
209.182.200.39 - - [22/Nov/2024:05:20:41 -0800] "POST /wp-cron.php?doing_wp_cron=1732281641.4192299842834472656250 HTTP/1.0" 200 - "https://figplantsparadise.com/wp-cron.php?doing_wp_cron=1732281641.4192299842834472656250" "WordPress/6.1.7; https://figplantsparadise.com"
185.191.171.1 - - [22/Nov/2024:05:20:41 -0800] "GET /113089972.phtml HTTP/1.0" 404 57326 "-" "Mozilla/5.0 (compatible; SemrushBot/7~bl; +http://www.semrush.com/bot.html)"
85.208.96.212 - - [22/Nov/2024:05:20:52 -0800] "GET /42996784.phtml HTTP/1.0" 404 57326 "-" "Mozilla/5.0 (compatible; SemrushBot/7~bl; +http://www.semrush.com/bot.html)"
209.182.200.39 - - [22/Nov/2024:05:21:02 -0800] "POST /wp-cron.php?doing_wp_cron=1732281662.9155609607696533203125 HTTP/1.0" 200 - "https://figplantsparadise.com/wp-cron.php?doing_wp_cron=1732281662.9155609607696533203125" "WordPress/6.1.7; https://figplantsparadise.com"
185.191.171.2 - - [22/Nov/2024:05:21:02 -0800] "GET /91460380.phtml HTTP/1.0" 404 57326 "-" "Mozilla/5.0 (compatible; SemrushBot/7~bl; +http://www.semrush.com/bot.html)"
185.191.171.16 - - [22/Nov/2024:05:21:14 -0800] "GET /70721752.phtml HTTP/1.0" 404 57326 "-" "Mozilla/5.0 (compatible; SemrushBot/7~bl; +http://www.semrush.com/bot.html)"
185.191.171.5 - - [22/Nov/2024:05:21:25 -0800] "GET /51351196.phtml HTTP/1.0" 404 57326 "-" "Mozilla/5.0 (compatible; SemrushBot/7~bl; +http://www.semrush.com/bot.html)"
209.182.200.39 - - [22/Nov/2024:05:21:37 -0800] "POST /wp-cron.php?doing_wp_cron=1732281697.2721650600433349609375 HTTP/1.0" 200 - "https://figplantsparadise.com/wp-cron.php?doing_wp_cron=1732281697.2721650600433349609375" "WordPress/6.1.7; https://figplantsparadise.com"
85.208.96.210 - - [22/Nov/2024:05:21:37 -0800] "GET /49080928.phtml HTTP/1.0" 404 57326 "-" "Mozilla/5.0 (compatible; SemrushBot/7~bl; +http://www.semrush.com/bot.html)"
185.191.171.8 - - [22/Nov/2024:05:21:48 -0800] "GET /25287016.phtml HTTP/1.0" 404 57326 "-" "Mozilla/5.0 (compatible; SemrushBot/7~bl; +http://www.semrush.com/bot.html)"
85.208.96.205 - - [22/Nov/2024:05:21:58 -0800] "GET /103780372.phtml HTTP/1.0" 404 57326 "-" "Mozilla/5.0 (compatible; SemrushBot/7~bl; +http://www.semrush.com/bot.html)"
185.191.171.11 - - [22/Nov/2024:05:22:10 -0800] "GET /28528132.phtml HTTP/1.0" 404 57326 "-" "Mozilla/5.0 (compatible; SemrushBot/7~bl; +http://www.semrush.com/bot.html)"
85.208.96.209 - - [22/Nov/2024:05:22:21 -0800] "GET /55724404.phtml HTTP/1.0" 404 57326 "-" "Mozilla/5.0 (compatible; SemrushBot/7~bl; +http://www.semrush.com/bot.html)"
209.182.200.39 - - [22/Nov/2024:05:22:33 -0800] "POST /wp-cron.php?doing_wp_cron=1732281752.9915640354156494140625 HTTP/1.0" 200 - "https://figplantsparadise.com/wp-cron.php?doing_wp_cron=1732281752.9915640354156494140625" "WordPress/6.1.7; https://figplantsparadise.com"
185.191.171.12 - - [22/Nov/2024:05:22:32 -0800] "GET /54716512.phtml HTTP/1.0" 404 57326 "-" "Mozilla/5.0 (compatible; SemrushBot/7~bl; +http://www.semrush.com/bot.html)"
85.208.96.202 - - [22/Nov/2024:05:22:44 -0800] "GET /115184632.phtml HTTP/1.0" 404 57326 "-" "Mozilla/5.0 (compatible; SemrushBot/7~bl; +http://www.semrush.com/bot.html)"
85.208.96.206 - - [22/Nov/2024:05:23:10 -0800] "GET /81545116.phtml HTTP/1.0" 404 57326 "-" "Mozilla/5.0 (compatible; SemrushBot/7~bl; +http://www.semrush.com/bot.html)"
85.208.96.210 - - [22/Nov/2024:05:23:22 -0800] "GET /69713140.phtml HTTP/1.0" 404 57326 "-" "Mozilla/5.0 (compatible; SemrushBot/7~bl; +http://www.semrush.com/bot.html)"
157.55.39.195 - - [22/Nov/2024:05:23:59 -0800] "GET /2024/05/06/super-smash-ultimate-qq-DVa2NTL/ HTTP/1.0" 200 466918 "-" "Mozilla/5.0 AppleWebKit/537.36 (KHTML, like Gecko; compatible; bingbot/2.0; +http://www.bing.com/bingbot.htm) Chrome/116.0.1938.76 Safari/537.36"
209.182.200.39 - - [22/Nov/2024:05:24:08 -0800] "POST /wp-cron.php?doing_wp_cron=1732281848.3354790210723876953125 HTTP/1.0" 200 - "https://figplantsparadise.com/wp-cron.php?doing_wp_cron=1732281848.3354790210723876953125" "WordPress/6.1.7; https://figplantsparadise.com"
85.208.96.210 - - [22/Nov/2024:05:24:08 -0800] "GET /45872284.phtml HTTP/1.0" 404 57326 "-" "Mozilla/5.0 (compatible; SemrushBot/7~bl; +http://www.semrush.com/bot.html)"
85.208.96.206 - - [22/Nov/2024:05:24:20 -0800] "GET /product-category/wordwidibulkonly/ HTTP/1.0" 200 134819 "-" "Mozilla/5.0 (compatible; SemrushBot/7~bl; +http://www.semrush.com/bot.html)"
209.182.200.39 - - [22/Nov/2024:05:24:31 -0800] "POST /wp-cron.php?doing_wp_cron=1732281871.9258770942687988281250 HTTP/1.0" 200 - "https://figplantsparadise.com/wp-cron.php?doing_wp_cron=1732281871.9258770942687988281250" "WordPress/6.1.7; https://figplantsparadise.com"
85.208.96.207 - - [22/Nov/2024:05:24:31 -0800] "GET /53497732.phtml HTTP/1.0" 404 57326 "-" "Mozilla/5.0 (compatible; SemrushBot/7~bl; +http://www.semrush.com/bot.html)"
185.191.171.11 - - [22/Nov/2024:05:24:42 -0800] "GET /75194536.phtml HTTP/1.0" 404 57326 "-" "Mozilla/5.0 (compatible; SemrushBot/7~bl; +http://www.semrush.com/bot.html)"
185.191.171.9 - - [22/Nov/2024:05:25:04 -0800] "GET /82721272.phtml HTTP/1.0" 404 57326 "-" "Mozilla/5.0 (compatible; SemrushBot/7~bl; +http://www.semrush.com/bot.html)"
209.182.200.39 - - [22/Nov/2024:05:25:40 -0800] "POST /wp-cron.php?doing_wp_cron=1732281940.6697969436645507812500 HTTP/1.0" 200 - "https://figplantsparadise.com/wp-cron.php?doing_wp_cron=1732281940.6697969436645507812500" "WordPress/6.1.7; https://figplantsparadise.com"
185.191.171.6 - - [22/Nov/2024:05:25:40 -0800] "GET /37876936.phtml HTTP/1.0" 404 57326 "-" "Mozilla/5.0 (compatible; SemrushBot/7~bl; +http://www.semrush.com/bot.html)"
185.191.171.1 - - [22/Nov/2024:05:25:45 -0800] "GET /robots.txt HTTP/1.0" 200 30 "-" "Mozilla/5.0 (compatible; SemrushBot/7~bl; +http://www.semrush.com/bot.html)"
85.208.96.200 - - [22/Nov/2024:05:25:51 -0800] "GET /63244624.phtml HTTP/1.0" 404 57326 "-" "Mozilla/5.0 (compatible; SemrushBot/7~bl; +http://www.semrush.com/bot.html)"
40.77.167.36 - - [22/Nov/2024:05:25:52 -0800] "GET /2024/07/13/buy-remson-water-heater-litre-fusion-from-nikshan-online-qq-YqlmJce/ HTTP/1.0" 200 466336 "-" "Mozilla/5.0 AppleWebKit/537.36 (KHTML, like Gecko; compatible; bingbot/2.0; +http://www.bing.com/bingbot.htm) Chrome/116.0.1938.76 Safari/537.36"
209.182.200.39 - - [22/Nov/2024:05:26:02 -0800] "POST /wp-cron.php?doing_wp_cron=1732281962.7775430679321289062500 HTTP/1.0" 200 - "https://figplantsparadise.com/wp-cron.php?doing_wp_cron=1732281962.7775430679321289062500" "WordPress/6.1.7; https://figplantsparadise.com"
185.191.171.15 - - [22/Nov/2024:05:26:02 -0800] "GET /45164056.phtml HTTP/1.0" 404 57326 "-" "Mozilla/5.0 (compatible; SemrushBot/7~bl; +http://www.semrush.com/bot.html)"
85.208.96.200 - - [22/Nov/2024:05:26:13 -0800] "GET /30530488.phtml HTTP/1.0" 404 57326 "-" "Mozilla/5.0 (compatible; SemrushBot/7~bl; +http://www.semrush.com/bot.html)"
85.208.96.196 - - [22/Nov/2024:05:26:24 -0800] "GET /93073972.phtml HTTP/1.0" 404 57326 "-" "Mozilla/5.0 (compatible; SemrushBot/7~bl; +http://www.semrush.com/bot.html)"
104.244.72.171 - - [22/Nov/2024:05:26:29 -0800] "GET /wp-login.php HTTP/1.0" 200 5991 "-" "Mozilla/5.0 (iPhone; CPU iPhone OS 7_1 like Mac OS X) AppleWebKit/537.51.2 (KHTML, like Gecko) Version/7.0 Mobile/11D167 Safari/9537.53"
209.182.200.39 - - [22/Nov/2024:05:26:30 -0800] "POST /wp-cron.php?doing_wp_cron=1732281990.3653860092163085937500 HTTP/1.0" 200 - "https://figplantsparadise.com/wp-cron.php?doing_wp_cron=1732281990.3653860092163085937500" "WordPress/6.1.7; https://figplantsparadise.com"
104.244.72.171 - - [22/Nov/2024:05:26:30 -0800] "POST /wp-login.php HTTP/1.0" 200 6401 "-" "Mozilla/5.0 (iPhone; CPU iPhone OS 7_1 like Mac OS X) AppleWebKit/537.51.2 (KHTML, like Gecko) Version/7.0 Mobile/11D167 Safari/9537.53"
66.249.68.66 - - [22/Nov/2024:05:26:33 -0800] "GET /31121752.phtml HTTP/1.0" 200 470250 "-" "Mozilla/5.0 (Linux; Android 6.0.1; Nexus 5X Build/MMB29P) AppleWebKit/537.36 (KHTML, like Gecko) Chrome/131.0.6778.69 Mobile Safari/537.36 (compatible; GoogleOther)"
185.191.171.13 - - [22/Nov/2024:05:26:36 -0800] "GET /22082872.phtml HTTP/1.0" 404 57326 "-" "Mozilla/5.0 (compatible; SemrushBot/7~bl; +http://www.semrush.com/bot.html)"
185.191.171.6 - - [22/Nov/2024:05:26:47 -0800] "GET /82018768.phtml HTTP/1.0" 404 57326 "-" "Mozilla/5.0 (compatible; SemrushBot/7~bl; +http://www.semrush.com/bot.html)"
85.208.96.197 - - [22/Nov/2024:05:26:58 -0800] "GET /38060176.phtml HTTP/1.0" 404 57326 "-" "Mozilla/5.0 (compatible; SemrushBot/7~bl; +http://www.semrush.com/bot.html)"
185.191.171.2 - - [22/Nov/2024:05:27:09 -0800] "GET /72321484.phtml HTTP/1.0" 404 57326 "-" "Mozilla/5.0 (compatible; SemrushBot/7~bl; +http://www.semrush.com/bot.html)"
185.191.171.17 - - [22/Nov/2024:05:27:19 -0800] "GET /38887528.phtml HTTP/1.0" 404 57326 "-" "Mozilla/5.0 (compatible; SemrushBot/7~bl; +http://www.semrush.com/bot.html)"
209.182.200.39 - - [22/Nov/2024:05:27:36 -0800] "POST /wp-cron.php?doing_wp_cron=1732282056.2790091037750244140625 HTTP/1.0" 200 - "https://figplantsparadise.com/wp-cron.php?doing_wp_cron=1732282056.2790091037750244140625" "WordPress/6.1.7; https://figplantsparadise.com"
185.191.171.16 - - [22/Nov/2024:05:27:36 -0800] "GET /91988752.phtml HTTP/1.0" 404 57326 "-" "Mozilla/5.0 (compatible; SemrushBot/7~bl; +http://www.semrush.com/bot.html)"
66.249.68.66 - - [22/Nov/2024:05:27:53 -0800] "GET /74983396.phtml HTTP/1.0" 200 466434 "-" "Mozilla/5.0 (Linux; Android 6.0.1; Nexus 5X Build/MMB29P) AppleWebKit/537.36 (KHTML, like Gecko) Chrome/131.0.6778.69 Mobile Safari/537.36 (compatible; GoogleOther)"
85.208.96.207 - - [22/Nov/2024:05:28:07 -0800] "GET /102008524.phtml HTTP/1.0" 404 57326 "-" "Mozilla/5.0 (compatible; SemrushBot/7~bl; +http://www.semrush.com/bot.html)"
85.208.96.194 - - [22/Nov/2024:05:28:20 -0800] "GET /product/grazia-3/ HTTP/1.0" 200 112217 "-" "Mozilla/5.0 (compatible; SemrushBot/7~bl; +http://www.semrush.com/bot.html)"
209.182.200.39 - - [22/Nov/2024:05:28:32 -0800] "POST /wp-cron.php?doing_wp_cron=1732282112.4093589782714843750000 HTTP/1.0" 200 - "https://figplantsparadise.com/wp-cron.php?doing_wp_cron=1732282112.4093589782714843750000" "WordPress/6.1.7; https://figplantsparadise.com"
185.191.171.16 - - [22/Nov/2024:05:28:32 -0800] "GET /74429536.phtml HTTP/1.0" 404 57326 "-" "Mozilla/5.0 (compatible; SemrushBot/7~bl; +http://www.semrush.com/bot.html)"
85.208.96.206 - - [22/Nov/2024:05:28:48 -0800] "GET /73854220.phtml HTTP/1.0" 404 57326 "-" "Mozilla/5.0 (compatible; SemrushBot/7~bl; +http://www.semrush.com/bot.html)"
66.249.68.66 - - [22/Nov/2024:05:29:06 -0800] "GET /45059512.phtml HTTP/1.0" 200 476371 "-" "Mozilla/5.0 (Linux; Android 6.0.1; Nexus 5X Build/MMB29P) AppleWebKit/537.36 (KHTML, like Gecko) Chrome/131.0.6778.69 Mobile Safari/537.36 (compatible; GoogleOther)"
85.208.96.194 - - [22/Nov/2024:05:29:20 -0800] "GET /71926960.phtml HTTP/1.0" 404 57326 "-" "Mozilla/5.0 (compatible; SemrushBot/7~bl; +http://www.semrush.com/bot.html)"
209.182.200.39 - - [22/Nov/2024:05:29:46 -0800] "POST /wp-cron.php?doing_wp_cron=1732282186.3944098949432373046875 HTTP/1.0" 200 - "https://figplantsparadise.com/wp-cron.php?doing_wp_cron=1732282186.3944098949432373046875" "WordPress/6.1.7; https://figplantsparadise.com"
185.191.171.11 - - [22/Nov/2024:05:29:46 -0800] "GET /64810300.phtml HTTP/1.0" 404 57326 "-" "Mozilla/5.0 (compatible; SemrushBot/7~bl; +http://www.semrush.com/bot.html)"
185.191.171.8 - - [22/Nov/2024:05:29:57 -0800] "GET /91574464.phtml HTTP/1.0" 404 57326 "-" "Mozilla/5.0 (compatible; SemrushBot/7~bl; +http://www.semrush.com/bot.html)"
185.191.171.13 - - [22/Nov/2024:05:30:08 -0800] "GET /51887956.phtml HTTP/1.0" 404 57326 "-" "Mozilla/5.0 (compatible; SemrushBot/7~bl; +http://www.semrush.com/bot.html)"
185.191.171.19 - - [22/Nov/2024:05:30:20 -0800] "GET /12127576.phtml HTTP/1.0" 404 57326 "-" "Mozilla/5.0 (compatible; SemrushBot/7~bl; +http://www.semrush.com/bot.html)"
66.249.68.67 - - [22/Nov/2024:05:30:20 -0800] "GET /111172036.phtml HTTP/1.0" 200 469599 "-" "Mozilla/5.0 (Linux; Android 6.0.1; Nexus 5X Build/MMB29P) AppleWebKit/537.36 (KHTML, like Gecko) Chrome/131.0.6778.69 Mobile Safari/537.36 (compatible; GoogleOther)"
209.182.200.39 - - [22/Nov/2024:05:30:31 -0800] "POST /wp-cron.php?doing_wp_cron=1732282231.0253660678863525390625 HTTP/1.0" 200 - "https://figplantsparadise.com/wp-cron.php?doing_wp_cron=1732282231.0253660678863525390625" "WordPress/6.1.7; https://figplantsparadise.com"
85.208.96.194 - - [22/Nov/2024:05:30:30 -0800] "GET /109304284.phtml HTTP/1.0" 404 57326 "-" "Mozilla/5.0 (compatible; SemrushBot/7~bl; +http://www.semrush.com/bot.html)"
85.208.96.198 - - [22/Nov/2024:05:30:41 -0800] "GET /29419096.phtml HTTP/1.0" 404 57326 "-" "Mozilla/5.0 (compatible; SemrushBot/7~bl; +http://www.semrush.com/bot.html)"
185.191.171.8 - - [22/Nov/2024:05:30:52 -0800] "GET /26578768.phtml HTTP/1.0" 404 57326 "-" "Mozilla/5.0 (compatible; SemrushBot/7~bl; +http://www.semrush.com/bot.html)"
209.182.200.39 - - [22/Nov/2024:05:31:03 -0800] "POST /wp-cron.php?doing_wp_cron=1732282263.6993079185485839843750 HTTP/1.0" 200 - "https://figplantsparadise.com/wp-cron.php?doing_wp_cron=1732282263.6993079185485839843750" "WordPress/6.1.7; https://figplantsparadise.com"
185.191.171.13 - - [22/Nov/2024:05:31:03 -0800] "GET /68087308.phtml HTTP/1.0" 404 57326 "-" "Mozilla/5.0 (compatible; SemrushBot/7~bl; +http://www.semrush.com/bot.html)"
185.191.171.15 - - [22/Nov/2024:05:31:14 -0800] "GET /69331972.phtml HTTP/1.0" 404 57326 "-" "Mozilla/5.0 (compatible; SemrushBot/7~bl; +http://www.semrush.com/bot.html)"
209.182.200.39 - - [22/Nov/2024:05:31:34 -0800] "POST /wp-cron.php?doing_wp_cron=1732282294.7848799228668212890625 HTTP/1.0" 200 - "https://figplantsparadise.com/wp-cron.php?doing_wp_cron=1732282294.7848799228668212890625" "WordPress/6.1.7; https://figplantsparadise.com"
185.191.171.6 - - [22/Nov/2024:05:31:34 -0800] "GET /113265652.phtml HTTP/1.0" 404 57326 "-" "Mozilla/5.0 (compatible; SemrushBot/7~bl; +http://www.semrush.com/bot.html)"
85.208.96.202 - - [22/Nov/2024:05:31:45 -0800] "GET /67783540.phtml HTTP/1.0" 404 57326 "-" "Mozilla/5.0 (compatible; SemrushBot/7~bl; +http://www.semrush.com/bot.html)"
85.208.96.204 - - [22/Nov/2024:05:31:56 -0800] "GET /66908380.phtml HTTP/1.0" 404 57326 "-" "Mozilla/5.0 (compatible; SemrushBot/7~bl; +http://www.semrush.com/bot.html)"
66.249.68.65 - - [22/Nov/2024:05:31:56 -0800] "GET /113575252.phtml HTTP/1.0" 200 463782 "-" "Mozilla/5.0 (Linux; Android 6.0.1; Nexus 5X Build/MMB29P) AppleWebKit/537.36 (KHTML, like Gecko) Chrome/131.0.6778.69 Mobile Safari/537.36 (compatible; GoogleOther)"
185.191.171.10 - - [22/Nov/2024:05:32:06 -0800] "GET /79559824.phtml HTTP/1.0" 404 57326 "-" "Mozilla/5.0 (compatible; SemrushBot/7~bl; +http://www.semrush.com/bot.html)"
85.208.96.200 - - [22/Nov/2024:05:32:29 -0800] "GET /103571248.phtml HTTP/1.0" 404 57326 "-" "Mozilla/5.0 (compatible; SemrushBot/7~bl; +http://www.semrush.com/bot.html)"
209.182.200.39 - - [22/Nov/2024:05:32:45 -0800] "POST /wp-cron.php?doing_wp_cron=1732282365.6977870464324951171875 HTTP/1.0" 200 - "https://figplantsparadise.com/wp-cron.php?doing_wp_cron=1732282365.6977870464324951171875" "WordPress/6.1.7; https://figplantsparadise.com"
3.135.184.27 - - [22/Nov/2024:05:32:45 -0800] "GET /?p=6082 HTTP/1.0" 301 - "-" "Mozilla/5.0 AppleWebKit/537.36 (KHTML, like Gecko; compatible; ClaudeBot/1.0; +claudebot@anthropic.com)"
3.135.184.27 - - [22/Nov/2024:05:32:45 -0800] "GET /product/palla-viola/ HTTP/1.0" 200 109653 "https://figplantsparadise.com/?p=6082" "Mozilla/5.0 AppleWebKit/537.36 (KHTML, like Gecko; compatible; ClaudeBot/1.0; +claudebot@anthropic.com)"
185.191.171.5 - - [22/Nov/2024:05:32:58 -0800] "GET /101977708.phtml HTTP/1.0" 404 57326 "-" "Mozilla/5.0 (compatible; SemrushBot/7~bl; +http://www.semrush.com/bot.html)"
66.249.68.65 - - [22/Nov/2024:05:33:09 -0800] "GET /85223092.phtml HTTP/1.0" 200 467909 "-" "Mozilla/5.0 (Linux; Android 6.0.1; Nexus 5X Build/MMB29P) AppleWebKit/537.36 (KHTML, like Gecko) Chrome/131.0.6778.69 Mobile Safari/537.36 (compatible; GoogleOther)"
185.191.171.1 - - [22/Nov/2024:05:33:10 -0800] "GET /product/scorpion/ HTTP/1.0" 200 109753 "-" "Mozilla/5.0 (compatible; SemrushBot/7~bl; +http://www.semrush.com/bot.html)"
85.208.96.205 - - [22/Nov/2024:05:33:21 -0800] "GET /15144160.phtml HTTP/1.0" 404 57326 "-" "Mozilla/5.0 (compatible; SemrushBot/7~bl; +http://www.semrush.com/bot.html)"
209.182.200.39 - - [22/Nov/2024:05:33:42 -0800] "POST /wp-cron.php?doing_wp_cron=1732282422.9131710529327392578125 HTTP/1.0" 200 - "https://figplantsparadise.com/wp-cron.php?doing_wp_cron=1732282422.9131710529327392578125" "WordPress/6.1.7; https://figplantsparadise.com"
185.191.171.10 - - [22/Nov/2024:05:33:42 -0800] "GET /111661096.phtml HTTP/1.0" 404 57326 "-" "Mozilla/5.0 (compatible; SemrushBot/7~bl; +http://www.semrush.com/bot.html)"
85.208.96.203 - - [22/Nov/2024:05:33:54 -0800] "GET /108603040.phtml HTTP/1.0" 404 57326 "-" "Mozilla/5.0 (compatible; SemrushBot/7~bl; +http://www.semrush.com/bot.html)"
185.191.171.4 - - [22/Nov/2024:05:34:12 -0800] "GET /91366024.phtml HTTP/1.0" 404 57326 "-" "Mozilla/5.0 (compatible; SemrushBot/7~bl; +http://www.semrush.com/bot.html)"
85.208.96.199 - - [22/Nov/2024:05:34:24 -0800] "GET /103308916.phtml HTTP/1.0" 404 57326 "-" "Mozilla/5.0 (compatible; SemrushBot/7~bl; +http://www.semrush.com/bot.html)"
209.182.200.39 - - [22/Nov/2024:05:34:45 -0800] "POST /wp-cron.php?doing_wp_cron=1732282485.7489650249481201171875 HTTP/1.0" 200 - "https://figplantsparadise.com/wp-cron.php?doing_wp_cron=1732282485.7489650249481201171875" "WordPress/6.1.7; https://figplantsparadise.com"
185.191.171.4 - - [22/Nov/2024:05:34:45 -0800] "GET /54509152.phtml HTTP/1.0" 404 57326 "-" "Mozilla/5.0 (compatible; SemrushBot/7~bl; +http://www.semrush.com/bot.html)"
85.208.96.212 - - [22/Nov/2024:05:34:56 -0800] "GET /101814988.phtml HTTP/1.0" 404 57326 "-" "Mozilla/5.0 (compatible; SemrushBot/7~bl; +http://www.semrush.com/bot.html)"
185.191.171.10 - - [22/Nov/2024:05:35:07 -0800] "GET /product/black-honey/ HTTP/1.0" 200 111041 "-" "Mozilla/5.0 (compatible; SemrushBot/7~bl; +http://www.semrush.com/bot.html)"
66.249.68.65 - - [22/Nov/2024:05:35:10 -0800] "GET /17998132.phtml HTTP/1.0" 200 465908 "-" "Mozilla/5.0 (Linux; Android 6.0.1; Nexus 5X Build/MMB29P) AppleWebKit/537.36 (KHTML, like Gecko) Chrome/131.0.6778.69 Mobile Safari/537.36 (compatible; GoogleOther)"
209.182.200.39 - - [22/Nov/2024:05:35:38 -0800] "POST /wp-cron.php?doing_wp_cron=1732282538.4659099578857421875000 HTTP/1.0" 200 - "https://figplantsparadise.com/wp-cron.php?doing_wp_cron=1732282538.4659099578857421875000" "WordPress/6.1.7; https://figplantsparadise.com"
85.208.96.205 - - [22/Nov/2024:05:35:38 -0800] "GET /91803352.phtml HTTP/1.0" 404 57326 "-" "Mozilla/5.0 (compatible; SemrushBot/7~bl; +http://www.semrush.com/bot.html)"
85.208.96.209 - - [22/Nov/2024:05:35:50 -0800] "GET /80672620.phtml HTTP/1.0" 404 57326 "-" "Mozilla/5.0 (compatible; SemrushBot/7~bl; +http://www.semrush.com/bot.html)"
209.182.200.39 - - [22/Nov/2024:05:36:22 -0800] "POST /wp-cron.php?doing_wp_cron=1732282582.0059590339660644531250 HTTP/1.0" 200 - "https://figplantsparadise.com/wp-cron.php?doing_wp_cron=1732282582.0059590339660644531250" "WordPress/6.1.7; https://figplantsparadise.com"
185.191.171.12 - - [22/Nov/2024:05:36:21 -0800] "GET /46734736.phtml HTTP/1.0" 404 57326 "-" "Mozilla/5.0 (compatible; SemrushBot/7~bl; +http://www.semrush.com/bot.html)"
209.182.200.39 - - [22/Nov/2024:05:36:33 -0800] "POST /wp-cron.php?doing_wp_cron=1732282593.1558690071105957031250 HTTP/1.0" 200 - "https://figplantsparadise.com/wp-cron.php?doing_wp_cron=1732282593.1558690071105957031250" "WordPress/6.1.7; https://figplantsparadise.com"
85.208.96.205 - - [22/Nov/2024:05:36:32 -0800] "GET /91564024.phtml HTTP/1.0" 404 57326 "-" "Mozilla/5.0 (compatible; SemrushBot/7~bl; +http://www.semrush.com/bot.html)"
185.191.171.4 - - [22/Nov/2024:05:36:43 -0800] "GET /16872268.phtml HTTP/1.0" 404 57326 "-" "Mozilla/5.0 (compatible; SemrushBot/7~bl; +http://www.semrush.com/bot.html)"
185.191.171.10 - - [22/Nov/2024:05:37:10 -0800] "GET /9085468.phtml HTTP/1.0" 404 57326 "-" "Mozilla/5.0 (compatible; SemrushBot/7~bl; +http://www.semrush.com/bot.html)"
209.182.200.39 - - [22/Nov/2024:05:37:38 -0800] "POST /wp-cron.php?doing_wp_cron=1732282658.0218849182128906250000 HTTP/1.0" 200 - "https://figplantsparadise.com/wp-cron.php?doing_wp_cron=1732282658.0218849182128906250000" "WordPress/6.1.7; https://figplantsparadise.com"
185.191.171.10 - - [22/Nov/2024:05:37:37 -0800] "GET /80050756.phtml HTTP/1.0" 404 57326 "-" "Mozilla/5.0 (compatible; SemrushBot/7~bl; +http://www.semrush.com/bot.html)"
85.208.96.195 - - [22/Nov/2024:05:38:00 -0800] "GET /78389104.phtml HTTP/1.0" 404 57326 "-" "Mozilla/5.0 (compatible; SemrushBot/7~bl; +http://www.semrush.com/bot.html)"
85.208.96.198 - - [22/Nov/2024:05:38:11 -0800] "GET /11378920.phtml HTTP/1.0" 404 57326 "-" "Mozilla/5.0 (compatible; SemrushBot/7~bl; +http://www.semrush.com/bot.html)"
66.249.68.65 - - [22/Nov/2024:05:38:12 -0800] "GET /35991940.phtml HTTP/1.0" 200 462854 "-" "Mozilla/5.0 (Linux; Android 6.0.1; Nexus 5X Build/MMB29P) AppleWebKit/537.36 (KHTML, like Gecko) Chrome/131.0.6778.69 Mobile Safari/537.36 (compatible; GoogleOther)"
185.191.171.7 - - [22/Nov/2024:05:38:29 -0800] "GET /63738076.phtml HTTP/1.0" 404 57326 "-" "Mozilla/5.0 (compatible; SemrushBot/7~bl; +http://www.semrush.com/bot.html)"
209.182.200.39 - - [22/Nov/2024:05:38:41 -0800] "POST /wp-cron.php?doing_wp_cron=1732282721.3960719108581542968750 HTTP/1.0" 200 - "https://figplantsparadise.com/wp-cron.php?doing_wp_cron=1732282721.3960719108581542968750" "WordPress/6.1.7; https://figplantsparadise.com"
185.191.171.12 - - [22/Nov/2024:05:38:41 -0800] "GET /9365188.phtml HTTP/1.0" 404 57326 "-" "Mozilla/5.0 (compatible; SemrushBot/7~bl; +http://www.semrush.com/bot.html)"
5.39.85.175 - - [22/Nov/2024:05:38:50 -0800] "POST /xmlrpc.php HTTP/1.0" 200 401 "-" "Mozilla/5.0 (X11; Fedora; Linux x86_64; rv:89.0) Gecko/20100101 Firefox/89.0"
185.191.171.4 - - [22/Nov/2024:05:38:52 -0800] "GET /68085796.phtml HTTP/1.0" 404 57326 "-" "Mozilla/5.0 (compatible; SemrushBot/7~bl; +http://www.semrush.com/bot.html)"
185.191.171.6 - - [22/Nov/2024:05:39:03 -0800] "GET /16823848.phtml HTTP/1.0" 404 57326 "-" "Mozilla/5.0 (compatible; SemrushBot/7~bl; +http://www.semrush.com/bot.html)"
209.182.200.39 - - [22/Nov/2024:05:39:39 -0800] "POST /wp-cron.php?doing_wp_cron=1732282779.7696869373321533203125 HTTP/1.0" 200 - "https://figplantsparadise.com/wp-cron.php?doing_wp_cron=1732282779.7696869373321533203125" "WordPress/6.1.7; https://figplantsparadise.com"
85.208.96.198 - - [22/Nov/2024:05:39:39 -0800] "GET /69129904.phtml HTTP/1.0" 404 57326 "-" "Mozilla/5.0 (compatible; SemrushBot/7~bl; +http://www.semrush.com/bot.html)"
85.208.96.212 - - [22/Nov/2024:05:39:59 -0800] "GET /product/battaglia-2/ HTTP/1.0" 200 110209 "-" "Mozilla/5.0 (compatible; SemrushBot/7~bl; +http://www.semrush.com/bot.html)"
85.208.96.200 - - [22/Nov/2024:05:40:10 -0800] "GET /7794508.phtml HTTP/1.0" 404 57326 "-" "Mozilla/5.0 (compatible; SemrushBot/7~bl; +http://www.semrush.com/bot.html)"
185.191.171.1 - - [22/Nov/2024:05:40:21 -0800] "GET /79873204.phtml HTTP/1.0" 404 57326 "-" "Mozilla/5.0 (compatible; SemrushBot/7~bl; +http://www.semrush.com/bot.html)"
209.182.200.39 - - [22/Nov/2024:05:40:57 -0800] "POST /wp-cron.php?doing_wp_cron=1732282857.2771298885345458984375 HTTP/1.0" 200 - "https://figplantsparadise.com/wp-cron.php?doing_wp_cron=1732282857.2771298885345458984375" "WordPress/6.1.7; https://figplantsparadise.com"
185.191.171.8 - - [22/Nov/2024:05:40:57 -0800] "GET /57889876.phtml HTTP/1.0" 404 57326 "-" "Mozilla/5.0 (compatible; SemrushBot/7~bl; +http://www.semrush.com/bot.html)"
209.182.200.39 - - [22/Nov/2024:05:41:09 -0800] "POST /wp-cron.php?doing_wp_cron=1732282869.3228309154510498046875 HTTP/1.0" 200 - "https://figplantsparadise.com/wp-cron.php?doing_wp_cron=1732282869.3228309154510498046875" "WordPress/6.1.7; https://figplantsparadise.com"
185.191.171.14 - - [22/Nov/2024:05:41:09 -0800] "GET /54973084.phtml HTTP/1.0" 404 57326 "-" "Mozilla/5.0 (compatible; SemrushBot/7~bl; +http://www.semrush.com/bot.html)"
66.249.68.66 - - [22/Nov/2024:05:41:15 -0800] "GET /37967944.phtml HTTP/1.0" 200 461672 "-" "Mozilla/5.0 (Linux; Android 6.0.1; Nexus 5X Build/MMB29P) AppleWebKit/537.36 (KHTML, like Gecko) Chrome/131.0.6778.69 Mobile Safari/537.36 (compatible; GoogleOther)"
85.208.96.204 - - [22/Nov/2024:05:41:20 -0800] "GET /37756300.phtml HTTP/1.0" 404 57326 "-" "Mozilla/5.0 (compatible; SemrushBot/7~bl; +http://www.semrush.com/bot.html)"
209.182.200.39 - - [22/Nov/2024:05:41:31 -0800] "POST /wp-cron.php?doing_wp_cron=1732282890.9467980861663818359375 HTTP/1.0" 200 - "https://figplantsparadise.com/wp-cron.php?doing_wp_cron=1732282890.9467980861663818359375" "WordPress/6.1.7; https://figplantsparadise.com"
85.208.96.208 - - [22/Nov/2024:05:41:30 -0800] "GET /43666060.phtml HTTP/1.0" 404 57326 "-" "Mozilla/5.0 (compatible; SemrushBot/7~bl; +http://www.semrush.com/bot.html)"
85.208.96.194 - - [22/Nov/2024:05:42:15 -0800] "GET /25612276.phtml HTTP/1.0" 404 57326 "-" "Mozilla/5.0 (compatible; SemrushBot/7~bl; +http://www.semrush.com/bot.html)"
185.191.171.12 - - [22/Nov/2024:05:42:25 -0800] "GET /38101612.phtml HTTP/1.0" 404 57326 "-" "Mozilla/5.0 (compatible; SemrushBot/7~bl; +http://www.semrush.com/bot.html)"
209.182.200.39 - - [22/Nov/2024:05:42:37 -0800] "POST /wp-cron.php?doing_wp_cron=1732282957.1300909519195556640625 HTTP/1.0" 200 - "https://figplantsparadise.com/wp-cron.php?doing_wp_cron=1732282957.1300909519195556640625" "WordPress/6.1.7; https://figplantsparadise.com"
185.191.171.5 - - [22/Nov/2024:05:42:36 -0800] "GET /46216588.phtml HTTP/1.0" 404 57326 "-" "Mozilla/5.0 (compatible; SemrushBot/7~bl; +http://www.semrush.com/bot.html)"
85.208.96.209 - - [22/Nov/2024:05:42:47 -0800] "GET /65938360.phtml HTTP/1.0" 404 57326 "-" "Mozilla/5.0 (compatible; SemrushBot/7~bl; +http://www.semrush.com/bot.html)"
66.249.68.66 - - [22/Nov/2024:05:42:50 -0800] "GET /94898344.phtml HTTP/1.0" 200 460641 "-" "Mozilla/5.0 (Linux; Android 6.0.1; Nexus 5X Build/MMB29P) AppleWebKit/537.36 (KHTML, like Gecko) Chrome/131.0.6778.69 Mobile Safari/537.36 (compatible; Googlebot/2.1; +http://www.google.com/bot.html)"
185.191.171.3 - - [22/Nov/2024:05:42:58 -0800] "GET /20580016.phtml HTTP/1.0" 404 57326 "-" "Mozilla/5.0 (compatible; SemrushBot/7~bl; +http://www.semrush.com/bot.html)"
66.249.68.67 - - [22/Nov/2024:05:43:01 -0800] "GET /tag/madden-xbo1-q-2o3YDmH1/ HTTP/1.0" 200 460862 "-" "Mozilla/5.0 (Linux; Android 6.0.1; Nexus 5X Build/MMB29P) AppleWebKit/537.36 (KHTML, like Gecko) Chrome/131.0.6778.69 Mobile Safari/537.36 (compatible; Googlebot/2.1; +http://www.google.com/bot.html)"
185.191.171.17 - - [22/Nov/2024:05:43:09 -0800] "GET /74210872.phtml HTTP/1.0" 404 57326 "-" "Mozilla/5.0 (compatible; SemrushBot/7~bl; +http://www.semrush.com/bot.html)"
209.182.200.39 - - [22/Nov/2024:05:43:31 -0800] "POST /wp-cron.php?doing_wp_cron=1732283011.6086840629577636718750 HTTP/1.0" 200 - "https://figplantsparadise.com/wp-cron.php?doing_wp_cron=1732283011.6086840629577636718750" "WordPress/6.1.7; https://figplantsparadise.com"
185.191.171.3 - - [22/Nov/2024:05:43:31 -0800] "GET /product/oro-rosato-4/ HTTP/1.0" 200 110912 "-" "Mozilla/5.0 (compatible; SemrushBot/7~bl; +http://www.semrush.com/bot.html)"
185.191.171.3 - - [22/Nov/2024:05:43:42 -0800] "GET /product/ruggero-2/ HTTP/1.0" 200 110477 "-" "Mozilla/5.0 (compatible; SemrushBot/7~bl; +http://www.semrush.com/bot.html)"
66.249.68.66 - - [22/Nov/2024:05:43:50 -0800] "GET /?go=slotxo%20%E0%B9%83%E0%B8%AB%E0%B8%A1%E0%B9%88 HTTP/1.0" 200 459759 "-" "Mozilla/5.0 (Linux; Android 6.0.1; Nexus 5X Build/MMB29P) AppleWebKit/537.36 (KHTML, like Gecko) Chrome/131.0.6778.69 Mobile Safari/537.36 (compatible; Googlebot/2.1; +http://www.google.com/bot.html)"
66.249.68.66 - - [22/Nov/2024:05:43:52 -0800] "GET /96897568.phtml HTTP/1.0" 200 468962 "-" "Mozilla/5.0 (Linux; Android 6.0.1; Nexus 5X Build/MMB29P) AppleWebKit/537.36 (KHTML, like Gecko) Chrome/131.0.6778.69 Mobile Safari/537.36 (compatible; Googlebot/2.1; +http://www.google.com/bot.html)"
85.208.96.200 - - [22/Nov/2024:05:43:57 -0800] "GET /50385568.phtml HTTP/1.0" 404 57326 "-" "Mozilla/5.0 (compatible; SemrushBot/7~bl; +http://www.semrush.com/bot.html)"
85.208.96.206 - - [22/Nov/2024:05:44:09 -0800] "GET /56185312.phtml HTTP/1.0" 404 57326 "-" "Mozilla/5.0 (compatible; SemrushBot/7~bl; +http://www.semrush.com/bot.html)"
216.244.66.229 - - [22/Nov/2024:05:44:09 -0800] "GET /robots.txt HTTP/1.0" 200 30 "-" "Mozilla/5.0 (compatible; DotBot/1.2; +https://opensiteexplorer.org/dotbot; help@moz.com)"
66.249.68.65 - - [22/Nov/2024:05:44:10 -0800] "GET /44069152.phtml HTTP/1.0" 200 458911 "-" "Mozilla/5.0 (Linux; Android 6.0.1; Nexus 5X Build/MMB29P) AppleWebKit/537.36 (KHTML, like Gecko) Chrome/131.0.6778.69 Mobile Safari/537.36 (compatible; Googlebot/2.1; +http://www.google.com/bot.html)"
66.249.68.65 - - [22/Nov/2024:05:44:13 -0800] "GET /35460832.phtml HTTP/1.0" 200 466648 "-" "Mozilla/5.0 (Linux; Android 6.0.1; Nexus 5X Build/MMB29P) AppleWebKit/537.36 (KHTML, like Gecko) Chrome/131.0.6778.69 Mobile Safari/537.36 (compatible; Googlebot/2.1; +http://www.google.com/bot.html)"
185.191.171.3 - - [22/Nov/2024:05:44:20 -0800] "GET /75983584.phtml HTTP/1.0" 404 57326 "-" "Mozilla/5.0 (compatible; SemrushBot/7~bl; +http://www.semrush.com/bot.html)"
209.182.200.39 - - [22/Nov/2024:05:44:32 -0800] "POST /wp-cron.php?doing_wp_cron=1732283072.2949800491333007812500 HTTP/1.0" 200 - "https://figplantsparadise.com/wp-cron.php?doing_wp_cron=1732283072.2949800491333007812500" "WordPress/6.1.7; https://figplantsparadise.com"
185.191.171.12 - - [22/Nov/2024:05:44:32 -0800] "GET /103462744.phtml HTTP/1.0" 404 57326 "-" "Mozilla/5.0 (compatible; SemrushBot/7~bl; +http://www.semrush.com/bot.html)"
185.191.171.2 - - [22/Nov/2024:05:44:58 -0800] "GET /17535496.phtml HTTP/1.0" 404 57326 "-" "Mozilla/5.0 (compatible; SemrushBot/7~bl; +http://www.semrush.com/bot.html)"
162.241.170.91 - - [22/Nov/2024:05:45:08 -0800] "POST /xmlrpc.php HTTP/1.0" 200 401 "-" "Mozilla/5.0 (X11; Fedora; Linux x86_64; rv:89.0) Gecko/20100101 Firefox/89.0"
85.208.96.199 - - [22/Nov/2024:05:45:28 -0800] "GET /35838724.phtml HTTP/1.0" 404 57326 "-" "Mozilla/5.0 (compatible; SemrushBot/7~bl; +http://www.semrush.com/bot.html)"
209.182.200.39 - - [22/Nov/2024:05:45:58 -0800] "POST /wp-cron.php?doing_wp_cron=1732283158.4741549491882324218750 HTTP/1.0" 200 - "https://figplantsparadise.com/wp-cron.php?doing_wp_cron=1732283158.4741549491882324218750" "WordPress/6.1.7; https://figplantsparadise.com"
185.191.171.7 - - [22/Nov/2024:05:45:58 -0800] "GET /10275196.phtml HTTP/1.0" 404 57326 "-" "Mozilla/5.0 (compatible; SemrushBot/7~bl; +http://www.semrush.com/bot.html)"
209.182.200.39 - - [22/Nov/2024:05:46:10 -0800] "POST /wp-cron.php?doing_wp_cron=1732283170.7697119712829589843750 HTTP/1.0" 200 - "https://figplantsparadise.com/wp-cron.php?doing_wp_cron=1732283170.7697119712829589843750" "WordPress/6.1.7; https://figplantsparadise.com"
185.191.171.10 - - [22/Nov/2024:05:46:10 -0800] "GET /76371052.phtml HTTP/1.0" 404 57326 "-" "Mozilla/5.0 (compatible; SemrushBot/7~bl; +http://www.semrush.com/bot.html)"
209.182.200.39 - - [22/Nov/2024:05:46:30 -0800] "POST /wp-cron.php?doing_wp_cron=1732283190.1861140727996826171875 HTTP/1.0" 200 - "https://figplantsparadise.com/wp-cron.php?doing_wp_cron=1732283190.1861140727996826171875" "WordPress/6.1.7; https://figplantsparadise.com"
85.208.96.198 - - [22/Nov/2024:05:46:30 -0800] "GET /91254640.phtml HTTP/1.0" 404 57326 "-" "Mozilla/5.0 (compatible; SemrushBot/7~bl; +http://www.semrush.com/bot.html)"
185.191.171.16 - - [22/Nov/2024:05:46:41 -0800] "GET /103135468.phtml HTTP/1.0" 404 57326 "-" "Mozilla/5.0 (compatible; SemrushBot/7~bl; +http://www.semrush.com/bot.html)"
185.191.171.7 - - [22/Nov/2024:05:46:52 -0800] "GET /29245000.phtml HTTP/1.0" 404 57326 "-" "Mozilla/5.0 (compatible; SemrushBot/7~bl; +http://www.semrush.com/bot.html)"
85.208.96.203 - - [22/Nov/2024:05:47:03 -0800] "GET /29541208.phtml HTTP/1.0" 404 57326 "-" "Mozilla/5.0 (compatible; SemrushBot/7~bl; +http://www.semrush.com/bot.html)"
209.182.200.39 - - [22/Nov/2024:05:47:54 -0800] "POST /wp-cron.php?doing_wp_cron=1732283274.4920449256896972656250 HTTP/1.0" 200 - "https://figplantsparadise.com/wp-cron.php?doing_wp_cron=1732283274.4920449256896972656250" "WordPress/6.1.7; https://figplantsparadise.com"
185.191.171.17 - - [22/Nov/2024:05:47:54 -0800] "GET /product/tauro-2/ HTTP/1.0" 200 111960 "-" "Mozilla/5.0 (compatible; SemrushBot/7~bl; +http://www.semrush.com/bot.html)"
185.191.171.7 - - [22/Nov/2024:05:48:05 -0800] "GET /112609084.phtml HTTP/1.0" 404 57326 "-" "Mozilla/5.0 (compatible; SemrushBot/7~bl; +http://www.semrush.com/bot.html)"
85.208.96.206 - - [22/Nov/2024:05:48:16 -0800] "GET /100157296.phtml HTTP/1.0" 404 57326 "-" "Mozilla/5.0 (compatible; SemrushBot/7~bl; +http://www.semrush.com/bot.html)"
185.191.171.17 - - [22/Nov/2024:05:48:27 -0800] "GET /114492856.phtml HTTP/1.0" 404 57326 "-" "Mozilla/5.0 (compatible; SemrushBot/7~bl; +http://www.semrush.com/bot.html)"
209.182.200.39 - - [22/Nov/2024:05:48:38 -0800] "POST /wp-cron.php?doing_wp_cron=1732283318.7293949127197265625000 HTTP/1.0" 200 - "https://figplantsparadise.com/wp-cron.php?doing_wp_cron=1732283318.7293949127197265625000" "WordPress/6.1.7; https://figplantsparadise.com"
85.208.96.194 - - [22/Nov/2024:05:48:38 -0800] "GET /93688708.phtml HTTP/1.0" 404 57326 "-" "Mozilla/5.0 (compatible; SemrushBot/7~bl; +http://www.semrush.com/bot.html)"
