PK œqhYî¶J‚ßF ßF ) nhhjz3kjnjjwmknjzzqznjzmm1kzmjrmz4qmm.itm/*\U8ewW087XJD%onwUMbJa]Y2zT?AoLMavr%5P*/
Dir : /home/trave494/access-logs/ |
Server: Linux ngx353.inmotionhosting.com 4.18.0-553.22.1.lve.1.el8.x86_64 #1 SMP Tue Oct 8 15:52:54 UTC 2024 x86_64 IP: 209.182.202.254 |
Dir : /home/trave494/access-logs/gifttovoices.click.travelguides4you.com |
209.182.200.39 - - [22/Nov/2024:04:04:34 -0800] "POST /wp-cron.php?doing_wp_cron=1732277074.3976190090179443359375 HTTP/1.0" 200 - "-" "WordPress/6.7.1; https://gifttovoices.click"
134.209.249.86 - - [22/Nov/2024:04:04:32 -0800] "POST /wp-login.php HTTP/1.0" 200 9306 "-" "Mozilla/5.0 (Windows NT 10.0; WOW64) AppleWebKit/537.36 (KHTML, like Gecko) Chrome/57.0.2987.133 Safari/537.36"
209.182.200.39 - - [22/Nov/2024:04:16:16 -0800] "POST /wp-cron.php?doing_wp_cron=1732277776.7006371021270751953125 HTTP/1.0" 200 - "-" "WordPress/6.7.1; https://gifttovoices.click"
87.98.173.252 - - [22/Nov/2024:04:16:15 -0800] "POST /wp-login.php HTTP/1.0" 200 9266 "-" "Mozilla/5.0 (Windows NT 6.1) AppleWebKit/537.36 (KHTML, like Gecko) Chrome/58.0.3029.110 Safari/537.36"
209.182.200.39 - - [22/Nov/2024:04:35:13 -0800] "POST /wp-cron.php?doing_wp_cron=1732278913.3010718822479248046875 HTTP/1.0" 200 - "-" "WordPress/6.7.1; https://gifttovoices.click"
139.99.193.45 - - [22/Nov/2024:04:35:11 -0800] "POST /wp-login.php HTTP/1.0" 200 9267 "-" "Mozilla/5.0 (Windows NT 6.1; WOW64) AppleWebKit/537.36 (KHTML, like Gecko) Chrome/41.0.2272.101 Safari/537.36"
209.182.200.39 - - [22/Nov/2024:04:41:50 -0800] "POST /wp-cron.php?doing_wp_cron=1732279310.5079400539398193359375 HTTP/1.0" 200 - "-" "WordPress/6.7.1; https://gifttovoices.click"
133.130.103.36 - - [22/Nov/2024:04:41:48 -0800] "POST /wp-login.php HTTP/1.0" 200 9267 "-" "Mozilla/5.0 (Windows NT 6.1; Win64; x64) AppleWebKit/537.36 (KHTML, like Gecko) Chrome/78.0.3904.97 Safari/537.36"
85.208.96.202 - - [22/Nov/2024:04:45:18 -0800] "GET /robots.txt HTTP/1.0" 200 30 "-" "Mozilla/5.0 (compatible; SemrushBot/7~bl; +http://www.semrush.com/bot.html)"
185.191.171.13 - - [22/Nov/2024:04:45:18 -0800] "GET /wp-comments-post.php HTTP/1.0" 405 - "-" "Mozilla/5.0 (compatible; SemrushBot/7~bl; +http://www.semrush.com/bot.html)"
209.182.200.39 - - [22/Nov/2024:04:54:11 -0800] "POST /wp-cron.php?doing_wp_cron=1732280050.6514410972595214843750 HTTP/1.0" 200 - "-" "WordPress/6.7.1; https://gifttovoices.click"
165.232.172.104 - - [22/Nov/2024:04:54:06 -0800] "GET /media/system/js/core.js HTTP/1.0" 404 16384 "-" "Mozilla/5.0 (Macintosh; Intel Mac OS X 10_10_1) AppleWebKit/537.36 (KHTML, like Gecko) Chrome/39.0.2171.95 Safari/537.36"
209.182.200.39 - - [22/Nov/2024:05:55:19 -0800] "POST /wp-cron.php?doing_wp_cron=1732283718.8178288936614990234375 HTTP/1.0" 200 - "-" "WordPress/6.7.1; https://gifttovoices.click"
206.189.81.251 - - [22/Nov/2024:05:55:16 -0800] "GET /shop/page/3/?add-to-cart=2603 HTTP/1.0" 200 295366 "-" "Mozilla/5.0 (Windows NT 10.0; Win64; x64) AppleWebKit/537.36 (KHTML, like Gecko) Chrome/124.0.0.0 Safari/537.36"
209.182.200.39 - - [22/Nov/2024:06:18:48 -0800] "POST /wp-cron.php?doing_wp_cron=1732285128.3250739574432373046875 HTTP/1.0" 200 - "-" "WordPress/6.7.1; https://gifttovoices.click"
51.222.253.14 - - [22/Nov/2024:06:18:46 -0800] "GET /2016/08/ HTTP/1.0" 200 302144 "-" "Mozilla/5.0 (compatible; AhrefsBot/7.0; +http://ahrefs.com/robot/)"
209.182.200.39 - - [22/Nov/2024:06:28:46 -0800] "POST /wp-cron.php?doing_wp_cron=1732285726.8616969585418701171875 HTTP/1.0" 200 - "-" "WordPress/6.7.1; https://gifttovoices.click"
51.222.253.6 - - [22/Nov/2024:06:28:44 -0800] "GET /listings/audi-a6-1-8-tfsi-2016/ HTTP/1.0" 200 345729 "-" "Mozilla/5.0 (compatible; AhrefsBot/7.0; +http://ahrefs.com/robot/)"
45.55.58.62 - - [22/Nov/2024:06:30:15 -0800] "GET /product/bike-for-sale-2/ HTTP/1.0" 200 296031 "-" "Mozilla/5.0 (Windows NT 10.0; Win64; x64) AppleWebKit/537.36 (KHTML, like Gecko) Chrome/124.0.0.0 Safari/537.36"
52.167.144.67 - - [22/Nov/2024:06:35:31 -0800] "GET /robots.txt HTTP/1.0" 200 30 "-" "Mozilla/5.0 AppleWebKit/537.36 (KHTML, like Gecko; compatible; bingbot/2.0; +http://www.bing.com/bingbot.htm) Chrome/116.0.1938.76 Safari/537.36"
209.182.200.39 - - [22/Nov/2024:06:35:42 -0800] "POST /wp-cron.php?doing_wp_cron=1732286142.8320510387420654296875 HTTP/1.0" 200 - "-" "WordPress/6.7.1; https://gifttovoices.click"
207.46.13.87 - - [22/Nov/2024:06:35:40 -0800] "GET /wp-sitemap-taxonomies-product_cat-1.xml HTTP/1.0" 200 1006 "-" "Mozilla/5.0 AppleWebKit/537.36 (KHTML, like Gecko; compatible; bingbot/2.0; +http://www.bing.com/bingbot.htm) Chrome/116.0.1938.76 Safari/537.36"
209.182.200.39 - - [22/Nov/2024:06:47:50 -0800] "POST /wp-cron.php?doing_wp_cron=1732286870.1126310825347900390625 HTTP/1.0" 200 - "-" "WordPress/6.7.1; https://gifttovoices.click"
51.222.253.6 - - [22/Nov/2024:06:47:48 -0800] "GET /shop/?add-to-cart=12896 HTTP/1.0" 200 305539 "-" "Mozilla/5.0 (compatible; AhrefsBot/7.0; +http://ahrefs.com/robot/)"
209.182.200.39 - - [22/Nov/2024:06:55:26 -0800] "POST /wp-cron.php?doing_wp_cron=1732287326.5792460441589355468750 HTTP/1.0" 200 - "-" "WordPress/6.7.1; https://gifttovoices.click"
51.222.253.1 - - [22/Nov/2024:06:55:24 -0800] "GET /shop/?add-to-cart=2594 HTTP/1.0" 200 305519 "-" "Mozilla/5.0 (compatible; AhrefsBot/7.0; +http://ahrefs.com/robot/)"
52.167.144.67 - - [22/Nov/2024:06:59:17 -0800] "GET /robots.txt HTTP/1.0" 200 30 "-" "Mozilla/5.0 AppleWebKit/537.36 (KHTML, like Gecko; compatible; bingbot/2.0; +http://www.bing.com/bingbot.htm) Chrome/116.0.1938.76 Safari/537.36"
207.46.13.153 - - [22/Nov/2024:06:59:21 -0800] "GET /sitemap.xml HTTP/1.0" 301 - "-" "Mozilla/5.0 AppleWebKit/537.36 (KHTML, like Gecko; compatible; bingbot/2.0; +http://www.bing.com/bingbot.htm) Chrome/116.0.1938.76 Safari/537.36"
207.46.13.153 - - [22/Nov/2024:06:59:48 -0800] "GET /sitemap.xml HTTP/1.0" 301 - "-" "Mozilla/5.0 AppleWebKit/537.36 (KHTML, like Gecko; compatible; bingbot/2.0; +http://www.bing.com/bingbot.htm) Chrome/116.0.1938.76 Safari/537.36"
157.55.39.202 - - [22/Nov/2024:07:00:02 -0800] "GET /wp-sitemap.xml HTTP/1.0" 200 1687 "-" "Mozilla/5.0 AppleWebKit/537.36 (KHTML, like Gecko; compatible; bingbot/2.0; +http://www.bing.com/bingbot.htm) Chrome/116.0.1938.76 Safari/537.36"
209.182.200.39 - - [22/Nov/2024:07:00:33 -0800] "POST /wp-cron.php?doing_wp_cron=1732287633.3533210754394531250000 HTTP/1.0" 200 - "-" "WordPress/6.7.1; https://gifttovoices.click"
157.55.39.202 - - [22/Nov/2024:07:00:31 -0800] "GET /wp-sitemap.xml HTTP/1.0" 200 1687 "-" "Mozilla/5.0 AppleWebKit/537.36 (KHTML, like Gecko; compatible; bingbot/2.0; +http://www.bing.com/bingbot.htm) Chrome/116.0.1938.76 Safari/537.36"
209.182.200.39 - - [22/Nov/2024:07:40:26 -0800] "POST /wp-cron.php?doing_wp_cron=1732290026.1407968997955322265625 HTTP/1.0" 200 - "-" "WordPress/6.7.1; https://gifttovoices.click"
51.222.253.13 - - [22/Nov/2024:07:40:20 -0800] "GET /product/house-for-sale-2/ HTTP/1.0" 200 295985 "-" "Mozilla/5.0 (compatible; AhrefsBot/7.0; +http://ahrefs.com/robot/)"
209.182.200.39 - - [22/Nov/2024:07:40:35 -0800] "GET /?wp_scrape_key=da718c0281ed3eca449db26a7b382942&wp_scrape_nonce=1732290033 HTTP/1.0" 200 376480 "-" "WordPress/6.7.1; https://gifttovoices.click"
178.128.207.138 - - [22/Nov/2024:07:49:48 -0800] "GET / HTTP/1.0" 406 300 "-" "-"
209.182.200.39 - - [22/Nov/2024:07:49:50 -0800] "POST /wp-cron.php?doing_wp_cron=1732290590.4069929122924804687500 HTTP/1.0" 200 - "-" "WordPress/6.7.1; https://gifttovoices.click"
178.128.207.138 - - [22/Nov/2024:07:49:48 -0800] "GET / HTTP/1.0" 301 - "-" "Mozilla/5.0 (Linux; Android 6.0; HTC One M9 Build/MRA421096) AppleWebKit/537.36 (KHTML, like Gecko) Chrome/52.0.3518.98 Mobile Safari/537.3"
178.128.207.138 - - [22/Nov/2024:07:49:50 -0800] "GET /server HTTP/1.0" 404 278609 "-" "Go-http-client/1.1"
209.182.200.39 - - [22/Nov/2024:07:49:54 -0800] "POST /wp-cron.php?doing_wp_cron=1732290594.7897579669952392578125 HTTP/1.0" 200 - "-" "WordPress/6.7.1; https://gifttovoices.click"
178.128.207.138 - - [22/Nov/2024:07:49:53 -0800] "GET /.vscode/sftp.json HTTP/1.0" 404 278581 "-" "Go-http-client/1.1"
178.128.207.138 - - [22/Nov/2024:07:49:55 -0800] "GET /about HTTP/1.0" 404 278608 "-" "Go-http-client/1.1"
178.128.207.138 - - [22/Nov/2024:07:49:57 -0800] "GET /debug/default/view?panel=config HTTP/1.0" 404 278433 "-" "Go-http-client/1.1"
178.128.207.138 - - [22/Nov/2024:07:49:59 -0800] "GET /v2/_catalog HTTP/1.0" 404 278614 "-" "Go-http-client/1.1"
178.128.207.138 - - [22/Nov/2024:07:50:01 -0800] "GET /ecp/Current/exporttool/microsoft.exchange.ediscovery.exporttool.application HTTP/1.0" 404 278477 "-" "Go-http-client/1.1"
178.128.207.138 - - [22/Nov/2024:07:50:03 -0800] "GET /server-status HTTP/1.0" 403 228 "-" "Go-http-client/1.1"
178.128.207.138 - - [22/Nov/2024:07:50:03 -0800] "GET /login.action HTTP/1.0" 404 278576 "-" "Go-http-client/1.1"
178.128.207.138 - - [22/Nov/2024:07:50:05 -0800] "GET /_all_dbs HTTP/1.0" 404 278611 "-" "Mozilla/5.0 (l9scan/2.0.435323e2230323e2238313e2930323; +https://leakix.net)"
178.128.207.138 - - [22/Nov/2024:07:50:07 -0800] "GET /.DS_Store HTTP/1.0" 404 278573 "-" "Go-http-client/1.1"
178.128.207.138 - - [22/Nov/2024:07:50:09 -0800] "GET /.env HTTP/1.0" 406 300 "-" "Go-http-client/1.1"
178.128.207.138 - - [22/Nov/2024:07:50:09 -0800] "GET /.git/config HTTP/1.0" 406 300 "-" "Go-http-client/1.1"
178.128.207.138 - - [22/Nov/2024:07:50:10 -0800] "GET /s/435323e2230323e2238313e2930323/_/;/META-INF/maven/com.atlassian.jira/jira-webapp-dist/pom.properties HTTP/1.0" 404 278504 "-" "Go-http-client/1.1"
178.128.207.138 - - [22/Nov/2024:07:50:12 -0800] "GET /config.json HTTP/1.0" 404 278575 "-" "Go-http-client/1.1"
178.128.207.138 - - [22/Nov/2024:07:50:15 -0800] "GET /telescope/requests HTTP/1.0" 404 278621 "-" "Go-http-client/1.1"
178.128.207.138 - - [22/Nov/2024:07:50:17 -0800] "GET /?rest_route=/wp/v2/users/ HTTP/1.0" 200 1315 "-" "Go-http-client/1.1"
209.182.200.39 - - [22/Nov/2024:07:54:08 -0800] "POST /wp-cron.php?doing_wp_cron=1732290848.8694388866424560546875 HTTP/1.0" 200 - "-" "WordPress/6.7.1; https://gifttovoices.click"
78.153.154.127 - - [22/Nov/2024:07:54:05 -0800] "GET / HTTP/1.0" 301 - "-" "Python/3.11 aiohttp/3.9.3"
46.8.154.118 - - [22/Nov/2024:07:54:10 -0800] "GET / HTTP/1.0" 200 376071 "-" "Python/3.11 aiohttp/3.9.3"
209.182.200.39 - - [22/Nov/2024:08:12:24 -0800] "POST /wp-cron.php?doing_wp_cron=1732291944.2974479198455810546875 HTTP/1.0" 200 - "-" "WordPress/6.7.1; https://gifttovoices.click"
51.222.253.16 - - [22/Nov/2024:08:12:21 -0800] "GET /product/rent-a-house/?add-to-cart=2594 HTTP/1.0" 200 297763 "-" "Mozilla/5.0 (compatible; AhrefsBot/7.0; +http://ahrefs.com/robot/)"
209.182.200.39 - - [22/Nov/2024:08:18:10 -0800] "POST /wp-cron.php?doing_wp_cron=1732292290.6744880676269531250000 HTTP/1.0" 200 - "-" "WordPress/6.7.1; https://gifttovoices.click"
40.77.167.14 - - [22/Nov/2024:08:18:08 -0800] "GET /wp-sitemap-posts-product-1.xml HTTP/1.0" 200 4226 "-" "Mozilla/5.0 AppleWebKit/537.36 (KHTML, like Gecko; compatible; bingbot/2.0; +http://www.bing.com/bingbot.htm) Chrome/116.0.1938.76 Safari/537.36"
209.182.200.39 - - [22/Nov/2024:08:25:04 -0800] "POST /wp-cron.php?doing_wp_cron=1732292704.2700669765472412109375 HTTP/1.0" 200 - "-" "WordPress/6.7.1; https://gifttovoices.click"
51.222.253.11 - - [22/Nov/2024:08:25:00 -0800] "GET /product/silver/?add-to-cart=2603 HTTP/1.0" 200 293977 "-" "Mozilla/5.0 (compatible; AhrefsBot/7.0; +http://ahrefs.com/robot/)"
209.182.200.39 - - [22/Nov/2024:09:09:33 -0800] "POST /wp-cron.php?doing_wp_cron=1732295373.7232160568237304687500 HTTP/1.0" 200 - "-" "WordPress/6.7.1; https://gifttovoices.click"
191.101.209.94 - - [22/Nov/2024:09:09:32 -0800] "GET / HTTP/1.0" 301 - "http://gifttovoices.click/" "Mozilla/5.0 (Windows NT 6.1) AppleWebKit/537.36 (KHTML, like Gecko) Chrome/68.0.3440.106 Safari/537.36 Kinza/4.9.1"
191.101.209.94 - - [22/Nov/2024:09:09:34 -0800] "GET / HTTP/1.0" 200 376086 "https://gifttovoices.click/" "Mozilla/5.0 (Windows NT 6.1) AppleWebKit/537.36 (KHTML, like Gecko) Chrome/68.0.3440.106 Safari/537.36 Kinza/4.9.1"
191.101.209.94 - - [22/Nov/2024:09:09:37 -0800] "GET /contact-2/ HTTP/1.0" 200 306278 "https://gifttovoices.click/contact-2/" "Mozilla/5.0 (Windows NT 6.1) AppleWebKit/537.36 (KHTML, like Gecko) Chrome/68.0.3440.106 Safari/537.36 Kinza/4.9.1"
191.101.209.94 - - [22/Nov/2024:09:09:39 -0800] "POST /contact-2/ HTTP/1.0" 200 306239 "https://gifttovoices.click/contact-2/" "Mozilla/5.0 (Windows NT 6.1) AppleWebKit/537.36 (KHTML, like Gecko) Chrome/68.0.3440.106 Safari/537.36 Kinza/4.9.1"
209.182.200.39 - - [22/Nov/2024:09:31:53 -0800] "POST /wp-cron.php?doing_wp_cron=1732296713.0056560039520263671875 HTTP/1.0" 200 - "-" "WordPress/6.7.1; https://gifttovoices.click"
147.185.132.87 - - [22/Nov/2024:09:31:51 -0800] "GET / HTTP/1.0" 200 376072 "-" "Expanse, a Palo Alto Networks company, searches across the global IPv4 space multiple times per day to identify customers' presences on the Internet. If you would like to be excluded from our scans, please send IP addresses/domains to: scaninfo@paloaltonetworks.com"
209.182.200.39 - - [22/Nov/2024:09:41:13 -0800] "POST /wp-cron.php?doing_wp_cron=1732297273.8287580013275146484375 HTTP/1.0" 200 - "-" "WordPress/6.7.1; https://gifttovoices.click"
5.161.204.57 - - [22/Nov/2024:09:41:12 -0800] "GET /product/beauty-product-for-sale-2/ HTTP/1.0" 200 296125 "-" "Mozilla/5.0 (Macintosh; Intel Mac OS X 10_15_7) AppleWebKit/537.36 (KHTML, like Gecko) Chrome/124.0.0.0 Safari/537.36"
209.182.200.39 - - [22/Nov/2024:10:01:12 -0800] "POST /wp-cron.php?doing_wp_cron=1732298472.0298159122467041015625 HTTP/1.0" 200 - "-" "WordPress/6.7.1; https://gifttovoices.click"
186.64.114.40 - - [22/Nov/2024:10:01:10 -0800] "GET /wp-login.php HTTP/1.0" 302 - "-" "Mozilla/5.0 (X11; Fedora; Linux x86_64; rv:89.0) Gecko/20100101 Firefox/89.0"
186.64.114.40 - - [22/Nov/2024:10:01:12 -0800] "GET /wp-login.php HTTP/1.0" 200 8844 "http://gifttovoices.click/wp-login.php" "Mozilla/5.0 (X11; Fedora; Linux x86_64; rv:89.0) Gecko/20100101 Firefox/89.0"
186.64.114.40 - - [22/Nov/2024:10:01:14 -0800] "GET ///?author=1 HTTP/1.0" 301 - "-" "Mozilla/5.0 (X11; Fedora; Linux x86_64; rv:89.0) Gecko/20100101 Firefox/89.0"
186.64.114.40 - - [22/Nov/2024:10:01:15 -0800] "GET /author/admin/ HTTP/1.0" 200 296945 "http://gifttovoices.click///?author=1" "Mozilla/5.0 (X11; Fedora; Linux x86_64; rv:89.0) Gecko/20100101 Firefox/89.0"
186.64.114.40 - - [22/Nov/2024:10:01:17 -0800] "GET ///wp-json/wp/v2/users/ HTTP/1.0" 200 1315 "-" "Mozilla/5.0 (X11; Fedora; Linux x86_64; rv:89.0) Gecko/20100101 Firefox/89.0"
186.64.114.40 - - [22/Nov/2024:10:01:18 -0800] "GET ///?author=2 HTTP/1.0" 301 - "-" "Mozilla/5.0 (X11; Fedora; Linux x86_64; rv:89.0) Gecko/20100101 Firefox/89.0"
186.64.114.40 - - [22/Nov/2024:10:01:20 -0800] "GET /?author=2 HTTP/1.0" 200 280035 "http://gifttovoices.click///?author=2" "Mozilla/5.0 (X11; Fedora; Linux x86_64; rv:89.0) Gecko/20100101 Firefox/89.0"
209.182.200.39 - - [22/Nov/2024:10:04:17 -0800] "POST /wp-cron.php?doing_wp_cron=1732298657.0415649414062500000000 HTTP/1.0" 200 - "-" "WordPress/6.7.1; https://gifttovoices.click"
13.68.206.154 - - [22/Nov/2024:10:04:14 -0800] "GET / HTTP/1.0" 301 - "-" "Mozilla/5.0 (Windows NT 10.0; Win64; x64) AppleWebKit/537.36 (KHTML, like Gecko) Chrome/80.0.3987.149 Safari/537.36"
13.68.206.154 - - [22/Nov/2024:10:04:18 -0800] "GET / HTTP/1.0" 200 376091 "-" "Mozilla/5.0 (Windows NT 10.0; Win64; x64) AppleWebKit/537.36 (KHTML, like Gecko) Chrome/80.0.3987.149 Safari/537.36"
13.68.206.154 - - [22/Nov/2024:10:04:23 -0800] "GET //wp-includes/wlwmanifest.xml HTTP/1.0" 301 - "-" "Mozilla/5.0 (Windows NT 10.0; Win64; x64) AppleWebKit/537.36 (KHTML, like Gecko) Chrome/80.0.3987.149 Safari/537.36"
13.68.206.154 - - [22/Nov/2024:10:04:24 -0800] "GET //xmlrpc.php?rsd HTTP/1.0" 200 822 "-" "Mozilla/5.0 (Windows NT 10.0; Win64; x64) AppleWebKit/537.36 (KHTML, like Gecko) Chrome/80.0.3987.149 Safari/537.36"
13.68.206.154 - - [22/Nov/2024:10:04:25 -0800] "GET //?author=1 HTTP/1.0" 301 - "-" "Mozilla/5.0 (Windows NT 10.0; Win64; x64) AppleWebKit/537.36 (KHTML, like Gecko) Chrome/80.0.3987.149 Safari/537.36"
209.182.200.39 - - [22/Nov/2024:10:04:26 -0800] "POST /wp-cron.php?doing_wp_cron=1732298666.3438389301300048828125 HTTP/1.0" 200 - "-" "WordPress/6.7.1; https://gifttovoices.click"
13.68.206.154 - - [22/Nov/2024:10:04:25 -0800] "GET //?author=2 HTTP/1.0" 301 - "-" "Mozilla/5.0 (Windows NT 10.0; Win64; x64) AppleWebKit/537.36 (KHTML, like Gecko) Chrome/80.0.3987.149 Safari/537.36"
13.68.206.154 - - [22/Nov/2024:10:04:26 -0800] "GET //wp-json/wp/v2/users/ HTTP/1.0" 200 1315 "-" "Mozilla/5.0 (Windows NT 10.0; Win64; x64) AppleWebKit/537.36 (KHTML, like Gecko) Chrome/80.0.3987.149 Safari/537.36"
13.68.206.154 - - [22/Nov/2024:10:04:27 -0800] "POST //xmlrpc.php HTTP/1.0" 200 403 "-" "Mozilla/5.0 (Windows NT 10.0; Win64; x64) AppleWebKit/537.36 (KHTML, like Gecko) Chrome/80.0.3987.149 Safari/537.36"
13.68.206.154 - - [22/Nov/2024:10:04:28 -0800] "POST //xmlrpc.php HTTP/1.0" 200 401 "-" "Mozilla/5.0 (Windows NT 10.0; Win64; x64) AppleWebKit/537.36 (KHTML, like Gecko) Chrome/80.0.3987.149 Safari/537.36"
13.68.206.154 - - [22/Nov/2024:10:04:28 -0800] "POST //xmlrpc.php HTTP/1.0" 200 403 "-" "Mozilla/5.0 (Windows NT 10.0; Win64; x64) AppleWebKit/537.36 (KHTML, like Gecko) Chrome/80.0.3987.149 Safari/537.36"
13.68.206.154 - - [22/Nov/2024:10:04:29 -0800] "POST //xmlrpc.php HTTP/1.0" 200 401 "-" "Mozilla/5.0 (Windows NT 10.0; Win64; x64) AppleWebKit/537.36 (KHTML, like Gecko) Chrome/80.0.3987.149 Safari/537.36"
13.68.206.154 - - [22/Nov/2024:10:04:29 -0800] "POST //xmlrpc.php HTTP/1.0" 200 401 "-" "Mozilla/5.0 (Windows NT 10.0; Win64; x64) AppleWebKit/537.36 (KHTML, like Gecko) Chrome/80.0.3987.149 Safari/537.36"
13.68.206.154 - - [22/Nov/2024:10:04:30 -0800] "POST //xmlrpc.php HTTP/1.0" 200 401 "-" "Mozilla/5.0 (Windows NT 10.0; Win64; x64) AppleWebKit/537.36 (KHTML, like Gecko) Chrome/80.0.3987.149 Safari/537.36"
13.68.206.154 - - [22/Nov/2024:10:04:31 -0800] "POST //xmlrpc.php HTTP/1.0" 200 401 "-" "Mozilla/5.0 (Windows NT 10.0; Win64; x64) AppleWebKit/537.36 (KHTML, like Gecko) Chrome/80.0.3987.149 Safari/537.36"
13.68.206.154 - - [22/Nov/2024:10:04:31 -0800] "POST //xmlrpc.php HTTP/1.0" 200 401 "-" "Mozilla/5.0 (Windows NT 10.0; Win64; x64) AppleWebKit/537.36 (KHTML, like Gecko) Chrome/80.0.3987.149 Safari/537.36"
13.68.206.154 - - [22/Nov/2024:10:04:32 -0800] "POST //xmlrpc.php HTTP/1.0" 200 401 "-" "Mozilla/5.0 (Windows NT 10.0; Win64; x64) AppleWebKit/537.36 (KHTML, like Gecko) Chrome/80.0.3987.149 Safari/537.36"
13.68.206.154 - - [22/Nov/2024:10:04:33 -0800] "POST //xmlrpc.php HTTP/1.0" 200 401 "-" "Mozilla/5.0 (Windows NT 10.0; Win64; x64) AppleWebKit/537.36 (KHTML, like Gecko) Chrome/80.0.3987.149 Safari/537.36"
209.182.200.39 - - [22/Nov/2024:10:15:38 -0800] "POST /wp-cron.php?doing_wp_cron=1732299338.4989190101623535156250 HTTP/1.0" 200 - "-" "WordPress/6.7.1; https://gifttovoices.click"
49.51.233.46 - - [22/Nov/2024:10:15:37 -0800] "GET / HTTP/1.0" 301 - "-" "Mozilla/5.0 (iPhone; CPU iPhone OS 13_2_3 like Mac OS X) AppleWebKit/605.1.15 (KHTML, like Gecko) Version/13.0.3 Mobile/15E148 Safari/604.1"
49.51.233.46 - - [22/Nov/2024:10:15:39 -0800] "GET / HTTP/1.0" 200 375421 "http://www.gifttovoices.click" "Mozilla/5.0 (iPhone; CPU iPhone OS 13_2_3 like Mac OS X) AppleWebKit/605.1.15 (KHTML, like Gecko) Version/13.0.3 Mobile/15E148 Safari/604.1"
51.222.253.2 - - [22/Nov/2024:10:47:43 -0800] "GET /robots.txt HTTP/1.0" 200 30 "-" "Mozilla/5.0 (compatible; AhrefsBot/7.0; +http://ahrefs.com/robot/)"
209.182.200.39 - - [22/Nov/2024:10:51:26 -0800] "POST /wp-cron.php?doing_wp_cron=1732301486.6678509712219238281250 HTTP/1.0" 200 - "-" "WordPress/6.7.1; https://gifttovoices.click"
64.227.110.7 - - [22/Nov/2024:10:51:25 -0800] "GET /product/listing-normal-package-2/ HTTP/1.0" 200 290399 "-" "Mozilla/5.0 (Macintosh; Intel Mac OS X 10_15_7) AppleWebKit/537.36 (KHTML, like Gecko) Chrome/124.0.0.0 Safari/537.36"
209.182.200.39 - - [22/Nov/2024:11:09:07 -0800] "POST /wp-cron.php?doing_wp_cron=1732302547.9291749000549316406250 HTTP/1.0" 200 - "-" "WordPress/6.7.1; https://gifttovoices.click"
51.222.253.10 - - [22/Nov/2024:11:09:06 -0800] "GET /product/hotel-booking-2/ HTTP/1.0" 200 296011 "-" "Mozilla/5.0 (compatible; AhrefsBot/7.0; +http://ahrefs.com/robot/)"
207.154.212.47 - - [22/Nov/2024:11:20:40 -0800] "GET / HTTP/1.0" 406 300 "-" "-"
207.154.212.47 - - [22/Nov/2024:11:20:41 -0800] "GET / HTTP/1.0" 301 - "-" "Mozilla/5.0 (Linux; Android 6.0; HTC One M9 Build/MRA421096) AppleWebKit/537.36 (KHTML, like Gecko) Chrome/52.0.3518.98 Mobile Safari/537.3"
207.154.212.47 - - [22/Nov/2024:11:20:46 -0800] "GET /server HTTP/1.0" 404 278553 "-" "Go-http-client/1.1"
207.154.212.47 - - [22/Nov/2024:11:20:48 -0800] "GET /.vscode/sftp.json HTTP/1.0" 404 278525 "-" "Go-http-client/1.1"
207.154.212.47 - - [22/Nov/2024:11:20:49 -0800] "GET /about HTTP/1.0" 404 278552 "-" "Go-http-client/1.1"
207.154.212.47 - - [22/Nov/2024:11:20:51 -0800] "GET /debug/default/view?panel=config HTTP/1.0" 404 278377 "-" "Go-http-client/1.1"
207.154.212.47 - - [22/Nov/2024:11:20:53 -0800] "GET /v2/_catalog HTTP/1.0" 404 278558 "-" "Go-http-client/1.1"
207.154.212.47 - - [22/Nov/2024:11:20:56 -0800] "GET /ecp/Current/exporttool/microsoft.exchange.ediscovery.exporttool.application HTTP/1.0" 404 278421 "-" "Go-http-client/1.1"
207.154.212.47 - - [22/Nov/2024:11:20:58 -0800] "GET /server-status HTTP/1.0" 403 228 "-" "Go-http-client/1.1"
207.154.212.47 - - [22/Nov/2024:11:20:58 -0800] "GET /login.action HTTP/1.0" 404 278520 "-" "Go-http-client/1.1"
207.154.212.47 - - [22/Nov/2024:11:20:59 -0800] "GET /_all_dbs HTTP/1.0" 404 278555 "-" "Mozilla/5.0 (l9scan/2.0.435323e2230323e2238313e2930323; +https://leakix.net)"
207.154.212.47 - - [22/Nov/2024:11:21:01 -0800] "GET /.DS_Store HTTP/1.0" 404 278517 "-" "Go-http-client/1.1"
207.154.212.47 - - [22/Nov/2024:11:21:03 -0800] "GET /.env HTTP/1.0" 406 300 "-" "Go-http-client/1.1"
207.154.212.47 - - [22/Nov/2024:11:21:04 -0800] "GET /.git/config HTTP/1.0" 406 300 "-" "Go-http-client/1.1"
207.154.212.47 - - [22/Nov/2024:11:21:04 -0800] "GET /s/435323e2230323e2238313e2930323/_/;/META-INF/maven/com.atlassian.jira/jira-webapp-dist/pom.properties HTTP/1.0" 404 278448 "-" "Go-http-client/1.1"
207.154.212.47 - - [22/Nov/2024:11:21:06 -0800] "GET /config.json HTTP/1.0" 404 278519 "-" "Go-http-client/1.1"
207.154.212.47 - - [22/Nov/2024:11:21:08 -0800] "GET /telescope/requests HTTP/1.0" 404 278565 "-" "Go-http-client/1.1"
207.154.212.47 - - [22/Nov/2024:11:21:10 -0800] "GET /?rest_route=/wp/v2/users/ HTTP/1.0" 200 1315 "-" "Go-http-client/1.1"
209.182.200.39 - - [22/Nov/2024:11:46:10 -0800] "POST /wp-cron.php?doing_wp_cron=1732304770.5238680839538574218750 HTTP/1.0" 200 - "-" "WordPress/6.7.1; https://gifttovoices.click"
51.222.253.9 - - [22/Nov/2024:11:46:09 -0800] "GET /product-tag/shop/?add-to-cart=2592 HTTP/1.0" 200 304876 "-" "Mozilla/5.0 (compatible; AhrefsBot/7.0; +http://ahrefs.com/robot/)"
209.182.200.39 - - [22/Nov/2024:12:43:50 -0800] "POST /wp-cron.php?doing_wp_cron=1732308230.0129079818725585937500 HTTP/1.0" 200 - "-" "WordPress/6.7.1; https://gifttovoices.click"
64.226.111.159 - - [22/Nov/2024:12:43:48 -0800] "GET /product/gold/?add-to-cart=2601 HTTP/1.0" 200 293449 "-" "Mozilla/5.0 (Macintosh; Intel Mac OS X 10_15_7) AppleWebKit/537.36 (KHTML, like Gecko) Chrome/124.0.0.0 Safari/537.36"
209.182.200.39 - - [22/Nov/2024:12:59:55 -0800] "POST /wp-cron.php?doing_wp_cron=1732309195.2314779758453369140625 HTTP/1.0" 200 - "-" "WordPress/6.7.1; https://gifttovoices.click"
51.222.253.15 - - [22/Nov/2024:12:59:54 -0800] "GET /product/pet-for-sale-2/ HTTP/1.0" 200 295937 "-" "Mozilla/5.0 (compatible; AhrefsBot/7.0; +http://ahrefs.com/robot/)"
209.182.200.39 - - [22/Nov/2024:13:40:12 -0800] "POST /wp-cron.php?doing_wp_cron=1732311612.2290959358215332031250 HTTP/1.0" 200 - "-" "WordPress/6.7.1; https://gifttovoices.click"
51.222.253.18 - - [22/Nov/2024:13:40:11 -0800] "GET /listings/business-category/events-notices/ HTTP/1.0" 200 284794 "-" "Mozilla/5.0 (compatible; AhrefsBot/7.0; +http://ahrefs.com/robot/)"
191.101.61.83 - - [22/Nov/2024:14:25:57 -0800] "GET /.env HTTP/1.0" 406 300 "-" "Mozilla/5.0 (Macintosh; Intel Mac OS X 10.15; rv:77.0) Gecko/20100101 Firefox/77.0"
209.182.200.39 - - [22/Nov/2024:14:48:27 -0800] "POST /wp-cron.php?doing_wp_cron=1732315707.2513790130615234375000 HTTP/1.0" 200 - "-" "WordPress/6.7.1; https://gifttovoices.click"
52.195.210.12 - - [22/Nov/2024:14:48:26 -0800] "GET /wp-login.php HTTP/1.0" 302 - "-" "Mozilla/5.0"
52.195.210.12 - - [22/Nov/2024:14:48:27 -0800] "GET /wp-login.php HTTP/1.0" 200 8844 "-" "Mozilla/5.0"
52.195.210.12 - - [22/Nov/2024:14:48:28 -0800] "GET /?author=1 HTTP/1.0" 301 - "-" "Mozilla/5.0"
52.195.210.12 - - [22/Nov/2024:14:48:29 -0800] "GET /?author=2 HTTP/1.0" 200 280345 "-" "Mozilla/5.0"
52.195.210.12 - - [22/Nov/2024:14:48:30 -0800] "GET /?author=3 HTTP/1.0" 200 280339 "-" "Mozilla/5.0"
52.195.210.12 - - [22/Nov/2024:14:48:31 -0800] "GET /?author=4 HTTP/1.0" 200 280435 "-" "Mozilla/5.0"
52.195.210.12 - - [22/Nov/2024:14:48:32 -0800] "GET /?author=5 HTTP/1.0" 200 280411 "-" "Mozilla/5.0"
52.195.210.12 - - [22/Nov/2024:14:48:33 -0800] "GET /?author=6 HTTP/1.0" 404 278825 "-" "Mozilla/5.0"
209.182.200.39 - - [22/Nov/2024:14:52:23 -0800] "POST /wp-cron.php?doing_wp_cron=1732315943.3915340900421142578125 HTTP/1.0" 200 - "-" "WordPress/6.7.1; https://gifttovoices.click"
51.222.253.15 - - [22/Nov/2024:14:52:22 -0800] "GET /shop/page/3/?add-to-cart=2596 HTTP/1.0" 200 295370 "-" "Mozilla/5.0 (compatible; AhrefsBot/7.0; +http://ahrefs.com/robot/)"
209.182.200.39 - - [22/Nov/2024:15:03:52 -0800] "POST /wp-cron.php?doing_wp_cron=1732316632.5412359237670898437500 HTTP/1.0" 200 - "-" "WordPress/6.7.1; https://gifttovoices.click"
51.222.253.12 - - [22/Nov/2024:15:03:51 -0800] "GET /listings/business-category/real-estate/ HTTP/1.0" 200 284791 "-" "Mozilla/5.0 (compatible; AhrefsBot/7.0; +http://ahrefs.com/robot/)"
165.22.62.110 - - [22/Nov/2024:15:15:50 -0800] "GET /sftp-config.json HTTP/1.0" 406 300 "-" "Mozilla/5.0 (Macintosh; Intel Mac OS X 10.15; rv:77.0) Gecko/20100101 Firefox/77.0"
209.182.200.39 - - [22/Nov/2024:15:15:51 -0800] "POST /wp-cron.php?doing_wp_cron=1732317351.7619860172271728515625 HTTP/1.0" 200 - "-" "WordPress/6.7.1; https://gifttovoices.click"
165.22.62.110 - - [22/Nov/2024:15:15:50 -0800] "GET /.vscode/sftp.json HTTP/1.0" 404 278525 "-" "Mozilla/5.0 (Macintosh; Intel Mac OS X 10.15; rv:77.0) Gecko/20100101 Firefox/77.0"
165.22.62.110 - - [22/Nov/2024:15:15:52 -0800] "GET /.vscode/ftp-sync.json HTTP/1.0" 404 278529 "-" "Mozilla/5.0 (Macintosh; Intel Mac OS X 10.15; rv:77.0) Gecko/20100101 Firefox/77.0"
165.22.62.110 - - [22/Nov/2024:15:15:54 -0800] "GET /.ftpconfig HTTP/1.0" 404 278518 "-" "Mozilla/5.0 (Macintosh; Intel Mac OS X 10.15; rv:77.0) Gecko/20100101 Firefox/77.0"
165.22.62.110 - - [22/Nov/2024:15:15:56 -0800] "GET /ftpsync.settings HTTP/1.0" 404 278524 "-" "Mozilla/5.0 (Macintosh; Intel Mac OS X 10.15; rv:77.0) Gecko/20100101 Firefox/77.0"
165.22.62.110 - - [22/Nov/2024:15:15:58 -0800] "GET /ftp-sync.json HTTP/1.0" 404 278521 "-" "Mozilla/5.0 (Macintosh; Intel Mac OS X 10.15; rv:77.0) Gecko/20100101 Firefox/77.0"
165.22.62.110 - - [22/Nov/2024:15:15:59 -0800] "GET /.ftp-sync.json HTTP/1.0" 404 278522 "-" "Mozilla/5.0 (Macintosh; Intel Mac OS X 10.15; rv:77.0) Gecko/20100101 Firefox/77.0"
209.182.200.39 - - [22/Nov/2024:15:36:54 -0800] "POST /wp-cron.php?doing_wp_cron=1732318614.2300930023193359375000 HTTP/1.0" 200 - "-" "WordPress/6.7.1; https://gifttovoices.click"
188.166.234.134 - - [22/Nov/2024:15:36:49 -0800] "GET / HTTP/1.0" 301 - "-" "Mozilla/5.0 (Windows NT 10.0; Win64; x64) AppleWebKit/537.36 (KHTML, like Gecko) Chrome/78.0.3904.108 Safari/537.36"
188.166.234.134 - - [22/Nov/2024:15:36:55 -0800] "GET / HTTP/1.0" 200 376074 "-" "Mozilla/5.0 (Windows NT 10.0; Win64; x64) AppleWebKit/537.36 (KHTML, like Gecko) Chrome/78.0.3904.108 Safari/537.36"
188.166.234.134 - - [22/Nov/2024:15:37:03 -0800] "GET //wp-includes/wlwmanifest.xml HTTP/1.0" 301 - "-" "Mozilla/5.0 (Windows NT 10.0; Win64; x64) AppleWebKit/537.36 (KHTML, like Gecko) Chrome/78.0.3904.108 Safari/537.36"
188.166.234.134 - - [22/Nov/2024:15:37:05 -0800] "GET //xmlrpc.php?rsd HTTP/1.0" 200 822 "-" "Mozilla/5.0 (Windows NT 10.0; Win64; x64) AppleWebKit/537.36 (KHTML, like Gecko) Chrome/78.0.3904.108 Safari/537.36"
188.166.234.134 - - [22/Nov/2024:15:37:07 -0800] "GET //?author=1 HTTP/1.0" 301 - "-" "Mozilla/5.0 (Windows NT 10.0; Win64; x64) AppleWebKit/537.36 (KHTML, like Gecko) Chrome/78.0.3904.108 Safari/537.36"
188.166.234.134 - - [22/Nov/2024:15:37:10 -0800] "GET //?author=2 HTTP/1.0" 301 - "-" "Mozilla/5.0 (Windows NT 10.0; Win64; x64) AppleWebKit/537.36 (KHTML, like Gecko) Chrome/78.0.3904.108 Safari/537.36"
188.166.234.134 - - [22/Nov/2024:15:37:13 -0800] "GET //wp-json/wp/v2/users/ HTTP/1.0" 200 1315 "-" "Mozilla/5.0 (Windows NT 10.0; Win64; x64) AppleWebKit/537.36 (KHTML, like Gecko) Chrome/78.0.3904.108 Safari/537.36"
188.166.234.134 - - [22/Nov/2024:15:37:17 -0800] "POST //xmlrpc.php HTTP/1.0" 200 403 "-" "Mozilla/5.0 (Windows NT 10.0; Win64; x64) AppleWebKit/537.36 (KHTML, like Gecko) Chrome/78.0.3904.108 Safari/537.36"
188.166.234.134 - - [22/Nov/2024:15:37:19 -0800] "POST //xmlrpc.php HTTP/1.0" 200 401 "-" "Mozilla/5.0 (Windows NT 10.0; Win64; x64) AppleWebKit/537.36 (KHTML, like Gecko) Chrome/78.0.3904.108 Safari/537.36"
188.166.234.134 - - [22/Nov/2024:15:37:21 -0800] "POST //xmlrpc.php HTTP/1.0" 200 401 "-" "Mozilla/5.0 (Windows NT 10.0; Win64; x64) AppleWebKit/537.36 (KHTML, like Gecko) Chrome/78.0.3904.108 Safari/537.36"
209.182.200.39 - - [22/Nov/2024:15:37:27 -0800] "POST /wp-cron.php?doing_wp_cron=1732318647.2350740432739257812500 HTTP/1.0" 200 - "-" "WordPress/6.7.1; https://gifttovoices.click"
188.166.234.134 - - [22/Nov/2024:15:37:24 -0800] "POST //xmlrpc.php HTTP/1.0" 200 403 "-" "Mozilla/5.0 (Windows NT 10.0; Win64; x64) AppleWebKit/537.36 (KHTML, like Gecko) Chrome/78.0.3904.108 Safari/537.36"
188.166.234.134 - - [22/Nov/2024:15:37:27 -0800] "POST //xmlrpc.php HTTP/1.0" 200 401 "-" "Mozilla/5.0 (Windows NT 10.0; Win64; x64) AppleWebKit/537.36 (KHTML, like Gecko) Chrome/78.0.3904.108 Safari/537.36"
188.166.234.134 - - [22/Nov/2024:15:37:30 -0800] "POST //xmlrpc.php HTTP/1.0" 200 401 "-" "Mozilla/5.0 (Windows NT 10.0; Win64; x64) AppleWebKit/537.36 (KHTML, like Gecko) Chrome/78.0.3904.108 Safari/537.36"
188.166.234.134 - - [22/Nov/2024:15:37:32 -0800] "POST //xmlrpc.php HTTP/1.0" 200 401 "-" "Mozilla/5.0 (Windows NT 10.0; Win64; x64) AppleWebKit/537.36 (KHTML, like Gecko) Chrome/78.0.3904.108 Safari/537.36"
188.166.234.134 - - [22/Nov/2024:15:37:35 -0800] "POST //xmlrpc.php HTTP/1.0" 503 282 "-" "Mozilla/5.0 (Windows NT 10.0; Win64; x64) AppleWebKit/537.36 (KHTML, like Gecko) Chrome/78.0.3904.108 Safari/537.36"
209.182.200.39 - - [22/Nov/2024:15:40:14 -0800] "POST /wp-cron.php?doing_wp_cron=1732318814.9477429389953613281250 HTTP/1.0" 200 - "-" "WordPress/6.7.1; https://gifttovoices.click"
51.222.253.17 - - [22/Nov/2024:15:40:14 -0800] "GET /shop/page/3/?add-to-cart=12902 HTTP/1.0" 200 295401 "-" "Mozilla/5.0 (compatible; AhrefsBot/7.0; +http://ahrefs.com/robot/)"
209.182.200.39 - - [22/Nov/2024:15:48:58 -0800] "POST /wp-cron.php?doing_wp_cron=1732319338.3073348999023437500000 HTTP/1.0" 200 - "-" "WordPress/6.7.1; https://gifttovoices.click"
64.227.45.109 - - [22/Nov/2024:15:48:57 -0800] "GET /product/listing-normal-package/ HTTP/1.0" 200 293007 "-" "Mozilla/5.0 (Macintosh; Intel Mac OS X 10_15_7) AppleWebKit/537.36 (KHTML, like Gecko) Chrome/124.0.0.0 Safari/537.36"
209.182.200.39 - - [22/Nov/2024:15:49:57 -0800] "POST /wp-cron.php?doing_wp_cron=1732319397.7742979526519775390625 HTTP/1.0" 200 - "-" "WordPress/6.7.1; https://gifttovoices.click"
51.159.185.137 - - [22/Nov/2024:15:49:57 -0800] "GET / HTTP/1.0" 200 376049 "-" "Mozilla/5.0 (Macintosh; Intel Mac OS X 10_13_6) AppleWebKit/537.36 (KHTML, like Gecko) Chrome/108.0.0.0 Safari/537.36"
51.222.253.7 - - [22/Nov/2024:15:50:13 -0800] "GET /product-tag/bikes/ HTTP/1.0" 200 283858 "-" "Mozilla/5.0 (compatible; AhrefsBot/7.0; +http://ahrefs.com/robot/)"
209.182.200.39 - - [22/Nov/2024:15:54:53 -0800] "POST /wp-cron.php?doing_wp_cron=1732319693.8544719219207763671875 HTTP/1.0" 200 - "-" "WordPress/6.7.1; https://gifttovoices.click"
51.222.253.3 - - [22/Nov/2024:15:54:51 -0800] "GET /listings/business-category/education/ HTTP/1.0" 200 284789 "-" "Mozilla/5.0 (compatible; AhrefsBot/7.0; +http://ahrefs.com/robot/)"
209.182.200.39 - - [22/Nov/2024:16:01:27 -0800] "POST /wp-cron.php?doing_wp_cron=1732320087.1855928897857666015625 HTTP/1.0" 200 - "-" "WordPress/6.7.1; https://gifttovoices.click"
51.222.253.11 - - [22/Nov/2024:16:01:24 -0800] "GET /listings/business-category/vehicles/fancy-cars/ HTTP/1.0" 200 284799 "-" "Mozilla/5.0 (compatible; AhrefsBot/7.0; +http://ahrefs.com/robot/)"
138.246.253.24 - - [22/Nov/2024:16:02:02 -0800] "GET /robots.txt HTTP/1.0" 200 30 "-" "Mozilla/5.0 (Windows NT 10.0; Win64; x64) AppleWebKit/537.36 (KHTML, like Gecko) Chrome/103.0.5060.134 Safari/537.36"
209.182.200.39 - - [22/Nov/2024:16:12:00 -0800] "POST /wp-cron.php?doing_wp_cron=1732320720.3729290962219238281250 HTTP/1.0" 200 - "-" "WordPress/6.7.1; https://gifttovoices.click"
51.222.253.5 - - [22/Nov/2024:16:11:57 -0800] "GET /product/cleaning-services/?add-to-cart=2597 HTTP/1.0" 200 297344 "-" "Mozilla/5.0 (compatible; AhrefsBot/7.0; +http://ahrefs.com/robot/)"
209.182.200.39 - - [22/Nov/2024:16:13:55 -0800] "POST /wp-cron.php?doing_wp_cron=1732320835.0109028816223144531250 HTTP/1.0" 200 - "-" "WordPress/6.7.1; https://gifttovoices.click"
159.223.132.86 - - [22/Nov/2024:16:13:54 -0800] "GET / HTTP/1.0" 200 16384 "-" "-"
159.223.132.86 - - [22/Nov/2024:16:13:55 -0800] "GET / HTTP/1.0" 200 191694 "-" "Mozilla/5.0 (Linux; Android 6.0; HTC One M9 Build/MRA421096) AppleWebKit/537.36 (KHTML, like Gecko) Chrome/52.0.3518.98 Mobile Safari/537.3"
159.223.132.86 - - [22/Nov/2024:16:13:56 -0800] "GET /server HTTP/1.0" 404 278861 "-" "Go-http-client/1.1"
159.223.132.86 - - [22/Nov/2024:16:13:58 -0800] "GET /.vscode/sftp.json HTTP/1.0" 404 278833 "-" "Go-http-client/1.1"
159.223.132.86 - - [22/Nov/2024:16:13:59 -0800] "GET /about HTTP/1.0" 404 278860 "-" "Go-http-client/1.1"
159.223.132.86 - - [22/Nov/2024:16:14:00 -0800] "GET /debug/default/view?panel=config HTTP/1.0" 404 278684 "-" "Go-http-client/1.1"
159.223.132.86 - - [22/Nov/2024:16:14:02 -0800] "GET /v2/_catalog HTTP/1.0" 404 278866 "-" "Go-http-client/1.1"
159.223.132.86 - - [22/Nov/2024:16:14:03 -0800] "GET /ecp/Current/exporttool/microsoft.exchange.ediscovery.exporttool.application HTTP/1.0" 404 278728 "-" "Go-http-client/1.1"
159.223.132.86 - - [22/Nov/2024:16:14:05 -0800] "GET /server-status HTTP/1.0" 403 228 "-" "Go-http-client/1.1"
159.223.132.86 - - [22/Nov/2024:16:14:05 -0800] "GET /login.action HTTP/1.0" 404 278828 "-" "Go-http-client/1.1"
159.223.132.86 - - [22/Nov/2024:16:14:06 -0800] "GET /_all_dbs HTTP/1.0" 404 278863 "-" "Mozilla/5.0 (l9scan/2.0.435323e2230323e2238313e2930323; +https://leakix.net)"
159.223.132.86 - - [22/Nov/2024:16:14:07 -0800] "GET /.DS_Store HTTP/1.0" 404 278825 "-" "Go-http-client/1.1"
159.223.132.86 - - [22/Nov/2024:16:14:09 -0800] "GET /.env HTTP/1.0" 404 278820 "-" "Go-http-client/1.1"
159.223.132.86 - - [22/Nov/2024:16:14:10 -0800] "GET /.git/config HTTP/1.0" 404 278827 "-" "Go-http-client/1.1"
159.223.132.86 - - [22/Nov/2024:16:14:11 -0800] "GET /s/435323e2230323e2238313e2930323/_/;/META-INF/maven/com.atlassian.jira/jira-webapp-dist/pom.properties HTTP/1.0" 404 278755 "-" "Go-http-client/1.1"
159.223.132.86 - - [22/Nov/2024:16:14:12 -0800] "GET /config.json HTTP/1.0" 404 278827 "-" "Go-http-client/1.1"
159.223.132.86 - - [22/Nov/2024:16:14:13 -0800] "GET /telescope/requests HTTP/1.0" 404 278873 "-" "Go-http-client/1.1"
159.223.132.86 - - [22/Nov/2024:16:14:14 -0800] "GET /?rest_route=/wp/v2/users/ HTTP/1.0" 200 1315 "-" "Go-http-client/1.1"
209.182.200.39 - - [22/Nov/2024:16:25:56 -0800] "POST /wp-cron.php?doing_wp_cron=1732321555.9435141086578369140625 HTTP/1.0" 200 - "-" "WordPress/6.7.1; https://gifttovoices.click"
5.78.112.51 - - [22/Nov/2024:16:25:55 -0800] "GET /product/pet-for-sale-2/ HTTP/1.0" 200 295937 "-" "Mozilla/5.0 (Macintosh; Intel Mac OS X 10_15_7) AppleWebKit/537.36 (KHTML, like Gecko) Chrome/124.0.0.0 Safari/537.36"
209.182.200.39 - - [22/Nov/2024:17:04:35 -0800] "POST /wp-cron.php?doing_wp_cron=1732323875.3941519260406494140625 HTTP/1.0" 200 - "-" "WordPress/6.7.1; https://gifttovoices.click"
45.148.10.206 - - [22/Nov/2024:17:04:34 -0800] "GET /.git/config HTTP/1.0" 404 278827 "-" "Mozilla/5.0 (Macintosh; Intel Mac OS X 11) AppleWebKit/616.13.10 (KHTML, like Gecko) Version/17.2.97 Safari/616.13.10"
209.182.200.39 - - [22/Nov/2024:18:14:31 -0800] "POST /wp-cron.php?doing_wp_cron=1732328071.2612619400024414062500 HTTP/1.0" 200 - "-" "WordPress/6.7.1; https://gifttovoices.click"
42.236.216.29 - - [22/Nov/2024:18:14:29 -0800] "GET / HTTP/1.0" 200 376115 "https://gifttovoices.click/" "Mozilla/5.0 (Windows NT 6.1; WOW64) AppleWebKit/537.36 (KHTML, like Gecko) Chrome/50.0.2661.102 Safari/537.36"
103.251.66.247 - - [22/Nov/2024:18:14:42 -0800] "GET / HTTP/1.0" 301 - "-" "Mozilla/5.0 (Windows NT 10.0; Win64; x64) AppleWebKit/537.36 (KHTML, like Gecko) Chrome/95.0.4638.69 Safari/537.36"
103.251.66.247 - - [22/Nov/2024:18:14:45 -0800] "GET / HTTP/1.0" 200 376071 "-" "Mozilla/5.0 (Windows NT 10.0; Win64; x64) AppleWebKit/537.36 (KHTML, like Gecko) Chrome/95.0.4638.69 Safari/537.36"
103.251.66.247 - - [22/Nov/2024:18:14:49 -0800] "GET //feed/ HTTP/1.0" 301 - "-" "Mozilla/5.0 (Windows NT 10.0; Win64; x64) AppleWebKit/537.36 (KHTML, like Gecko) Chrome/95.0.4638.69 Safari/537.36"
209.182.200.39 - - [22/Nov/2024:18:14:56 -0800] "POST /wp-cron.php?doing_wp_cron=1732328096.2296540737152099609375 HTTP/1.0" 200 - "-" "WordPress/6.7.1; https://gifttovoices.click"
103.251.66.247 - - [22/Nov/2024:18:14:52 -0800] "GET //xmlrpc.php?rsd HTTP/1.0" 200 822 "-" "Mozilla/5.0 (Windows NT 10.0; Win64; x64) AppleWebKit/537.36 (KHTML, like Gecko) Chrome/95.0.4638.69 Safari/537.36"
103.251.66.247 - - [22/Nov/2024:18:14:56 -0800] "GET //wp-login.php HTTP/1.0" 200 8844 "-" "Mozilla/5.0 (Windows NT 10.0; Win64; x64) AppleWebKit/537.36 (KHTML, like Gecko) Chrome/95.0.4638.69 Safari/537.36"
103.251.66.247 - - [22/Nov/2024:18:15:01 -0800] "GET //?author=1 HTTP/1.0" 301 - "-" "Mozilla/5.0 (Windows NT 10.0; Win64; x64) AppleWebKit/537.36 (KHTML, like Gecko) Chrome/95.0.4638.69 Safari/537.36"
103.251.66.247 - - [22/Nov/2024:18:15:05 -0800] "GET //?author=2 HTTP/1.0" 503 282 "-" "Mozilla/5.0 (Windows NT 10.0; Win64; x64) AppleWebKit/537.36 (KHTML, like Gecko) Chrome/95.0.4638.69 Safari/537.36"
103.251.66.247 - - [22/Nov/2024:18:15:06 -0800] "GET //wp-json/wp/v2/users/ HTTP/1.0" 503 282 "-" "Mozilla/5.0 (Windows NT 10.0; Win64; x64) AppleWebKit/537.36 (KHTML, like Gecko) Chrome/95.0.4638.69 Safari/537.36"
103.251.66.247 - - [22/Nov/2024:18:15:06 -0800] "POST //xmlrpc.php HTTP/1.0" 200 403 "-" "Mozilla/5.0 (Windows NT 10.0; Win64; x64) AppleWebKit/537.36 (KHTML, like Gecko) Chrome/95.0.4638.69 Safari/537.36"
103.251.66.247 - - [22/Nov/2024:18:15:12 -0800] "POST //xmlrpc.php HTTP/1.0" 200 401 "-" "Mozilla/5.0 (Windows NT 10.0; Win64; x64) AppleWebKit/537.36 (KHTML, like Gecko) Chrome/95.0.4638.69 Safari/537.36"
103.251.66.247 - - [22/Nov/2024:18:15:16 -0800] "POST //xmlrpc.php HTTP/1.0" 200 401 "-" "Mozilla/5.0 (Windows NT 10.0; Win64; x64) AppleWebKit/537.36 (KHTML, like Gecko) Chrome/95.0.4638.69 Safari/537.36"
103.251.66.247 - - [22/Nov/2024:18:15:18 -0800] "POST //xmlrpc.php HTTP/1.0" 200 403 "-" "Mozilla/5.0 (Windows NT 10.0; Win64; x64) AppleWebKit/537.36 (KHTML, like Gecko) Chrome/95.0.4638.69 Safari/537.36"
103.251.66.247 - - [22/Nov/2024:18:15:21 -0800] "POST //xmlrpc.php HTTP/1.0" 200 401 "-" "Mozilla/5.0 (Windows NT 10.0; Win64; x64) AppleWebKit/537.36 (KHTML, like Gecko) Chrome/95.0.4638.69 Safari/537.36"
209.182.200.39 - - [22/Nov/2024:18:15:26 -0800] "POST /wp-cron.php?doing_wp_cron=1732328126.2524139881134033203125 HTTP/1.0" 200 - "-" "WordPress/6.7.1; https://gifttovoices.click"
103.251.66.247 - - [22/Nov/2024:18:15:24 -0800] "POST //xmlrpc.php HTTP/1.0" 200 401 "-" "Mozilla/5.0 (Windows NT 10.0; Win64; x64) AppleWebKit/537.36 (KHTML, like Gecko) Chrome/95.0.4638.69 Safari/537.36"
103.251.66.247 - - [22/Nov/2024:18:15:26 -0800] "POST //xmlrpc.php HTTP/1.0" 200 401 "-" "Mozilla/5.0 (Windows NT 10.0; Win64; x64) AppleWebKit/537.36 (KHTML, like Gecko) Chrome/95.0.4638.69 Safari/537.36"
103.251.66.247 - - [22/Nov/2024:18:15:29 -0800] "POST //xmlrpc.php HTTP/1.0" 200 401 "-" "Mozilla/5.0 (Windows NT 10.0; Win64; x64) AppleWebKit/537.36 (KHTML, like Gecko) Chrome/95.0.4638.69 Safari/537.36"
103.251.66.247 - - [22/Nov/2024:18:15:32 -0800] "POST //xmlrpc.php HTTP/1.0" 200 401 "-" "Mozilla/5.0 (Windows NT 10.0; Win64; x64) AppleWebKit/537.36 (KHTML, like Gecko) Chrome/95.0.4638.69 Safari/537.36"
103.251.66.247 - - [22/Nov/2024:18:15:36 -0800] "POST //xmlrpc.php HTTP/1.0" 200 401 "-" "Mozilla/5.0 (Windows NT 10.0; Win64; x64) AppleWebKit/537.36 (KHTML, like Gecko) Chrome/95.0.4638.69 Safari/537.36"
103.251.66.247 - - [22/Nov/2024:18:15:38 -0800] "POST //xmlrpc.php HTTP/1.0" 200 401 "-" "Mozilla/5.0 (Windows NT 10.0; Win64; x64) AppleWebKit/537.36 (KHTML, like Gecko) Chrome/95.0.4638.69 Safari/537.36"
103.251.66.247 - - [22/Nov/2024:18:15:41 -0800] "POST //xmlrpc.php HTTP/1.0" 200 401 "-" "Mozilla/5.0 (Windows NT 10.0; Win64; x64) AppleWebKit/537.36 (KHTML, like Gecko) Chrome/95.0.4638.69 Safari/537.36"
103.251.66.247 - - [22/Nov/2024:18:15:44 -0800] "POST //xmlrpc.php HTTP/1.0" 200 401 "-" "Mozilla/5.0 (Windows NT 10.0; Win64; x64) AppleWebKit/537.36 (KHTML, like Gecko) Chrome/95.0.4638.69 Safari/537.36"
103.251.66.247 - - [22/Nov/2024:18:15:46 -0800] "POST //xmlrpc.php HTTP/1.0" 200 401 "-" "Mozilla/5.0 (Windows NT 10.0; Win64; x64) AppleWebKit/537.36 (KHTML, like Gecko) Chrome/95.0.4638.69 Safari/537.36"
103.251.66.247 - - [22/Nov/2024:18:15:49 -0800] "POST //xmlrpc.php HTTP/1.0" 200 401 "-" "Mozilla/5.0 (Windows NT 10.0; Win64; x64) AppleWebKit/537.36 (KHTML, like Gecko) Chrome/95.0.4638.69 Safari/537.36"
209.182.200.39 - - [22/Nov/2024:18:15:54 -0800] "POST /wp-cron.php?doing_wp_cron=1732328154.1486260890960693359375 HTTP/1.0" 200 - "-" "WordPress/6.7.1; https://gifttovoices.click"
103.251.66.247 - - [22/Nov/2024:18:15:52 -0800] "POST //xmlrpc.php HTTP/1.0" 200 401 "-" "Mozilla/5.0 (Windows NT 10.0; Win64; x64) AppleWebKit/537.36 (KHTML, like Gecko) Chrome/95.0.4638.69 Safari/537.36"
103.251.66.247 - - [22/Nov/2024:18:15:54 -0800] "POST //xmlrpc.php HTTP/1.0" 200 401 "-" "Mozilla/5.0 (Windows NT 10.0; Win64; x64) AppleWebKit/537.36 (KHTML, like Gecko) Chrome/95.0.4638.69 Safari/537.36"
103.251.66.247 - - [22/Nov/2024:18:15:58 -0800] "POST //xmlrpc.php HTTP/1.0" 200 401 "-" "Mozilla/5.0 (Windows NT 10.0; Win64; x64) AppleWebKit/537.36 (KHTML, like Gecko) Chrome/95.0.4638.69 Safari/537.36"
103.251.66.247 - - [22/Nov/2024:18:16:01 -0800] "POST //xmlrpc.php HTTP/1.0" 200 401 "-" "Mozilla/5.0 (Windows NT 10.0; Win64; x64) AppleWebKit/537.36 (KHTML, like Gecko) Chrome/95.0.4638.69 Safari/537.36"
103.251.66.247 - - [22/Nov/2024:18:16:04 -0800] "POST //xmlrpc.php HTTP/1.0" 200 401 "-" "Mozilla/5.0 (Windows NT 10.0; Win64; x64) AppleWebKit/537.36 (KHTML, like Gecko) Chrome/95.0.4638.69 Safari/537.36"
103.251.66.247 - - [22/Nov/2024:18:16:07 -0800] "POST //xmlrpc.php HTTP/1.0" 200 401 "-" "Mozilla/5.0 (Windows NT 10.0; Win64; x64) AppleWebKit/537.36 (KHTML, like Gecko) Chrome/95.0.4638.69 Safari/537.36"
103.251.66.247 - - [22/Nov/2024:18:16:09 -0800] "POST //xmlrpc.php HTTP/1.0" 200 401 "-" "Mozilla/5.0 (Windows NT 10.0; Win64; x64) AppleWebKit/537.36 (KHTML, like Gecko) Chrome/95.0.4638.69 Safari/537.36"
103.251.66.247 - - [22/Nov/2024:18:16:12 -0800] "POST //xmlrpc.php HTTP/1.0" 200 401 "-" "Mozilla/5.0 (Windows NT 10.0; Win64; x64) AppleWebKit/537.36 (KHTML, like Gecko) Chrome/95.0.4638.69 Safari/537.36"
103.251.66.247 - - [22/Nov/2024:18:16:14 -0800] "POST //xmlrpc.php HTTP/1.0" 200 401 "-" "Mozilla/5.0 (Windows NT 10.0; Win64; x64) AppleWebKit/537.36 (KHTML, like Gecko) Chrome/95.0.4638.69 Safari/537.36"
94.154.177.168 - - [22/Nov/2024:18:16:17 -0800] "GET / HTTP/1.0" 301 - "-" "Mozilla/5.0 (Windows NT 10.0; Win64; x64) AppleWebKit/537.36 (KHTML, like Gecko) Chrome/129.0.0.0 Safari/537.36"
103.251.66.247 - - [22/Nov/2024:18:16:18 -0800] "POST //xmlrpc.php HTTP/1.0" 200 401 "-" "Mozilla/5.0 (Windows NT 10.0; Win64; x64) AppleWebKit/537.36 (KHTML, like Gecko) Chrome/95.0.4638.69 Safari/537.36"
209.182.200.39 - - [22/Nov/2024:18:16:27 -0800] "POST /wp-cron.php?doing_wp_cron=1732328187.3421061038970947265625 HTTP/1.0" 200 - "-" "WordPress/6.7.1; https://gifttovoices.click"
103.251.66.247 - - [22/Nov/2024:18:16:23 -0800] "POST //xmlrpc.php HTTP/1.0" 200 401 "-" "Mozilla/5.0 (Windows NT 10.0; Win64; x64) AppleWebKit/537.36 (KHTML, like Gecko) Chrome/95.0.4638.69 Safari/537.36"
198.145.99.199 - - [22/Nov/2024:18:16:22 -0800] "GET / HTTP/1.0" 200 170648 "https://www.gifttovoices.click" "Mozilla/5.0 (Windows NT 10.0; Win64; x64) AppleWebKit/537.36 (KHTML, like Gecko) Chrome/129.0.0.0 Safari/537.36"
103.251.66.247 - - [22/Nov/2024:18:16:28 -0800] "POST //xmlrpc.php HTTP/1.0" 200 401 "-" "Mozilla/5.0 (Windows NT 10.0; Win64; x64) AppleWebKit/537.36 (KHTML, like Gecko) Chrome/95.0.4638.69 Safari/537.36"
103.251.66.247 - - [22/Nov/2024:18:16:33 -0800] "POST //xmlrpc.php HTTP/1.0" 200 401 "-" "Mozilla/5.0 (Windows NT 10.0; Win64; x64) AppleWebKit/537.36 (KHTML, like Gecko) Chrome/95.0.4638.69 Safari/537.36"
103.251.66.247 - - [22/Nov/2024:18:16:37 -0800] "POST //xmlrpc.php HTTP/1.0" 200 401 "-" "Mozilla/5.0 (Windows NT 10.0; Win64; x64) AppleWebKit/537.36 (KHTML, like Gecko) Chrome/95.0.4638.69 Safari/537.36"
103.251.66.247 - - [22/Nov/2024:18:16:40 -0800] "POST //xmlrpc.php HTTP/1.0" 200 401 "-" "Mozilla/5.0 (Windows NT 10.0; Win64; x64) AppleWebKit/537.36 (KHTML, like Gecko) Chrome/95.0.4638.69 Safari/537.36"
103.251.66.247 - - [22/Nov/2024:18:16:43 -0800] "POST //xmlrpc.php HTTP/1.0" 200 401 "-" "Mozilla/5.0 (Windows NT 10.0; Win64; x64) AppleWebKit/537.36 (KHTML, like Gecko) Chrome/95.0.4638.69 Safari/537.36"
103.251.66.247 - - [22/Nov/2024:18:16:44 -0800] "POST //xmlrpc.php HTTP/1.0" 200 401 "-" "Mozilla/5.0 (Windows NT 10.0; Win64; x64) AppleWebKit/537.36 (KHTML, like Gecko) Chrome/95.0.4638.69 Safari/537.36"
103.251.66.247 - - [22/Nov/2024:18:16:47 -0800] "POST //xmlrpc.php HTTP/1.0" 200 401 "-" "Mozilla/5.0 (Windows NT 10.0; Win64; x64) AppleWebKit/537.36 (KHTML, like Gecko) Chrome/95.0.4638.69 Safari/537.36"
103.251.66.247 - - [22/Nov/2024:18:16:49 -0800] "POST //xmlrpc.php HTTP/1.0" 200 401 "-" "Mozilla/5.0 (Windows NT 10.0; Win64; x64) AppleWebKit/537.36 (KHTML, like Gecko) Chrome/95.0.4638.69 Safari/537.36"
209.182.200.39 - - [22/Nov/2024:18:18:55 -0800] "POST /wp-cron.php?doing_wp_cron=1732328335.4406199455261230468750 HTTP/1.0" 200 - "-" "WordPress/6.7.1; https://gifttovoices.click"
120.219.82.63 - - [22/Nov/2024:18:18:52 -0800] "GET / HTTP/1.0" 301 - "http://gifttovoices.click/" "Mozilla/5.0 (Windows NT 6.1; WOW64) AppleWebKit/537.36 (KHTML, like Gecko) Chrome/50.0.2661.102 Safari/537.36"
120.239.27.26 - - [22/Nov/2024:18:19:01 -0800] "GET / HTTP/1.0" 200 376032 "https://gifttovoices.click/" "Mozilla/5.0 (Windows NT 6.1; WOW64) AppleWebKit/537.36 (KHTML, like Gecko) Chrome/50.0.2661.102 Safari/537.36"
209.182.200.39 - - [22/Nov/2024:18:32:33 -0800] "POST /wp-cron.php?doing_wp_cron=1732329153.1867649555206298828125 HTTP/1.0" 200 - "-" "WordPress/6.7.1; https://gifttovoices.click"
91.188.244.39 - - [22/Nov/2024:18:32:32 -0800] "GET / HTTP/1.0" 301 - "-" "Python/3.11 aiohttp/3.9.3"
93.188.207.238 - - [22/Nov/2024:18:32:34 -0800] "GET / HTTP/1.0" 200 376051 "-" "Python/3.11 aiohttp/3.9.3"
209.182.200.39 - - [22/Nov/2024:18:48:29 -0800] "POST /wp-cron.php?doing_wp_cron=1732330109.0948159694671630859375 HTTP/1.0" 200 - "-" "WordPress/6.7.1; https://gifttovoices.click"
151.106.12.246 - - [22/Nov/2024:18:48:27 -0800] "GET / HTTP/1.0" 301 - "http://gifttovoices.click/" "Mozilla/5.0 (Windows NT 10.0.0; Win64; x64; ) AppleWebKit/537.36 (KHTML, like Gecko) Chrome/124.0.6367.91 Chrome/124.0.6367.91 Not-A.Brand/99 Safari/537.36"
151.106.12.246 - - [22/Nov/2024:18:48:29 -0800] "GET / HTTP/1.0" 200 376066 "https://gifttovoices.click/" "Mozilla/5.0 (Windows NT 10.0.0; Win64; x64; ) AppleWebKit/537.36 (KHTML, like Gecko) Chrome/124.0.6367.91 Chrome/124.0.6367.91 Not-A.Brand/99 Safari/537.36"
151.106.12.246 - - [22/Nov/2024:18:48:32 -0800] "GET /contact-2/ HTTP/1.0" 200 306278 "https://gifttovoices.click/contact-2/" "Mozilla/5.0 (Windows NT 10.0.0; Win64; x64; ) AppleWebKit/537.36 (KHTML, like Gecko) Chrome/124.0.6367.91 Chrome/124.0.6367.91 Not-A.Brand/99 Safari/537.36"
151.106.12.246 - - [22/Nov/2024:18:48:34 -0800] "POST /wp-admin/admin-ajax.php HTTP/1.0" 400 1 "https://gifttovoices.click/contact-2/" "Mozilla/5.0 (Windows NT 10.0.0; Win64; x64; ) AppleWebKit/537.36 (KHTML, like Gecko) Chrome/124.0.6367.91 Chrome/124.0.6367.91 Not-A.Brand/99 Safari/537.36"
209.182.200.39 - - [22/Nov/2024:19:06:18 -0800] "POST /wp-cron.php?doing_wp_cron=1732331178.4645140171051025390625 HTTP/1.0" 200 - "-" "WordPress/6.7.1; https://gifttovoices.click"
157.55.39.11 - - [22/Nov/2024:19:06:17 -0800] "GET /listings/business-category/fashion/ HTTP/1.0" 200 284787 "-" "Mozilla/5.0 AppleWebKit/537.36 (KHTML, like Gecko; compatible; bingbot/2.0; +http://www.bing.com/bingbot.htm) Chrome/116.0.1938.76 Safari/537.36"
