209.182.200.39 - - [22/Nov/2024:10:10:15 -0800] "POST /wp-cron.php?doing_wp_cron=1732299015.0947790145874023437500 HTTP/1.0" 403 228 "-" "WordPress/6.6.2; https://live2news.com"
209.182.200.39 - - [22/Nov/2024:10:10:15 -0800] "GET /wp-content/themes/newscore/assets/images/login-logo.png HTTP/1.0" 200 5193 "-" "-"
57.141.0.12 - - [22/Nov/2024:10:10:14 -0800] "GET /wp-login.php?redirect_to=https%3A%2F%2Flive2news.com%2Fwhat-nvidias-dow-inclusion-means-for-the-chipmaker-according-to-history%2F HTTP/1.0" 200 7044 "-" "meta-externalagent/1.1 (+https://developers.facebook.com/docs/sharing/webmasters/crawler)"
57.141.0.3 - - [22/Nov/2024:10:11:21 -0800] "GET /wp-json/oembed/1.0/embed?url=https%3A%2F%2Flive2news.com%2Fchoco-mucho-makes-quick-work-of-galeries-tower%2F HTTP/1.0" 200 - "-" "meta-externalagent/1.1 (+https://developers.facebook.com/docs/sharing/webmasters/crawler)"
57.141.0.25 - - [22/Nov/2024:10:12:03 -0800] "GET /wp-json/oembed/1.0/embed?url=https%3A%2F%2Flive2news.com%2Fliverpool-2-0-rb-leipzig-player-ratings-thiago-stars%2F HTTP/1.0" 200 - "-" "meta-externalagent/1.1 (+https://developers.facebook.com/docs/sharing/webmasters/crawler)"
17.241.227.48 - - [22/Nov/2024:10:12:04 -0800] "GET /tourists-disappointed-at-ugly-substitute-for-one-of-italys-most-famous-attractions-3/ HTTP/1.0" 200 - "-" "Mozilla/5.0 (Macintosh; Intel Mac OS X 10_15_7) AppleWebKit/605.1.15 (KHTML, like Gecko) Version/17.4 Safari/605.1.15 (Applebot/0.1; +http://www.apple.com/go/applebot)"
208.92.218.66 - - [22/Nov/2024:10:12:10 -0800] "GET /feed/ HTTP/1.0" 200 - "-" "Mozilla/5.0 (Windows NT 10.0; Win64; x64) AppleWebKit/537.36 (KHTML, like Gecko) Chrome/70.0.3538.102 Safari/537.36"
57.141.0.26 - - [22/Nov/2024:10:12:27 -0800] "GET /wp-json/wp/v2/posts/169467 HTTP/1.0" 200 - "-" "meta-externalagent/1.1 (+https://developers.facebook.com/docs/sharing/webmasters/crawler)"
17.241.75.98 - - [22/Nov/2024:10:12:41 -0800] "GET /russia-open-to-hearing-trumps-proposals-for-ending-the-war-an-official-says-national/ HTTP/1.0" 200 - "-" "Mozilla/5.0 (Macintosh; Intel Mac OS X 10_15_7) AppleWebKit/605.1.15 (KHTML, like Gecko) Version/17.4 Safari/605.1.15 (Applebot/0.1; +http://www.apple.com/go/applebot)"
208.92.218.66 - - [22/Nov/2024:10:12:41 -0800] "GET /feed/ HTTP/1.0" 200 - "-" "Mozilla/5.0 (Windows NT 10.0; Win64; x64) AppleWebKit/537.36 (KHTML, like Gecko) Chrome/70.0.3538.102 Safari/537.36"
17.241.227.105 - - [22/Nov/2024:10:12:42 -0800] "GET /denny-hamlin-confirms-23xi-might-not-be-racing-in-2025-its-tbd/ HTTP/1.0" 200 - "-" "Mozilla/5.0 (Macintosh; Intel Mac OS X 10_15_7) AppleWebKit/605.1.15 (KHTML, like Gecko) Version/17.4 Safari/605.1.15 (Applebot/0.1; +http://www.apple.com/go/applebot)"
209.182.200.39 - - [22/Nov/2024:10:12:47 -0800] "POST /wp-cron.php?doing_wp_cron=1732299167.5137300491333007812500 HTTP/1.0" 403 228 "-" "WordPress/6.6.2; https://live2news.com"
209.182.200.39 - - [22/Nov/2024:10:12:47 -0800] "GET /wp-content/themes/newscore/assets/images/login-logo.png HTTP/1.0" 200 5193 "-" "-"
57.141.0.15 - - [22/Nov/2024:10:12:46 -0800] "GET /wp-login.php?redirect_to=https%3A%2F%2Flive2news.com%2Farteta-frustrated-by-arsenals-loss-to-newcastle%2F HTTP/1.0" 200 7020 "-" "meta-externalagent/1.1 (+https://developers.facebook.com/docs/sharing/webmasters/crawler)"
216.244.66.249 - - [22/Nov/2024:10:13:43 -0800] "GET /xander-zayas-has-always-been-a-star-pupil/ HTTP/1.0" 200 - "-" "Mozilla/5.0 (compatible; DotBot/1.2; +https://opensiteexplorer.org/dotbot; help@moz.com)"
216.244.66.249 - - [22/Nov/2024:10:13:55 -0800] "GET /martin-odegaard-backs-arsenal-for-big-season-were-going-to-come-back-even-more-motivated-and-hungry/ HTTP/1.0" 200 - "-" "Mozilla/5.0 (compatible; DotBot/1.2; +https://opensiteexplorer.org/dotbot; help@moz.com)"
216.244.66.249 - - [22/Nov/2024:10:14:25 -0800] "GET /european-central-bank-holds-interest-rates-hints-at-cut-ahead/ HTTP/1.0" 200 - "-" "Mozilla/5.0 (compatible; DotBot/1.2; +https://opensiteexplorer.org/dotbot; help@moz.com)"
208.92.218.66 - - [22/Nov/2024:10:14:41 -0800] "GET /feed/ HTTP/1.0" 200 - "-" "Mozilla/5.0 (Windows NT 10.0; Win64; x64) AppleWebKit/537.36 (KHTML, like Gecko) Chrome/70.0.3538.102 Safari/537.36"
57.141.0.17 - - [22/Nov/2024:10:14:59 -0800] "GET /wp-json/wp/v2/posts/26750 HTTP/1.0" 200 - "-" "meta-externalagent/1.1 (+https://developers.facebook.com/docs/sharing/webmasters/crawler)"
57.141.0.7 - - [22/Nov/2024:10:15:16 -0800] "GET /wp-json/oembed/1.0/embed?url=https%3A%2F%2Flive2news.com%2Fhuge-loss-fire-destroys-band-office-in-northern-ontario-first-nation%2F HTTP/1.0" 200 - "-" "meta-externalagent/1.1 (+https://developers.facebook.com/docs/sharing/webmasters/crawler)"
216.244.66.249 - - [22/Nov/2024:10:15:19 -0800] "GET /category/sports/page/105/ HTTP/1.0" 200 - "-" "Mozilla/5.0 (compatible; DotBot/1.2; +https://opensiteexplorer.org/dotbot; help@moz.com)"
208.92.218.66 - - [22/Nov/2024:10:15:26 -0800] "GET /feed/ HTTP/1.0" 200 - "-" "Mozilla/5.0 (Windows NT 10.0; Win64; x64) AppleWebKit/537.36 (KHTML, like Gecko) Chrome/70.0.3538.102 Safari/537.36"
216.244.66.249 - - [22/Nov/2024:10:15:26 -0800] "GET /category/sports/page/154/ HTTP/1.0" 200 - "-" "Mozilla/5.0 (compatible; DotBot/1.2; +https://opensiteexplorer.org/dotbot; help@moz.com)"
57.141.0.10 - - [22/Nov/2024:10:15:30 -0800] "GET /sikh-short-movie-to-get-hollywood-remake/ HTTP/1.0" 200 - "-" "meta-externalagent/1.1 (+https://developers.facebook.com/docs/sharing/webmasters/crawler)"
57.141.0.27 - - [22/Nov/2024:10:16:00 -0800] "GET /?p=29062 HTTP/1.0" 200 - "-" "meta-externalagent/1.1 (+https://developers.facebook.com/docs/sharing/webmasters/crawler)"
209.182.200.39 - - [22/Nov/2024:10:16:07 -0800] "POST /wp-cron.php?doing_wp_cron=1732299367.1889948844909667968750 HTTP/1.0" 403 228 "-" "WordPress/6.6.2; https://live2news.com"
209.182.200.39 - - [22/Nov/2024:10:16:07 -0800] "GET /wp-content/themes/newscore/assets/images/login-logo.png HTTP/1.0" 200 5193 "-" "-"
57.141.0.20 - - [22/Nov/2024:10:16:05 -0800] "GET /wp-login.php?redirect_to=https%3A%2F%2Flive2news.com%2Fapple-exploring-personal-home-robots-report%2F HTTP/1.0" 200 7016 "-" "meta-externalagent/1.1 (+https://developers.facebook.com/docs/sharing/webmasters/crawler)"
57.141.0.23 - - [22/Nov/2024:10:16:10 -0800] "GET /wp-json/oembed/1.0/embed?url=https%3A%2F%2Flive2news.com%2Fsouthern-california-hit-by-strong-winds-red-flag-warnings%2F HTTP/1.0" 200 - "-" "meta-externalagent/1.1 (+https://developers.facebook.com/docs/sharing/webmasters/crawler)"
216.244.66.249 - - [22/Nov/2024:10:16:12 -0800] "GET /author/f6a0b6e93b7ad67d8d9bbedcebf999a1/page/7/ HTTP/1.0" 200 - "-" "Mozilla/5.0 (compatible; DotBot/1.2; +https://opensiteexplorer.org/dotbot; help@moz.com)"
216.244.66.249 - - [22/Nov/2024:10:16:13 -0800] "GET /category/sports/page/119/ HTTP/1.0" 200 - "-" "Mozilla/5.0 (compatible; DotBot/1.2; +https://opensiteexplorer.org/dotbot; help@moz.com)"
216.244.66.249 - - [22/Nov/2024:10:16:14 -0800] "GET /fans-and-pundits-react-to-england-win/ HTTP/1.0" 200 - "-" "Mozilla/5.0 (compatible; DotBot/1.2; +https://opensiteexplorer.org/dotbot; help@moz.com)"
216.244.66.249 - - [22/Nov/2024:10:16:50 -0800] "GET /man-jailed-after-attacking-police-officers-in-northampton/ HTTP/1.0" 200 - "-" "Mozilla/5.0 (compatible; DotBot/1.2; +https://opensiteexplorer.org/dotbot; help@moz.com)"
209.182.200.39 - - [22/Nov/2024:10:16:52 -0800] "GET /wp-content/themes/newscore/assets/images/login-logo.png HTTP/1.0" 200 5193 "-" "-"
57.141.0.12 - - [22/Nov/2024:10:16:51 -0800] "GET /wp-login.php?redirect_to=https%3A%2F%2Flive2news.com%2Fflair-airlines-website-faces-service-interruption-preventing-booking%2F HTTP/1.0" 200 7041 "-" "meta-externalagent/1.1 (+https://developers.facebook.com/docs/sharing/webmasters/crawler)"
57.141.0.13 - - [22/Nov/2024:10:17:01 -0800] "GET /wp-json/oembed/1.0/embed?url=https%3A%2F%2Flive2news.com%2Ffamilys-relief-as-missing-lancashire-man-found-in-tenerife%2F HTTP/1.0" 200 - "-" "meta-externalagent/1.1 (+https://developers.facebook.com/docs/sharing/webmasters/crawler)"
216.244.66.249 - - [22/Nov/2024:10:17:20 -0800] "GET /author/admin/page/137/ HTTP/1.0" 200 - "-" "Mozilla/5.0 (compatible; DotBot/1.2; +https://opensiteexplorer.org/dotbot; help@moz.com)"
216.244.66.249 - - [22/Nov/2024:10:17:21 -0800] "GET /glastonbury-festival-2024-to-celebrate-annie-nightingale/ HTTP/1.0" 200 - "-" "Mozilla/5.0 (compatible; DotBot/1.2; +https://opensiteexplorer.org/dotbot; help@moz.com)"
57.141.0.24 - - [22/Nov/2024:10:17:36 -0800] "GET /investors-flock-to-two-year-u-s-german-bond-auctions-but-for-different-reasons/ HTTP/1.0" 200 - "-" "meta-externalagent/1.1 (+https://developers.facebook.com/docs/sharing/webmasters/crawler)"
208.92.218.66 - - [22/Nov/2024:10:18:31 -0800] "GET /feed/ HTTP/1.0" 200 - "-" "Mozilla/5.0 (Windows NT 10.0; Win64; x64) AppleWebKit/537.36 (KHTML, like Gecko) Chrome/70.0.3538.102 Safari/537.36"
208.92.218.66 - - [22/Nov/2024:10:19:13 -0800] "GET /feed/ HTTP/1.0" 200 - "-" "Mozilla/5.0 (Windows NT 10.0; Win64; x64) AppleWebKit/537.36 (KHTML, like Gecko) Chrome/70.0.3538.102 Safari/537.36"
208.92.218.66 - - [22/Nov/2024:10:19:35 -0800] "GET /feed/ HTTP/1.0" 200 - "-" "Mozilla/5.0 (Windows NT 10.0; Win64; x64) AppleWebKit/537.36 (KHTML, like Gecko) Chrome/70.0.3538.102 Safari/537.36"
208.92.218.66 - - [22/Nov/2024:10:19:42 -0800] "GET /feed/ HTTP/1.0" 200 - "-" "Mozilla/5.0 (Windows NT 10.0; Win64; x64) AppleWebKit/537.36 (KHTML, like Gecko) Chrome/70.0.3538.102 Safari/537.36"
208.92.218.66 - - [22/Nov/2024:10:19:49 -0800] "GET /feed/ HTTP/1.0" 200 - "-" "Mozilla/5.0 (Windows NT 10.0; Win64; x64) AppleWebKit/537.36 (KHTML, like Gecko) Chrome/70.0.3538.102 Safari/537.36"
114.119.141.201 - - [22/Nov/2024:10:20:19 -0800] "GET /trump-blasted-in-new-court-filing-amid-fight-to-have-judge-recused/ HTTP/1.0" 200 - "https://live2news.com/video-shows-kentucky-student-go-flying-during-tornado-warning/" "Mozilla/5.0 (Linux; Android 7.0;) AppleWebKit/537.36 (KHTML, like Gecko) Mobile Safari/537.36 (compatible; PetalBot;+https://webmaster.petalsearch.com/site/petalbot)"
57.141.0.11 - - [22/Nov/2024:10:20:26 -0800] "GET /ryan-seacrests-rep-shares-sad-update-about-his-relationship/ HTTP/1.0" 200 - "-" "meta-externalagent/1.1 (+https://developers.facebook.com/docs/sharing/webmasters/crawler)"
208.92.218.66 - - [22/Nov/2024:10:21:40 -0800] "GET /feed/ HTTP/1.0" 200 - "-" "Mozilla/5.0 (Windows NT 10.0; Win64; x64) AppleWebKit/537.36 (KHTML, like Gecko) Chrome/70.0.3538.102 Safari/537.36"
209.182.200.39 - - [22/Nov/2024:10:21:47 -0800] "POST /wp-cron.php?doing_wp_cron=1732299707.1850769519805908203125 HTTP/1.0" 403 228 "-" "WordPress/6.6.2; https://live2news.com"
209.182.200.39 - - [22/Nov/2024:10:21:47 -0800] "GET /wp-content/themes/newscore/assets/images/login-logo.png HTTP/1.0" 200 5193 "-" "-"
114.119.132.18 - - [22/Nov/2024:10:21:43 -0800] "GET /wp-login.php?action=register HTTP/1.0" 200 4617 "https://live2news.com/realme-12x-5g-with-mediatek-dimensity-6100-soc-air-gestures-launched-in-india-price-specifications/" "Mozilla/5.0 (Linux; Android 7.0;) AppleWebKit/537.36 (KHTML, like Gecko) Mobile Safari/537.36 (compatible; PetalBot;+https://webmaster.petalsearch.com/site/petalbot)"
57.141.0.9 - - [22/Nov/2024:10:22:27 -0800] "GET /?p=42376 HTTP/1.0" 200 - "-" "meta-externalagent/1.1 (+https://developers.facebook.com/docs/sharing/webmasters/crawler)"
114.119.160.248 - - [22/Nov/2024:10:23:08 -0800] "GET /author/by_lewis_adams/ HTTP/1.0" 200 - "https://live2news.com/stephen-bear-ordered-to-pay-27k-over-sex-tape/" "Mozilla/5.0 (Linux; Android 7.0;) AppleWebKit/537.36 (KHTML, like Gecko) Mobile Safari/537.36 (compatible; PetalBot;+https://webmaster.petalsearch.com/site/petalbot)"
57.141.0.10 - - [22/Nov/2024:10:23:53 -0800] "GET /golds-latest-allure-its-sanctions-proof/ HTTP/1.0" 200 - "-" "meta-externalagent/1.1 (+https://developers.facebook.com/docs/sharing/webmasters/crawler)"
57.141.0.19 - - [22/Nov/2024:10:24:00 -0800] "GET /wp-json/oembed/1.0/embed?url=https%3A%2F%2Flive2news.com%2Fquestions-remain-after-walmart-workers-mysterious-death-in-bakery-oven%2F HTTP/1.0" 200 - "-" "meta-externalagent/1.1 (+https://developers.facebook.com/docs/sharing/webmasters/crawler)"
57.141.0.30 - - [22/Nov/2024:10:24:13 -0800] "GET /?p=43693 HTTP/1.0" 200 - "-" "meta-externalagent/1.1 (+https://developers.facebook.com/docs/sharing/webmasters/crawler)"
114.119.141.201 - - [22/Nov/2024:10:24:33 -0800] "GET /arizona-diamondbacks-make-history-with-record-breaking-opening-day-victory/ HTTP/1.0" 200 - "https://live2news.com/is-vanna-white-married-her-road-to-the-alter-explained/" "Mozilla/5.0 (Linux; Android 7.0;) AppleWebKit/537.36 (KHTML, like Gecko) Mobile Safari/537.36 (compatible; PetalBot;+https://webmaster.petalsearch.com/site/petalbot)"
114.119.155.64 - - [22/Nov/2024:10:25:57 -0800] "GET /argentina-delays-payments-to-imf-until-april-30-mercopress/ HTTP/1.0" 200 - "https://live2news.com/vanessa-sarno-nears-paris-olympics/" "Mozilla/5.0 (Linux; Android 7.0;) AppleWebKit/537.36 (KHTML, like Gecko) Mobile Safari/537.36 (compatible; PetalBot;+https://webmaster.petalsearch.com/site/petalbot)"
209.182.200.39 - - [22/Nov/2024:10:26:54 -0800] "POST /wp-cron.php?doing_wp_cron=1732300014.1970760822296142578125 HTTP/1.0" 200 - "-" "WordPress/6.6.2; https://live2news.com"
121.40.58.137 - - [22/Nov/2024:10:26:50 -0800] "GET /wp-login.php HTTP/1.0" 302 - "-" "Mozilla/5.0 (X11; Fedora; Linux x86_64; rv:89.0) Gecko/20100101 Firefox/89.0"
209.182.200.39 - - [22/Nov/2024:10:26:57 -0800] "GET /wp-content/themes/newscore/assets/images/login-logo.png HTTP/1.0" 200 5193 "-" "-"
121.40.58.137 - - [22/Nov/2024:10:26:54 -0800] "GET /wp-login.php HTTP/1.0" 200 7512 "http://live2news.com/wp-login.php" "Mozilla/5.0 (X11; Fedora; Linux x86_64; rv:89.0) Gecko/20100101 Firefox/89.0"
121.40.58.137 - - [22/Nov/2024:10:26:58 -0800] "GET ///?author=1 HTTP/1.0" 200 - "-" "Mozilla/5.0 (X11; Fedora; Linux x86_64; rv:89.0) Gecko/20100101 Firefox/89.0"
121.40.58.137 - - [22/Nov/2024:10:26:59 -0800] "GET ///wp-json/wp/v2/users/ HTTP/1.0" 200 - "-" "Mozilla/5.0 (X11; Fedora; Linux x86_64; rv:89.0) Gecko/20100101 Firefox/89.0"
209.182.200.39 - - [22/Nov/2024:10:27:09 -0800] "GET /wp-json/jetpack/v4/sync/spawn-sync?time=1732300029 HTTP/1.0" 200 - "-" "WordPress/6.6.2; https://live2news.com"
114.119.156.185 - - [22/Nov/2024:10:27:23 -0800] "GET /7-things-you-didnt-know-about-the-fabulously-colourful-holi-festival-3/ HTTP/1.0" 200 - "https://live2news.com/what-is-isis-k-and-why-has-it-attacked-russia/" "Mozilla/5.0 (Linux; Android 7.0;) AppleWebKit/537.36 (KHTML, like Gecko) Mobile Safari/537.36 (compatible; PetalBot;+https://webmaster.petalsearch.com/site/petalbot)"
57.141.0.7 - - [22/Nov/2024:10:27:35 -0800] "GET /wp-json/wp/v2/posts/43682 HTTP/1.0" 200 - "-" "meta-externalagent/1.1 (+https://developers.facebook.com/docs/sharing/webmasters/crawler)"
208.92.218.66 - - [22/Nov/2024:10:27:40 -0800] "GET /feed/ HTTP/1.0" 200 - "-" "Mozilla/5.0 (Windows NT 10.0; Win64; x64) AppleWebKit/537.36 (KHTML, like Gecko) Chrome/70.0.3538.102 Safari/537.36"
57.141.0.26 - - [22/Nov/2024:10:27:50 -0800] "GET /wp-json/oembed/1.0/embed?url=https%3A%2F%2Flive2news.com%2Fkelowna-farmers-and-crafters-market-opens-season-in-new-home-okanagan%2F HTTP/1.0" 200 - "-" "meta-externalagent/1.1 (+https://developers.facebook.com/docs/sharing/webmasters/crawler)"
5.255.231.11 - - [22/Nov/2024:10:28:18 -0800] "GET /robots.txt HTTP/1.0" 200 67 "-" "Mozilla/5.0 (compatible; YandexBot/3.0; +http://yandex.com/bots)"
95.108.213.172 - - [22/Nov/2024:10:28:19 -0800] "GET /page-sitemap.xml HTTP/1.0" 200 161708 "-" "Mozilla/5.0 (compatible; YandexBot/3.0; +http://yandex.com/bots)"
213.180.203.201 - - [22/Nov/2024:10:28:19 -0800] "GET /man-installing-christmas-lights-in-escondido-dies-after-being-electrocuted/ HTTP/1.0" 200 - "-" "Mozilla/5.0 (compatible; YandexBot/3.0; +http://yandex.com/bots)"
209.182.200.39 - - [22/Nov/2024:10:28:31 -0800] "POST /wp-cron.php?doing_wp_cron=1732300111.1706120967864990234375 HTTP/1.0" 403 228 "-" "WordPress/6.6.2; https://live2news.com"
209.182.200.39 - - [22/Nov/2024:10:28:31 -0800] "GET /wp-content/themes/newscore/assets/images/login-logo.png HTTP/1.0" 200 5193 "-" "-"
57.141.0.19 - - [22/Nov/2024:10:28:25 -0800] "GET /wp-login.php?redirect_to=https%3A%2F%2Flive2news.com%2Ftourists-disappointed-at-ugly-substitute-for-one-of-italys-most-famous-attractions-4%2F HTTP/1.0" 200 7057 "-" "meta-externalagent/1.1 (+https://developers.facebook.com/docs/sharing/webmasters/crawler)"
209.182.200.39 - - [22/Nov/2024:10:28:40 -0800] "GET /wp-content/themes/newscore/assets/images/login-logo.png HTTP/1.0" 200 5193 "-" "-"
57.141.0.10 - - [22/Nov/2024:10:28:38 -0800] "GET /wp-login.php?redirect_to=https%3A%2F%2Flive2news.com%2Faward-winning-artist-learned-to-paint-in-prison%2F HTTP/1.0" 200 7020 "-" "meta-externalagent/1.1 (+https://developers.facebook.com/docs/sharing/webmasters/crawler)"
17.241.75.184 - - [22/Nov/2024:10:28:44 -0800] "GET /nina-dobrevs-engaged-to-shaun-white-its-about-damn-time/ HTTP/1.0" 200 - "-" "Mozilla/5.0 (Macintosh; Intel Mac OS X 10_15_7) AppleWebKit/605.1.15 (KHTML, like Gecko) Version/17.4 Safari/605.1.15 (Applebot/0.1; +http://www.apple.com/go/applebot)"
114.119.132.18 - - [22/Nov/2024:10:28:48 -0800] "GET /anupama-upadhyaya-m-tharun-claim-kazakhstan-international-challenge-title/ HTTP/1.0" 200 - "https://live2news.com/manchester-united-fan-who-cried-at-fa-cup-win-over-liverpool-meets-heroes/" "Mozilla/5.0 (Linux; Android 7.0;) AppleWebKit/537.36 (KHTML, like Gecko) Mobile Safari/537.36 (compatible; PetalBot;+https://webmaster.petalsearch.com/site/petalbot)"
17.241.227.117 - - [22/Nov/2024:10:28:48 -0800] "GET /mental-fatigue-linked-to-heightened-cravings-and-unhealthy-choices-study-shows/ HTTP/1.0" 200 - "-" "Mozilla/5.0 (Macintosh; Intel Mac OS X 10_15_7) AppleWebKit/605.1.15 (KHTML, like Gecko) Version/17.4 Safari/605.1.15 (Applebot/0.1; +http://www.apple.com/go/applebot)"
17.241.75.250 - - [22/Nov/2024:10:28:59 -0800] "GET /sports-minister-announces-final-leg-of-preparations-for-team-nigeria/ HTTP/1.0" 200 - "-" "Mozilla/5.0 (Macintosh; Intel Mac OS X 10_15_7) AppleWebKit/605.1.15 (KHTML, like Gecko) Version/17.4 Safari/605.1.15 (Applebot/0.1; +http://www.apple.com/go/applebot)"
57.141.0.19 - - [22/Nov/2024:10:29:36 -0800] "GET /ryan-seacrests-rep-shares-sad-update-about-his-relationship/ HTTP/1.0" 200 - "-" "meta-externalagent/1.1 (+https://developers.facebook.com/docs/sharing/webmasters/crawler)"
57.141.0.15 - - [22/Nov/2024:10:29:49 -0800] "GET /wp-json/oembed/1.0/embed?url=https%3A%2F%2Flive2news.com%2Fflight-delays-worse-than-before-pandemic-despite-surge-in-fares%2F HTTP/1.0" 200 - "-" "meta-externalagent/1.1 (+https://developers.facebook.com/docs/sharing/webmasters/crawler)"
208.92.218.66 - - [22/Nov/2024:10:29:56 -0800] "GET /feed/ HTTP/1.0" 200 - "-" "Mozilla/5.0 (Windows NT 10.0; Win64; x64) AppleWebKit/537.36 (KHTML, like Gecko) Chrome/70.0.3538.102 Safari/537.36"
57.141.0.12 - - [22/Nov/2024:10:31:01 -0800] "GET /wp-json/oembed/1.0/embed?url=https%3A%2F%2Flive2news.com%2Flava-blaze-curve-5g-india-price-range-leaked-tipped-to-run-on-mediatek-dimensity-7050-soc%2F HTTP/1.0" 200 - "-" "meta-externalagent/1.1 (+https://developers.facebook.com/docs/sharing/webmasters/crawler)"
57.141.0.17 - - [22/Nov/2024:10:31:07 -0800] "GET /wp-json/oembed/1.0/embed?url=https%3A%2F%2Flive2news.com%2Fdonald-trump-wants-to-deport-prince-harry%2F HTTP/1.0" 200 - "-" "meta-externalagent/1.1 (+https://developers.facebook.com/docs/sharing/webmasters/crawler)"
17.241.219.239 - - [22/Nov/2024:10:31:16 -0800] "GET /qualification-thrills-on-the-opening-day/ HTTP/1.0" 200 - "-" "Mozilla/5.0 (Macintosh; Intel Mac OS X 10_15_7) AppleWebKit/605.1.15 (KHTML, like Gecko) Version/17.4 Safari/605.1.15 (Applebot/0.1; +http://www.apple.com/go/applebot)"
57.141.0.16 - - [22/Nov/2024:10:31:34 -0800] "GET /ryan-seacrests-rep-shares-sad-update-about-his-relationship/ HTTP/1.0" 200 - "-" "meta-externalagent/1.1 (+https://developers.facebook.com/docs/sharing/webmasters/crawler)"
57.141.0.10 - - [22/Nov/2024:10:31:39 -0800] "GET /?p=35855 HTTP/1.0" 200 - "-" "meta-externalagent/1.1 (+https://developers.facebook.com/docs/sharing/webmasters/crawler)"
209.182.200.39 - - [22/Nov/2024:10:31:45 -0800] "POST /wp-cron.php?doing_wp_cron=1732300305.9228401184082031250000 HTTP/1.0" 403 228 "-" "WordPress/6.6.2; https://live2news.com"
209.182.200.39 - - [22/Nov/2024:10:31:46 -0800] "GET /wp-content/themes/newscore/assets/images/login-logo.png HTTP/1.0" 200 5193 "-" "-"
57.141.0.24 - - [22/Nov/2024:10:31:44 -0800] "GET /wp-login.php?redirect_to=https%3A%2F%2Flive2news.com%2Fcaptured-russian-soldier-says-north-koreans-opened-fire-on-his-unit%2F HTTP/1.0" 200 7040 "-" "meta-externalagent/1.1 (+https://developers.facebook.com/docs/sharing/webmasters/crawler)"
57.141.0.18 - - [22/Nov/2024:10:33:18 -0800] "GET /wp-json/oembed/1.0/embed?url=https%3A%2F%2Flive2news.com%2Fsnowfall-warning-in-effect-for-east-vancouver-island-bc%2F HTTP/1.0" 200 - "-" "meta-externalagent/1.1 (+https://developers.facebook.com/docs/sharing/webmasters/crawler)"
209.182.200.39 - - [22/Nov/2024:10:34:27 -0800] "POST /wp-cron.php?doing_wp_cron=1732300467.7318649291992187500000 HTTP/1.0" 403 228 "-" "WordPress/6.6.2; https://live2news.com"
209.182.200.39 - - [22/Nov/2024:10:34:27 -0800] "GET /wp-content/themes/newscore/assets/images/login-logo.png HTTP/1.0" 200 5193 "-" "-"
57.141.0.21 - - [22/Nov/2024:10:34:26 -0800] "GET /wp-login.php?redirect_to=https%3A%2F%2Flive2news.com%2Fu-s-election-week-data-and-earnings%2F HTTP/1.0" 200 7008 "-" "meta-externalagent/1.1 (+https://developers.facebook.com/docs/sharing/webmasters/crawler)"
57.141.0.20 - - [22/Nov/2024:10:34:28 -0800] "GET /wp-json/oembed/1.0/embed?url=https%3A%2F%2Flive2news.com%2Ftop-3-weekend-matches-to-enjoy-with-a-huge-paripesa-bonus%2F HTTP/1.0" 200 - "-" "meta-externalagent/1.1 (+https://developers.facebook.com/docs/sharing/webmasters/crawler)"
57.141.0.14 - - [22/Nov/2024:10:34:39 -0800] "GET /wp-json/oembed/1.0/embed?url=https%3A%2F%2Flive2news.com%2Fpedestrian-dies-following-road-crash-in-crossmaglen%2F HTTP/1.0" 200 - "-" "meta-externalagent/1.1 (+https://developers.facebook.com/docs/sharing/webmasters/crawler)"
57.141.0.30 - - [22/Nov/2024:10:35:05 -0800] "GET /wp-json/wp/v2/posts/168368 HTTP/1.0" 200 - "-" "meta-externalagent/1.1 (+https://developers.facebook.com/docs/sharing/webmasters/crawler)"
114.119.160.248 - - [22/Nov/2024:10:35:54 -0800] "GET /cristiano-ronaldo-sees-red-as-al-nassr-exit-saudi-super-cup/ HTTP/1.0" 200 - "https://live2news.com/scandal-shadows-andrew-dos-final-year-on-the-o-c-board-of-supervisors/" "Mozilla/5.0 (Linux; Android 7.0;) AppleWebKit/537.36 (KHTML, like Gecko) Mobile Safari/537.36 (compatible; PetalBot;+https://webmaster.petalsearch.com/site/petalbot)"
57.141.0.16 - - [22/Nov/2024:10:35:59 -0800] "GET /wp-json/oembed/1.0/embed?url=https%3A%2F%2Flive2news.com%2Fhow-to-watch-man-city-vs-aston-villa-premier-league-live-stream-online-tv-channel-prediction-and-odds%2F HTTP/1.0" 200 - "-" "meta-externalagent/1.1 (+https://developers.facebook.com/docs/sharing/webmasters/crawler)"
57.141.0.11 - - [22/Nov/2024:10:36:29 -0800] "GET /wp-json/oembed/1.0/embed?url=https%3A%2F%2Flive2news.com%2Fwhat-european-housing-models-could-do-for-canadas-affordability-problems-national%2F HTTP/1.0" 200 - "-" "meta-externalagent/1.1 (+https://developers.facebook.com/docs/sharing/webmasters/crawler)"
208.92.218.66 - - [22/Nov/2024:10:36:41 -0800] "GET /feed/ HTTP/1.0" 200 - "-" "Mozilla/5.0 (Windows NT 10.0; Win64; x64) AppleWebKit/537.36 (KHTML, like Gecko) Chrome/70.0.3538.102 Safari/537.36"
57.141.0.13 - - [22/Nov/2024:10:37:05 -0800] "GET /wp-json/oembed/1.0/embed?url=https%3A%2F%2Flive2news.com%2Fwhen-was-the-last-time-india-was-whitewashed-at-home%2F HTTP/1.0" 200 - "-" "meta-externalagent/1.1 (+https://developers.facebook.com/docs/sharing/webmasters/crawler)"
209.182.200.39 - - [22/Nov/2024:10:37:05 -0800] "POST /wp-cron.php?doing_wp_cron=1732300625.6505889892578125000000 HTTP/1.0" 403 228 "-" "WordPress/6.6.2; https://live2news.com"
209.182.200.39 - - [22/Nov/2024:10:37:05 -0800] "GET /wp-content/themes/newscore/assets/images/login-logo.png HTTP/1.0" 200 5193 "-" "-"
57.141.0.25 - - [22/Nov/2024:10:37:03 -0800] "GET /wp-login.php?redirect_to=https%3A%2F%2Flive2news.com%2Fflorida-postal-worker-accused-of-throwing-ballot-election-mail-into-woods%2F HTTP/1.0" 200 7046 "-" "meta-externalagent/1.1 (+https://developers.facebook.com/docs/sharing/webmasters/crawler)"
17.241.219.76 - - [22/Nov/2024:10:37:45 -0800] "GET /nasas-mars-perseverance-rover-uncovers-distinct-red-rocks-with-green-spots-at-serpentine-rapids/ HTTP/1.0" 200 - "-" "Mozilla/5.0 (Macintosh; Intel Mac OS X 10_15_7) AppleWebKit/605.1.15 (KHTML, like Gecko) Version/17.4 Safari/605.1.15 (Applebot/0.1; +http://www.apple.com/go/applebot)"
208.92.218.66 - - [22/Nov/2024:10:38:41 -0800] "GET /feed/ HTTP/1.0" 200 - "-" "Mozilla/5.0 (Windows NT 10.0; Win64; x64) AppleWebKit/537.36 (KHTML, like Gecko) Chrome/70.0.3538.102 Safari/537.36"
216.244.66.249 - - [22/Nov/2024:10:39:00 -0800] "GET /robots.txt HTTP/1.0" 200 66 "-" "Mozilla/5.0 (compatible; DotBot/1.2; +https://opensiteexplorer.org/dotbot; help@moz.com)"
209.182.200.39 - - [22/Nov/2024:10:39:35 -0800] "POST /wp-cron.php?doing_wp_cron=1732300775.8254489898681640625000 HTTP/1.0" 403 228 "-" "WordPress/6.6.2; https://live2news.com"
209.182.200.39 - - [22/Nov/2024:10:39:35 -0800] "GET /wp-content/themes/newscore/assets/images/login-logo.png HTTP/1.0" 200 5193 "-" "-"
57.141.0.20 - - [22/Nov/2024:10:39:34 -0800] "GET /wp-login.php?redirect_to=https%3A%2F%2Flive2news.com%2Fvivo-v29e-price-in-india-has-been-slashed-by-rs-1000-heres-how-much-it-costs-now%2F HTTP/1.0" 200 7053 "-" "meta-externalagent/1.1 (+https://developers.facebook.com/docs/sharing/webmasters/crawler)"
57.141.0.11 - - [22/Nov/2024:10:39:47 -0800] "GET /?p=33341 HTTP/1.0" 200 - "-" "meta-externalagent/1.1 (+https://developers.facebook.com/docs/sharing/webmasters/crawler)"
209.182.200.39 - - [22/Nov/2024:10:39:56 -0800] "GET /wp-content/themes/newscore/assets/images/login-logo.png HTTP/1.0" 200 5193 "-" "-"
57.141.0.12 - - [22/Nov/2024:10:39:56 -0800] "GET /wp-login.php?redirect_to=https%3A%2F%2Flive2news.com%2Fdevastating-bodycam-video-shows-the-moment-deputies-opened-fire-on-15-year-old-with-autism%2F HTTP/1.0" 200 7063 "-" "meta-externalagent/1.1 (+https://developers.facebook.com/docs/sharing/webmasters/crawler)"
17.241.219.101 - - [22/Nov/2024:10:40:00 -0800] "GET /border-gavaskar-trophy-who-won-bgt-2023/ HTTP/1.0" 200 - "-" "Mozilla/5.0 (Macintosh; Intel Mac OS X 10_15_7) AppleWebKit/605.1.15 (KHTML, like Gecko) Version/17.4 Safari/605.1.15 (Applebot/0.1; +http://www.apple.com/go/applebot)"
208.92.218.66 - - [22/Nov/2024:10:40:25 -0800] "GET /feed/ HTTP/1.0" 200 - "-" "Mozilla/5.0 (Windows NT 10.0; Win64; x64) AppleWebKit/537.36 (KHTML, like Gecko) Chrome/70.0.3538.102 Safari/537.36"
208.92.218.66 - - [22/Nov/2024:10:40:57 -0800] "GET /feed/ HTTP/1.0" 200 - "-" "Mozilla/5.0 (Windows NT 10.0; Win64; x64) AppleWebKit/537.36 (KHTML, like Gecko) Chrome/70.0.3538.102 Safari/537.36"
208.92.218.66 - - [22/Nov/2024:10:40:58 -0800] "GET /feed/ HTTP/1.0" 200 - "-" "Mozilla/5.0 (Windows NT 10.0; Win64; x64) AppleWebKit/537.36 (KHTML, like Gecko) Chrome/70.0.3538.102 Safari/537.36"
37.130.40.206 - - [22/Nov/2024:10:41:09 -0800] "GET / HTTP/1.0" 200 - "-" "Mozilla/5.0 (Windows NT 10.0; Win64; x64) AppleWebKit/537.36 (KHTML, like Gecko) Chrome/120.0.0.0 Safari/537.36"
208.92.218.66 - - [22/Nov/2024:10:41:56 -0800] "GET /feed/ HTTP/1.0" 200 - "-" "Mozilla/5.0 (Windows NT 10.0; Win64; x64) AppleWebKit/537.36 (KHTML, like Gecko) Chrome/70.0.3538.102 Safari/537.36"
17.241.75.221 - - [22/Nov/2024:10:42:19 -0800] "GET /magic-all-star-paolo-banchero-out-indefinitely-with-significant-injury/ HTTP/1.0" 200 - "-" "Mozilla/5.0 (Macintosh; Intel Mac OS X 10_15_7) AppleWebKit/605.1.15 (KHTML, like Gecko) Version/17.4 Safari/605.1.15 (Applebot/0.1; +http://www.apple.com/go/applebot)"
17.241.75.221 - - [22/Nov/2024:10:42:20 -0800] "GET /oil-rises-amid-prospects-of-rising-geopolitical-tensions/ HTTP/1.0" 200 - "-" "Mozilla/5.0 (Macintosh; Intel Mac OS X 10_15_7) AppleWebKit/605.1.15 (KHTML, like Gecko) Version/17.4 Safari/605.1.15 (Applebot/0.1; +http://www.apple.com/go/applebot)"
17.241.75.221 - - [22/Nov/2024:10:42:21 -0800] "GET /new-details-about-ex-sheriffs-motive-for-killing-judge-heat-of-passion/ HTTP/1.0" 200 - "-" "Mozilla/5.0 (Macintosh; Intel Mac OS X 10_15_7) AppleWebKit/605.1.15 (KHTML, like Gecko) Version/17.4 Safari/605.1.15 (Applebot/0.1; +http://www.apple.com/go/applebot)"
209.182.200.39 - - [22/Nov/2024:10:42:39 -0800] "POST /wp-cron.php?doing_wp_cron=1732300959.8801488876342773437500 HTTP/1.0" 403 228 "-" "WordPress/6.6.2; https://live2news.com"
209.182.200.39 - - [22/Nov/2024:10:42:39 -0800] "GET /wp-content/themes/newscore/assets/images/login-logo.png HTTP/1.0" 200 5193 "-" "-"
57.141.0.10 - - [22/Nov/2024:10:42:38 -0800] "GET /wp-login.php?redirect_to=https%3A%2F%2Flive2news.com%2Fscottish-premiership-play-offs-raith-rovers-v-partick-thistle%2F HTTP/1.0" 200 7034 "-" "meta-externalagent/1.1 (+https://developers.facebook.com/docs/sharing/webmasters/crawler)"
208.92.218.66 - - [22/Nov/2024:10:42:39 -0800] "GET /feed/ HTTP/1.0" 200 - "-" "Mozilla/5.0 (Windows NT 10.0; Win64; x64) AppleWebKit/537.36 (KHTML, like Gecko) Chrome/70.0.3538.102 Safari/537.36"
208.92.218.66 - - [22/Nov/2024:10:42:53 -0800] "GET /feed/ HTTP/1.0" 200 - "-" "Mozilla/5.0 (Windows NT 10.0; Win64; x64) AppleWebKit/537.36 (KHTML, like Gecko) Chrome/70.0.3538.102 Safari/537.36"
216.244.66.249 - - [22/Nov/2024:10:42:54 -0800] "GET /at-least-15-rescue-workers-killed-in-israeli-strike/ HTTP/1.0" 200 - "-" "Mozilla/5.0 (compatible; DotBot/1.2; +https://opensiteexplorer.org/dotbot; help@moz.com)"
216.244.66.249 - - [22/Nov/2024:10:42:59 -0800] "GET /red-devils-look-for-consistency-ahead-of-ruben-amorim-arrival-2/ HTTP/1.0" 200 - "-" "Mozilla/5.0 (compatible; DotBot/1.2; +https://opensiteexplorer.org/dotbot; help@moz.com)"
57.141.0.1 - - [22/Nov/2024:10:43:01 -0800] "GET /wp-json/oembed/1.0/embed?url=https%3A%2F%2Flive2news.com%2Fsupreme-court-justices-reject-hidden-bombshell-in-arizona-abortion-case%2F HTTP/1.0" 200 - "-" "meta-externalagent/1.1 (+https://developers.facebook.com/docs/sharing/webmasters/crawler)"
216.244.66.249 - - [22/Nov/2024:10:43:04 -0800] "GET /piers-morgan-slams-prince-harry-as-money-grabbing-traitor-2/ HTTP/1.0" 200 - "-" "Mozilla/5.0 (compatible; DotBot/1.2; +https://opensiteexplorer.org/dotbot; help@moz.com)"
216.244.66.249 - - [22/Nov/2024:10:43:07 -0800] "GET /british-teen-hospitalised-after-being-wiped-out-by-a-paraglider-while-eating-at-a-restaurant-in-turkey/ HTTP/1.0" 200 - "-" "Mozilla/5.0 (compatible; DotBot/1.2; +https://opensiteexplorer.org/dotbot; help@moz.com)"
216.244.66.249 - - [22/Nov/2024:10:43:14 -0800] "GET /why-denver-and-the-colorado-rockies-offer-the-perfect-city-mountain-break-2/ HTTP/1.0" 200 - "-" "Mozilla/5.0 (compatible; DotBot/1.2; +https://opensiteexplorer.org/dotbot; help@moz.com)"
216.244.66.249 - - [22/Nov/2024:10:43:18 -0800] "GET /did-earth-once-freeze-completely-new-evidence-found-in-colorado-rocks/ HTTP/1.0" 200 - "-" "Mozilla/5.0 (compatible; DotBot/1.2; +https://opensiteexplorer.org/dotbot; help@moz.com)"
216.244.66.249 - - [22/Nov/2024:10:43:21 -0800] "GET /trial-set-for-u-k-man-accused-of-killing-3-girls-at-taylor-swift-dance-class-national/ HTTP/1.0" 200 - "-" "Mozilla/5.0 (compatible; DotBot/1.2; +https://opensiteexplorer.org/dotbot; help@moz.com)"
216.244.66.249 - - [22/Nov/2024:10:43:24 -0800] "GET /snp-msp-ruth-maguire-to-stand-down-in-2026-after-cancer-diagnosis/ HTTP/1.0" 200 - "-" "Mozilla/5.0 (compatible; DotBot/1.2; +https://opensiteexplorer.org/dotbot; help@moz.com)"
216.244.66.249 - - [22/Nov/2024:10:43:27 -0800] "GET /what-is-bluesky-the-fast-growing-social-platform-welcoming-fleeing-x-users/ HTTP/1.0" 200 - "-" "Mozilla/5.0 (compatible; DotBot/1.2; +https://opensiteexplorer.org/dotbot; help@moz.com)"
216.244.66.249 - - [22/Nov/2024:10:43:29 -0800] "GET /no-frills-us-carrier-spirit-airlines-files-for-bankruptcy-protection/ HTTP/1.0" 200 - "-" "Mozilla/5.0 (compatible; DotBot/1.2; +https://opensiteexplorer.org/dotbot; help@moz.com)"
216.244.66.249 - - [22/Nov/2024:10:43:31 -0800] "GET /packers-christian-watson-reminds-everyone-what-he-can-do/ HTTP/1.0" 200 - "-" "Mozilla/5.0 (compatible; DotBot/1.2; +https://opensiteexplorer.org/dotbot; help@moz.com)"
216.244.66.249 - - [22/Nov/2024:10:43:32 -0800] "GET /mayors-work-may-be-overseen-by-ministerial-envoys/ HTTP/1.0" 200 - "-" "Mozilla/5.0 (compatible; DotBot/1.2; +https://opensiteexplorer.org/dotbot; help@moz.com)"
216.244.66.249 - - [22/Nov/2024:10:43:34 -0800] "GET /californias-most-neglected-special-needs-students-are-the-gifted-ones/ HTTP/1.0" 200 - "-" "Mozilla/5.0 (compatible; DotBot/1.2; +https://opensiteexplorer.org/dotbot; help@moz.com)"
216.244.66.249 - - [22/Nov/2024:10:43:37 -0800] "GET /two-metropolitan-police-officers-charged-with-sexual-assault/ HTTP/1.0" 200 - "-" "Mozilla/5.0 (compatible; DotBot/1.2; +https://opensiteexplorer.org/dotbot; help@moz.com)"
216.244.66.249 - - [22/Nov/2024:10:43:40 -0800] "GET /was-mike-tyson-vs-jake-paul-fight-fixed-leaked-script-on-social-media-suggests/ HTTP/1.0" 200 - "-" "Mozilla/5.0 (compatible; DotBot/1.2; +https://opensiteexplorer.org/dotbot; help@moz.com)"
216.244.66.249 - - [22/Nov/2024:10:43:47 -0800] "GET /mark-halperin-makes-prediction-for-donald-trump-unfathomable-admin-picks/ HTTP/1.0" 200 - "-" "Mozilla/5.0 (compatible; DotBot/1.2; +https://opensiteexplorer.org/dotbot; help@moz.com)"
216.244.66.249 - - [22/Nov/2024:10:43:55 -0800] "GET /billions-at-stake-in-court-battle-over-north-sea-oil-and-gas/ HTTP/1.0" 200 - "-" "Mozilla/5.0 (compatible; DotBot/1.2; +https://opensiteexplorer.org/dotbot; help@moz.com)"
216.244.66.249 - - [22/Nov/2024:10:43:59 -0800] "GET /a-guide-to-choosing-reliable-online-lottery-sites/ HTTP/1.0" 200 - "-" "Mozilla/5.0 (compatible; DotBot/1.2; +https://opensiteexplorer.org/dotbot; help@moz.com)"
216.244.66.249 - - [22/Nov/2024:10:44:00 -0800] "GET /homebuilder-deal-activity-is-surging-fueled-by-major-japanese-buyers/ HTTP/1.0" 200 - "-" "Mozilla/5.0 (compatible; DotBot/1.2; +https://opensiteexplorer.org/dotbot; help@moz.com)"
216.244.66.249 - - [22/Nov/2024:10:44:05 -0800] "GET /zopa-sees-profit-doubling-as-it-eyes-2025-current-account-launch/ HTTP/1.0" 200 - "-" "Mozilla/5.0 (compatible; DotBot/1.2; +https://opensiteexplorer.org/dotbot; help@moz.com)"
216.244.66.249 - - [22/Nov/2024:10:44:14 -0800] "GET /cafwcl-edo-queens-battle-ready-for-egypts-fc-masar-coach-aduku/ HTTP/1.0" 200 - "-" "Mozilla/5.0 (compatible; DotBot/1.2; +https://opensiteexplorer.org/dotbot; help@moz.com)"
216.244.66.249 - - [22/Nov/2024:10:44:20 -0800] "GET /klaasen-redeems-sa-slams-23-in-an-over/ HTTP/1.0" 200 - "-" "Mozilla/5.0 (compatible; DotBot/1.2; +https://opensiteexplorer.org/dotbot; help@moz.com)"
57.141.0.9 - - [22/Nov/2024:10:44:38 -0800] "GET /ryan-seacrests-rep-shares-sad-update-about-his-relationship/ HTTP/1.0" 200 - "-" "meta-externalagent/1.1 (+https://developers.facebook.com/docs/sharing/webmasters/crawler)"
216.244.66.249 - - [22/Nov/2024:10:44:37 -0800] "GET /mohammed-shami-could-feature-in-day-night-test-in-adelaide-but-condition-apply/ HTTP/1.0" 200 - "-" "Mozilla/5.0 (compatible; DotBot/1.2; +https://opensiteexplorer.org/dotbot; help@moz.com)"
216.244.66.249 - - [22/Nov/2024:10:44:44 -0800] "GET /3-teams-that-will-target-ishan-kishan-in-ipl-2025-mega-auction/ HTTP/1.0" 200 - "-" "Mozilla/5.0 (compatible; DotBot/1.2; +https://opensiteexplorer.org/dotbot; help@moz.com)"
216.244.66.249 - - [22/Nov/2024:10:44:46 -0800] "GET /award-for-gosport-police-who-arrested-gunman-after-explosion/ HTTP/1.0" 200 - "-" "Mozilla/5.0 (compatible; DotBot/1.2; +https://opensiteexplorer.org/dotbot; help@moz.com)"
216.244.66.249 - - [22/Nov/2024:10:44:48 -0800] "GET /phoenix-energy-sold-to-hong-kong-billionaire/ HTTP/1.0" 200 - "-" "Mozilla/5.0 (compatible; DotBot/1.2; +https://opensiteexplorer.org/dotbot; help@moz.com)"
57.141.0.21 - - [22/Nov/2024:10:44:50 -0800] "GET /?p=23164 HTTP/1.0" 200 - "-" "meta-externalagent/1.1 (+https://developers.facebook.com/docs/sharing/webmasters/crawler)"
57.141.0.6 - - [22/Nov/2024:10:44:53 -0800] "GET /wp-json/wp/v2/posts/170684 HTTP/1.0" 200 - "-" "meta-externalagent/1.1 (+https://developers.facebook.com/docs/sharing/webmasters/crawler)"
216.244.66.249 - - [22/Nov/2024:10:44:53 -0800] "GET /seal-rescued-after-washing-up-on-cornish-beach-in-st-agnes/ HTTP/1.0" 200 - "-" "Mozilla/5.0 (compatible; DotBot/1.2; +https://opensiteexplorer.org/dotbot; help@moz.com)"
216.244.66.249 - - [22/Nov/2024:10:44:59 -0800] "GET /john-force-racing-fights-through-tragedy-to-keep-dreams-alive-as-team-excels-in-2024/ HTTP/1.0" 200 - "-" "Mozilla/5.0 (compatible; DotBot/1.2; +https://opensiteexplorer.org/dotbot; help@moz.com)"
209.182.200.39 - - [22/Nov/2024:10:45:00 -0800] "POST /wp-cron.php?doing_wp_cron=1732301100.2841799259185791015625 HTTP/1.0" 403 228 "-" "WordPress/6.6.2; https://live2news.com"
209.182.200.39 - - [22/Nov/2024:10:45:00 -0800] "GET /wp-content/themes/newscore/assets/images/login-logo.png HTTP/1.0" 200 5193 "-" "-"
57.141.0.21 - - [22/Nov/2024:10:44:58 -0800] "GET /wp-login.php?redirect_to=https%3A%2F%2Flive2news.com%2Fthe-real-barbie-and-ken-still-going-strong-at-80%2F HTTP/1.0" 200 7021 "-" "meta-externalagent/1.1 (+https://developers.facebook.com/docs/sharing/webmasters/crawler)"
208.92.218.66 - - [22/Nov/2024:10:45:05 -0800] "GET /feed/ HTTP/1.0" 200 - "-" "Mozilla/5.0 (Windows NT 10.0; Win64; x64) AppleWebKit/537.36 (KHTML, like Gecko) Chrome/70.0.3538.102 Safari/537.36"
208.92.218.66 - - [22/Nov/2024:10:45:12 -0800] "GET /feed/ HTTP/1.0" 200 - "-" "Mozilla/5.0 (Windows NT 10.0; Win64; x64) AppleWebKit/537.36 (KHTML, like Gecko) Chrome/70.0.3538.102 Safari/537.36"
208.92.218.66 - - [22/Nov/2024:10:45:45 -0800] "GET /feed/ HTTP/1.0" 200 - "-" "Mozilla/5.0 (Windows NT 10.0; Win64; x64) AppleWebKit/537.36 (KHTML, like Gecko) Chrome/70.0.3538.102 Safari/537.36"
17.241.75.188 - - [22/Nov/2024:10:46:52 -0800] "GET /author/lucy_notarantonio/ HTTP/1.0" 200 - "-" "Mozilla/5.0 (Macintosh; Intel Mac OS X 10_15_7) AppleWebKit/605.1.15 (KHTML, like Gecko) Version/17.4 Safari/605.1.15 (Applebot/0.1; +http://www.apple.com/go/applebot)"
208.92.218.66 - - [22/Nov/2024:10:46:53 -0800] "GET /feed/ HTTP/1.0" 200 - "-" "Mozilla/5.0 (Windows NT 10.0; Win64; x64) AppleWebKit/537.36 (KHTML, like Gecko) Chrome/70.0.3538.102 Safari/537.36"
208.92.218.66 - - [22/Nov/2024:10:47:12 -0800] "GET /feed/ HTTP/1.0" 200 - "-" "Mozilla/5.0 (Windows NT 10.0; Win64; x64) AppleWebKit/537.36 (KHTML, like Gecko) Chrome/70.0.3538.102 Safari/537.36"
17.241.219.207 - - [22/Nov/2024:10:47:27 -0800] "GET /roman-chocolatito-gonzalez-is-eyeing-world-honours-in-a-fifth-weight-division/ HTTP/1.0" 200 - "-" "Mozilla/5.0 (Macintosh; Intel Mac OS X 10_15_7) AppleWebKit/605.1.15 (KHTML, like Gecko) Version/17.4 Safari/605.1.15 (Applebot/0.1; +http://www.apple.com/go/applebot)"
57.141.0.29 - - [22/Nov/2024:10:47:39 -0800] "GET /wp-json/oembed/1.0/embed?url=https%3A%2F%2Flive2news.com%2Fnext-d-br-meeting-18-march-2024-home-d-br-delegations%2F HTTP/1.0" 200 - "-" "meta-externalagent/1.1 (+https://developers.facebook.com/docs/sharing/webmasters/crawler)"
57.141.0.18 - - [22/Nov/2024:10:48:41 -0800] "GET /ryan-seacrests-rep-shares-sad-update-about-his-relationship/ HTTP/1.0" 200 - "-" "meta-externalagent/1.1 (+https://developers.facebook.com/docs/sharing/webmasters/crawler)"
57.141.0.20 - - [22/Nov/2024:10:49:00 -0800] "GET /wp-json/oembed/1.0/embed?url=https%3A%2F%2Flive2news.com%2Fmy-biggest-fear-if-the-other-side-wins%2F HTTP/1.0" 200 - "-" "meta-externalagent/1.1 (+https://developers.facebook.com/docs/sharing/webmasters/crawler)"
17.241.219.133 - - [22/Nov/2024:10:49:31 -0800] "GET /trump-describes-nyc-rally-marked-by-racist-remarks-as-lovefest/ HTTP/1.0" 200 - "-" "Mozilla/5.0 (Macintosh; Intel Mac OS X 10_15_7) AppleWebKit/605.1.15 (KHTML, like Gecko) Version/17.4 Safari/605.1.15 (Applebot/0.1; +http://www.apple.com/go/applebot)"
114.119.151.179 - - [22/Nov/2024:10:50:02 -0800] "GET /why-are-the-lights-off-l-a-area-landmarks-observe-earth-hour/ HTTP/1.0" 200 - "https://live2news.com/tampa-bay-rays-expected-to-remove-wander-franco-from-roster/" "Mozilla/5.0 (Linux; Android 7.0;) AppleWebKit/537.36 (KHTML, like Gecko) Mobile Safari/537.36 (compatible; PetalBot;+https://webmaster.petalsearch.com/site/petalbot)"
208.92.218.66 - - [22/Nov/2024:10:50:10 -0800] "GET /feed/ HTTP/1.0" 200 - "-" "Mozilla/5.0 (Windows NT 10.0; Win64; x64) AppleWebKit/537.36 (KHTML, like Gecko) Chrome/70.0.3538.102 Safari/537.36"
209.182.200.39 - - [22/Nov/2024:10:50:24 -0800] "POST /wp-cron.php?doing_wp_cron=1732301424.3005321025848388671875 HTTP/1.0" 403 228 "-" "WordPress/6.6.2; https://live2news.com"
209.182.200.39 - - [22/Nov/2024:10:50:24 -0800] "GET /wp-content/themes/newscore/assets/images/login-logo.png HTTP/1.0" 200 5193 "-" "-"
57.141.0.21 - - [22/Nov/2024:10:50:20 -0800] "GET /wp-login.php?redirect_to=https%3A%2F%2Flive2news.com%2Fwatch-the-women-speed-dating-for-a-place-to-live%2F HTTP/1.0" 200 7021 "-" "meta-externalagent/1.1 (+https://developers.facebook.com/docs/sharing/webmasters/crawler)"
57.141.0.17 - - [22/Nov/2024:10:50:38 -0800] "GET /wp-json/oembed/1.0/embed?url=https%3A%2F%2Flive2news.com%2Fsafety-board-say-cruise-ship-at-centre-of-horror-rescue-should-never-have-left-harbor%2F HTTP/1.0" 200 - "-" "meta-externalagent/1.1 (+https://developers.facebook.com/docs/sharing/webmasters/crawler)"
114.119.151.179 - - [22/Nov/2024:10:51:27 -0800] "GET /samsung-to-hold-its-next-galaxy-unpacked-launch-event-in-paris-at-an-earlier-than-usual-date-report/ HTTP/1.0" 200 - "https://live2news.com/theyre-hungry-ticks-are-waking-up-in-canada-as-weather-warms-national/" "Mozilla/5.0 (Linux; Android 7.0;) AppleWebKit/537.36 (KHTML, like Gecko) Mobile Safari/537.36 (compatible; PetalBot;+https://webmaster.petalsearch.com/site/petalbot)"
17.241.75.193 - - [22/Nov/2024:10:52:33 -0800] "GET /timberwolves-top-kings-in-ot-despite-60-points-from-deaaron-fox/ HTTP/1.0" 200 - "-" "Mozilla/5.0 (Macintosh; Intel Mac OS X 10_15_7) AppleWebKit/605.1.15 (KHTML, like Gecko) Version/17.4 Safari/605.1.15 (Applebot/0.1; +http://www.apple.com/go/applebot)"
114.119.141.201 - - [22/Nov/2024:10:52:53 -0800] "GET /retail-traders-are-bailing-on-3-of-the-hottest-ai-plays-in-the-market-today/ HTTP/1.0" 200 - "https://live2news.com/vivo-t3-5g-with-mediatek-dimensity-7200-soc-sony-imx882-camera-launched-in-india-price-specifications/" "Mozilla/5.0 (Linux; Android 7.0;) AppleWebKit/537.36 (KHTML, like Gecko) Mobile Safari/537.36 (compatible; PetalBot;+https://webmaster.petalsearch.com/site/petalbot)"
57.141.0.28 - - [22/Nov/2024:10:53:50 -0800] "GET /wp-json/wp/v2/posts/31492 HTTP/1.0" 200 - "-" "meta-externalagent/1.1 (+https://developers.facebook.com/docs/sharing/webmasters/crawler)"
114.119.137.184 - - [22/Nov/2024:10:54:16 -0800] "GET /kelowna-doctor-releases-charitable-joke-book-okanagan/ HTTP/1.0" 200 - "https://live2news.com/an-expert-guide-to-ski-holidays-in-vail-colorado/" "Mozilla/5.0 (Linux; Android 7.0;) AppleWebKit/537.36 (KHTML, like Gecko) Mobile Safari/537.36 (compatible; PetalBot;+https://webmaster.petalsearch.com/site/petalbot)"
216.244.66.249 - - [22/Nov/2024:10:54:34 -0800] "GET /author/moosa_imran/ HTTP/1.0" 200 - "-" "Mozilla/5.0 (compatible; DotBot/1.2; +https://opensiteexplorer.org/dotbot; help@moz.com)"
209.182.200.39 - - [22/Nov/2024:10:54:58 -0800] "POST /wp-cron.php?doing_wp_cron=1732301698.2981679439544677734375 HTTP/1.0" 200 - "-" "WordPress/6.6.2; https://live2news.com"
209.182.200.39 - - [22/Nov/2024:10:54:58 -0800] "GET /wp-content/themes/newscore/assets/images/login-logo.png HTTP/1.0" 200 5193 "-" "-"
57.141.0.28 - - [22/Nov/2024:10:54:57 -0800] "GET /wp-login.php?redirect_to=https%3A%2F%2Flive2news.com%2Fis-a-staycation-a-holiday-at-home-or-a-trip-inside-the-uk-the-verdict-is-in%2F HTTP/1.0" 200 7048 "-" "meta-externalagent/1.1 (+https://developers.facebook.com/docs/sharing/webmasters/crawler)"
209.182.200.39 - - [22/Nov/2024:10:55:23 -0800] "GET /wp-content/themes/newscore/assets/images/login-logo.png HTTP/1.0" 200 5193 "-" "-"
57.141.0.27 - - [22/Nov/2024:10:55:22 -0800] "GET /wp-login.php?redirect_to=https%3A%2F%2Flive2news.com%2Fnever-prayed-in-his-life%2F HTTP/1.0" 200 6997 "-" "meta-externalagent/1.1 (+https://developers.facebook.com/docs/sharing/webmasters/crawler)"
208.92.218.66 - - [22/Nov/2024:10:55:38 -0800] "GET /feed/ HTTP/1.0" 200 - "-" "Mozilla/5.0 (Windows NT 10.0; Win64; x64) AppleWebKit/537.36 (KHTML, like Gecko) Chrome/70.0.3538.102 Safari/537.36"
114.119.160.248 - - [22/Nov/2024:10:55:42 -0800] "GET /dtigress-set-to-kick-off-paris-2024-campaign-against-australia-as-fiba-unveils-fixtures/ HTTP/1.0" 200 - "https://live2news.com/what-are-the-best-restaurants-in-asia-here-the-top-50-for-2024/" "Mozilla/5.0 (Linux; Android 7.0;) AppleWebKit/537.36 (KHTML, like Gecko) Mobile Safari/537.36 (compatible; PetalBot;+https://webmaster.petalsearch.com/site/petalbot)"
208.92.218.66 - - [22/Nov/2024:10:55:46 -0800] "GET /feed/ HTTP/1.0" 200 - "-" "Mozilla/5.0 (Windows NT 10.0; Win64; x64) AppleWebKit/537.36 (KHTML, like Gecko) Chrome/70.0.3538.102 Safari/537.36"
57.141.0.17 - - [22/Nov/2024:10:55:48 -0800] "GET /ryan-seacrests-rep-shares-sad-update-about-his-relationship/ HTTP/1.0" 200 - "-" "meta-externalagent/1.1 (+https://developers.facebook.com/docs/sharing/webmasters/crawler)"
192.0.86.160 - - [22/Nov/2024:10:56:06 -0800] "GET /?rest_route=%2Fjetpack%2Fv4%2Fsync%2Fstatus&_for=jetpack&token=DKSa%40K2fjjc%40bMn%2AWKSgtdbi4n%25MRjIO%3A1%3A0&timestamp=1732301765&nonce=SfRP2xDU0K&body-hash&signature=0Wv%2F25ZQxBxTGcI6LHyt1POzGak%3D HTTP/1.0" 200 - "https://live2news.com/?rest_route=%2Fjetpack%2Fv4%2Fsync%2Fstatus&_for=jetpack&token=DKSa%40K2fjjc%40bMn%2AWKSgtdbi4n%25MRjIO%3A1%3A0&timestamp=1732301765&nonce=SfRP2xDU0K&body-hash&signature=0Wv%2F25ZQxBxTGcI6LHyt1POzGak%3D" "Jetpack by WordPress.com"
17.241.227.228 - - [22/Nov/2024:10:56:19 -0800] "GET /europa-league-prediction-and-preview/ HTTP/1.0" 200 - "-" "Mozilla/5.0 (Macintosh; Intel Mac OS X 10_15_7) AppleWebKit/605.1.15 (KHTML, like Gecko) Version/17.4 Safari/605.1.15 (Applebot/0.1; +http://www.apple.com/go/applebot)"
17.241.227.228 - - [22/Nov/2024:10:56:20 -0800] "GET /l-a-teacher-obsessed-over-and-abused-teen-student-authorities-say/ HTTP/1.0" 200 - "-" "Mozilla/5.0 (Macintosh; Intel Mac OS X 10_15_7) AppleWebKit/605.1.15 (KHTML, like Gecko) Version/17.4 Safari/605.1.15 (Applebot/0.1; +http://www.apple.com/go/applebot)"
209.182.200.39 - - [22/Nov/2024:10:56:26 -0800] "POST /wp-cron.php?doing_wp_cron=1732301786.4729819297790527343750 HTTP/1.0" 403 228 "-" "WordPress/6.6.2; https://live2news.com"
209.182.200.39 - - [22/Nov/2024:10:56:26 -0800] "GET /wp-content/themes/newscore/assets/images/login-logo.png HTTP/1.0" 200 5193 "-" "-"
57.141.0.3 - - [22/Nov/2024:10:56:25 -0800] "GET /wp-login.php?redirect_to=https%3A%2F%2Flive2news.com%2Ftears-as-woman-reveals-her-number-one-supporter-while-at-work-her-grandma%2F HTTP/1.0" 200 7046 "-" "meta-externalagent/1.1 (+https://developers.facebook.com/docs/sharing/webmasters/crawler)"
57.141.0.14 - - [22/Nov/2024:10:56:29 -0800] "GET /wp-json/wp/v2/posts/169297 HTTP/1.0" 200 - "-" "meta-externalagent/1.1 (+https://developers.facebook.com/docs/sharing/webmasters/crawler)"
114.119.155.64 - - [22/Nov/2024:10:57:26 -0800] "GET /aston-martin-chief-responds-to-adrian-newey-rumors/ HTTP/1.0" 200 - "https://live2news.com/royals-face-fresh-pressure-over-650k-taxpayer-staff-bill/" "Mozilla/5.0 (Linux; Android 7.0;) AppleWebKit/537.36 (KHTML, like Gecko) Mobile Safari/537.36 (compatible; PetalBot;+https://webmaster.petalsearch.com/site/petalbot)"
57.141.0.23 - - [22/Nov/2024:10:57:45 -0800] "GET /ryan-seacrests-rep-shares-sad-update-about-his-relationship/ HTTP/1.0" 200 - "-" "meta-externalagent/1.1 (+https://developers.facebook.com/docs/sharing/webmasters/crawler)"
57.141.0.28 - - [22/Nov/2024:10:57:46 -0800] "GET /ryan-seacrests-rep-shares-sad-update-about-his-relationship/ HTTP/1.0" 200 - "-" "meta-externalagent/1.1 (+https://developers.facebook.com/docs/sharing/webmasters/crawler)"
17.241.75.100 - - [22/Nov/2024:10:58:12 -0800] "GET /2024-nfl-odds-joe-burrow-best-bet-for-offensive-player-of-the-year/ HTTP/1.0" 200 - "-" "Mozilla/5.0 (Macintosh; Intel Mac OS X 10_15_7) AppleWebKit/605.1.15 (KHTML, like Gecko) Version/17.4 Safari/605.1.15 (Applebot/0.1; +http://www.apple.com/go/applebot)"
114.119.132.18 - - [22/Nov/2024:10:58:31 -0800] "GET /arrests-at-st-georges-day-event-in-london/ HTTP/1.0" 200 - "https://live2news.com/tom-holland-slammed-for-silence-as-costar-endures-racial-abuse/" "Mozilla/5.0 (Linux; Android 7.0;) AppleWebKit/537.36 (KHTML, like Gecko) Mobile Safari/537.36 (compatible; PetalBot;+https://webmaster.petalsearch.com/site/petalbot)"
17.241.75.57 - - [22/Nov/2024:10:59:01 -0800] "GET /fan-favorite-wwe-superstar-shinsuke-nakamura-makes-surprising-return-on-smackdown/ HTTP/1.0" 200 - "-" "Mozilla/5.0 (Macintosh; Intel Mac OS X 10_15_7) AppleWebKit/605.1.15 (KHTML, like Gecko) Version/17.4 Safari/605.1.15 (Applebot/0.1; +http://www.apple.com/go/applebot)"
208.92.218.66 - - [22/Nov/2024:10:59:48 -0800] "GET /feed/ HTTP/1.0" 200 - "-" "Mozilla/5.0 (Windows NT 10.0; Win64; x64) AppleWebKit/537.36 (KHTML, like Gecko) Chrome/70.0.3538.102 Safari/537.36"
