114.119.160.248 - - [22/Nov/2024:10:59:56 -0800] "GET /anthony-edwards-goes-at-kevin-durant-as-timberwolves-rout-suns-120-95/ HTTP/1.0" 200 - "https://live2news.com/man-accused-of-trying-to-kill-woman-with-hatchet/" "Mozilla/5.0 (Linux; Android 7.0;) AppleWebKit/537.36 (KHTML, like Gecko) Mobile Safari/537.36 (compatible; PetalBot;+https://webmaster.petalsearch.com/site/petalbot)"
57.141.0.27 - - [22/Nov/2024:11:00:01 -0800] "GET /joe-biden-handed-good-news-as-no-labels-drops-2024-plans/ HTTP/1.0" 200 - "-" "meta-externalagent/1.1 (+https://developers.facebook.com/docs/sharing/webmasters/crawler)"
114.119.137.184 - - [22/Nov/2024:11:01:21 -0800] "GET /college-basketball-rankings-way-too-early-top-25-for-the-2024-25-season/ HTTP/1.0" 200 - "https://live2news.com/man-stole-donations-from-lockerbie-bombing-memorial/" "Mozilla/5.0 (Linux; Android 7.0;) AppleWebKit/537.36 (KHTML, like Gecko) Mobile Safari/537.36 (compatible; PetalBot;+https://webmaster.petalsearch.com/site/petalbot)"
57.141.0.23 - - [22/Nov/2024:11:01:37 -0800] "GET /wp-json/oembed/1.0/embed?url=https%3A%2F%2Flive2news.com%2Fbrazil-and-mexico-looking-ahead-at-significant-economic-growth-mercopress%2F HTTP/1.0" 200 - "-" "meta-externalagent/1.1 (+https://developers.facebook.com/docs/sharing/webmasters/crawler)"
51.8.102.21 - - [22/Nov/2024:11:01:41 -0800] "GET /robots.txt HTTP/1.0" 200 67 "-" "Mozilla/5.0 AppleWebKit/537.36 (KHTML, like Gecko); compatible; OAI-SearchBot/1.0; +https://openai.com/searchbot"
57.141.0.30 - - [22/Nov/2024:11:01:50 -0800] "GET /ryan-seacrests-rep-shares-sad-update-about-his-relationship/ HTTP/1.0" 200 - "-" "meta-externalagent/1.1 (+https://developers.facebook.com/docs/sharing/webmasters/crawler)"
114.119.132.18 - - [22/Nov/2024:11:02:45 -0800] "GET /ahs-issues-boil-water-advisory-for-multiple-water-systems-in-rocky-view-county/ HTTP/1.0" 200 - "https://live2news.com/use-1k-first-bet-for-nba-nhl-or-mlb/" "Mozilla/5.0 (Linux; Android 7.0;) AppleWebKit/537.36 (KHTML, like Gecko) Mobile Safari/537.36 (compatible; PetalBot;+https://webmaster.petalsearch.com/site/petalbot)"
216.244.66.249 - - [22/Nov/2024:11:03:25 -0800] "GET /category/business/page/685/ HTTP/1.0" 200 - "-" "Mozilla/5.0 (compatible; DotBot/1.2; +https://opensiteexplorer.org/dotbot; help@moz.com)"
216.244.66.249 - - [22/Nov/2024:11:03:27 -0800] "GET /falkirk-and-north-lanarkshire-t-shirts-become-fashion-hits-in-japan/ HTTP/1.0" 200 - "-" "Mozilla/5.0 (compatible; DotBot/1.2; +https://opensiteexplorer.org/dotbot; help@moz.com)"
216.244.66.249 - - [22/Nov/2024:11:03:28 -0800] "GET /officer-charged-over-death-of-man-hit-by-police-car/ HTTP/1.0" 200 - "-" "Mozilla/5.0 (compatible; DotBot/1.2; +https://opensiteexplorer.org/dotbot; help@moz.com)"
216.244.66.249 - - [22/Nov/2024:11:03:29 -0800] "GET /pizza-hut-workers-at-l-a-restaurant-strike-alleging-wage-theft/ HTTP/1.0" 200 - "-" "Mozilla/5.0 (compatible; DotBot/1.2; +https://opensiteexplorer.org/dotbot; help@moz.com)"
57.141.0.23 - - [22/Nov/2024:11:03:40 -0800] "GET /ryan-seacrests-rep-shares-sad-update-about-his-relationship/ HTTP/1.0" 200 - "-" "meta-externalagent/1.1 (+https://developers.facebook.com/docs/sharing/webmasters/crawler)"
57.141.0.7 - - [22/Nov/2024:11:03:42 -0800] "GET /wp-json/wp/v2/posts/169148 HTTP/1.0" 200 - "-" "meta-externalagent/1.1 (+https://developers.facebook.com/docs/sharing/webmasters/crawler)"
114.119.141.201 - - [22/Nov/2024:11:04:10 -0800] "GET /2-japanese-navy-helicopters-with-8-crew-believed-crashed-in-pacific-officials-national/ HTTP/1.0" 200 - "https://live2news.com/moncton-microbrewer-brews-batch-of-ukrainian-beer-a-taste-of-freedom-new-brunswick/" "Mozilla/5.0 (Linux; Android 7.0;) AppleWebKit/537.36 (KHTML, like Gecko) Mobile Safari/537.36 (compatible; PetalBot;+https://webmaster.petalsearch.com/site/petalbot)"
57.141.0.11 - - [22/Nov/2024:11:05:36 -0800] "GET /wp-json/wp/v2/posts/27533 HTTP/1.0" 200 - "-" "meta-externalagent/1.1 (+https://developers.facebook.com/docs/sharing/webmasters/crawler)"
114.119.156.185 - - [22/Nov/2024:11:05:38 -0800] "GET /sydney-church-stabbing-religious-community-tensions-run-high/ HTTP/1.0" 200 - "https://live2news.com/princess-of-wales-apologizes-for-confusion-after-media-retract-photo/" "Mozilla/5.0 (Linux; Android 7.0;) AppleWebKit/537.36 (KHTML, like Gecko) Mobile Safari/537.36 (compatible; PetalBot;+https://webmaster.petalsearch.com/site/petalbot)"
17.241.75.8 - - [22/Nov/2024:11:06:19 -0800] "GET /french-firm-buys-larne-quarrying-company/ HTTP/1.0" 200 - "-" "Mozilla/5.0 (Macintosh; Intel Mac OS X 10_15_7) AppleWebKit/605.1.15 (KHTML, like Gecko) Version/17.4 Safari/605.1.15 (Applebot/0.1; +http://www.apple.com/go/applebot)"
114.119.132.18 - - [22/Nov/2024:11:07:01 -0800] "GET /author/keri_blakinger/ HTTP/1.0" 200 - "https://live2news.com/state-probe-of-sheriffs-department-said-to-be-near-settlement/" "Mozilla/5.0 (Linux; Android 7.0;) AppleWebKit/537.36 (KHTML, like Gecko) Mobile Safari/537.36 (compatible; PetalBot;+https://webmaster.petalsearch.com/site/petalbot)"
57.141.0.20 - - [22/Nov/2024:11:07:33 -0800] "GET /?p=23017 HTTP/1.0" 200 - "-" "meta-externalagent/1.1 (+https://developers.facebook.com/docs/sharing/webmasters/crawler)"
114.119.132.18 - - [22/Nov/2024:11:08:27 -0800] "GET /author/e55f884e78d8f81f1f31aaca6d23e70f/ HTTP/1.0" 200 - "https://live2news.com/girls-death-sparks-deadly-mob-violence-in-mexico/" "Mozilla/5.0 (Linux; Android 7.0;) AppleWebKit/537.36 (KHTML, like Gecko) Mobile Safari/537.36 (compatible; PetalBot;+https://webmaster.petalsearch.com/site/petalbot)"
209.182.200.39 - - [22/Nov/2024:11:08:33 -0800] "POST /wp-cron.php?doing_wp_cron=1732302513.1166489124298095703125 HTTP/1.0" 403 228 "-" "WordPress/6.6.2; https://live2news.com"
209.182.200.39 - - [22/Nov/2024:11:08:33 -0800] "GET /wp-content/themes/newscore/assets/images/login-logo.png HTTP/1.0" 200 5193 "-" "-"
57.141.0.9 - - [22/Nov/2024:11:08:31 -0800] "GET /wp-login.php?redirect_to=https%3A%2F%2Flive2news.com%2Fgrandmothers-life-hell-after-four-year-water-leak%2F HTTP/1.0" 200 7022 "-" "meta-externalagent/1.1 (+https://developers.facebook.com/docs/sharing/webmasters/crawler)"
216.244.66.249 - - [22/Nov/2024:11:09:23 -0800] "GET /church-youth-leader-killed-in-van-nuys-collision-blamed-on-speeders/ HTTP/1.0" 200 - "-" "Mozilla/5.0 (compatible; DotBot/1.2; +https://opensiteexplorer.org/dotbot; help@moz.com)"
57.141.0.2 - - [22/Nov/2024:11:09:24 -0800] "GET /wp-json/wp/v2/posts/168450 HTTP/1.0" 200 - "-" "meta-externalagent/1.1 (+https://developers.facebook.com/docs/sharing/webmasters/crawler)"
216.244.66.249 - - [22/Nov/2024:11:09:26 -0800] "GET /queen-of-knitting-hosts-her-final-show/ HTTP/1.0" 200 - "-" "Mozilla/5.0 (compatible; DotBot/1.2; +https://opensiteexplorer.org/dotbot; help@moz.com)"
57.141.0.28 - - [22/Nov/2024:11:09:29 -0800] "GET /?p=29353 HTTP/1.0" 200 - "-" "meta-externalagent/1.1 (+https://developers.facebook.com/docs/sharing/webmasters/crawler)"
216.244.66.249 - - [22/Nov/2024:11:09:34 -0800] "GET /author/jsampan/ HTTP/1.0" 200 - "-" "Mozilla/5.0 (compatible; DotBot/1.2; +https://opensiteexplorer.org/dotbot; help@moz.com)"
114.119.132.18 - - [22/Nov/2024:11:09:56 -0800] "GET /artistic-fantasy-world-gets-listed-status/ HTTP/1.0" 200 - "https://live2news.com/lara-trump-rages-at-donald-trump-nickname/" "Mozilla/5.0 (Linux; Android 7.0;) AppleWebKit/537.36 (KHTML, like Gecko) Mobile Safari/537.36 (compatible; PetalBot;+https://webmaster.petalsearch.com/site/petalbot)"
216.244.66.249 - - [22/Nov/2024:11:09:59 -0800] "GET /ae-doctors-no-confidence-vote-in-health-bosses/ HTTP/1.0" 200 - "-" "Mozilla/5.0 (compatible; DotBot/1.2; +https://opensiteexplorer.org/dotbot; help@moz.com)"
216.244.66.249 - - [22/Nov/2024:11:10:01 -0800] "GET /euro-zone-gdp-q2-2024/ HTTP/1.0" 200 - "-" "Mozilla/5.0 (compatible; DotBot/1.2; +https://opensiteexplorer.org/dotbot; help@moz.com)"
216.244.66.249 - - [22/Nov/2024:11:10:02 -0800] "GET /heartbreak-for-kylian-mbappe-as-borussia-dortmund-defeat-psg-to-reach-champions-league-final/ HTTP/1.0" 200 - "-" "Mozilla/5.0 (compatible; DotBot/1.2; +https://opensiteexplorer.org/dotbot; help@moz.com)"
216.244.66.249 - - [22/Nov/2024:11:10:03 -0800] "GET /i-have-confidence-in-my-players-dtigress/ HTTP/1.0" 200 - "-" "Mozilla/5.0 (compatible; DotBot/1.2; +https://opensiteexplorer.org/dotbot; help@moz.com)"
216.244.66.249 - - [22/Nov/2024:11:10:04 -0800] "GET /rob-burrow-urges-people-not-to-waste-a-moment-in-final-message/ HTTP/1.0" 200 - "-" "Mozilla/5.0 (compatible; DotBot/1.2; +https://opensiteexplorer.org/dotbot; help@moz.com)"
216.244.66.249 - - [22/Nov/2024:11:10:15 -0800] "GET /aston-villa-2-2-leicester-rachel-daly-equaliser-as-hosts-avoid-wsl-home-defeat/ HTTP/1.0" 200 - "-" "Mozilla/5.0 (compatible; DotBot/1.2; +https://opensiteexplorer.org/dotbot; help@moz.com)"
216.244.66.249 - - [22/Nov/2024:11:10:20 -0800] "GET /author/47815962f56b2fd7fe863d75f4a7495c/page/41/ HTTP/1.0" 200 - "-" "Mozilla/5.0 (compatible; DotBot/1.2; +https://opensiteexplorer.org/dotbot; help@moz.com)"
216.244.66.249 - - [22/Nov/2024:11:10:24 -0800] "GET /t20-world-cup-england-will-not-get-consumed-by-permutations-says-jos-buttler/ HTTP/1.0" 200 - "-" "Mozilla/5.0 (compatible; DotBot/1.2; +https://opensiteexplorer.org/dotbot; help@moz.com)"
57.141.0.16 - - [22/Nov/2024:11:10:48 -0800] "GET /wp-json/wp/v2/posts/169698 HTTP/1.0" 200 - "-" "meta-externalagent/1.1 (+https://developers.facebook.com/docs/sharing/webmasters/crawler)"
114.119.151.179 - - [22/Nov/2024:11:11:16 -0800] "GET /asia-markets-apple-suppliers-australia-gdp/ HTTP/1.0" 200 - "https://live2news.com/alberta-government-invests-8m-for-every-kid-can-play-program-lethbridge/" "Mozilla/5.0 (Linux; Android 7.0;) AppleWebKit/537.36 (KHTML, like Gecko) Mobile Safari/537.36 (compatible; PetalBot;+https://webmaster.petalsearch.com/site/petalbot)"
17.241.227.204 - - [22/Nov/2024:11:11:34 -0800] "GET /fai-cup-final-emotionally-it-is-tough-right-now-derry-boss-higgins/ HTTP/1.0" 200 - "-" "Mozilla/5.0 (Macintosh; Intel Mac OS X 10_15_7) AppleWebKit/605.1.15 (KHTML, like Gecko) Version/17.4 Safari/605.1.15 (Applebot/0.1; +http://www.apple.com/go/applebot)"
208.92.218.66 - - [22/Nov/2024:11:11:39 -0800] "GET /feed/ HTTP/1.0" 200 - "-" "Mozilla/5.0 (Windows NT 10.0; Win64; x64) AppleWebKit/537.36 (KHTML, like Gecko) Chrome/70.0.3538.102 Safari/537.36"
57.141.0.18 - - [22/Nov/2024:11:11:51 -0800] "GET /finidi-george-reveals-his-only-regret-from-playing-days/ HTTP/1.0" 200 - "-" "meta-externalagent/1.1 (+https://developers.facebook.com/docs/sharing/webmasters/crawler)"
57.141.0.7 - - [22/Nov/2024:11:11:53 -0800] "GET /risky-bonds-join-the-everything-rally/ HTTP/1.0" 200 - "-" "meta-externalagent/1.1 (+https://developers.facebook.com/docs/sharing/webmasters/crawler)"
208.92.218.66 - - [22/Nov/2024:11:12:00 -0800] "GET /feed/ HTTP/1.0" 200 - "-" "Mozilla/5.0 (Windows NT 10.0; Win64; x64) AppleWebKit/537.36 (KHTML, like Gecko) Chrome/70.0.3538.102 Safari/537.36"
114.119.155.64 - - [22/Nov/2024:11:12:42 -0800] "GET /ancient-henge-discovered-near-crowland-abbey/ HTTP/1.0" 200 - "https://live2news.com/why-donald-trumps-hopes-of-trial-acquittal-are-slim/" "Mozilla/5.0 (Linux; Android 7.0;) AppleWebKit/537.36 (KHTML, like Gecko) Mobile Safari/537.36 (compatible; PetalBot;+https://webmaster.petalsearch.com/site/petalbot)"
208.92.218.66 - - [22/Nov/2024:11:13:39 -0800] "GET /feed/ HTTP/1.0" 200 - "-" "Mozilla/5.0 (Windows NT 10.0; Win64; x64) AppleWebKit/537.36 (KHTML, like Gecko) Chrome/70.0.3538.102 Safari/537.36"
17.241.227.225 - - [22/Nov/2024:11:14:08 -0800] "GET /falkland-islands-celebrates-the-birthday-of-his-majesty-king-charles-iii-mercopress/ HTTP/1.0" 200 - "-" "Mozilla/5.0 (Macintosh; Intel Mac OS X 10_15_7) AppleWebKit/605.1.15 (KHTML, like Gecko) Version/17.4 Safari/605.1.15 (Applebot/0.1; +http://www.apple.com/go/applebot)"
57.141.0.3 - - [22/Nov/2024:11:15:39 -0800] "GET /wp-json/wp/v2/posts/169540 HTTP/1.0" 200 - "-" "meta-externalagent/1.1 (+https://developers.facebook.com/docs/sharing/webmasters/crawler)"
57.141.0.13 - - [22/Nov/2024:11:16:55 -0800] "GET /?p=49897 HTTP/1.0" 200 - "-" "meta-externalagent/1.1 (+https://developers.facebook.com/docs/sharing/webmasters/crawler)"
208.92.218.66 - - [22/Nov/2024:11:17:18 -0800] "GET /feed/ HTTP/1.0" 200 - "-" "Mozilla/5.0 (Windows NT 10.0; Win64; x64) AppleWebKit/537.36 (KHTML, like Gecko) Chrome/70.0.3538.102 Safari/537.36"
208.92.218.66 - - [22/Nov/2024:11:17:52 -0800] "GET /feed/ HTTP/1.0" 200 - "-" "Mozilla/5.0 (Windows NT 10.0; Win64; x64) AppleWebKit/537.36 (KHTML, like Gecko) Chrome/70.0.3538.102 Safari/537.36"
57.141.0.15 - - [22/Nov/2024:11:18:04 -0800] "GET /wp-json/wp/v2/posts/56221 HTTP/1.0" 200 - "-" "meta-externalagent/1.1 (+https://developers.facebook.com/docs/sharing/webmasters/crawler)"
57.141.0.1 - - [22/Nov/2024:11:18:37 -0800] "GET /?p=20574 HTTP/1.0" 200 - "-" "meta-externalagent/1.1 (+https://developers.facebook.com/docs/sharing/webmasters/crawler)"
57.141.0.13 - - [22/Nov/2024:11:18:58 -0800] "GET /wp-json/wp/v2/posts/168420 HTTP/1.0" 200 - "-" "meta-externalagent/1.1 (+https://developers.facebook.com/docs/sharing/webmasters/crawler)"
17.241.75.87 - - [22/Nov/2024:11:19:12 -0800] "GET /palestinian-patients-in-rare-medical-evacuation-from-gaza/ HTTP/1.0" 200 - "-" "Mozilla/5.0 (Macintosh; Intel Mac OS X 10_15_7) AppleWebKit/605.1.15 (KHTML, like Gecko) Version/17.4 Safari/605.1.15 (Applebot/0.1; +http://www.apple.com/go/applebot)"
57.141.0.16 - - [22/Nov/2024:11:20:52 -0800] "GET /wp-json/wp/v2/posts/34280 HTTP/1.0" 200 - "-" "meta-externalagent/1.1 (+https://developers.facebook.com/docs/sharing/webmasters/crawler)"
17.241.227.98 - - [22/Nov/2024:11:21:27 -0800] "GET /site-c-dam-hits-another-milestone-with-reservoir-now-completely-filled/ HTTP/1.0" 200 - "-" "Mozilla/5.0 (Macintosh; Intel Mac OS X 10_15_7) AppleWebKit/605.1.15 (KHTML, like Gecko) Version/17.4 Safari/605.1.15 (Applebot/0.1; +http://www.apple.com/go/applebot)"
208.92.218.66 - - [22/Nov/2024:11:21:49 -0800] "GET /feed/ HTTP/1.0" 200 - "-" "Mozilla/5.0 (Windows NT 10.0; Win64; x64) AppleWebKit/537.36 (KHTML, like Gecko) Chrome/70.0.3538.102 Safari/537.36"
57.141.0.18 - - [22/Nov/2024:11:22:12 -0800] "GET /wp-json/wp/v2/posts/169620 HTTP/1.0" 200 - "-" "meta-externalagent/1.1 (+https://developers.facebook.com/docs/sharing/webmasters/crawler)"
57.141.0.5 - - [22/Nov/2024:11:22:15 -0800] "GET /wp-json/oembed/1.0/embed?url=https%3A%2F%2Flive2news.com%2Fabia-warriors-vs-heartland-njoku-hopeful-of-victory-over-amunekes-men%2F HTTP/1.0" 200 - "-" "meta-externalagent/1.1 (+https://developers.facebook.com/docs/sharing/webmasters/crawler)"
57.141.0.7 - - [22/Nov/2024:11:22:38 -0800] "GET /wp-json/wp/v2/posts/37523 HTTP/1.0" 200 - "-" "meta-externalagent/1.1 (+https://developers.facebook.com/docs/sharing/webmasters/crawler)"
208.92.218.66 - - [22/Nov/2024:11:22:40 -0800] "GET /feed/ HTTP/1.0" 200 - "-" "Mozilla/5.0 (Windows NT 10.0; Win64; x64) AppleWebKit/537.36 (KHTML, like Gecko) Chrome/70.0.3538.102 Safari/537.36"
209.182.200.39 - - [22/Nov/2024:11:22:58 -0800] "POST /wp-cron.php?doing_wp_cron=1732303377.9901950359344482421875 HTTP/1.0" 403 228 "-" "WordPress/6.6.2; https://live2news.com"
209.182.200.39 - - [22/Nov/2024:11:22:58 -0800] "GET /wp-content/themes/newscore/assets/images/login-logo.png HTTP/1.0" 200 5193 "-" "-"
57.141.0.11 - - [22/Nov/2024:11:22:56 -0800] "GET /wp-login.php?redirect_to=https%3A%2F%2Flive2news.com%2Fcan-californias-last-resort-home-insurer-handle-the-demand%2F HTTP/1.0" 200 7031 "-" "meta-externalagent/1.1 (+https://developers.facebook.com/docs/sharing/webmasters/crawler)"
209.182.200.39 - - [22/Nov/2024:11:23:18 -0800] "GET /wp-content/themes/newscore/assets/images/login-logo.png HTTP/1.0" 200 5193 "-" "-"
57.141.0.12 - - [22/Nov/2024:11:23:16 -0800] "GET /wp-login.php?redirect_to=https%3A%2F%2Flive2news.com%2Fwhy-us-retiree-in-mexico-chose-not-to-cash-in%2F HTTP/1.0" 200 7018 "-" "meta-externalagent/1.1 (+https://developers.facebook.com/docs/sharing/webmasters/crawler)"
208.92.218.66 - - [22/Nov/2024:11:23:19 -0800] "GET /feed/ HTTP/1.0" 200 - "-" "Mozilla/5.0 (Windows NT 10.0; Win64; x64) AppleWebKit/537.36 (KHTML, like Gecko) Chrome/70.0.3538.102 Safari/537.36"
57.141.0.19 - - [22/Nov/2024:11:23:29 -0800] "GET /wp-json/oembed/1.0/embed?url=https%3A%2F%2Flive2news.com%2Fthe-italian-region-with-beautiful-landscapes-and-ancient-villages-but-few-tourists%2F HTTP/1.0" 200 - "-" "meta-externalagent/1.1 (+https://developers.facebook.com/docs/sharing/webmasters/crawler)"
17.241.219.93 - - [22/Nov/2024:11:23:45 -0800] "GET /college-football-week-9-highlights-top-plays-games-takeaways/ HTTP/1.0" 200 - "-" "Mozilla/5.0 (Macintosh; Intel Mac OS X 10_15_7) AppleWebKit/605.1.15 (KHTML, like Gecko) Version/17.4 Safari/605.1.15 (Applebot/0.1; +http://www.apple.com/go/applebot)"
208.92.218.66 - - [22/Nov/2024:11:24:36 -0800] "GET /feed/ HTTP/1.0" 200 - "-" "Mozilla/5.0 (Windows NT 10.0; Win64; x64) AppleWebKit/537.36 (KHTML, like Gecko) Chrome/70.0.3538.102 Safari/537.36"
57.141.0.5 - - [22/Nov/2024:11:25:42 -0800] "GET /wp-json/wp/v2/posts/68597 HTTP/1.0" 200 - "-" "meta-externalagent/1.1 (+https://developers.facebook.com/docs/sharing/webmasters/crawler)"
208.92.218.66 - - [22/Nov/2024:11:25:57 -0800] "GET /feed/ HTTP/1.0" 200 - "-" "Mozilla/5.0 (Windows NT 10.0; Win64; x64) AppleWebKit/537.36 (KHTML, like Gecko) Chrome/70.0.3538.102 Safari/537.36"
57.141.0.17 - - [22/Nov/2024:11:26:35 -0800] "GET /apple-seeks-dismissal-of-us-lawsuit-that-accuses-iphone-maker-of-monopolising-smartphone-market/ HTTP/1.0" 200 - "-" "meta-externalagent/1.1 (+https://developers.facebook.com/docs/sharing/webmasters/crawler)"
208.92.218.66 - - [22/Nov/2024:11:27:31 -0800] "GET /feed/ HTTP/1.0" 200 - "-" "Mozilla/5.0 (Windows NT 10.0; Win64; x64) AppleWebKit/537.36 (KHTML, like Gecko) Chrome/70.0.3538.102 Safari/537.36"
114.119.155.64 - - [22/Nov/2024:11:27:32 -0800] "GET /man-stressed-about-bills-comes-face-to-face-with-the-biggest-one/ HTTP/1.0" 200 - "https://live2news.com/sweets-seller-forced-from-market-in-healthy-rebrand/" "Mozilla/5.0 (Linux; Android 7.0;) AppleWebKit/537.36 (KHTML, like Gecko) Mobile Safari/537.36 (compatible; PetalBot;+https://webmaster.petalsearch.com/site/petalbot)"
17.241.75.24 - - [22/Nov/2024:11:27:47 -0800] "GET /at-least-15-killed-in-guayaquil-ecuador-prison-fight/ HTTP/1.0" 200 - "-" "Mozilla/5.0 (Macintosh; Intel Mac OS X 10_15_7) AppleWebKit/605.1.15 (KHTML, like Gecko) Version/17.4 Safari/605.1.15 (Applebot/0.1; +http://www.apple.com/go/applebot)"
17.241.75.24 - - [22/Nov/2024:11:27:48 -0800] "GET /deepika-leads-india-to-13-0-victory-over-thailand-in-bihar-womens-asian-champions-trophy/ HTTP/1.0" 200 - "-" "Mozilla/5.0 (Macintosh; Intel Mac OS X 10_15_7) AppleWebKit/605.1.15 (KHTML, like Gecko) Version/17.4 Safari/605.1.15 (Applebot/0.1; +http://www.apple.com/go/applebot)"
216.244.66.249 - - [22/Nov/2024:11:28:24 -0800] "GET /robots.txt HTTP/1.0" 200 66 "-" "Mozilla/5.0 (compatible; DotBot/1.2; +https://opensiteexplorer.org/dotbot; help@moz.com)"
114.119.156.185 - - [22/Nov/2024:11:28:57 -0800] "GET /m25-closure-live-traffic-building-as-five-mile-stretch-closed-to-drivers-due-to-bridge-works-4/ HTTP/1.0" 200 - "https://live2news.com/ovechkin-scores-as-washington-capitals-edge-vancouver-canucks-2-1-bc/" "Mozilla/5.0 (Linux; Android 7.0;) AppleWebKit/537.36 (KHTML, like Gecko) Mobile Safari/537.36 (compatible; PetalBot;+https://webmaster.petalsearch.com/site/petalbot)"
57.141.0.16 - - [22/Nov/2024:11:29:36 -0800] "GET /?p=168341 HTTP/1.0" 200 - "-" "meta-externalagent/1.1 (+https://developers.facebook.com/docs/sharing/webmasters/crawler)"
114.119.132.18 - - [22/Nov/2024:11:30:20 -0800] "GET /google-pixel-8a-leaks-in-new-renders-shows-off-four-colour-options/ HTTP/1.0" 200 - "https://live2news.com/where-to-watch-coventry-city-vs-man-united-live-stream-fa-cup-live-online-tv-channel-prediction-time/" "Mozilla/5.0 (Linux; Android 7.0;) AppleWebKit/537.36 (KHTML, like Gecko) Mobile Safari/537.36 (compatible; PetalBot;+https://webmaster.petalsearch.com/site/petalbot)"
17.241.219.7 - - [22/Nov/2024:11:31:34 -0800] "GET /foreign-interference-in-the-u-s-election-is-up-and-being-swiftly-exposed-national/ HTTP/1.0" 200 - "-" "Mozilla/5.0 (Macintosh; Intel Mac OS X 10_15_7) AppleWebKit/605.1.15 (KHTML, like Gecko) Version/17.4 Safari/605.1.15 (Applebot/0.1; +http://www.apple.com/go/applebot)"
114.119.132.18 - - [22/Nov/2024:11:31:43 -0800] "GET /getafe-0-0-atletico-madrid-player-ratings-suarez-struggles/ HTTP/1.0" 200 - "https://live2news.com/top-5-batters-with-most-runs-in-final-over-of-the-game-in-ipl/" "Mozilla/5.0 (Linux; Android 7.0;) AppleWebKit/537.36 (KHTML, like Gecko) Mobile Safari/537.36 (compatible; PetalBot;+https://webmaster.petalsearch.com/site/petalbot)"
17.241.219.87 - - [22/Nov/2024:11:31:43 -0800] "GET /the-most-romantic-hotels-in-the-cotswolds/ HTTP/1.0" 200 - "-" "Mozilla/5.0 (Macintosh; Intel Mac OS X 10_15_7) AppleWebKit/605.1.15 (KHTML, like Gecko) Version/17.4 Safari/605.1.15 (Applebot/0.1; +http://www.apple.com/go/applebot)"
57.141.0.28 - - [22/Nov/2024:11:31:47 -0800] "GET /?p=75841 HTTP/1.0" 200 - "-" "meta-externalagent/1.1 (+https://developers.facebook.com/docs/sharing/webmasters/crawler)"
216.244.66.249 - - [22/Nov/2024:11:32:15 -0800] "GET /chinas-xi-cautions-us-to-make-the-wise-choice-to-keep-relations-stable-in-talk-with-biden-national/ HTTP/1.0" 200 - "-" "Mozilla/5.0 (compatible; DotBot/1.2; +https://opensiteexplorer.org/dotbot; help@moz.com)"
216.244.66.249 - - [22/Nov/2024:11:32:20 -0800] "GET /trump-cabinet-picks-battle-misconduct-claims-and-controversy/ HTTP/1.0" 200 - "-" "Mozilla/5.0 (compatible; DotBot/1.2; +https://opensiteexplorer.org/dotbot; help@moz.com)"
216.244.66.249 - - [22/Nov/2024:11:32:25 -0800] "GET /ugandan-tiktoker-jailed-for-32-months-for-insulting-president-yoweri-museveni/ HTTP/1.0" 200 - "-" "Mozilla/5.0 (compatible; DotBot/1.2; +https://opensiteexplorer.org/dotbot; help@moz.com)"
216.244.66.249 - - [22/Nov/2024:11:32:29 -0800] "GET /why-it-is-so-difficult-to-walk-in-indian-cities/ HTTP/1.0" 200 - "-" "Mozilla/5.0 (compatible; DotBot/1.2; +https://opensiteexplorer.org/dotbot; help@moz.com)"
216.244.66.249 - - [22/Nov/2024:11:32:32 -0800] "GET /india-in-south-africa-tilak-varma-and-sanju-samson-hit-centuries-in-record-breaking-t20-series-win/ HTTP/1.0" 200 - "-" "Mozilla/5.0 (compatible; DotBot/1.2; +https://opensiteexplorer.org/dotbot; help@moz.com)"
216.244.66.249 - - [22/Nov/2024:11:32:34 -0800] "GET /almost-100-gaza-aid-lorries-violently-looted-un-agency-unrwa-says/ HTTP/1.0" 200 - "-" "Mozilla/5.0 (compatible; DotBot/1.2; +https://opensiteexplorer.org/dotbot; help@moz.com)"
216.244.66.249 - - [22/Nov/2024:11:32:37 -0800] "GET /ufc-309-predictions-picks-go-with-props-in-jon-jones-vs-stipe-miocic-michael-chandler-vs-charles-oliveira/ HTTP/1.0" 200 - "-" "Mozilla/5.0 (compatible; DotBot/1.2; +https://opensiteexplorer.org/dotbot; help@moz.com)"
216.244.66.249 - - [22/Nov/2024:11:32:40 -0800] "GET /biden-first-us-president-to-visit-amazon-rainforest/ HTTP/1.0" 200 - "-" "Mozilla/5.0 (compatible; DotBot/1.2; +https://opensiteexplorer.org/dotbot; help@moz.com)"
216.244.66.249 - - [22/Nov/2024:11:32:43 -0800] "GET /fewer-rate-cuts-on-the-horizon/ HTTP/1.0" 200 - "-" "Mozilla/5.0 (compatible; DotBot/1.2; +https://opensiteexplorer.org/dotbot; help@moz.com)"
216.244.66.249 - - [22/Nov/2024:11:32:46 -0800] "GET /major-update-on-disgraced-ex-nj-senators-bribery-trial-erroneous-evidence/ HTTP/1.0" 200 - "-" "Mozilla/5.0 (compatible; DotBot/1.2; +https://opensiteexplorer.org/dotbot; help@moz.com)"
216.244.66.249 - - [22/Nov/2024:11:32:50 -0800] "GET /china-unveils-stealth-jets-to-rival-us-air-forces-f-22-and-f-35-fighters/ HTTP/1.0" 200 - "-" "Mozilla/5.0 (compatible; DotBot/1.2; +https://opensiteexplorer.org/dotbot; help@moz.com)"
216.244.66.249 - - [22/Nov/2024:11:32:56 -0800] "GET /indias-central-bank-chief-warns-over-growing-global-inflation-risks/ HTTP/1.0" 200 - "-" "Mozilla/5.0 (compatible; DotBot/1.2; +https://opensiteexplorer.org/dotbot; help@moz.com)"
216.244.66.249 - - [22/Nov/2024:11:33:01 -0800] "GET /trumps-energy-secretary-pick-cheered-by-environmental-group/ HTTP/1.0" 200 - "-" "Mozilla/5.0 (compatible; DotBot/1.2; +https://opensiteexplorer.org/dotbot; help@moz.com)"
216.244.66.249 - - [22/Nov/2024:11:33:05 -0800] "GET /when-shoaib-akhtar-delivery-broke-sachin-tendulkars-ribs-sourav-ganguly-shares-epic-tale/ HTTP/1.0" 200 - "-" "Mozilla/5.0 (compatible; DotBot/1.2; +https://opensiteexplorer.org/dotbot; help@moz.com)"
114.119.137.184 - - [22/Nov/2024:11:33:06 -0800] "GET /author/47853e64c5092257525abdc0f29b31ae/ HTTP/1.0" 200 - "https://live2news.com/why-donald-trumps-hopes-of-trial-acquittal-are-slim/" "Mozilla/5.0 (Linux; Android 7.0;) AppleWebKit/537.36 (KHTML, like Gecko) Mobile Safari/537.36 (compatible; PetalBot;+https://webmaster.petalsearch.com/site/petalbot)"
216.244.66.249 - - [22/Nov/2024:11:33:08 -0800] "GET /kl-rahul-wants-rcb-at-ipl-2025-auction-mohammed-shami-is-back-for-bgt-icc-to-incur-loss/ HTTP/1.0" 200 - "-" "Mozilla/5.0 (compatible; DotBot/1.2; +https://opensiteexplorer.org/dotbot; help@moz.com)"
216.244.66.249 - - [22/Nov/2024:11:33:11 -0800] "GET /lake-powell-drain-reservoir-and-restore-lost-national-park-expert/ HTTP/1.0" 200 - "-" "Mozilla/5.0 (compatible; DotBot/1.2; +https://opensiteexplorer.org/dotbot; help@moz.com)"
216.244.66.249 - - [22/Nov/2024:11:33:16 -0800] "GET /afcon-2025q-rwanda-end-super-eagles-unbeaten-run-benin-qualify/ HTTP/1.0" 200 - "-" "Mozilla/5.0 (compatible; DotBot/1.2; +https://opensiteexplorer.org/dotbot; help@moz.com)"
216.244.66.249 - - [22/Nov/2024:11:33:18 -0800] "GET /amendments-578-687-draft-report-human-rights-and-democracy-in-the-world-and-the-european-unions-policy-on-the-matter-annual-report-2024-pe765-280v01-00/ HTTP/1.0" 200 - "-" "Mozilla/5.0 (compatible; DotBot/1.2; +https://opensiteexplorer.org/dotbot; help@moz.com)"
216.244.66.249 - - [22/Nov/2024:11:33:19 -0800] "GET /plymouth-stabbing-man-charged-with-murder/ HTTP/1.0" 200 - "-" "Mozilla/5.0 (compatible; DotBot/1.2; +https://opensiteexplorer.org/dotbot; help@moz.com)"
216.244.66.249 - - [22/Nov/2024:11:33:21 -0800] "GET /higher-monthly-payments-loom-for-many-student-loan-borrowers/ HTTP/1.0" 200 - "-" "Mozilla/5.0 (compatible; DotBot/1.2; +https://opensiteexplorer.org/dotbot; help@moz.com)"
216.244.66.249 - - [22/Nov/2024:11:33:22 -0800] "GET /map-shows-best-cities-to-visit-for-thanksgiving/ HTTP/1.0" 200 - "-" "Mozilla/5.0 (compatible; DotBot/1.2; +https://opensiteexplorer.org/dotbot; help@moz.com)"
216.244.66.249 - - [22/Nov/2024:11:33:23 -0800] "GET /neymars-latest-setback-keeps-him-out-of-spotlight-in-saudi-pro-league/ HTTP/1.0" 200 - "-" "Mozilla/5.0 (compatible; DotBot/1.2; +https://opensiteexplorer.org/dotbot; help@moz.com)"
216.244.66.249 - - [22/Nov/2024:11:33:24 -0800] "GET /katie-taylor-dismisses-dirty-fighter-accusation-didnt-try-to-cause-serranos-cut/ HTTP/1.0" 200 - "-" "Mozilla/5.0 (compatible; DotBot/1.2; +https://opensiteexplorer.org/dotbot; help@moz.com)"
216.244.66.249 - - [22/Nov/2024:11:33:25 -0800] "GET /trump-picks-rep-mike-waltz-to-serve-as-his-national-security-adviser/ HTTP/1.0" 200 - "-" "Mozilla/5.0 (compatible; DotBot/1.2; +https://opensiteexplorer.org/dotbot; help@moz.com)"
57.141.0.29 - - [22/Nov/2024:11:33:26 -0800] "GET /wp-json/oembed/1.0/embed?url=https%3A%2F%2Flive2news.com%2Fmatthew-tkachuk-david-pastrnak-engage-in-fisticuffs-in-game-2%2F HTTP/1.0" 200 - "-" "meta-externalagent/1.1 (+https://developers.facebook.com/docs/sharing/webmasters/crawler)"
216.244.66.249 - - [22/Nov/2024:11:33:27 -0800] "GET /murder-accomplices-early-release-a-mockery/ HTTP/1.0" 200 - "-" "Mozilla/5.0 (compatible; DotBot/1.2; +https://opensiteexplorer.org/dotbot; help@moz.com)"
216.244.66.249 - - [22/Nov/2024:11:33:28 -0800] "GET /russia-tv-shows-freed-prisoners-board-plane-after-swap/ HTTP/1.0" 200 - "-" "Mozilla/5.0 (compatible; DotBot/1.2; +https://opensiteexplorer.org/dotbot; help@moz.com)"
216.244.66.249 - - [22/Nov/2024:11:33:31 -0800] "GET /classmates-cheer-on-twins-charity-fundraiser/ HTTP/1.0" 200 - "-" "Mozilla/5.0 (compatible; DotBot/1.2; +https://opensiteexplorer.org/dotbot; help@moz.com)"
216.244.66.249 - - [22/Nov/2024:11:33:32 -0800] "GET /super-micro-hires-new-auditor-to-maintain-nasdaq-listing-shares-pop/ HTTP/1.0" 200 - "-" "Mozilla/5.0 (compatible; DotBot/1.2; +https://opensiteexplorer.org/dotbot; help@moz.com)"
216.244.66.249 - - [22/Nov/2024:11:33:38 -0800] "GET /doctor-reveals-dangers-of-sitting-on-the-toilet-too-long/ HTTP/1.0" 200 - "-" "Mozilla/5.0 (compatible; DotBot/1.2; +https://opensiteexplorer.org/dotbot; help@moz.com)"
216.244.66.249 - - [22/Nov/2024:11:33:41 -0800] "GET /the-man-in-the-middle/ HTTP/1.0" 200 - "-" "Mozilla/5.0 (compatible; DotBot/1.2; +https://opensiteexplorer.org/dotbot; help@moz.com)"
216.244.66.249 - - [22/Nov/2024:11:33:44 -0800] "GET /betmgm-bonus-code-newsweek200-bet-10-on-cfb-unlock-instant-200-bonus/ HTTP/1.0" 200 - "-" "Mozilla/5.0 (compatible; DotBot/1.2; +https://opensiteexplorer.org/dotbot; help@moz.com)"
208.92.218.66 - - [22/Nov/2024:11:33:48 -0800] "GET /feed/ HTTP/1.0" 200 - "-" "Mozilla/5.0 (Windows NT 10.0; Win64; x64) AppleWebKit/537.36 (KHTML, like Gecko) Chrome/70.0.3538.102 Safari/537.36"
216.244.66.249 - - [22/Nov/2024:11:33:49 -0800] "GET /huaweis-new-phone-uses-more-china-made-parts-memory-chip/ HTTP/1.0" 200 - "-" "Mozilla/5.0 (compatible; DotBot/1.2; +https://opensiteexplorer.org/dotbot; help@moz.com)"
216.244.66.249 - - [22/Nov/2024:11:33:52 -0800] "GET /police-crack-down-on-protests-in-georgia/ HTTP/1.0" 200 - "-" "Mozilla/5.0 (compatible; DotBot/1.2; +https://opensiteexplorer.org/dotbot; help@moz.com)"
216.244.66.249 - - [22/Nov/2024:11:33:54 -0800] "GET /hysterics-as-paramedic-cant-even-catch-a-break-while-sleeping/ HTTP/1.0" 200 - "-" "Mozilla/5.0 (compatible; DotBot/1.2; +https://opensiteexplorer.org/dotbot; help@moz.com)"
216.244.66.249 - - [22/Nov/2024:11:33:56 -0800] "GET /new-zealand-helicopter-pilot-killed-in-papua/ HTTP/1.0" 200 - "-" "Mozilla/5.0 (compatible; DotBot/1.2; +https://opensiteexplorer.org/dotbot; help@moz.com)"
216.244.66.249 - - [22/Nov/2024:11:33:58 -0800] "GET /opinion-is-the-los-angeles-city-council-serious-about-ethics-reform/ HTTP/1.0" 200 - "-" "Mozilla/5.0 (compatible; DotBot/1.2; +https://opensiteexplorer.org/dotbot; help@moz.com)"
216.244.66.249 - - [22/Nov/2024:11:33:59 -0800] "GET /womens-t20-world-cup-qualifier-scotland-beat-ireland-to-book-bangladesh-berth/ HTTP/1.0" 200 - "-" "Mozilla/5.0 (compatible; DotBot/1.2; +https://opensiteexplorer.org/dotbot; help@moz.com)"
216.244.66.249 - - [22/Nov/2024:11:34:02 -0800] "GET /olympic-boxing-angela-carini-says-she-wants-to-apologise-to-imane-khelif/ HTTP/1.0" 200 - "-" "Mozilla/5.0 (compatible; DotBot/1.2; +https://opensiteexplorer.org/dotbot; help@moz.com)"
216.244.66.249 - - [22/Nov/2024:11:34:26 -0800] "GET /donald-trump-campaigns-reaction-to-kamala-harris-picking-tim-walz-for-vp/ HTTP/1.0" 200 - "-" "Mozilla/5.0 (compatible; DotBot/1.2; +https://opensiteexplorer.org/dotbot; help@moz.com)"
114.119.137.184 - - [22/Nov/2024:11:34:30 -0800] "GET /author/06c4ab68f41c946cd7ffa7af908158df/ HTTP/1.0" 200 - "https://live2news.com/palestinian-leadership-in-crisis-as-gaza-war-rages/" "Mozilla/5.0 (Linux; Android 7.0;) AppleWebKit/537.36 (KHTML, like Gecko) Mobile Safari/537.36 (compatible; PetalBot;+https://webmaster.petalsearch.com/site/petalbot)"
57.141.0.17 - - [22/Nov/2024:11:35:04 -0800] "GET /one-person-taken-to-hospital-following-house-fire-in-northeast-calgary/ HTTP/1.0" 200 - "-" "meta-externalagent/1.1 (+https://developers.facebook.com/docs/sharing/webmasters/crawler)"
114.119.156.185 - - [22/Nov/2024:11:35:53 -0800] "GET /author/e6f001a21d78360037fb2094cbd57604/ HTTP/1.0" 200 - "https://live2news.com/myanmars-military-ruled-capital-attacked-by-drones/" "Mozilla/5.0 (Linux; Android 7.0;) AppleWebKit/537.36 (KHTML, like Gecko) Mobile Safari/537.36 (compatible; PetalBot;+https://webmaster.petalsearch.com/site/petalbot)"
216.244.66.249 - - [22/Nov/2024:11:35:57 -0800] "GET /author/jason_lemon/feed/ HTTP/1.0" 200 - "-" "Mozilla/5.0 (compatible; DotBot/1.2; +https://opensiteexplorer.org/dotbot; help@moz.com)"
216.244.66.249 - - [22/Nov/2024:11:35:59 -0800] "GET /author/yaron_weitzman/feed/ HTTP/1.0" 200 - "-" "Mozilla/5.0 (compatible; DotBot/1.2; +https://opensiteexplorer.org/dotbot; help@moz.com)"
216.244.66.249 - - [22/Nov/2024:11:36:01 -0800] "GET /twine-around-neck-of-baby-found-in-bishop-auckland-house/ HTTP/1.0" 200 - "-" "Mozilla/5.0 (compatible; DotBot/1.2; +https://opensiteexplorer.org/dotbot; help@moz.com)"
216.244.66.249 - - [22/Nov/2024:11:36:27 -0800] "GET /latest-news-on-russia-and-the-war-in-ukraine-42/ HTTP/1.0" 200 - "-" "Mozilla/5.0 (compatible; DotBot/1.2; +https://opensiteexplorer.org/dotbot; help@moz.com)"
114.119.151.179 - - [22/Nov/2024:11:37:17 -0800] "GET /arsenal-vs-bayern-munich-odds-09-04-24/ HTTP/1.0" 200 - "https://live2news.com/uconn-purdue-set-for-clash-of-the-titans-in-national-championship-game/" "Mozilla/5.0 (Linux; Android 7.0;) AppleWebKit/537.36 (KHTML, like Gecko) Mobile Safari/537.36 (compatible; PetalBot;+https://webmaster.petalsearch.com/site/petalbot)"
57.141.0.29 - - [22/Nov/2024:11:37:19 -0800] "GET /?p=170496 HTTP/1.0" 200 - "-" "meta-externalagent/1.1 (+https://developers.facebook.com/docs/sharing/webmasters/crawler)"
57.141.0.4 - - [22/Nov/2024:11:38:39 -0800] "GET /wp-json/wp/v2/posts/169651 HTTP/1.0" 200 - "-" "meta-externalagent/1.1 (+https://developers.facebook.com/docs/sharing/webmasters/crawler)"
114.119.160.248 - - [22/Nov/2024:11:38:41 -0800] "GET /apple-offer-to-open-up-nfc-based-tap-and-go-technology-said-to-be-on-track-for-eu-approval-by-may-2/ HTTP/1.0" 200 - "https://live2news.com/ryan-garcia-stuns-devin-haney-and-boxing-world-to-land-huge-win-in-new-york/" "Mozilla/5.0 (Linux; Android 7.0;) AppleWebKit/537.36 (KHTML, like Gecko) Mobile Safari/537.36 (compatible; PetalBot;+https://webmaster.petalsearch.com/site/petalbot)"
114.119.160.248 - - [22/Nov/2024:11:40:03 -0800] "GET /analysts-cut-their-price-targets-on-these-10-stocks-ahead-of-earnings/ HTTP/1.0" 200 - "https://live2news.com/nba-bans-jontay-porter-for-life-after-gambling-probe/" "Mozilla/5.0 (Linux; Android 7.0;) AppleWebKit/537.36 (KHTML, like Gecko) Mobile Safari/537.36 (compatible; PetalBot;+https://webmaster.petalsearch.com/site/petalbot)"
57.141.0.2 - - [22/Nov/2024:11:40:25 -0800] "GET /tents-appear-in-gaza-as-israel-prepares-rafah-offensive/ HTTP/1.0" 200 - "-" "meta-externalagent/1.1 (+https://developers.facebook.com/docs/sharing/webmasters/crawler)"
57.141.0.4 - - [22/Nov/2024:11:40:59 -0800] "GET /wp-json/oembed/1.0/embed?url=https%3A%2F%2Flive2news.com%2Fsony-testing-pc-vr-games-support-for-ps-vr2-will-be-available-in-2024%2F HTTP/1.0" 200 - "-" "meta-externalagent/1.1 (+https://developers.facebook.com/docs/sharing/webmasters/crawler)"
57.141.0.9 - - [22/Nov/2024:11:41:14 -0800] "GET /wp-json/oembed/1.0/embed?url=https%3A%2F%2Flive2news.com%2Fathletic-0-1-real-madrid-player-ratings-nacho-keeps-zidanes-title-dreams-alive%2F HTTP/1.0" 200 - "-" "meta-externalagent/1.1 (+https://developers.facebook.com/docs/sharing/webmasters/crawler)"
114.119.141.201 - - [22/Nov/2024:11:41:27 -0800] "GET /an-expert-guide-to-a-weekend-in-the-lake-district/ HTTP/1.0" 200 - "https://live2news.com/palestinian-leadership-in-crisis-as-gaza-war-rages/" "Mozilla/5.0 (Linux; Android 7.0;) AppleWebKit/537.36 (KHTML, like Gecko) Mobile Safari/537.36 (compatible; PetalBot;+https://webmaster.petalsearch.com/site/petalbot)"
216.244.66.249 - - [22/Nov/2024:11:41:28 -0800] "GET /us-man-charged-with-murder-of-father-in-irish-five-star-hotel/ HTTP/1.0" 200 - "-" "Mozilla/5.0 (compatible; DotBot/1.2; +https://opensiteexplorer.org/dotbot; help@moz.com)"
208.92.218.66 - - [22/Nov/2024:11:41:45 -0800] "GET /feed/ HTTP/1.0" 200 - "-" "Mozilla/5.0 (Windows NT 10.0; Win64; x64) AppleWebKit/537.36 (KHTML, like Gecko) Chrome/70.0.3538.102 Safari/537.36"
216.244.66.249 - - [22/Nov/2024:11:41:54 -0800] "GET /regina-police-introduce-monitoring-technology-in-their-detention-facility/ HTTP/1.0" 200 - "-" "Mozilla/5.0 (compatible; DotBot/1.2; +https://opensiteexplorer.org/dotbot; help@moz.com)"
208.92.218.66 - - [22/Nov/2024:11:42:33 -0800] "GET /feed/ HTTP/1.0" 200 - "-" "Mozilla/5.0 (Windows NT 10.0; Win64; x64) AppleWebKit/537.36 (KHTML, like Gecko) Chrome/70.0.3538.102 Safari/537.36"
114.119.156.185 - - [22/Nov/2024:11:42:52 -0800] "GET /alonso-perfect-in-reading-games-boniface/ HTTP/1.0" 200 - "https://live2news.com/palestinian-president-abbas-appoints-mohammed-mustafa-as-prime-minister-israel-war-on-gaza-news/" "Mozilla/5.0 (Linux; Android 7.0;) AppleWebKit/537.36 (KHTML, like Gecko) Mobile Safari/537.36 (compatible; PetalBot;+https://webmaster.petalsearch.com/site/petalbot)"
57.141.0.27 - - [22/Nov/2024:11:43:55 -0800] "GET /wp-json/wp/v2/posts/26844 HTTP/1.0" 200 - "-" "meta-externalagent/1.1 (+https://developers.facebook.com/docs/sharing/webmasters/crawler)"
114.119.155.64 - - [22/Nov/2024:11:44:14 -0800] "GET /adam-schiffs-victory-speech-drowned-out-by-protesters/ HTTP/1.0" 200 - "https://live2news.com/breaking-the-ice-estonia-comes-in-from-the-cold-estonia-holidays/" "Mozilla/5.0 (Linux; Android 7.0;) AppleWebKit/537.36 (KHTML, like Gecko) Mobile Safari/537.36 (compatible; PetalBot;+https://webmaster.petalsearch.com/site/petalbot)"
114.119.141.201 - - [22/Nov/2024:11:45:40 -0800] "GET /author/alex_mcintyre/ HTTP/1.0" 200 - "https://live2news.com/man-wanted-to-abduct-boy-to-sell-drugs-police-say/" "Mozilla/5.0 (Linux; Android 7.0;) AppleWebKit/537.36 (KHTML, like Gecko) Mobile Safari/537.36 (compatible; PetalBot;+https://webmaster.petalsearch.com/site/petalbot)"
66.249.79.76 - - [22/Nov/2024:11:46:10 -0800] "GET / HTTP/1.0" 200 120993 "-" "Mozilla/5.0 (Linux; Android 6.0.1; Nexus 5X Build/MMB29P) AppleWebKit/537.36 (KHTML, like Gecko) Chrome/131.0.6778.69 Mobile Safari/537.36 (compatible; Googlebot/2.1; +http://www.google.com/bot.html)"
114.119.151.179 - - [22/Nov/2024:11:47:02 -0800] "GET /2024-nfl-draft-odds-chargers-favored-to-draft-georgia-te-brock-bowers/ HTTP/1.0" 200 - "https://live2news.com/top-wall-street-analysts-prefer-these-three-stocks-for-the-long-haul/" "Mozilla/5.0 (Linux; Android 7.0;) AppleWebKit/537.36 (KHTML, like Gecko) Mobile Safari/537.36 (compatible; PetalBot;+https://webmaster.petalsearch.com/site/petalbot)"
208.92.218.66 - - [22/Nov/2024:11:47:03 -0800] "GET /feed/ HTTP/1.0" 200 - "-" "Mozilla/5.0 (Windows NT 10.0; Win64; x64) AppleWebKit/537.36 (KHTML, like Gecko) Chrome/70.0.3538.102 Safari/537.36"
208.92.218.66 - - [22/Nov/2024:11:47:04 -0800] "GET /feed/ HTTP/1.0" 200 - "-" "Mozilla/5.0 (Windows NT 10.0; Win64; x64) AppleWebKit/537.36 (KHTML, like Gecko) Chrome/70.0.3538.102 Safari/537.36"
208.92.218.66 - - [22/Nov/2024:11:47:23 -0800] "GET /feed/ HTTP/1.0" 200 - "-" "Mozilla/5.0 (Windows NT 10.0; Win64; x64) AppleWebKit/537.36 (KHTML, like Gecko) Chrome/70.0.3538.102 Safari/537.36"
208.92.218.66 - - [22/Nov/2024:11:47:28 -0800] "GET /feed/ HTTP/1.0" 200 - "-" "Mozilla/5.0 (Windows NT 10.0; Win64; x64) AppleWebKit/537.36 (KHTML, like Gecko) Chrome/70.0.3538.102 Safari/537.36"
208.92.218.66 - - [22/Nov/2024:11:47:43 -0800] "GET /feed/ HTTP/1.0" 200 - "-" "Mozilla/5.0 (Windows NT 10.0; Win64; x64) AppleWebKit/537.36 (KHTML, like Gecko) Chrome/70.0.3538.102 Safari/537.36"
209.182.200.39 - - [22/Nov/2024:11:49:09 -0800] "POST /wp-cron.php?doing_wp_cron=1732304949.9210410118103027343750 HTTP/1.0" 200 - "-" "WordPress/6.6.2; https://live2news.com"
209.182.200.39 - - [22/Nov/2024:11:49:10 -0800] "GET /wp-content/themes/newscore/assets/images/login-logo.png HTTP/1.0" 200 5193 "-" "-"
57.141.0.3 - - [22/Nov/2024:11:49:07 -0800] "GET /wp-login.php?redirect_to=https%3A%2F%2Flive2news.com%2Fambanis-reliance-jio-ipo-set-for-2025-retail-debut-much-later-sources-say%2F HTTP/1.0" 200 7046 "-" "meta-externalagent/1.1 (+https://developers.facebook.com/docs/sharing/webmasters/crawler)"
57.141.0.14 - - [22/Nov/2024:11:50:26 -0800] "GET /?p=51456 HTTP/1.0" 200 - "-" "meta-externalagent/1.1 (+https://developers.facebook.com/docs/sharing/webmasters/crawler)"
57.141.0.12 - - [22/Nov/2024:11:53:21 -0800] "GET /bayer-leverkusens-rise-from-perennial-failures-to-potentially-becoming-european-immortals/ HTTP/1.0" 200 - "-" "meta-externalagent/1.1 (+https://developers.facebook.com/docs/sharing/webmasters/crawler)"
209.182.200.39 - - [22/Nov/2024:11:54:13 -0800] "POST /wp-cron.php?doing_wp_cron=1732305253.6283988952636718750000 HTTP/1.0" 200 - "-" "WordPress/6.6.2; https://live2news.com"
209.182.200.39 - - [22/Nov/2024:11:54:13 -0800] "GET /wp-content/themes/newscore/assets/images/login-logo.png HTTP/1.0" 200 5193 "-" "-"
57.141.0.7 - - [22/Nov/2024:11:54:12 -0800] "GET /wp-login.php?redirect_to=https%3A%2F%2Flive2news.com%2Fwizards-upset-giannis-antetokounmpo-bucks%2F HTTP/1.0" 200 7014 "-" "meta-externalagent/1.1 (+https://developers.facebook.com/docs/sharing/webmasters/crawler)"
209.182.200.39 - - [22/Nov/2024:11:54:20 -0800] "GET /wp-json/jetpack/v4/sync/spawn-sync?time=1732305260 HTTP/1.0" 200 - "-" "WordPress/6.6.2; https://live2news.com"
95.108.213.115 - - [22/Nov/2024:11:56:12 -0800] "GET /robots.txt HTTP/1.0" 200 67 "-" "Mozilla/5.0 (compatible; YandexBot/3.0; +http://yandex.com/bots)"
5.255.231.178 - - [22/Nov/2024:11:56:13 -0800] "GET /two-men-found-guilty-in-freezing-deaths-of-family-at-us-canada-border/ HTTP/1.0" 200 - "-" "Mozilla/5.0 (compatible; YandexBot/3.0; +http://yandex.com/bots)"
57.141.0.27 - - [22/Nov/2024:11:57:28 -0800] "GET /man-accused-of-kidnap-and-sexual-assault-of-girl-9/ HTTP/1.0" 200 - "-" "meta-externalagent/1.1 (+https://developers.facebook.com/docs/sharing/webmasters/crawler)"
208.92.218.66 - - [22/Nov/2024:11:57:45 -0800] "GET /feed/ HTTP/1.0" 200 - "-" "Mozilla/5.0 (Windows NT 10.0; Win64; x64) AppleWebKit/537.36 (KHTML, like Gecko) Chrome/70.0.3538.102 Safari/537.36"
208.92.218.66 - - [22/Nov/2024:11:58:20 -0800] "GET /feed/ HTTP/1.0" 200 - "-" "Mozilla/5.0 (Windows NT 10.0; Win64; x64) AppleWebKit/537.36 (KHTML, like Gecko) Chrome/70.0.3538.102 Safari/537.36"
213.180.203.189 - - [22/Nov/2024:11:59:38 -0800] "GET /sitemap.xml HTTP/1.0" 200 161536 "-" "Mozilla/5.0 (compatible; YandexBot/3.0; +http://yandex.com/bots)"
208.92.218.66 - - [22/Nov/2024:12:00:26 -0800] "GET /feed/ HTTP/1.0" 200 - "-" "Mozilla/5.0 (Windows NT 10.0; Win64; x64) AppleWebKit/537.36 (KHTML, like Gecko) Chrome/70.0.3538.102 Safari/537.36"
57.141.0.14 - - [22/Nov/2024:12:02:31 -0800] "GET /bruce-lehrmann-judge-finds-brittany-higgins-was-raped-inside-parliament/ HTTP/1.0" 200 - "-" "meta-externalagent/1.1 (+https://developers.facebook.com/docs/sharing/webmasters/crawler)"
57.141.0.9 - - [22/Nov/2024:12:02:44 -0800] "GET /oneplus-watch-2-officially-teased-tipped-to-launch-on-february-26/ HTTP/1.0" 200 - "-" "meta-externalagent/1.1 (+https://developers.facebook.com/docs/sharing/webmasters/crawler)"
114.119.132.18 - - [22/Nov/2024:12:03:45 -0800] "GET /us-and-uk-announce-partnership-on-ai-safety-and-testing/ HTTP/1.0" 200 - "https://live2news.com/three-12-year-olds-wounded-in-finland-school-shooting-child-suspect-held/" "Mozilla/5.0 (Linux; Android 7.0;) AppleWebKit/537.36 (KHTML, like Gecko) Mobile Safari/537.36 (compatible; PetalBot;+https://webmaster.petalsearch.com/site/petalbot)"
114.119.141.201 - - [22/Nov/2024:12:05:09 -0800] "GET /toddlers-severe-reaction-after-woodland-play/ HTTP/1.0" 200 - "https://live2news.com/hundreds-of-indians-rescued-from-cambodia-scam-factories/" "Mozilla/5.0 (Linux; Android 7.0;) AppleWebKit/537.36 (KHTML, like Gecko) Mobile Safari/537.36 (compatible; PetalBot;+https://webmaster.petalsearch.com/site/petalbot)"
208.92.218.66 - - [22/Nov/2024:12:05:38 -0800] "GET /feed/ HTTP/1.0" 200 - "-" "Mozilla/5.0 (Windows NT 10.0; Win64; x64) AppleWebKit/537.36 (KHTML, like Gecko) Chrome/70.0.3538.102 Safari/537.36"
57.141.0.2 - - [22/Nov/2024:12:06:13 -0800] "GET /wp-json/wp/v2/posts/170228 HTTP/1.0" 200 - "-" "meta-externalagent/1.1 (+https://developers.facebook.com/docs/sharing/webmasters/crawler)"
114.119.132.18 - - [22/Nov/2024:12:06:31 -0800] "GET /teresa-giudice-and-luis-ruelas-is-the-marriage-over/ HTTP/1.0" 200 - "https://live2news.com/why-private-equity-has-been-involved-in-every-recent-bank-deal/" "Mozilla/5.0 (Linux; Android 7.0;) AppleWebKit/537.36 (KHTML, like Gecko) Mobile Safari/537.36 (compatible; PetalBot;+https://webmaster.petalsearch.com/site/petalbot)"
114.119.137.184 - - [22/Nov/2024:12:07:55 -0800] "GET /instagram-adds-a-new-lock-screen-widget-to-help-post-stories-faster-on-iphone/ HTTP/1.0" 200 - "https://live2news.com/man-arrested-after-metal-hunk-thrown-from-whitemud-drive-overpass-harms-mom-sitting-by-infant-edmonton/" "Mozilla/5.0 (Linux; Android 7.0;) AppleWebKit/537.36 (KHTML, like Gecko) Mobile Safari/537.36 (compatible; PetalBot;+https://webmaster.petalsearch.com/site/petalbot)"
57.141.0.8 - - [22/Nov/2024:12:08:31 -0800] "GET /wp-json/wp/v2/posts/170268 HTTP/1.0" 200 - "-" "meta-externalagent/1.1 (+https://developers.facebook.com/docs/sharing/webmasters/crawler)"
208.92.218.66 - - [22/Nov/2024:12:08:32 -0800] "GET /feed/ HTTP/1.0" 200 - "-" "Mozilla/5.0 (Windows NT 10.0; Win64; x64) AppleWebKit/537.36 (KHTML, like Gecko) Chrome/70.0.3538.102 Safari/537.36"
114.119.137.184 - - [22/Nov/2024:12:09:19 -0800] "GET /celtic-fan-brawling-on-easyjet-flight-forces-police-intervention-in-turkey/ HTTP/1.0" 200 - "https://live2news.com/ukraine-aid-vote-us-house-of-representatives-approves-critical-61bn-package/" "Mozilla/5.0 (Linux; Android 7.0;) AppleWebKit/537.36 (KHTML, like Gecko) Mobile Safari/537.36 (compatible; PetalBot;+https://webmaster.petalsearch.com/site/petalbot)"
149.88.18.8 - - [22/Nov/2024:12:10:22 -0800] "GET /contact-us/ HTTP/1.0" 200 - "-" "Mozilla/5.0 (Macintosh; Intel Mac OS X 12.5; rv:114.0) Gecko/20100101 Firefox/114.0"
149.88.18.8 - - [22/Nov/2024:12:10:24 -0800] "GET /contact-us/ HTTP/1.0" 200 - "-" "Mozilla/5.0 (Macintosh; Intel Mac OS X 12.5; rv:114.0) Gecko/20100101 Firefox/114.0"
149.88.18.8 - - [22/Nov/2024:12:10:26 -0800] "GET /contact-us/ HTTP/1.0" 200 - "-" "Mozilla/5.0 (Macintosh; Intel Mac OS X 12.5; rv:114.0) Gecko/20100101 Firefox/114.0"
208.92.218.66 - - [22/Nov/2024:12:10:40 -0800] "GET /feed/ HTTP/1.0" 200 - "-" "Mozilla/5.0 (Windows NT 10.0; Win64; x64) AppleWebKit/537.36 (KHTML, like Gecko) Chrome/70.0.3538.102 Safari/537.36"
114.119.160.248 - - [22/Nov/2024:12:10:43 -0800] "GET /beijing-concerned-funds-from-liquidity-boosts-arent-finding-borrowers/ HTTP/1.0" 200 - "https://live2news.com/yerba-mate-producers-from-argentina-paraguay-and-brazil-join-forces-mercopress/" "Mozilla/5.0 (Linux; Android 7.0;) AppleWebKit/537.36 (KHTML, like Gecko) Mobile Safari/537.36 (compatible; PetalBot;+https://webmaster.petalsearch.com/site/petalbot)"
208.92.218.66 - - [22/Nov/2024:12:11:10 -0800] "GET /feed/ HTTP/1.0" 200 - "-" "Mozilla/5.0 (Windows NT 10.0; Win64; x64) AppleWebKit/537.36 (KHTML, like Gecko) Chrome/70.0.3538.102 Safari/537.36"
57.141.0.22 - - [22/Nov/2024:12:11:55 -0800] "GET /wp-json/oembed/1.0/embed?url=https%3A%2F%2Flive2news.com%2Fbetis-2-3-barcelona-player-ratings-brilliant-messi-cameo%2F HTTP/1.0" 200 - "-" "meta-externalagent/1.1 (+https://developers.facebook.com/docs/sharing/webmasters/crawler)"
114.119.156.185 - - [22/Nov/2024:12:12:06 -0800] "GET /which-fast-food-chains-are-raising-prices-in-california-to-pay-wages/ HTTP/1.0" 200 - "https://live2news.com/house-republicans-party-line-majority-hangs-by-a-thread/" "Mozilla/5.0 (Linux; Android 7.0;) AppleWebKit/537.36 (KHTML, like Gecko) Mobile Safari/537.36 (compatible; PetalBot;+https://webmaster.petalsearch.com/site/petalbot)"
103.131.71.207 - - [22/Nov/2024:12:12:34 -0800] "GET /robots.txt HTTP/1.0" 200 66 "-" "Mozilla/5.0 (compatible; coccocbot-image/1.0; +http://help.coccoc.com/searchengine)"
103.131.71.206 - - [22/Nov/2024:12:12:36 -0800] "GET /wp-content/themes/newscore/assets/images/favicon.gif HTTP/1.0" 200 744 "-" "Mozilla/5.0 (compatible; coccocbot-image/1.0; +http://help.coccoc.com/searchengine)"
114.119.141.201 - - [22/Nov/2024:12:13:30 -0800] "GET /how-the-coronavirus-calendar-is-impacting-player-welfare/ HTTP/1.0" 200 - "https://live2news.com/parents-of-murdered-stalking-victim-finally-supported/" "Mozilla/5.0 (Linux; Android 7.0;) AppleWebKit/537.36 (KHTML, like Gecko) Mobile Safari/537.36 (compatible; PetalBot;+https://webmaster.petalsearch.com/site/petalbot)"
57.141.0.10 - - [22/Nov/2024:12:13:41 -0800] "GET /woman-intends-to-foster-a-puppy-doesnt-go-to-plan-escalated-quickly/ HTTP/1.0" 200 - "-" "meta-externalagent/1.1 (+https://developers.facebook.com/docs/sharing/webmasters/crawler)"
114.119.141.201 - - [22/Nov/2024:12:14:53 -0800] "GET /has-juan-soto-finally-found-a-home-with-new-york-yankees/ HTTP/1.0" 200 - "https://live2news.com/latest-round-of-layoffs-at-alphabet-targets-youtube-report/" "Mozilla/5.0 (Linux; Android 7.0;) AppleWebKit/537.36 (KHTML, like Gecko) Mobile Safari/537.36 (compatible; PetalBot;+https://webmaster.petalsearch.com/site/petalbot)"
208.92.218.66 - - [22/Nov/2024:12:15:40 -0800] "GET /feed/ HTTP/1.0" 200 - "-" "Mozilla/5.0 (Windows NT 10.0; Win64; x64) AppleWebKit/537.36 (KHTML, like Gecko) Chrome/70.0.3538.102 Safari/537.36"
57.141.0.11 - - [22/Nov/2024:12:15:42 -0800] "GET /wp-json/wp/v2/posts/168831 HTTP/1.0" 200 - "-" "meta-externalagent/1.1 (+https://developers.facebook.com/docs/sharing/webmasters/crawler)"
