114.119.141.217 - - [22/Nov/2024:17:32:54 -0800] "GET /alarm-sounded-over-major-north-korea-hacks/ HTTP/1.0" 200 - "https://live2news.com/norwegian-cruise-passengers-stranded-in-africa-after-failing-to-reboard-ship/" "Mozilla/5.0 (Linux; Android 7.0;) AppleWebKit/537.36 (KHTML, like Gecko) Mobile Safari/537.36 (compatible; PetalBot;+https://webmaster.petalsearch.com/site/petalbot)"
114.119.141.201 - - [22/Nov/2024:17:34:18 -0800] "GET /15-best-enemies-to-lovers-books-to-read-now/ HTTP/1.0" 200 - "https://live2news.com/realme-12x-5g-with-mediatek-dimensity-6100-soc-air-gestures-launched-in-india-price-specifications/" "Mozilla/5.0 (Linux; Android 7.0;) AppleWebKit/537.36 (KHTML, like Gecko) Mobile Safari/537.36 (compatible; PetalBot;+https://webmaster.petalsearch.com/site/petalbot)"
216.244.66.249 - - [22/Nov/2024:17:35:11 -0800] "GET /flood-victims-will-be-out-of-homes-for-months/ HTTP/1.0" 200 - "-" "Mozilla/5.0 (compatible; DotBot/1.2; +https://opensiteexplorer.org/dotbot; help@moz.com)"
216.244.66.249 - - [22/Nov/2024:17:35:12 -0800] "GET /jojo-siwa-admits-she-spent-50000-on-this-cosmetic-procedure/ HTTP/1.0" 200 - "-" "Mozilla/5.0 (compatible; DotBot/1.2; +https://opensiteexplorer.org/dotbot; help@moz.com)"
216.244.66.249 - - [22/Nov/2024:17:35:13 -0800] "GET /scotland-serenaded-by-piper-as-they-leave-for-germany/ HTTP/1.0" 200 - "-" "Mozilla/5.0 (compatible; DotBot/1.2; +https://opensiteexplorer.org/dotbot; help@moz.com)"
208.92.218.66 - - [22/Nov/2024:17:35:25 -0800] "GET /feed/ HTTP/1.0" 200 - "-" "Mozilla/5.0 (Windows NT 10.0; Win64; x64) AppleWebKit/537.36 (KHTML, like Gecko) Chrome/70.0.3538.102 Safari/537.36"
114.119.155.64 - - [22/Nov/2024:17:35:41 -0800] "GET /author/jonathan_johnson/ HTTP/1.0" 200 - "https://live2news.com/premier-league-hall-of-fame-chelsea-legend-john-terry-manchester-united-striker-andy-cole-23rd-24th-members/" "Mozilla/5.0 (Linux; Android 7.0;) AppleWebKit/537.36 (KHTML, like Gecko) Mobile Safari/537.36 (compatible; PetalBot;+https://webmaster.petalsearch.com/site/petalbot)"
216.244.66.249 - - [22/Nov/2024:17:36:50 -0800] "GET /category/business/page/102/ HTTP/1.0" 200 - "-" "Mozilla/5.0 (compatible; DotBot/1.2; +https://opensiteexplorer.org/dotbot; help@moz.com)"
216.244.66.249 - - [22/Nov/2024:17:36:51 -0800] "GET /levelling-up-funding-crucial-to-scottish-communities-says-ross/ HTTP/1.0" 200 - "-" "Mozilla/5.0 (compatible; DotBot/1.2; +https://opensiteexplorer.org/dotbot; help@moz.com)"
216.244.66.249 - - [22/Nov/2024:17:36:52 -0800] "GET /man-riding-jersey-cow-unacceptable-and-shocking-farmer-says/ HTTP/1.0" 200 - "-" "Mozilla/5.0 (compatible; DotBot/1.2; +https://opensiteexplorer.org/dotbot; help@moz.com)"
216.244.66.249 - - [22/Nov/2024:17:36:55 -0800] "GET /southern-water-offers-compensation-after-five-day-outage/ HTTP/1.0" 200 - "-" "Mozilla/5.0 (compatible; DotBot/1.2; +https://opensiteexplorer.org/dotbot; help@moz.com)"
216.244.66.249 - - [22/Nov/2024:17:36:58 -0800] "GET /teslas-big-rally-drives-the-nasdaq-higher/ HTTP/1.0" 200 - "-" "Mozilla/5.0 (compatible; DotBot/1.2; +https://opensiteexplorer.org/dotbot; help@moz.com)"
216.244.66.249 - - [22/Nov/2024:17:37:00 -0800] "GET /west-brom-vs-sunderland-prediction/ HTTP/1.0" 200 - "-" "Mozilla/5.0 (compatible; DotBot/1.2; +https://opensiteexplorer.org/dotbot; help@moz.com)"
114.119.156.185 - - [22/Nov/2024:17:37:05 -0800] "GET /16-goals-and-nine-assists-in-11-games/ HTTP/1.0" 200 - "https://live2news.com/only-god-can-change-this-place-haitians-see-no-end-to-spiralling-violence/" "Mozilla/5.0 (Linux; Android 7.0;) AppleWebKit/537.36 (KHTML, like Gecko) Mobile Safari/537.36 (compatible; PetalBot;+https://webmaster.petalsearch.com/site/petalbot)"
208.92.218.66 - - [22/Nov/2024:17:37:08 -0800] "GET /feed/ HTTP/1.0" 200 - "-" "Mozilla/5.0 (Windows NT 10.0; Win64; x64) AppleWebKit/537.36 (KHTML, like Gecko) Chrome/70.0.3538.102 Safari/537.36"
216.244.66.249 - - [22/Nov/2024:17:39:10 -0800] "GET /author/ryan_smith/page/7/ HTTP/1.0" 200 - "-" "Mozilla/5.0 (compatible; DotBot/1.2; +https://opensiteexplorer.org/dotbot; help@moz.com)"
216.244.66.249 - - [22/Nov/2024:17:39:12 -0800] "GET /matt-fitzpatrick-and-tommy-fleetwood-selected-for-team-gb-at-paris-2024-olympics/ HTTP/1.0" 200 - "-" "Mozilla/5.0 (compatible; DotBot/1.2; +https://opensiteexplorer.org/dotbot; help@moz.com)"
216.244.66.249 - - [22/Nov/2024:17:39:13 -0800] "GET /mohammad-nabi-not-thinking-about-retirement-hopes-to-play-2026-t20-world-cup/ HTTP/1.0" 200 - "-" "Mozilla/5.0 (compatible; DotBot/1.2; +https://opensiteexplorer.org/dotbot; help@moz.com)"
216.244.66.249 - - [22/Nov/2024:17:39:14 -0800] "GET /patrick-heron-picture-spotted-at-flea-market-set-for-york-auction/ HTTP/1.0" 200 - "-" "Mozilla/5.0 (compatible; DotBot/1.2; +https://opensiteexplorer.org/dotbot; help@moz.com)"
216.244.66.249 - - [22/Nov/2024:17:39:15 -0800] "GET /police-investigating-after-unauthorised-grave-dug-at-cemetery/ HTTP/1.0" 200 - "-" "Mozilla/5.0 (compatible; DotBot/1.2; +https://opensiteexplorer.org/dotbot; help@moz.com)"
216.244.66.249 - - [22/Nov/2024:17:39:16 -0800] "GET /sittingbourne-woman-calls-for-glioblastoma-funding-priority/ HTTP/1.0" 200 - "-" "Mozilla/5.0 (compatible; DotBot/1.2; +https://opensiteexplorer.org/dotbot; help@moz.com)"
216.244.66.249 - - [22/Nov/2024:17:39:17 -0800] "GET /use-superboost-to-claim-bonus/ HTTP/1.0" 200 - "-" "Mozilla/5.0 (compatible; DotBot/1.2; +https://opensiteexplorer.org/dotbot; help@moz.com)"
216.244.66.249 - - [22/Nov/2024:17:39:18 -0800] "GET /wet-spring-dashes-hopes-for-northern-ireland-potato-harvest/ HTTP/1.0" 200 - "-" "Mozilla/5.0 (compatible; DotBot/1.2; +https://opensiteexplorer.org/dotbot; help@moz.com)"
89.208.105.220 - - [22/Nov/2024:17:41:42 -0800] "GET / HTTP/1.0" 200 - "-" "Mozilla/5.0 (Macintosh; Intel Mac OS X 10.8; rv:46.0) Gecko/20100101 Firefox/46.0"
89.208.105.220 - - [22/Nov/2024:17:41:42 -0800] "POST /wp-content/plugins/wp-automatic/inc/csv.php HTTP/1.0" 403 228 "http://live2news.com/" "Mozilla/5.0 (Macintosh; Intel Mac OS X 10.8; rv:46.0) Gecko/20100101 Firefox/46.0"
89.208.105.220 - - [22/Nov/2024:17:41:43 -0800] "POST /wp-content/plugins/wp-automatic/inc/csv.phpe975eaae7a05.php HTTP/1.0" 403 228 "http://live2news.com/wp-content/plugins/wp-automatic/inc/csv.php" "Mozilla/5.0 (Macintosh; Intel Mac OS X 10.8; rv:46.0) Gecko/20100101 Firefox/46.0"
89.208.105.220 - - [22/Nov/2024:17:41:43 -0800] "POST /wp-content/plugins/wp-automatic/inc/csv.phpe975eaae7a05.php HTTP/1.0" 403 228 "http://live2news.com/wp-content/plugins/wp-automatic/inc/csv.phpe975eaae7a05.php" "Mozilla/5.0 (Macintosh; Intel Mac OS X 10.8; rv:46.0) Gecko/20100101 Firefox/46.0"
89.208.105.220 - - [22/Nov/2024:17:41:44 -0800] "GET /wp-json/wp/v2/settings HTTP/1.0" 200 - "http://live2news.com/wp-content/plugins/wp-automatic/inc/csv.phpe975eaae7a05.php" "Mozilla/5.0 (Macintosh; Intel Mac OS X 10.8; rv:46.0) Gecko/20100101 Firefox/46.0"
57.141.0.17 - - [22/Nov/2024:17:41:49 -0800] "GET /wp-json/oembed/1.0/embed?url=https%3A%2F%2Flive2news.com%2Fafg-vs-ban-najmul-hossain-shanto-sidelined-from-final-odi-with-groin-injury-setback%2F HTTP/1.0" 200 - "-" "meta-externalagent/1.1 (+https://developers.facebook.com/docs/sharing/webmasters/crawler)"
209.182.200.39 - - [22/Nov/2024:17:42:33 -0800] "POST /wp-cron.php?doing_wp_cron=1732326153.6194939613342285156250 HTTP/1.0" 403 228 "-" "WordPress/6.6.2; https://live2news.com"
209.182.200.39 - - [22/Nov/2024:17:42:33 -0800] "GET /wp-content/themes/newscore/assets/images/login-logo.png HTTP/1.0" 200 5193 "-" "-"
57.141.0.1 - - [22/Nov/2024:17:42:31 -0800] "GET /wp-login.php?redirect_to=https%3A%2F%2Flive2news.com%2Freal-madrid-vs-celta-5-2-sep-12-2021-match-preview-and-stats%2F HTTP/1.0" 200 7033 "-" "meta-externalagent/1.1 (+https://developers.facebook.com/docs/sharing/webmasters/crawler)"
208.92.218.66 - - [22/Nov/2024:17:46:33 -0800] "GET /feed/ HTTP/1.0" 200 - "-" "Mozilla/5.0 (Windows NT 10.0; Win64; x64) AppleWebKit/537.36 (KHTML, like Gecko) Chrome/70.0.3538.102 Safari/537.36"
208.92.218.66 - - [22/Nov/2024:17:48:09 -0800] "GET /feed/ HTTP/1.0" 200 - "-" "Mozilla/5.0 (Windows NT 10.0; Win64; x64) AppleWebKit/537.36 (KHTML, like Gecko) Chrome/70.0.3538.102 Safari/537.36"
85.208.96.199 - - [22/Nov/2024:17:48:22 -0800] "GET /robots.txt HTTP/1.0" 200 67 "-" "Mozilla/5.0 (compatible; SemrushBot/7~bl; +http://www.semrush.com/bot.html)"
185.191.171.6 - - [22/Nov/2024:17:48:24 -0800] "GET /ikorodu-city-coach-confident-ahead-of-enyimba-clash/ HTTP/1.0" 200 - "-" "Mozilla/5.0 (compatible; SemrushBot/7~bl; +http://www.semrush.com/bot.html)"
57.141.0.3 - - [22/Nov/2024:17:50:16 -0800] "GET /wp-json/wp/v2/posts/33987 HTTP/1.0" 200 - "-" "meta-externalagent/1.1 (+https://developers.facebook.com/docs/sharing/webmasters/crawler)"
114.119.156.185 - - [22/Nov/2024:17:50:34 -0800] "GET /highlights-from-the-2024-ncaa-gymnastics-semifinals/ HTTP/1.0" 200 - "https://live2news.com/israel-carries-out-limited-strike-against-iran-source-says/" "Mozilla/5.0 (Linux; Android 7.0;) AppleWebKit/537.36 (KHTML, like Gecko) Mobile Safari/537.36 (compatible; PetalBot;+https://webmaster.petalsearch.com/site/petalbot)"
114.119.141.201 - - [22/Nov/2024:17:51:57 -0800] "GET /angel-reeses-postgame-comments-draw-support-as-well-as-critiques/ HTTP/1.0" 200 - "https://live2news.com/the-future-of-driverless-taxi-service-comes-to-los-angeles/" "Mozilla/5.0 (Linux; Android 7.0;) AppleWebKit/537.36 (KHTML, like Gecko) Mobile Safari/537.36 (compatible; PetalBot;+https://webmaster.petalsearch.com/site/petalbot)"
208.92.218.66 - - [22/Nov/2024:17:52:42 -0800] "GET /feed/ HTTP/1.0" 200 - "-" "Mozilla/5.0 (Windows NT 10.0; Win64; x64) AppleWebKit/537.36 (KHTML, like Gecko) Chrome/70.0.3538.102 Safari/537.36"
208.92.218.66 - - [22/Nov/2024:17:53:00 -0800] "GET /feed/ HTTP/1.0" 200 - "-" "Mozilla/5.0 (Windows NT 10.0; Win64; x64) AppleWebKit/537.36 (KHTML, like Gecko) Chrome/70.0.3538.102 Safari/537.36"
114.119.155.64 - - [22/Nov/2024:17:53:21 -0800] "GET /2-suspects-in-viral-brampton-road-rage-video-identified-police-say-toronto/ HTTP/1.0" 200 - "https://live2news.com/who-is-shaboozey-and-why-is-beyonce-his-biggest-fan/" "Mozilla/5.0 (Linux; Android 7.0;) AppleWebKit/537.36 (KHTML, like Gecko) Mobile Safari/537.36 (compatible; PetalBot;+https://webmaster.petalsearch.com/site/petalbot)"
57.141.0.12 - - [22/Nov/2024:17:53:26 -0800] "GET /wp-json/wp/v2/posts/47402 HTTP/1.0" 200 - "-" "meta-externalagent/1.1 (+https://developers.facebook.com/docs/sharing/webmasters/crawler)"
57.141.0.5 - - [22/Nov/2024:17:53:52 -0800] "GET /wp-json/wp/v2/posts/39209 HTTP/1.0" 200 - "-" "meta-externalagent/1.1 (+https://developers.facebook.com/docs/sharing/webmasters/crawler)"
114.119.155.64 - - [22/Nov/2024:17:54:44 -0800] "GET /trae-young-says-he-feels-better-ahead-of-play-in-vs-bulls/ HTTP/1.0" 200 - "https://live2news.com/the-best-accommodation-in-innsbruck-austria/" "Mozilla/5.0 (Linux; Android 7.0;) AppleWebKit/537.36 (KHTML, like Gecko) Mobile Safari/537.36 (compatible; PetalBot;+https://webmaster.petalsearch.com/site/petalbot)"
57.141.0.15 - - [22/Nov/2024:17:55:14 -0800] "GET /wp-json/wp/v2/posts/30603 HTTP/1.0" 200 - "-" "meta-externalagent/1.1 (+https://developers.facebook.com/docs/sharing/webmasters/crawler)"
66.249.79.64 - - [22/Nov/2024:17:55:43 -0800] "GET /robots.txt HTTP/1.0" 200 67 "-" "Mozilla/5.0 (compatible; Googlebot/2.1; +http://www.google.com/bot.html)"
66.249.79.76 - - [22/Nov/2024:17:56:05 -0800] "GET /ads.txt HTTP/1.0" 200 121823 "-" "Mozilla/5.0 (compatible; Googlebot/2.1; +http://www.google.com/bot.html)"
114.119.151.179 - - [22/Nov/2024:17:56:07 -0800] "GET /1st-session-of-the-oacps-eu-joint-parliamentary-assembly-angola-19-21-feb-2024-home-dpac-delegations/ HTTP/1.0" 200 - "https://live2news.com/if-our-regulated-markets-cant-compete-with-crypto-sebi-chief-addresses-investor-migration-concerns/" "Mozilla/5.0 (Linux; Android 7.0;) AppleWebKit/537.36 (KHTML, like Gecko) Mobile Safari/537.36 (compatible; PetalBot;+https://webmaster.petalsearch.com/site/petalbot)"
209.182.200.39 - - [22/Nov/2024:17:57:30 -0800] "POST /wp-cron.php?doing_wp_cron=1732327050.5559000968933105468750 HTTP/1.0" 200 - "-" "WordPress/6.6.2; https://live2news.com"
209.182.200.39 - - [22/Nov/2024:17:57:30 -0800] "GET /wp-content/themes/newscore/assets/images/login-logo.png HTTP/1.0" 200 5193 "-" "-"
57.141.0.2 - - [22/Nov/2024:17:57:29 -0800] "GET /wp-login.php?redirect_to=https%3A%2F%2Flive2news.com%2Falina-habba-says-americas-seen-all-hell-break-loose%2F HTTP/1.0" 200 7024 "-" "meta-externalagent/1.1 (+https://developers.facebook.com/docs/sharing/webmasters/crawler)"
209.182.200.39 - - [22/Nov/2024:17:57:37 -0800] "GET /wp-json/jetpack/v4/sync/spawn-sync?time=1732327057 HTTP/1.0" 200 - "-" "WordPress/6.6.2; https://live2news.com"
17.241.75.76 - - [22/Nov/2024:17:57:50 -0800] "GET /author/lucy_williamson/ HTTP/1.0" 200 - "-" "Mozilla/5.0 (Macintosh; Intel Mac OS X 10_15_7) AppleWebKit/605.1.15 (KHTML, like Gecko) Version/17.4 Safari/605.1.15 (Applebot/0.1; +http://www.apple.com/go/applebot)"
216.244.66.249 - - [22/Nov/2024:18:00:25 -0800] "GET /robots.txt HTTP/1.0" 200 - "-" "Mozilla/5.0 (compatible; DotBot/1.2; +https://opensiteexplorer.org/dotbot; help@moz.com)"
31.42.184.113 - - [22/Nov/2024:18:03:53 -0800] "GET /index.php?params HTTP/1.0" 200 349 "-" "Mozilla/5.0 (Windows NT 10.0; Win64; x64) AppleWebKit/537.36 (KHTML, like Gecko) Chrome/91.0.4472.106 Safari/537.36"
216.244.66.249 - - [22/Nov/2024:18:04:18 -0800] "GET /maori-protest-as-hikoi-reaches-wellington/ HTTP/1.0" 200 - "-" "Mozilla/5.0 (compatible; DotBot/1.2; +https://opensiteexplorer.org/dotbot; help@moz.com)"
216.244.66.249 - - [22/Nov/2024:18:04:50 -0800] "GET /canadian-grand-prix-will-get-new-calendar-slot-starting-in-2026/ HTTP/1.0" 200 - "-" "Mozilla/5.0 (compatible; DotBot/1.2; +https://opensiteexplorer.org/dotbot; help@moz.com)"
216.244.66.249 - - [22/Nov/2024:18:05:00 -0800] "GET /could-a-ben-affleck-baby-still-happen-2/ HTTP/1.0" 200 - "-" "Mozilla/5.0 (compatible; DotBot/1.2; +https://opensiteexplorer.org/dotbot; help@moz.com)"
216.244.66.249 - - [22/Nov/2024:18:05:06 -0800] "GET /russia-unleashes-major-airstrike-on-ukraine-damaging-critical-infrastructure-national/ HTTP/1.0" 200 - "-" "Mozilla/5.0 (compatible; DotBot/1.2; +https://opensiteexplorer.org/dotbot; help@moz.com)"
216.244.66.249 - - [22/Nov/2024:18:05:16 -0800] "GET /canada-post-strike-purolator-workers-wont-handle-packages-union-says-national/ HTTP/1.0" 200 - "-" "Mozilla/5.0 (compatible; DotBot/1.2; +https://opensiteexplorer.org/dotbot; help@moz.com)"
114.119.160.248 - - [22/Nov/2024:18:05:48 -0800] "GET /wpl-2024-twitter-reacts-to-shafali-dwarfing-giants-as-capitals-clinch-finals-berth/ HTTP/1.0" 200 - "https://live2news.com/draft-agenda-tuesday-19-march-2024-afet_oj202403-19_1/" "Mozilla/5.0 (Linux; Android 7.0;) AppleWebKit/537.36 (KHTML, like Gecko) Mobile Safari/537.36 (compatible; PetalBot;+https://webmaster.petalsearch.com/site/petalbot)"
216.244.66.249 - - [22/Nov/2024:18:06:20 -0800] "GET /ncaa-mens-basketball-power-rankings-a-new-top-5-already/ HTTP/1.0" 200 - "-" "Mozilla/5.0 (compatible; DotBot/1.2; +https://opensiteexplorer.org/dotbot; help@moz.com)"
216.244.66.249 - - [22/Nov/2024:18:06:56 -0800] "GET /sexually-assaulted-vpd-officer-targeted-by-colleague-in-derogatory-group-chats-bc/ HTTP/1.0" 200 - "-" "Mozilla/5.0 (compatible; DotBot/1.2; +https://opensiteexplorer.org/dotbot; help@moz.com)"
114.119.155.64 - - [22/Nov/2024:18:07:13 -0800] "GET /yucateco-sports-ministry-stage-inaugural-boxing-awards-in-lagos/ HTTP/1.0" 200 - "https://live2news.com/prince-george-joins-dad-in-1st-outing-post-kates-cancer-reveal/" "Mozilla/5.0 (Linux; Android 7.0;) AppleWebKit/537.36 (KHTML, like Gecko) Mobile Safari/537.36 (compatible; PetalBot;+https://webmaster.petalsearch.com/site/petalbot)"
216.244.66.249 - - [22/Nov/2024:18:07:37 -0800] "GET /glasgow-city-remain-point-clear-at-top-of-swpl-after-top-two-record-wins/ HTTP/1.0" 200 - "-" "Mozilla/5.0 (compatible; DotBot/1.2; +https://opensiteexplorer.org/dotbot; help@moz.com)"
114.119.141.217 - - [22/Nov/2024:18:08:34 -0800] "GET /dry-conditions-mean-a-slow-start-to-mosquito-season-in-edmonton-edmonton/ HTTP/1.0" 200 - "https://live2news.com/getafe-0-0-real-madrid-player-ratings-courtois-vital/" "Mozilla/5.0 (Linux; Android 7.0;) AppleWebKit/537.36 (KHTML, like Gecko) Mobile Safari/537.36 (compatible; PetalBot;+https://webmaster.petalsearch.com/site/petalbot)"
216.244.66.249 - - [22/Nov/2024:18:08:40 -0800] "GET /if-i-was-in-his-position-blunt-sourav-ganguly-on-rohit-sharmas-paternity-break/ HTTP/1.0" 200 - "-" "Mozilla/5.0 (compatible; DotBot/1.2; +https://opensiteexplorer.org/dotbot; help@moz.com)"
216.244.66.249 - - [22/Nov/2024:18:08:42 -0800] "GET /underdog-promo-code-newsxl-get-1k-bonus-cash-aaron-rodgers-free-square/ HTTP/1.0" 200 - "-" "Mozilla/5.0 (compatible; DotBot/1.2; +https://opensiteexplorer.org/dotbot; help@moz.com)"
216.244.66.249 - - [22/Nov/2024:18:09:36 -0800] "GET /judge-allows-donald-trump-to-use-his-out-of-state-lawyer-for-cbs-news-lawsuit/ HTTP/1.0" 200 - "-" "Mozilla/5.0 (compatible; DotBot/1.2; +https://opensiteexplorer.org/dotbot; help@moz.com)"
57.141.0.18 - - [22/Nov/2024:18:09:58 -0800] "GET /wp-json/oembed/1.0/embed?url=https%3A%2F%2Flive2news.com%2Frussell-wilsons-career-has-risen-and-fallen-can-he-rise-again-with-steelers%2F HTTP/1.0" 200 - "-" "meta-externalagent/1.1 (+https://developers.facebook.com/docs/sharing/webmasters/crawler)"
114.119.137.184 - - [22/Nov/2024:18:09:59 -0800] "GET /the-best-hotels-and-chalets-in-livigno-italy/ HTTP/1.0" 200 - "https://live2news.com/man-found-shot-to-death-near-san-fernando-valley-hiking-trail/" "Mozilla/5.0 (Linux; Android 7.0;) AppleWebKit/537.36 (KHTML, like Gecko) Mobile Safari/537.36 (compatible; PetalBot;+https://webmaster.petalsearch.com/site/petalbot)"
216.244.66.249 - - [22/Nov/2024:18:11:12 -0800] "GET /2024-french-open-odds-roland-garros-prediction-djokovic-vs-musetti-picks-best-bets-from-tennis-expert/ HTTP/1.0" 200 - "-" "Mozilla/5.0 (compatible; DotBot/1.2; +https://opensiteexplorer.org/dotbot; help@moz.com)"
216.244.66.249 - - [22/Nov/2024:18:11:15 -0800] "GET /heres-my-no-1-piece-of-career-advice-for-young-people/ HTTP/1.0" 200 - "-" "Mozilla/5.0 (compatible; DotBot/1.2; +https://opensiteexplorer.org/dotbot; help@moz.com)"
114.119.156.185 - - [22/Nov/2024:18:11:22 -0800] "GET /49ers-under-11-5-wins-headline-ftfs-projected-nfc-win-totals-first-things-first/ HTTP/1.0" 200 - "https://live2news.com/man-utd-vs-wolves-0-1-jan-3-2022-match-preview-and-stats/" "Mozilla/5.0 (Linux; Android 7.0;) AppleWebKit/537.36 (KHTML, like Gecko) Mobile Safari/537.36 (compatible; PetalBot;+https://webmaster.petalsearch.com/site/petalbot)"
216.244.66.249 - - [22/Nov/2024:18:11:39 -0800] "GET /steelers-legend-bill-cowher-joins-bills-mafia-by-slamming-himself-through-table/ HTTP/1.0" 200 - "-" "Mozilla/5.0 (compatible; DotBot/1.2; +https://opensiteexplorer.org/dotbot; help@moz.com)"
216.244.66.249 - - [22/Nov/2024:18:12:31 -0800] "GET /police-take-down-massive-fraud-website-labhost/ HTTP/1.0" 200 - "-" "Mozilla/5.0 (compatible; DotBot/1.2; +https://opensiteexplorer.org/dotbot; help@moz.com)"
216.244.66.249 - - [22/Nov/2024:18:12:34 -0800] "GET /rashid-khan-credits-franchise-cricket-for-aghanistans-strong-show-in-t20-world-cup-2024/ HTTP/1.0" 200 - "-" "Mozilla/5.0 (compatible; DotBot/1.2; +https://opensiteexplorer.org/dotbot; help@moz.com)"
208.92.218.66 - - [22/Nov/2024:18:12:37 -0800] "GET /feed/ HTTP/1.0" 200 - "-" "Mozilla/5.0 (Windows NT 10.0; Win64; x64) AppleWebKit/537.36 (KHTML, like Gecko) Chrome/70.0.3538.102 Safari/537.36"
114.119.141.217 - - [22/Nov/2024:18:12:45 -0800] "GET /author/eduard_marikashvili/ HTTP/1.0" 200 - "https://live2news.com/the-authoritarian-threat-is-real/" "Mozilla/5.0 (Linux; Android 7.0;) AppleWebKit/537.36 (KHTML, like Gecko) Mobile Safari/537.36 (compatible; PetalBot;+https://webmaster.petalsearch.com/site/petalbot)"
216.244.66.249 - - [22/Nov/2024:18:12:57 -0800] "GET /bitcoin-price-crosses-61000-ether-shows-gradual-rally-details/ HTTP/1.0" 200 - "-" "Mozilla/5.0 (compatible; DotBot/1.2; +https://opensiteexplorer.org/dotbot; help@moz.com)"
52.167.144.187 - - [22/Nov/2024:18:13:19 -0800] "GET /mls-power-rankings-both-l-a-teams-soar-crew-remain-at-top/ HTTP/1.0" 200 - "-" "Mozilla/5.0 AppleWebKit/537.36 (KHTML, like Gecko; compatible; bingbot/2.0; +http://www.bing.com/bingbot.htm) Chrome/116.0.1938.76 Safari/537.36"
216.244.66.249 - - [22/Nov/2024:18:14:07 -0800] "GET /author/matt_bozeat/ HTTP/1.0" 200 - "-" "Mozilla/5.0 (compatible; DotBot/1.2; +https://opensiteexplorer.org/dotbot; help@moz.com)"
114.119.132.18 - - [22/Nov/2024:18:14:10 -0800] "GET /10-day-signing-agrees-to-rest-of-year-deal-with-team/ HTTP/1.0" 200 - "https://live2news.com/larry-h-parker-auto-accident-and-personal-injury-attorney-dies-at-75/" "Mozilla/5.0 (Linux; Android 7.0;) AppleWebKit/537.36 (KHTML, like Gecko) Mobile Safari/537.36 (compatible; PetalBot;+https://webmaster.petalsearch.com/site/petalbot)"
216.244.66.249 - - [22/Nov/2024:18:14:11 -0800] "GET /incident-sees-parkland-rcmp-issue-shelter-in-place-advisory-for-some-residents-west-of-edmonton-edmonton/ HTTP/1.0" 200 - "-" "Mozilla/5.0 (compatible; DotBot/1.2; +https://opensiteexplorer.org/dotbot; help@moz.com)"
216.244.66.249 - - [22/Nov/2024:18:14:15 -0800] "GET /kansas-city-chiefs-coach-andy-reid-ranks-bill-belichick-right-at-the-top-in-our-era/ HTTP/1.0" 200 - "-" "Mozilla/5.0 (compatible; DotBot/1.2; +https://opensiteexplorer.org/dotbot; help@moz.com)"
216.244.66.249 - - [22/Nov/2024:18:14:18 -0800] "GET /lenovo-legion-tab-with-snapdragon-8-gen-1-soc-6550mah-battery-launched-price-specifications/ HTTP/1.0" 200 - "-" "Mozilla/5.0 (compatible; DotBot/1.2; +https://opensiteexplorer.org/dotbot; help@moz.com)"
216.244.66.249 - - [22/Nov/2024:18:14:21 -0800] "GET /oc-womens-basketball-team-in-need-of-donations-ahead-of-nationals-in-alberta-okanagan/ HTTP/1.0" 200 - "-" "Mozilla/5.0 (compatible; DotBot/1.2; +https://opensiteexplorer.org/dotbot; help@moz.com)"
216.244.66.249 - - [22/Nov/2024:18:14:24 -0800] "GET /steve-bannon-warns-of-potential-third-donald-trump-impeachment/ HTTP/1.0" 200 - "-" "Mozilla/5.0 (compatible; DotBot/1.2; +https://opensiteexplorer.org/dotbot; help@moz.com)"
208.92.218.66 - - [22/Nov/2024:18:15:09 -0800] "GET /feed/ HTTP/1.0" 200 - "-" "Mozilla/5.0 (Windows NT 10.0; Win64; x64) AppleWebKit/537.36 (KHTML, like Gecko) Chrome/70.0.3538.102 Safari/537.36"
216.244.66.249 - - [22/Nov/2024:18:15:26 -0800] "GET /olympics-basketball-usa-beat-south-sudan-to-make-quarter-finals/ HTTP/1.0" 200 - "-" "Mozilla/5.0 (compatible; DotBot/1.2; +https://opensiteexplorer.org/dotbot; help@moz.com)"
216.244.66.249 - - [22/Nov/2024:18:15:28 -0800] "GET /police-feared-they-would-not-make-it-home/ HTTP/1.0" 200 - "-" "Mozilla/5.0 (compatible; DotBot/1.2; +https://opensiteexplorer.org/dotbot; help@moz.com)"
216.244.66.249 - - [22/Nov/2024:18:15:30 -0800] "GET /category/usa/page/55/ HTTP/1.0" 200 - "-" "Mozilla/5.0 (compatible; DotBot/1.2; +https://opensiteexplorer.org/dotbot; help@moz.com)"
216.244.66.249 - - [22/Nov/2024:18:15:31 -0800] "GET /russia-losses-soar-to-1030-troops-23-tanks-and-47-acvs-in-a-day-kyiv/ HTTP/1.0" 200 - "-" "Mozilla/5.0 (compatible; DotBot/1.2; +https://opensiteexplorer.org/dotbot; help@moz.com)"
216.244.66.249 - - [22/Nov/2024:18:15:32 -0800] "GET /video-shows-russian-patrol-ship-blown-up-after-missing-advancing-sea-drones/ HTTP/1.0" 200 - "-" "Mozilla/5.0 (compatible; DotBot/1.2; +https://opensiteexplorer.org/dotbot; help@moz.com)"
114.119.156.185 - - [22/Nov/2024:18:15:33 -0800] "GET /man-arrested-after-sexual-assault-near-toronto-metropolitan-university-police-toronto/ HTTP/1.0" 200 - "https://live2news.com/oneplus-ace-3v-tipped-to-get-new-snapdragon-7-series-chip-oneplus-13-could-be-first-to-pack-snapdragon-8-gen-4-soc/" "Mozilla/5.0 (Linux; Android 7.0;) AppleWebKit/537.36 (KHTML, like Gecko) Mobile Safari/537.36 (compatible; PetalBot;+https://webmaster.petalsearch.com/site/petalbot)"
216.244.66.249 - - [22/Nov/2024:18:15:34 -0800] "GET /author/ana_faguy/feed/ HTTP/1.0" 200 - "-" "Mozilla/5.0 (compatible; DotBot/1.2; +https://opensiteexplorer.org/dotbot; help@moz.com)"
216.244.66.249 - - [22/Nov/2024:18:15:35 -0800] "GET /author/anna_gleason/feed/ HTTP/1.0" 200 - "-" "Mozilla/5.0 (compatible; DotBot/1.2; +https://opensiteexplorer.org/dotbot; help@moz.com)"
216.244.66.249 - - [22/Nov/2024:18:15:36 -0800] "GET /author/connor_sheets/feed/ HTTP/1.0" 200 - "-" "Mozilla/5.0 (compatible; DotBot/1.2; +https://opensiteexplorer.org/dotbot; help@moz.com)"
216.244.66.249 - - [22/Nov/2024:18:15:39 -0800] "GET /category/travel/page/42/ HTTP/1.0" 200 - "-" "Mozilla/5.0 (compatible; DotBot/1.2; +https://opensiteexplorer.org/dotbot; help@moz.com)"
216.244.66.249 - - [22/Nov/2024:18:15:43 -0800] "GET /watchdog-to-look-into-general-election-result-delay-in-highlands/ HTTP/1.0" 200 - "-" "Mozilla/5.0 (compatible; DotBot/1.2; +https://opensiteexplorer.org/dotbot; help@moz.com)"
216.244.66.249 - - [22/Nov/2024:18:16:07 -0800] "GET /author/akash_dutta/page/10/ HTTP/1.0" 200 - "-" "Mozilla/5.0 (compatible; DotBot/1.2; +https://opensiteexplorer.org/dotbot; help@moz.com)"
216.244.66.249 - - [22/Nov/2024:18:16:09 -0800] "GET /author/e614729c66f371a376384f9b7c597209/page/10/ HTTP/1.0" 200 - "-" "Mozilla/5.0 (compatible; DotBot/1.2; +https://opensiteexplorer.org/dotbot; help@moz.com)"
208.92.218.66 - - [22/Nov/2024:18:16:20 -0800] "GET /feed/ HTTP/1.0" 200 - "-" "Mozilla/5.0 (Windows NT 10.0; Win64; x64) AppleWebKit/537.36 (KHTML, like Gecko) Chrome/70.0.3538.102 Safari/537.36"
5.255.231.72 - - [22/Nov/2024:18:16:25 -0800] "GET /robots.txt HTTP/1.0" 200 67 "-" "Mozilla/5.0 (compatible; YandexBot/3.0; +http://yandex.com/bots)"
213.180.203.68 - - [22/Nov/2024:18:16:26 -0800] "GET /uswnt-captain-lindsey-horan-and-alex-morgan-jump-onto-press-conference-to-address-korbin-albert-controversy/ HTTP/1.0" 200 - "-" "Mozilla/5.0 (compatible; YandexBot/3.0; +http://yandex.com/bots)"
216.244.66.249 - - [22/Nov/2024:18:16:47 -0800] "GET /author/0a7a1c72d0368b9fe4d4d76c540f4b2c/feed/ HTTP/1.0" 200 - "-" "Mozilla/5.0 (compatible; DotBot/1.2; +https://opensiteexplorer.org/dotbot; help@moz.com)"
216.244.66.249 - - [22/Nov/2024:18:16:50 -0800] "GET /author/fa6457ff1ae7f33bcb58c531702fc8d4/feed/ HTTP/1.0" 200 - "-" "Mozilla/5.0 (compatible; DotBot/1.2; +https://opensiteexplorer.org/dotbot; help@moz.com)"
216.244.66.249 - - [22/Nov/2024:18:16:53 -0800] "GET /category/soccer-categories/page/46/ HTTP/1.0" 200 - "-" "Mozilla/5.0 (compatible; DotBot/1.2; +https://opensiteexplorer.org/dotbot; help@moz.com)"
216.244.66.249 - - [22/Nov/2024:18:16:55 -0800] "GET /china-raising-its-retirement-age-may-be-unpopular-but-its-much-needed-analysts-say/ HTTP/1.0" 200 - "-" "Mozilla/5.0 (compatible; DotBot/1.2; +https://opensiteexplorer.org/dotbot; help@moz.com)"
114.119.141.201 - - [22/Nov/2024:18:16:57 -0800] "GET /putins-plan-to-displace-us-dollar-failing-spectacularly/ HTTP/1.0" 200 - "https://live2news.com/why-tilak-varma-innings-vs-srh-was-close-to-best-he-has-ever-played-mi-star-tim-david-explains/" "Mozilla/5.0 (Linux; Android 7.0;) AppleWebKit/537.36 (KHTML, like Gecko) Mobile Safari/537.36 (compatible; PetalBot;+https://webmaster.petalsearch.com/site/petalbot)"
216.244.66.249 - - [22/Nov/2024:18:16:57 -0800] "GET /lgbtq-students-look-ahead-after-alberta-town-bans-pride-flags-rainbow-crosswalks/ HTTP/1.0" 200 - "-" "Mozilla/5.0 (compatible; DotBot/1.2; +https://opensiteexplorer.org/dotbot; help@moz.com)"
208.92.218.66 - - [22/Nov/2024:18:17:58 -0800] "GET /feed/ HTTP/1.0" 200 - "-" "Mozilla/5.0 (Windows NT 10.0; Win64; x64) AppleWebKit/537.36 (KHTML, like Gecko) Chrome/70.0.3538.102 Safari/537.36"
114.119.151.179 - - [22/Nov/2024:18:18:19 -0800] "GET /ipl-2024-twitter-lauds-powerhouse-pooran-sending-one-to-the-moon-from-chinnaswamy/ HTTP/1.0" 200 - "https://live2news.com/nottingham-forest-vs-fulham-prediction-team-to-win-form/" "Mozilla/5.0 (Linux; Android 7.0;) AppleWebKit/537.36 (KHTML, like Gecko) Mobile Safari/537.36 (compatible; PetalBot;+https://webmaster.petalsearch.com/site/petalbot)"
208.92.218.66 - - [22/Nov/2024:18:18:26 -0800] "GET /feed/ HTTP/1.0" 200 - "-" "Mozilla/5.0 (Windows NT 10.0; Win64; x64) AppleWebKit/537.36 (KHTML, like Gecko) Chrome/70.0.3538.102 Safari/537.36"
208.92.218.66 - - [22/Nov/2024:18:18:43 -0800] "GET /feed/ HTTP/1.0" 200 - "-" "Mozilla/5.0 (Windows NT 10.0; Win64; x64) AppleWebKit/537.36 (KHTML, like Gecko) Chrome/70.0.3538.102 Safari/537.36"
114.119.156.185 - - [22/Nov/2024:18:19:43 -0800] "GET /dalton-gomez-affair-claims-ignite-over-ariana-grandes-lyrics/ HTTP/1.0" 200 - "https://live2news.com/an-expert-guide-to-a-weekend-in-brussels/" "Mozilla/5.0 (Linux; Android 7.0;) AppleWebKit/537.36 (KHTML, like Gecko) Mobile Safari/537.36 (compatible; PetalBot;+https://webmaster.petalsearch.com/site/petalbot)"
209.182.200.39 - - [22/Nov/2024:18:20:36 -0800] "POST /wp-cron.php?doing_wp_cron=1732328436.4762570858001708984375 HTTP/1.0" 403 228 "-" "WordPress/6.6.2; https://live2news.com"
209.182.200.39 - - [22/Nov/2024:18:20:36 -0800] "GET /wp-content/themes/newscore/assets/images/login-logo.png HTTP/1.0" 200 5193 "-" "-"
57.141.0.20 - - [22/Nov/2024:18:20:35 -0800] "GET /wp-login.php?redirect_to=https%3A%2F%2Flive2news.com%2Fprovince-urges-british-columbians-to-be-firesmart-ahead-of-long-weekend%2F HTTP/1.0" 200 7044 "-" "meta-externalagent/1.1 (+https://developers.facebook.com/docs/sharing/webmasters/crawler)"
209.182.200.39 - - [22/Nov/2024:18:21:20 -0800] "GET /wp-content/themes/newscore/assets/images/login-logo.png HTTP/1.0" 200 5193 "-" "-"
57.141.0.11 - - [22/Nov/2024:18:21:19 -0800] "GET /wp-login.php?redirect_to=https%3A%2F%2Flive2news.com%2Fmarjorie-taylor-greene-takes-new-swipe-at-mike-johnson%2F HTTP/1.0" 200 7027 "-" "meta-externalagent/1.1 (+https://developers.facebook.com/docs/sharing/webmasters/crawler)"
216.244.66.249 - - [22/Nov/2024:18:22:00 -0800] "GET /forest-of-dean-dog-walker-attacked-by-bird-of-prey/ HTTP/1.0" 200 - "-" "Mozilla/5.0 (compatible; DotBot/1.2; +https://opensiteexplorer.org/dotbot; help@moz.com)"
216.244.66.249 - - [22/Nov/2024:18:22:01 -0800] "GET /kano-pillars-team-involved-in-road-accident/ HTTP/1.0" 200 - "-" "Mozilla/5.0 (compatible; DotBot/1.2; +https://opensiteexplorer.org/dotbot; help@moz.com)"
216.244.66.249 - - [22/Nov/2024:18:22:02 -0800] "GET /raman-fights-for-reelection-in-a-test-for-progressives/ HTTP/1.0" 200 - "-" "Mozilla/5.0 (compatible; DotBot/1.2; +https://opensiteexplorer.org/dotbot; help@moz.com)"
216.244.66.249 - - [22/Nov/2024:18:22:03 -0800] "GET /samsung-galaxy-f55-5g-design-colourways-revealed-flipkart-availability-confirmed/ HTTP/1.0" 200 - "-" "Mozilla/5.0 (compatible; DotBot/1.2; +https://opensiteexplorer.org/dotbot; help@moz.com)"
216.244.66.249 - - [22/Nov/2024:18:22:03 -0800] "GET /venezuela-arrests-us-and-spanish-citizens-over-plot/ HTTP/1.0" 200 - "-" "Mozilla/5.0 (compatible; DotBot/1.2; +https://opensiteexplorer.org/dotbot; help@moz.com)"
216.244.66.249 - - [22/Nov/2024:18:22:04 -0800] "GET /wembanyama-put-up-historic-numbers-in-rookie-year/ HTTP/1.0" 200 - "-" "Mozilla/5.0 (compatible; DotBot/1.2; +https://opensiteexplorer.org/dotbot; help@moz.com)"
114.119.132.18 - - [22/Nov/2024:18:23:10 -0800] "GET /oldest-humboldt-penguin-in-europe-turns-36/ HTTP/1.0" 200 - "https://live2news.com/rory-mcilroy-world-number-two-consults-tiger-woods-ex-coach-butch-harmon-before-masters/" "Mozilla/5.0 (Linux; Android 7.0;) AppleWebKit/537.36 (KHTML, like Gecko) Mobile Safari/537.36 (compatible; PetalBot;+https://webmaster.petalsearch.com/site/petalbot)"
17.241.219.101 - - [22/Nov/2024:18:23:25 -0800] "GET /the-lost-temples-of-lake-titicaca-exploring-the-less-developed-bolivian-shore-amazon-holidays/ HTTP/1.0" 200 - "-" "Mozilla/5.0 (Macintosh; Intel Mac OS X 10_15_7) AppleWebKit/605.1.15 (KHTML, like Gecko) Version/17.4 Safari/605.1.15 (Applebot/0.1; +http://www.apple.com/go/applebot)"
216.244.66.249 - - [22/Nov/2024:18:24:03 -0800] "GET /author/akash_dutta/page/55/ HTTP/1.0" 200 - "-" "Mozilla/5.0 (compatible; DotBot/1.2; +https://opensiteexplorer.org/dotbot; help@moz.com)"
216.244.66.249 - - [22/Nov/2024:18:24:05 -0800] "GET /lost-john-lennon-guitar-sets-beatles-instrument-record-at-auction/ HTTP/1.0" 200 - "-" "Mozilla/5.0 (compatible; DotBot/1.2; +https://opensiteexplorer.org/dotbot; help@moz.com)"
216.244.66.249 - - [22/Nov/2024:18:24:06 -0800] "GET /scotland-1-0-slovakia-pedro-martinez-losa-hits-out-at-manipulated-narrative/ HTTP/1.0" 200 - "-" "Mozilla/5.0 (compatible; DotBot/1.2; +https://opensiteexplorer.org/dotbot; help@moz.com)"
216.244.66.249 - - [22/Nov/2024:18:25:27 -0800] "GET /at-least-five-killed-after-tornadoes-strike-central-us-states/ HTTP/1.0" 200 - "-" "Mozilla/5.0 (compatible; DotBot/1.2; +https://opensiteexplorer.org/dotbot; help@moz.com)"
216.244.66.249 - - [22/Nov/2024:18:25:29 -0800] "GET /county-ems-director-defends-local-response-in-wake-of-trump-shooting/ HTTP/1.0" 200 - "-" "Mozilla/5.0 (compatible; DotBot/1.2; +https://opensiteexplorer.org/dotbot; help@moz.com)"
216.244.66.249 - - [22/Nov/2024:18:25:30 -0800] "GET /we-need-more-footfall-in-downpatrick/ HTTP/1.0" 200 - "-" "Mozilla/5.0 (compatible; DotBot/1.2; +https://opensiteexplorer.org/dotbot; help@moz.com)"
208.92.218.66 - - [22/Nov/2024:18:25:54 -0800] "GET /feed/ HTTP/1.0" 200 - "-" "Mozilla/5.0 (Windows NT 10.0; Win64; x64) AppleWebKit/537.36 (KHTML, like Gecko) Chrome/70.0.3538.102 Safari/537.36"
216.244.66.249 - - [22/Nov/2024:18:26:58 -0800] "GET /author/47815962f56b2fd7fe863d75f4a7495c/page/34/ HTTP/1.0" 200 - "-" "Mozilla/5.0 (compatible; DotBot/1.2; +https://opensiteexplorer.org/dotbot; help@moz.com)"
216.244.66.249 - - [22/Nov/2024:18:27:00 -0800] "GET /euro-2024-ross-mccrorie-ready-for-scotland-opportunity/ HTTP/1.0" 200 - "-" "Mozilla/5.0 (compatible; DotBot/1.2; +https://opensiteexplorer.org/dotbot; help@moz.com)"
17.241.75.141 - - [22/Nov/2024:18:27:29 -0800] "GET /giants-news-hard-knocks-reveals-new-york-targeted-chiefs-star-in-free-agency/ HTTP/1.0" 200 - "-" "Mozilla/5.0 (Macintosh; Intel Mac OS X 10_15_7) AppleWebKit/605.1.15 (KHTML, like Gecko) Version/17.4 Safari/605.1.15 (Applebot/0.1; +http://www.apple.com/go/applebot)"
216.244.66.249 - - [22/Nov/2024:18:27:50 -0800] "GET /category/business/page/597/ HTTP/1.0" 200 - "-" "Mozilla/5.0 (compatible; DotBot/1.2; +https://opensiteexplorer.org/dotbot; help@moz.com)"
216.244.66.249 - - [22/Nov/2024:18:27:54 -0800] "GET /category/soccer-categories/page/230/ HTTP/1.0" 200 - "-" "Mozilla/5.0 (compatible; DotBot/1.2; +https://opensiteexplorer.org/dotbot; help@moz.com)"
216.244.66.249 - - [22/Nov/2024:18:27:58 -0800] "GET /gov-newsom-signs-five-ai-related-bills/ HTTP/1.0" 200 - "-" "Mozilla/5.0 (compatible; DotBot/1.2; +https://opensiteexplorer.org/dotbot; help@moz.com)"
216.244.66.249 - - [22/Nov/2024:18:28:01 -0800] "GET /its-getting-harder-to-make-finals/ HTTP/1.0" 200 - "-" "Mozilla/5.0 (compatible; DotBot/1.2; +https://opensiteexplorer.org/dotbot; help@moz.com)"
216.244.66.249 - - [22/Nov/2024:18:28:03 -0800] "GET /ollie-sleightholme-northampton-saints-wing-says-injuries-taught-me-about-myself/ HTTP/1.0" 200 - "-" "Mozilla/5.0 (compatible; DotBot/1.2; +https://opensiteexplorer.org/dotbot; help@moz.com)"
216.244.66.249 - - [22/Nov/2024:18:28:06 -0800] "GET /scotland-friendlies-key-to-stake-claim-for-euros-says-assistant-john-carver/ HTTP/1.0" 200 - "-" "Mozilla/5.0 (compatible; DotBot/1.2; +https://opensiteexplorer.org/dotbot; help@moz.com)"
216.244.66.249 - - [22/Nov/2024:18:28:08 -0800] "GET /uganda-census-private-tv-stations-refuse-to-air-musevenis-message/ HTTP/1.0" 200 - "-" "Mozilla/5.0 (compatible; DotBot/1.2; +https://opensiteexplorer.org/dotbot; help@moz.com)"
216.244.66.249 - - [22/Nov/2024:18:28:09 -0800] "GET /valencia-for-barcelona-and-other-holiday-swaps-to-make-to-avoid-the-crowds/ HTTP/1.0" 200 - "-" "Mozilla/5.0 (compatible; DotBot/1.2; +https://opensiteexplorer.org/dotbot; help@moz.com)"
45.141.215.97 - - [22/Nov/2024:18:28:24 -0800] "GET /manifest.json HTTP/1.0" 200 - "-" "Mozilla/5.0 (compatible; Baiduspider/2.0; +http://www.baidu.com/search/spider.html)"
208.92.218.66 - - [22/Nov/2024:18:30:49 -0800] "GET /feed/ HTTP/1.0" 200 - "-" "Mozilla/5.0 (Windows NT 10.0; Win64; x64) AppleWebKit/537.36 (KHTML, like Gecko) Chrome/70.0.3538.102 Safari/537.36"
208.92.218.66 - - [22/Nov/2024:18:31:08 -0800] "GET /feed/ HTTP/1.0" 200 - "-" "Mozilla/5.0 (Windows NT 10.0; Win64; x64) AppleWebKit/537.36 (KHTML, like Gecko) Chrome/70.0.3538.102 Safari/537.36"
17.241.227.127 - - [22/Nov/2024:18:31:39 -0800] "GET /restore-order-and-crush-the-campus-jihadist-thugs/ HTTP/1.0" 200 - "-" "Mozilla/5.0 (Macintosh; Intel Mac OS X 10_15_7) AppleWebKit/605.1.15 (KHTML, like Gecko) Version/17.4 Safari/605.1.15 (Applebot/0.1; +http://www.apple.com/go/applebot)"
208.92.218.66 - - [22/Nov/2024:18:34:36 -0800] "GET /feed/ HTTP/1.0" 200 - "-" "Mozilla/5.0 (Windows NT 10.0; Win64; x64) AppleWebKit/537.36 (KHTML, like Gecko) Chrome/70.0.3538.102 Safari/537.36"
114.119.141.217 - - [22/Nov/2024:18:42:05 -0800] "GET /vivo-y200-pro-5g-design-specifications-tipped-via-google-play-console-listing-may-run-on-snapdragon-695-soc/ HTTP/1.0" 200 - "https://live2news.com/ontario-b-c-mortgage-holders-increasingly-missed-payments-in-q4-equifax-says/" "Mozilla/5.0 (Linux; Android 7.0;) AppleWebKit/537.36 (KHTML, like Gecko) Mobile Safari/537.36 (compatible; PetalBot;+https://webmaster.petalsearch.com/site/petalbot)"
114.119.132.18 - - [22/Nov/2024:18:43:32 -0800] "GET /puppy-rescued-after-getting-head-stuck-in-railings/ HTTP/1.0" 200 - "https://live2news.com/man-dies-after-being-shot-slamming-car-into-downtown-l-a-building/" "Mozilla/5.0 (Linux; Android 7.0;) AppleWebKit/537.36 (KHTML, like Gecko) Mobile Safari/537.36 (compatible; PetalBot;+https://webmaster.petalsearch.com/site/petalbot)"
52.167.144.194 - - [22/Nov/2024:18:43:40 -0800] "GET /senior-cats-aged-12-and-14-confused-after-being-surrendered-to-shelter/ HTTP/1.0" 200 - "-" "Mozilla/5.0 AppleWebKit/537.36 (KHTML, like Gecko; compatible; bingbot/2.0; +http://www.bing.com/bingbot.htm) Chrome/116.0.1938.76 Safari/537.36"
213.180.203.245 - - [22/Nov/2024:18:43:51 -0800] "GET /robots.txt HTTP/1.0" 200 67 "-" "Mozilla/5.0 (compatible; YandexBot/3.0; +http://yandex.com/bots)"
87.250.224.235 - - [22/Nov/2024:18:43:52 -0800] "GET /post-sitemap13.xml HTTP/1.0" 200 161534 "-" "Mozilla/5.0 (compatible; YandexBot/3.0; +http://yandex.com/bots)"
208.92.218.66 - - [22/Nov/2024:18:44:25 -0800] "GET /feed/ HTTP/1.0" 200 - "-" "Mozilla/5.0 (Windows NT 10.0; Win64; x64) AppleWebKit/537.36 (KHTML, like Gecko) Chrome/70.0.3538.102 Safari/537.36"
17.241.227.167 - - [22/Nov/2024:18:44:49 -0800] "GET /woman-reveals-extreme-steps-walmart-takes-to-prevent-shoplifting/ HTTP/1.0" 200 - "-" "Mozilla/5.0 (Macintosh; Intel Mac OS X 10_15_7) AppleWebKit/605.1.15 (KHTML, like Gecko) Version/17.4 Safari/605.1.15 (Applebot/0.1; +http://www.apple.com/go/applebot)"
114.119.137.184 - - [22/Nov/2024:18:44:52 -0800] "GET /kakuta-scores-a-screamer-against-psg/ HTTP/1.0" 200 - "https://live2news.com/us-open-2023-novak-djokovic-pays-tribute-to-nba-legend-kobe-bryant-after-winning-his-24th-grand-slam-title/" "Mozilla/5.0 (Linux; Android 7.0;) AppleWebKit/537.36 (KHTML, like Gecko) Mobile Safari/537.36 (compatible; PetalBot;+https://webmaster.petalsearch.com/site/petalbot)"
57.141.0.17 - - [22/Nov/2024:18:45:21 -0800] "GET /wp-json/oembed/1.0/embed?url=https%3A%2F%2Flive2news.com%2Fhow-snow-crews-saved-a-california-ski-area-from-wildfire%2F HTTP/1.0" 200 - "-" "meta-externalagent/1.1 (+https://developers.facebook.com/docs/sharing/webmasters/crawler)"
114.119.156.185 - - [22/Nov/2024:18:46:19 -0800] "GET /firefighter-crashed-exited-jeep-before-car-fatally-hit-him/ HTTP/1.0" 200 - "https://live2news.com/los-angeles-mta-bus-involved-in-rollover-collision-9-hurt-authorities-say/" "Mozilla/5.0 (Linux; Android 7.0;) AppleWebKit/537.36 (KHTML, like Gecko) Mobile Safari/537.36 (compatible; PetalBot;+https://webmaster.petalsearch.com/site/petalbot)"
114.119.132.18 - - [22/Nov/2024:18:47:38 -0800] "GET /how-to-spend-a-weekend-in-new-york/ HTTP/1.0" 200 - "https://live2news.com/l-a-city-council-election-31-candidates-compete-for-7-seats/" "Mozilla/5.0 (Linux; Android 7.0;) AppleWebKit/537.36 (KHTML, like Gecko) Mobile Safari/537.36 (compatible; PetalBot;+https://webmaster.petalsearch.com/site/petalbot)"
216.244.66.249 - - [22/Nov/2024:18:48:56 -0800] "GET /robots.txt HTTP/1.0" 200 66 "-" "Mozilla/5.0 (compatible; DotBot/1.2; +https://opensiteexplorer.org/dotbot; help@moz.com)"
114.119.160.248 - - [22/Nov/2024:18:49:03 -0800] "GET /2024-ufc-event-schedule-alex-pereira-vs-jamahal-hill-amanda-ribas-vs-rose-namajunas-on-tap/ HTTP/1.0" 200 - "https://live2news.com/stock-market-today-live-updates-12/" "Mozilla/5.0 (Linux; Android 7.0;) AppleWebKit/537.36 (KHTML, like Gecko) Mobile Safari/537.36 (compatible; PetalBot;+https://webmaster.petalsearch.com/site/petalbot)"
57.141.0.19 - - [22/Nov/2024:18:50:07 -0800] "GET /wp-json/oembed/1.0/embed?url=https%3A%2F%2Flive2news.com%2F14-sent-to-hospital-after-suspected-overdoses-at-mens-central-jail%2F HTTP/1.0" 200 - "-" "meta-externalagent/1.1 (+https://developers.facebook.com/docs/sharing/webmasters/crawler)"
216.244.66.249 - - [22/Nov/2024:18:52:45 -0800] "GET /sixth-typhoon-in-a-month-makes-landfall-in-philippines/ HTTP/1.0" 200 - "-" "Mozilla/5.0 (compatible; DotBot/1.2; +https://opensiteexplorer.org/dotbot; help@moz.com)"
216.244.66.249 - - [22/Nov/2024:18:54:54 -0800] "GET /donald-trumps-deportation-plan-causes-panic-among-farmers/ HTTP/1.0" 200 - "-" "Mozilla/5.0 (compatible; DotBot/1.2; +https://opensiteexplorer.org/dotbot; help@moz.com)"
216.244.66.249 - - [22/Nov/2024:18:55:09 -0800] "GET /dear-president-elect-trump-heres-a-recipe-for-u-s-energy-success-opinion/ HTTP/1.0" 200 - "-" "Mozilla/5.0 (compatible; DotBot/1.2; +https://opensiteexplorer.org/dotbot; help@moz.com)"
216.244.66.249 - - [22/Nov/2024:18:55:12 -0800] "GET /see-the-sad-reality-of-life-for-a-gentle-giant-dog-in-shelter-over-a-year/ HTTP/1.0" 200 - "-" "Mozilla/5.0 (compatible; DotBot/1.2; +https://opensiteexplorer.org/dotbot; help@moz.com)"
216.244.66.249 - - [22/Nov/2024:18:55:32 -0800] "GET /uswnt-roster-trinity-rodman-sophia-smith-mal-swanson-take-time-off-as-emma-hayes-squad-experiments-continue/ HTTP/1.0" 200 - "-" "Mozilla/5.0 (compatible; DotBot/1.2; +https://opensiteexplorer.org/dotbot; help@moz.com)"
216.244.66.249 - - [22/Nov/2024:18:55:34 -0800] "GET /we-feared-our-five-stolen-dogs-would-be-dead/ HTTP/1.0" 200 - "-" "Mozilla/5.0 (compatible; DotBot/1.2; +https://opensiteexplorer.org/dotbot; help@moz.com)"
216.244.66.249 - - [22/Nov/2024:18:55:54 -0800] "GET /cornwall-hits-renewable-energy-installation-milestone/ HTTP/1.0" 200 - "-" "Mozilla/5.0 (compatible; DotBot/1.2; +https://opensiteexplorer.org/dotbot; help@moz.com)"
216.244.66.249 - - [22/Nov/2024:18:55:56 -0800] "GET /slot-is-not-klopp-but-his-liverpool-side-is-still-effective/ HTTP/1.0" 200 - "-" "Mozilla/5.0 (compatible; DotBot/1.2; +https://opensiteexplorer.org/dotbot; help@moz.com)"
216.244.66.249 - - [22/Nov/2024:18:56:08 -0800] "GET /jenny-holl-and-oscar-onley-claim-scottish-cycling-awards/ HTTP/1.0" 200 - "-" "Mozilla/5.0 (compatible; DotBot/1.2; +https://opensiteexplorer.org/dotbot; help@moz.com)"
216.244.66.249 - - [22/Nov/2024:18:56:37 -0800] "GET /another-italian-tourist-site-brings-in-strict-restrictions/ HTTP/1.0" 200 - "-" "Mozilla/5.0 (compatible; DotBot/1.2; +https://opensiteexplorer.org/dotbot; help@moz.com)"
216.244.66.249 - - [22/Nov/2024:18:56:39 -0800] "GET /calgarys-living-wage-hit-by-soaring-cost-of-food-and-housing/ HTTP/1.0" 200 - "-" "Mozilla/5.0 (compatible; DotBot/1.2; +https://opensiteexplorer.org/dotbot; help@moz.com)"
216.244.66.249 - - [22/Nov/2024:18:56:41 -0800] "GET /democrat-sherrod-brown-explains-how-his-party-let-voters-flip-to-trump/ HTTP/1.0" 200 - "-" "Mozilla/5.0 (compatible; DotBot/1.2; +https://opensiteexplorer.org/dotbot; help@moz.com)"
216.244.66.249 - - [22/Nov/2024:18:56:55 -0800] "GET /heaven-nightclub-closed-after-security-guard-charged-with-rape/ HTTP/1.0" 200 - "-" "Mozilla/5.0 (compatible; DotBot/1.2; +https://opensiteexplorer.org/dotbot; help@moz.com)"
216.244.66.249 - - [22/Nov/2024:18:57:09 -0800] "GET /surrey-mountie-stabbed-seriously-hurt-during-arrest-bc/ HTTP/1.0" 200 - "-" "Mozilla/5.0 (compatible; DotBot/1.2; +https://opensiteexplorer.org/dotbot; help@moz.com)"
216.244.66.249 - - [22/Nov/2024:18:57:59 -0800] "GET /decisive-election-waits-for-californias-results-whats-the-hold-up/ HTTP/1.0" 200 - "-" "Mozilla/5.0 (compatible; DotBot/1.2; +https://opensiteexplorer.org/dotbot; help@moz.com)"
216.244.66.249 - - [22/Nov/2024:18:58:01 -0800] "GET /missing-cat-babes-reunited-with-owner-after-two-years-in-cumbria/ HTTP/1.0" 200 - "-" "Mozilla/5.0 (compatible; DotBot/1.2; +https://opensiteexplorer.org/dotbot; help@moz.com)"
216.244.66.249 - - [22/Nov/2024:18:58:17 -0800] "GET /judge-throws-out-news-outlets-case-against-openai/ HTTP/1.0" 200 - "-" "Mozilla/5.0 (compatible; DotBot/1.2; +https://opensiteexplorer.org/dotbot; help@moz.com)"
114.119.151.179 - - [22/Nov/2024:18:58:33 -0800] "GET /wary-of-inflation-taiwan-central-bank-raises-key-rate-in-surprise-move/ HTTP/1.0" 200 - "https://live2news.com/video-of-a-committee-meeting-thursday-21-march-2024-0830-committee-on-foreign-affairs/" "Mozilla/5.0 (Linux; Android 7.0;) AppleWebKit/537.36 (KHTML, like Gecko) Mobile Safari/537.36 (compatible; PetalBot;+https://webmaster.petalsearch.com/site/petalbot)"
216.244.66.249 - - [22/Nov/2024:18:58:37 -0800] "GET /m62-closed-near-huddersfield-after-serious-collision/ HTTP/1.0" 200 - "-" "Mozilla/5.0 (compatible; DotBot/1.2; +https://opensiteexplorer.org/dotbot; help@moz.com)"
216.244.66.249 - - [22/Nov/2024:18:58:55 -0800] "GET /how-wedding-photographer-tells-guest-blocking-aisle-to-move-out-the-way/ HTTP/1.0" 200 - "-" "Mozilla/5.0 (compatible; DotBot/1.2; +https://opensiteexplorer.org/dotbot; help@moz.com)"
216.244.66.249 - - [22/Nov/2024:18:59:16 -0800] "GET /author/sian_lewis/ HTTP/1.0" 200 - "-" "Mozilla/5.0 (compatible; DotBot/1.2; +https://opensiteexplorer.org/dotbot; help@moz.com)"
216.244.66.249 - - [22/Nov/2024:18:59:24 -0800] "GET /i-lost-my-baby-i-lost-my-marriage-and-i-lost-me/ HTTP/1.0" 200 - "-" "Mozilla/5.0 (compatible; DotBot/1.2; +https://opensiteexplorer.org/dotbot; help@moz.com)"
216.244.66.249 - - [22/Nov/2024:18:59:32 -0800] "GET /judd-trump-suffers-shock-quarter-final-loss-to-jak-jones/ HTTP/1.0" 200 - "-" "Mozilla/5.0 (compatible; DotBot/1.2; +https://opensiteexplorer.org/dotbot; help@moz.com)"
216.244.66.249 - - [22/Nov/2024:18:59:39 -0800] "GET /marlins-vs-athletics-highlights-mlb-on-fox/ HTTP/1.0" 200 - "-" "Mozilla/5.0 (compatible; DotBot/1.2; +https://opensiteexplorer.org/dotbot; help@moz.com)"
216.244.66.249 - - [22/Nov/2024:18:59:44 -0800] "GET /taylor-swift-poured-matty-healy-heartbreak-into-ttpd-lyrics/ HTTP/1.0" 200 - "-" "Mozilla/5.0 (compatible; DotBot/1.2; +https://opensiteexplorer.org/dotbot; help@moz.com)"
216.244.66.249 - - [22/Nov/2024:18:59:49 -0800] "GET /team-to-win-form-news-185/ HTTP/1.0" 200 - "-" "Mozilla/5.0 (compatible; DotBot/1.2; +https://opensiteexplorer.org/dotbot; help@moz.com)"
216.244.66.249 - - [22/Nov/2024:18:59:53 -0800] "GET /southwest-airlines-problems-paint-worrying-picture-for-other-companies/ HTTP/1.0" 200 - "-" "Mozilla/5.0 (compatible; DotBot/1.2; +https://opensiteexplorer.org/dotbot; help@moz.com)"
114.119.151.179 - - [22/Nov/2024:18:59:57 -0800] "GET /samsung-galaxy-a15-5gs-6gb-ram-128gb-storage-variant-launched-in-india-price-specifications/ HTTP/1.0" 200 - "https://live2news.com/voters-still-favour-sask-party-over-ndp-although-approval-drops-poll-finds/" "Mozilla/5.0 (Linux; Android 7.0;) AppleWebKit/537.36 (KHTML, like Gecko) Mobile Safari/537.36 (compatible; PetalBot;+https://webmaster.petalsearch.com/site/petalbot)"
216.244.66.249 - - [22/Nov/2024:18:59:57 -0800] "GET /vitor-petrinos-tattoos-what-do-the-brazilian-ufc-stars-inks-mean/ HTTP/1.0" 200 - "-" "Mozilla/5.0 (compatible; DotBot/1.2; +https://opensiteexplorer.org/dotbot; help@moz.com)"
216.244.66.249 - - [22/Nov/2024:19:00:00 -0800] "GET /what-makes-macklin-celebrini-the-next-big-big-nhl-draft-prospect/ HTTP/1.0" 200 - "-" "Mozilla/5.0 (compatible; DotBot/1.2; +https://opensiteexplorer.org/dotbot; help@moz.com)"
216.244.66.249 - - [22/Nov/2024:19:00:03 -0800] "GET /korean-womans-expletive-laden-rant-forces-polish-airlines-flight-to-make-emergency-landing-in-kazakhstan/ HTTP/1.0" 200 - "-" "Mozilla/5.0 (compatible; DotBot/1.2; +https://opensiteexplorer.org/dotbot; help@moz.com)"
57.141.0.14 - - [22/Nov/2024:19:00:13 -0800] "GET /wp-json/oembed/1.0/embed?url=https%3A%2F%2Flive2news.com%2Fafter-severe-backlash-mi-captain-hardik-pandya-takes-break-to-spend-time-with-family-amidst-ipl-2024%2F HTTP/1.0" 200 - "-" "meta-externalagent/1.1 (+https://developers.facebook.com/docs/sharing/webmasters/crawler)"
57.141.0.7 - - [22/Nov/2024:19:00:14 -0800] "GET /wp-json/oembed/1.0/embed?url=https%3A%2F%2Flive2news.com%2Faquatics-gb-swimming-championships-duncan-scott-records-olympic-qualifying-time-with-second-in-100m-freestyle%2F HTTP/1.0" 200 - "-" "meta-externalagent/1.1 (+https://developers.facebook.com/docs/sharing/webmasters/crawler)"
216.244.66.249 - - [22/Nov/2024:19:00:18 -0800] "GET /japan-fund-manager-names-outperforming-sector-to-buy-amid-sell-off/ HTTP/1.0" 200 - "-" "Mozilla/5.0 (compatible; DotBot/1.2; +https://opensiteexplorer.org/dotbot; help@moz.com)"
