114.119.155.64 - - [22/Nov/2024:12:16:16 -0800] "GET /ex-police-officer-jailed-for-sharing-scene-images/ HTTP/1.0" 200 - "https://live2news.com/video-of-us-baseball-coach-in-cockpit-under-faa-probe/" "Mozilla/5.0 (Linux; Android 7.0;) AppleWebKit/537.36 (KHTML, like Gecko) Mobile Safari/537.36 (compatible; PetalBot;+https://webmaster.petalsearch.com/site/petalbot)"
114.119.155.64 - - [22/Nov/2024:12:17:39 -0800] "GET /author/ken_schneck/ HTTP/1.0" 200 - "https://live2news.com/how-ohio-laws-criminalize-hiv-exposure/" "Mozilla/5.0 (Linux; Android 7.0;) AppleWebKit/537.36 (KHTML, like Gecko) Mobile Safari/537.36 (compatible; PetalBot;+https://webmaster.petalsearch.com/site/petalbot)"
216.244.66.249 - - [22/Nov/2024:12:18:25 -0800] "GET /robots.txt HTTP/1.0" 200 66 "-" "Mozilla/5.0 (compatible; DotBot/1.2; +https://opensiteexplorer.org/dotbot; help@moz.com)"
57.141.0.11 - - [22/Nov/2024:12:18:34 -0800] "GET /?p=34106 HTTP/1.0" 200 - "-" "meta-externalagent/1.1 (+https://developers.facebook.com/docs/sharing/webmasters/crawler)"
114.119.137.184 - - [22/Nov/2024:12:19:02 -0800] "GET /author/by_steven_mcintosh/ HTTP/1.0" 200 - "https://live2news.com/new-version-of-scrabble-to-be-less-competitive/" "Mozilla/5.0 (Linux; Android 7.0;) AppleWebKit/537.36 (KHTML, like Gecko) Mobile Safari/537.36 (compatible; PetalBot;+https://webmaster.petalsearch.com/site/petalbot)"
57.141.0.11 - - [22/Nov/2024:12:19:49 -0800] "GET /wp-json/oembed/1.0/embed?url=https%3A%2F%2Flive2news.com%2Freconcili-action-festival-underway-in-okanagan-okanagan%2F HTTP/1.0" 200 - "-" "meta-externalagent/1.1 (+https://developers.facebook.com/docs/sharing/webmasters/crawler)"
114.119.132.18 - - [22/Nov/2024:12:20:27 -0800] "GET /apple-reportedly-in-talks-with-google-to-integrate-gemini-for-advanced-ai-features-on-iphone/ HTTP/1.0" 200 - "https://live2news.com/step-aside-nvidia-this-german-supercomputing-stock-is-up-95-this-year/" "Mozilla/5.0 (Linux; Android 7.0;) AppleWebKit/537.36 (KHTML, like Gecko) Mobile Safari/537.36 (compatible; PetalBot;+https://webmaster.petalsearch.com/site/petalbot)"
209.182.200.39 - - [22/Nov/2024:12:21:52 -0800] "POST /wp-cron.php?doing_wp_cron=1732306912.2735209465026855468750 HTTP/1.0" 403 228 "-" "WordPress/6.6.2; https://live2news.com"
209.182.200.39 - - [22/Nov/2024:12:21:52 -0800] "GET /wp-content/themes/newscore/assets/images/login-logo.png HTTP/1.0" 200 5193 "-" "-"
57.141.0.5 - - [22/Nov/2024:12:21:36 -0800] "GET /wp-login.php?redirect_to=https%3A%2F%2Flive2news.com%2Fim-an-archaeologist-excavating-alexander-the-greats-buried-city%2F HTTP/1.0" 200 7036 "-" "meta-externalagent/1.1 (+https://developers.facebook.com/docs/sharing/webmasters/crawler)"
114.119.156.185 - - [22/Nov/2024:12:21:52 -0800] "GET /apple-reportedly-acquires-french-ai-firm-working-with-on-device-ai-and-computer-vision/ HTTP/1.0" 200 - "https://live2news.com/ukraine-aid-vote-us-house-of-representatives-approves-critical-61bn-package/" "Mozilla/5.0 (Linux; Android 7.0;) AppleWebKit/537.36 (KHTML, like Gecko) Mobile Safari/537.36 (compatible; PetalBot;+https://webmaster.petalsearch.com/site/petalbot)"
216.244.66.249 - - [22/Nov/2024:12:22:13 -0800] "GET /how-pakistans-melting-glaciers-destroy-mountain-villages/ HTTP/1.0" 200 - "-" "Mozilla/5.0 (compatible; DotBot/1.2; +https://opensiteexplorer.org/dotbot; help@moz.com)"
216.244.66.249 - - [22/Nov/2024:12:22:21 -0800] "GET /trump-musk-and-new-cabinet-nominees-celebrate-at-ufc/ HTTP/1.0" 200 - "-" "Mozilla/5.0 (compatible; DotBot/1.2; +https://opensiteexplorer.org/dotbot; help@moz.com)"
216.244.66.249 - - [22/Nov/2024:12:22:24 -0800] "GET /us-steps-up-hezbollah-israel-ceasefire-efforts/ HTTP/1.0" 200 - "-" "Mozilla/5.0 (compatible; DotBot/1.2; +https://opensiteexplorer.org/dotbot; help@moz.com)"
216.244.66.249 - - [22/Nov/2024:12:22:27 -0800] "GET /amazon-launches-temu-and-shein-rival-with-crazy-low-prices/ HTTP/1.0" 200 - "-" "Mozilla/5.0 (compatible; DotBot/1.2; +https://opensiteexplorer.org/dotbot; help@moz.com)"
216.244.66.249 - - [22/Nov/2024:12:22:30 -0800] "GET /edmonton-charities-call-on-albertans-for-help-amid-canada-post-strike-edmonton/ HTTP/1.0" 200 - "-" "Mozilla/5.0 (compatible; DotBot/1.2; +https://opensiteexplorer.org/dotbot; help@moz.com)"
216.244.66.249 - - [22/Nov/2024:12:22:32 -0800] "GET /japans-mount-fuji-eyes-tram-to-tackle-carbon-footprint-and-overtourism/ HTTP/1.0" 200 - "-" "Mozilla/5.0 (compatible; DotBot/1.2; +https://opensiteexplorer.org/dotbot; help@moz.com)"
216.244.66.249 - - [22/Nov/2024:12:22:34 -0800] "GET /la-nina-threatens-this-years-soybean-crop-in-paraguay-mercopress-2/ HTTP/1.0" 200 - "-" "Mozilla/5.0 (compatible; DotBot/1.2; +https://opensiteexplorer.org/dotbot; help@moz.com)"
216.244.66.249 - - [22/Nov/2024:12:22:36 -0800] "GET /us-hacker-sentenced-over-bitcoin-heist-worth-billions/ HTTP/1.0" 200 - "-" "Mozilla/5.0 (compatible; DotBot/1.2; +https://opensiteexplorer.org/dotbot; help@moz.com)"
216.244.66.249 - - [22/Nov/2024:12:22:38 -0800] "GET /an-expert-guide-to-ski-holidays-in-tignes-france/ HTTP/1.0" 200 - "-" "Mozilla/5.0 (compatible; DotBot/1.2; +https://opensiteexplorer.org/dotbot; help@moz.com)"
216.244.66.249 - - [22/Nov/2024:12:22:40 -0800] "GET /commonwealth-bank-lifts-mortgage-lending-posts-flat-first-quarter-profit/ HTTP/1.0" 200 - "-" "Mozilla/5.0 (compatible; DotBot/1.2; +https://opensiteexplorer.org/dotbot; help@moz.com)"
216.244.66.249 - - [22/Nov/2024:12:22:43 -0800] "GET /alibabas-stock-rallies-after-profit-beat-expectation-as-ai-business-sees-rapid-growth/ HTTP/1.0" 200 - "-" "Mozilla/5.0 (compatible; DotBot/1.2; +https://opensiteexplorer.org/dotbot; help@moz.com)"
216.244.66.249 - - [22/Nov/2024:12:22:45 -0800] "GET /suspects-nabbed-for-man-in-bear-suit-insurance-scam/ HTTP/1.0" 200 - "-" "Mozilla/5.0 (compatible; DotBot/1.2; +https://opensiteexplorer.org/dotbot; help@moz.com)"
216.244.66.249 - - [22/Nov/2024:12:22:47 -0800] "GET /capital1-looks-to-shine-behind-young-standouts/ HTTP/1.0" 200 - "-" "Mozilla/5.0 (compatible; DotBot/1.2; +https://opensiteexplorer.org/dotbot; help@moz.com)"
216.244.66.249 - - [22/Nov/2024:12:22:48 -0800] "GET /murder-charges-following-attack-in-west-bromwich-pub/ HTTP/1.0" 200 - "-" "Mozilla/5.0 (compatible; DotBot/1.2; +https://opensiteexplorer.org/dotbot; help@moz.com)"
216.244.66.249 - - [22/Nov/2024:12:22:50 -0800] "GET /parts-of-orange-county-are-quarantined-for-invasive-fruit-fly/ HTTP/1.0" 200 - "-" "Mozilla/5.0 (compatible; DotBot/1.2; +https://opensiteexplorer.org/dotbot; help@moz.com)"
216.244.66.249 - - [22/Nov/2024:12:22:51 -0800] "GET /coventry-city-frank-lampard-confirmed-as-contender-for-managers-job/ HTTP/1.0" 200 - "-" "Mozilla/5.0 (compatible; DotBot/1.2; +https://opensiteexplorer.org/dotbot; help@moz.com)"
216.244.66.249 - - [22/Nov/2024:12:22:52 -0800] "GET /trump-confirms-deportation-strategy-will-include-military/ HTTP/1.0" 200 - "-" "Mozilla/5.0 (compatible; DotBot/1.2; +https://opensiteexplorer.org/dotbot; help@moz.com)"
216.244.66.249 - - [22/Nov/2024:12:22:53 -0800] "GET /nato-member-issues-warning-of-global-scale-war/ HTTP/1.0" 200 - "-" "Mozilla/5.0 (compatible; DotBot/1.2; +https://opensiteexplorer.org/dotbot; help@moz.com)"
216.244.66.249 - - [22/Nov/2024:12:22:56 -0800] "GET /nasa-webb-revelations-challenge-traditional-theory-of-gravity/ HTTP/1.0" 200 - "-" "Mozilla/5.0 (compatible; DotBot/1.2; +https://opensiteexplorer.org/dotbot; help@moz.com)"
216.244.66.249 - - [22/Nov/2024:12:22:58 -0800] "GET /why-didnt-doctors-tell-me-my-daughter-was-suicidal/ HTTP/1.0" 200 - "-" "Mozilla/5.0 (compatible; DotBot/1.2; +https://opensiteexplorer.org/dotbot; help@moz.com)"
216.244.66.249 - - [22/Nov/2024:12:23:01 -0800] "GET /bulldogs-end-season-of-adversity-knowing-they-should-have-been-among-top-teams/ HTTP/1.0" 200 - "-" "Mozilla/5.0 (compatible; DotBot/1.2; +https://opensiteexplorer.org/dotbot; help@moz.com)"
216.244.66.249 - - [22/Nov/2024:12:23:07 -0800] "GET /chelsea-vs-fc-noah-lineups-live-stream-where-to-watch-uefa-conference-league-odds-pick-prediction/ HTTP/1.0" 200 - "-" "Mozilla/5.0 (compatible; DotBot/1.2; +https://opensiteexplorer.org/dotbot; help@moz.com)"
216.244.66.249 - - [22/Nov/2024:12:23:08 -0800] "GET /india-vs-south-africa-3rd-t20i-highlights-tilak-varma-stars-with-107-not-out-as-india-take-2-1-lead-in-4-match-series/ HTTP/1.0" 200 - "-" "Mozilla/5.0 (compatible; DotBot/1.2; +https://opensiteexplorer.org/dotbot; help@moz.com)"
216.244.66.249 - - [22/Nov/2024:12:23:09 -0800] "GET /simone-biles-retiring-after-paris-olympics-what-shes-said-about-it/ HTTP/1.0" 200 - "-" "Mozilla/5.0 (compatible; DotBot/1.2; +https://opensiteexplorer.org/dotbot; help@moz.com)"
216.244.66.249 - - [22/Nov/2024:12:23:10 -0800] "GET /argentine-looses-noose-on-occasional-imports-mercopress/ HTTP/1.0" 200 - "-" "Mozilla/5.0 (compatible; DotBot/1.2; +https://opensiteexplorer.org/dotbot; help@moz.com)"
216.244.66.249 - - [22/Nov/2024:12:23:11 -0800] "GET /hull-fc-andrew-thirkill-and-david-hood-enter-into-exclusivity-period/ HTTP/1.0" 200 - "-" "Mozilla/5.0 (compatible; DotBot/1.2; +https://opensiteexplorer.org/dotbot; help@moz.com)"
216.244.66.249 - - [22/Nov/2024:12:23:12 -0800] "GET /mentoring-is-a-really-good-way-to-engage-excluded-pupils/ HTTP/1.0" 200 - "-" "Mozilla/5.0 (compatible; DotBot/1.2; +https://opensiteexplorer.org/dotbot; help@moz.com)"
114.119.155.64 - - [22/Nov/2024:12:23:13 -0800] "GET /another-major-chinese-construction-and-real-estate-developer-ready-to-fall-mercopress/ HTTP/1.0" 200 - "https://live2news.com/ulster-sfc-cavan-score-two-late-goals-to-beat-monaghan-in-ulster-opener/" "Mozilla/5.0 (Linux; Android 7.0;) AppleWebKit/537.36 (KHTML, like Gecko) Mobile Safari/537.36 (compatible; PetalBot;+https://webmaster.petalsearch.com/site/petalbot)"
216.244.66.249 - - [22/Nov/2024:12:23:15 -0800] "GET /map-shows-sweeping-weather-service-warnings-for-three-states/ HTTP/1.0" 200 - "-" "Mozilla/5.0 (compatible; DotBot/1.2; +https://opensiteexplorer.org/dotbot; help@moz.com)"
216.244.66.249 - - [22/Nov/2024:12:23:24 -0800] "GET /greater-manchester-pc-who-sexually-assaulted-six-year-old-girl-jailed/ HTTP/1.0" 200 - "-" "Mozilla/5.0 (compatible; DotBot/1.2; +https://opensiteexplorer.org/dotbot; help@moz.com)"
216.244.66.249 - - [22/Nov/2024:12:23:29 -0800] "GET /lebron-lifts-lakers-past-grizzlies-with-30-point-triple-double/ HTTP/1.0" 200 - "-" "Mozilla/5.0 (compatible; DotBot/1.2; +https://opensiteexplorer.org/dotbot; help@moz.com)"
216.244.66.249 - - [22/Nov/2024:12:23:42 -0800] "GET /derry-city-larne-manager-tiernan-lynch-to-become-candystripes-boss-on-three-year-deal/ HTTP/1.0" 200 - "-" "Mozilla/5.0 (compatible; DotBot/1.2; +https://opensiteexplorer.org/dotbot; help@moz.com)"
216.244.66.249 - - [22/Nov/2024:12:23:45 -0800] "GET /how-to-watch-lsu-vs-florida-live-stream-ncaa-football-tv-channel/ HTTP/1.0" 200 - "-" "Mozilla/5.0 (compatible; DotBot/1.2; +https://opensiteexplorer.org/dotbot; help@moz.com)"
209.182.200.39 - - [22/Nov/2024:12:23:48 -0800] "POST /wp-cron.php?doing_wp_cron=1732307028.2295310497283935546875 HTTP/1.0" 403 228 "-" "WordPress/6.6.2; https://live2news.com"
209.182.200.39 - - [22/Nov/2024:12:23:48 -0800] "GET /wp-content/themes/newscore/assets/images/login-logo.png HTTP/1.0" 200 5193 "-" "-"
57.141.0.11 - - [22/Nov/2024:12:23:46 -0800] "GET /wp-login.php?redirect_to=https%3A%2F%2Flive2news.com%2Fsophisticated-burglary-tourists-fly-from-south-america-to-rob-wealthy-homes-lapd-says%2F HTTP/1.0" 200 7058 "-" "meta-externalagent/1.1 (+https://developers.facebook.com/docs/sharing/webmasters/crawler)"
216.244.66.249 - - [22/Nov/2024:12:23:47 -0800] "GET /petro-gazz-moves-on-cusp-of-bronze/ HTTP/1.0" 200 - "-" "Mozilla/5.0 (compatible; DotBot/1.2; +https://opensiteexplorer.org/dotbot; help@moz.com)"
57.141.0.19 - - [22/Nov/2024:12:23:49 -0800] "GET /?p=68597 HTTP/1.0" 200 - "-" "meta-externalagent/1.1 (+https://developers.facebook.com/docs/sharing/webmasters/crawler)"
216.244.66.249 - - [22/Nov/2024:12:23:50 -0800] "GET /backing-for-sale-of-bust-that-could-be-worth-millions/ HTTP/1.0" 200 - "-" "Mozilla/5.0 (compatible; DotBot/1.2; +https://opensiteexplorer.org/dotbot; help@moz.com)"
216.244.66.249 - - [22/Nov/2024:12:23:53 -0800] "GET /paul-weiss-scores-another-top-dealmaker-in-hiring-push/ HTTP/1.0" 200 - "-" "Mozilla/5.0 (compatible; DotBot/1.2; +https://opensiteexplorer.org/dotbot; help@moz.com)"
216.244.66.249 - - [22/Nov/2024:12:23:55 -0800] "GET /caesars-sportsbook-promo-code-newswk1000-nets-1k-bet-for-nba-nhl-playoffs/ HTTP/1.0" 200 - "-" "Mozilla/5.0 (compatible; DotBot/1.2; +https://opensiteexplorer.org/dotbot; help@moz.com)"
216.244.66.249 - - [22/Nov/2024:12:23:57 -0800] "GET /raw-sewage-leaks-into-brighton-hospital-cancer-chemo-unit/ HTTP/1.0" 200 - "-" "Mozilla/5.0 (compatible; DotBot/1.2; +https://opensiteexplorer.org/dotbot; help@moz.com)"
216.244.66.249 - - [22/Nov/2024:12:23:59 -0800] "GET /england-v-south-africa-can-hosts-keep-faith-in-the-blitz/ HTTP/1.0" 200 - "-" "Mozilla/5.0 (compatible; DotBot/1.2; +https://opensiteexplorer.org/dotbot; help@moz.com)"
216.244.66.249 - - [22/Nov/2024:12:24:00 -0800] "GET /new-look-kiwis-knows-gilas-a-little-bit-better-says-cone/ HTTP/1.0" 200 - "-" "Mozilla/5.0 (compatible; DotBot/1.2; +https://opensiteexplorer.org/dotbot; help@moz.com)"
185.191.171.16 - - [22/Nov/2024:12:24:11 -0800] "GET /robots.txt HTTP/1.0" 200 67 "-" "Mozilla/5.0 (compatible; SemrushBot/7~bl; +http://www.semrush.com/bot.html)"
85.208.96.202 - - [22/Nov/2024:12:24:12 -0800] "GET /building-firm-fined-215000-after-man-fell-from-cherry-picker/ HTTP/1.0" 200 - "-" "Mozilla/5.0 (compatible; SemrushBot/7~bl; +http://www.semrush.com/bot.html)"
216.244.66.249 - - [22/Nov/2024:12:24:13 -0800] "GET /football-news-team-review-manchester-city/ HTTP/1.0" 200 - "-" "Mozilla/5.0 (compatible; DotBot/1.2; +https://opensiteexplorer.org/dotbot; help@moz.com)"
216.244.66.249 - - [22/Nov/2024:12:24:17 -0800] "GET /sudan-war-threat-of-invasion-in-el-fasher-leaves-people-in-fear/ HTTP/1.0" 200 - "-" "Mozilla/5.0 (compatible; DotBot/1.2; +https://opensiteexplorer.org/dotbot; help@moz.com)"
114.119.141.201 - - [22/Nov/2024:12:24:36 -0800] "GET /an-expert-guide-to-ski-holidays-in-wengen-switzerland/ HTTP/1.0" 200 - "https://live2news.com/the-millennials-who-met-and-married-from-tiktok/" "Mozilla/5.0 (Linux; Android 7.0;) AppleWebKit/537.36 (KHTML, like Gecko) Mobile Safari/537.36 (compatible; PetalBot;+https://webmaster.petalsearch.com/site/petalbot)"
114.119.155.64 - - [22/Nov/2024:12:26:00 -0800] "GET /alvin-bragg-struggles-to-convince-people-donald-trumps-guilty/ HTTP/1.0" 200 - "https://live2news.com/wendy-williams-publicist-shawn-zanotti-everything-to-know/" "Mozilla/5.0 (Linux; Android 7.0;) AppleWebKit/537.36 (KHTML, like Gecko) Mobile Safari/537.36 (compatible; PetalBot;+https://webmaster.petalsearch.com/site/petalbot)"
57.141.0.1 - - [22/Nov/2024:12:26:26 -0800] "GET /trump-is-guilty-but-the-justice-system-is-tarred-with-a-tawdry-brush-opinion/ HTTP/1.0" 200 - "-" "meta-externalagent/1.1 (+https://developers.facebook.com/docs/sharing/webmasters/crawler)"
57.141.0.3 - - [22/Nov/2024:12:26:43 -0800] "GET /trump-is-guilty-but-the-justice-system-is-tarred-with-a-tawdry-brush-opinion/ HTTP/1.0" 200 - "-" "meta-externalagent/1.1 (+https://developers.facebook.com/docs/sharing/webmasters/crawler)"
114.119.155.64 - - [22/Nov/2024:12:27:23 -0800] "GET /alexandria-ocasio-cortez-rips-democrats-shameful-post-on-bernie-sanders-2/ HTTP/1.0" 200 - "https://live2news.com/part-of-palos-verdes-drive-south-damaged-by-landslide-will-close-temporarily-for-repairs/" "Mozilla/5.0 (Linux; Android 7.0;) AppleWebKit/537.36 (KHTML, like Gecko) Mobile Safari/537.36 (compatible; PetalBot;+https://webmaster.petalsearch.com/site/petalbot)"
57.141.0.3 - - [22/Nov/2024:12:27:24 -0800] "GET /trump-is-guilty-but-the-justice-system-is-tarred-with-a-tawdry-brush-opinion/ HTTP/1.0" 200 - "-" "meta-externalagent/1.1 (+https://developers.facebook.com/docs/sharing/webmasters/crawler)"
216.244.66.249 - - [22/Nov/2024:12:28:36 -0800] "GET /how-to-watch-jamaica-vs-united-states-live-stream-nations-league-channel/ HTTP/1.0" 200 - "-" "Mozilla/5.0 (compatible; DotBot/1.2; +https://opensiteexplorer.org/dotbot; help@moz.com)"
114.119.141.217 - - [22/Nov/2024:12:28:47 -0800] "GET /a-new-storm-is-coming-to-southern-california-this-weekend/ HTTP/1.0" 200 - "https://live2news.com/seth-rollins-announces-medical-clearance-will-confront-the-bloodline-on-smackdown/" "Mozilla/5.0 (Linux; Android 7.0;) AppleWebKit/537.36 (KHTML, like Gecko) Mobile Safari/537.36 (compatible; PetalBot;+https://webmaster.petalsearch.com/site/petalbot)"
208.92.218.66 - - [22/Nov/2024:12:29:11 -0800] "GET /feed/ HTTP/1.0" 200 - "-" "Mozilla/5.0 (Windows NT 10.0; Win64; x64) AppleWebKit/537.36 (KHTML, like Gecko) Chrome/70.0.3538.102 Safari/537.36"
208.92.218.66 - - [22/Nov/2024:12:29:41 -0800] "GET /feed/ HTTP/1.0" 200 - "-" "Mozilla/5.0 (Windows NT 10.0; Win64; x64) AppleWebKit/537.36 (KHTML, like Gecko) Chrome/70.0.3538.102 Safari/537.36"
114.119.141.217 - - [22/Nov/2024:12:30:11 -0800] "GET /mother-testifies-in-trial-of-man-accused-of-abducting-child-to-avoid-covid-19-vaccine/ HTTP/1.0" 200 - "https://live2news.com/x-expands-passkey-support-on-its-ios-app-to-users-globally/" "Mozilla/5.0 (Linux; Android 7.0;) AppleWebKit/537.36 (KHTML, like Gecko) Mobile Safari/537.36 (compatible; PetalBot;+https://webmaster.petalsearch.com/site/petalbot)"
208.92.218.66 - - [22/Nov/2024:12:30:42 -0800] "GET /feed/ HTTP/1.0" 200 - "-" "Mozilla/5.0 (Windows NT 10.0; Win64; x64) AppleWebKit/537.36 (KHTML, like Gecko) Chrome/70.0.3538.102 Safari/537.36"
57.141.0.16 - - [22/Nov/2024:12:30:46 -0800] "GET /bodies-of-two-women-found-in-nottingham-house/ HTTP/1.0" 200 - "-" "meta-externalagent/1.1 (+https://developers.facebook.com/docs/sharing/webmasters/crawler)"
216.244.66.249 - - [22/Nov/2024:12:30:46 -0800] "GET /argentina-is-the-promised-land-for-businesspeople-milei-says-mercopress/ HTTP/1.0" 200 - "-" "Mozilla/5.0 (compatible; DotBot/1.2; +https://opensiteexplorer.org/dotbot; help@moz.com)"
216.244.66.249 - - [22/Nov/2024:12:31:09 -0800] "GET /paris-olympics-2024-live-updates-day-11-vinesh-phogat-neeraj-chopra-bid-for-gold-with-season-best-displays/ HTTP/1.0" 200 - "-" "Mozilla/5.0 (compatible; DotBot/1.2; +https://opensiteexplorer.org/dotbot; help@moz.com)"
216.244.66.249 - - [22/Nov/2024:12:31:51 -0800] "GET /author/oliver_fennell/feed/ HTTP/1.0" 200 - "-" "Mozilla/5.0 (compatible; DotBot/1.2; +https://opensiteexplorer.org/dotbot; help@moz.com)"
57.141.0.14 - - [22/Nov/2024:12:32:07 -0800] "GET /a-community-led-clean-energy-revolution-is-taking-hold-why-arent-we-hearing-about-it/ HTTP/1.0" 200 - "-" "meta-externalagent/1.1 (+https://developers.facebook.com/docs/sharing/webmasters/crawler)"
216.244.66.249 - - [22/Nov/2024:12:32:10 -0800] "GET /author/by_thomas_mackintosh/feed/ HTTP/1.0" 200 - "-" "Mozilla/5.0 (compatible; DotBot/1.2; +https://opensiteexplorer.org/dotbot; help@moz.com)"
57.141.0.2 - - [22/Nov/2024:12:32:18 -0800] "GET /?p=171970 HTTP/1.0" 200 - "-" "meta-externalagent/1.1 (+https://developers.facebook.com/docs/sharing/webmasters/crawler)"
216.244.66.249 - - [22/Nov/2024:12:32:29 -0800] "GET /montreals-victoria-bridge-closed-in-both-directions-for-emergency-work/ HTTP/1.0" 200 - "-" "Mozilla/5.0 (compatible; DotBot/1.2; +https://opensiteexplorer.org/dotbot; help@moz.com)"
216.244.66.249 - - [22/Nov/2024:12:32:47 -0800] "GET /police-dog-injured-by-brick-during-tamworth-disorder/ HTTP/1.0" 200 - "-" "Mozilla/5.0 (compatible; DotBot/1.2; +https://opensiteexplorer.org/dotbot; help@moz.com)"
208.92.218.66 - - [22/Nov/2024:12:32:48 -0800] "GET /feed/ HTTP/1.0" 200 - "-" "Mozilla/5.0 (Windows NT 10.0; Win64; x64) AppleWebKit/537.36 (KHTML, like Gecko) Chrome/70.0.3538.102 Safari/537.36"
207.46.13.229 - - [22/Nov/2024:12:33:02 -0800] "GET /robots.txt HTTP/1.0" 200 71 "-" "Mozilla/5.0 AppleWebKit/537.36 (KHTML, like Gecko; compatible; bingbot/2.0; +http://www.bing.com/bingbot.htm) Chrome/116.0.1938.76 Safari/537.36"
52.167.144.215 - - [22/Nov/2024:12:33:08 -0800] "GET /africas-week-in-pictures-26-july-1-august-2024/ HTTP/1.0" 200 - "-" "Mozilla/5.0 AppleWebKit/537.36 (KHTML, like Gecko; compatible; bingbot/2.0; +http://www.bing.com/bingbot.htm) Chrome/116.0.1938.76 Safari/537.36"
57.141.0.27 - - [22/Nov/2024:12:33:13 -0800] "GET /lakers-lebron-james-mad-he-doesnt-play-with-mavericks-kyrie-irving-anymore/ HTTP/1.0" 200 - "-" "meta-externalagent/1.1 (+https://developers.facebook.com/docs/sharing/webmasters/crawler)"
208.92.218.66 - - [22/Nov/2024:12:33:40 -0800] "GET /feed/ HTTP/1.0" 200 - "-" "Mozilla/5.0 (Windows NT 10.0; Win64; x64) AppleWebKit/537.36 (KHTML, like Gecko) Chrome/70.0.3538.102 Safari/537.36"
216.244.66.249 - - [22/Nov/2024:12:34:26 -0800] "GET /afg-vs-ban-twitter-reels-as-mirazs-miscalculated-call-spells-disaster-for-zakir-hasan-in-a-run-out-mishap/ HTTP/1.0" 200 - "-" "Mozilla/5.0 (compatible; DotBot/1.2; +https://opensiteexplorer.org/dotbot; help@moz.com)"
57.141.0.25 - - [22/Nov/2024:12:34:47 -0800] "GET /wp-json/wp/v2/posts/31549 HTTP/1.0" 200 - "-" "meta-externalagent/1.1 (+https://developers.facebook.com/docs/sharing/webmasters/crawler)"
17.241.219.57 - - [22/Nov/2024:12:34:54 -0800] "GET /uefa-euro-2024-scores-results-highlights-cody-gakpo-shines-as-netherlands-reach-quarterfinals/ HTTP/1.0" 200 - "-" "Mozilla/5.0 (Macintosh; Intel Mac OS X 10_15_7) AppleWebKit/605.1.15 (KHTML, like Gecko) Version/17.4 Safari/605.1.15 (Applebot/0.1; +http://www.apple.com/go/applebot)"
57.141.0.3 - - [22/Nov/2024:12:34:56 -0800] "GET /wp-json/oembed/1.0/embed?url=https%3A%2F%2Flive2news.com%2Fmargot-robbies-reaction-to-naked-john-cena-at-oscars-goes-viral%2F HTTP/1.0" 200 - "-" "meta-externalagent/1.1 (+https://developers.facebook.com/docs/sharing/webmasters/crawler)"
114.119.137.184 - - [22/Nov/2024:12:35:00 -0800] "GET /googles-ai-powered-search-generative-experience-could-be-available-behind-a-paywall-report/ HTTP/1.0" 200 - "https://live2news.com/poor-resale-values-of-evs-are-a-problem-for-the-industry-warn-experts/" "Mozilla/5.0 (Linux; Android 7.0;) AppleWebKit/537.36 (KHTML, like Gecko) Mobile Safari/537.36 (compatible; PetalBot;+https://webmaster.petalsearch.com/site/petalbot)"
216.244.66.249 - - [22/Nov/2024:12:35:05 -0800] "GET /tom-cruise-planning-dramatic-olympics-closing-ceremony-stunt/ HTTP/1.0" 200 - "-" "Mozilla/5.0 (compatible; DotBot/1.2; +https://opensiteexplorer.org/dotbot; help@moz.com)"
208.92.218.66 - - [22/Nov/2024:12:35:29 -0800] "GET /feed/ HTTP/1.0" 200 - "-" "Mozilla/5.0 (Windows NT 10.0; Win64; x64) AppleWebKit/537.36 (KHTML, like Gecko) Chrome/70.0.3538.102 Safari/537.36"
57.141.0.16 - - [22/Nov/2024:12:35:33 -0800] "GET /?p=168986 HTTP/1.0" 200 - "-" "meta-externalagent/1.1 (+https://developers.facebook.com/docs/sharing/webmasters/crawler)"
209.182.200.39 - - [22/Nov/2024:12:36:57 -0800] "POST /wp-cron.php?doing_wp_cron=1732307817.1908459663391113281250 HTTP/1.0" 200 - "-" "WordPress/6.6.2; https://live2news.com"
209.182.200.39 - - [22/Nov/2024:12:36:57 -0800] "GET /wp-content/themes/newscore/assets/images/login-logo.png HTTP/1.0" 200 5193 "-" "-"
57.141.0.5 - - [22/Nov/2024:12:36:52 -0800] "GET /wp-login.php?redirect_to=https%3A%2F%2Flive2news.com%2Fburnley-vs-brentford-predicted-lineups-premier-league%2F HTTP/1.0" 200 7026 "-" "meta-externalagent/1.1 (+https://developers.facebook.com/docs/sharing/webmasters/crawler)"
209.182.200.39 - - [22/Nov/2024:12:37:00 -0800] "GET /sitemap_index.xml HTTP/1.0" 200 161703 "-" "WordPress/6.6.2; https://live2news.com"
192.0.86.182 - - [22/Nov/2024:12:38:02 -0800] "GET /?rest_route=%2Fjetpack%2Fv4%2Fsync%2Fstatus&_for=jetpack&token=DKSa%40K2fjjc%40bMn%2AWKSgtdbi4n%25MRjIO%3A1%3A0&timestamp=1732307881&nonce=yZBJd7auo0&body-hash&signature=JN%2Bv3jQB3wrQwnzmUxzS9nrgYPk%3D HTTP/1.0" 200 - "https://live2news.com/?rest_route=%2Fjetpack%2Fv4%2Fsync%2Fstatus&_for=jetpack&token=DKSa%40K2fjjc%40bMn%2AWKSgtdbi4n%25MRjIO%3A1%3A0&timestamp=1732307881&nonce=yZBJd7auo0&body-hash&signature=JN%2Bv3jQB3wrQwnzmUxzS9nrgYPk%3D" "Jetpack by WordPress.com"
57.141.0.17 - - [22/Nov/2024:12:38:22 -0800] "GET /bellingham-role-model-to-children-djokovic/ HTTP/1.0" 200 - "-" "meta-externalagent/1.1 (+https://developers.facebook.com/docs/sharing/webmasters/crawler)"
57.141.0.9 - - [22/Nov/2024:12:38:38 -0800] "GET /?p=37550 HTTP/1.0" 200 - "-" "meta-externalagent/1.1 (+https://developers.facebook.com/docs/sharing/webmasters/crawler)"
208.92.218.66 - - [22/Nov/2024:12:38:49 -0800] "GET /feed/ HTTP/1.0" 200 - "-" "Mozilla/5.0 (Windows NT 10.0; Win64; x64) AppleWebKit/537.36 (KHTML, like Gecko) Chrome/70.0.3538.102 Safari/537.36"
208.92.218.66 - - [22/Nov/2024:12:39:14 -0800] "GET /feed/ HTTP/1.0" 200 - "-" "Mozilla/5.0 (Windows NT 10.0; Win64; x64) AppleWebKit/537.36 (KHTML, like Gecko) Chrome/70.0.3538.102 Safari/537.36"
216.244.66.249 - - [22/Nov/2024:12:39:39 -0800] "GET /category/breaking-news/page/279/ HTTP/1.0" 200 - "-" "Mozilla/5.0 (compatible; DotBot/1.2; +https://opensiteexplorer.org/dotbot; help@moz.com)"
216.244.66.249 - - [22/Nov/2024:12:39:40 -0800] "GET /category/sports/page/380/ HTTP/1.0" 200 - "-" "Mozilla/5.0 (compatible; DotBot/1.2; +https://opensiteexplorer.org/dotbot; help@moz.com)"
216.244.66.249 - - [22/Nov/2024:12:39:44 -0800] "GET /saskatchewan-roughriders-rookie-camp-kicks-off-in-saskatoon/ HTTP/1.0" 200 - "-" "Mozilla/5.0 (compatible; DotBot/1.2; +https://opensiteexplorer.org/dotbot; help@moz.com)"
208.92.218.66 - - [22/Nov/2024:12:40:03 -0800] "GET /feed/ HTTP/1.0" 200 - "-" "Mozilla/5.0 (Windows NT 10.0; Win64; x64) AppleWebKit/537.36 (KHTML, like Gecko) Chrome/70.0.3538.102 Safari/537.36"
208.92.218.66 - - [22/Nov/2024:12:40:21 -0800] "GET /feed/ HTTP/1.0" 200 - "-" "Mozilla/5.0 (Windows NT 10.0; Win64; x64) AppleWebKit/537.36 (KHTML, like Gecko) Chrome/70.0.3538.102 Safari/537.36"
216.244.66.249 - - [22/Nov/2024:12:40:43 -0800] "GET /amazon-great-summer-sale-top-deals-on-large-appliances/ HTTP/1.0" 200 - "-" "Mozilla/5.0 (compatible; DotBot/1.2; +https://opensiteexplorer.org/dotbot; help@moz.com)"
216.244.66.249 - - [22/Nov/2024:12:40:44 -0800] "GET /can-you-visit-diddly-squat-clarksons-farm-and-cotswolds-farm-shop-location-2/ HTTP/1.0" 200 - "-" "Mozilla/5.0 (compatible; DotBot/1.2; +https://opensiteexplorer.org/dotbot; help@moz.com)"
216.244.66.249 - - [22/Nov/2024:12:40:46 -0800] "GET /former-ford-staffer-cuts-ties-with-town-after-lobbying-plan-used-to-embarrass-government/ HTTP/1.0" 200 - "-" "Mozilla/5.0 (compatible; DotBot/1.2; +https://opensiteexplorer.org/dotbot; help@moz.com)"
208.92.218.66 - - [22/Nov/2024:12:42:05 -0800] "GET /feed/ HTTP/1.0" 200 - "-" "Mozilla/5.0 (Windows NT 10.0; Win64; x64) AppleWebKit/537.36 (KHTML, like Gecko) Chrome/70.0.3538.102 Safari/537.36"
17.241.219.155 - - [22/Nov/2024:12:42:18 -0800] "GET /julie-andrews-leaving-bridgerton-after-season-3/ HTTP/1.0" 200 - "-" "Mozilla/5.0 (Macintosh; Intel Mac OS X 10_15_7) AppleWebKit/605.1.15 (KHTML, like Gecko) Version/17.4 Safari/605.1.15 (Applebot/0.1; +http://www.apple.com/go/applebot)"
114.119.160.248 - - [22/Nov/2024:12:42:32 -0800] "GET /author/brody_langager/ HTTP/1.0" 200 - "https://live2news.com/voters-still-favour-sask-party-over-ndp-although-approval-drops-poll-finds/" "Mozilla/5.0 (Linux; Android 7.0;) AppleWebKit/537.36 (KHTML, like Gecko) Mobile Safari/537.36 (compatible; PetalBot;+https://webmaster.petalsearch.com/site/petalbot)"
209.182.200.39 - - [22/Nov/2024:12:43:10 -0800] "POST /wp-cron.php?doing_wp_cron=1732308190.2354519367218017578125 HTTP/1.0" 200 - "-" "WordPress/6.6.2; https://live2news.com"
209.182.200.39 - - [22/Nov/2024:12:43:10 -0800] "GET /wp-content/themes/newscore/assets/images/login-logo.png HTTP/1.0" 200 5193 "-" "-"
57.141.0.10 - - [22/Nov/2024:12:43:08 -0800] "GET /wp-login.php?redirect_to=https%3A%2F%2Flive2news.com%2Four-husbands-were-killed-by-silica-dust-inhaled-at-work%2F HTTP/1.0" 200 7028 "-" "meta-externalagent/1.1 (+https://developers.facebook.com/docs/sharing/webmasters/crawler)"
208.92.218.66 - - [22/Nov/2024:12:43:19 -0800] "GET /feed/ HTTP/1.0" 200 - "-" "Mozilla/5.0 (Windows NT 10.0; Win64; x64) AppleWebKit/537.36 (KHTML, like Gecko) Chrome/70.0.3538.102 Safari/537.36"
57.141.0.5 - - [22/Nov/2024:12:43:24 -0800] "GET /wp-json/wp/v2/posts/53704 HTTP/1.0" 200 - "-" "meta-externalagent/1.1 (+https://developers.facebook.com/docs/sharing/webmasters/crawler)"
57.141.0.21 - - [22/Nov/2024:12:43:31 -0800] "GET /?p=172255 HTTP/1.0" 200 - "-" "meta-externalagent/1.1 (+https://developers.facebook.com/docs/sharing/webmasters/crawler)"
114.119.151.179 - - [22/Nov/2024:12:43:50 -0800] "GET /apple-patent-envisions-iphone-featuring-touch-bar-like-panel-on-edges-with-virtual-buttons/ HTTP/1.0" 200 - "https://live2news.com/metro-vancouver-emergency-dispatch-services-down-computer-outage-bc/" "Mozilla/5.0 (Linux; Android 7.0;) AppleWebKit/537.36 (KHTML, like Gecko) Mobile Safari/537.36 (compatible; PetalBot;+https://webmaster.petalsearch.com/site/petalbot)"
57.141.0.12 - - [22/Nov/2024:12:43:57 -0800] "GET /wp-json/oembed/1.0/embed?url=https%3A%2F%2Flive2news.com%2Fofficer-speaks-out-over-2005-shooting%2F HTTP/1.0" 200 - "-" "meta-externalagent/1.1 (+https://developers.facebook.com/docs/sharing/webmasters/crawler)"
114.119.155.64 - - [22/Nov/2024:12:45:15 -0800] "GET /author/admin2/page/1/ HTTP/1.0" 200 - "https://live2news.com/author/admin2/page/6/" "Mozilla/5.0 (Linux; Android 7.0;) AppleWebKit/537.36 (KHTML, like Gecko) Mobile Safari/537.36 (compatible; PetalBot;+https://webmaster.petalsearch.com/site/petalbot)"
57.141.0.10 - - [22/Nov/2024:12:45:15 -0800] "GET /wp-json/oembed/1.0/embed?url=https%3A%2F%2Flive2news.com%2Freal-madrid-potential-line-up-against-elche%2F HTTP/1.0" 200 - "-" "meta-externalagent/1.1 (+https://developers.facebook.com/docs/sharing/webmasters/crawler)"
209.182.200.39 - - [22/Nov/2024:12:45:29 -0800] "POST /wp-cron.php?doing_wp_cron=1732308329.2029919624328613281250 HTTP/1.0" 403 228 "-" "WordPress/6.6.2; https://live2news.com"
209.182.200.39 - - [22/Nov/2024:12:45:29 -0800] "GET /wp-content/themes/newscore/assets/images/login-logo.png HTTP/1.0" 200 5193 "-" "-"
57.141.0.20 - - [22/Nov/2024:12:45:26 -0800] "GET /wp-login.php?redirect_to=https%3A%2F%2Flive2news.com%2Fbarcelona-wage-bill-dilemma-underlined-as-la-liga-publish-sa%2F HTTP/1.0" 200 7033 "-" "meta-externalagent/1.1 (+https://developers.facebook.com/docs/sharing/webmasters/crawler)"
185.191.171.16 - - [22/Nov/2024:12:45:29 -0800] "GET /nfl-best-bets-3-favorite-picks-against-the-spread-for-week-8/ HTTP/1.0" 200 - "-" "Mozilla/5.0 (compatible; SemrushBot/7~bl; +http://www.semrush.com/bot.html)"
57.141.0.8 - - [22/Nov/2024:12:46:12 -0800] "GET /wp-json/oembed/1.0/embed?url=https%3A%2F%2Flive2news.com%2Ffinal-suspect-arrested-in-connection-with-death-of-missing-woman-winnipeg-police-winnipeg%2F HTTP/1.0" 200 - "-" "meta-externalagent/1.1 (+https://developers.facebook.com/docs/sharing/webmasters/crawler)"
209.182.200.39 - - [22/Nov/2024:12:46:22 -0800] "GET /wp-content/themes/newscore/assets/images/login-logo.png HTTP/1.0" 200 5193 "-" "-"
57.141.0.13 - - [22/Nov/2024:12:46:20 -0800] "GET /wp-login.php?redirect_to=https%3A%2F%2Flive2news.com%2Fjudge-rules-california-prison-called-rape-club-needs-oversight%2F HTTP/1.0" 200 7035 "-" "meta-externalagent/1.1 (+https://developers.facebook.com/docs/sharing/webmasters/crawler)"
43.135.134.127 - - [22/Nov/2024:12:48:25 -0800] "GET / HTTP/1.0" 200 - "-" "Mozilla/5.0 (iPhone; CPU iPhone OS 13_2_3 like Mac OS X) AppleWebKit/605.1.15 (KHTML, like Gecko) Version/13.0.3 Mobile/15E148 Safari/604.1"
57.141.0.17 - - [22/Nov/2024:12:48:37 -0800] "GET /wp-json/wp/v2/posts/170084 HTTP/1.0" 200 - "-" "meta-externalagent/1.1 (+https://developers.facebook.com/docs/sharing/webmasters/crawler)"
208.92.218.66 - - [22/Nov/2024:12:48:39 -0800] "GET /feed/ HTTP/1.0" 200 - "-" "Mozilla/5.0 (Windows NT 10.0; Win64; x64) AppleWebKit/537.36 (KHTML, like Gecko) Chrome/70.0.3538.102 Safari/537.36"
208.92.218.66 - - [22/Nov/2024:12:49:19 -0800] "GET /feed/ HTTP/1.0" 200 - "-" "Mozilla/5.0 (Windows NT 10.0; Win64; x64) AppleWebKit/537.36 (KHTML, like Gecko) Chrome/70.0.3538.102 Safari/537.36"
57.141.0.22 - - [22/Nov/2024:12:49:49 -0800] "GET /indonesias-central-bank-delivers-surprise-rate-hike-to-support-rupiah/ HTTP/1.0" 200 - "-" "meta-externalagent/1.1 (+https://developers.facebook.com/docs/sharing/webmasters/crawler)"
57.141.0.5 - - [22/Nov/2024:12:50:04 -0800] "GET /wp-json/oembed/1.0/embed?url=https%3A%2F%2Flive2news.com%2Fbn-fight-facts-oscar-valdez-gets-back-on-track-with-stoppage-win-against-liam-wilson%2F HTTP/1.0" 200 - "-" "meta-externalagent/1.1 (+https://developers.facebook.com/docs/sharing/webmasters/crawler)"
208.92.218.66 - - [22/Nov/2024:12:50:39 -0800] "GET /feed/ HTTP/1.0" 200 - "-" "Mozilla/5.0 (Windows NT 10.0; Win64; x64) AppleWebKit/537.36 (KHTML, like Gecko) Chrome/70.0.3538.102 Safari/537.36"
57.141.0.18 - - [22/Nov/2024:12:51:31 -0800] "GET /wp-json/oembed/1.0/embed?url=https%3A%2F%2Flive2news.com%2Fmilei-says-argentina-entering-its-best-moment-in-the-last-100-years-mercopress%2F HTTP/1.0" 200 - "-" "meta-externalagent/1.1 (+https://developers.facebook.com/docs/sharing/webmasters/crawler)"
208.92.218.66 - - [22/Nov/2024:12:52:01 -0800] "GET /feed/ HTTP/1.0" 200 - "-" "Mozilla/5.0 (Windows NT 10.0; Win64; x64) AppleWebKit/537.36 (KHTML, like Gecko) Chrome/70.0.3538.102 Safari/537.36"
208.92.218.66 - - [22/Nov/2024:12:52:29 -0800] "GET /feed/ HTTP/1.0" 200 - "-" "Mozilla/5.0 (Windows NT 10.0; Win64; x64) AppleWebKit/537.36 (KHTML, like Gecko) Chrome/70.0.3538.102 Safari/537.36"
208.92.218.66 - - [22/Nov/2024:12:52:46 -0800] "GET /feed/ HTTP/1.0" 200 - "-" "Mozilla/5.0 (Windows NT 10.0; Win64; x64) AppleWebKit/537.36 (KHTML, like Gecko) Chrome/70.0.3538.102 Safari/537.36"
57.141.0.5 - - [22/Nov/2024:12:53:03 -0800] "GET /wp-json/wp/v2/posts/46725 HTTP/1.0" 200 - "-" "meta-externalagent/1.1 (+https://developers.facebook.com/docs/sharing/webmasters/crawler)"
208.92.218.66 - - [22/Nov/2024:12:53:33 -0800] "GET /feed/ HTTP/1.0" 200 - "-" "Mozilla/5.0 (Windows NT 10.0; Win64; x64) AppleWebKit/537.36 (KHTML, like Gecko) Chrome/70.0.3538.102 Safari/537.36"
209.182.200.39 - - [22/Nov/2024:12:53:42 -0800] "POST /wp-cron.php?doing_wp_cron=1732308822.1631689071655273437500 HTTP/1.0" 403 228 "-" "WordPress/6.6.2; https://live2news.com"
209.182.200.39 - - [22/Nov/2024:12:53:42 -0800] "GET /wp-content/themes/newscore/assets/images/login-logo.png HTTP/1.0" 200 5193 "-" "-"
57.141.0.2 - - [22/Nov/2024:12:53:40 -0800] "GET /wp-login.php?redirect_to=https%3A%2F%2Flive2news.com%2Fwhy-did-kamala-lose-blame-joe-biden-and-the-democratic-party-opinion%2F HTTP/1.0" 200 7041 "-" "meta-externalagent/1.1 (+https://developers.facebook.com/docs/sharing/webmasters/crawler)"
208.92.218.66 - - [22/Nov/2024:12:53:52 -0800] "GET /feed/ HTTP/1.0" 200 - "-" "Mozilla/5.0 (Windows NT 10.0; Win64; x64) AppleWebKit/537.36 (KHTML, like Gecko) Chrome/70.0.3538.102 Safari/537.36"
57.141.0.17 - - [22/Nov/2024:12:54:46 -0800] "GET /wp-json/wp/v2/posts/33030 HTTP/1.0" 200 - "-" "meta-externalagent/1.1 (+https://developers.facebook.com/docs/sharing/webmasters/crawler)"
208.92.218.66 - - [22/Nov/2024:12:54:48 -0800] "GET /feed/ HTTP/1.0" 200 - "-" "Mozilla/5.0 (Windows NT 10.0; Win64; x64) AppleWebKit/537.36 (KHTML, like Gecko) Chrome/70.0.3538.102 Safari/537.36"
208.92.218.66 - - [22/Nov/2024:12:54:52 -0800] "GET /feed/ HTTP/1.0" 200 - "-" "Mozilla/5.0 (Windows NT 10.0; Win64; x64) AppleWebKit/537.36 (KHTML, like Gecko) Chrome/70.0.3538.102 Safari/537.36"
85.208.96.202 - - [22/Nov/2024:12:55:03 -0800] "GET /kaulig-racing-confirms-immediate-replacement-of-key-team-member/ HTTP/1.0" 200 - "-" "Mozilla/5.0 (compatible; SemrushBot/7~bl; +http://www.semrush.com/bot.html)"
208.92.218.66 - - [22/Nov/2024:12:55:24 -0800] "GET /feed/ HTTP/1.0" 200 - "-" "Mozilla/5.0 (Windows NT 10.0; Win64; x64) AppleWebKit/537.36 (KHTML, like Gecko) Chrome/70.0.3538.102 Safari/537.36"
114.119.132.18 - - [22/Nov/2024:12:55:36 -0800] "GET /howard-webb-backs-var-over-liverpool-man-city-penalty-controversy/ HTTP/1.0" 200 - "https://live2news.com/who-is-the-best-player-wayne-rooney-played-with-at-man-utd/" "Mozilla/5.0 (Linux; Android 7.0;) AppleWebKit/537.36 (KHTML, like Gecko) Mobile Safari/537.36 (compatible; PetalBot;+https://webmaster.petalsearch.com/site/petalbot)"
208.92.218.66 - - [22/Nov/2024:12:55:41 -0800] "GET /feed/ HTTP/1.0" 200 - "-" "Mozilla/5.0 (Windows NT 10.0; Win64; x64) AppleWebKit/537.36 (KHTML, like Gecko) Chrome/70.0.3538.102 Safari/537.36"
114.119.141.201 - - [22/Nov/2024:12:57:01 -0800] "GET /how-bayern-could-line-up-in-bundesliga-opener-v-schalke/ HTTP/1.0" 200 - "https://live2news.com/top-5-spring-cleaning-mistakes-and-how-to-avoid-them-national/" "Mozilla/5.0 (Linux; Android 7.0;) AppleWebKit/537.36 (KHTML, like Gecko) Mobile Safari/537.36 (compatible; PetalBot;+https://webmaster.petalsearch.com/site/petalbot)"
208.92.218.66 - - [22/Nov/2024:12:57:32 -0800] "GET /feed/ HTTP/1.0" 200 - "-" "Mozilla/5.0 (Windows NT 10.0; Win64; x64) AppleWebKit/537.36 (KHTML, like Gecko) Chrome/70.0.3538.102 Safari/537.36"
57.141.0.11 - - [22/Nov/2024:12:57:33 -0800] "GET /wp-json/oembed/1.0/embed?url=https%3A%2F%2Flive2news.com%2Fjpmorgans-favorite-stock-picks-heading-into-november%2F HTTP/1.0" 200 - "-" "meta-externalagent/1.1 (+https://developers.facebook.com/docs/sharing/webmasters/crawler)"
114.119.137.184 - - [22/Nov/2024:12:58:23 -0800] "GET /aquatics-gb-swimming-championships-duncan-scott-records-olympic-qualifying-time-with-second-in-100m-freestyle/ HTTP/1.0" 200 - "https://live2news.com/player-rating-and-performance-v-shakhtar/" "Mozilla/5.0 (Linux; Android 7.0;) AppleWebKit/537.36 (KHTML, like Gecko) Mobile Safari/537.36 (compatible; PetalBot;+https://webmaster.petalsearch.com/site/petalbot)"
208.92.218.66 - - [22/Nov/2024:12:58:29 -0800] "GET /feed/ HTTP/1.0" 200 - "-" "Mozilla/5.0 (Windows NT 10.0; Win64; x64) AppleWebKit/537.36 (KHTML, like Gecko) Chrome/70.0.3538.102 Safari/537.36"
57.141.0.18 - - [22/Nov/2024:12:58:31 -0800] "GET /wp-json/wp/v2/posts/170464 HTTP/1.0" 200 - "-" "meta-externalagent/1.1 (+https://developers.facebook.com/docs/sharing/webmasters/crawler)"
208.92.218.66 - - [22/Nov/2024:12:58:34 -0800] "GET /feed/ HTTP/1.0" 200 - "-" "Mozilla/5.0 (Windows NT 10.0; Win64; x64) AppleWebKit/537.36 (KHTML, like Gecko) Chrome/70.0.3538.102 Safari/537.36"
57.141.0.16 - - [22/Nov/2024:12:59:41 -0800] "GET /mcareavey-chant-man-given-community-service/ HTTP/1.0" 200 - "-" "meta-externalagent/1.1 (+https://developers.facebook.com/docs/sharing/webmasters/crawler)"
114.119.141.217 - - [22/Nov/2024:12:59:47 -0800] "GET /atletico-madrid-vs-real-sociedad-2-1-may-12-2021-match-preview-and-stats/ HTTP/1.0" 200 - "https://live2news.com/incredibly-lucky-man-survives-parachute-failure/" "Mozilla/5.0 (Linux; Android 7.0;) AppleWebKit/537.36 (KHTML, like Gecko) Mobile Safari/537.36 (compatible; PetalBot;+https://webmaster.petalsearch.com/site/petalbot)"
57.141.0.17 - - [22/Nov/2024:12:59:53 -0800] "GET /psychiatric-patients-denied-period-products-for-safety-reasons/ HTTP/1.0" 200 - "-" "meta-externalagent/1.1 (+https://developers.facebook.com/docs/sharing/webmasters/crawler)"
208.92.218.66 - - [22/Nov/2024:12:59:55 -0800] "GET /feed/ HTTP/1.0" 200 - "-" "Mozilla/5.0 (Windows NT 10.0; Win64; x64) AppleWebKit/537.36 (KHTML, like Gecko) Chrome/70.0.3538.102 Safari/537.36"
57.141.0.30 - - [22/Nov/2024:13:00:37 -0800] "GET /uss-george-washington-arrives-in-rio-de-janeiro-mercopress/ HTTP/1.0" 200 - "-" "meta-externalagent/1.1 (+https://developers.facebook.com/docs/sharing/webmasters/crawler)"
114.119.137.184 - - [22/Nov/2024:13:01:10 -0800] "GET /1-dead-2-wounded-when-man-opens-fire-at-el-cajon-dental-office/ HTTP/1.0" 200 - "https://live2news.com/tributes-pour-in-for-beloved-espn-nfl-reporter/" "Mozilla/5.0 (Linux; Android 7.0;) AppleWebKit/537.36 (KHTML, like Gecko) Mobile Safari/537.36 (compatible; PetalBot;+https://webmaster.petalsearch.com/site/petalbot)"
57.141.0.15 - - [22/Nov/2024:13:01:38 -0800] "GET /?p=169941 HTTP/1.0" 200 - "-" "meta-externalagent/1.1 (+https://developers.facebook.com/docs/sharing/webmasters/crawler)"
57.141.0.13 - - [22/Nov/2024:13:02:11 -0800] "GET /?p=170363 HTTP/1.0" 200 - "-" "meta-externalagent/1.1 (+https://developers.facebook.com/docs/sharing/webmasters/crawler)"
57.141.0.1 - - [22/Nov/2024:13:03:42 -0800] "GET /wp-json/oembed/1.0/embed?url=https%3A%2F%2Flive2news.com%2Finside-cardinals-rookie-marvin-harrison-jr-s-work-ethic%2F HTTP/1.0" 200 - "-" "meta-externalagent/1.1 (+https://developers.facebook.com/docs/sharing/webmasters/crawler)"
208.92.218.66 - - [22/Nov/2024:13:04:22 -0800] "GET /feed/ HTTP/1.0" 200 - "-" "Mozilla/5.0 (Windows NT 10.0; Win64; x64) AppleWebKit/537.36 (KHTML, like Gecko) Chrome/70.0.3538.102 Safari/537.36"
208.92.218.66 - - [22/Nov/2024:13:04:46 -0800] "GET /feed/ HTTP/1.0" 200 - "-" "Mozilla/5.0 (Windows NT 10.0; Win64; x64) AppleWebKit/537.36 (KHTML, like Gecko) Chrome/70.0.3538.102 Safari/537.36"
57.141.0.28 - - [22/Nov/2024:13:04:55 -0800] "GET /wp-json/wp/v2/posts/21312 HTTP/1.0" 200 - "-" "meta-externalagent/1.1 (+https://developers.facebook.com/docs/sharing/webmasters/crawler)"
208.92.218.66 - - [22/Nov/2024:13:05:08 -0800] "GET /feed/ HTTP/1.0" 200 - "-" "Mozilla/5.0 (Windows NT 10.0; Win64; x64) AppleWebKit/537.36 (KHTML, like Gecko) Chrome/70.0.3538.102 Safari/537.36"
208.92.218.66 - - [22/Nov/2024:13:06:15 -0800] "GET /feed/ HTTP/1.0" 200 - "-" "Mozilla/5.0 (Windows NT 10.0; Win64; x64) AppleWebKit/537.36 (KHTML, like Gecko) Chrome/70.0.3538.102 Safari/537.36"
57.141.0.10 - - [22/Nov/2024:13:07:09 -0800] "GET /wp-json/oembed/1.0/embed?url=https%3A%2F%2Flive2news.com%2Fkate-middleton-impersonator-responds-to-body-double-rumor%2F HTTP/1.0" 200 - "-" "meta-externalagent/1.1 (+https://developers.facebook.com/docs/sharing/webmasters/crawler)"
208.92.218.66 - - [22/Nov/2024:13:07:11 -0800] "GET /feed/ HTTP/1.0" 200 - "-" "Mozilla/5.0 (Windows NT 10.0; Win64; x64) AppleWebKit/537.36 (KHTML, like Gecko) Chrome/70.0.3538.102 Safari/537.36"
57.141.0.2 - - [22/Nov/2024:13:08:05 -0800] "GET /irish-man-suspected-of-killing-us-nurse-arrested-in-hungary/ HTTP/1.0" 200 - "-" "meta-externalagent/1.1 (+https://developers.facebook.com/docs/sharing/webmasters/crawler)"
216.244.66.249 - - [22/Nov/2024:13:08:36 -0800] "GET /robots.txt HTTP/1.0" 200 66 "-" "Mozilla/5.0 (compatible; DotBot/1.2; +https://opensiteexplorer.org/dotbot; help@moz.com)"
57.141.0.17 - - [22/Nov/2024:13:09:55 -0800] "GET /wp-json/wp/v2/posts/36323 HTTP/1.0" 200 - "-" "meta-externalagent/1.1 (+https://developers.facebook.com/docs/sharing/webmasters/crawler)"
208.92.218.66 - - [22/Nov/2024:13:10:36 -0800] "GET /feed/ HTTP/1.0" 200 - "-" "Mozilla/5.0 (Windows NT 10.0; Win64; x64) AppleWebKit/537.36 (KHTML, like Gecko) Chrome/70.0.3538.102 Safari/537.36"
57.141.0.13 - - [22/Nov/2024:13:11:18 -0800] "GET /college-football-betting-promos-unlock-4800-in-total-bonuses-for-week-11/ HTTP/1.0" 200 - "-" "meta-externalagent/1.1 (+https://developers.facebook.com/docs/sharing/webmasters/crawler)"
57.141.0.17 - - [22/Nov/2024:13:11:28 -0800] "GET /?p=82166 HTTP/1.0" 200 - "-" "meta-externalagent/1.1 (+https://developers.facebook.com/docs/sharing/webmasters/crawler)"
57.141.0.23 - - [22/Nov/2024:13:11:29 -0800] "GET /?p=30161 HTTP/1.0" 200 - "-" "meta-externalagent/1.1 (+https://developers.facebook.com/docs/sharing/webmasters/crawler)"
57.141.0.17 - - [22/Nov/2024:13:11:58 -0800] "GET /?p=172016 HTTP/1.0" 200 - "-" "meta-externalagent/1.1 (+https://developers.facebook.com/docs/sharing/webmasters/crawler)"
57.141.0.30 - - [22/Nov/2024:13:12:07 -0800] "GET /wp-json/oembed/1.0/embed?url=https%3A%2F%2Flive2news.com%2Fhmp-garth-like-an-airport-as-illegal-drones-fly-in-drugs%2F HTTP/1.0" 200 - "-" "meta-externalagent/1.1 (+https://developers.facebook.com/docs/sharing/webmasters/crawler)"
57.141.0.30 - - [22/Nov/2024:13:12:09 -0800] "GET /?p=38348 HTTP/1.0" 200 - "-" "meta-externalagent/1.1 (+https://developers.facebook.com/docs/sharing/webmasters/crawler)"
208.92.218.66 - - [22/Nov/2024:13:12:21 -0800] "GET /feed/ HTTP/1.0" 200 - "-" "Mozilla/5.0 (Windows NT 10.0; Win64; x64) AppleWebKit/537.36 (KHTML, like Gecko) Chrome/70.0.3538.102 Safari/537.36"
208.92.218.66 - - [22/Nov/2024:13:12:24 -0800] "GET /feed/ HTTP/1.0" 200 - "-" "Mozilla/5.0 (Windows NT 10.0; Win64; x64) AppleWebKit/537.36 (KHTML, like Gecko) Chrome/70.0.3538.102 Safari/537.36"
216.244.66.249 - - [22/Nov/2024:13:12:53 -0800] "GET /us-jury-awards-42m-to-ex-detainees-at-iraqs-abu-ghraib/ HTTP/1.0" 200 - "-" "Mozilla/5.0 (compatible; DotBot/1.2; +https://opensiteexplorer.org/dotbot; help@moz.com)"
208.92.218.66 - - [22/Nov/2024:13:12:57 -0800] "GET /feed/ HTTP/1.0" 200 - "-" "Mozilla/5.0 (Windows NT 10.0; Win64; x64) AppleWebKit/537.36 (KHTML, like Gecko) Chrome/70.0.3538.102 Safari/537.36"
216.244.66.249 - - [22/Nov/2024:13:12:59 -0800] "GET /falklands-oil-industry-sea-lion-environmental-impact-statement-stalled-and-further-discussions-needed-mercopress/ HTTP/1.0" 200 - "-" "Mozilla/5.0 (compatible; DotBot/1.2; +https://opensiteexplorer.org/dotbot; help@moz.com)"
216.244.66.249 - - [22/Nov/2024:13:13:09 -0800] "GET /from-paris-to-the-alps-for-less-than-25-new-train-launching-for-limited-time-only-2/ HTTP/1.0" 200 - "-" "Mozilla/5.0 (compatible; DotBot/1.2; +https://opensiteexplorer.org/dotbot; help@moz.com)"
216.244.66.249 - - [22/Nov/2024:13:13:18 -0800] "GET /bitget-crypto-wallet-and-foresight-ventures-invest-20-million-in-telegram-mini-apps/ HTTP/1.0" 200 - "-" "Mozilla/5.0 (compatible; DotBot/1.2; +https://opensiteexplorer.org/dotbot; help@moz.com)"
57.141.0.5 - - [22/Nov/2024:13:13:22 -0800] "GET /?p=172301 HTTP/1.0" 200 - "-" "meta-externalagent/1.1 (+https://developers.facebook.com/docs/sharing/webmasters/crawler)"
216.244.66.249 - - [22/Nov/2024:13:13:26 -0800] "GET /meteor-lights-up-night-sky-over-parts-of-us-and-canada/ HTTP/1.0" 200 - "-" "Mozilla/5.0 (compatible; DotBot/1.2; +https://opensiteexplorer.org/dotbot; help@moz.com)"
216.244.66.249 - - [22/Nov/2024:13:13:33 -0800] "GET /stocks-news-data-and-earnings-37/ HTTP/1.0" 200 - "-" "Mozilla/5.0 (compatible; DotBot/1.2; +https://opensiteexplorer.org/dotbot; help@moz.com)"
216.244.66.249 - - [22/Nov/2024:13:13:38 -0800] "GET /bali-flights-cancelled-after-volcanic-eruption-near-holiday-spot-creates-dangerous-ash-cloud/ HTTP/1.0" 200 - "-" "Mozilla/5.0 (compatible; DotBot/1.2; +https://opensiteexplorer.org/dotbot; help@moz.com)"
216.244.66.249 - - [22/Nov/2024:13:13:43 -0800] "GET /japan-police-arrest-american-tourist-65-accused-of-defacing-one-of-tokyos-most-iconic-shrines/ HTTP/1.0" 200 - "-" "Mozilla/5.0 (compatible; DotBot/1.2; +https://opensiteexplorer.org/dotbot; help@moz.com)"
57.141.0.5 - - [22/Nov/2024:13:13:46 -0800] "GET /wp-json/wp/v2/posts/67549 HTTP/1.0" 200 - "-" "meta-externalagent/1.1 (+https://developers.facebook.com/docs/sharing/webmasters/crawler)"
216.244.66.249 - - [22/Nov/2024:13:13:47 -0800] "GET /shell-wins-appeal-against-dutch-climate-ruling-to-slash-emissions/ HTTP/1.0" 200 - "-" "Mozilla/5.0 (compatible; DotBot/1.2; +https://opensiteexplorer.org/dotbot; help@moz.com)"
57.141.0.2 - - [22/Nov/2024:13:13:48 -0800] "GET /significant-arrest-after-chop-shop-inquiry-raid/ HTTP/1.0" 200 - "-" "meta-externalagent/1.1 (+https://developers.facebook.com/docs/sharing/webmasters/crawler)"
216.244.66.249 - - [22/Nov/2024:13:13:51 -0800] "GET /gilberto-zurdo-ramirez-a-step-too-far-for-courageous-billam-smith/ HTTP/1.0" 200 - "-" "Mozilla/5.0 (compatible; DotBot/1.2; +https://opensiteexplorer.org/dotbot; help@moz.com)"
209.182.200.39 - - [22/Nov/2024:13:13:54 -0800] "POST /wp-cron.php?doing_wp_cron=1732310034.7276899814605712890625 HTTP/1.0" 403 228 "-" "WordPress/6.6.2; https://live2news.com"
209.182.200.39 - - [22/Nov/2024:13:13:54 -0800] "GET /wp-content/themes/newscore/assets/images/login-logo.png HTTP/1.0" 200 5193 "-" "-"
57.141.0.16 - - [22/Nov/2024:13:13:53 -0800] "GET /wp-login.php?redirect_to=https%3A%2F%2Flive2news.com%2Fgavin-rossdale-59-makes-rare-appearance-with-girlfriend-35%2F HTTP/1.0" 200 7031 "-" "meta-externalagent/1.1 (+https://developers.facebook.com/docs/sharing/webmasters/crawler)"
216.244.66.249 - - [22/Nov/2024:13:13:54 -0800] "GET /how-the-vetting-process-works/ HTTP/1.0" 200 - "-" "Mozilla/5.0 (compatible; DotBot/1.2; +https://opensiteexplorer.org/dotbot; help@moz.com)"
216.244.66.249 - - [22/Nov/2024:13:13:57 -0800] "GET /celestyal-overhauls-cruise-deals-to-clear-up-passenger-confusion/ HTTP/1.0" 200 - "-" "Mozilla/5.0 (compatible; DotBot/1.2; +https://opensiteexplorer.org/dotbot; help@moz.com)"
216.244.66.249 - - [22/Nov/2024:13:14:00 -0800] "GET /australia-plans-to-ban-social-media-for-under-16s-experts-call-it-a-momentous-step/ HTTP/1.0" 200 - "-" "Mozilla/5.0 (compatible; DotBot/1.2; +https://opensiteexplorer.org/dotbot; help@moz.com)"
216.244.66.249 - - [22/Nov/2024:13:14:03 -0800] "GET /david-coote-premier-league-referee-suspended-over-alleged-anti-liverpool-video/ HTTP/1.0" 200 - "-" "Mozilla/5.0 (compatible; DotBot/1.2; +https://opensiteexplorer.org/dotbot; help@moz.com)"
216.244.66.249 - - [22/Nov/2024:13:14:06 -0800] "GET /football-news-champ-man-legends-part-11-eder-balanta/ HTTP/1.0" 200 - "-" "Mozilla/5.0 (compatible; DotBot/1.2; +https://opensiteexplorer.org/dotbot; help@moz.com)"
216.244.66.249 - - [22/Nov/2024:13:14:11 -0800] "GET /nato-fighter-jets-scrambled-as-russia-launches-massive-attack-on-ukraine/ HTTP/1.0" 200 - "-" "Mozilla/5.0 (compatible; DotBot/1.2; +https://opensiteexplorer.org/dotbot; help@moz.com)"
216.244.66.249 - - [22/Nov/2024:13:14:15 -0800] "GET /real-madrid-suffer-triple-injury-blow-in-win-over-osasuna/ HTTP/1.0" 200 - "-" "Mozilla/5.0 (compatible; DotBot/1.2; +https://opensiteexplorer.org/dotbot; help@moz.com)"
