57.141.0.30 - - [22/Nov/2024:06:35:18 -0800] "GET /wp-json/oembed/1.0/embed?url=https%3A%2F%2Flive2news.com%2Fdonald-trump-sues-george-stephanopoulos-for-defamation%2F HTTP/1.0" 200 - "-" "meta-externalagent/1.1 (+https://developers.facebook.com/docs/sharing/webmasters/crawler)"
57.141.0.3 - - [22/Nov/2024:06:35:31 -0800] "GET /wp-json/oembed/1.0/embed?url=https%3A%2F%2Flive2news.com%2Ffalkland-islands-represented-at-67th-commonwealth-parliamentary-conference-in-australia-mercopress%2F HTTP/1.0" 200 - "-" "meta-externalagent/1.1 (+https://developers.facebook.com/docs/sharing/webmasters/crawler)"
57.141.0.24 - - [22/Nov/2024:06:35:44 -0800] "GET /wp-json/wp/v2/posts/38383 HTTP/1.0" 200 - "-" "meta-externalagent/1.1 (+https://developers.facebook.com/docs/sharing/webmasters/crawler)"
216.244.66.249 - - [22/Nov/2024:06:35:57 -0800] "GET /robots.txt HTTP/1.0" 200 66 "-" "Mozilla/5.0 (compatible; DotBot/1.2; +https://opensiteexplorer.org/dotbot; help@moz.com)"
114.119.151.179 - - [22/Nov/2024:06:36:07 -0800] "GET /bakery-fined-400k-after-workers-leg-amputated/ HTTP/1.0" 200 - "https://live2news.com/metal-bands-and-dancing-feet-africas-top-shots/" "Mozilla/5.0 (Linux; Android 7.0;) AppleWebKit/537.36 (KHTML, like Gecko) Mobile Safari/537.36 (compatible; PetalBot;+https://webmaster.petalsearch.com/site/petalbot)"
57.141.0.5 - - [22/Nov/2024:06:36:32 -0800] "GET /author/b62934d11270320af2287998606edb61/ HTTP/1.0" 200 - "-" "meta-externalagent/1.1 (+https://developers.facebook.com/docs/sharing/webmasters/crawler)"
119.8.100.236 - - [22/Nov/2024:06:37:11 -0800] "GET /north-korea-compares-us-ally-to-americas-servant/ HTTP/1.0" 200 - "-" "Mozilla/5.0 (Windows NT 10.0; Win64; x64) AppleWebKit/537.36 (KHTML, like Gecko) Chrome/107.0.0.0 Safari/537.36"
208.92.218.66 - - [22/Nov/2024:06:37:22 -0800] "GET /feed/ HTTP/1.0" 200 - "-" "Mozilla/5.0 (Windows NT 10.0; Win64; x64) AppleWebKit/537.36 (KHTML, like Gecko) Chrome/70.0.3538.102 Safari/537.36"
57.141.0.16 - - [22/Nov/2024:06:37:51 -0800] "GET /wp-json/oembed/1.0/embed?url=https%3A%2F%2Flive2news.com%2Fairport-security-liquids-rule-what-is-changing%2F HTTP/1.0" 200 - "-" "meta-externalagent/1.1 (+https://developers.facebook.com/docs/sharing/webmasters/crawler)"
57.141.0.8 - - [22/Nov/2024:06:38:28 -0800] "GET /wp-json/wp/v2/posts/22289 HTTP/1.0" 200 - "-" "meta-externalagent/1.1 (+https://developers.facebook.com/docs/sharing/webmasters/crawler)"
57.141.0.1 - - [22/Nov/2024:06:38:50 -0800] "GET /wp-json/oembed/1.0/embed?url=https%3A%2F%2Flive2news.com%2Fwoman-allegedly-kidnapped-by-ex-released-after-slow-speed-chase%2F HTTP/1.0" 200 - "-" "meta-externalagent/1.1 (+https://developers.facebook.com/docs/sharing/webmasters/crawler)"
208.92.218.66 - - [22/Nov/2024:06:38:57 -0800] "GET /feed/ HTTP/1.0" 200 - "-" "Mozilla/5.0 (Windows NT 10.0; Win64; x64) AppleWebKit/537.36 (KHTML, like Gecko) Chrome/70.0.3538.102 Safari/537.36"
57.141.0.11 - - [22/Nov/2024:06:39:23 -0800] "GET /?p=169895 HTTP/1.0" 200 - "-" "meta-externalagent/1.1 (+https://developers.facebook.com/docs/sharing/webmasters/crawler)"
57.141.0.14 - - [22/Nov/2024:06:39:24 -0800] "GET /wp-json/wp/v2/posts/169873 HTTP/1.0" 200 - "-" "meta-externalagent/1.1 (+https://developers.facebook.com/docs/sharing/webmasters/crawler)"
216.244.66.249 - - [22/Nov/2024:06:39:50 -0800] "GET /jailed-eritrean-swedish-journalist-dawit-isaak-receives-rights-prize/ HTTP/1.0" 200 - "-" "Mozilla/5.0 (compatible; DotBot/1.2; +https://opensiteexplorer.org/dotbot; help@moz.com)"
216.244.66.249 - - [22/Nov/2024:06:39:55 -0800] "GET /tiktok-parent-bytedances-valuation-rises-to-about-300-billion/ HTTP/1.0" 200 - "-" "Mozilla/5.0 (compatible; DotBot/1.2; +https://opensiteexplorer.org/dotbot; help@moz.com)"
216.244.66.249 - - [22/Nov/2024:06:39:59 -0800] "GET /mali-wins-160m-in-mining-dispute-after-detaining-boss-of-australias-resolute/ HTTP/1.0" 200 - "-" "Mozilla/5.0 (compatible; DotBot/1.2; +https://opensiteexplorer.org/dotbot; help@moz.com)"
216.244.66.249 - - [22/Nov/2024:06:40:03 -0800] "GET /where-is-the-white-lotus-season-3-set-thailand-filming-locations-revealed/ HTTP/1.0" 200 - "-" "Mozilla/5.0 (compatible; DotBot/1.2; +https://opensiteexplorer.org/dotbot; help@moz.com)"
216.244.66.249 - - [22/Nov/2024:06:40:06 -0800] "GET /trump-defence-pick-paid-accuser-to-save-fox-news-job-but-denies-claim/ HTTP/1.0" 200 - "-" "Mozilla/5.0 (compatible; DotBot/1.2; +https://opensiteexplorer.org/dotbot; help@moz.com)"
216.244.66.249 - - [22/Nov/2024:06:40:09 -0800] "GET /undiscovered-gem-psychedelic-furs-and-love-my-way/ HTTP/1.0" 200 - "-" "Mozilla/5.0 (compatible; DotBot/1.2; +https://opensiteexplorer.org/dotbot; help@moz.com)"
216.244.66.249 - - [22/Nov/2024:06:40:11 -0800] "GET /what-a-republican-trifecta-means-for-trumps-second-term/ HTTP/1.0" 200 - "-" "Mozilla/5.0 (compatible; DotBot/1.2; +https://opensiteexplorer.org/dotbot; help@moz.com)"
216.244.66.249 - - [22/Nov/2024:06:40:14 -0800] "GET /elliott-calls-for-split-at-honeywell-discloses-5-billion-stake-in-conglomerate/ HTTP/1.0" 200 - "-" "Mozilla/5.0 (compatible; DotBot/1.2; +https://opensiteexplorer.org/dotbot; help@moz.com)"
216.244.66.249 - - [22/Nov/2024:06:40:15 -0800] "GET /spurs-gregg-popovich-sends-message-to-mitch-johnson-team-following-stroke-diagnosis/ HTTP/1.0" 200 - "-" "Mozilla/5.0 (compatible; DotBot/1.2; +https://opensiteexplorer.org/dotbot; help@moz.com)"
101.44.249.43 - - [22/Nov/2024:06:40:17 -0800] "GET /celtics-control-nba-finals-despite-jayson-tatums-shooting-woes/ HTTP/1.0" 200 - "-" "Mozilla/5.0 (Windows NT 10.0; Win64; x64) AppleWebKit/537.36 (KHTML, like Gecko) Chrome/104.0.0.0 Safari/537.36"
57.141.0.11 - - [22/Nov/2024:06:40:22 -0800] "GET /rising-in-the-west-creativity-in-west-kowloon-lifestyle/ HTTP/1.0" 200 - "-" "meta-externalagent/1.1 (+https://developers.facebook.com/docs/sharing/webmasters/crawler)"
216.244.66.249 - - [22/Nov/2024:06:40:24 -0800] "GET /newtownards-arson-attack-possibly-linked-to-loyalist-feud/ HTTP/1.0" 200 - "-" "Mozilla/5.0 (compatible; DotBot/1.2; +https://opensiteexplorer.org/dotbot; help@moz.com)"
216.244.66.249 - - [22/Nov/2024:06:40:34 -0800] "GET /pcb-warned-over-stubborn-champions-trophy-stance-report-says-icc-could-shift-event-to/ HTTP/1.0" 200 - "-" "Mozilla/5.0 (compatible; DotBot/1.2; +https://opensiteexplorer.org/dotbot; help@moz.com)"
57.141.0.22 - - [22/Nov/2024:06:40:38 -0800] "GET /wp-json/wp/v2/posts/170201 HTTP/1.0" 200 - "-" "meta-externalagent/1.1 (+https://developers.facebook.com/docs/sharing/webmasters/crawler)"
209.182.200.39 - - [22/Nov/2024:06:40:38 -0800] "POST /wp-cron.php?doing_wp_cron=1732286438.7074439525604248046875 HTTP/1.0" 403 228 "-" "WordPress/6.6.2; https://live2news.com"
209.182.200.39 - - [22/Nov/2024:06:40:38 -0800] "GET /wp-content/themes/newscore/assets/images/login-logo.png HTTP/1.0" 200 5193 "-" "-"
57.141.0.4 - - [22/Nov/2024:06:40:36 -0800] "GET /wp-login.php?redirect_to=https%3A%2F%2Flive2news.com%2Fwest-ham-vs-aston-villa-predictions%2F HTTP/1.0" 200 7008 "-" "meta-externalagent/1.1 (+https://developers.facebook.com/docs/sharing/webmasters/crawler)"
216.244.66.249 - - [22/Nov/2024:06:40:41 -0800] "GET /how-to-watch-duke-vs-kentucky-live-stream-college-basketball-tv-channel/ HTTP/1.0" 200 - "-" "Mozilla/5.0 (compatible; DotBot/1.2; +https://opensiteexplorer.org/dotbot; help@moz.com)"
216.244.66.249 - - [22/Nov/2024:06:40:43 -0800] "GET /man-shot-dead-after-party-named-as-curtis-green/ HTTP/1.0" 200 - "-" "Mozilla/5.0 (compatible; DotBot/1.2; +https://opensiteexplorer.org/dotbot; help@moz.com)"
216.244.66.249 - - [22/Nov/2024:06:40:44 -0800] "GET /reservoir-expansion-project-to-boost-california-water-supply/ HTTP/1.0" 200 - "-" "Mozilla/5.0 (compatible; DotBot/1.2; +https://opensiteexplorer.org/dotbot; help@moz.com)"
216.244.66.249 - - [22/Nov/2024:06:40:47 -0800] "GET /ex-monaco-striker-wissam-ben-yedder-sentenced-to-two-year-suspended-prison-term-for-sexual-assault/ HTTP/1.0" 200 - "-" "Mozilla/5.0 (compatible; DotBot/1.2; +https://opensiteexplorer.org/dotbot; help@moz.com)"
216.244.66.249 - - [22/Nov/2024:06:40:51 -0800] "GET /corpse-flower-scientists-reveal-the-secrets-of-the-worlds-smelliest-plant/ HTTP/1.0" 200 - "-" "Mozilla/5.0 (compatible; DotBot/1.2; +https://opensiteexplorer.org/dotbot; help@moz.com)"
216.244.66.249 - - [22/Nov/2024:06:40:52 -0800] "GET /german-consul-in-asuncion-killed-in-multiple-car-crash-mercopress/ HTTP/1.0" 200 - "-" "Mozilla/5.0 (compatible; DotBot/1.2; +https://opensiteexplorer.org/dotbot; help@moz.com)"
216.244.66.249 - - [22/Nov/2024:06:40:55 -0800] "GET /west-indies-vs-england-hosts-pull-off-stunning-chase-of-219-to-win-fourth-t20/ HTTP/1.0" 200 - "-" "Mozilla/5.0 (compatible; DotBot/1.2; +https://opensiteexplorer.org/dotbot; help@moz.com)"
216.244.66.249 - - [22/Nov/2024:06:41:01 -0800] "GET /jasprit-bumrah-captaincy-record-in-all-formats/ HTTP/1.0" 200 - "-" "Mozilla/5.0 (compatible; DotBot/1.2; +https://opensiteexplorer.org/dotbot; help@moz.com)"
216.244.66.249 - - [22/Nov/2024:06:41:06 -0800] "GET /menendez-brothers-trial-juror-breaks-silence-battle-of-the-sexes/ HTTP/1.0" 200 - "-" "Mozilla/5.0 (compatible; DotBot/1.2; +https://opensiteexplorer.org/dotbot; help@moz.com)"
216.244.66.249 - - [22/Nov/2024:06:41:10 -0800] "GET /b-c-colleges-feeling-the-pinch-after-feds-slash-international-student-visas-bc/ HTTP/1.0" 200 - "-" "Mozilla/5.0 (compatible; DotBot/1.2; +https://opensiteexplorer.org/dotbot; help@moz.com)"
178.214.251.193 - - [22/Nov/2024:06:41:12 -0800] "GET /wp-content/uploads/2024/04/infini_note_40_pro_5g_series_infinix_1712136150786-250x140.jpg HTTP/1.0" 200 15929 "https://yandex.ru/images/touch/search?text=infinix+note+40+pro+plus+5g+&img_url=https%3A%2F%2Fi.gadgets360cdn.com%2Flarge%2Finfini_note_40_pro_5g_series_infinix_1712136150786.jpg&rpt=simage&pos=2" "Mozilla/5.0 (Linux; Android 10; K) AppleWebKit/537.36 (KHTML, like Gecko) Chrome/131.0.0.0 Mobile Safari/537.36"
216.244.66.249 - - [22/Nov/2024:06:41:17 -0800] "GET /canada-soccer-drone-scandal-explained-bev-priestman-out-as-coach-investigation-findings-whats-next/ HTTP/1.0" 200 - "-" "Mozilla/5.0 (compatible; DotBot/1.2; +https://opensiteexplorer.org/dotbot; help@moz.com)"
216.244.66.249 - - [22/Nov/2024:06:41:38 -0800] "GET /2024-nfl-comeback-player-of-the-year-odds-cousins-favored-murray-rising/ HTTP/1.0" 200 - "-" "Mozilla/5.0 (compatible; DotBot/1.2; +https://opensiteexplorer.org/dotbot; help@moz.com)"
216.244.66.249 - - [22/Nov/2024:06:41:40 -0800] "GET /former-super-bantamweight-stuart-mcfadyen-passes-away-aged-42/ HTTP/1.0" 200 - "-" "Mozilla/5.0 (compatible; DotBot/1.2; +https://opensiteexplorer.org/dotbot; help@moz.com)"
57.141.0.11 - - [22/Nov/2024:06:41:55 -0800] "GET /wp-json/wp/v2/posts/170209 HTTP/1.0" 200 - "-" "meta-externalagent/1.1 (+https://developers.facebook.com/docs/sharing/webmasters/crawler)"
57.141.0.7 - - [22/Nov/2024:06:42:01 -0800] "GET /wp-json/wp/v2/posts/60118 HTTP/1.0" 200 - "-" "meta-externalagent/1.1 (+https://developers.facebook.com/docs/sharing/webmasters/crawler)"
57.141.0.27 - - [22/Nov/2024:06:42:01 -0800] "GET /wp-json/oembed/1.0/embed?url=https%3A%2F%2Flive2news.com%2Fguide-dog-and-robot-best-friends-after-date%2F HTTP/1.0" 200 - "-" "meta-externalagent/1.1 (+https://developers.facebook.com/docs/sharing/webmasters/crawler)"
216.244.66.249 - - [22/Nov/2024:06:42:05 -0800] "GET /meghan-markle-swerves-u-k-visit/ HTTP/1.0" 200 - "-" "Mozilla/5.0 (compatible; DotBot/1.2; +https://opensiteexplorer.org/dotbot; help@moz.com)"
216.244.66.249 - - [22/Nov/2024:06:42:15 -0800] "GET /calmac-boss-accuses-port-owner-of-lack-of-investment/ HTTP/1.0" 200 - "-" "Mozilla/5.0 (compatible; DotBot/1.2; +https://opensiteexplorer.org/dotbot; help@moz.com)"
216.244.66.249 - - [22/Nov/2024:06:42:16 -0800] "GET /sunderland-baby-bank-love-amelia-receives-honour-from-the-king/ HTTP/1.0" 200 - "-" "Mozilla/5.0 (compatible; DotBot/1.2; +https://opensiteexplorer.org/dotbot; help@moz.com)"
216.244.66.249 - - [22/Nov/2024:06:42:24 -0800] "GET /former-manitoba-premier-heather-stefanson-leaving-politics-winnipeg/ HTTP/1.0" 200 - "-" "Mozilla/5.0 (compatible; DotBot/1.2; +https://opensiteexplorer.org/dotbot; help@moz.com)"
57.141.0.4 - - [22/Nov/2024:06:42:57 -0800] "GET /wp-json/wp/v2/posts/40284 HTTP/1.0" 200 - "-" "meta-externalagent/1.1 (+https://developers.facebook.com/docs/sharing/webmasters/crawler)"
57.141.0.19 - - [22/Nov/2024:06:43:00 -0800] "GET /wp-json/oembed/1.0/embed?url=https%3A%2F%2Flive2news.com%2Flapd-arrest-man-suspected-of-assaulting-two-children-in-santa-monica-and-venice%2F HTTP/1.0" 200 - "-" "meta-externalagent/1.1 (+https://developers.facebook.com/docs/sharing/webmasters/crawler)"
216.244.66.249 - - [22/Nov/2024:06:43:18 -0800] "GET /former-chief-medical-officer-had-nightmares-after-spy-poisoning/ HTTP/1.0" 200 - "-" "Mozilla/5.0 (compatible; DotBot/1.2; +https://opensiteexplorer.org/dotbot; help@moz.com)"
111.119.198.60 - - [22/Nov/2024:06:43:39 -0800] "GET /fans-pay-tribute-to-ice-hockey-player-adam-johnson-one-year-on/ HTTP/1.0" 200 - "-" "Mozilla/5.0 (Windows NT 10.0; Win64; x64) AppleWebKit/537.36 (KHTML, like Gecko) Chrome/110.0.0.0 Safari/537.36"
216.244.66.249 - - [22/Nov/2024:06:45:42 -0800] "GET /day-three-of-festival-in-pictures-as-stages-open/ HTTP/1.0" 200 - "-" "Mozilla/5.0 (compatible; DotBot/1.2; +https://opensiteexplorer.org/dotbot; help@moz.com)"
216.244.66.249 - - [22/Nov/2024:06:45:50 -0800] "GET /doctors-told-woman-cancerous-cyst-was-pregnancy/ HTTP/1.0" 200 - "-" "Mozilla/5.0 (compatible; DotBot/1.2; +https://opensiteexplorer.org/dotbot; help@moz.com)"
216.244.66.249 - - [22/Nov/2024:06:45:55 -0800] "GET /porto-alegres-metro-runs-again-after-unprecedented-floods-mercopress/ HTTP/1.0" 200 - "-" "Mozilla/5.0 (compatible; DotBot/1.2; +https://opensiteexplorer.org/dotbot; help@moz.com)"
208.92.218.66 - - [22/Nov/2024:06:46:10 -0800] "GET /feed/ HTTP/1.0" 200 - "-" "Mozilla/5.0 (Windows NT 10.0; Win64; x64) AppleWebKit/537.36 (KHTML, like Gecko) Chrome/70.0.3538.102 Safari/537.36"
57.141.0.22 - - [22/Nov/2024:06:46:10 -0800] "GET /ryan-seacrests-rep-shares-sad-update-about-his-relationship/ HTTP/1.0" 200 - "-" "meta-externalagent/1.1 (+https://developers.facebook.com/docs/sharing/webmasters/crawler)"
216.244.66.249 - - [22/Nov/2024:06:46:38 -0800] "GET /dr-anne-mccloskey-jailed-over-covid-fine/ HTTP/1.0" 200 - "-" "Mozilla/5.0 (compatible; DotBot/1.2; +https://opensiteexplorer.org/dotbot; help@moz.com)"
209.182.200.39 - - [22/Nov/2024:06:47:06 -0800] "POST /wp-cron.php?doing_wp_cron=1732286826.0961260795593261718750 HTTP/1.0" 403 228 "-" "WordPress/6.6.2; https://live2news.com"
209.182.200.39 - - [22/Nov/2024:06:47:06 -0800] "GET /wp-content/themes/newscore/assets/images/login-logo.png HTTP/1.0" 200 5193 "-" "-"
111.119.234.138 - - [22/Nov/2024:06:47:04 -0800] "GET /wp-login.php?redirect_to=https%3A%2F%2Flive2news.com%2Fus-open-2024-results-emma-navarro-scores-massive-second-set-comeback-to-beat-paula-badosa-advances-to-semis%2F HTTP/1.0" 200 7080 "-" "Mozilla/5.0 (Windows NT 10.0; Win64; x64) AppleWebKit/537.36 (KHTML, like Gecko) Chrome/101.0.4951.64 Safari/537.36 Edg/101.0.1210.47"
57.141.0.20 - - [22/Nov/2024:06:47:21 -0800] "GET /?p=53346 HTTP/1.0" 200 - "-" "meta-externalagent/1.1 (+https://developers.facebook.com/docs/sharing/webmasters/crawler)"
209.182.200.39 - - [22/Nov/2024:06:47:29 -0800] "GET /wp-content/themes/newscore/assets/images/login-logo.png HTTP/1.0" 200 5193 "-" "-"
57.141.0.14 - - [22/Nov/2024:06:47:28 -0800] "GET /wp-login.php?redirect_to=https%3A%2F%2Flive2news.com%2Fplayer-rating-and-performance-v-leeds-united%2F HTTP/1.0" 200 7017 "-" "meta-externalagent/1.1 (+https://developers.facebook.com/docs/sharing/webmasters/crawler)"
52.167.144.156 - - [22/Nov/2024:06:48:10 -0800] "GET /rodri-crowned-2024-ballon-dor-winner/ HTTP/1.0" 200 - "-" "Mozilla/5.0 AppleWebKit/537.36 (KHTML, like Gecko; compatible; bingbot/2.0; +http://www.bing.com/bingbot.htm) Chrome/116.0.1938.76 Safari/537.36"
216.244.66.249 - - [22/Nov/2024:06:48:21 -0800] "GET /father-of-crash-victims-tells-funeral-his-world-is-now-so-empty/ HTTP/1.0" 200 - "-" "Mozilla/5.0 (compatible; DotBot/1.2; +https://opensiteexplorer.org/dotbot; help@moz.com)"
216.244.66.249 - - [22/Nov/2024:06:48:23 -0800] "GET /kamala-harris-has-thrived-in-debates/ HTTP/1.0" 200 - "-" "Mozilla/5.0 (compatible; DotBot/1.2; +https://opensiteexplorer.org/dotbot; help@moz.com)"
216.244.66.249 - - [22/Nov/2024:06:48:25 -0800] "GET /storm-kathleen-northern-ireland-agencies-alert-to-potential-disruption/ HTTP/1.0" 200 - "-" "Mozilla/5.0 (compatible; DotBot/1.2; +https://opensiteexplorer.org/dotbot; help@moz.com)"
216.244.66.249 - - [22/Nov/2024:06:48:26 -0800] "GET /urc-final-glasgow-warriors-must-step-up-away-to-bulls/ HTTP/1.0" 200 - "-" "Mozilla/5.0 (compatible; DotBot/1.2; +https://opensiteexplorer.org/dotbot; help@moz.com)"
57.141.0.30 - - [22/Nov/2024:06:48:46 -0800] "GET /wp-json/oembed/1.0/embed?url=https%3A%2F%2Flive2news.com%2Ftln-ceg-vst-fall-after-ferc-rejects-amazon-nuclear-data-center-agreement%2F HTTP/1.0" 200 - "-" "meta-externalagent/1.1 (+https://developers.facebook.com/docs/sharing/webmasters/crawler)"
57.141.0.21 - - [22/Nov/2024:06:49:48 -0800] "GET /?p=51343 HTTP/1.0" 200 - "-" "meta-externalagent/1.1 (+https://developers.facebook.com/docs/sharing/webmasters/crawler)"
213.180.203.35 - - [22/Nov/2024:06:50:01 -0800] "GET /woman-takes-dog-to-vet-feels-as-if-she-failed-after-hearing-diagnosis/ HTTP/1.0" 200 - "-" "Mozilla/5.0 (compatible; YandexBot/3.0; +http://yandex.com/bots)"
111.119.233.45 - - [22/Nov/2024:06:50:32 -0800] "GET /large-fire-closes-major-portsmouth-motorway/ HTTP/1.0" 200 - "-" "Mozilla/5.0 (Windows NT 10.0; Win64; x64) AppleWebKit/537.36 (KHTML, like Gecko) Chrome/104.0.0.0 Safari/537.36"
57.141.0.26 - - [22/Nov/2024:06:50:36 -0800] "GET /wp-json/oembed/1.0/embed?url=https%3A%2F%2Flive2news.com%2Fgilas-taps-japeth-aguilar-mason-amos-as-reserves%2F HTTP/1.0" 200 - "-" "meta-externalagent/1.1 (+https://developers.facebook.com/docs/sharing/webmasters/crawler)"
57.141.0.2 - - [22/Nov/2024:06:50:40 -0800] "GET /ryan-seacrests-rep-shares-sad-update-about-his-relationship/ HTTP/1.0" 200 - "-" "meta-externalagent/1.1 (+https://developers.facebook.com/docs/sharing/webmasters/crawler)"
114.119.160.248 - - [22/Nov/2024:06:52:19 -0800] "GET /killer-valdo-calocanes-sentence-review-date-set/ HTTP/1.0" 200 - "https://live2news.com/lucknow-ease-past-chennai-courtesy-of-a-complete-team-performance/" "Mozilla/5.0 (Linux; Android 7.0;) AppleWebKit/537.36 (KHTML, like Gecko) Mobile Safari/537.36 (compatible; PetalBot;+https://webmaster.petalsearch.com/site/petalbot)"
17.241.227.248 - - [22/Nov/2024:06:53:06 -0800] "GET /stock-market-today-live-updates-117/ HTTP/1.0" 200 - "-" "Mozilla/5.0 (Macintosh; Intel Mac OS X 10_15_7) AppleWebKit/605.1.15 (KHTML, like Gecko) Version/17.4 Safari/605.1.15 (Applebot/0.1; +http://www.apple.com/go/applebot)"
114.119.160.248 - - [22/Nov/2024:06:53:43 -0800] "GET /author/by_lynette_horsburgh/ HTTP/1.0" 200 - "https://live2news.com/man-kidnapped-blind-woman-89-in-car-theft/" "Mozilla/5.0 (Linux; Android 7.0;) AppleWebKit/537.36 (KHTML, like Gecko) Mobile Safari/537.36 (compatible; PetalBot;+https://webmaster.petalsearch.com/site/petalbot)"
57.141.0.2 - - [22/Nov/2024:06:53:57 -0800] "GET /wp-json/oembed/1.0/embed?url=https%3A%2F%2Flive2news.com%2Fman-utd-vs-middlesbrough-1-1-feb-4-2022-match-preview-and-stats%2F HTTP/1.0" 200 - "-" "meta-externalagent/1.1 (+https://developers.facebook.com/docs/sharing/webmasters/crawler)"
166.108.194.21 - - [22/Nov/2024:06:54:02 -0800] "GET /big-change-in-global-growth-is-bullish-for-commodities-vaneck-ceo/ HTTP/1.0" 508 288 "-" "Mozilla/5.0 (Windows NT 10.0; Win64; x64) AppleWebKit/537.36 (KHTML, like Gecko) Chrome/110.0.0.0 Safari/537.36"
209.182.200.39 - - [22/Nov/2024:06:54:03 -0800] "POST /wp-cron.php?doing_wp_cron=1732287243.1670589447021484375000 HTTP/1.0" 403 228 "-" "WordPress/6.6.2; https://live2news.com"
209.182.200.39 - - [22/Nov/2024:06:54:03 -0800] "GET /wp-content/themes/newscore/assets/images/login-logo.png HTTP/1.0" 200 5193 "-" "-"
57.141.0.30 - - [22/Nov/2024:06:54:00 -0800] "GET /wp-login.php?redirect_to=https%3A%2F%2Flive2news.com%2Fwe-dont-feel-safe-running-shops-in-the-city%2F HTTP/1.0" 200 7016 "-" "meta-externalagent/1.1 (+https://developers.facebook.com/docs/sharing/webmasters/crawler)"
57.141.0.7 - - [22/Nov/2024:06:54:54 -0800] "GET /wp-json/oembed/1.0/embed?url=https%3A%2F%2Flive2news.com%2Funited-asks-pilots-to-take-unpaid-time-off-citing-boeing-delays%2F HTTP/1.0" 200 - "-" "meta-externalagent/1.1 (+https://developers.facebook.com/docs/sharing/webmasters/crawler)"
209.182.200.39 - - [22/Nov/2024:06:54:59 -0800] "GET /wp-content/themes/newscore/assets/images/login-logo.png HTTP/1.0" 200 5193 "-" "-"
57.141.0.15 - - [22/Nov/2024:06:54:58 -0800] "GET /wp-login.php?redirect_to=https%3A%2F%2Flive2news.com%2Fwith-ar-style-rifles-they-stalked-killed-wild-burros-in-the-mojave%2F HTTP/1.0" 200 7039 "-" "meta-externalagent/1.1 (+https://developers.facebook.com/docs/sharing/webmasters/crawler)"
114.119.160.248 - - [22/Nov/2024:06:55:11 -0800] "GET /toronto-blue-jays-vs-houston-astros-highlights-mlb-on-fox/ HTTP/1.0" 200 - "https://live2news.com/three-bundesliga-players-arsenal-should-sign/" "Mozilla/5.0 (Linux; Android 7.0;) AppleWebKit/537.36 (KHTML, like Gecko) Mobile Safari/537.36 (compatible; PetalBot;+https://webmaster.petalsearch.com/site/petalbot)"
208.92.218.66 - - [22/Nov/2024:06:55:35 -0800] "GET /feed/ HTTP/1.0" 200 - "-" "Mozilla/5.0 (Windows NT 10.0; Win64; x64) AppleWebKit/537.36 (KHTML, like Gecko) Chrome/70.0.3538.102 Safari/537.36"
57.141.0.16 - - [22/Nov/2024:06:56:17 -0800] "GET /ryan-seacrests-rep-shares-sad-update-about-his-relationship/ HTTP/1.0" 200 - "-" "meta-externalagent/1.1 (+https://developers.facebook.com/docs/sharing/webmasters/crawler)"
114.119.137.184 - - [22/Nov/2024:06:56:33 -0800] "GET /author/7994858fa5c4d723b10f51dc3c7d5185/ HTTP/1.0" 200 - "https://live2news.com/taking-the-brightline-to-disney-world-why-i-switched-road-for-rail/" "Mozilla/5.0 (Linux; Android 7.0;) AppleWebKit/537.36 (KHTML, like Gecko) Mobile Safari/537.36 (compatible; PetalBot;+https://webmaster.petalsearch.com/site/petalbot)"
17.241.219.96 - - [22/Nov/2024:06:56:37 -0800] "GET /mlb-news-mets-considering-signing-free-agent-to-new-position-report/ HTTP/1.0" 200 - "-" "Mozilla/5.0 (Macintosh; Intel Mac OS X 10_15_7) AppleWebKit/605.1.15 (KHTML, like Gecko) Version/17.4 Safari/605.1.15 (Applebot/0.1; +http://www.apple.com/go/applebot)"
209.182.200.39 - - [22/Nov/2024:06:57:15 -0800] "POST /wp-cron.php?doing_wp_cron=1732287435.7257490158081054687500 HTTP/1.0" 403 228 "-" "WordPress/6.6.2; https://live2news.com"
209.182.200.39 - - [22/Nov/2024:06:57:15 -0800] "GET /wp-content/themes/newscore/assets/images/login-logo.png HTTP/1.0" 200 5193 "-" "-"
57.141.0.13 - - [22/Nov/2024:06:57:14 -0800] "GET /wp-login.php?redirect_to=https%3A%2F%2Flive2news.com%2Ftop-10-best-trusted-online-casino-malaysia-2024-gambling-sites%2F HTTP/1.0" 200 7035 "-" "meta-externalagent/1.1 (+https://developers.facebook.com/docs/sharing/webmasters/crawler)"
57.141.0.9 - - [22/Nov/2024:06:57:15 -0800] "GET /ryan-seacrests-rep-shares-sad-update-about-his-relationship/ HTTP/1.0" 200 - "-" "meta-externalagent/1.1 (+https://developers.facebook.com/docs/sharing/webmasters/crawler)"
208.92.218.66 - - [22/Nov/2024:06:57:20 -0800] "GET /feed/ HTTP/1.0" 200 - "-" "Mozilla/5.0 (Windows NT 10.0; Win64; x64) AppleWebKit/537.36 (KHTML, like Gecko) Chrome/70.0.3538.102 Safari/537.36"
124.243.183.114 - - [22/Nov/2024:06:57:38 -0800] "GET /wp-includes/sodium_compat/lib/namespaced.php HTTP/1.0" 403 228 "-" "Mozilla/5.0 (Windows NT 10.0; Win64; x64) AppleWebKit/537.36 (KHTML, like Gecko) Chrome/107.0.0.0 Safari/537.36"
114.119.141.217 - - [22/Nov/2024:06:58:06 -0800] "GET /2024-ufc-event-schedule-alexandre-pantoja-vs-steve-erceg-islam-makhachev-vs-dustin-poirier-on-tap/ HTTP/1.0" 200 - "https://live2news.com/watch-fed-chair-powell-speak-live-during-a-policy-forum-in-washington/" "Mozilla/5.0 (Linux; Android 7.0;) AppleWebKit/537.36 (KHTML, like Gecko) Mobile Safari/537.36 (compatible; PetalBot;+https://webmaster.petalsearch.com/site/petalbot)"
209.182.200.39 - - [22/Nov/2024:06:58:09 -0800] "GET /wp-content/themes/newscore/assets/images/login-logo.png HTTP/1.0" 200 5193 "-" "-"
57.141.0.14 - - [22/Nov/2024:06:58:08 -0800] "GET /wp-login.php?redirect_to=https%3A%2F%2Flive2news.com%2Frealme-teases-arrival-of-new-smartphone-series-to-launch-soon-in-india%2F HTTP/1.0" 200 7043 "-" "meta-externalagent/1.1 (+https://developers.facebook.com/docs/sharing/webmasters/crawler)"
208.92.218.66 - - [22/Nov/2024:06:58:20 -0800] "GET /feed/ HTTP/1.0" 200 - "-" "Mozilla/5.0 (Windows NT 10.0; Win64; x64) AppleWebKit/537.36 (KHTML, like Gecko) Chrome/70.0.3538.102 Safari/537.36"
57.141.0.6 - - [22/Nov/2024:06:58:24 -0800] "GET /?p=34225 HTTP/1.0" 200 - "-" "meta-externalagent/1.1 (+https://developers.facebook.com/docs/sharing/webmasters/crawler)"
209.182.200.39 - - [22/Nov/2024:06:59:53 -0800] "GET /wp-content/themes/newscore/assets/images/login-logo.png HTTP/1.0" 200 5193 "-" "-"
57.141.0.19 - - [22/Nov/2024:06:59:49 -0800] "GET /wp-login.php?redirect_to=https%3A%2F%2Flive2news.com%2Fmystery-surrounds-sudden-increase-in-steelhead-trout-deaths%2F HTTP/1.0" 200 7032 "-" "meta-externalagent/1.1 (+https://developers.facebook.com/docs/sharing/webmasters/crawler)"
209.182.200.39 - - [22/Nov/2024:07:00:05 -0800] "GET /wp-content/themes/newscore/assets/images/login-logo.png HTTP/1.0" 200 5193 "-" "-"
57.141.0.6 - - [22/Nov/2024:07:00:03 -0800] "GET /wp-login.php?redirect_to=https%3A%2F%2Flive2news.com%2Fus-centcom-announces-defeat-of-red-sea-attack%2F HTTP/1.0" 200 7018 "-" "meta-externalagent/1.1 (+https://developers.facebook.com/docs/sharing/webmasters/crawler)"
209.182.200.39 - - [22/Nov/2024:07:00:10 -0800] "GET /wp-content/themes/newscore/assets/images/login-logo.png HTTP/1.0" 200 5193 "-" "-"
57.141.0.1 - - [22/Nov/2024:07:00:09 -0800] "GET /wp-login.php?redirect_to=https%3A%2F%2Flive2news.com%2Fjade-cargill-backs-bianca-belair-naomi-vs-damage-control-at-first-smackdown-appearance%2F HTTP/1.0" 200 7059 "-" "meta-externalagent/1.1 (+https://developers.facebook.com/docs/sharing/webmasters/crawler)"
111.119.232.87 - - [22/Nov/2024:07:01:17 -0800] "GET /harris-sees-swing-vote-boost-over-trump-on-election-eve/ HTTP/1.0" 200 - "-" "Mozilla/5.0 (Windows NT 10.0; Win64; x64) AppleWebKit/537.36 (KHTML, like Gecko) Chrome/107.0.0.0 Safari/537.36"
208.92.218.66 - - [22/Nov/2024:07:01:25 -0800] "GET /feed/ HTTP/1.0" 200 - "-" "Mozilla/5.0 (Windows NT 10.0; Win64; x64) AppleWebKit/537.36 (KHTML, like Gecko) Chrome/70.0.3538.102 Safari/537.36"
209.182.200.39 - - [22/Nov/2024:07:01:34 -0800] "POST /wp-cron.php?doing_wp_cron=1732287694.7276699542999267578125 HTTP/1.0" 403 228 "-" "WordPress/6.6.2; https://live2news.com"
209.182.200.39 - - [22/Nov/2024:07:01:34 -0800] "GET /wp-content/themes/newscore/assets/images/login-logo.png HTTP/1.0" 200 5193 "-" "-"
57.141.0.25 - - [22/Nov/2024:07:01:33 -0800] "GET /wp-login.php?redirect_to=https%3A%2F%2Flive2news.com%2Fsingapore-airlines-to-add-first-class-cabin-for-its-longest-flights%2F HTTP/1.0" 200 7040 "-" "meta-externalagent/1.1 (+https://developers.facebook.com/docs/sharing/webmasters/crawler)"
57.141.0.29 - - [22/Nov/2024:07:01:37 -0800] "GET /?p=48030 HTTP/1.0" 200 - "-" "meta-externalagent/1.1 (+https://developers.facebook.com/docs/sharing/webmasters/crawler)"
208.92.218.66 - - [22/Nov/2024:07:01:37 -0800] "GET /feed/ HTTP/1.0" 200 - "-" "Mozilla/5.0 (Windows NT 10.0; Win64; x64) AppleWebKit/537.36 (KHTML, like Gecko) Chrome/70.0.3538.102 Safari/537.36"
208.92.218.66 - - [22/Nov/2024:07:02:15 -0800] "GET /feed/ HTTP/1.0" 200 - "-" "Mozilla/5.0 (Windows NT 10.0; Win64; x64) AppleWebKit/537.36 (KHTML, like Gecko) Chrome/70.0.3538.102 Safari/537.36"
57.141.0.28 - - [22/Nov/2024:07:03:02 -0800] "GET /?p=57935 HTTP/1.0" 200 - "-" "meta-externalagent/1.1 (+https://developers.facebook.com/docs/sharing/webmasters/crawler)"
57.141.0.3 - - [22/Nov/2024:07:03:14 -0800] "GET /wp-json/wp/v2/posts/33092 HTTP/1.0" 200 - "-" "meta-externalagent/1.1 (+https://developers.facebook.com/docs/sharing/webmasters/crawler)"
57.141.0.28 - - [22/Nov/2024:07:03:46 -0800] "GET /wp-json/oembed/1.0/embed?url=https%3A%2F%2Flive2news.com%2Fchinas-hisense-aims-to-become-the-no-1-tv-company-in-the-u-s-within-2-years%2F HTTP/1.0" 200 - "-" "meta-externalagent/1.1 (+https://developers.facebook.com/docs/sharing/webmasters/crawler)"
57.141.0.30 - - [22/Nov/2024:07:04:03 -0800] "GET /?p=32076 HTTP/1.0" 200 - "-" "meta-externalagent/1.1 (+https://developers.facebook.com/docs/sharing/webmasters/crawler)"
17.241.227.14 - - [22/Nov/2024:07:04:56 -0800] "GET /why-im-planning-a-move-to-africa/ HTTP/1.0" 200 - "-" "Mozilla/5.0 (Macintosh; Intel Mac OS X 10_15_7) AppleWebKit/605.1.15 (KHTML, like Gecko) Version/17.4 Safari/605.1.15 (Applebot/0.1; +http://www.apple.com/go/applebot)"
111.119.238.45 - - [22/Nov/2024:07:04:57 -0800] "GET /permission-sought-to-demolish-most-of-listed-hilden-mill/ HTTP/1.0" 200 - "-" "Mozilla/5.0 (Windows NT 10.0; Win64; x64) AppleWebKit/537.36 (KHTML, like Gecko) Chrome/107.0.0.0 Safari/537.36"
17.241.75.108 - - [22/Nov/2024:07:05:01 -0800] "GET /bruce-springsteen-shares-major-health-update-about-wife-patti-scialfa/ HTTP/1.0" 200 - "-" "Mozilla/5.0 (Macintosh; Intel Mac OS X 10_15_7) AppleWebKit/605.1.15 (KHTML, like Gecko) Version/17.4 Safari/605.1.15 (Applebot/0.1; +http://www.apple.com/go/applebot)"
57.141.0.7 - - [22/Nov/2024:07:05:50 -0800] "GET /wp-json/wp/v2/posts/34963 HTTP/1.0" 200 - "-" "meta-externalagent/1.1 (+https://developers.facebook.com/docs/sharing/webmasters/crawler)"
57.141.0.18 - - [22/Nov/2024:07:05:52 -0800] "GET /category/africa/page/108/ HTTP/1.0" 200 - "-" "meta-externalagent/1.1 (+https://developers.facebook.com/docs/sharing/webmasters/crawler)"
57.141.0.7 - - [22/Nov/2024:07:05:57 -0800] "GET /wp-json/oembed/1.0/embed?url=https%3A%2F%2Flive2news.com%2Fhow-lake-meads-water-levels-will-fare-this-summer%2F HTTP/1.0" 200 - "-" "meta-externalagent/1.1 (+https://developers.facebook.com/docs/sharing/webmasters/crawler)"
57.141.0.23 - - [22/Nov/2024:07:06:38 -0800] "GET /wp-json/oembed/1.0/embed?url=https%3A%2F%2Flive2news.com%2Fligue-1-season-opener-postponed-after-marseille%2F HTTP/1.0" 200 - "-" "meta-externalagent/1.1 (+https://developers.facebook.com/docs/sharing/webmasters/crawler)"
57.141.0.2 - - [22/Nov/2024:07:06:44 -0800] "GET /wp-json/wp/v2/posts/169321 HTTP/1.0" 200 - "-" "meta-externalagent/1.1 (+https://developers.facebook.com/docs/sharing/webmasters/crawler)"
208.92.218.66 - - [22/Nov/2024:07:07:07 -0800] "GET /feed/ HTTP/1.0" 200 - "-" "Mozilla/5.0 (Windows NT 10.0; Win64; x64) AppleWebKit/537.36 (KHTML, like Gecko) Chrome/70.0.3538.102 Safari/537.36"
208.92.218.66 - - [22/Nov/2024:07:07:17 -0800] "GET /feed/ HTTP/1.0" 200 - "-" "Mozilla/5.0 (Windows NT 10.0; Win64; x64) AppleWebKit/537.36 (KHTML, like Gecko) Chrome/70.0.3538.102 Safari/537.36"
209.182.200.39 - - [22/Nov/2024:07:07:39 -0800] "POST /wp-cron.php?doing_wp_cron=1732288059.2061460018157958984375 HTTP/1.0" 403 228 "-" "WordPress/6.6.2; https://live2news.com"
209.182.200.39 - - [22/Nov/2024:07:07:39 -0800] "GET /wp-content/themes/newscore/assets/images/login-logo.png HTTP/1.0" 200 5193 "-" "-"
57.141.0.3 - - [22/Nov/2024:07:07:35 -0800] "GET /wp-login.php?redirect_to=https%3A%2F%2Flive2news.com%2Fwhat-daniel-amokachi-said-after-watching-his-lobi-stars-team-slip-to-20th-on-npfl-standings%2F HTTP/1.0" 200 7064 "-" "meta-externalagent/1.1 (+https://developers.facebook.com/docs/sharing/webmasters/crawler)"
209.182.200.39 - - [22/Nov/2024:07:08:09 -0800] "GET /wp-content/themes/newscore/assets/images/login-logo.png HTTP/1.0" 200 5193 "-" "-"
57.141.0.23 - - [22/Nov/2024:07:08:07 -0800] "GET /wp-login.php?redirect_to=https%3A%2F%2Flive2news.com%2Fmy-truck-just-atomized-survivor-of-shocking-victoria-b-c-crash-speaks-out-bc%2F HTTP/1.0" 200 7049 "-" "meta-externalagent/1.1 (+https://developers.facebook.com/docs/sharing/webmasters/crawler)"
124.243.176.209 - - [22/Nov/2024:07:08:45 -0800] "GET /google-gemini-updated-with-imagen-3-ai-model-for-image-generation-available-to-all-users/ HTTP/1.0" 200 - "-" "Mozilla/5.0 (Windows NT 10.0; Win64; x64) AppleWebKit/537.36 (KHTML, like Gecko) Chrome/101.0.4951.67 Safari/537.36"
17.241.75.63 - - [22/Nov/2024:07:08:58 -0800] "GET /snp-yet-to-make-decision-on-two-job-mps/ HTTP/1.0" 200 - "-" "Mozilla/5.0 (Macintosh; Intel Mac OS X 10_15_7) AppleWebKit/605.1.15 (KHTML, like Gecko) Version/17.4 Safari/605.1.15 (Applebot/0.1; +http://www.apple.com/go/applebot)"
208.92.218.66 - - [22/Nov/2024:07:09:21 -0800] "GET /feed/ HTTP/1.0" 200 - "-" "Mozilla/5.0 (Windows NT 10.0; Win64; x64) AppleWebKit/537.36 (KHTML, like Gecko) Chrome/70.0.3538.102 Safari/537.36"
85.208.96.193 - - [22/Nov/2024:07:09:35 -0800] "GET /robots.txt HTTP/1.0" 508 288 "-" "Mozilla/5.0 (compatible; SemrushBot/7~bl; +http://www.semrush.com/bot.html)"
85.208.96.202 - - [22/Nov/2024:07:09:36 -0800] "GET /harris-rocketed-into-the-race-but-can-she-defeat-trump/ HTTP/1.0" 200 - "-" "Mozilla/5.0 (compatible; SemrushBot/7~bl; +http://www.semrush.com/bot.html)"
57.141.0.30 - - [22/Nov/2024:07:09:37 -0800] "GET /wp-json/oembed/1.0/embed?url=https%3A%2F%2Flive2news.com%2Fprotest-held-for-more-jail-time-for-man-who-played-role-in-beaumont-womans-death-edmonton%2F HTTP/1.0" 200 - "-" "meta-externalagent/1.1 (+https://developers.facebook.com/docs/sharing/webmasters/crawler)"
57.141.0.19 - - [22/Nov/2024:07:09:38 -0800] "GET /wp-json/oembed/1.0/embed?url=https%3A%2F%2Flive2news.com%2Fmontreal-to-host-cliff-diving-world-series-event-in-august-montreal%2F HTTP/1.0" 200 - "-" "meta-externalagent/1.1 (+https://developers.facebook.com/docs/sharing/webmasters/crawler)"
208.92.218.66 - - [22/Nov/2024:07:09:43 -0800] "GET /feed/ HTTP/1.0" 200 - "-" "Mozilla/5.0 (Windows NT 10.0; Win64; x64) AppleWebKit/537.36 (KHTML, like Gecko) Chrome/70.0.3538.102 Safari/537.36"
208.92.218.66 - - [22/Nov/2024:07:09:49 -0800] "GET /feed/ HTTP/1.0" 200 - "-" "Mozilla/5.0 (Windows NT 10.0; Win64; x64) AppleWebKit/537.36 (KHTML, like Gecko) Chrome/70.0.3538.102 Safari/537.36"
209.182.200.39 - - [22/Nov/2024:07:09:51 -0800] "POST /wp-cron.php?doing_wp_cron=1732288190.9543108940124511718750 HTTP/1.0" 403 228 "-" "WordPress/6.6.2; https://live2news.com"
209.182.200.39 - - [22/Nov/2024:07:09:51 -0800] "GET /wp-content/themes/newscore/assets/images/login-logo.png HTTP/1.0" 200 5193 "-" "-"
57.141.0.16 - - [22/Nov/2024:07:09:48 -0800] "GET /wp-login.php?redirect_to=https%3A%2F%2Flive2news.com%2Fchinas-byd-to-launch-first-electric-pickup-truck-this-year%2F HTTP/1.0" 200 7031 "-" "meta-externalagent/1.1 (+https://developers.facebook.com/docs/sharing/webmasters/crawler)"
57.141.0.10 - - [22/Nov/2024:07:10:31 -0800] "GET /wp-json/oembed/1.0/embed?url=https%3A%2F%2Flive2news.com%2Fchampionship-officials-discussing-18m-salary-cap%2F HTTP/1.0" 200 - "-" "meta-externalagent/1.1 (+https://developers.facebook.com/docs/sharing/webmasters/crawler)"
57.141.0.9 - - [22/Nov/2024:07:11:16 -0800] "GET /?p=23529 HTTP/1.0" 200 - "-" "meta-externalagent/1.1 (+https://developers.facebook.com/docs/sharing/webmasters/crawler)"
209.182.200.39 - - [22/Nov/2024:07:11:54 -0800] "POST /wp-cron.php?doing_wp_cron=1732288314.6345760822296142578125 HTTP/1.0" 403 228 "-" "WordPress/6.6.2; https://live2news.com"
209.182.200.39 - - [22/Nov/2024:07:11:54 -0800] "GET /wp-content/themes/newscore/assets/images/login-logo.png HTTP/1.0" 200 5193 "-" "-"
57.141.0.5 - - [22/Nov/2024:07:11:50 -0800] "GET /wp-login.php?redirect_to=https%3A%2F%2Flive2news.com%2Fbaltimore-port-traffic-affected-after-astray-ship-downs-bridge-mercopress%2F HTTP/1.0" 200 7046 "-" "meta-externalagent/1.1 (+https://developers.facebook.com/docs/sharing/webmasters/crawler)"
57.141.0.28 - - [22/Nov/2024:07:12:07 -0800] "GET /wp-json/oembed/1.0/embed?url=https%3A%2F%2Flive2news.com%2Fman-ends-up-with-9-puppies-after-distribution-system-chooses-him-mid-run%2F HTTP/1.0" 200 - "-" "meta-externalagent/1.1 (+https://developers.facebook.com/docs/sharing/webmasters/crawler)"
209.182.200.39 - - [22/Nov/2024:07:12:37 -0800] "GET /wp-content/themes/newscore/assets/images/login-logo.png HTTP/1.0" 200 5193 "-" "-"
111.119.237.84 - - [22/Nov/2024:07:12:36 -0800] "GET /wp-login.php?redirect_to=https%3A%2F%2Flive2news.com%2Fsketch-show-in-living-color-praised-as-nasty-catty-by-comedic-actor%2F HTTP/1.0" 200 7040 "-" "Mozilla/5.0 (Windows NT 10.0; Win64; x64) AppleWebKit/537.36 (KHTML, like Gecko) Chrome/110.0.0.0 Safari/537.36"
57.141.0.30 - - [22/Nov/2024:07:12:40 -0800] "GET /wp-json/oembed/1.0/embed?url=https%3A%2F%2Flive2news.com%2F2024-australian-open-odds-props-mens-final-prediction-sinner-vs-medvedev-picks-from-tennis-expert%2F HTTP/1.0" 200 - "-" "meta-externalagent/1.1 (+https://developers.facebook.com/docs/sharing/webmasters/crawler)"
89.208.105.220 - - [22/Nov/2024:07:12:46 -0800] "GET / HTTP/1.0" 200 - "-" "Mozilla/5.0 (compatible; MSIE 8.0; Windows NT 5.1; Win64; x64; Trident/4.0)"
89.208.105.220 - - [22/Nov/2024:07:12:47 -0800] "POST /wp-content/plugins/wp-automatic/inc/csv.php HTTP/1.0" 403 228 "http://live2news.com/" "Mozilla/5.0 (compatible; MSIE 8.0; Windows NT 5.1; Win64; x64; Trident/4.0)"
89.208.105.220 - - [22/Nov/2024:07:12:48 -0800] "POST /wp-content/plugins/wp-automatic/inc/csv.php HTTP/1.0" 403 228 "http://live2news.com/wp-content/plugins/wp-automatic/inc/csv.php" "Mozilla/5.0 (compatible; MSIE 8.0; Windows NT 5.1; Win64; x64; Trident/4.0)"
57.141.0.7 - - [22/Nov/2024:07:12:51 -0800] "GET /ryan-seacrests-rep-shares-sad-update-about-his-relationship/ HTTP/1.0" 200 - "-" "meta-externalagent/1.1 (+https://developers.facebook.com/docs/sharing/webmasters/crawler)"
89.208.105.220 - - [22/Nov/2024:07:12:53 -0800] "POST /wp-content/plugins/wp-automatic/inc/csv.php HTTP/1.0" 403 228 "http://live2news.com/wp-content/plugins/wp-automatic/inc/csv.php" "Mozilla/5.0 (compatible; MSIE 8.0; Windows NT 5.1; Win64; x64; Trident/4.0)"
89.208.105.220 - - [22/Nov/2024:07:12:54 -0800] "POST /wp-content/plugins/wp-automatic/inc/csv.php HTTP/1.0" 403 228 "http://live2news.com/wp-content/plugins/wp-automatic/inc/csv.php" "Mozilla/5.0 (compatible; MSIE 8.0; Windows NT 5.1; Win64; x64; Trident/4.0)"
89.208.105.220 - - [22/Nov/2024:07:12:54 -0800] "POST /wp-content/plugins/wp-automatic/inc/csv.php HTTP/1.0" 403 228 "http://live2news.com/wp-content/plugins/wp-automatic/inc/csv.php" "Mozilla/5.0 (compatible; MSIE 8.0; Windows NT 5.1; Win64; x64; Trident/4.0)"
89.208.105.220 - - [22/Nov/2024:07:12:55 -0800] "POST /wp-content/plugins/wp-automatic/inc/csv.phpe975eaae7a05.php HTTP/1.0" 403 228 "http://live2news.com/wp-content/plugins/wp-automatic/inc/csv.php" "Mozilla/5.0 (compatible; MSIE 8.0; Windows NT 5.1; Win64; x64; Trident/4.0)"
89.208.105.220 - - [22/Nov/2024:07:12:56 -0800] "POST /wp-content/plugins/wp-automatic/inc/csv.phpe975eaae7a05.php HTTP/1.0" 403 228 "http://live2news.com/wp-content/plugins/wp-automatic/inc/csv.phpe975eaae7a05.php" "Mozilla/5.0 (compatible; MSIE 8.0; Windows NT 5.1; Win64; x64; Trident/4.0)"
89.208.105.220 - - [22/Nov/2024:07:12:57 -0800] "POST /wp-content/plugins/wp-automatic/inc/csv.phpe975eaae7a05.php HTTP/1.0" 403 228 "http://live2news.com/wp-content/plugins/wp-automatic/inc/csv.phpe975eaae7a05.php" "Mozilla/5.0 (compatible; MSIE 8.0; Windows NT 5.1; Win64; x64; Trident/4.0)"
89.208.105.220 - - [22/Nov/2024:07:12:57 -0800] "POST /wp-content/plugins/wp-automatic/inc/csv.phpe975eaae7a05.php HTTP/1.0" 403 228 "http://live2news.com/wp-content/plugins/wp-automatic/inc/csv.phpe975eaae7a05.php" "Mozilla/5.0 (compatible; MSIE 8.0; Windows NT 5.1; Win64; x64; Trident/4.0)"
89.208.105.220 - - [22/Nov/2024:07:12:57 -0800] "POST /wp-content/plugins/wp-automatic/inc/csv.phpe975eaae7a05.php HTTP/1.0" 403 228 "http://live2news.com/wp-content/plugins/wp-automatic/inc/csv.phpe975eaae7a05.php" "Mozilla/5.0 (compatible; MSIE 8.0; Windows NT 5.1; Win64; x64; Trident/4.0)"
209.182.200.39 - - [22/Nov/2024:07:12:59 -0800] "POST /wp-cron.php?doing_wp_cron=1732288379.1168410778045654296875 HTTP/1.0" 403 228 "-" "WordPress/6.6.2; https://live2news.com"
89.208.105.220 - - [22/Nov/2024:07:12:58 -0800] "GET /wp-login.php HTTP/1.0" 302 - "http://live2news.com/wp-content/plugins/wp-automatic/inc/csv.phpe975eaae7a05.php" "Mozilla/5.0 (compatible; MSIE 8.0; Windows NT 5.1; Win64; x64; Trident/4.0)"
209.182.200.39 - - [22/Nov/2024:07:13:00 -0800] "GET /wp-content/themes/newscore/assets/images/login-logo.png HTTP/1.0" 200 5193 "-" "-"
89.208.105.220 - - [22/Nov/2024:07:13:00 -0800] "GET /wp-login.php HTTP/1.0" 200 7512 "http://live2news.com/wp-content/plugins/wp-automatic/inc/csv.phpe975eaae7a05.php" "Mozilla/5.0 (compatible; MSIE 8.0; Windows NT 5.1; Win64; x64; Trident/4.0)"
89.208.105.220 - - [22/Nov/2024:07:13:00 -0800] "POST /wp-login.php HTTP/1.0" 401 1496 "https://live2news.com/wp-login.php" "Mozilla/5.0 (compatible; MSIE 8.0; Windows NT 5.1; Win64; x64; Trident/4.0)"
89.208.105.220 - - [22/Nov/2024:07:13:04 -0800] "GET /wp-admin/plugins.php HTTP/1.0" 403 228 "https://live2news.com/wp-login.php" "Mozilla/5.0 (compatible; MSIE 8.0; Windows NT 5.1; Win64; x64; Trident/4.0)"
17.241.75.146 - - [22/Nov/2024:07:13:10 -0800] "GET /40-years-of-jim-mccoll-on-beechgrove-garden/ HTTP/1.0" 200 - "-" "Mozilla/5.0 (Macintosh; Intel Mac OS X 10_15_7) AppleWebKit/605.1.15 (KHTML, like Gecko) Version/17.4 Safari/605.1.15 (Applebot/0.1; +http://www.apple.com/go/applebot)"
17.241.219.91 - - [22/Nov/2024:07:13:15 -0800] "GET /the-best-time-to-book-your-2025-holiday-according-to-an-expert-7/ HTTP/1.0" 200 - "-" "Mozilla/5.0 (Macintosh; Intel Mac OS X 10_15_7) AppleWebKit/605.1.15 (KHTML, like Gecko) Version/17.4 Safari/605.1.15 (Applebot/0.1; +http://www.apple.com/go/applebot)"
57.141.0.4 - - [22/Nov/2024:07:13:33 -0800] "GET /wp-login.php?redirect_to=https%3A%2F%2Flive2news.com%2Fscore-350-march-madness-bonus-500-in-nc%2F HTTP/1.0" 503 282 "-" "meta-externalagent/1.1 (+https://developers.facebook.com/docs/sharing/webmasters/crawler)"
192.0.86.84 - - [22/Nov/2024:07:14:23 -0800] "GET /?rest_route=%2Fjetpack%2Fv4%2Fsync%2Fstatus&_for=jetpack&token=DKSa%40K2fjjc%40bMn%2AWKSgtdbi4n%25MRjIO%3A1%3A0&timestamp=1732288441&nonce=LfjMeaMKrY&body-hash&signature=R1s81qO6RPG9iWLoMqasMrMgGZ4%3D HTTP/1.0" 200 - "https://live2news.com/?rest_route=%2Fjetpack%2Fv4%2Fsync%2Fstatus&_for=jetpack&token=DKSa%40K2fjjc%40bMn%2AWKSgtdbi4n%25MRjIO%3A1%3A0&timestamp=1732288441&nonce=LfjMeaMKrY&body-hash&signature=R1s81qO6RPG9iWLoMqasMrMgGZ4%3D" "Jetpack by WordPress.com"
57.141.0.27 - - [22/Nov/2024:07:14:27 -0800] "GET /wp-json/oembed/1.0/embed?url=https%3A%2F%2Flive2news.com%2Famerican-airlines-passenger-claims-there-was-no-window-in-window-seat%2F HTTP/1.0" 200 - "-" "meta-externalagent/1.1 (+https://developers.facebook.com/docs/sharing/webmasters/crawler)"
57.141.0.22 - - [22/Nov/2024:07:15:24 -0800] "GET /?p=169996 HTTP/1.0" 508 288 "-" "meta-externalagent/1.1 (+https://developers.facebook.com/docs/sharing/webmasters/crawler)"
57.141.0.15 - - [22/Nov/2024:07:15:46 -0800] "GET /?p=39968 HTTP/1.0" 200 - "-" "meta-externalagent/1.1 (+https://developers.facebook.com/docs/sharing/webmasters/crawler)"
209.182.200.39 - - [22/Nov/2024:07:15:46 -0800] "POST /wp-cron.php?doing_wp_cron=1732288546.8533821105957031250000 HTTP/1.0" 403 228 "-" "WordPress/6.6.2; https://live2news.com"
57.141.0.26 - - [22/Nov/2024:07:15:46 -0800] "GET /wp-json/oembed/1.0/embed?url=https%3A%2F%2Flive2news.com%2Fisrael-says-hezbollah-operative-captured-in-naval-raid%2F HTTP/1.0" 200 - "-" "meta-externalagent/1.1 (+https://developers.facebook.com/docs/sharing/webmasters/crawler)"
209.182.200.39 - - [22/Nov/2024:07:15:46 -0800] "GET /wp-content/themes/newscore/assets/images/login-logo.png HTTP/1.0" 200 5193 "-" "-"
57.141.0.27 - - [22/Nov/2024:07:15:42 -0800] "GET /wp-login.php?redirect_to=https%3A%2F%2Flive2news.com%2Fjoe-flacco-to-stay-colts-qb1-despite-offenses-season-low-output%2F HTTP/1.0" 200 7036 "-" "meta-externalagent/1.1 (+https://developers.facebook.com/docs/sharing/webmasters/crawler)"
101.44.249.224 - - [22/Nov/2024:07:16:34 -0800] "GET /william-and-kate-preparing-for-death-of-king-charles-report/ HTTP/1.0" 200 - "-" "Mozilla/5.0 (Windows NT 10.0; Win64; x64) AppleWebKit/537.36 (KHTML, like Gecko) Chrome/101.0.4951.64 Safari/537.36 Edg/101.0.1210.47"
17.241.75.196 - - [22/Nov/2024:07:16:36 -0800] "GET /mlb-prop-picks-3-best-bets-for-friday-june-21/ HTTP/1.0" 200 - "-" "Mozilla/5.0 (Macintosh; Intel Mac OS X 10_15_7) AppleWebKit/605.1.15 (KHTML, like Gecko) Version/17.4 Safari/605.1.15 (Applebot/0.1; +http://www.apple.com/go/applebot)"
57.141.0.8 - - [22/Nov/2024:07:16:44 -0800] "GET /?p=170265 HTTP/1.0" 200 - "-" "meta-externalagent/1.1 (+https://developers.facebook.com/docs/sharing/webmasters/crawler)"
17.241.219.7 - - [22/Nov/2024:07:18:43 -0800] "GET /australia-shares-set-to-slip-lower-at-open/ HTTP/1.0" 200 - "-" "Mozilla/5.0 (Macintosh; Intel Mac OS X 10_15_7) AppleWebKit/605.1.15 (KHTML, like Gecko) Version/17.4 Safari/605.1.15 (Applebot/0.1; +http://www.apple.com/go/applebot)"
57.141.0.14 - - [22/Nov/2024:07:18:59 -0800] "GET /wp-json/wp/v2/posts/34043 HTTP/1.0" 200 - "-" "meta-externalagent/1.1 (+https://developers.facebook.com/docs/sharing/webmasters/crawler)"
111.119.193.119 - - [22/Nov/2024:07:20:33 -0800] "GET /could-a-ben-affleck-baby-still-happen-2/ HTTP/1.0" 200 - "-" "Mozilla/5.0 (Windows NT 10.0; Win64; x64) AppleWebKit/537.36 (KHTML, like Gecko) Chrome/101.0.4951.67 Safari/537.36"
208.92.218.66 - - [22/Nov/2024:07:20:35 -0800] "GET /feed/ HTTP/1.0" 200 - "-" "Mozilla/5.0 (Windows NT 10.0; Win64; x64) AppleWebKit/537.36 (KHTML, like Gecko) Chrome/70.0.3538.102 Safari/537.36"
57.141.0.19 - - [22/Nov/2024:07:20:46 -0800] "GET /ryan-seacrests-rep-shares-sad-update-about-his-relationship/ HTTP/1.0" 200 - "-" "meta-externalagent/1.1 (+https://developers.facebook.com/docs/sharing/webmasters/crawler)"
17.241.227.247 - - [22/Nov/2024:07:20:50 -0800] "GET /the-never-ending-cruise-story/ HTTP/1.0" 200 - "-" "Mozilla/5.0 (Macintosh; Intel Mac OS X 10_15_7) AppleWebKit/605.1.15 (KHTML, like Gecko) Version/17.4 Safari/605.1.15 (Applebot/0.1; +http://www.apple.com/go/applebot)"
208.92.218.66 - - [22/Nov/2024:07:21:05 -0800] "GET /feed/ HTTP/1.0" 200 - "-" "Mozilla/5.0 (Windows NT 10.0; Win64; x64) AppleWebKit/537.36 (KHTML, like Gecko) Chrome/70.0.3538.102 Safari/537.36"
208.92.218.66 - - [22/Nov/2024:07:21:05 -0800] "GET /feed/ HTTP/1.0" 200 - "-" "Mozilla/5.0 (Windows NT 10.0; Win64; x64) AppleWebKit/537.36 (KHTML, like Gecko) Chrome/70.0.3538.102 Safari/537.36"
185.191.171.1 - - [22/Nov/2024:07:22:51 -0800] "GET /kl-rahul-refuses-lsg-retention-washington-blows-kiwis-apart-los-blancos-suffer-major-blows/ HTTP/1.0" 200 - "-" "Mozilla/5.0 (compatible; SemrushBot/7~bl; +http://www.semrush.com/bot.html)"
209.182.200.39 - - [22/Nov/2024:07:23:22 -0800] "POST /wp-cron.php?doing_wp_cron=1732289002.5173580646514892578125 HTTP/1.0" 403 228 "-" "WordPress/6.6.2; https://live2news.com"
209.182.200.39 - - [22/Nov/2024:07:23:22 -0800] "GET /wp-content/themes/newscore/assets/images/login-logo.png HTTP/1.0" 200 5193 "-" "-"
57.141.0.21 - - [22/Nov/2024:07:23:20 -0800] "GET /wp-login.php?redirect_to=https%3A%2F%2Flive2news.com%2Fthree-glasses-of-wine-a-night-felt-normal-until-i-tried-to-stop%2F HTTP/1.0" 200 7036 "-" "meta-externalagent/1.1 (+https://developers.facebook.com/docs/sharing/webmasters/crawler)"
57.141.0.5 - - [22/Nov/2024:07:23:42 -0800] "GET /wp-json/wp/v2/posts/39861 HTTP/1.0" 200 - "-" "meta-externalagent/1.1 (+https://developers.facebook.com/docs/sharing/webmasters/crawler)"
57.141.0.6 - - [22/Nov/2024:07:23:59 -0800] "GET /?p=169473 HTTP/1.0" 200 - "-" "meta-externalagent/1.1 (+https://developers.facebook.com/docs/sharing/webmasters/crawler)"
208.92.218.66 - - [22/Nov/2024:07:24:05 -0800] "GET /feed/ HTTP/1.0" 200 - "-" "Mozilla/5.0 (Windows NT 10.0; Win64; x64) AppleWebKit/537.36 (KHTML, like Gecko) Chrome/70.0.3538.102 Safari/537.36"
57.141.0.3 - - [22/Nov/2024:07:24:41 -0800] "GET /wp-json/oembed/1.0/embed?url=https%3A%2F%2Flive2news.com%2Fcecil-chip-murray-l-a-civil-rights-icon-and-spiritual-leader-dead-at-94%2F HTTP/1.0" 200 - "-" "meta-externalagent/1.1 (+https://developers.facebook.com/docs/sharing/webmasters/crawler)"
57.141.0.17 - - [22/Nov/2024:07:24:58 -0800] "GET /?p=31428 HTTP/1.0" 200 - "-" "meta-externalagent/1.1 (+https://developers.facebook.com/docs/sharing/webmasters/crawler)"
101.44.249.134 - - [22/Nov/2024:07:25:01 -0800] "GET /3-new-north-vancouver-properties-ordered-evacuated-a-week-after-storm-bc/ HTTP/1.0" 200 - "-" "Mozilla/5.0 (Windows NT 10.0; Win64; x64) AppleWebKit/537.36 (KHTML, like Gecko) Chrome/110.0.0.0 Safari/537.36"
209.182.200.39 - - [22/Nov/2024:07:25:08 -0800] "POST /wp-cron.php?doing_wp_cron=1732289108.4747939109802246093750 HTTP/1.0" 403 228 "-" "WordPress/6.6.2; https://live2news.com"
209.182.200.39 - - [22/Nov/2024:07:25:08 -0800] "GET /wp-content/themes/newscore/assets/images/login-logo.png HTTP/1.0" 200 5193 "-" "-"
57.141.0.14 - - [22/Nov/2024:07:25:06 -0800] "GET /wp-login.php?redirect_to=https%3A%2F%2Flive2news.com%2Ftom-brady-hugs-his-son-after-winning-the-2021-nfc-championship%2F HTTP/1.0" 200 7035 "-" "meta-externalagent/1.1 (+https://developers.facebook.com/docs/sharing/webmasters/crawler)"
57.141.0.20 - - [22/Nov/2024:07:25:16 -0800] "GET /wp-json/wp/v2/posts/36156 HTTP/1.0" 200 - "-" "meta-externalagent/1.1 (+https://developers.facebook.com/docs/sharing/webmasters/crawler)"
216.244.66.249 - - [22/Nov/2024:07:25:39 -0800] "GET /robots.txt HTTP/1.0" 200 66 "-" "Mozilla/5.0 (compatible; DotBot/1.2; +https://opensiteexplorer.org/dotbot; help@moz.com)"
