208.92.218.66 - - [22/Nov/2024:14:09:20 -0800] "GET /feed/ HTTP/1.0" 200 - "-" "Mozilla/5.0 (Windows NT 10.0; Win64; x64) AppleWebKit/537.36 (KHTML, like Gecko) Chrome/70.0.3538.102 Safari/537.36"
216.244.66.249 - - [22/Nov/2024:14:09:20 -0800] "GET /regina-residents-embrace-march-storm-stay-active-despite-snowfall-regina/ HTTP/1.0" 200 - "-" "Mozilla/5.0 (compatible; DotBot/1.2; +https://opensiteexplorer.org/dotbot; help@moz.com)"
216.244.66.249 - - [22/Nov/2024:14:09:24 -0800] "GET /author/kate_sequeira/feed/ HTTP/1.0" 200 - "-" "Mozilla/5.0 (compatible; DotBot/1.2; +https://opensiteexplorer.org/dotbot; help@moz.com)"
216.244.66.249 - - [22/Nov/2024:14:09:26 -0800] "GET /author/tim_macmahon/feed/ HTTP/1.0" 200 - "-" "Mozilla/5.0 (compatible; DotBot/1.2; +https://opensiteexplorer.org/dotbot; help@moz.com)"
216.244.66.249 - - [22/Nov/2024:14:09:29 -0800] "GET /julian-alvarez-to-atletico-madrid-manchester-city-agree-to-club-record-104-million-sale-per-reports/ HTTP/1.0" 200 - "-" "Mozilla/5.0 (compatible; DotBot/1.2; +https://opensiteexplorer.org/dotbot; help@moz.com)"
216.244.66.249 - - [22/Nov/2024:14:09:31 -0800] "GET /scotland-result-on-a-knife-edge-on-eve-of-general-election/ HTTP/1.0" 200 - "-" "Mozilla/5.0 (compatible; DotBot/1.2; +https://opensiteexplorer.org/dotbot; help@moz.com)"
216.244.66.249 - - [22/Nov/2024:14:09:32 -0800] "GET /treasury-yields-are-making-a-return/ HTTP/1.0" 200 - "-" "Mozilla/5.0 (compatible; DotBot/1.2; +https://opensiteexplorer.org/dotbot; help@moz.com)"
216.244.66.249 - - [22/Nov/2024:14:09:34 -0800] "GET /author/samantha_masunaga/feed/ HTTP/1.0" 200 - "-" "Mozilla/5.0 (compatible; DotBot/1.2; +https://opensiteexplorer.org/dotbot; help@moz.com)"
216.244.66.249 - - [22/Nov/2024:14:09:35 -0800] "GET /category/business/page/101/ HTTP/1.0" 200 - "-" "Mozilla/5.0 (compatible; DotBot/1.2; +https://opensiteexplorer.org/dotbot; help@moz.com)"
216.244.66.249 - - [22/Nov/2024:14:09:36 -0800] "GET /strategist-names-one-under-the-radar-stock-to-play-in-japan-right-now/ HTTP/1.0" 200 - "-" "Mozilla/5.0 (compatible; DotBot/1.2; +https://opensiteexplorer.org/dotbot; help@moz.com)"
216.244.66.249 - - [22/Nov/2024:14:09:39 -0800] "GET /aquatics-gb-swimming-championships-oliver-morgan-breaks-british-100m-backstroke-record-to-reach-olympics/ HTTP/1.0" 200 - "-" "Mozilla/5.0 (compatible; DotBot/1.2; +https://opensiteexplorer.org/dotbot; help@moz.com)"
216.244.66.249 - - [22/Nov/2024:14:09:40 -0800] "GET /author/a3349e94e6805ca3e0a8713aac19e8f5/feed/ HTTP/1.0" 200 - "-" "Mozilla/5.0 (compatible; DotBot/1.2; +https://opensiteexplorer.org/dotbot; help@moz.com)"
216.244.66.249 - - [22/Nov/2024:14:09:41 -0800] "GET /author/jessica_dickler/ HTTP/1.0" 200 - "-" "Mozilla/5.0 (compatible; DotBot/1.2; +https://opensiteexplorer.org/dotbot; help@moz.com)"
216.244.66.249 - - [22/Nov/2024:14:09:42 -0800] "GET /racing-driver-and-businessman-took-his-own-life/ HTTP/1.0" 200 - "-" "Mozilla/5.0 (compatible; DotBot/1.2; +https://opensiteexplorer.org/dotbot; help@moz.com)"
216.244.66.249 - - [22/Nov/2024:14:09:45 -0800] "GET /arrest-after-drain-cover-dropped-from-bridge-hits-car/ HTTP/1.0" 200 - "-" "Mozilla/5.0 (compatible; DotBot/1.2; +https://opensiteexplorer.org/dotbot; help@moz.com)"
216.244.66.249 - - [22/Nov/2024:14:09:46 -0800] "GET /bollywood-meets-ballots-reel-and-real-in-indian-elections/ HTTP/1.0" 200 - "-" "Mozilla/5.0 (compatible; DotBot/1.2; +https://opensiteexplorer.org/dotbot; help@moz.com)"
216.244.66.249 - - [22/Nov/2024:14:09:48 -0800] "GET /category/world-news/page/90/ HTTP/1.0" 200 - "-" "Mozilla/5.0 (compatible; DotBot/1.2; +https://opensiteexplorer.org/dotbot; help@moz.com)"
216.244.66.249 - - [22/Nov/2024:14:09:49 -0800] "GET /russell-crowe-and-ronan-keating-bring-star-power-to-muff/ HTTP/1.0" 200 - "-" "Mozilla/5.0 (compatible; DotBot/1.2; +https://opensiteexplorer.org/dotbot; help@moz.com)"
216.244.66.249 - - [22/Nov/2024:14:10:14 -0800] "GET /category/europe/page/40/ HTTP/1.0" 200 - "-" "Mozilla/5.0 (compatible; DotBot/1.2; +https://opensiteexplorer.org/dotbot; help@moz.com)"
216.244.66.249 - - [22/Nov/2024:14:10:16 -0800] "GET /category/soccer-categories/page/130/ HTTP/1.0" 200 - "-" "Mozilla/5.0 (compatible; DotBot/1.2; +https://opensiteexplorer.org/dotbot; help@moz.com)"
216.244.66.249 - - [22/Nov/2024:14:10:18 -0800] "GET /centuries-old-sunken-town-re-emerges-during-drought/ HTTP/1.0" 200 - "-" "Mozilla/5.0 (compatible; DotBot/1.2; +https://opensiteexplorer.org/dotbot; help@moz.com)"
216.244.66.249 - - [22/Nov/2024:14:10:20 -0800] "GET /team-to-win-form-news-107/ HTTP/1.0" 200 - "-" "Mozilla/5.0 (compatible; DotBot/1.2; +https://opensiteexplorer.org/dotbot; help@moz.com)"
216.244.66.249 - - [22/Nov/2024:14:10:21 -0800] "GET /the-most-romantic-hotels-in-the-cotswolds/ HTTP/1.0" 200 - "-" "Mozilla/5.0 (compatible; DotBot/1.2; +https://opensiteexplorer.org/dotbot; help@moz.com)"
57.141.0.23 - - [22/Nov/2024:14:12:41 -0800] "GET /wp-json/oembed/1.0/embed?url=https%3A%2F%2Flive2news.com%2Fmayank-yadav-demolishes-records-bengaluru-handed-another-home-loss%2F HTTP/1.0" 200 - "-" "meta-externalagent/1.1 (+https://developers.facebook.com/docs/sharing/webmasters/crawler)"
17.241.75.66 - - [22/Nov/2024:14:14:20 -0800] "GET /stocks-are-in-their-longest-stretch-without-a-2-sell-off-since-the-financial-crisis/ HTTP/1.0" 200 - "-" "Mozilla/5.0 (Macintosh; Intel Mac OS X 10_15_7) AppleWebKit/605.1.15 (KHTML, like Gecko) Version/17.4 Safari/605.1.15 (Applebot/0.1; +http://www.apple.com/go/applebot)"
95.108.213.238 - - [22/Nov/2024:14:14:28 -0800] "GET /post-sitemap46.xml HTTP/1.0" 200 161693 "-" "Mozilla/5.0 (compatible; YandexBot/3.0; +http://yandex.com/bots)"
57.141.0.8 - - [22/Nov/2024:14:18:32 -0800] "GET /?p=63279 HTTP/1.0" 200 - "-" "meta-externalagent/1.1 (+https://developers.facebook.com/docs/sharing/webmasters/crawler)"
209.182.200.39 - - [22/Nov/2024:14:19:34 -0800] "POST /wp-cron.php?doing_wp_cron=1732313974.3882980346679687500000 HTTP/1.0" 200 - "-" "WordPress/6.6.2; https://live2news.com"
209.182.200.39 - - [22/Nov/2024:14:19:34 -0800] "GET /wp-content/themes/newscore/assets/images/login-logo.png HTTP/1.0" 200 5193 "-" "-"
57.141.0.8 - - [22/Nov/2024:14:19:32 -0800] "GET /wp-login.php?redirect_to=https%3A%2F%2Flive2news.com%2Fone-dead-5-rescued-when-boat-overturns-off-l-a-county-coast%2F HTTP/1.0" 200 7032 "-" "meta-externalagent/1.1 (+https://developers.facebook.com/docs/sharing/webmasters/crawler)"
192.0.87.71 - - [22/Nov/2024:14:20:38 -0800] "GET /?rest_route=%2Fjetpack%2Fv4%2Fsync%2Fstatus&_for=jetpack&token=DKSa%40K2fjjc%40bMn%2AWKSgtdbi4n%25MRjIO%3A1%3A0&timestamp=1732314038&nonce=7D1CWKWKjs&body-hash&signature=oNF5xpLkc3y3bwXfzS0CKgjFo6o%3D HTTP/1.0" 200 - "https://live2news.com/?rest_route=%2Fjetpack%2Fv4%2Fsync%2Fstatus&_for=jetpack&token=DKSa%40K2fjjc%40bMn%2AWKSgtdbi4n%25MRjIO%3A1%3A0&timestamp=1732314038&nonce=7D1CWKWKjs&body-hash&signature=oNF5xpLkc3y3bwXfzS0CKgjFo6o%3D" "Jetpack by WordPress.com"
57.141.0.12 - - [22/Nov/2024:14:22:33 -0800] "GET /wp-json/oembed/1.0/embed?url=https%3A%2F%2Flive2news.com%2Fselectors-to-go-to-kakul-to-convince-star-to-accept-pakistan-captaincy%2F HTTP/1.0" 200 - "-" "meta-externalagent/1.1 (+https://developers.facebook.com/docs/sharing/webmasters/crawler)"
216.244.66.249 - - [22/Nov/2024:14:23:39 -0800] "GET /category/breaking-news/page/117/ HTTP/1.0" 200 - "-" "Mozilla/5.0 (compatible; DotBot/1.2; +https://opensiteexplorer.org/dotbot; help@moz.com)"
216.244.66.249 - - [22/Nov/2024:14:23:43 -0800] "GET /category/sports/page/169/ HTTP/1.0" 200 - "-" "Mozilla/5.0 (compatible; DotBot/1.2; +https://opensiteexplorer.org/dotbot; help@moz.com)"
216.244.66.249 - - [22/Nov/2024:14:23:46 -0800] "GET /sri-lankas-dhananjaya-de-silva-and-kamindu-mendis-defy-england-in-third-test/ HTTP/1.0" 200 - "-" "Mozilla/5.0 (compatible; DotBot/1.2; +https://opensiteexplorer.org/dotbot; help@moz.com)"
216.244.66.249 - - [22/Nov/2024:14:23:49 -0800] "GET /teddy-bears-with-hearing-aids-given-to-children-in-hospital/ HTTP/1.0" 200 - "-" "Mozilla/5.0 (compatible; DotBot/1.2; +https://opensiteexplorer.org/dotbot; help@moz.com)"
216.244.66.249 - - [22/Nov/2024:14:23:51 -0800] "GET /were-not-intimidated-molotov-cocktail-thrown-inside-montreal-restaurant-montreal/ HTTP/1.0" 200 - "-" "Mozilla/5.0 (compatible; DotBot/1.2; +https://opensiteexplorer.org/dotbot; help@moz.com)"
216.244.66.249 - - [22/Nov/2024:14:24:05 -0800] "GET /2-years-after-women-stood-up-to-iranian-regime-little-to-show-for-canadas-sanctions-national/ HTTP/1.0" 200 - "-" "Mozilla/5.0 (compatible; DotBot/1.2; +https://opensiteexplorer.org/dotbot; help@moz.com)"
216.244.66.249 - - [22/Nov/2024:14:24:06 -0800] "GET /california-pays-meth-users-up-to-599-a-year-to-get-sober/ HTTP/1.0" 200 - "-" "Mozilla/5.0 (compatible; DotBot/1.2; +https://opensiteexplorer.org/dotbot; help@moz.com)"
216.244.66.249 - - [22/Nov/2024:14:24:07 -0800] "GET /eminems-the-death-of-slim-shady-album-a-mixed-bag-say-critics/ HTTP/1.0" 200 - "-" "Mozilla/5.0 (compatible; DotBot/1.2; +https://opensiteexplorer.org/dotbot; help@moz.com)"
216.244.66.249 - - [22/Nov/2024:14:24:08 -0800] "GET /madurai-team-sans-washington-sundar-to-go-up-from-bottom-of-the-table/ HTTP/1.0" 200 - "-" "Mozilla/5.0 (compatible; DotBot/1.2; +https://opensiteexplorer.org/dotbot; help@moz.com)"
216.244.66.249 - - [22/Nov/2024:14:24:09 -0800] "GET /womans-body-found-after-fire-in-birmingham-home/ HTTP/1.0" 200 - "-" "Mozilla/5.0 (compatible; DotBot/1.2; +https://opensiteexplorer.org/dotbot; help@moz.com)"
216.244.66.249 - - [22/Nov/2024:14:24:13 -0800] "GET /author/keith_baldrey/ HTTP/1.0" 200 - "-" "Mozilla/5.0 (compatible; DotBot/1.2; +https://opensiteexplorer.org/dotbot; help@moz.com)"
216.244.66.249 - - [22/Nov/2024:14:24:14 -0800] "GET /category/asia/page/1/ HTTP/1.0" 200 - "-" "Mozilla/5.0 (compatible; DotBot/1.2; +https://opensiteexplorer.org/dotbot; help@moz.com)"
216.244.66.249 - - [22/Nov/2024:14:24:16 -0800] "GET /solihull-woman-searching-for-twins-grave-wants-government-apology/ HTTP/1.0" 200 - "-" "Mozilla/5.0 (compatible; DotBot/1.2; +https://opensiteexplorer.org/dotbot; help@moz.com)"
208.92.218.66 - - [22/Nov/2024:14:24:41 -0800] "GET /feed/ HTTP/1.0" 200 - "-" "Mozilla/5.0 (Windows NT 10.0; Win64; x64) AppleWebKit/537.36 (KHTML, like Gecko) Chrome/70.0.3538.102 Safari/537.36"
216.244.66.249 - - [22/Nov/2024:14:24:41 -0800] "GET /author/emma_cook/ HTTP/1.0" 200 - "-" "Mozilla/5.0 (compatible; DotBot/1.2; +https://opensiteexplorer.org/dotbot; help@moz.com)"
216.244.66.249 - - [22/Nov/2024:14:24:42 -0800] "GET /autos-analysts-pick-who-can-survive-chinas-cut-throat-ev-market/ HTTP/1.0" 200 - "-" "Mozilla/5.0 (compatible; DotBot/1.2; +https://opensiteexplorer.org/dotbot; help@moz.com)"
216.244.66.249 - - [22/Nov/2024:14:24:43 -0800] "GET /category/soccer-categories/page/52/ HTTP/1.0" 200 - "-" "Mozilla/5.0 (compatible; DotBot/1.2; +https://opensiteexplorer.org/dotbot; help@moz.com)"
216.244.66.249 - - [22/Nov/2024:14:24:44 -0800] "GET /one-mentally-ill-mans-fight-for-assisted-dying-in-canada/ HTTP/1.0" 200 - "-" "Mozilla/5.0 (compatible; DotBot/1.2; +https://opensiteexplorer.org/dotbot; help@moz.com)"
208.92.218.66 - - [22/Nov/2024:14:25:41 -0800] "GET /feed/ HTTP/1.0" 200 - "-" "Mozilla/5.0 (Windows NT 10.0; Win64; x64) AppleWebKit/537.36 (KHTML, like Gecko) Chrome/70.0.3538.102 Safari/537.36"
52.167.144.167 - - [22/Nov/2024:14:25:46 -0800] "GET /2024-presidential-election-results-live-updates/ HTTP/1.0" 200 - "-" "Mozilla/5.0 AppleWebKit/537.36 (KHTML, like Gecko; compatible; bingbot/2.0; +http://www.bing.com/bingbot.htm) Chrome/116.0.1938.76 Safari/537.36"
208.92.218.66 - - [22/Nov/2024:14:28:11 -0800] "GET /feed/ HTTP/1.0" 200 - "-" "Mozilla/5.0 (Windows NT 10.0; Win64; x64) AppleWebKit/537.36 (KHTML, like Gecko) Chrome/70.0.3538.102 Safari/537.36"
208.92.218.66 - - [22/Nov/2024:14:28:41 -0800] "GET /feed/ HTTP/1.0" 200 - "-" "Mozilla/5.0 (Windows NT 10.0; Win64; x64) AppleWebKit/537.36 (KHTML, like Gecko) Chrome/70.0.3538.102 Safari/537.36"
114.119.156.185 - - [22/Nov/2024:14:31:10 -0800] "GET /arsenal-v-bayern-munich-can-harry-kane-haunt-gunners-again-in-champions-league-last-eight/ HTTP/1.0" 200 - "https://live2news.com/man-captures-incredible-footage-of-phenomenon-from-plane/" "Mozilla/5.0 (Linux; Android 7.0;) AppleWebKit/537.36 (KHTML, like Gecko) Mobile Safari/537.36 (compatible; PetalBot;+https://webmaster.petalsearch.com/site/petalbot)"
85.208.96.204 - - [22/Nov/2024:14:31:36 -0800] "GET /robots.txt HTTP/1.0" 200 67 "-" "Mozilla/5.0 (compatible; SemrushBot/7~bl; +http://www.semrush.com/bot.html)"
185.191.171.16 - - [22/Nov/2024:14:31:38 -0800] "GET /my-rail-journey-to-naples-and-pompeii-to-chase-the-last-rays-of-sun-naples-holidays/ HTTP/1.0" 200 - "-" "Mozilla/5.0 (compatible; SemrushBot/7~bl; +http://www.semrush.com/bot.html)"
173.252.87.16 - - [22/Nov/2024:14:31:45 -0800] "GET /robots.txt HTTP/1.0" 200 67 "-" "facebookexternalhit/1.1 (+http://www.facebook.com/externalhit_uatext.php)"
57.141.0.30 - - [22/Nov/2024:14:31:46 -0800] "GET /?p=60139 HTTP/1.0" 200 - "-" "meta-externalagent/1.1 (+https://developers.facebook.com/docs/sharing/webmasters/crawler)"
208.92.218.66 - - [22/Nov/2024:14:31:56 -0800] "GET /feed/ HTTP/1.0" 200 - "-" "Mozilla/5.0 (Windows NT 10.0; Win64; x64) AppleWebKit/537.36 (KHTML, like Gecko) Chrome/70.0.3538.102 Safari/537.36"
208.92.218.66 - - [22/Nov/2024:14:32:42 -0800] "GET /feed/ HTTP/1.0" 200 - "-" "Mozilla/5.0 (Windows NT 10.0; Win64; x64) AppleWebKit/537.36 (KHTML, like Gecko) Chrome/70.0.3538.102 Safari/537.36"
208.92.218.66 - - [22/Nov/2024:14:33:22 -0800] "GET /feed/ HTTP/1.0" 200 - "-" "Mozilla/5.0 (Windows NT 10.0; Win64; x64) AppleWebKit/537.36 (KHTML, like Gecko) Chrome/70.0.3538.102 Safari/537.36"
17.241.75.86 - - [22/Nov/2024:14:34:17 -0800] "GET /map-shows-florida-dengue-cases-after-health-warning/ HTTP/1.0" 200 - "-" "Mozilla/5.0 (Macintosh; Intel Mac OS X 10_15_7) AppleWebKit/605.1.15 (KHTML, like Gecko) Version/17.4 Safari/605.1.15 (Applebot/0.1; +http://www.apple.com/go/applebot)"
209.182.200.39 - - [22/Nov/2024:14:34:48 -0800] "POST /wp-cron.php?doing_wp_cron=1732314888.4686539173126220703125 HTTP/1.0" 200 - "-" "WordPress/6.6.2; https://live2news.com"
209.182.200.39 - - [22/Nov/2024:14:34:48 -0800] "GET /wp-content/themes/newscore/assets/images/login-logo.png HTTP/1.0" 200 5193 "-" "-"
57.141.0.14 - - [22/Nov/2024:14:34:45 -0800] "GET /wp-login.php?redirect_to=https%3A%2F%2Flive2news.com%2Fformer-snp-council-leader-in-court-on-sex-offences-charges%2F HTTP/1.0" 200 7031 "-" "meta-externalagent/1.1 (+https://developers.facebook.com/docs/sharing/webmasters/crawler)"
57.141.0.22 - - [22/Nov/2024:14:37:19 -0800] "GET /category/sports/ HTTP/1.0" 200 - "-" "meta-externalagent/1.1 (+https://developers.facebook.com/docs/sharing/webmasters/crawler)"
114.119.132.18 - - [22/Nov/2024:14:37:43 -0800] "GET /coinbase-plans-to-launch-futures-trading-for-dogecoin-lauds-memecoins-transition-over-years/ HTTP/1.0" 200 - "https://live2news.com/sam-altmans-reddit-stake-worth-over-600-million-after-nyse-debut/" "Mozilla/5.0 (Linux; Android 7.0;) AppleWebKit/537.36 (KHTML, like Gecko) Mobile Safari/537.36 (compatible; PetalBot;+https://webmaster.petalsearch.com/site/petalbot)"
209.182.200.39 - - [22/Nov/2024:14:38:06 -0800] "POST /wp-cron.php?doing_wp_cron=1732315086.3221449851989746093750 HTTP/1.0" 403 228 "-" "WordPress/6.6.2; https://live2news.com"
209.182.200.39 - - [22/Nov/2024:14:38:06 -0800] "GET /wp-content/themes/newscore/assets/images/login-logo.png HTTP/1.0" 200 5193 "-" "-"
57.141.0.27 - - [22/Nov/2024:14:38:04 -0800] "GET /wp-login.php?redirect_to=https%3A%2F%2Flive2news.com%2F76ers-star-paul-george-expected-to-make-2024-season-debut-vs-suns%2F HTTP/1.0" 200 7038 "-" "meta-externalagent/1.1 (+https://developers.facebook.com/docs/sharing/webmasters/crawler)"
208.92.218.66 - - [22/Nov/2024:14:38:21 -0800] "GET /feed/ HTTP/1.0" 200 - "-" "Mozilla/5.0 (Windows NT 10.0; Win64; x64) AppleWebKit/537.36 (KHTML, like Gecko) Chrome/70.0.3538.102 Safari/537.36"
208.92.218.66 - - [22/Nov/2024:14:38:48 -0800] "GET /feed/ HTTP/1.0" 200 - "-" "Mozilla/5.0 (Windows NT 10.0; Win64; x64) AppleWebKit/537.36 (KHTML, like Gecko) Chrome/70.0.3538.102 Safari/537.36"
57.141.0.3 - - [22/Nov/2024:14:39:03 -0800] "GET /wp-json/oembed/1.0/embed?url=https%3A%2F%2Flive2news.com%2Fyorkies-adorable-reaction-as-he-realizes-hes-at-grandads-door%2F HTTP/1.0" 200 - "-" "meta-externalagent/1.1 (+https://developers.facebook.com/docs/sharing/webmasters/crawler)"
57.141.0.10 - - [22/Nov/2024:14:41:27 -0800] "GET /wp-json/wp/v2/posts/34034 HTTP/1.0" 200 - "-" "meta-externalagent/1.1 (+https://developers.facebook.com/docs/sharing/webmasters/crawler)"
57.141.0.7 - - [22/Nov/2024:14:42:08 -0800] "GET /wp-json/wp/v2/posts/169515 HTTP/1.0" 200 - "-" "meta-externalagent/1.1 (+https://developers.facebook.com/docs/sharing/webmasters/crawler)"
208.92.218.66 - - [22/Nov/2024:14:43:42 -0800] "GET /feed/ HTTP/1.0" 200 - "-" "Mozilla/5.0 (Windows NT 10.0; Win64; x64) AppleWebKit/537.36 (KHTML, like Gecko) Chrome/70.0.3538.102 Safari/537.36"
208.92.218.66 - - [22/Nov/2024:14:43:47 -0800] "GET /feed/ HTTP/1.0" 200 - "-" "Mozilla/5.0 (Windows NT 10.0; Win64; x64) AppleWebKit/537.36 (KHTML, like Gecko) Chrome/70.0.3538.102 Safari/537.36"
208.92.218.66 - - [22/Nov/2024:14:45:47 -0800] "GET /feed/ HTTP/1.0" 200 - "-" "Mozilla/5.0 (Windows NT 10.0; Win64; x64) AppleWebKit/537.36 (KHTML, like Gecko) Chrome/70.0.3538.102 Safari/537.36"
209.182.200.39 - - [22/Nov/2024:14:46:08 -0800] "POST /wp-cron.php?doing_wp_cron=1732315568.5540421009063720703125 HTTP/1.0" 403 228 "-" "WordPress/6.6.2; https://live2news.com"
209.182.200.39 - - [22/Nov/2024:14:46:08 -0800] "GET /wp-content/themes/newscore/assets/images/login-logo.png HTTP/1.0" 200 5193 "-" "-"
57.141.0.18 - - [22/Nov/2024:14:46:07 -0800] "GET /wp-login.php?redirect_to=https%3A%2F%2Flive2news.com%2Fa-shift-to-renewable-energy-is-hopeless-without-efficiencies-environmentalist-says%2F HTTP/1.0" 200 7055 "-" "meta-externalagent/1.1 (+https://developers.facebook.com/docs/sharing/webmasters/crawler)"
208.92.218.66 - - [22/Nov/2024:14:46:30 -0800] "GET /feed/ HTTP/1.0" 200 - "-" "Mozilla/5.0 (Windows NT 10.0; Win64; x64) AppleWebKit/537.36 (KHTML, like Gecko) Chrome/70.0.3538.102 Safari/537.36"
208.92.218.66 - - [22/Nov/2024:14:46:34 -0800] "GET /feed/ HTTP/1.0" 200 - "-" "Mozilla/5.0 (Windows NT 10.0; Win64; x64) AppleWebKit/537.36 (KHTML, like Gecko) Chrome/70.0.3538.102 Safari/537.36"
57.141.0.14 - - [22/Nov/2024:14:46:49 -0800] "GET /wp-json/wp/v2/posts/22638 HTTP/1.0" 200 - "-" "meta-externalagent/1.1 (+https://developers.facebook.com/docs/sharing/webmasters/crawler)"
208.92.218.66 - - [22/Nov/2024:14:46:58 -0800] "GET /feed/ HTTP/1.0" 200 - "-" "Mozilla/5.0 (Windows NT 10.0; Win64; x64) AppleWebKit/537.36 (KHTML, like Gecko) Chrome/70.0.3538.102 Safari/537.36"
216.244.66.249 - - [22/Nov/2024:14:48:17 -0800] "GET /robots.txt HTTP/1.0" 200 66 "-" "Mozilla/5.0 (compatible; DotBot/1.2; +https://opensiteexplorer.org/dotbot; help@moz.com)"
208.92.218.66 - - [22/Nov/2024:14:48:27 -0800] "GET /feed/ HTTP/1.0" 200 - "-" "Mozilla/5.0 (Windows NT 10.0; Win64; x64) AppleWebKit/537.36 (KHTML, like Gecko) Chrome/70.0.3538.102 Safari/537.36"
57.141.0.22 - - [22/Nov/2024:14:50:00 -0800] "GET /?p=76305 HTTP/1.0" 200 - "-" "meta-externalagent/1.1 (+https://developers.facebook.com/docs/sharing/webmasters/crawler)"
208.92.218.66 - - [22/Nov/2024:14:50:43 -0800] "GET /feed/ HTTP/1.0" 200 - "-" "Mozilla/5.0 (Windows NT 10.0; Win64; x64) AppleWebKit/537.36 (KHTML, like Gecko) Chrome/70.0.3538.102 Safari/537.36"
216.244.66.249 - - [22/Nov/2024:14:52:02 -0800] "GET /top-senators-call-for-federal-probe-into-musks-contact-with-putin/ HTTP/1.0" 200 - "-" "Mozilla/5.0 (compatible; DotBot/1.2; +https://opensiteexplorer.org/dotbot; help@moz.com)"
216.244.66.249 - - [22/Nov/2024:14:52:12 -0800] "GET /suicide-bomber-attacks-brasilias-key-square-mercopress/ HTTP/1.0" 200 - "-" "Mozilla/5.0 (compatible; DotBot/1.2; +https://opensiteexplorer.org/dotbot; help@moz.com)"
216.244.66.249 - - [22/Nov/2024:14:52:17 -0800] "GET /lg-unveils-stretchable-display-with-50-percent-rate-of-elongation/ HTTP/1.0" 200 - "-" "Mozilla/5.0 (compatible; DotBot/1.2; +https://opensiteexplorer.org/dotbot; help@moz.com)"
216.244.66.249 - - [22/Nov/2024:14:52:21 -0800] "GET /windows-11-isos-for-arm-based-pcs-and-virtual-machines-released-by-microsoft/ HTTP/1.0" 200 - "-" "Mozilla/5.0 (compatible; DotBot/1.2; +https://opensiteexplorer.org/dotbot; help@moz.com)"
216.244.66.249 - - [22/Nov/2024:14:52:24 -0800] "GET /winnipegs-downtown-arena-still-going-strong-at-20-winnipeg/ HTTP/1.0" 200 - "-" "Mozilla/5.0 (compatible; DotBot/1.2; +https://opensiteexplorer.org/dotbot; help@moz.com)"
216.244.66.249 - - [22/Nov/2024:14:52:28 -0800] "GET /dockyard-searching-for-chief-scorpion-wrangler/ HTTP/1.0" 200 - "-" "Mozilla/5.0 (compatible; DotBot/1.2; +https://opensiteexplorer.org/dotbot; help@moz.com)"
216.244.66.249 - - [22/Nov/2024:14:52:31 -0800] "GET /pet-owner-delighted-as-cat-found-after-five-years/ HTTP/1.0" 200 - "-" "Mozilla/5.0 (compatible; DotBot/1.2; +https://opensiteexplorer.org/dotbot; help@moz.com)"
216.244.66.249 - - [22/Nov/2024:14:52:36 -0800] "GET /a-look-back-at-the-first-week-of-canvassing/ HTTP/1.0" 200 - "-" "Mozilla/5.0 (compatible; DotBot/1.2; +https://opensiteexplorer.org/dotbot; help@moz.com)"
216.244.66.249 - - [22/Nov/2024:14:52:38 -0800] "GET /mike-tyson-predicted-to-go-the-distance-in-betting-market/ HTTP/1.0" 200 - "-" "Mozilla/5.0 (compatible; DotBot/1.2; +https://opensiteexplorer.org/dotbot; help@moz.com)"
216.244.66.249 - - [22/Nov/2024:14:52:40 -0800] "GET /unacceptable-measles-death-toll-map-shows-where-cases-are-surging/ HTTP/1.0" 200 - "-" "Mozilla/5.0 (compatible; DotBot/1.2; +https://opensiteexplorer.org/dotbot; help@moz.com)"
216.244.66.249 - - [22/Nov/2024:14:52:42 -0800] "GET /eguavoen-declares-super-eagles-readiness-to-beat-cheetahs/ HTTP/1.0" 200 - "-" "Mozilla/5.0 (compatible; DotBot/1.2; +https://opensiteexplorer.org/dotbot; help@moz.com)"
216.244.66.249 - - [22/Nov/2024:14:52:45 -0800] "GET /the-top-expenses-pushing-millions-of-americans-into-poverty/ HTTP/1.0" 200 - "-" "Mozilla/5.0 (compatible; DotBot/1.2; +https://opensiteexplorer.org/dotbot; help@moz.com)"
216.244.66.249 - - [22/Nov/2024:14:52:49 -0800] "GET /kl-rahul-puts-ball-in-rcbs-court-expresses-desire-to-return-ahead-of-ipl-2025-auction/ HTTP/1.0" 200 - "-" "Mozilla/5.0 (compatible; DotBot/1.2; +https://opensiteexplorer.org/dotbot; help@moz.com)"
216.244.66.249 - - [22/Nov/2024:14:52:50 -0800] "GET /usmnt-vs-jamaica-live-stream-where-to-watch-nations-league-online-prediction-tv-channel-time-news-odds/ HTTP/1.0" 200 - "-" "Mozilla/5.0 (compatible; DotBot/1.2; +https://opensiteexplorer.org/dotbot; help@moz.com)"
216.244.66.249 - - [22/Nov/2024:14:52:56 -0800] "GET /how-to-watch-packers-vs-bears-live-stream-nfl-tv-channel/ HTTP/1.0" 200 - "-" "Mozilla/5.0 (compatible; DotBot/1.2; +https://opensiteexplorer.org/dotbot; help@moz.com)"
216.244.66.249 - - [22/Nov/2024:14:52:58 -0800] "GET /miscarriage-causing-silent-trauma-for-women-and-partners-in-ni/ HTTP/1.0" 200 - "-" "Mozilla/5.0 (compatible; DotBot/1.2; +https://opensiteexplorer.org/dotbot; help@moz.com)"
216.244.66.249 - - [22/Nov/2024:14:53:00 -0800] "GET /altincham-asylum-seeker-hotel-decision-debated-by-local-residents/ HTTP/1.0" 200 - "-" "Mozilla/5.0 (compatible; DotBot/1.2; +https://opensiteexplorer.org/dotbot; help@moz.com)"
216.244.66.249 - - [22/Nov/2024:14:53:02 -0800] "GET /trumps-transition-team-aims-to-kill-biden-ev-tax-credit-reuters/ HTTP/1.0" 200 - "-" "Mozilla/5.0 (compatible; DotBot/1.2; +https://opensiteexplorer.org/dotbot; help@moz.com)"
216.244.66.249 - - [22/Nov/2024:14:53:06 -0800] "GET /ac-milan-in-talks-with-real-madrid-for-25-year-old-star/ HTTP/1.0" 200 - "-" "Mozilla/5.0 (compatible; DotBot/1.2; +https://opensiteexplorer.org/dotbot; help@moz.com)"
216.244.66.249 - - [22/Nov/2024:14:53:09 -0800] "GET /tom-jordan-glasgow-warriors-back-to-join-bristol-bears/ HTTP/1.0" 200 - "-" "Mozilla/5.0 (compatible; DotBot/1.2; +https://opensiteexplorer.org/dotbot; help@moz.com)"
216.244.66.249 - - [22/Nov/2024:14:53:13 -0800] "GET /this-entrepreneur-started-a-100-million-business-called-patsnap/ HTTP/1.0" 200 - "-" "Mozilla/5.0 (compatible; DotBot/1.2; +https://opensiteexplorer.org/dotbot; help@moz.com)"
216.244.66.249 - - [22/Nov/2024:14:53:15 -0800] "GET /trump-victory-drives-gold-to-near-2-month-lows-as-investors-pile-into-equities-cryptocurrencies/ HTTP/1.0" 200 - "-" "Mozilla/5.0 (compatible; DotBot/1.2; +https://opensiteexplorer.org/dotbot; help@moz.com)"
216.244.66.249 - - [22/Nov/2024:14:53:34 -0800] "GET /judge-in-trumps-georgia-trial-raises-125000/ HTTP/1.0" 200 - "-" "Mozilla/5.0 (compatible; DotBot/1.2; +https://opensiteexplorer.org/dotbot; help@moz.com)"
216.244.66.249 - - [22/Nov/2024:14:53:35 -0800] "GET /rain-to-ruin-aus-vs-eng-match-at-the-kensington-oval/ HTTP/1.0" 200 - "-" "Mozilla/5.0 (compatible; DotBot/1.2; +https://opensiteexplorer.org/dotbot; help@moz.com)"
216.244.66.249 - - [22/Nov/2024:14:53:40 -0800] "GET /cowboys-and-rb-ezekiel-elliott-reportedly-reuniting-after-agreeing-to-deal/ HTTP/1.0" 200 - "-" "Mozilla/5.0 (compatible; DotBot/1.2; +https://opensiteexplorer.org/dotbot; help@moz.com)"
216.244.66.249 - - [22/Nov/2024:14:53:41 -0800] "GET /nasas-webb-reveals-sparkling-birth-of-universes-earliest-galaxies/ HTTP/1.0" 200 - "-" "Mozilla/5.0 (compatible; DotBot/1.2; +https://opensiteexplorer.org/dotbot; help@moz.com)"
216.244.66.249 - - [22/Nov/2024:14:53:44 -0800] "GET /paraguay-vs-argentina-prediction-match-preview-live-streaming-15-november-2024/ HTTP/1.0" 200 - "-" "Mozilla/5.0 (compatible; DotBot/1.2; +https://opensiteexplorer.org/dotbot; help@moz.com)"
57.141.0.12 - - [22/Nov/2024:14:53:45 -0800] "GET /?p=170160 HTTP/1.0" 200 - "-" "meta-externalagent/1.1 (+https://developers.facebook.com/docs/sharing/webmasters/crawler)"
216.244.66.249 - - [22/Nov/2024:14:53:46 -0800] "GET /saudi-aramco-upholds-dividend-despite-drop-in-first-quarter-profits/ HTTP/1.0" 200 - "-" "Mozilla/5.0 (compatible; DotBot/1.2; +https://opensiteexplorer.org/dotbot; help@moz.com)"
209.182.200.39 - - [22/Nov/2024:14:53:48 -0800] "POST /wp-cron.php?doing_wp_cron=1732316028.6640100479125976562500 HTTP/1.0" 403 228 "-" "WordPress/6.6.2; https://live2news.com"
209.182.200.39 - - [22/Nov/2024:14:53:48 -0800] "GET /wp-content/themes/newscore/assets/images/login-logo.png HTTP/1.0" 200 5193 "-" "-"
216.244.66.249 - - [22/Nov/2024:14:53:48 -0800] "GET /saying-the-stakes-could-not-be-higher-newsom-to-speak-at-vatican-climate-summit/ HTTP/1.0" 200 - "-" "Mozilla/5.0 (compatible; DotBot/1.2; +https://opensiteexplorer.org/dotbot; help@moz.com)"
57.141.0.17 - - [22/Nov/2024:14:53:47 -0800] "GET /wp-login.php?redirect_to=https%3A%2F%2Flive2news.com%2Fnintendo-launches-music-app-that-lets-you-stream-video-game-soundtracks%2F HTTP/1.0" 200 7044 "-" "meta-externalagent/1.1 (+https://developers.facebook.com/docs/sharing/webmasters/crawler)"
216.244.66.249 - - [22/Nov/2024:14:54:06 -0800] "GET /how-to-watch-commanders-vs-eagles-without-prime-live-stream-tv-channel/ HTTP/1.0" 200 - "-" "Mozilla/5.0 (compatible; DotBot/1.2; +https://opensiteexplorer.org/dotbot; help@moz.com)"
216.244.66.249 - - [22/Nov/2024:14:54:20 -0800] "GET /twitter-perplexed-as-sneaky-asadullas-greed-converts-mahedis-dead-ball-into-comical-wicket/ HTTP/1.0" 200 - "-" "Mozilla/5.0 (compatible; DotBot/1.2; +https://opensiteexplorer.org/dotbot; help@moz.com)"
216.244.66.249 - - [22/Nov/2024:14:54:37 -0800] "GET /author/deandre_hopkins/ HTTP/1.0" 200 - "-" "Mozilla/5.0 (compatible; DotBot/1.2; +https://opensiteexplorer.org/dotbot; help@moz.com)"
17.241.219.196 - - [22/Nov/2024:14:54:38 -0800] "GET /bola-tinubu-slips-over-as-nigeria-celebrates-democracy-day/ HTTP/1.0" 200 - "-" "Mozilla/5.0 (Macintosh; Intel Mac OS X 10_15_7) AppleWebKit/605.1.15 (KHTML, like Gecko) Version/17.4 Safari/605.1.15 (Applebot/0.1; +http://www.apple.com/go/applebot)"
57.141.0.22 - - [22/Nov/2024:14:54:50 -0800] "GET /?p=166760 HTTP/1.0" 200 - "-" "meta-externalagent/1.1 (+https://developers.facebook.com/docs/sharing/webmasters/crawler)"
185.191.171.16 - - [22/Nov/2024:14:54:51 -0800] "GET /mujica-makes-last-public-political-appearance-mercopress/ HTTP/1.0" 200 - "-" "Mozilla/5.0 (compatible; SemrushBot/7~bl; +http://www.semrush.com/bot.html)"
191.101.61.83 - - [22/Nov/2024:14:55:46 -0800] "GET /.env HTTP/1.0" 406 300 "-" "Mozilla/5.0 (Macintosh; Intel Mac OS X 10.15; rv:77.0) Gecko/20100101 Firefox/77.0"
208.92.218.66 - - [22/Nov/2024:14:56:14 -0800] "GET /feed/ HTTP/1.0" 200 - "-" "Mozilla/5.0 (Windows NT 10.0; Win64; x64) AppleWebKit/537.36 (KHTML, like Gecko) Chrome/70.0.3538.102 Safari/537.36"
208.92.218.66 - - [22/Nov/2024:14:56:34 -0800] "GET /feed/ HTTP/1.0" 200 - "-" "Mozilla/5.0 (Windows NT 10.0; Win64; x64) AppleWebKit/537.36 (KHTML, like Gecko) Chrome/70.0.3538.102 Safari/537.36"
216.244.66.249 - - [22/Nov/2024:14:58:04 -0800] "GET /author/894d926516a9ce732f63e973532d6ffa/ HTTP/1.0" 200 - "-" "Mozilla/5.0 (compatible; DotBot/1.2; +https://opensiteexplorer.org/dotbot; help@moz.com)"
208.92.218.66 - - [22/Nov/2024:14:58:06 -0800] "GET /feed/ HTTP/1.0" 200 - "-" "Mozilla/5.0 (Windows NT 10.0; Win64; x64) AppleWebKit/537.36 (KHTML, like Gecko) Chrome/70.0.3538.102 Safari/537.36"
208.92.218.66 - - [22/Nov/2024:14:58:19 -0800] "GET /feed/ HTTP/1.0" 200 - "-" "Mozilla/5.0 (Windows NT 10.0; Win64; x64) AppleWebKit/537.36 (KHTML, like Gecko) Chrome/70.0.3538.102 Safari/537.36"
114.119.155.64 - - [22/Nov/2024:14:58:37 -0800] "GET /caitlin-clark-makes-surprise-appearance-on-saturday-night-live/ HTTP/1.0" 200 - "https://live2news.com/osasuna-vs-valencia-predicted-lineups/" "Mozilla/5.0 (Linux; Android 7.0;) AppleWebKit/537.36 (KHTML, like Gecko) Mobile Safari/537.36 (compatible; PetalBot;+https://webmaster.petalsearch.com/site/petalbot)"
57.141.0.3 - - [22/Nov/2024:14:58:43 -0800] "GET /wp-json/oembed/1.0/embed?url=https%3A%2F%2Flive2news.com%2Fkoln-and-leipzig-celebrate-wins%2F HTTP/1.0" 200 - "-" "meta-externalagent/1.1 (+https://developers.facebook.com/docs/sharing/webmasters/crawler)"
208.92.218.66 - - [22/Nov/2024:14:58:58 -0800] "GET /feed/ HTTP/1.0" 200 - "-" "Mozilla/5.0 (Windows NT 10.0; Win64; x64) AppleWebKit/537.36 (KHTML, like Gecko) Chrome/70.0.3538.102 Safari/537.36"
208.92.218.66 - - [22/Nov/2024:14:59:21 -0800] "GET /feed/ HTTP/1.0" 200 - "-" "Mozilla/5.0 (Windows NT 10.0; Win64; x64) AppleWebKit/537.36 (KHTML, like Gecko) Chrome/70.0.3538.102 Safari/537.36"
208.92.218.66 - - [22/Nov/2024:14:59:39 -0800] "GET /feed/ HTTP/1.0" 200 - "-" "Mozilla/5.0 (Windows NT 10.0; Win64; x64) AppleWebKit/537.36 (KHTML, like Gecko) Chrome/70.0.3538.102 Safari/537.36"
216.244.66.249 - - [22/Nov/2024:14:59:52 -0800] "GET /carjacker-crashes-near-beverly-hills-tree-lighting-4-hurt-police-say/ HTTP/1.0" 200 - "-" "Mozilla/5.0 (compatible; DotBot/1.2; +https://opensiteexplorer.org/dotbot; help@moz.com)"
208.92.218.66 - - [22/Nov/2024:15:00:02 -0800] "GET /feed/ HTTP/1.0" 200 - "-" "Mozilla/5.0 (Windows NT 10.0; Win64; x64) AppleWebKit/537.36 (KHTML, like Gecko) Chrome/70.0.3538.102 Safari/537.36"
208.92.218.66 - - [22/Nov/2024:15:00:10 -0800] "GET /feed/ HTTP/1.0" 200 - "-" "Mozilla/5.0 (Windows NT 10.0; Win64; x64) AppleWebKit/537.36 (KHTML, like Gecko) Chrome/70.0.3538.102 Safari/537.36"
216.244.66.249 - - [22/Nov/2024:15:00:16 -0800] "GET /watch-given-to-captain-who-saved-700-titanic-survivors-sells-for-1-56m/ HTTP/1.0" 200 - "-" "Mozilla/5.0 (compatible; DotBot/1.2; +https://opensiteexplorer.org/dotbot; help@moz.com)"
57.141.0.13 - - [22/Nov/2024:15:00:45 -0800] "GET /?p=56221 HTTP/1.0" 200 - "-" "meta-externalagent/1.1 (+https://developers.facebook.com/docs/sharing/webmasters/crawler)"
208.92.218.66 - - [22/Nov/2024:15:01:40 -0800] "GET /feed/ HTTP/1.0" 200 - "-" "Mozilla/5.0 (Windows NT 10.0; Win64; x64) AppleWebKit/537.36 (KHTML, like Gecko) Chrome/70.0.3538.102 Safari/537.36"
17.241.227.194 - - [22/Nov/2024:15:01:45 -0800] "GET /author/russell_joy__sports_betting_dime/ HTTP/1.0" 200 - "-" "Mozilla/5.0 (Macintosh; Intel Mac OS X 10_15_7) AppleWebKit/605.1.15 (KHTML, like Gecko) Version/17.4 Safari/605.1.15 (Applebot/0.1; +http://www.apple.com/go/applebot)"
208.92.218.66 - - [22/Nov/2024:15:01:53 -0800] "GET /feed/ HTTP/1.0" 200 - "-" "Mozilla/5.0 (Windows NT 10.0; Win64; x64) AppleWebKit/537.36 (KHTML, like Gecko) Chrome/70.0.3538.102 Safari/537.36"
208.92.218.66 - - [22/Nov/2024:15:04:03 -0800] "GET /feed/ HTTP/1.0" 200 - "-" "Mozilla/5.0 (Windows NT 10.0; Win64; x64) AppleWebKit/537.36 (KHTML, like Gecko) Chrome/70.0.3538.102 Safari/537.36"
209.182.200.39 - - [22/Nov/2024:15:04:12 -0800] "POST /wp-cron.php?doing_wp_cron=1732316652.0459370613098144531250 HTTP/1.0" 403 228 "-" "WordPress/6.6.2; https://live2news.com"
209.182.200.39 - - [22/Nov/2024:15:04:12 -0800] "GET /wp-content/themes/newscore/assets/images/login-logo.png HTTP/1.0" 200 5193 "-" "-"
57.141.0.3 - - [22/Nov/2024:15:04:07 -0800] "GET /wp-login.php?redirect_to=https%3A%2F%2Flive2news.com%2Fhighly-complex-operation-low-tide-pauses-b-c-orca-rescue-efforts-bc%2F HTTP/1.0" 200 7040 "-" "meta-externalagent/1.1 (+https://developers.facebook.com/docs/sharing/webmasters/crawler)"
208.92.218.66 - - [22/Nov/2024:15:04:22 -0800] "GET /feed/ HTTP/1.0" 200 - "-" "Mozilla/5.0 (Windows NT 10.0; Win64; x64) AppleWebKit/537.36 (KHTML, like Gecko) Chrome/70.0.3538.102 Safari/537.36"
208.92.218.66 - - [22/Nov/2024:15:04:27 -0800] "GET /feed/ HTTP/1.0" 200 - "-" "Mozilla/5.0 (Windows NT 10.0; Win64; x64) AppleWebKit/537.36 (KHTML, like Gecko) Chrome/70.0.3538.102 Safari/537.36"
208.92.218.66 - - [22/Nov/2024:15:04:44 -0800] "GET /feed/ HTTP/1.0" 200 - "-" "Mozilla/5.0 (Windows NT 10.0; Win64; x64) AppleWebKit/537.36 (KHTML, like Gecko) Chrome/70.0.3538.102 Safari/537.36"
216.244.66.249 - - [22/Nov/2024:15:05:00 -0800] "GET /author/tom_gerken/ HTTP/1.0" 200 - "-" "Mozilla/5.0 (compatible; DotBot/1.2; +https://opensiteexplorer.org/dotbot; help@moz.com)"
208.92.218.66 - - [22/Nov/2024:15:05:29 -0800] "GET /feed/ HTTP/1.0" 200 - "-" "Mozilla/5.0 (Windows NT 10.0; Win64; x64) AppleWebKit/537.36 (KHTML, like Gecko) Chrome/70.0.3538.102 Safari/537.36"
17.241.75.41 - - [22/Nov/2024:15:06:21 -0800] "GET /kilkenny-worlds-apart-from-antrim-in-championship-opener-gleeson/ HTTP/1.0" 200 - "-" "Mozilla/5.0 (Macintosh; Intel Mac OS X 10_15_7) AppleWebKit/605.1.15 (KHTML, like Gecko) Version/17.4 Safari/605.1.15 (Applebot/0.1; +http://www.apple.com/go/applebot)"
216.244.66.249 - - [22/Nov/2024:15:06:52 -0800] "GET /google-pixel-buds-pro-2-charging-case-battery-specifications-surface-on-certification-websites-report/ HTTP/1.0" 200 - "-" "Mozilla/5.0 (compatible; DotBot/1.2; +https://opensiteexplorer.org/dotbot; help@moz.com)"
216.244.66.249 - - [22/Nov/2024:15:06:54 -0800] "GET /erupee-cbdc-has-amassed-5-million-users-in-retail-pilot-set-for-more-programmability-rbi-governor/ HTTP/1.0" 200 - "-" "Mozilla/5.0 (compatible; DotBot/1.2; +https://opensiteexplorer.org/dotbot; help@moz.com)"
216.244.66.249 - - [22/Nov/2024:15:06:57 -0800] "GET /tourism-in-northern-ireland-visitors-from-republic-triple/ HTTP/1.0" 200 - "-" "Mozilla/5.0 (compatible; DotBot/1.2; +https://opensiteexplorer.org/dotbot; help@moz.com)"
216.244.66.249 - - [22/Nov/2024:15:07:03 -0800] "GET /author/mark_davis/ HTTP/1.0" 200 - "-" "Mozilla/5.0 (compatible; DotBot/1.2; +https://opensiteexplorer.org/dotbot; help@moz.com)"
216.244.66.249 - - [22/Nov/2024:15:07:04 -0800] "GET /murdered-boys-mum-begs-witnesses-to-come-forward/ HTTP/1.0" 200 - "-" "Mozilla/5.0 (compatible; DotBot/1.2; +https://opensiteexplorer.org/dotbot; help@moz.com)"
216.244.66.249 - - [22/Nov/2024:15:07:05 -0800] "GET /south-korea-gdp-yen-weakens/ HTTP/1.0" 200 - "-" "Mozilla/5.0 (compatible; DotBot/1.2; +https://opensiteexplorer.org/dotbot; help@moz.com)"
57.141.0.14 - - [22/Nov/2024:15:07:05 -0800] "GET /wp-json/wp/v2/posts/170487 HTTP/1.0" 200 - "-" "meta-externalagent/1.1 (+https://developers.facebook.com/docs/sharing/webmasters/crawler)"
216.244.66.249 - - [22/Nov/2024:15:07:05 -0800] "GET /the-best-edinburgh-spa-hotels/ HTTP/1.0" 200 - "-" "Mozilla/5.0 (compatible; DotBot/1.2; +https://opensiteexplorer.org/dotbot; help@moz.com)"
216.244.66.249 - - [22/Nov/2024:15:07:07 -0800] "GET /uk-ambassador-left-post-after-pointing-gun-at-staff/ HTTP/1.0" 200 - "-" "Mozilla/5.0 (compatible; DotBot/1.2; +https://opensiteexplorer.org/dotbot; help@moz.com)"
208.92.218.66 - - [22/Nov/2024:15:07:28 -0800] "GET /feed/ HTTP/1.0" 200 - "-" "Mozilla/5.0 (Windows NT 10.0; Win64; x64) AppleWebKit/537.36 (KHTML, like Gecko) Chrome/70.0.3538.102 Safari/537.36"
208.92.218.66 - - [22/Nov/2024:15:07:31 -0800] "GET /feed/ HTTP/1.0" 200 - "-" "Mozilla/5.0 (Windows NT 10.0; Win64; x64) AppleWebKit/537.36 (KHTML, like Gecko) Chrome/70.0.3538.102 Safari/537.36"
57.141.0.16 - - [22/Nov/2024:15:10:50 -0800] "GET /wp-json/wp/v2/posts/166760 HTTP/1.0" 200 - "-" "meta-externalagent/1.1 (+https://developers.facebook.com/docs/sharing/webmasters/crawler)"
208.92.218.66 - - [22/Nov/2024:15:12:25 -0800] "GET /feed/ HTTP/1.0" 200 - "-" "Mozilla/5.0 (Windows NT 10.0; Win64; x64) AppleWebKit/537.36 (KHTML, like Gecko) Chrome/70.0.3538.102 Safari/537.36"
57.141.0.4 - - [22/Nov/2024:15:15:32 -0800] "GET /wp-json/wp/v2/posts/30839 HTTP/1.0" 200 - "-" "meta-externalagent/1.1 (+https://developers.facebook.com/docs/sharing/webmasters/crawler)"
57.141.0.14 - - [22/Nov/2024:15:16:50 -0800] "GET /wp-json/oembed/1.0/embed?url=https%3A%2F%2Flive2news.com%2Fteam-to-win-form-news-71%2F HTTP/1.0" 200 - "-" "meta-externalagent/1.1 (+https://developers.facebook.com/docs/sharing/webmasters/crawler)"
78.80.188.41 - - [22/Nov/2024:15:21:43 -0800] "GET / HTTP/1.0" 200 - "-" "Mozilla/5.0 (Windows NT 10.0; Win64; x64) AppleWebKit/537.36 (KHTML, like Gecko) Chrome/120.0.0.0 Safari/537.36"
208.92.218.66 - - [22/Nov/2024:15:22:26 -0800] "GET /feed/ HTTP/1.0" 200 - "-" "Mozilla/5.0 (Windows NT 10.0; Win64; x64) AppleWebKit/537.36 (KHTML, like Gecko) Chrome/70.0.3538.102 Safari/537.36"
209.182.200.39 - - [22/Nov/2024:15:22:52 -0800] "POST /wp-cron.php?doing_wp_cron=1732317771.8634769916534423828125 HTTP/1.0" 200 - "-" "WordPress/6.6.2; https://live2news.com"
209.182.200.39 - - [22/Nov/2024:15:22:52 -0800] "GET /wp-content/themes/newscore/assets/images/login-logo.png HTTP/1.0" 200 5193 "-" "-"
57.141.0.1 - - [22/Nov/2024:15:22:50 -0800] "GET /wp-login.php?redirect_to=https%3A%2F%2Flive2news.com%2Fian-holloway-swindon-town-appoint-veteran-manager-as-new-boss%2F HTTP/1.0" 200 7034 "-" "meta-externalagent/1.1 (+https://developers.facebook.com/docs/sharing/webmasters/crawler)"
57.141.0.11 - - [22/Nov/2024:15:24:33 -0800] "GET /wp-json/wp/v2/posts/178285 HTTP/1.0" 200 - "-" "meta-externalagent/1.1 (+https://developers.facebook.com/docs/sharing/webmasters/crawler)"
208.92.218.66 - - [22/Nov/2024:15:25:29 -0800] "GET /feed/ HTTP/1.0" 200 - "-" "Mozilla/5.0 (Windows NT 10.0; Win64; x64) AppleWebKit/537.36 (KHTML, like Gecko) Chrome/70.0.3538.102 Safari/537.36"
208.92.218.66 - - [22/Nov/2024:15:27:05 -0800] "GET /feed/ HTTP/1.0" 200 - "-" "Mozilla/5.0 (Windows NT 10.0; Win64; x64) AppleWebKit/537.36 (KHTML, like Gecko) Chrome/70.0.3538.102 Safari/537.36"
208.92.218.66 - - [22/Nov/2024:15:27:21 -0800] "GET /feed/ HTTP/1.0" 200 - "-" "Mozilla/5.0 (Windows NT 10.0; Win64; x64) AppleWebKit/537.36 (KHTML, like Gecko) Chrome/70.0.3538.102 Safari/537.36"
208.92.218.66 - - [22/Nov/2024:15:27:35 -0800] "GET /feed/ HTTP/1.0" 200 - "-" "Mozilla/5.0 (Windows NT 10.0; Win64; x64) AppleWebKit/537.36 (KHTML, like Gecko) Chrome/70.0.3538.102 Safari/537.36"
208.92.218.66 - - [22/Nov/2024:15:28:33 -0800] "GET /feed/ HTTP/1.0" 200 - "-" "Mozilla/5.0 (Windows NT 10.0; Win64; x64) AppleWebKit/537.36 (KHTML, like Gecko) Chrome/70.0.3538.102 Safari/537.36"
208.92.218.66 - - [22/Nov/2024:15:28:42 -0800] "GET /feed/ HTTP/1.0" 200 - "-" "Mozilla/5.0 (Windows NT 10.0; Win64; x64) AppleWebKit/537.36 (KHTML, like Gecko) Chrome/70.0.3538.102 Safari/537.36"
208.92.218.66 - - [22/Nov/2024:15:28:47 -0800] "GET /feed/ HTTP/1.0" 200 - "-" "Mozilla/5.0 (Windows NT 10.0; Win64; x64) AppleWebKit/537.36 (KHTML, like Gecko) Chrome/70.0.3538.102 Safari/537.36"
208.92.218.66 - - [22/Nov/2024:15:29:12 -0800] "GET /feed/ HTTP/1.0" 200 - "-" "Mozilla/5.0 (Windows NT 10.0; Win64; x64) AppleWebKit/537.36 (KHTML, like Gecko) Chrome/70.0.3538.102 Safari/537.36"
208.92.218.66 - - [22/Nov/2024:15:30:01 -0800] "GET /feed/ HTTP/1.0" 200 - "-" "Mozilla/5.0 (Windows NT 10.0; Win64; x64) AppleWebKit/537.36 (KHTML, like Gecko) Chrome/70.0.3538.102 Safari/537.36"
208.92.218.66 - - [22/Nov/2024:15:30:26 -0800] "GET /feed/ HTTP/1.0" 200 - "-" "Mozilla/5.0 (Windows NT 10.0; Win64; x64) AppleWebKit/537.36 (KHTML, like Gecko) Chrome/70.0.3538.102 Safari/537.36"
57.141.0.9 - - [22/Nov/2024:15:31:10 -0800] "GET /wp-json/oembed/1.0/embed?url=https%3A%2F%2Flive2news.com%2Fwhy-am-i-getting-so-little-pension-quebec-woman-turns-to-food-bank-cant-make-ends-meet-montreal%2F HTTP/1.0" 200 - "-" "meta-externalagent/1.1 (+https://developers.facebook.com/docs/sharing/webmasters/crawler)"
208.92.218.66 - - [22/Nov/2024:15:31:26 -0800] "GET /feed/ HTTP/1.0" 200 - "-" "Mozilla/5.0 (Windows NT 10.0; Win64; x64) AppleWebKit/537.36 (KHTML, like Gecko) Chrome/70.0.3538.102 Safari/537.36"
208.92.218.66 - - [22/Nov/2024:15:31:32 -0800] "GET /feed/ HTTP/1.0" 200 - "-" "Mozilla/5.0 (Windows NT 10.0; Win64; x64) AppleWebKit/537.36 (KHTML, like Gecko) Chrome/70.0.3538.102 Safari/537.36"
208.92.218.66 - - [22/Nov/2024:15:31:40 -0800] "GET /feed/ HTTP/1.0" 200 - "-" "Mozilla/5.0 (Windows NT 10.0; Win64; x64) AppleWebKit/537.36 (KHTML, like Gecko) Chrome/70.0.3538.102 Safari/537.36"
208.92.218.66 - - [22/Nov/2024:15:31:44 -0800] "GET /feed/ HTTP/1.0" 200 - "-" "Mozilla/5.0 (Windows NT 10.0; Win64; x64) AppleWebKit/537.36 (KHTML, like Gecko) Chrome/70.0.3538.102 Safari/537.36"
209.182.200.39 - - [22/Nov/2024:15:32:47 -0800] "POST /wp-cron.php?doing_wp_cron=1732318367.5935249328613281250000 HTTP/1.0" 200 - "-" "WordPress/6.6.2; https://live2news.com"
209.182.200.39 - - [22/Nov/2024:15:32:47 -0800] "GET /wp-content/themes/newscore/assets/images/login-logo.png HTTP/1.0" 200 5193 "-" "-"
57.141.0.3 - - [22/Nov/2024:15:32:46 -0800] "GET /wp-login.php?redirect_to=https%3A%2F%2Flive2news.com%2Fcyriel-dessers-ends-goal-drought-as-rangers-defeat-motherwell-2-1-to-reach-league-cup-final%2F HTTP/1.0" 200 7064 "-" "meta-externalagent/1.1 (+https://developers.facebook.com/docs/sharing/webmasters/crawler)"
209.182.200.39 - - [22/Nov/2024:15:32:48 -0800] "GET /sitemap_index.xml HTTP/1.0" 200 161714 "-" "WordPress/6.6.2; https://live2news.com"
208.92.218.66 - - [22/Nov/2024:15:32:51 -0800] "GET /feed/ HTTP/1.0" 200 - "-" "Mozilla/5.0 (Windows NT 10.0; Win64; x64) AppleWebKit/537.36 (KHTML, like Gecko) Chrome/70.0.3538.102 Safari/537.36"
208.92.218.66 - - [22/Nov/2024:15:33:42 -0800] "GET /feed/ HTTP/1.0" 200 - "-" "Mozilla/5.0 (Windows NT 10.0; Win64; x64) AppleWebKit/537.36 (KHTML, like Gecko) Chrome/70.0.3538.102 Safari/537.36"
208.92.218.66 - - [22/Nov/2024:15:34:21 -0800] "GET /feed/ HTTP/1.0" 200 - "-" "Mozilla/5.0 (Windows NT 10.0; Win64; x64) AppleWebKit/537.36 (KHTML, like Gecko) Chrome/70.0.3538.102 Safari/537.36"
17.241.227.10 - - [22/Nov/2024:15:34:25 -0800] "GET /could-medical-debt-forgiveness-follow-student-loans/ HTTP/1.0" 200 - "-" "Mozilla/5.0 (Macintosh; Intel Mac OS X 10_15_7) AppleWebKit/605.1.15 (KHTML, like Gecko) Version/17.4 Safari/605.1.15 (Applebot/0.1; +http://www.apple.com/go/applebot)"
209.182.200.39 - - [22/Nov/2024:15:34:32 -0800] "POST /wp-cron.php?doing_wp_cron=1732318471.9821789264678955078125 HTTP/1.0" 403 228 "-" "WordPress/6.6.2; https://live2news.com"
209.182.200.39 - - [22/Nov/2024:15:34:32 -0800] "GET /wp-content/themes/newscore/assets/images/login-logo.png HTTP/1.0" 200 5193 "-" "-"
57.141.0.23 - - [22/Nov/2024:15:34:29 -0800] "GET /wp-login.php?redirect_to=https%3A%2F%2Flive2news.com%2Fmens-march-madness-2024-sweet-16-tournament-takeaways%2F HTTP/1.0" 200 7026 "-" "meta-externalagent/1.1 (+https://developers.facebook.com/docs/sharing/webmasters/crawler)"
208.92.218.66 - - [22/Nov/2024:15:35:22 -0800] "GET /feed/ HTTP/1.0" 200 - "-" "Mozilla/5.0 (Windows NT 10.0; Win64; x64) AppleWebKit/537.36 (KHTML, like Gecko) Chrome/70.0.3538.102 Safari/537.36"
208.92.218.66 - - [22/Nov/2024:15:36:40 -0800] "GET /feed/ HTTP/1.0" 200 - "-" "Mozilla/5.0 (Windows NT 10.0; Win64; x64) AppleWebKit/537.36 (KHTML, like Gecko) Chrome/70.0.3538.102 Safari/537.36"
208.92.218.66 - - [22/Nov/2024:15:36:43 -0800] "GET /feed/ HTTP/1.0" 200 - "-" "Mozilla/5.0 (Windows NT 10.0; Win64; x64) AppleWebKit/537.36 (KHTML, like Gecko) Chrome/70.0.3538.102 Safari/537.36"
208.92.218.66 - - [22/Nov/2024:15:36:43 -0800] "GET /feed/ HTTP/1.0" 200 - "-" "Mozilla/5.0 (Windows NT 10.0; Win64; x64) AppleWebKit/537.36 (KHTML, like Gecko) Chrome/70.0.3538.102 Safari/537.36"
216.244.66.249 - - [22/Nov/2024:15:37:04 -0800] "GET /robots.txt HTTP/1.0" 200 66 "-" "Mozilla/5.0 (compatible; DotBot/1.2; +https://opensiteexplorer.org/dotbot; help@moz.com)"
57.141.0.6 - - [22/Nov/2024:15:37:54 -0800] "GET /?p=38508 HTTP/1.0" 200 - "-" "meta-externalagent/1.1 (+https://developers.facebook.com/docs/sharing/webmasters/crawler)"
57.141.0.23 - - [22/Nov/2024:15:38:19 -0800] "GET /author/96dfacd9da46f3cc88c98d0d1c311d42/ HTTP/1.0" 200 - "-" "meta-externalagent/1.1 (+https://developers.facebook.com/docs/sharing/webmasters/crawler)"
81.167.26.57 - - [22/Nov/2024:15:38:38 -0800] "GET /robots.txt HTTP/1.0" 200 67 "-" "Mozilla/5.0 (compatible; MJ12bot/v1.4.8; http://mj12bot.com/)"
81.167.26.57 - - [22/Nov/2024:15:38:39 -0800] "GET /%CE%BA%CF%8D%CF%81%CE%B9%CE%B1-%CE%B5%CE%AF%CE%B4%CE%B7%CF%83%CE%B7-%CE%B1%CE%BB%CE%BB%CE%B1%CE%B3%CE%AD%CF%82-%CF%83%CF%84%CE%B7%CE%BD-%CE%B5%CF%85%CF%81%CF%89%CF%80%CE%B1%CF%8A%CE%BA%CE%AE-%CE%B5/ HTTP/1.0" 200 - "-" "Mozilla/5.0 (compatible; MJ12bot/v1.4.8; http://mj12bot.com/)"
81.167.26.57 - - [22/Nov/2024:15:38:41 -0800] "GET /%CE%BA%CF%8D%CF%81%CE%B9%CE%B1-%CE%B5%CE%AF%CE%B4%CE%B7%CF%83%CE%B7-%CE%B1%CF%85%CF%84%CE%AE-%CE%B5%CE%AF%CE%BD%CE%B1%CE%B9-%CE%B7-%CE%B5%CF%85%CF%81%CF%8E%CF%80%CE%B7-%CF%83%CF%85/ HTTP/1.0" 200 - "-" "Mozilla/5.0 (compatible; MJ12bot/v1.4.8; http://mj12bot.com/)"
81.167.26.57 - - [22/Nov/2024:15:38:43 -0800] "GET /%CE%BA%CF%8D%CF%81%CE%B9%CE%B1-%CE%B5%CE%AF%CE%B4%CE%B7%CF%83%CE%B7-%CE%B2%CF%81%CE%B1%CE%B2%CE%B5%CE%AF%CE%BF-%CE%B6%CE%B1%CF%87%CE%AC%CF%81%CF%89%CF%86-%CF%84%CE%BF%CF%85-%CE%B5%CF%85%CF%81%CF%89/ HTTP/1.0" 200 - "-" "Mozilla/5.0 (compatible; MJ12bot/v1.4.8; http://mj12bot.com/)"
81.167.26.57 - - [22/Nov/2024:15:38:45 -0800] "GET /%CE%BA%CF%8D%CF%81%CE%B9%CE%B1-%CE%B5%CE%AF%CE%B4%CE%B7%CF%83%CE%B7-%CE%B2%CF%81%CE%B1%CE%B2%CE%B5%CE%AF%CE%BF-%CE%B6%CE%B1%CF%87%CE%AC%CF%81%CF%89%CF%86-%CF%84%CE%BF%CF%85-%CE%B5%CF%85%CF%81%CF%89-2/ HTTP/1.0" 200 - "-" "Mozilla/5.0 (compatible; MJ12bot/v1.4.8; http://mj12bot.com/)"
208.92.218.66 - - [22/Nov/2024:15:38:46 -0800] "GET /feed/ HTTP/1.0" 200 - "-" "Mozilla/5.0 (Windows NT 10.0; Win64; x64) AppleWebKit/537.36 (KHTML, like Gecko) Chrome/70.0.3538.102 Safari/537.36"
81.167.26.57 - - [22/Nov/2024:15:38:47 -0800] "GET /%CE%BA%CF%8D%CF%81%CE%B9%CE%B1-%CE%B5%CE%AF%CE%B4%CE%B7%CF%83%CE%B7-%CE%B2%CF%81%CE%B1%CE%B2%CE%B5%CE%AF%CE%BF-%CE%BA%CE%BF%CE%B9%CE%BD%CE%BF%CF%8D-lux-2022-%CE%BF%CE%B9-%CE%BA%CE%B1%CE%BB%CF%8D/ HTTP/1.0" 200 - "-" "Mozilla/5.0 (compatible; MJ12bot/v1.4.8; http://mj12bot.com/)"
81.167.26.57 - - [22/Nov/2024:15:38:49 -0800] "GET /%CE%BA%CF%8D%CF%81%CE%B9%CE%B1-%CE%B5%CE%AF%CE%B4%CE%B7%CF%83%CE%B7-%CE%B4%CE%B9%CE%AC%CF%83%CE%BA%CE%B5%CF%88%CE%B7-%CE%B3%CE%B9%CE%B1-%CF%84%CE%BF-%CE%BC%CE%AD%CE%BB%CE%BB%CE%BF%CE%BD-%CF%84%CE%B7/ HTTP/1.0" 200 - "-" "Mozilla/5.0 (compatible; MJ12bot/v1.4.8; http://mj12bot.com/)"
81.167.26.57 - - [22/Nov/2024:15:38:51 -0800] "GET /%CE%BA%CF%8D%CF%81%CE%B9%CE%B1-%CE%B5%CE%AF%CE%B4%CE%B7%CF%83%CE%B7-%CE%B9%CF%83%CF%8C%CF%84%CE%B7%CF%84%CE%B1-%CF%84%CF%89%CE%BD-%CF%86%CF%8D%CE%BB%CF%89%CE%BD-%CF%83%CF%84%CE%B7%CE%BD-%CE%B5%CE%B5/ HTTP/1.0" 200 - "-" "Mozilla/5.0 (compatible; MJ12bot/v1.4.8; http://mj12bot.com/)"
81.167.26.57 - - [22/Nov/2024:15:38:54 -0800] "GET /%CE%BA%CF%8D%CF%81%CE%B9%CE%B1-%CE%B5%CE%AF%CE%B4%CE%B7%CF%83%CE%B7-%CE%BA%CE%BF%CE%B9%CE%BD%CE%BF%CE%B2%CE%BF%CF%85%CE%BB%CE%B5%CF%85%CF%84%CE%B9%CE%BA%CE%AD%CF%82-%CE%BC%CE%B5%CF%84%CE%B1%CF%81/ HTTP/1.0" 200 - "-" "Mozilla/5.0 (compatible; MJ12bot/v1.4.8; http://mj12bot.com/)"
81.167.26.57 - - [22/Nov/2024:15:38:56 -0800] "GET /%CE%BA%CF%8D%CF%81%CE%B9%CE%B1-%CE%B5%CE%AF%CE%B4%CE%B7%CF%83%CE%B7-%CF%80%CF%81%CE%BF%CF%83%CF%84%CE%B1%CF%83%CE%AF%CE%B1-%CE%BA%CE%B1%CF%84%CE%B1%CE%BD%CE%B1%CE%BB%CF%89%CF%84%CF%8E%CE%BD-%CF%80/ HTTP/1.0" 200 - "-" "Mozilla/5.0 (compatible; MJ12bot/v1.4.8; http://mj12bot.com/)"
81.167.26.57 - - [22/Nov/2024:15:38:58 -0800] "GET /%CE%BA%CF%8D%CF%81%CE%B9%CE%B1-%CE%B5%CE%AF%CE%B4%CE%B7%CF%83%CE%B7-%CF%83%CF%87%CE%AD%CE%B4%CE%B9%CE%BF-%CE%B1%CE%BD%CE%AC%CE%BA%CE%B1%CE%BC%CF%88%CE%B7%CF%82-covid-19-%CF%80%CF%8E%CF%82-%CF%84/ HTTP/1.0" 200 - "-" "Mozilla/5.0 (compatible; MJ12bot/v1.4.8; http://mj12bot.com/)"
81.167.26.57 - - [22/Nov/2024:15:39:00 -0800] "GET /%E0%B8%88%E0%B8%B1%E0%B8%94%E0%B8%AD%E0%B8%B1%E0%B8%99%E0%B8%94%E0%B8%B1%E0%B8%9A-12-%E0%B8%84%E0%B8%B2%E0%B8%AA%E0%B8%B4%E0%B9%82%E0%B8%99%E0%B8%AD%E0%B8%AD%E0%B8%99%E0%B9%84%E0%B8%A5%E0%B8%99/ HTTP/1.0" 200 - "-" "Mozilla/5.0 (compatible; MJ12bot/v1.4.8; http://mj12bot.com/)"
