119.8.33.67 - - [22/Nov/2024:05:43:03 -0800] "GET /wp-includes/media.php HTTP/1.0" 500 - "-" "Mozilla/5.0 (Windows NT 10.0; Win64; x64) AppleWebKit/537.36 (KHTML, like Gecko) Chrome/107.0.0.0 Safari/537.36"
57.141.0.23 - - [22/Nov/2024:05:43:08 -0800] "GET /wp-json/wp/v2/posts/28720 HTTP/1.0" 200 - "-" "meta-externalagent/1.1 (+https://developers.facebook.com/docs/sharing/webmasters/crawler)"
57.141.0.27 - - [22/Nov/2024:05:44:09 -0800] "GET /wp-json/oembed/1.0/embed?url=https%3A%2F%2Flive2news.com%2Fhearts-announce-loss-for-year-to-june-2023-after-lack-of-european-football%2F HTTP/1.0" 200 - "-" "meta-externalagent/1.1 (+https://developers.facebook.com/docs/sharing/webmasters/crawler)"
208.92.218.66 - - [22/Nov/2024:05:44:27 -0800] "GET /feed/ HTTP/1.0" 200 - "-" "Mozilla/5.0 (Windows NT 10.0; Win64; x64) AppleWebKit/537.36 (KHTML, like Gecko) Chrome/70.0.3538.102 Safari/537.36"
208.92.218.66 - - [22/Nov/2024:05:44:30 -0800] "GET /feed/ HTTP/1.0" 200 - "-" "Mozilla/5.0 (Windows NT 10.0; Win64; x64) AppleWebKit/537.36 (KHTML, like Gecko) Chrome/70.0.3538.102 Safari/537.36"
209.182.200.39 - - [22/Nov/2024:05:44:33 -0800] "POST /wp-cron.php?doing_wp_cron=1732283073.6304149627685546875000 HTTP/1.0" 403 228 "-" "WordPress/6.6.2; https://live2news.com"
209.182.200.39 - - [22/Nov/2024:05:44:33 -0800] "GET /wp-content/themes/newscore/assets/images/login-logo.png HTTP/1.0" 200 5193 "-" "-"
57.141.0.11 - - [22/Nov/2024:05:44:32 -0800] "GET /wp-login.php?redirect_to=https%3A%2F%2Flive2news.com%2Fsirens-sound-for-the-dead-as-israel-stops-to-mark-memorial-day%2F HTTP/1.0" 200 7035 "-" "meta-externalagent/1.1 (+https://developers.facebook.com/docs/sharing/webmasters/crawler)"
57.141.0.14 - - [22/Nov/2024:05:44:50 -0800] "GET /wp-json/oembed/1.0/embed?url=https%3A%2F%2Flive2news.com%2Fnephew-inspired-by-pioneering-police-officer%2F HTTP/1.0" 200 - "-" "meta-externalagent/1.1 (+https://developers.facebook.com/docs/sharing/webmasters/crawler)"
216.244.66.249 - - [22/Nov/2024:05:44:50 -0800] "GET /robots.txt HTTP/1.0" 200 66 "-" "Mozilla/5.0 (compatible; DotBot/1.2; +https://opensiteexplorer.org/dotbot; help@moz.com)"
208.92.218.66 - - [22/Nov/2024:05:45:02 -0800] "GET /feed/ HTTP/1.0" 200 - "-" "Mozilla/5.0 (Windows NT 10.0; Win64; x64) AppleWebKit/537.36 (KHTML, like Gecko) Chrome/70.0.3538.102 Safari/537.36"
111.119.210.80 - - [22/Nov/2024:05:45:14 -0800] "GET /familys-mission-to-create-lasting-legacy/ HTTP/1.0" 200 - "-" "Mozilla/5.0 (Windows NT 10.0; Win64; x64) AppleWebKit/537.36 (KHTML, like Gecko) Chrome/107.0.0.0 Safari/537.36"
208.92.218.66 - - [22/Nov/2024:05:45:43 -0800] "GET /feed/ HTTP/1.0" 200 - "-" "Mozilla/5.0 (Windows NT 10.0; Win64; x64) AppleWebKit/537.36 (KHTML, like Gecko) Chrome/70.0.3538.102 Safari/537.36"
57.141.0.1 - - [22/Nov/2024:05:45:48 -0800] "GET /wp-json/oembed/1.0/embed?url=https%3A%2F%2Flive2news.com%2Flandmark-diabetes-treatment-could-be-offered-in-ni%2F HTTP/1.0" 200 - "-" "meta-externalagent/1.1 (+https://developers.facebook.com/docs/sharing/webmasters/crawler)"
209.182.200.39 - - [22/Nov/2024:05:45:54 -0800] "POST /wp-cron.php?doing_wp_cron=1732283154.3700969219207763671875 HTTP/1.0" 403 228 "-" "WordPress/6.6.2; https://live2news.com"
209.182.200.39 - - [22/Nov/2024:05:45:54 -0800] "GET /wp-content/themes/newscore/assets/images/login-logo.png HTTP/1.0" 200 5193 "-" "-"
57.141.0.10 - - [22/Nov/2024:05:45:53 -0800] "GET /wp-login.php?redirect_to=https%3A%2F%2Flive2news.com%2Ftrans-man-arrested-beaten-by-deputy-asks-to-be-declared-innocent%2F HTTP/1.0" 200 7037 "-" "meta-externalagent/1.1 (+https://developers.facebook.com/docs/sharing/webmasters/crawler)"
57.141.0.14 - - [22/Nov/2024:05:46:07 -0800] "GET /wp-json/wp/v2/posts/26168 HTTP/1.0" 200 - "-" "meta-externalagent/1.1 (+https://developers.facebook.com/docs/sharing/webmasters/crawler)"
208.92.218.66 - - [22/Nov/2024:05:46:39 -0800] "GET /feed/ HTTP/1.0" 200 - "-" "Mozilla/5.0 (Windows NT 10.0; Win64; x64) AppleWebKit/537.36 (KHTML, like Gecko) Chrome/70.0.3538.102 Safari/537.36"
57.141.0.28 - - [22/Nov/2024:05:46:45 -0800] "GET /wp-json/wp/v2/posts/51046 HTTP/1.0" 200 - "-" "meta-externalagent/1.1 (+https://developers.facebook.com/docs/sharing/webmasters/crawler)"
110.238.104.225 - - [22/Nov/2024:05:47:28 -0800] "GET /voters-still-favour-sask-party-over-ndp-although-approval-drops-poll-finds/ HTTP/1.0" 200 - "-" "Mozilla/5.0 (Windows NT 10.0; Win64; x64) AppleWebKit/537.36 (KHTML, like Gecko) Chrome/107.0.0.0 Safari/537.36"
57.141.0.11 - - [22/Nov/2024:05:47:43 -0800] "GET /ryan-seacrests-rep-shares-sad-update-about-his-relationship/ HTTP/1.0" 200 - "-" "meta-externalagent/1.1 (+https://developers.facebook.com/docs/sharing/webmasters/crawler)"
208.92.218.66 - - [22/Nov/2024:05:48:09 -0800] "GET /feed/ HTTP/1.0" 200 - "-" "Mozilla/5.0 (Windows NT 10.0; Win64; x64) AppleWebKit/537.36 (KHTML, like Gecko) Chrome/70.0.3538.102 Safari/537.36"
216.244.66.249 - - [22/Nov/2024:05:48:28 -0800] "GET /moons-far-side-once-had-erupting-volcanoes-scientists-find/ HTTP/1.0" 200 - "-" "Mozilla/5.0 (compatible; DotBot/1.2; +https://opensiteexplorer.org/dotbot; help@moz.com)"
216.244.66.249 - - [22/Nov/2024:05:48:33 -0800] "GET /smuggler-caught-with-hundreds-of-tarantulas-strapped-to-body-in-peru/ HTTP/1.0" 200 - "-" "Mozilla/5.0 (compatible; DotBot/1.2; +https://opensiteexplorer.org/dotbot; help@moz.com)"
216.244.66.249 - - [22/Nov/2024:05:48:36 -0800] "GET /ian-patersons-mastectomy-on-elderly-mum-inappropriate/ HTTP/1.0" 200 - "-" "Mozilla/5.0 (compatible; DotBot/1.2; +https://opensiteexplorer.org/dotbot; help@moz.com)"
216.244.66.249 - - [22/Nov/2024:05:48:44 -0800] "GET /phillies-projected-to-bolster-bullpen-with-two-elite-pitchers-in-free-agency/ HTTP/1.0" 200 - "-" "Mozilla/5.0 (compatible; DotBot/1.2; +https://opensiteexplorer.org/dotbot; help@moz.com)"
216.244.66.249 - - [22/Nov/2024:05:48:48 -0800] "GET /2024-nfl-defensive-player-of-the-year-odds-watt-remains-favorite-after-week-10/ HTTP/1.0" 200 - "-" "Mozilla/5.0 (compatible; DotBot/1.2; +https://opensiteexplorer.org/dotbot; help@moz.com)"
57.141.0.3 - - [22/Nov/2024:05:48:49 -0800] "GET /wp-json/wp/v2/posts/170077 HTTP/1.0" 200 - "-" "meta-externalagent/1.1 (+https://developers.facebook.com/docs/sharing/webmasters/crawler)"
216.244.66.249 - - [22/Nov/2024:05:48:51 -0800] "GET /sachin-baisoya-clinches-jaipur-open-2024-title-in-marathon-playoff-against-rashid-khan/ HTTP/1.0" 200 - "-" "Mozilla/5.0 (compatible; DotBot/1.2; +https://opensiteexplorer.org/dotbot; help@moz.com)"
57.141.0.4 - - [22/Nov/2024:05:48:53 -0800] "GET /ryan-seacrests-rep-shares-sad-update-about-his-relationship/ HTTP/1.0" 200 - "-" "meta-externalagent/1.1 (+https://developers.facebook.com/docs/sharing/webmasters/crawler)"
216.244.66.249 - - [22/Nov/2024:05:49:08 -0800] "GET /children-among-16-injured-in-bus-and-lorry-crash/ HTTP/1.0" 200 - "-" "Mozilla/5.0 (compatible; DotBot/1.2; +https://opensiteexplorer.org/dotbot; help@moz.com)"
216.244.66.249 - - [22/Nov/2024:05:49:12 -0800] "GET /how-severe-is-the-iss-leak-us-and-russia-clash-on-issue/ HTTP/1.0" 200 - "-" "Mozilla/5.0 (compatible; DotBot/1.2; +https://opensiteexplorer.org/dotbot; help@moz.com)"
216.244.66.249 - - [22/Nov/2024:05:49:13 -0800] "GET /is-the-7500-federal-ev-tax-credit-going-away-under-trump/ HTTP/1.0" 200 - "-" "Mozilla/5.0 (compatible; DotBot/1.2; +https://opensiteexplorer.org/dotbot; help@moz.com)"
216.244.66.249 - - [22/Nov/2024:05:49:15 -0800] "GET /san-fernando-valley-man-accused-of-online-sexual-extortion-pleads-guilty/ HTTP/1.0" 200 - "-" "Mozilla/5.0 (compatible; DotBot/1.2; +https://opensiteexplorer.org/dotbot; help@moz.com)"
216.244.66.249 - - [22/Nov/2024:05:49:16 -0800] "GET /oil-edges-higher-demand-forecasts-in-focus/ HTTP/1.0" 200 - "-" "Mozilla/5.0 (compatible; DotBot/1.2; +https://opensiteexplorer.org/dotbot; help@moz.com)"
216.244.66.249 - - [22/Nov/2024:05:49:29 -0800] "GET /cavaliers-keeping-perspective-amid-13-0-season-start/ HTTP/1.0" 200 - "-" "Mozilla/5.0 (compatible; DotBot/1.2; +https://opensiteexplorer.org/dotbot; help@moz.com)"
216.244.66.249 - - [22/Nov/2024:05:49:30 -0800] "GET /lawmaker-accused-of-sexual-harassment-by-former-staffer-countersues/ HTTP/1.0" 200 - "-" "Mozilla/5.0 (compatible; DotBot/1.2; +https://opensiteexplorer.org/dotbot; help@moz.com)"
57.141.0.16 - - [22/Nov/2024:05:49:32 -0800] "GET /ryan-seacrests-rep-shares-sad-update-about-his-relationship/ HTTP/1.0" 200 - "-" "meta-externalagent/1.1 (+https://developers.facebook.com/docs/sharing/webmasters/crawler)"
216.244.66.249 - - [22/Nov/2024:05:49:32 -0800] "GET /redondo-beach-man-arrested-in-connection-with-suspicious-bag-found-at-courthouse/ HTTP/1.0" 200 - "-" "Mozilla/5.0 (compatible; DotBot/1.2; +https://opensiteexplorer.org/dotbot; help@moz.com)"
189.1.246.184 - - [22/Nov/2024:05:49:42 -0800] "GET /unlock-2-5k-in-bonuses-for-nba-nhl-mlb/ HTTP/1.0" 200 - "-" "Mozilla/5.0 (Windows NT 10.0; Win64; x64) AppleWebKit/537.36 (KHTML, like Gecko) Chrome/104.0.0.0 Safari/537.36"
216.244.66.249 - - [22/Nov/2024:05:49:45 -0800] "GET /dkor-ordinary-meeting-21-november-2024-from-10-30-12-00-room-asp-5g2-in-camera-ordinary-meetings-activities-dkor-delegations/ HTTP/1.0" 200 - "-" "Mozilla/5.0 (compatible; DotBot/1.2; +https://opensiteexplorer.org/dotbot; help@moz.com)"
216.244.66.249 - - [22/Nov/2024:05:49:48 -0800] "GET /e-coli-scare-carrots-from-bakersfield-farm-sicken-dozens-across-u-s/ HTTP/1.0" 200 - "-" "Mozilla/5.0 (compatible; DotBot/1.2; +https://opensiteexplorer.org/dotbot; help@moz.com)"
216.244.66.249 - - [22/Nov/2024:05:49:49 -0800] "GET /moreno-valley-unified-teachers-fate-uncertain-after-anti-trump-rant/ HTTP/1.0" 200 - "-" "Mozilla/5.0 (compatible; DotBot/1.2; +https://opensiteexplorer.org/dotbot; help@moz.com)"
208.92.218.66 - - [22/Nov/2024:05:49:53 -0800] "GET /feed/ HTTP/1.0" 200 - "-" "Mozilla/5.0 (Windows NT 10.0; Win64; x64) AppleWebKit/537.36 (KHTML, like Gecko) Chrome/70.0.3538.102 Safari/537.36"
57.141.0.30 - - [22/Nov/2024:05:49:56 -0800] "GET /?p=170041 HTTP/1.0" 200 - "-" "meta-externalagent/1.1 (+https://developers.facebook.com/docs/sharing/webmasters/crawler)"
216.244.66.249 - - [22/Nov/2024:05:49:57 -0800] "GET /mary-trump-lobs-new-accusation-against-joe-biden-and-democrats/ HTTP/1.0" 200 - "-" "Mozilla/5.0 (compatible; DotBot/1.2; +https://opensiteexplorer.org/dotbot; help@moz.com)"
216.244.66.249 - - [22/Nov/2024:05:50:04 -0800] "GET /england-v-south-africa-pressure-on-england-is-a-privilege-says-richard-wigglesworth/ HTTP/1.0" 200 - "-" "Mozilla/5.0 (compatible; DotBot/1.2; +https://opensiteexplorer.org/dotbot; help@moz.com)"
208.92.218.66 - - [22/Nov/2024:05:50:31 -0800] "GET /feed/ HTTP/1.0" 200 - "-" "Mozilla/5.0 (Windows NT 10.0; Win64; x64) AppleWebKit/537.36 (KHTML, like Gecko) Chrome/70.0.3538.102 Safari/537.36"
216.244.66.249 - - [22/Nov/2024:05:50:39 -0800] "GET /arnold-barboza-jr-beats-jose-ramirez-over-10-rounds/ HTTP/1.0" 200 - "-" "Mozilla/5.0 (compatible; DotBot/1.2; +https://opensiteexplorer.org/dotbot; help@moz.com)"
208.92.218.66 - - [22/Nov/2024:05:50:40 -0800] "GET /feed/ HTTP/1.0" 200 - "-" "Mozilla/5.0 (Windows NT 10.0; Win64; x64) AppleWebKit/537.36 (KHTML, like Gecko) Chrome/70.0.3538.102 Safari/537.36"
208.92.218.66 - - [22/Nov/2024:05:50:42 -0800] "GET /feed/ HTTP/1.0" 200 - "-" "Mozilla/5.0 (Windows NT 10.0; Win64; x64) AppleWebKit/537.36 (KHTML, like Gecko) Chrome/70.0.3538.102 Safari/537.36"
216.244.66.249 - - [22/Nov/2024:05:50:47 -0800] "GET /what-trumps-election-victory-means-for-global-investors/ HTTP/1.0" 200 - "-" "Mozilla/5.0 (compatible; DotBot/1.2; +https://opensiteexplorer.org/dotbot; help@moz.com)"
216.244.66.249 - - [22/Nov/2024:05:50:57 -0800] "GET /rare-cars-hidden-in-suffolk-barn-since-1980s-to-be-auctioned/ HTTP/1.0" 200 - "-" "Mozilla/5.0 (compatible; DotBot/1.2; +https://opensiteexplorer.org/dotbot; help@moz.com)"
216.244.66.249 - - [22/Nov/2024:05:51:07 -0800] "GET /how-much-influence-will-benjamin-netanyahu-have-over-donald-trump-opinion/ HTTP/1.0" 200 - "-" "Mozilla/5.0 (compatible; DotBot/1.2; +https://opensiteexplorer.org/dotbot; help@moz.com)"
40.77.167.17 - - [22/Nov/2024:05:51:18 -0800] "GET /fani-willis-will-be-very-dismissive-of-trumps-latest-move-attorney/ HTTP/1.0" 200 - "-" "Mozilla/5.0 AppleWebKit/537.36 (KHTML, like Gecko; compatible; bingbot/2.0; +http://www.bing.com/bingbot.htm) Chrome/116.0.1938.76 Safari/537.36"
208.92.218.66 - - [22/Nov/2024:05:51:18 -0800] "GET /feed/ HTTP/1.0" 200 - "-" "Mozilla/5.0 (Windows NT 10.0; Win64; x64) AppleWebKit/537.36 (KHTML, like Gecko) Chrome/70.0.3538.102 Safari/537.36"
208.92.218.66 - - [22/Nov/2024:05:51:27 -0800] "GET /feed/ HTTP/1.0" 200 - "-" "Mozilla/5.0 (Windows NT 10.0; Win64; x64) AppleWebKit/537.36 (KHTML, like Gecko) Chrome/70.0.3538.102 Safari/537.36"
209.182.200.39 - - [22/Nov/2024:05:51:45 -0800] "POST /wp-cron.php?doing_wp_cron=1732283505.2305309772491455078125 HTTP/1.0" 403 228 "-" "WordPress/6.6.2; https://live2news.com"
209.182.200.39 - - [22/Nov/2024:05:51:45 -0800] "GET /wp-content/themes/newscore/assets/images/login-logo.png HTTP/1.0" 200 5193 "-" "-"
57.141.0.17 - - [22/Nov/2024:05:51:43 -0800] "GET /wp-login.php?redirect_to=https%3A%2F%2Flive2news.com%2Fcanada-elections-free-and-fair-trudeau-tells-inquiry%2F HTTP/1.0" 200 7025 "-" "meta-externalagent/1.1 (+https://developers.facebook.com/docs/sharing/webmasters/crawler)"
166.108.229.107 - - [22/Nov/2024:05:51:59 -0800] "GET /full-list-of-celebrities-at-kamala-harris-star-studded-georgia-rally/ HTTP/1.0" 200 - "-" "Mozilla/5.0 (Windows NT 10.0; Win64; x64) AppleWebKit/537.36 (KHTML, like Gecko) Chrome/104.0.0.0 Safari/537.36"
57.141.0.11 - - [22/Nov/2024:05:52:08 -0800] "GET /wp-json/oembed/1.0/embed?url=https%3A%2F%2Flive2news.com%2Fquincy-jones-pens-sweet-note-to-daughter-hours-before-death%2F HTTP/1.0" 200 - "-" "meta-externalagent/1.1 (+https://developers.facebook.com/docs/sharing/webmasters/crawler)"
57.141.0.16 - - [22/Nov/2024:05:53:02 -0800] "GET /wp-json/wp/v2/posts/41598 HTTP/1.0" 200 - "-" "meta-externalagent/1.1 (+https://developers.facebook.com/docs/sharing/webmasters/crawler)"
57.141.0.3 - - [22/Nov/2024:05:53:20 -0800] "GET /wp-json/oembed/1.0/embed?url=https%3A%2F%2Flive2news.com%2Fbritains-king-charles-iii-will-resume-public-duties-next-week-after-cancer-treatment-palace-says%2F HTTP/1.0" 200 - "-" "meta-externalagent/1.1 (+https://developers.facebook.com/docs/sharing/webmasters/crawler)"
209.182.200.39 - - [22/Nov/2024:05:53:43 -0800] "POST /wp-cron.php?doing_wp_cron=1732283623.8068709373474121093750 HTTP/1.0" 403 228 "-" "WordPress/6.6.2; https://live2news.com"
209.182.200.39 - - [22/Nov/2024:05:53:43 -0800] "GET /wp-content/themes/newscore/assets/images/login-logo.png HTTP/1.0" 200 5193 "-" "-"
57.141.0.6 - - [22/Nov/2024:05:53:42 -0800] "GET /wp-login.php?redirect_to=https%3A%2F%2Flive2news.com%2Fanother-record-breaking-wildfire-season-comes-to-an-end-in-alberta%2F HTTP/1.0" 200 7039 "-" "meta-externalagent/1.1 (+https://developers.facebook.com/docs/sharing/webmasters/crawler)"
216.244.66.249 - - [22/Nov/2024:05:53:50 -0800] "GET /sl-vs-nz-twitter-in-awe-as-pathum-nissankas-eagle-eyed-precision-stuns-with-a-jaw-dropping-catch/ HTTP/1.0" 200 - "-" "Mozilla/5.0 (compatible; DotBot/1.2; +https://opensiteexplorer.org/dotbot; help@moz.com)"
57.141.0.7 - - [22/Nov/2024:05:53:50 -0800] "GET /wp-json/wp/v2/posts/168510 HTTP/1.0" 200 - "-" "meta-externalagent/1.1 (+https://developers.facebook.com/docs/sharing/webmasters/crawler)"
57.141.0.30 - - [22/Nov/2024:05:53:55 -0800] "GET /?p=169637 HTTP/1.0" 200 - "-" "meta-externalagent/1.1 (+https://developers.facebook.com/docs/sharing/webmasters/crawler)"
209.182.200.39 - - [22/Nov/2024:05:54:04 -0800] "GET /wp-content/themes/newscore/assets/images/login-logo.png HTTP/1.0" 200 5193 "-" "-"
57.141.0.4 - - [22/Nov/2024:05:54:03 -0800] "GET /wp-login.php?redirect_to=https%3A%2F%2Flive2news.com%2Fnew-mpox-strain-spreads-to-household-contacts-in-the-uk%2F HTTP/1.0" 200 7028 "-" "meta-externalagent/1.1 (+https://developers.facebook.com/docs/sharing/webmasters/crawler)"
124.243.178.37 - - [22/Nov/2024:05:54:16 -0800] "GET /oppo-reno-12-pro-reno-12-specifications-and-design-renders-leaked-ahead-of-debut/ HTTP/1.0" 200 - "-" "Mozilla/5.0 (Windows NT 10.0; Win64; x64) AppleWebKit/537.36 (KHTML, like Gecko) Chrome/104.0.0.0 Safari/537.36"
208.92.218.66 - - [22/Nov/2024:05:54:46 -0800] "GET /feed/ HTTP/1.0" 200 - "-" "Mozilla/5.0 (Windows NT 10.0; Win64; x64) AppleWebKit/537.36 (KHTML, like Gecko) Chrome/70.0.3538.102 Safari/537.36"
57.141.0.5 - - [22/Nov/2024:05:54:49 -0800] "GET /?p=169053 HTTP/1.0" 200 - "-" "meta-externalagent/1.1 (+https://developers.facebook.com/docs/sharing/webmasters/crawler)"
208.92.218.66 - - [22/Nov/2024:05:55:37 -0800] "GET /feed/ HTTP/1.0" 200 - "-" "Mozilla/5.0 (Windows NT 10.0; Win64; x64) AppleWebKit/537.36 (KHTML, like Gecko) Chrome/70.0.3538.102 Safari/537.36"
208.92.218.66 - - [22/Nov/2024:05:55:57 -0800] "GET /feed/ HTTP/1.0" 200 - "-" "Mozilla/5.0 (Windows NT 10.0; Win64; x64) AppleWebKit/537.36 (KHTML, like Gecko) Chrome/70.0.3538.102 Safari/537.36"
57.141.0.21 - - [22/Nov/2024:05:55:57 -0800] "GET /?p=48569 HTTP/1.0" 200 - "-" "meta-externalagent/1.1 (+https://developers.facebook.com/docs/sharing/webmasters/crawler)"
57.141.0.15 - - [22/Nov/2024:05:56:03 -0800] "GET /wp-json/oembed/1.0/embed?url=https%3A%2F%2Flive2news.com%2Fberinchyk-completes-a-memorable-night-for-ukraine-defeating-navarrete-to-win-vacant-wbo-lightweight-title%2F HTTP/1.0" 200 - "-" "meta-externalagent/1.1 (+https://developers.facebook.com/docs/sharing/webmasters/crawler)"
208.92.218.66 - - [22/Nov/2024:05:56:22 -0800] "GET /feed/ HTTP/1.0" 200 - "-" "Mozilla/5.0 (Windows NT 10.0; Win64; x64) AppleWebKit/537.36 (KHTML, like Gecko) Chrome/70.0.3538.102 Safari/537.36"
111.119.193.194 - - [22/Nov/2024:05:56:33 -0800] "GET /student-rescues-cat-and-spends-30-on-toys-she-eats-his-homework-instead/ HTTP/1.0" 200 - "-" "Mozilla/5.0 (Windows NT 10.0; Win64; x64) AppleWebKit/537.36 (KHTML, like Gecko) Chrome/110.0.0.0 Safari/537.36"
208.92.218.66 - - [22/Nov/2024:05:56:40 -0800] "GET /feed/ HTTP/1.0" 200 - "-" "Mozilla/5.0 (Windows NT 10.0; Win64; x64) AppleWebKit/537.36 (KHTML, like Gecko) Chrome/70.0.3538.102 Safari/537.36"
209.182.200.39 - - [22/Nov/2024:05:57:15 -0800] "POST /wp-cron.php?doing_wp_cron=1732283835.3239889144897460937500 HTTP/1.0" 403 228 "-" "WordPress/6.6.2; https://live2news.com"
209.182.200.39 - - [22/Nov/2024:05:57:15 -0800] "GET /wp-content/themes/newscore/assets/images/login-logo.png HTTP/1.0" 200 5193 "-" "-"
57.141.0.8 - - [22/Nov/2024:05:57:13 -0800] "GET /wp-login.php?redirect_to=https%3A%2F%2Flive2news.com%2Ftrain-disruption-for-passengers-due-to-landslip%2F HTTP/1.0" 200 7020 "-" "meta-externalagent/1.1 (+https://developers.facebook.com/docs/sharing/webmasters/crawler)"
209.182.200.39 - - [22/Nov/2024:05:57:33 -0800] "GET /wp-content/themes/newscore/assets/images/login-logo.png HTTP/1.0" 200 5193 "-" "-"
57.141.0.24 - - [22/Nov/2024:05:57:30 -0800] "GET /wp-login.php?redirect_to=https%3A%2F%2Flive2news.com%2F2024-presidential-election-live-updates%2F HTTP/1.0" 200 7012 "-" "meta-externalagent/1.1 (+https://developers.facebook.com/docs/sharing/webmasters/crawler)"
149.88.97.208 - - [22/Nov/2024:05:58:16 -0800] "GET /contact-us/%09%092024-06-19+09:24%09Ready+contact+form+successfully+found%09http://live2news.com%09%09%09%09%09 HTTP/1.0" 200 - "-" "Mozilla/5.0 (Macintosh; Intel Mac OS X 12.5; rv:114.0) Gecko/20100101 Firefox/114.0"
149.88.97.208 - - [22/Nov/2024:05:58:18 -0800] "GET /contact-us/%09%092024-06-19+09:24%09Ready+contact+form+successfully+found%09http://live2news.com%09%09%09%09%09 HTTP/1.0" 200 - "-" "Mozilla/5.0 (Macintosh; Intel Mac OS X 12.5; rv:114.0) Gecko/20100101 Firefox/114.0"
149.88.97.208 - - [22/Nov/2024:05:58:19 -0800] "GET /contact-us/%09%092024-06-19+09:24%09Ready+contact+form+successfully+found%09http://live2news.com%09%09%09%09%09 HTTP/1.0" 200 - "-" "Mozilla/5.0 (Macintosh; Intel Mac OS X 12.5; rv:114.0) Gecko/20100101 Firefox/114.0"
57.141.0.19 - - [22/Nov/2024:05:58:51 -0800] "GET /wp-json/wp/v2/posts/29140 HTTP/1.0" 200 - "-" "meta-externalagent/1.1 (+https://developers.facebook.com/docs/sharing/webmasters/crawler)"
182.160.3.12 - - [22/Nov/2024:05:58:54 -0800] "GET /share-a-tip-on-a-great-hike-in-europe-travel/ HTTP/1.0" 200 - "-" "Mozilla/5.0 (Windows NT 10.0; Win64; x64) AppleWebKit/537.36 (KHTML, like Gecko) Chrome/104.0.0.0 Safari/537.36"
208.92.218.66 - - [22/Nov/2024:05:59:19 -0800] "GET /feed/ HTTP/1.0" 200 - "-" "Mozilla/5.0 (Windows NT 10.0; Win64; x64) AppleWebKit/537.36 (KHTML, like Gecko) Chrome/70.0.3538.102 Safari/537.36"
57.141.0.25 - - [22/Nov/2024:05:59:22 -0800] "GET /wp-json/wp/v2/posts/24326 HTTP/1.0" 200 - "-" "meta-externalagent/1.1 (+https://developers.facebook.com/docs/sharing/webmasters/crawler)"
208.92.218.66 - - [22/Nov/2024:05:59:32 -0800] "GET /feed/ HTTP/1.0" 200 - "-" "Mozilla/5.0 (Windows NT 10.0; Win64; x64) AppleWebKit/537.36 (KHTML, like Gecko) Chrome/70.0.3538.102 Safari/537.36"
57.141.0.19 - - [22/Nov/2024:05:59:47 -0800] "GET /wp-json/oembed/1.0/embed?url=https%3A%2F%2Flive2news.com%2Fsimon-harris-commits-to-honour-trust-as-taoiseach%2F HTTP/1.0" 200 - "-" "meta-externalagent/1.1 (+https://developers.facebook.com/docs/sharing/webmasters/crawler)"
209.182.200.39 - - [22/Nov/2024:06:00:14 -0800] "POST /wp-cron.php?doing_wp_cron=1732284014.2216939926147460937500 HTTP/1.0" 403 228 "-" "WordPress/6.6.2; https://live2news.com"
209.182.200.39 - - [22/Nov/2024:06:00:14 -0800] "GET /wp-content/themes/newscore/assets/images/login-logo.png HTTP/1.0" 200 5193 "-" "-"
57.141.0.5 - - [22/Nov/2024:06:00:12 -0800] "GET /wp-login.php?redirect_to=https%3A%2F%2Flive2news.com%2Fandy-reid-speaks-out-about-taylor-swift-travis-kelce-romance%2F HTTP/1.0" 200 7033 "-" "meta-externalagent/1.1 (+https://developers.facebook.com/docs/sharing/webmasters/crawler)"
57.141.0.10 - - [22/Nov/2024:06:00:26 -0800] "GET /wp-json/oembed/1.0/embed?url=https%3A%2F%2Flive2news.com%2Fchina-urges-france-to-get-eu-to-arrive-at-palatable-ev-trade-solution%2F HTTP/1.0" 200 - "-" "meta-externalagent/1.1 (+https://developers.facebook.com/docs/sharing/webmasters/crawler)"
57.141.0.30 - - [22/Nov/2024:06:00:36 -0800] "GET /wp-json/oembed/1.0/embed?url=https%3A%2F%2Flive2news.com%2Fkamala-harris-may-flip-state-donald-trump-won-twice-new-poll-suggests%2F HTTP/1.0" 200 - "-" "meta-externalagent/1.1 (+https://developers.facebook.com/docs/sharing/webmasters/crawler)"
166.108.234.201 - - [22/Nov/2024:06:01:14 -0800] "GET /the-best-dog-friendly-hotels-in-yorkshire/ HTTP/1.0" 200 - "-" "Mozilla/5.0 (Windows NT 10.0; Win64; x64) AppleWebKit/537.36 (KHTML, like Gecko) Chrome/101.0.4951.64 Safari/537.36 Edg/101.0.1210.47"
57.141.0.15 - - [22/Nov/2024:06:01:27 -0800] "GET /?p=68740 HTTP/1.0" 200 - "-" "meta-externalagent/1.1 (+https://developers.facebook.com/docs/sharing/webmasters/crawler)"
114.119.132.18 - - [22/Nov/2024:06:01:38 -0800] "GET /author/8c32b5fe5216c9ec956c757d4b14ff26/ HTTP/1.0" 200 - "https://live2news.com/is-biden-wasting-his-time-on-an-israel-saudi-normalization-deal/" "Mozilla/5.0 (Linux; Android 7.0;) AppleWebKit/537.36 (KHTML, like Gecko) Mobile Safari/537.36 (compatible; PetalBot;+https://webmaster.petalsearch.com/site/petalbot)"
57.141.0.26 - - [22/Nov/2024:06:01:43 -0800] "GET /ryan-seacrests-rep-shares-sad-update-about-his-relationship/ HTTP/1.0" 200 - "-" "meta-externalagent/1.1 (+https://developers.facebook.com/docs/sharing/webmasters/crawler)"
57.141.0.16 - - [22/Nov/2024:06:02:52 -0800] "GET /wp-json/wp/v2/posts/53966 HTTP/1.0" 200 - "-" "meta-externalagent/1.1 (+https://developers.facebook.com/docs/sharing/webmasters/crawler)"
209.182.200.39 - - [22/Nov/2024:06:03:04 -0800] "POST /wp-cron.php?doing_wp_cron=1732284184.0260488986968994140625 HTTP/1.0" 403 228 "-" "WordPress/6.6.2; https://live2news.com"
209.182.200.39 - - [22/Nov/2024:06:03:04 -0800] "GET /wp-content/themes/newscore/assets/images/login-logo.png HTTP/1.0" 200 5193 "-" "-"
57.141.0.30 - - [22/Nov/2024:06:03:02 -0800] "GET /wp-login.php?redirect_to=https%3A%2F%2Flive2news.com%2Fthe-bachelor-finale-spoilers-joey-graziadeis-winner-revealed%2F HTTP/1.0" 200 7033 "-" "meta-externalagent/1.1 (+https://developers.facebook.com/docs/sharing/webmasters/crawler)"
114.119.132.18 - - [22/Nov/2024:06:03:04 -0800] "GET /preschool-or-transitional-kindergarten-what-parents-should-know/ HTTP/1.0" 200 - "https://live2news.com/togo-passes-laws-removing-presidents-term-limits/" "Mozilla/5.0 (Linux; Android 7.0;) AppleWebKit/537.36 (KHTML, like Gecko) Mobile Safari/537.36 (compatible; PetalBot;+https://webmaster.petalsearch.com/site/petalbot)"
208.92.218.66 - - [22/Nov/2024:06:03:19 -0800] "GET /feed/ HTTP/1.0" 200 - "-" "Mozilla/5.0 (Windows NT 10.0; Win64; x64) AppleWebKit/537.36 (KHTML, like Gecko) Chrome/70.0.3538.102 Safari/537.36"
216.244.66.249 - - [22/Nov/2024:06:03:32 -0800] "GET /canadas-newman-arop-secure-3rd-place-finishes-at-diamond-league-track-event/ HTTP/1.0" 200 - "-" "Mozilla/5.0 (compatible; DotBot/1.2; +https://opensiteexplorer.org/dotbot; help@moz.com)"
216.244.66.249 - - [22/Nov/2024:06:03:35 -0800] "GET /category/asia/page/5/ HTTP/1.0" 200 - "-" "Mozilla/5.0 (compatible; DotBot/1.2; +https://opensiteexplorer.org/dotbot; help@moz.com)"
111.119.202.225 - - [22/Nov/2024:06:03:36 -0800] "GET /ukraine-launches-major-black-sea-naval-drone-attack-toward-crimea/ HTTP/1.0" 200 - "-" "Mozilla/5.0 (Windows NT 10.0; Win64; x64) AppleWebKit/537.36 (KHTML, like Gecko) Chrome/107.0.0.0 Safari/537.36"
216.244.66.249 - - [22/Nov/2024:06:03:37 -0800] "GET /category/breaking-news/page/124/ HTTP/1.0" 200 - "-" "Mozilla/5.0 (compatible; DotBot/1.2; +https://opensiteexplorer.org/dotbot; help@moz.com)"
57.141.0.8 - - [22/Nov/2024:06:03:38 -0800] "GET /author/95363dd99ed9f6a5710c1981073bf0ef/ HTTP/1.0" 200 - "-" "meta-externalagent/1.1 (+https://developers.facebook.com/docs/sharing/webmasters/crawler)"
216.244.66.249 - - [22/Nov/2024:06:03:39 -0800] "GET /donald-trump-picks-doug-burgum-to-lead-department-of-the-interior/ HTTP/1.0" 200 - "-" "Mozilla/5.0 (compatible; DotBot/1.2; +https://opensiteexplorer.org/dotbot; help@moz.com)"
216.244.66.249 - - [22/Nov/2024:06:03:42 -0800] "GET /nasarawa-uniteds-dogo-promises-to-keep-fighting-despite-poor-start/ HTTP/1.0" 200 - "-" "Mozilla/5.0 (compatible; DotBot/1.2; +https://opensiteexplorer.org/dotbot; help@moz.com)"
216.244.66.249 - - [22/Nov/2024:06:03:48 -0800] "GET /author/akash_dutta/page/4/ HTTP/1.0" 200 - "-" "Mozilla/5.0 (compatible; DotBot/1.2; +https://opensiteexplorer.org/dotbot; help@moz.com)"
216.244.66.249 - - [22/Nov/2024:06:03:49 -0800] "GET /category/soccer-categories/page/132/ HTTP/1.0" 200 - "-" "Mozilla/5.0 (compatible; DotBot/1.2; +https://opensiteexplorer.org/dotbot; help@moz.com)"
216.244.66.249 - - [22/Nov/2024:06:03:51 -0800] "GET /juryless-rape-trials-plan-could-be-modified/ HTTP/1.0" 200 - "-" "Mozilla/5.0 (compatible; DotBot/1.2; +https://opensiteexplorer.org/dotbot; help@moz.com)"
216.244.66.249 - - [22/Nov/2024:06:03:52 -0800] "GET /move-to-home-schooling-biggest-since-covid/ HTTP/1.0" 200 - "-" "Mozilla/5.0 (compatible; DotBot/1.2; +https://opensiteexplorer.org/dotbot; help@moz.com)"
216.244.66.249 - - [22/Nov/2024:06:03:53 -0800] "GET /system-failing-domestic-abuse-victims-report/ HTTP/1.0" 200 - "-" "Mozilla/5.0 (compatible; DotBot/1.2; +https://opensiteexplorer.org/dotbot; help@moz.com)"
216.244.66.249 - - [22/Nov/2024:06:03:59 -0800] "GET /us-election-enters-uncharted-territory-after-verdict-against-trump-mercopress/ HTTP/1.0" 200 - "-" "Mozilla/5.0 (compatible; DotBot/1.2; +https://opensiteexplorer.org/dotbot; help@moz.com)"
208.92.218.66 - - [22/Nov/2024:06:04:12 -0800] "GET /feed/ HTTP/1.0" 200 - "-" "Mozilla/5.0 (Windows NT 10.0; Win64; x64) AppleWebKit/537.36 (KHTML, like Gecko) Chrome/70.0.3538.102 Safari/537.36"
114.119.156.185 - - [22/Nov/2024:06:04:29 -0800] "GET /12-tips-for-optimizing-your-companys-technology-investments/ HTTP/1.0" 200 - "https://live2news.com/hundreds-of-jobs-cut-in-cloud-computing-unit/" "Mozilla/5.0 (Linux; Android 7.0;) AppleWebKit/537.36 (KHTML, like Gecko) Mobile Safari/537.36 (compatible; PetalBot;+https://webmaster.petalsearch.com/site/petalbot)"
57.141.0.2 - - [22/Nov/2024:06:04:38 -0800] "GET /ryan-seacrests-rep-shares-sad-update-about-his-relationship/ HTTP/1.0" 200 - "-" "meta-externalagent/1.1 (+https://developers.facebook.com/docs/sharing/webmasters/crawler)"
57.141.0.24 - - [22/Nov/2024:06:04:49 -0800] "GET /wp-json/wp/v2/posts/170401 HTTP/1.0" 200 - "-" "meta-externalagent/1.1 (+https://developers.facebook.com/docs/sharing/webmasters/crawler)"
57.141.0.18 - - [22/Nov/2024:06:04:55 -0800] "GET /?p=46353 HTTP/1.0" 200 - "-" "meta-externalagent/1.1 (+https://developers.facebook.com/docs/sharing/webmasters/crawler)"
57.141.0.19 - - [22/Nov/2024:06:05:05 -0800] "GET /?p=169786 HTTP/1.0" 200 - "-" "meta-externalagent/1.1 (+https://developers.facebook.com/docs/sharing/webmasters/crawler)"
216.244.66.249 - - [22/Nov/2024:06:05:29 -0800] "GET /2025-afconq-caf-shouldnt-have-all/ HTTP/1.0" 200 - "-" "Mozilla/5.0 (compatible; DotBot/1.2; +https://opensiteexplorer.org/dotbot; help@moz.com)"
57.141.0.7 - - [22/Nov/2024:06:05:31 -0800] "GET /wp-json/oembed/1.0/embed?url=https%3A%2F%2Flive2news.com%2Fcaesars-sportsbook-promo-code-newswk1000-1000-nfl-bonus-for-week-9%2F HTTP/1.0" 200 - "-" "meta-externalagent/1.1 (+https://developers.facebook.com/docs/sharing/webmasters/crawler)"
216.244.66.249 - - [22/Nov/2024:06:05:35 -0800] "GET /author/andrew_griffin/ HTTP/1.0" 200 - "-" "Mozilla/5.0 (compatible; DotBot/1.2; +https://opensiteexplorer.org/dotbot; help@moz.com)"
216.244.66.249 - - [22/Nov/2024:06:05:40 -0800] "GET /category/business/page/711/ HTTP/1.0" 200 - "-" "Mozilla/5.0 (compatible; DotBot/1.2; +https://opensiteexplorer.org/dotbot; help@moz.com)"
216.244.66.249 - - [22/Nov/2024:06:05:45 -0800] "GET /google-pixel-8a-new-renders-showcase-a-fifth-case-colour-prices-tipped-too-report/ HTTP/1.0" 200 - "-" "Mozilla/5.0 (compatible; DotBot/1.2; +https://opensiteexplorer.org/dotbot; help@moz.com)"
57.141.0.4 - - [22/Nov/2024:06:05:45 -0800] "GET /ryan-seacrests-rep-shares-sad-update-about-his-relationship/ HTTP/1.0" 200 - "-" "meta-externalagent/1.1 (+https://developers.facebook.com/docs/sharing/webmasters/crawler)"
216.244.66.249 - - [22/Nov/2024:06:05:48 -0800] "GET /scientists-discover-how-you-might-be-getting-more-sleep-than-you-think/ HTTP/1.0" 200 - "-" "Mozilla/5.0 (compatible; DotBot/1.2; +https://opensiteexplorer.org/dotbot; help@moz.com)"
216.244.66.249 - - [22/Nov/2024:06:05:51 -0800] "GET /vicious-partner-feud-roils-ef-hutton/ HTTP/1.0" 200 - "-" "Mozilla/5.0 (compatible; DotBot/1.2; +https://opensiteexplorer.org/dotbot; help@moz.com)"
49.0.251.115 - - [22/Nov/2024:06:05:59 -0800] "GET /unlock-1000-in-bonus-bets-for-nba-nhl/ HTTP/1.0" 200 - "-" "Mozilla/5.0 (Windows NT 10.0; Win64; x64) AppleWebKit/537.36 (KHTML, like Gecko) Chrome/110.0.0.0 Safari/537.36"
208.92.218.66 - - [22/Nov/2024:06:06:21 -0800] "GET /feed/ HTTP/1.0" 200 - "-" "Mozilla/5.0 (Windows NT 10.0; Win64; x64) AppleWebKit/537.36 (KHTML, like Gecko) Chrome/70.0.3538.102 Safari/537.36"
57.141.0.24 - - [22/Nov/2024:06:06:31 -0800] "GET /?p=48842 HTTP/1.0" 200 - "-" "meta-externalagent/1.1 (+https://developers.facebook.com/docs/sharing/webmasters/crawler)"
57.141.0.10 - - [22/Nov/2024:06:07:17 -0800] "GET /wp-json/oembed/1.0/embed?url=https%3A%2F%2Flive2news.com%2Ftickets-on-sale-for-abu-dhabi-world-judo-championships-to-be-held-at-mubadala-arena%2F HTTP/1.0" 200 - "-" "meta-externalagent/1.1 (+https://developers.facebook.com/docs/sharing/webmasters/crawler)"
57.141.0.27 - - [22/Nov/2024:06:08:17 -0800] "GET /wp-json/wp/v2/posts/168397 HTTP/1.0" 200 - "-" "meta-externalagent/1.1 (+https://developers.facebook.com/docs/sharing/webmasters/crawler)"
124.243.181.184 - - [22/Nov/2024:06:08:24 -0800] "GET /european-central-bank-heads-for-third-interest-rate-cut-of-the-year/ HTTP/1.0" 200 - "-" "Mozilla/5.0 (Windows NT 10.0; Win64; x64) AppleWebKit/537.36 (KHTML, like Gecko) Chrome/101.0.4951.67 Safari/537.36"
208.92.218.66 - - [22/Nov/2024:06:09:21 -0800] "GET /feed/ HTTP/1.0" 200 - "-" "Mozilla/5.0 (Windows NT 10.0; Win64; x64) AppleWebKit/537.36 (KHTML, like Gecko) Chrome/70.0.3538.102 Safari/537.36"
209.182.200.39 - - [22/Nov/2024:06:09:55 -0800] "POST /wp-cron.php?doing_wp_cron=1732284595.7289390563964843750000 HTTP/1.0" 403 228 "-" "WordPress/6.6.2; https://live2news.com"
209.182.200.39 - - [22/Nov/2024:06:09:55 -0800] "GET /wp-content/themes/newscore/assets/images/login-logo.png HTTP/1.0" 200 5193 "-" "-"
57.141.0.7 - - [22/Nov/2024:06:09:54 -0800] "GET /wp-login.php?redirect_to=https%3A%2F%2Flive2news.com%2Fking-charles-breaks-silence-on-kate-middleton-cancer-reveal%2F HTTP/1.0" 200 7032 "-" "meta-externalagent/1.1 (+https://developers.facebook.com/docs/sharing/webmasters/crawler)"
57.141.0.22 - - [22/Nov/2024:06:09:56 -0800] "GET /wp-json/wp/v2/posts/34610 HTTP/1.0" 200 - "-" "meta-externalagent/1.1 (+https://developers.facebook.com/docs/sharing/webmasters/crawler)"
124.243.181.138 - - [22/Nov/2024:06:10:51 -0800] "GET /power-and-electricity-stock-picks-from-morgan-stanley-as-demand-booms/ HTTP/1.0" 200 - "-" "Mozilla/5.0 (Windows NT 10.0; Win64; x64) AppleWebKit/537.36 (KHTML, like Gecko) Chrome/104.0.0.0 Safari/537.36"
208.92.218.66 - - [22/Nov/2024:06:11:16 -0800] "GET /feed/ HTTP/1.0" 200 - "-" "Mozilla/5.0 (Windows NT 10.0; Win64; x64) AppleWebKit/537.36 (KHTML, like Gecko) Chrome/70.0.3538.102 Safari/537.36"
57.141.0.18 - - [22/Nov/2024:06:12:21 -0800] "GET /wp-json/oembed/1.0/embed?url=https%3A%2F%2Flive2news.com%2Fhow-real-madrid-could-line-up-against-real-betis%2F HTTP/1.0" 200 - "-" "meta-externalagent/1.1 (+https://developers.facebook.com/docs/sharing/webmasters/crawler)"
209.182.200.39 - - [22/Nov/2024:06:12:32 -0800] "POST /wp-cron.php?doing_wp_cron=1732284752.4106609821319580078125 HTTP/1.0" 403 228 "-" "WordPress/6.6.2; https://live2news.com"
209.182.200.39 - - [22/Nov/2024:06:12:32 -0800] "GET /wp-content/themes/newscore/assets/images/login-logo.png HTTP/1.0" 200 5193 "-" "-"
57.141.0.18 - - [22/Nov/2024:06:12:31 -0800] "GET /wp-login.php?redirect_to=https%3A%2F%2Flive2news.com%2Fbarring-rishabh-pant-sanjay-manjrekars-blunt-survival-message-to-gautam-gambhir-and-co-on-indias-flaws%2F HTTP/1.0" 200 7075 "-" "meta-externalagent/1.1 (+https://developers.facebook.com/docs/sharing/webmasters/crawler)"
209.182.200.39 - - [22/Nov/2024:06:13:04 -0800] "GET /wp-content/themes/newscore/assets/images/login-logo.png HTTP/1.0" 200 5193 "-" "-"
57.141.0.29 - - [22/Nov/2024:06:13:03 -0800] "GET /wp-login.php?redirect_to=https%3A%2F%2Flive2news.com%2Fsophie-alisch-becomes-first-female-boxing-signing-at-summit-sports%2F HTTP/1.0" 200 7039 "-" "meta-externalagent/1.1 (+https://developers.facebook.com/docs/sharing/webmasters/crawler)"
49.0.253.80 - - [22/Nov/2024:06:13:19 -0800] "GET /wp-includes/user.php HTTP/1.0" 200 - "-" "Mozilla/5.0 (Windows NT 10.0; Win64; x64) AppleWebKit/537.36 (KHTML, like Gecko) Chrome/104.0.0.0 Safari/537.36"
208.92.218.66 - - [22/Nov/2024:06:13:26 -0800] "GET /feed/ HTTP/1.0" 200 - "-" "Mozilla/5.0 (Windows NT 10.0; Win64; x64) AppleWebKit/537.36 (KHTML, like Gecko) Chrome/70.0.3538.102 Safari/537.36"
208.92.218.66 - - [22/Nov/2024:06:14:25 -0800] "GET /feed/ HTTP/1.0" 200 - "-" "Mozilla/5.0 (Windows NT 10.0; Win64; x64) AppleWebKit/537.36 (KHTML, like Gecko) Chrome/70.0.3538.102 Safari/537.36"
208.92.218.66 - - [22/Nov/2024:06:15:01 -0800] "GET /feed/ HTTP/1.0" 200 - "-" "Mozilla/5.0 (Windows NT 10.0; Win64; x64) AppleWebKit/537.36 (KHTML, like Gecko) Chrome/70.0.3538.102 Safari/537.36"
208.92.218.66 - - [22/Nov/2024:06:15:26 -0800] "GET /feed/ HTTP/1.0" 200 - "-" "Mozilla/5.0 (Windows NT 10.0; Win64; x64) AppleWebKit/537.36 (KHTML, like Gecko) Chrome/70.0.3538.102 Safari/537.36"
209.182.200.39 - - [22/Nov/2024:06:15:39 -0800] "POST /wp-cron.php?doing_wp_cron=1732284938.9849739074707031250000 HTTP/1.0" 403 228 "-" "WordPress/6.6.2; https://live2news.com"
209.182.200.39 - - [22/Nov/2024:06:15:39 -0800] "GET /wp-content/themes/newscore/assets/images/login-logo.png HTTP/1.0" 200 5193 "-" "-"
57.141.0.13 - - [22/Nov/2024:06:15:36 -0800] "GET /wp-login.php?redirect_to=https%3A%2F%2Flive2news.com%2Fcaptain-faf-du-plessis-blasts-rcb-after-home-defeat-need-strong-characters%2F HTTP/1.0" 200 7047 "-" "meta-externalagent/1.1 (+https://developers.facebook.com/docs/sharing/webmasters/crawler)"
208.92.218.66 - - [22/Nov/2024:06:15:45 -0800] "GET /feed/ HTTP/1.0" 200 - "-" "Mozilla/5.0 (Windows NT 10.0; Win64; x64) AppleWebKit/537.36 (KHTML, like Gecko) Chrome/70.0.3538.102 Safari/537.36"
166.108.206.129 - - [22/Nov/2024:06:15:50 -0800] "GET /inside-the-nba-reunion-depends-on-tnt-retaining-its-nba-rights/ HTTP/1.0" 200 - "-" "Mozilla/5.0 (Windows NT 10.0; Win64; x64) AppleWebKit/537.36 (KHTML, like Gecko) Chrome/104.0.0.0 Safari/537.36"
208.92.218.66 - - [22/Nov/2024:06:15:59 -0800] "GET /feed/ HTTP/1.0" 200 - "-" "Mozilla/5.0 (Windows NT 10.0; Win64; x64) AppleWebKit/537.36 (KHTML, like Gecko) Chrome/70.0.3538.102 Safari/537.36"
208.92.218.66 - - [22/Nov/2024:06:16:16 -0800] "GET /feed/ HTTP/1.0" 200 - "-" "Mozilla/5.0 (Windows NT 10.0; Win64; x64) AppleWebKit/537.36 (KHTML, like Gecko) Chrome/70.0.3538.102 Safari/537.36"
114.119.155.64 - - [22/Nov/2024:06:17:01 -0800] "GET /wp-content/uploads/2024/03/putin-ally-weaklings-running-europe-romania-russia.jpg HTTP/1.0" 200 4362184 "https://live2news.com/putin-ally-slams-weaklings-running-europe-in-expletive-filled-rant/" "Mozilla/5.0 (Linux; Android 7.0;) AppleWebKit/537.36 (KHTML, like Gecko) Mobile Safari/537.36 (compatible; PetalBot;+https://webmaster.petalsearch.com/site/petalbot)"
208.92.218.66 - - [22/Nov/2024:06:17:46 -0800] "GET /feed/ HTTP/1.0" 200 - "-" "Mozilla/5.0 (Windows NT 10.0; Win64; x64) AppleWebKit/537.36 (KHTML, like Gecko) Chrome/70.0.3538.102 Safari/537.36"
208.92.218.66 - - [22/Nov/2024:06:17:54 -0800] "GET /feed/ HTTP/1.0" 200 - "-" "Mozilla/5.0 (Windows NT 10.0; Win64; x64) AppleWebKit/537.36 (KHTML, like Gecko) Chrome/70.0.3538.102 Safari/537.36"
27.106.97.230 - - [22/Nov/2024:06:18:22 -0800] "GET /minutes-after-texting-me-my-son-was-murdered/ HTTP/1.0" 200 - "-" "Mozilla/5.0 (Windows NT 10.0; Win64; x64) AppleWebKit/537.36 (KHTML, like Gecko) Chrome/101.0.4951.64 Safari/537.36 Edg/101.0.1210.47"
114.119.141.201 - - [22/Nov/2024:06:18:24 -0800] "GET /china-acquired-recently-banned-nvidia-chips-in-super-micro-dell-servers-tenders-show/ HTTP/1.0" 200 - "https://live2news.com/u-s-crude-oil-supplies-rise-more-than-expected-refinery-use-eases/" "Mozilla/5.0 (Linux; Android 7.0;) AppleWebKit/537.36 (KHTML, like Gecko) Mobile Safari/537.36 (compatible; PetalBot;+https://webmaster.petalsearch.com/site/petalbot)"
57.141.0.17 - - [22/Nov/2024:06:18:29 -0800] "GET /wp-json/oembed/1.0/embed?url=https%3A%2F%2Flive2news.com%2Fazmatullah-omarzai-ipl-salary-stats%2F HTTP/1.0" 200 - "-" "meta-externalagent/1.1 (+https://developers.facebook.com/docs/sharing/webmasters/crawler)"
57.141.0.9 - - [22/Nov/2024:06:18:53 -0800] "GET /?p=77286 HTTP/1.0" 200 - "-" "meta-externalagent/1.1 (+https://developers.facebook.com/docs/sharing/webmasters/crawler)"
208.92.218.66 - - [22/Nov/2024:06:18:55 -0800] "GET /feed/ HTTP/1.0" 200 - "-" "Mozilla/5.0 (Windows NT 10.0; Win64; x64) AppleWebKit/537.36 (KHTML, like Gecko) Chrome/70.0.3538.102 Safari/537.36"
57.141.0.20 - - [22/Nov/2024:06:19:01 -0800] "GET /wp-json/oembed/1.0/embed?url=https%3A%2F%2Flive2news.com%2Fdenny-hamlin-accuses-nascar-official-of-being-in-denial-after-backlash%2F HTTP/1.0" 200 - "-" "meta-externalagent/1.1 (+https://developers.facebook.com/docs/sharing/webmasters/crawler)"
57.141.0.5 - - [22/Nov/2024:06:19:26 -0800] "GET /?p=36743 HTTP/1.0" 200 - "-" "meta-externalagent/1.1 (+https://developers.facebook.com/docs/sharing/webmasters/crawler)"
57.141.0.10 - - [22/Nov/2024:06:19:44 -0800] "GET /wp-json/oembed/1.0/embed?url=https%3A%2F%2Flive2news.com%2Fww1-album-sheds-personal-light-on-christmas-truce%2F HTTP/1.0" 200 - "-" "meta-externalagent/1.1 (+https://developers.facebook.com/docs/sharing/webmasters/crawler)"
208.92.218.66 - - [22/Nov/2024:06:19:54 -0800] "GET /feed/ HTTP/1.0" 200 - "-" "Mozilla/5.0 (Windows NT 10.0; Win64; x64) AppleWebKit/537.36 (KHTML, like Gecko) Chrome/70.0.3538.102 Safari/537.36"
57.141.0.8 - - [22/Nov/2024:06:20:34 -0800] "GET /?p=33805 HTTP/1.0" 200 - "-" "meta-externalagent/1.1 (+https://developers.facebook.com/docs/sharing/webmasters/crawler)"
111.119.238.72 - - [22/Nov/2024:06:20:56 -0800] "GET /workers-on-strike-after-failing-to-reach-deal-with-bombardier-by-deadline-union-says-toronto/ HTTP/1.0" 200 - "-" "Mozilla/5.0 (Windows NT 10.0; Win64; x64) AppleWebKit/537.36 (KHTML, like Gecko) Chrome/104.0.0.0 Safari/537.36"
57.141.0.9 - - [22/Nov/2024:06:20:59 -0800] "GET /ryan-seacrests-rep-shares-sad-update-about-his-relationship/ HTTP/1.0" 200 - "-" "meta-externalagent/1.1 (+https://developers.facebook.com/docs/sharing/webmasters/crawler)"
208.92.218.66 - - [22/Nov/2024:06:21:28 -0800] "GET /feed/ HTTP/1.0" 200 - "-" "Mozilla/5.0 (Windows NT 10.0; Win64; x64) AppleWebKit/537.36 (KHTML, like Gecko) Chrome/70.0.3538.102 Safari/537.36"
35.94.116.179 - - [22/Nov/2024:06:22:10 -0800] "GET / HTTP/1.0" 200 - "-" "Mozilla/5.0 (X11; Linux x86_64) AppleWebKit/537.36 (KHTML, like Gecko) Chrome/83.0.4103.97 Safari/537.36"
57.141.0.6 - - [22/Nov/2024:06:22:23 -0800] "GET /wp-json/wp/v2/posts/21371 HTTP/1.0" 200 - "-" "meta-externalagent/1.1 (+https://developers.facebook.com/docs/sharing/webmasters/crawler)"
209.182.200.39 - - [22/Nov/2024:06:23:01 -0800] "POST /wp-cron.php?doing_wp_cron=1732285381.7578549385070800781250 HTTP/1.0" 200 - "-" "WordPress/6.6.2; https://live2news.com"
209.182.200.39 - - [22/Nov/2024:06:23:01 -0800] "GET /wp-content/themes/newscore/assets/images/login-logo.png HTTP/1.0" 200 5193 "-" "-"
57.141.0.23 - - [22/Nov/2024:06:23:00 -0800] "GET /wp-login.php?redirect_to=https%3A%2F%2Flive2news.com%2Fwhy-joe-biden-is-rolling-out-the-red-carpet-for-kenyas-leader%2F HTTP/1.0" 200 7034 "-" "meta-externalagent/1.1 (+https://developers.facebook.com/docs/sharing/webmasters/crawler)"
209.182.200.39 - - [22/Nov/2024:06:23:05 -0800] "GET /wp-content/uploads/2024/09/sharelogo_facebook.jpg HTTP/1.0" 200 34898 "http://www.europarl.europa.eu" "Mozilla/5.0 (Macintosh; Intel Mac OS X 10_15_7) AppleWebKit/537.36 (KHTML, like Gecko) Chrome/107.0.0.0 Safari/537.36"
209.182.200.39 - - [22/Nov/2024:06:23:10 -0800] "GET /wp-json/jetpack/v4/sync/spawn-sync?time=1732285390 HTTP/1.0" 200 - "-" "WordPress/6.6.2; https://live2news.com"
209.182.200.39 - - [22/Nov/2024:06:23:36 -0800] "GET /wp-content/themes/newscore/assets/images/login-logo.png HTTP/1.0" 200 5193 "-" "-"
111.119.213.227 - - [22/Nov/2024:06:23:32 -0800] "GET /wp-login.php?redirect_to=https%3A%2F%2Flive2news.com%2Fpolio-cases-surge-in-pakistan-ahead-of-vaccination-campaign%2F HTTP/1.0" 200 7032 "-" "Mozilla/5.0 (Windows NT 10.0; Win64; x64) AppleWebKit/537.36 (KHTML, like Gecko) Chrome/110.0.0.0 Safari/537.36"
57.141.0.20 - - [22/Nov/2024:06:25:06 -0800] "GET /?p=77290 HTTP/1.0" 200 - "-" "meta-externalagent/1.1 (+https://developers.facebook.com/docs/sharing/webmasters/crawler)"
57.141.0.22 - - [22/Nov/2024:06:25:19 -0800] "GET /ryan-seacrests-rep-shares-sad-update-about-his-relationship/ HTTP/1.0" 200 - "-" "meta-externalagent/1.1 (+https://developers.facebook.com/docs/sharing/webmasters/crawler)"
208.92.218.66 - - [22/Nov/2024:06:25:56 -0800] "GET /feed/ HTTP/1.0" 200 - "-" "Mozilla/5.0 (Windows NT 10.0; Win64; x64) AppleWebKit/537.36 (KHTML, like Gecko) Chrome/70.0.3538.102 Safari/537.36"
111.119.232.245 - - [22/Nov/2024:06:26:09 -0800] "GET /wp-includes/registration.php HTTP/1.0" 403 228 "-" "Mozilla/5.0 (Windows NT 10.0; Win64; x64) AppleWebKit/537.36 (KHTML, like Gecko) Chrome/107.0.0.0 Safari/537.36"
57.141.0.30 - - [22/Nov/2024:06:26:46 -0800] "GET /?p=168322 HTTP/1.0" 200 - "-" "meta-externalagent/1.1 (+https://developers.facebook.com/docs/sharing/webmasters/crawler)"
57.141.0.26 - - [22/Nov/2024:06:27:50 -0800] "GET /wp-json/wp/v2/posts/170096 HTTP/1.0" 200 - "-" "meta-externalagent/1.1 (+https://developers.facebook.com/docs/sharing/webmasters/crawler)"
57.141.0.16 - - [22/Nov/2024:06:28:22 -0800] "GET /ryan-seacrests-rep-shares-sad-update-about-his-relationship/ HTTP/1.0" 200 - "-" "meta-externalagent/1.1 (+https://developers.facebook.com/docs/sharing/webmasters/crawler)"
57.141.0.7 - - [22/Nov/2024:06:28:30 -0800] "GET /wp-json/wp/v2/posts/29290 HTTP/1.0" 200 - "-" "meta-externalagent/1.1 (+https://developers.facebook.com/docs/sharing/webmasters/crawler)"
124.243.181.79 - - [22/Nov/2024:06:28:50 -0800] "GET /kamala-harris-is-leading-majority-of-battleground-states-new-poll/ HTTP/1.0" 200 - "-" "Mozilla/5.0 (Windows NT 10.0; Win64; x64) AppleWebKit/537.36 (KHTML, like Gecko) Chrome/104.0.0.0 Safari/537.36"
208.92.218.66 - - [22/Nov/2024:06:29:20 -0800] "GET /feed/ HTTP/1.0" 200 - "-" "Mozilla/5.0 (Windows NT 10.0; Win64; x64) AppleWebKit/537.36 (KHTML, like Gecko) Chrome/70.0.3538.102 Safari/537.36"
208.92.218.66 - - [22/Nov/2024:06:29:24 -0800] "GET /feed/ HTTP/1.0" 200 - "-" "Mozilla/5.0 (Windows NT 10.0; Win64; x64) AppleWebKit/537.36 (KHTML, like Gecko) Chrome/70.0.3538.102 Safari/537.36"
57.141.0.1 - - [22/Nov/2024:06:29:24 -0800] "GET /best-new-betting-sites-in-south-africa-2024/ HTTP/1.0" 200 - "-" "meta-externalagent/1.1 (+https://developers.facebook.com/docs/sharing/webmasters/crawler)"
57.141.0.19 - - [22/Nov/2024:06:29:28 -0800] "GET /?p=170308 HTTP/1.0" 200 - "-" "meta-externalagent/1.1 (+https://developers.facebook.com/docs/sharing/webmasters/crawler)"
57.141.0.26 - - [22/Nov/2024:06:29:59 -0800] "GET /?p=42362 HTTP/1.0" 200 - "-" "meta-externalagent/1.1 (+https://developers.facebook.com/docs/sharing/webmasters/crawler)"
209.182.200.39 - - [22/Nov/2024:06:30:00 -0800] "POST /wp-cron.php?doing_wp_cron=1732285800.4160790443420410156250 HTTP/1.0" 403 228 "-" "WordPress/6.6.2; https://live2news.com"
209.182.200.39 - - [22/Nov/2024:06:30:00 -0800] "GET /wp-content/themes/newscore/assets/images/login-logo.png HTTP/1.0" 200 5193 "-" "-"
57.141.0.6 - - [22/Nov/2024:06:29:57 -0800] "GET /wp-login.php?redirect_to=https%3A%2F%2Flive2news.com%2Frihanna-opens-up-about-her-plastic-surgery-plans%2F HTTP/1.0" 200 7021 "-" "meta-externalagent/1.1 (+https://developers.facebook.com/docs/sharing/webmasters/crawler)"
208.92.218.66 - - [22/Nov/2024:06:30:15 -0800] "GET /feed/ HTTP/1.0" 200 - "-" "Mozilla/5.0 (Windows NT 10.0; Win64; x64) AppleWebKit/537.36 (KHTML, like Gecko) Chrome/70.0.3538.102 Safari/537.36"
208.92.218.66 - - [22/Nov/2024:06:30:41 -0800] "GET /feed/ HTTP/1.0" 200 - "-" "Mozilla/5.0 (Windows NT 10.0; Win64; x64) AppleWebKit/537.36 (KHTML, like Gecko) Chrome/70.0.3538.102 Safari/537.36"
208.92.218.66 - - [22/Nov/2024:06:31:07 -0800] "GET /feed/ HTTP/1.0" 200 - "-" "Mozilla/5.0 (Windows NT 10.0; Win64; x64) AppleWebKit/537.36 (KHTML, like Gecko) Chrome/70.0.3538.102 Safari/537.36"
57.141.0.27 - - [22/Nov/2024:06:31:08 -0800] "GET /?p=32753 HTTP/1.0" 200 - "-" "meta-externalagent/1.1 (+https://developers.facebook.com/docs/sharing/webmasters/crawler)"
111.119.217.132 - - [22/Nov/2024:06:31:33 -0800] "GET /espn-bet-promo-code-newsweek-1k-bonus-for-osu-psu-any-cfb-game/ HTTP/1.0" 200 - "-" "Mozilla/5.0 (Windows NT 10.0; Win64; x64) AppleWebKit/537.36 (KHTML, like Gecko) Chrome/107.0.0.0 Safari/537.36"
95.108.213.148 - - [22/Nov/2024:06:32:00 -0800] "GET /robots.txt HTTP/1.0" 200 67 "-" "Mozilla/5.0 (compatible; YandexBot/3.0; +http://yandex.com/bots)"
5.255.231.181 - - [22/Nov/2024:06:32:02 -0800] "GET /19-december-2024-bureau-and-ordinary-meetings-ordinary-meetings-activities-dacp-delegations/ HTTP/1.0" 200 - "-" "Mozilla/5.0 (compatible; YandexBot/3.0; +http://yandex.com/bots)"
87.250.224.46 - - [22/Nov/2024:06:32:28 -0800] "GET /who-is-on-the-jack-catterall-vs-regis-prograis-undercard/ HTTP/1.0" 200 - "-" "Mozilla/5.0 (compatible; YandexBot/3.0; +http://yandex.com/bots)"
57.141.0.12 - - [22/Nov/2024:06:32:45 -0800] "GET /?p=32584 HTTP/1.0" 200 - "-" "meta-externalagent/1.1 (+https://developers.facebook.com/docs/sharing/webmasters/crawler)"
208.92.218.66 - - [22/Nov/2024:06:33:52 -0800] "GET /feed/ HTTP/1.0" 200 - "-" "Mozilla/5.0 (Windows NT 10.0; Win64; x64) AppleWebKit/537.36 (KHTML, like Gecko) Chrome/70.0.3538.102 Safari/537.36"
208.92.218.66 - - [22/Nov/2024:06:34:16 -0800] "GET /feed/ HTTP/1.0" 200 - "-" "Mozilla/5.0 (Windows NT 10.0; Win64; x64) AppleWebKit/537.36 (KHTML, like Gecko) Chrome/70.0.3538.102 Safari/537.36"
111.119.233.27 - - [22/Nov/2024:06:34:20 -0800] "GET /bristol-birthplace-of-winnie-the-pooh-goes-up-for-sale/ HTTP/1.0" 200 - "-" "Mozilla/5.0 (Windows NT 10.0; Win64; x64) AppleWebKit/537.36 (KHTML, like Gecko) Chrome/101.0.4951.64 Safari/537.36 Edg/101.0.1210.47"
208.92.218.66 - - [22/Nov/2024:06:34:39 -0800] "GET /feed/ HTTP/1.0" 200 - "-" "Mozilla/5.0 (Windows NT 10.0; Win64; x64) AppleWebKit/537.36 (KHTML, like Gecko) Chrome/70.0.3538.102 Safari/537.36"
114.119.141.201 - - [22/Nov/2024:06:34:41 -0800] "GET /csk-vs-kkr-ipl-2024-predictions-odd-slightly-in-favour-of-home-team-at-chepauk-stadium/ HTTP/1.0" 200 - "https://live2news.com/japans-real-wages-fall-for-23rd-month-in-a-row/" "Mozilla/5.0 (Linux; Android 7.0;) AppleWebKit/537.36 (KHTML, like Gecko) Mobile Safari/537.36 (compatible; PetalBot;+https://webmaster.petalsearch.com/site/petalbot)"
57.141.0.27 - - [22/Nov/2024:06:34:47 -0800] "GET /?p=38268 HTTP/1.0" 200 - "-" "meta-externalagent/1.1 (+https://developers.facebook.com/docs/sharing/webmasters/crawler)"
208.92.218.66 - - [22/Nov/2024:06:34:50 -0800] "GET /feed/ HTTP/1.0" 200 - "-" "Mozilla/5.0 (Windows NT 10.0; Win64; x64) AppleWebKit/537.36 (KHTML, like Gecko) Chrome/70.0.3538.102 Safari/537.36"
