208.92.218.66 - - [22/Nov/2024:07:25:50 -0800] "GET /feed/ HTTP/1.0" 200 - "-" "Mozilla/5.0 (Windows NT 10.0; Win64; x64) AppleWebKit/537.36 (KHTML, like Gecko) Chrome/70.0.3538.102 Safari/537.36"
208.92.218.66 - - [22/Nov/2024:07:26:05 -0800] "GET /feed/ HTTP/1.0" 200 - "-" "Mozilla/5.0 (Windows NT 10.0; Win64; x64) AppleWebKit/537.36 (KHTML, like Gecko) Chrome/70.0.3538.102 Safari/537.36"
57.141.0.28 - - [22/Nov/2024:07:26:21 -0800] "GET /wp-json/oembed/1.0/embed?url=https%3A%2F%2Flive2news.com%2Fthe-hot-sale-going-on-at-department-stores-their-shares%2F HTTP/1.0" 200 - "-" "meta-externalagent/1.1 (+https://developers.facebook.com/docs/sharing/webmasters/crawler)"
208.92.218.66 - - [22/Nov/2024:07:26:35 -0800] "GET /feed/ HTTP/1.0" 200 - "-" "Mozilla/5.0 (Windows NT 10.0; Win64; x64) AppleWebKit/537.36 (KHTML, like Gecko) Chrome/70.0.3538.102 Safari/537.36"
208.92.218.66 - - [22/Nov/2024:07:27:20 -0800] "GET /feed/ HTTP/1.0" 200 - "-" "Mozilla/5.0 (Windows NT 10.0; Win64; x64) AppleWebKit/537.36 (KHTML, like Gecko) Chrome/70.0.3538.102 Safari/537.36"
209.182.200.39 - - [22/Nov/2024:07:27:22 -0800] "POST /wp-cron.php?doing_wp_cron=1732289242.7630379199981689453125 HTTP/1.0" 403 228 "-" "WordPress/6.6.2; https://live2news.com"
209.182.200.39 - - [22/Nov/2024:07:27:23 -0800] "GET /wp-content/themes/newscore/assets/images/login-logo.png HTTP/1.0" 200 5193 "-" "-"
57.141.0.22 - - [22/Nov/2024:07:27:20 -0800] "GET /wp-login.php?redirect_to=https%3A%2F%2Flive2news.com%2Fincreased-police-presence-in-derry-after-attacks%2F HTTP/1.0" 200 7021 "-" "meta-externalagent/1.1 (+https://developers.facebook.com/docs/sharing/webmasters/crawler)"
209.182.200.39 - - [22/Nov/2024:07:27:50 -0800] "GET /wp-content/themes/newscore/assets/images/login-logo.png HTTP/1.0" 200 5193 "-" "-"
57.141.0.23 - - [22/Nov/2024:07:27:47 -0800] "GET /wp-login.php?redirect_to=https%3A%2F%2Flive2news.com%2Frandy-waldrum-issues-warning-to-super-falcons-ahead-of-south-africa-clash%2F HTTP/1.0" 200 7046 "-" "meta-externalagent/1.1 (+https://developers.facebook.com/docs/sharing/webmasters/crawler)"
17.241.219.180 - - [22/Nov/2024:07:28:08 -0800] "GET /three-appear-in-court-over-toddlers-death/ HTTP/1.0" 200 - "-" "Mozilla/5.0 (Macintosh; Intel Mac OS X 10_15_7) AppleWebKit/605.1.15 (KHTML, like Gecko) Version/17.4 Safari/605.1.15 (Applebot/0.1; +http://www.apple.com/go/applebot)"
57.141.0.21 - - [22/Nov/2024:07:28:29 -0800] "GET /ryan-seacrests-rep-shares-sad-update-about-his-relationship/ HTTP/1.0" 200 - "-" "meta-externalagent/1.1 (+https://developers.facebook.com/docs/sharing/webmasters/crawler)"
209.182.200.39 - - [22/Nov/2024:07:28:36 -0800] "POST /wp-cron.php?doing_wp_cron=1732289316.3660159111022949218750 HTTP/1.0" 403 228 "-" "WordPress/6.6.2; https://live2news.com"
209.182.200.39 - - [22/Nov/2024:07:28:36 -0800] "GET /wp-content/themes/newscore/assets/images/login-logo.png HTTP/1.0" 200 5193 "-" "-"
57.141.0.18 - - [22/Nov/2024:07:28:35 -0800] "GET /wp-login.php?redirect_to=https%3A%2F%2Flive2news.com%2Fusmnt-copa-america-roster-prediction-1-0-who-will-join-regulars-christian-pulisic-weston-mckennie-for-usa%2F HTTP/1.0" 200 7078 "-" "meta-externalagent/1.1 (+https://developers.facebook.com/docs/sharing/webmasters/crawler)"
185.191.171.12 - - [22/Nov/2024:07:28:38 -0800] "GET /man-is-arrested-for-beating-a-west-hollywood-valet-in-rampage/ HTTP/1.0" 200 - "-" "Mozilla/5.0 (compatible; SemrushBot/7~bl; +http://www.semrush.com/bot.html)"
57.141.0.16 - - [22/Nov/2024:07:28:45 -0800] "GET /ryan-seacrests-rep-shares-sad-update-about-his-relationship/ HTTP/1.0" 200 - "-" "meta-externalagent/1.1 (+https://developers.facebook.com/docs/sharing/webmasters/crawler)"
124.243.181.105 - - [22/Nov/2024:07:29:14 -0800] "GET /the-entire-worlds-population-is-expected-to-reach-10-3-billion-by-2080-mercopress/ HTTP/1.0" 200 - "-" "Mozilla/5.0 (Windows NT 10.0; Win64; x64) AppleWebKit/537.36 (KHTML, like Gecko) Chrome/101.0.4951.64 Safari/537.36 Edg/101.0.1210.47"
216.244.66.249 - - [22/Nov/2024:07:29:21 -0800] "GET /hrw-accuses-israel-of-war-crime-with-displacements/ HTTP/1.0" 200 - "-" "Mozilla/5.0 (compatible; DotBot/1.2; +https://opensiteexplorer.org/dotbot; help@moz.com)"
216.244.66.249 - - [22/Nov/2024:07:29:26 -0800] "GET /ugarte-finally-arrives-at-m/ HTTP/1.0" 200 - "-" "Mozilla/5.0 (compatible; DotBot/1.2; +https://opensiteexplorer.org/dotbot; help@moz.com)"
57.141.0.25 - - [22/Nov/2024:07:29:27 -0800] "GET /wp-json/wp/v2/posts/51453 HTTP/1.0" 200 - "-" "meta-externalagent/1.1 (+https://developers.facebook.com/docs/sharing/webmasters/crawler)"
216.244.66.249 - - [22/Nov/2024:07:29:31 -0800] "GET /venezuelan-ambassador-returns-to-brasilia-mercopress/ HTTP/1.0" 200 - "-" "Mozilla/5.0 (compatible; DotBot/1.2; +https://opensiteexplorer.org/dotbot; help@moz.com)"
216.244.66.249 - - [22/Nov/2024:07:29:34 -0800] "GET /remote-high-altitude-mountaintop-restaurant-reopens-after-devastating-fire/ HTTP/1.0" 200 - "-" "Mozilla/5.0 (compatible; DotBot/1.2; +https://opensiteexplorer.org/dotbot; help@moz.com)"
57.141.0.25 - - [22/Nov/2024:07:29:35 -0800] "GET /wp-json/wp/v2/posts/32733 HTTP/1.0" 200 - "-" "meta-externalagent/1.1 (+https://developers.facebook.com/docs/sharing/webmasters/crawler)"
216.244.66.249 - - [22/Nov/2024:07:29:37 -0800] "GET /flight-to-miami-makes-a-u-turn-back-to-europe-due-to-severe-turbulence/ HTTP/1.0" 200 - "-" "Mozilla/5.0 (compatible; DotBot/1.2; +https://opensiteexplorer.org/dotbot; help@moz.com)"
216.244.66.249 - - [22/Nov/2024:07:29:40 -0800] "GET /uks-starmer-sets-out-new-2035-climate-goal/ HTTP/1.0" 200 - "-" "Mozilla/5.0 (compatible; DotBot/1.2; +https://opensiteexplorer.org/dotbot; help@moz.com)"
216.244.66.249 - - [22/Nov/2024:07:29:42 -0800] "GET /greek-tomb-possibly-holds-alexander-the-greats-tunic-new-study-suggests/ HTTP/1.0" 200 - "-" "Mozilla/5.0 (compatible; DotBot/1.2; +https://opensiteexplorer.org/dotbot; help@moz.com)"
216.244.66.249 - - [22/Nov/2024:07:29:46 -0800] "GET /israel-not-in-violation-of-u-s-law-gaza-aid-will-be-monitored-state-dept/ HTTP/1.0" 200 - "-" "Mozilla/5.0 (compatible; DotBot/1.2; +https://opensiteexplorer.org/dotbot; help@moz.com)"
216.244.66.249 - - [22/Nov/2024:07:29:48 -0800] "GET /samsung-galaxy-a26-design-leaked-via-cad-renders-suggests-triple-rear-cameras-waterdrop-style-notch/ HTTP/1.0" 200 - "-" "Mozilla/5.0 (compatible; DotBot/1.2; +https://opensiteexplorer.org/dotbot; help@moz.com)"
216.244.66.249 - - [22/Nov/2024:07:29:50 -0800] "GET /auto-transport-roundup-market-talk/ HTTP/1.0" 200 - "-" "Mozilla/5.0 (compatible; DotBot/1.2; +https://opensiteexplorer.org/dotbot; help@moz.com)"
216.244.66.249 - - [22/Nov/2024:07:29:52 -0800] "GET /what-we-can-expect-from-trump-and-bidens-meeting/ HTTP/1.0" 200 - "-" "Mozilla/5.0 (compatible; DotBot/1.2; +https://opensiteexplorer.org/dotbot; help@moz.com)"
57.141.0.20 - - [22/Nov/2024:07:30:09 -0800] "GET /?p=170332 HTTP/1.0" 200 - "-" "meta-externalagent/1.1 (+https://developers.facebook.com/docs/sharing/webmasters/crawler)"
57.141.0.26 - - [22/Nov/2024:07:30:15 -0800] "GET /wp-json/oembed/1.0/embed?url=https%3A%2F%2Flive2news.com%2Fformer-ohio-police-officer-found-guilty-of-murder-of-andre-hill%2F HTTP/1.0" 200 - "-" "meta-externalagent/1.1 (+https://developers.facebook.com/docs/sharing/webmasters/crawler)"
57.141.0.22 - - [22/Nov/2024:07:30:16 -0800] "GET /wp-json/oembed/1.0/embed?url=https%3A%2F%2Flive2news.com%2Fbundesliga-team-of-the-week%2F HTTP/1.0" 200 - "-" "meta-externalagent/1.1 (+https://developers.facebook.com/docs/sharing/webmasters/crawler)"
209.182.200.39 - - [22/Nov/2024:07:30:22 -0800] "POST /wp-cron.php?doing_wp_cron=1732289422.1925010681152343750000 HTTP/1.0" 403 228 "-" "WordPress/6.6.2; https://live2news.com"
209.182.200.39 - - [22/Nov/2024:07:30:22 -0800] "GET /wp-content/themes/newscore/assets/images/login-logo.png HTTP/1.0" 200 5193 "-" "-"
57.141.0.7 - - [22/Nov/2024:07:30:21 -0800] "GET /wp-login.php?redirect_to=https%3A%2F%2Flive2news.com%2Famechi-mandi-and-kelechi-ejikeme%2F HTTP/1.0" 200 7005 "-" "meta-externalagent/1.1 (+https://developers.facebook.com/docs/sharing/webmasters/crawler)"
216.244.66.249 - - [22/Nov/2024:07:30:26 -0800] "GET /it-felt-wild-and-mystical-readers-favourite-remote-spots-in-europe-europe-holidays/ HTTP/1.0" 200 - "-" "Mozilla/5.0 (compatible; DotBot/1.2; +https://opensiteexplorer.org/dotbot; help@moz.com)"
216.244.66.249 - - [22/Nov/2024:07:30:36 -0800] "GET /as-kylian-mbappe-struggles-with-real-madrid-things-arent-much-better-with-france-whats-gone-wrong/ HTTP/1.0" 200 - "-" "Mozilla/5.0 (compatible; DotBot/1.2; +https://opensiteexplorer.org/dotbot; help@moz.com)"
216.244.66.249 - - [22/Nov/2024:07:30:38 -0800] "GET /russian-soldiers-who-massacred-entire-ukrainian-family-get-life-sentences/ HTTP/1.0" 200 - "-" "Mozilla/5.0 (compatible; DotBot/1.2; +https://opensiteexplorer.org/dotbot; help@moz.com)"
216.244.66.249 - - [22/Nov/2024:07:30:40 -0800] "GET /which-wicketkeeper-batters-rcb-might-target-in-the-ipl-2025-mega-auction/ HTTP/1.0" 200 - "-" "Mozilla/5.0 (compatible; DotBot/1.2; +https://opensiteexplorer.org/dotbot; help@moz.com)"
216.244.66.249 - - [22/Nov/2024:07:30:47 -0800] "GET /2025-mlb-free-agent-signing-tracker-trades-reds-nick-martinez-accepts-qo/ HTTP/1.0" 200 - "-" "Mozilla/5.0 (compatible; DotBot/1.2; +https://opensiteexplorer.org/dotbot; help@moz.com)"
216.244.66.249 - - [22/Nov/2024:07:30:49 -0800] "GET /francois-hollande-calls-for-a-united-europe-after-trump-election-win/ HTTP/1.0" 200 - "-" "Mozilla/5.0 (compatible; DotBot/1.2; +https://opensiteexplorer.org/dotbot; help@moz.com)"
216.244.66.249 - - [22/Nov/2024:07:30:50 -0800] "GET /simon-harris-criticised-over-candidate-found-liable-for-assault/ HTTP/1.0" 200 - "-" "Mozilla/5.0 (compatible; DotBot/1.2; +https://opensiteexplorer.org/dotbot; help@moz.com)"
216.244.66.249 - - [22/Nov/2024:07:30:52 -0800] "GET /bam-adebayo-shines-in-heat-victory-joins-lebron-james-in-history/ HTTP/1.0" 200 - "-" "Mozilla/5.0 (compatible; DotBot/1.2; +https://opensiteexplorer.org/dotbot; help@moz.com)"
216.244.66.249 - - [22/Nov/2024:07:30:54 -0800] "GET /taylor-swifts-pricey-watch-nearly-falls-off-in-new-video/ HTTP/1.0" 200 - "-" "Mozilla/5.0 (compatible; DotBot/1.2; +https://opensiteexplorer.org/dotbot; help@moz.com)"
57.141.0.18 - - [22/Nov/2024:07:31:04 -0800] "GET /wp-json/wp/v2/posts/170342 HTTP/1.0" 200 - "-" "meta-externalagent/1.1 (+https://developers.facebook.com/docs/sharing/webmasters/crawler)"
216.244.66.249 - - [22/Nov/2024:07:31:05 -0800] "GET /aus-vs-pak-twitter-reacts-to-haris-raufs-kick-of-creativity-deny-struggling-maxwell-a-boundary/ HTTP/1.0" 200 - "-" "Mozilla/5.0 (compatible; DotBot/1.2; +https://opensiteexplorer.org/dotbot; help@moz.com)"
216.244.66.249 - - [22/Nov/2024:07:31:07 -0800] "GET /bolton-barber-cuts-the-stress-for-young-neurodivergent-clients/ HTTP/1.0" 200 - "-" "Mozilla/5.0 (compatible; DotBot/1.2; +https://opensiteexplorer.org/dotbot; help@moz.com)"
216.244.66.249 - - [22/Nov/2024:07:31:52 -0800] "GET /missing-cumbernauld-cat-found-300-miles-away-in-coventry/ HTTP/1.0" 200 - "-" "Mozilla/5.0 (compatible; DotBot/1.2; +https://opensiteexplorer.org/dotbot; help@moz.com)"
216.244.66.249 - - [22/Nov/2024:07:31:55 -0800] "GET /us-seeks-3-years-prison-for-binance-founder-changpeng-zhao/ HTTP/1.0" 200 - "-" "Mozilla/5.0 (compatible; DotBot/1.2; +https://opensiteexplorer.org/dotbot; help@moz.com)"
216.244.66.249 - - [22/Nov/2024:07:31:57 -0800] "GET /creamline-starts-drive-for-no-5/ HTTP/1.0" 200 - "-" "Mozilla/5.0 (compatible; DotBot/1.2; +https://opensiteexplorer.org/dotbot; help@moz.com)"
57.141.0.14 - - [22/Nov/2024:07:32:11 -0800] "GET /wp-json/wp/v2/posts/169244 HTTP/1.0" 200 - "-" "meta-externalagent/1.1 (+https://developers.facebook.com/docs/sharing/webmasters/crawler)"
216.244.66.249 - - [22/Nov/2024:07:32:26 -0800] "GET /spains-deoleo-says-olive-oil-prices-set-to-halve-from-record-levels/ HTTP/1.0" 200 - "-" "Mozilla/5.0 (compatible; DotBot/1.2; +https://opensiteexplorer.org/dotbot; help@moz.com)"
216.244.66.249 - - [22/Nov/2024:07:32:42 -0800] "GET /republican-warns-putins-propaganda-being-uttered-in-congress/ HTTP/1.0" 200 - "-" "Mozilla/5.0 (compatible; DotBot/1.2; +https://opensiteexplorer.org/dotbot; help@moz.com)"
216.244.66.249 - - [22/Nov/2024:07:32:46 -0800] "GET /waited-for-10-years-sanju-samsons-emotional-confession-after-heroic-durban-century/ HTTP/1.0" 200 - "-" "Mozilla/5.0 (compatible; DotBot/1.2; +https://opensiteexplorer.org/dotbot; help@moz.com)"
216.244.66.249 - - [22/Nov/2024:07:33:06 -0800] "GET /2023-24-nba-rookie-of-the-year-odds-wembanyama-becomes-even-bigger-favorite/ HTTP/1.0" 200 - "-" "Mozilla/5.0 (compatible; DotBot/1.2; +https://opensiteexplorer.org/dotbot; help@moz.com)"
208.92.218.66 - - [22/Nov/2024:07:33:10 -0800] "GET /feed/ HTTP/1.0" 200 - "-" "Mozilla/5.0 (Windows NT 10.0; Win64; x64) AppleWebKit/537.36 (KHTML, like Gecko) Chrome/70.0.3538.102 Safari/537.36"
216.244.66.249 - - [22/Nov/2024:07:33:10 -0800] "GET /nitish-rana-rejoins-kolkata-knight-rider-camp-about-to-make-his-comeback-soon/ HTTP/1.0" 200 - "-" "Mozilla/5.0 (compatible; DotBot/1.2; +https://opensiteexplorer.org/dotbot; help@moz.com)"
208.92.218.66 - - [22/Nov/2024:07:33:12 -0800] "GET /feed/ HTTP/1.0" 200 - "-" "Mozilla/5.0 (Windows NT 10.0; Win64; x64) AppleWebKit/537.36 (KHTML, like Gecko) Chrome/70.0.3538.102 Safari/537.36"
216.244.66.249 - - [22/Nov/2024:07:33:14 -0800] "GET /sam-bankman-fried-sentenced-to-25-years-for-multi-billion-dollar-ftx-fraud/ HTTP/1.0" 200 - "-" "Mozilla/5.0 (compatible; DotBot/1.2; +https://opensiteexplorer.org/dotbot; help@moz.com)"
111.119.217.45 - - [22/Nov/2024:07:33:33 -0800] "GET /worlds-largest-wealth-fund-says-it-may-benefit-from-esg-backlash/ HTTP/1.0" 200 - "-" "Mozilla/5.0 (Windows NT 10.0; Win64; x64) AppleWebKit/537.36 (KHTML, like Gecko) Chrome/101.0.4951.67 Safari/537.36"
57.141.0.16 - - [22/Nov/2024:07:33:54 -0800] "GET /?p=29586 HTTP/1.0" 200 - "-" "meta-externalagent/1.1 (+https://developers.facebook.com/docs/sharing/webmasters/crawler)"
208.92.218.66 - - [22/Nov/2024:07:33:55 -0800] "GET /feed/ HTTP/1.0" 200 - "-" "Mozilla/5.0 (Windows NT 10.0; Win64; x64) AppleWebKit/537.36 (KHTML, like Gecko) Chrome/70.0.3538.102 Safari/537.36"
17.241.219.173 - - [22/Nov/2024:07:34:02 -0800] "GET /falklands-coast-line-surveyed-by-the-argentine-navy-during-operation-cow-beach-mercopress/ HTTP/1.0" 200 - "-" "Mozilla/5.0 (Macintosh; Intel Mac OS X 10_15_7) AppleWebKit/605.1.15 (KHTML, like Gecko) Version/17.4 Safari/605.1.15 (Applebot/0.1; +http://www.apple.com/go/applebot)"
216.244.66.249 - - [22/Nov/2024:07:34:20 -0800] "GET /chelsea-legend-warns-club-against-signing-victor-osimhen/ HTTP/1.0" 200 - "-" "Mozilla/5.0 (compatible; DotBot/1.2; +https://opensiteexplorer.org/dotbot; help@moz.com)"
57.141.0.16 - - [22/Nov/2024:07:34:22 -0800] "GET /wp-json/wp/v2/posts/169179 HTTP/1.0" 200 - "-" "meta-externalagent/1.1 (+https://developers.facebook.com/docs/sharing/webmasters/crawler)"
216.244.66.249 - - [22/Nov/2024:07:34:25 -0800] "GET /coindcx-launches-knowbitcoin-campaign-to-fight-no-bitcoin-sentiment-offers-btc-rewards/ HTTP/1.0" 200 - "-" "Mozilla/5.0 (compatible; DotBot/1.2; +https://opensiteexplorer.org/dotbot; help@moz.com)"
216.244.66.249 - - [22/Nov/2024:07:34:30 -0800] "GET /in-ipl-you-cant-just-be-good-youve-to-be-very-good-every-day-says-dc-head-coach-ponting-ahead-of-gt-clash/ HTTP/1.0" 200 - "-" "Mozilla/5.0 (compatible; DotBot/1.2; +https://opensiteexplorer.org/dotbot; help@moz.com)"
216.244.66.249 - - [22/Nov/2024:07:34:33 -0800] "GET /vivo-x-fold-3-vivo-x-fold-3-pro-launch-tipped-for-march-end-renders-of-vanilla-model-leaked-online/ HTTP/1.0" 200 - "-" "Mozilla/5.0 (compatible; DotBot/1.2; +https://opensiteexplorer.org/dotbot; help@moz.com)"
216.244.66.249 - - [22/Nov/2024:07:34:43 -0800] "GET /chinese-athletics-admits-problems-after-half-marathon-fiasco/ HTTP/1.0" 200 - "-" "Mozilla/5.0 (compatible; DotBot/1.2; +https://opensiteexplorer.org/dotbot; help@moz.com)"
216.244.66.249 - - [22/Nov/2024:07:34:45 -0800] "GET /county-championship-live-scores-commentary-updates-from-day-three-of-opening-round-of-season-live/ HTTP/1.0" 200 - "-" "Mozilla/5.0 (compatible; DotBot/1.2; +https://opensiteexplorer.org/dotbot; help@moz.com)"
208.92.218.66 - - [22/Nov/2024:07:34:46 -0800] "GET /feed/ HTTP/1.0" 200 - "-" "Mozilla/5.0 (Windows NT 10.0; Win64; x64) AppleWebKit/537.36 (KHTML, like Gecko) Chrome/70.0.3538.102 Safari/537.36"
57.141.0.8 - - [22/Nov/2024:07:34:46 -0800] "GET /?p=39735 HTTP/1.0" 200 - "-" "meta-externalagent/1.1 (+https://developers.facebook.com/docs/sharing/webmasters/crawler)"
216.244.66.249 - - [22/Nov/2024:07:35:09 -0800] "GET /author/chase_elliott/feed/ HTTP/1.0" 200 - "-" "Mozilla/5.0 (compatible; DotBot/1.2; +https://opensiteexplorer.org/dotbot; help@moz.com)"
57.141.0.18 - - [22/Nov/2024:07:35:16 -0800] "GET /ryan-seacrests-rep-shares-sad-update-about-his-relationship/ HTTP/1.0" 200 - "-" "meta-externalagent/1.1 (+https://developers.facebook.com/docs/sharing/webmasters/crawler)"
138.246.253.24 - - [22/Nov/2024:07:35:20 -0800] "GET /robots.txt HTTP/1.0" 200 67 "-" "Mozilla/5.0 (Windows NT 10.0; Win64; x64) AppleWebKit/537.36 (KHTML, like Gecko) Chrome/103.0.5060.134 Safari/537.36"
216.244.66.249 - - [22/Nov/2024:07:35:23 -0800] "GET /category/sports/page/39/ HTTP/1.0" 200 - "-" "Mozilla/5.0 (compatible; DotBot/1.2; +https://opensiteexplorer.org/dotbot; help@moz.com)"
208.92.218.66 - - [22/Nov/2024:07:35:46 -0800] "GET /feed/ HTTP/1.0" 200 - "-" "Mozilla/5.0 (Windows NT 10.0; Win64; x64) AppleWebKit/537.36 (KHTML, like Gecko) Chrome/70.0.3538.102 Safari/537.36"
57.141.0.30 - - [22/Nov/2024:07:35:49 -0800] "GET /ryan-seacrests-rep-shares-sad-update-about-his-relationship/ HTTP/1.0" 200 - "-" "meta-externalagent/1.1 (+https://developers.facebook.com/docs/sharing/webmasters/crawler)"
57.141.0.9 - - [22/Nov/2024:07:36:17 -0800] "GET /wp-json/wp/v2/posts/57966 HTTP/1.0" 200 - "-" "meta-externalagent/1.1 (+https://developers.facebook.com/docs/sharing/webmasters/crawler)"
57.141.0.23 - - [22/Nov/2024:07:36:19 -0800] "GET /wp-json/wp/v2/posts/74006 HTTP/1.0" 200 - "-" "meta-externalagent/1.1 (+https://developers.facebook.com/docs/sharing/webmasters/crawler)"
216.244.66.249 - - [22/Nov/2024:07:36:24 -0800] "GET /celebrities-praise-joe-biden-and-rally-round-kamala-harris/ HTTP/1.0" 200 - "-" "Mozilla/5.0 (compatible; DotBot/1.2; +https://opensiteexplorer.org/dotbot; help@moz.com)"
216.244.66.249 - - [22/Nov/2024:07:36:33 -0800] "GET /how-to-watch-vikings-vs-titans-live-stream-nfl-tv-channel/ HTTP/1.0" 200 - "-" "Mozilla/5.0 (compatible; DotBot/1.2; +https://opensiteexplorer.org/dotbot; help@moz.com)"
57.141.0.28 - - [22/Nov/2024:07:36:41 -0800] "GET /lancashire-county-council-accused-of-cheap-and-nasty-pothole-practice/ HTTP/1.0" 200 - "-" "meta-externalagent/1.1 (+https://developers.facebook.com/docs/sharing/webmasters/crawler)"
57.141.0.1 - - [22/Nov/2024:07:36:42 -0800] "GET /wp-json/wp/v2/posts/25529 HTTP/1.0" 200 - "-" "meta-externalagent/1.1 (+https://developers.facebook.com/docs/sharing/webmasters/crawler)"
57.141.0.16 - - [22/Nov/2024:07:36:53 -0800] "GET /wp-json/oembed/1.0/embed?url=https%3A%2F%2Flive2news.com%2Fuber-launches-new-feature-to-help-riders-track-co2-emissions-news%2F HTTP/1.0" 200 - "-" "meta-externalagent/1.1 (+https://developers.facebook.com/docs/sharing/webmasters/crawler)"
208.92.218.66 - - [22/Nov/2024:07:37:15 -0800] "GET /feed/ HTTP/1.0" 200 - "-" "Mozilla/5.0 (Windows NT 10.0; Win64; x64) AppleWebKit/537.36 (KHTML, like Gecko) Chrome/70.0.3538.102 Safari/537.36"
85.208.96.193 - - [22/Nov/2024:07:37:35 -0800] "GET /enterprise-bus-substitution-planned-due-to-rail-works/ HTTP/1.0" 200 - "-" "Mozilla/5.0 (compatible; SemrushBot/7~bl; +http://www.semrush.com/bot.html)"
111.119.196.18 - - [22/Nov/2024:07:38:00 -0800] "GET /this-dividend-strategy-can-bring-in-income-and-help-you-sleep-at-night/ HTTP/1.0" 200 - "-" "Mozilla/5.0 (Windows NT 10.0; Win64; x64) AppleWebKit/537.36 (KHTML, like Gecko) Chrome/101.0.4951.67 Safari/537.36"
216.244.66.249 - - [22/Nov/2024:07:38:06 -0800] "GET /author/via_ap_news_wire/ HTTP/1.0" 200 - "-" "Mozilla/5.0 (compatible; DotBot/1.2; +https://opensiteexplorer.org/dotbot; help@moz.com)"
208.92.218.66 - - [22/Nov/2024:07:38:08 -0800] "GET /feed/ HTTP/1.0" 200 - "-" "Mozilla/5.0 (Windows NT 10.0; Win64; x64) AppleWebKit/537.36 (KHTML, like Gecko) Chrome/70.0.3538.102 Safari/537.36"
216.244.66.249 - - [22/Nov/2024:07:38:09 -0800] "GET /campaign-in-several-us-states-to-ban-sale-of-lab-grown-cultivated-meat-mercopress/ HTTP/1.0" 200 - "-" "Mozilla/5.0 (compatible; DotBot/1.2; +https://opensiteexplorer.org/dotbot; help@moz.com)"
216.244.66.249 - - [22/Nov/2024:07:38:11 -0800] "GET /category/technology/page/50/ HTTP/1.0" 200 - "-" "Mozilla/5.0 (compatible; DotBot/1.2; +https://opensiteexplorer.org/dotbot; help@moz.com)"
216.244.66.249 - - [22/Nov/2024:07:38:14 -0800] "GET /how-many-points-did-lakers-bronny-james-score-in-win-over-pelicans/ HTTP/1.0" 200 - "-" "Mozilla/5.0 (compatible; DotBot/1.2; +https://opensiteexplorer.org/dotbot; help@moz.com)"
57.141.0.21 - - [22/Nov/2024:07:38:15 -0800] "GET /?p=44966 HTTP/1.0" 200 - "-" "meta-externalagent/1.1 (+https://developers.facebook.com/docs/sharing/webmasters/crawler)"
209.182.200.39 - - [22/Nov/2024:07:38:28 -0800] "POST /wp-cron.php?doing_wp_cron=1732289908.1767981052398681640625 HTTP/1.0" 403 228 "-" "WordPress/6.6.2; https://live2news.com"
209.182.200.39 - - [22/Nov/2024:07:38:28 -0800] "GET /wp-content/themes/newscore/assets/images/login-logo.png HTTP/1.0" 200 5193 "-" "-"
57.141.0.5 - - [22/Nov/2024:07:38:27 -0800] "GET /wp-login.php?redirect_to=https%3A%2F%2Flive2news.com%2Fa-bat-killing-fungus-may-have-arrived-in-southern-california%2F HTTP/1.0" 200 7033 "-" "meta-externalagent/1.1 (+https://developers.facebook.com/docs/sharing/webmasters/crawler)"
57.141.0.8 - - [22/Nov/2024:07:38:38 -0800] "GET /wp-json/oembed/1.0/embed?url=https%3A%2F%2Flive2news.com%2Fnorth-korean-soldiers-face-first-combat-in-russias-kursk-region-reports%2F HTTP/1.0" 200 - "-" "meta-externalagent/1.1 (+https://developers.facebook.com/docs/sharing/webmasters/crawler)"
216.244.66.249 - - [22/Nov/2024:07:39:48 -0800] "GET /kainos-gets-go-ahead-for-new-14-storey-belfast-hq/ HTTP/1.0" 200 - "-" "Mozilla/5.0 (compatible; DotBot/1.2; +https://opensiteexplorer.org/dotbot; help@moz.com)"
216.244.66.249 - - [22/Nov/2024:07:39:49 -0800] "GET /nigel-farage-hails-unbelievable-early-results-for-reform-uk/ HTTP/1.0" 200 - "-" "Mozilla/5.0 (compatible; DotBot/1.2; +https://opensiteexplorer.org/dotbot; help@moz.com)"
216.244.66.249 - - [22/Nov/2024:07:39:50 -0800] "GET /puppy-rescued-after-getting-head-stuck-in-railings/ HTTP/1.0" 200 - "-" "Mozilla/5.0 (compatible; DotBot/1.2; +https://opensiteexplorer.org/dotbot; help@moz.com)"
57.141.0.1 - - [22/Nov/2024:07:39:59 -0800] "GET /wp-json/oembed/1.0/embed?url=https%3A%2F%2Flive2news.com%2Folympic-swimmer-helps-trains-presenter%2F HTTP/1.0" 200 - "-" "meta-externalagent/1.1 (+https://developers.facebook.com/docs/sharing/webmasters/crawler)"
57.141.0.16 - - [22/Nov/2024:07:40:20 -0800] "GET /wp-json/wp/v2/posts/31559 HTTP/1.0" 200 - "-" "meta-externalagent/1.1 (+https://developers.facebook.com/docs/sharing/webmasters/crawler)"
23.21.175.228 - - [22/Nov/2024:07:40:45 -0800] "GET /alvin-bragg-announces-new-ghost-gun-related-indictment/ HTTP/1.0" 200 - "-" "Mozilla/5.0 (Macintosh; Intel Mac OS X 10_10_1) AppleWebKit/600.2.5 (KHTML, like Gecko) Version/8.0.2 Safari/600.2.5 (Amazonbot/0.1; +https://developer.amazon.com/support/amazonbot)"
100.29.160.53 - - [22/Nov/2024:07:40:54 -0800] "GET /perplexity-the-ai-powered-search-engine-could-soon-incorporate-ads-report/ HTTP/1.0" 200 - "-" "Mozilla/5.0 (Macintosh; Intel Mac OS X 10_10_1) AppleWebKit/600.2.5 (KHTML, like Gecko) Version/8.0.2 Safari/600.2.5 (Amazonbot/0.1; +https://developer.amazon.com/support/amazonbot)"
54.84.93.8 - - [22/Nov/2024:07:40:55 -0800] "GET /italy-launched-a-new-digital-nomad-visa-how-to-apply/ HTTP/1.0" 200 - "-" "Mozilla/5.0 (Macintosh; Intel Mac OS X 10_10_1) AppleWebKit/600.2.5 (KHTML, like Gecko) Version/8.0.2 Safari/600.2.5 (Amazonbot/0.1; +https://developer.amazon.com/support/amazonbot)"
57.141.0.17 - - [22/Nov/2024:07:40:55 -0800] "GET /?p=39679 HTTP/1.0" 200 - "-" "meta-externalagent/1.1 (+https://developers.facebook.com/docs/sharing/webmasters/crawler)"
52.207.47.227 - - [22/Nov/2024:07:40:58 -0800] "GET /june-2024-rebates-full-list-of-states-sending-out-direct-payments/ HTTP/1.0" 200 - "-" "Mozilla/5.0 (Macintosh; Intel Mac OS X 10_10_1) AppleWebKit/600.2.5 (KHTML, like Gecko) Version/8.0.2 Safari/600.2.5 (Amazonbot/0.1; +https://developer.amazon.com/support/amazonbot)"
216.244.66.249 - - [22/Nov/2024:07:41:31 -0800] "GET /category/sports/page/63/ HTTP/1.0" 200 - "-" "Mozilla/5.0 (compatible; DotBot/1.2; +https://opensiteexplorer.org/dotbot; help@moz.com)"
216.244.66.249 - - [22/Nov/2024:07:41:32 -0800] "GET /celebrities-react-to-tim-walz-running-mate-pick/ HTTP/1.0" 200 - "-" "Mozilla/5.0 (compatible; DotBot/1.2; +https://opensiteexplorer.org/dotbot; help@moz.com)"
57.141.0.1 - - [22/Nov/2024:07:41:33 -0800] "GET /wp-json/wp/v2/posts/36968 HTTP/1.0" 200 - "-" "meta-externalagent/1.1 (+https://developers.facebook.com/docs/sharing/webmasters/crawler)"
216.244.66.249 - - [22/Nov/2024:07:41:33 -0800] "GET /naoya-inoues-next-title-defence-confirmed/ HTTP/1.0" 200 - "-" "Mozilla/5.0 (compatible; DotBot/1.2; +https://opensiteexplorer.org/dotbot; help@moz.com)"
216.244.66.249 - - [22/Nov/2024:07:41:34 -0800] "GET /team-to-win-form-news-131/ HTTP/1.0" 508 288 "-" "Mozilla/5.0 (compatible; DotBot/1.2; +https://opensiteexplorer.org/dotbot; help@moz.com)"
216.244.66.249 - - [22/Nov/2024:07:41:35 -0800] "GET /va-housing-policy-discriminates-against-disabled-veterans-federal-judge-rules/ HTTP/1.0" 200 - "-" "Mozilla/5.0 (compatible; DotBot/1.2; +https://opensiteexplorer.org/dotbot; help@moz.com)"
17.241.75.152 - - [22/Nov/2024:07:41:52 -0800] "GET /meghan-markle-might-finally-allow-king-charles-to-see-her-kids/ HTTP/1.0" 200 - "-" "Mozilla/5.0 (Macintosh; Intel Mac OS X 10_15_7) AppleWebKit/605.1.15 (KHTML, like Gecko) Version/17.4 Safari/605.1.15 (Applebot/0.1; +http://www.apple.com/go/applebot)"
189.1.221.106 - - [22/Nov/2024:07:42:35 -0800] "GET /solar-eclipse-sparks-avalanche-of-rapture-jokes-memes/ HTTP/1.0" 200 - "-" "Mozilla/5.0 (Windows NT 10.0; Win64; x64) AppleWebKit/537.36 (KHTML, like Gecko) Chrome/107.0.0.0 Safari/537.36"
57.141.0.17 - - [22/Nov/2024:07:43:01 -0800] "GET /wp-json/wp/v2/posts/42388 HTTP/1.0" 200 - "-" "meta-externalagent/1.1 (+https://developers.facebook.com/docs/sharing/webmasters/crawler)"
209.182.200.39 - - [22/Nov/2024:07:43:29 -0800] "POST /wp-cron.php?doing_wp_cron=1732290209.1403000354766845703125 HTTP/1.0" 403 228 "-" "WordPress/6.6.2; https://live2news.com"
209.182.200.39 - - [22/Nov/2024:07:43:29 -0800] "GET /wp-content/themes/newscore/assets/images/login-logo.png HTTP/1.0" 200 5193 "-" "-"
57.141.0.13 - - [22/Nov/2024:07:43:27 -0800] "GET /wp-login.php?redirect_to=https%3A%2F%2Flive2news.com%2Ftrial-date-set-for-lethbridge-high-school-football-players-charged-with-sexual-assault-lethbridge%2F HTTP/1.0" 200 7070 "-" "meta-externalagent/1.1 (+https://developers.facebook.com/docs/sharing/webmasters/crawler)"
208.92.218.66 - - [22/Nov/2024:07:43:29 -0800] "GET /feed/ HTTP/1.0" 200 - "-" "Mozilla/5.0 (Windows NT 10.0; Win64; x64) AppleWebKit/537.36 (KHTML, like Gecko) Chrome/70.0.3538.102 Safari/537.36"
57.141.0.11 - - [22/Nov/2024:07:43:50 -0800] "GET /wp-json/oembed/1.0/embed?url=https%3A%2F%2Flive2news.com%2Fcolumn-benny-wasserman-handled-the-heat-in-life-and-in-the-batting-cage%2F HTTP/1.0" 200 - "-" "meta-externalagent/1.1 (+https://developers.facebook.com/docs/sharing/webmasters/crawler)"
208.92.218.66 - - [22/Nov/2024:07:44:04 -0800] "GET /feed/ HTTP/1.0" 200 - "-" "Mozilla/5.0 (Windows NT 10.0; Win64; x64) AppleWebKit/537.36 (KHTML, like Gecko) Chrome/70.0.3538.102 Safari/537.36"
57.141.0.27 - - [22/Nov/2024:07:44:32 -0800] "GET /wp-json/wp/v2/posts/23037 HTTP/1.0" 200 - "-" "meta-externalagent/1.1 (+https://developers.facebook.com/docs/sharing/webmasters/crawler)"
114.119.132.18 - - [22/Nov/2024:07:45:44 -0800] "GET /nigerian-born-fighter-chidi-njokuani-to-make-welterweight-debut-against-rhys-mckee-at-ufc-atlantic-city/ HTTP/1.0" 200 - "https://live2news.com/player-rating-and-performance-v-sochaux/" "Mozilla/5.0 (Linux; Android 7.0;) AppleWebKit/537.36 (KHTML, like Gecko) Mobile Safari/537.36 (compatible; PetalBot;+https://webmaster.petalsearch.com/site/petalbot)"
208.92.218.66 - - [22/Nov/2024:07:45:57 -0800] "GET /feed/ HTTP/1.0" 200 - "-" "Mozilla/5.0 (Windows NT 10.0; Win64; x64) AppleWebKit/537.36 (KHTML, like Gecko) Chrome/70.0.3538.102 Safari/537.36"
57.141.0.6 - - [22/Nov/2024:07:45:59 -0800] "GET /wp-json/wp/v2/posts/170054 HTTP/1.0" 200 - "-" "meta-externalagent/1.1 (+https://developers.facebook.com/docs/sharing/webmasters/crawler)"
208.92.218.66 - - [22/Nov/2024:07:46:02 -0800] "GET /feed/ HTTP/1.0" 200 - "-" "Mozilla/5.0 (Windows NT 10.0; Win64; x64) AppleWebKit/537.36 (KHTML, like Gecko) Chrome/70.0.3538.102 Safari/537.36"
57.141.0.18 - - [22/Nov/2024:07:46:10 -0800] "GET /wp-json/wp/v2/posts/34560 HTTP/1.0" 200 - "-" "meta-externalagent/1.1 (+https://developers.facebook.com/docs/sharing/webmasters/crawler)"
57.141.0.22 - - [22/Nov/2024:07:46:31 -0800] "GET /?p=168896 HTTP/1.0" 200 - "-" "meta-externalagent/1.1 (+https://developers.facebook.com/docs/sharing/webmasters/crawler)"
57.141.0.15 - - [22/Nov/2024:07:46:32 -0800] "GET /?p=169061 HTTP/1.0" 200 - "-" "meta-externalagent/1.1 (+https://developers.facebook.com/docs/sharing/webmasters/crawler)"
57.141.0.10 - - [22/Nov/2024:07:47:16 -0800] "GET /wp-json/oembed/1.0/embed?url=https%3A%2F%2Flive2news.com%2Fwatch-global-news-hour-at-6-mar-4%2F HTTP/1.0" 200 - "-" "meta-externalagent/1.1 (+https://developers.facebook.com/docs/sharing/webmasters/crawler)"
101.44.249.177 - - [22/Nov/2024:07:47:19 -0800] "GET /tributes-to-pilot-killed-at-coningsby/ HTTP/1.0" 200 - "-" "Mozilla/5.0 (Windows NT 10.0; Win64; x64) AppleWebKit/537.36 (KHTML, like Gecko) Chrome/101.0.4951.67 Safari/537.36"
209.182.200.39 - - [22/Nov/2024:07:47:52 -0800] "POST /wp-cron.php?doing_wp_cron=1732290472.4162070751190185546875 HTTP/1.0" 403 228 "-" "WordPress/6.6.2; https://live2news.com"
209.182.200.39 - - [22/Nov/2024:07:47:52 -0800] "GET /wp-content/themes/newscore/assets/images/login-logo.png HTTP/1.0" 200 5193 "-" "-"
57.141.0.24 - - [22/Nov/2024:07:47:49 -0800] "GET /wp-login.php?redirect_to=https%3A%2F%2Flive2news.com%2Fas-china-approaches-wto-analysts-say-beijing-eu-tariff-spat-unlikely-to-go-too-far%2F HTTP/1.0" 200 7055 "-" "meta-externalagent/1.1 (+https://developers.facebook.com/docs/sharing/webmasters/crawler)"
57.141.0.9 - - [22/Nov/2024:07:48:51 -0800] "GET /?p=34165 HTTP/1.0" 200 - "-" "meta-externalagent/1.1 (+https://developers.facebook.com/docs/sharing/webmasters/crawler)"
209.182.200.39 - - [22/Nov/2024:07:49:30 -0800] "POST /wp-cron.php?doing_wp_cron=1732290570.4400470256805419921875 HTTP/1.0" 403 228 "-" "WordPress/6.6.2; https://live2news.com"
209.182.200.39 - - [22/Nov/2024:07:49:30 -0800] "GET /wp-content/themes/newscore/assets/images/login-logo.png HTTP/1.0" 200 5193 "-" "-"
57.141.0.25 - - [22/Nov/2024:07:49:29 -0800] "GET /wp-login.php?redirect_to=https%3A%2F%2Flive2news.com%2Ftourists-disappointed-at-ugly-substitute-for-one-of-italys-most-famous-attractions-15%2F HTTP/1.0" 200 7058 "-" "meta-externalagent/1.1 (+https://developers.facebook.com/docs/sharing/webmasters/crawler)"
208.92.218.66 - - [22/Nov/2024:07:49:53 -0800] "GET /feed/ HTTP/1.0" 200 - "-" "Mozilla/5.0 (Windows NT 10.0; Win64; x64) AppleWebKit/537.36 (KHTML, like Gecko) Chrome/70.0.3538.102 Safari/537.36"
57.141.0.13 - - [22/Nov/2024:07:50:29 -0800] "GET /?p=43163 HTTP/1.0" 200 - "-" "meta-externalagent/1.1 (+https://developers.facebook.com/docs/sharing/webmasters/crawler)"
208.92.218.66 - - [22/Nov/2024:07:50:31 -0800] "GET /feed/ HTTP/1.0" 200 - "-" "Mozilla/5.0 (Windows NT 10.0; Win64; x64) AppleWebKit/537.36 (KHTML, like Gecko) Chrome/70.0.3538.102 Safari/537.36"
57.141.0.27 - - [22/Nov/2024:07:50:44 -0800] "GET /wp-json/wp/v2/posts/25834 HTTP/1.0" 200 - "-" "meta-externalagent/1.1 (+https://developers.facebook.com/docs/sharing/webmasters/crawler)"
208.92.218.66 - - [22/Nov/2024:07:51:18 -0800] "GET /feed/ HTTP/1.0" 200 - "-" "Mozilla/5.0 (Windows NT 10.0; Win64; x64) AppleWebKit/537.36 (KHTML, like Gecko) Chrome/70.0.3538.102 Safari/537.36"
209.182.200.39 - - [22/Nov/2024:07:51:23 -0800] "POST /wp-cron.php?doing_wp_cron=1732290683.3404960632324218750000 HTTP/1.0" 403 228 "-" "WordPress/6.6.2; https://live2news.com"
209.182.200.39 - - [22/Nov/2024:07:51:23 -0800] "GET /wp-content/themes/newscore/assets/images/login-logo.png HTTP/1.0" 200 5193 "-" "-"
57.141.0.7 - - [22/Nov/2024:07:51:22 -0800] "GET /wp-login.php?redirect_to=https%3A%2F%2Flive2news.com%2Fperch-charges-diners-a-security-fee-a-new-law-may-change-that%2F HTTP/1.0" 200 7034 "-" "meta-externalagent/1.1 (+https://developers.facebook.com/docs/sharing/webmasters/crawler)"
57.141.0.7 - - [22/Nov/2024:07:51:26 -0800] "GET /wp-json/wp/v2/posts/26648 HTTP/1.0" 200 - "-" "meta-externalagent/1.1 (+https://developers.facebook.com/docs/sharing/webmasters/crawler)"
57.141.0.29 - - [22/Nov/2024:07:51:32 -0800] "GET /wp-json/oembed/1.0/embed?url=https%3A%2F%2Flive2news.com%2Fai-models-in-india-will-require-meity-approval-government-says-in-advisory-report%2F HTTP/1.0" 200 - "-" "meta-externalagent/1.1 (+https://developers.facebook.com/docs/sharing/webmasters/crawler)"
57.141.0.22 - - [22/Nov/2024:07:51:37 -0800] "GET /wp-json/wp/v2/posts/39749 HTTP/1.0" 200 - "-" "meta-externalagent/1.1 (+https://developers.facebook.com/docs/sharing/webmasters/crawler)"
17.241.219.228 - - [22/Nov/2024:07:51:42 -0800] "GET /tragedy-strikes-as-moroccan-football-star-passes-away/ HTTP/1.0" 200 - "-" "Mozilla/5.0 (Macintosh; Intel Mac OS X 10_15_7) AppleWebKit/605.1.15 (KHTML, like Gecko) Version/17.4 Safari/605.1.15 (Applebot/0.1; +http://www.apple.com/go/applebot)"
208.92.218.66 - - [22/Nov/2024:07:52:01 -0800] "GET /feed/ HTTP/1.0" 200 - "-" "Mozilla/5.0 (Windows NT 10.0; Win64; x64) AppleWebKit/537.36 (KHTML, like Gecko) Chrome/70.0.3538.102 Safari/537.36"
57.141.0.12 - - [22/Nov/2024:07:52:05 -0800] "GET /?p=22289 HTTP/1.0" 200 - "-" "meta-externalagent/1.1 (+https://developers.facebook.com/docs/sharing/webmasters/crawler)"
101.44.250.236 - - [22/Nov/2024:07:52:12 -0800] "GET /wp-includes/blocks.php HTTP/1.0" 403 228 "-" "Mozilla/5.0 (Windows NT 10.0; Win64; x64) AppleWebKit/537.36 (KHTML, like Gecko) Chrome/110.0.0.0 Safari/537.36"
57.141.0.16 - - [22/Nov/2024:07:52:34 -0800] "GET /?p=26367 HTTP/1.0" 200 - "-" "meta-externalagent/1.1 (+https://developers.facebook.com/docs/sharing/webmasters/crawler)"
208.92.218.66 - - [22/Nov/2024:07:52:55 -0800] "GET /feed/ HTTP/1.0" 200 - "-" "Mozilla/5.0 (Windows NT 10.0; Win64; x64) AppleWebKit/537.36 (KHTML, like Gecko) Chrome/70.0.3538.102 Safari/537.36"
208.92.218.66 - - [22/Nov/2024:07:53:09 -0800] "GET /feed/ HTTP/1.0" 200 - "-" "Mozilla/5.0 (Windows NT 10.0; Win64; x64) AppleWebKit/537.36 (KHTML, like Gecko) Chrome/70.0.3538.102 Safari/537.36"
57.141.0.25 - - [22/Nov/2024:07:53:16 -0800] "GET /?p=169710 HTTP/1.0" 200 - "-" "meta-externalagent/1.1 (+https://developers.facebook.com/docs/sharing/webmasters/crawler)"
57.141.0.29 - - [22/Nov/2024:07:53:49 -0800] "GET /wp-json/oembed/1.0/embed?url=https%3A%2F%2Flive2news.com%2Fan-ontario-city-smashed-its-new-housing-targets-by-250-but-are-prices-going-down%2F HTTP/1.0" 200 - "-" "meta-externalagent/1.1 (+https://developers.facebook.com/docs/sharing/webmasters/crawler)"
17.241.75.253 - - [22/Nov/2024:07:54:16 -0800] "GET /bucks-damian-lillard-enters-concussion-protocol/ HTTP/1.0" 200 - "-" "Mozilla/5.0 (Macintosh; Intel Mac OS X 10_15_7) AppleWebKit/605.1.15 (KHTML, like Gecko) Version/17.4 Safari/605.1.15 (Applebot/0.1; +http://www.apple.com/go/applebot)"
17.241.219.145 - - [22/Nov/2024:07:54:17 -0800] "GET /what-the-stock-market-typically-does-after-the-u-s-election-according-to-history/ HTTP/1.0" 200 - "-" "Mozilla/5.0 (Macintosh; Intel Mac OS X 10_15_7) AppleWebKit/605.1.15 (KHTML, like Gecko) Version/17.4 Safari/605.1.15 (Applebot/0.1; +http://www.apple.com/go/applebot)"
209.182.200.39 - - [22/Nov/2024:07:54:30 -0800] "POST /wp-cron.php?doing_wp_cron=1732290870.0509018898010253906250 HTTP/1.0" 403 228 "-" "WordPress/6.6.2; https://live2news.com"
209.182.200.39 - - [22/Nov/2024:07:54:30 -0800] "GET /wp-content/themes/newscore/assets/images/login-logo.png HTTP/1.0" 200 5193 "-" "-"
57.141.0.10 - - [22/Nov/2024:07:54:29 -0800] "GET /wp-login.php?redirect_to=https%3A%2F%2Flive2news.com%2Ftexas-hit-by-barrage-of-extreme-weather-warnings%2F HTTP/1.0" 200 7021 "-" "meta-externalagent/1.1 (+https://developers.facebook.com/docs/sharing/webmasters/crawler)"
208.92.218.66 - - [22/Nov/2024:07:54:57 -0800] "GET /feed/ HTTP/1.0" 200 - "-" "Mozilla/5.0 (Windows NT 10.0; Win64; x64) AppleWebKit/537.36 (KHTML, like Gecko) Chrome/70.0.3538.102 Safari/537.36"
57.141.0.6 - - [22/Nov/2024:07:54:57 -0800] "GET /wp-json/oembed/1.0/embed?url=https%3A%2F%2Flive2news.com%2Fdemocrats-chances-of-winning-the-senate-the-house-and-the-white-house%2F HTTP/1.0" 200 - "-" "meta-externalagent/1.1 (+https://developers.facebook.com/docs/sharing/webmasters/crawler)"
34.44.245.75 - - [22/Nov/2024:07:55:15 -0800] "GET / HTTP/1.0" 200 - "-" "Mozilla/5.0 (Windows NT 10.0; Win64; x64) AppleWebKit/537.36 (KHTML, like Gecko) Chrome/78.0.3904.108 Safari/537.36"
34.44.245.75 - - [22/Nov/2024:07:55:15 -0800] "GET / HTTP/1.0" 200 - "-" "Mozilla/5.0 (Windows NT 10.0; Win64; x64) AppleWebKit/537.36 (KHTML, like Gecko) Chrome/78.0.3904.108 Safari/537.36"
34.44.245.75 - - [22/Nov/2024:07:55:15 -0800] "GET /wp-includes/wlwmanifest.xml HTTP/1.0" 200 160514 "-" "Mozilla/5.0 (Windows NT 10.0; Win64; x64) AppleWebKit/537.36 (KHTML, like Gecko) Chrome/78.0.3904.108 Safari/537.36"
34.44.245.75 - - [22/Nov/2024:07:55:16 -0800] "GET /xmlrpc.php?rsd HTTP/1.0" 403 228 "-" "Mozilla/5.0 (Windows NT 10.0; Win64; x64) AppleWebKit/537.36 (KHTML, like Gecko) Chrome/78.0.3904.108 Safari/537.36"
34.44.245.75 - - [22/Nov/2024:07:55:16 -0800] "GET / HTTP/1.0" 200 - "-" "Mozilla/5.0 (Windows NT 10.0; Win64; x64) AppleWebKit/537.36 (KHTML, like Gecko) Chrome/78.0.3904.108 Safari/537.36"
34.44.245.75 - - [22/Nov/2024:07:55:17 -0800] "GET /blog/wp-includes/wlwmanifest.xml HTTP/1.0" 200 160691 "-" "Mozilla/5.0 (Windows NT 10.0; Win64; x64) AppleWebKit/537.36 (KHTML, like Gecko) Chrome/78.0.3904.108 Safari/537.36"
34.44.245.75 - - [22/Nov/2024:07:55:17 -0800] "GET /web/wp-includes/wlwmanifest.xml HTTP/1.0" 200 160510 "-" "Mozilla/5.0 (Windows NT 10.0; Win64; x64) AppleWebKit/537.36 (KHTML, like Gecko) Chrome/78.0.3904.108 Safari/537.36"
208.92.218.66 - - [22/Nov/2024:07:55:30 -0800] "GET /feed/ HTTP/1.0" 200 - "-" "Mozilla/5.0 (Windows NT 10.0; Win64; x64) AppleWebKit/537.36 (KHTML, like Gecko) Chrome/70.0.3538.102 Safari/537.36"
34.44.245.75 - - [22/Nov/2024:07:55:40 -0800] "GET /website/wp-includes/wlwmanifest.xml HTTP/1.0" 200 160683 "-" "Mozilla/5.0 (Windows NT 10.0; Win64; x64) AppleWebKit/537.36 (KHTML, like Gecko) Chrome/78.0.3904.108 Safari/537.36"
34.44.245.75 - - [22/Nov/2024:07:55:41 -0800] "GET /wp/wp-includes/wlwmanifest.xml HTTP/1.0" 200 160695 "-" "Mozilla/5.0 (Windows NT 10.0; Win64; x64) AppleWebKit/537.36 (KHTML, like Gecko) Chrome/78.0.3904.108 Safari/537.36"
34.44.245.75 - - [22/Nov/2024:07:55:41 -0800] "GET /news/wp-includes/wlwmanifest.xml HTTP/1.0" 200 - "-" "Mozilla/5.0 (Windows NT 10.0; Win64; x64) AppleWebKit/537.36 (KHTML, like Gecko) Chrome/78.0.3904.108 Safari/537.36"
34.44.245.75 - - [22/Nov/2024:07:55:41 -0800] "GET /2018/wp-includes/wlwmanifest.xml HTTP/1.0" 200 160674 "-" "Mozilla/5.0 (Windows NT 10.0; Win64; x64) AppleWebKit/537.36 (KHTML, like Gecko) Chrome/78.0.3904.108 Safari/537.36"
34.44.245.75 - - [22/Nov/2024:07:55:42 -0800] "GET /2019/wp-includes/wlwmanifest.xml HTTP/1.0" 200 160680 "-" "Mozilla/5.0 (Windows NT 10.0; Win64; x64) AppleWebKit/537.36 (KHTML, like Gecko) Chrome/78.0.3904.108 Safari/537.36"
34.44.245.75 - - [22/Nov/2024:07:55:43 -0800] "GET /shop/wp-includes/wlwmanifest.xml HTTP/1.0" 200 160725 "-" "Mozilla/5.0 (Windows NT 10.0; Win64; x64) AppleWebKit/537.36 (KHTML, like Gecko) Chrome/78.0.3904.108 Safari/537.36"
57.141.0.19 - - [22/Nov/2024:07:55:43 -0800] "GET /wp-json/oembed/1.0/embed?url=https%3A%2F%2Flive2news.com%2Fvideo-shows-russian-patrol-ship-blown-up-after-missing-advancing-sea-drones%2F HTTP/1.0" 200 - "-" "meta-externalagent/1.1 (+https://developers.facebook.com/docs/sharing/webmasters/crawler)"
34.44.245.75 - - [22/Nov/2024:07:55:43 -0800] "GET /wp1/wp-includes/wlwmanifest.xml HTTP/1.0" 200 160680 "-" "Mozilla/5.0 (Windows NT 10.0; Win64; x64) AppleWebKit/537.36 (KHTML, like Gecko) Chrome/78.0.3904.108 Safari/537.36"
34.44.245.75 - - [22/Nov/2024:07:55:44 -0800] "GET /test/wp-includes/wlwmanifest.xml HTTP/1.0" 200 160670 "-" "Mozilla/5.0 (Windows NT 10.0; Win64; x64) AppleWebKit/537.36 (KHTML, like Gecko) Chrome/78.0.3904.108 Safari/537.36"
34.44.245.75 - - [22/Nov/2024:07:55:44 -0800] "GET /media/wp-includes/wlwmanifest.xml HTTP/1.0" 200 160687 "-" "Mozilla/5.0 (Windows NT 10.0; Win64; x64) AppleWebKit/537.36 (KHTML, like Gecko) Chrome/78.0.3904.108 Safari/537.36"
34.44.245.75 - - [22/Nov/2024:07:55:44 -0800] "GET /wp2/wp-includes/wlwmanifest.xml HTTP/1.0" 200 160691 "-" "Mozilla/5.0 (Windows NT 10.0; Win64; x64) AppleWebKit/537.36 (KHTML, like Gecko) Chrome/78.0.3904.108 Safari/537.36"
34.44.245.75 - - [22/Nov/2024:07:55:45 -0800] "GET /site/wp-includes/wlwmanifest.xml HTTP/1.0" 200 160679 "-" "Mozilla/5.0 (Windows NT 10.0; Win64; x64) AppleWebKit/537.36 (KHTML, like Gecko) Chrome/78.0.3904.108 Safari/537.36"
34.44.245.75 - - [22/Nov/2024:07:55:45 -0800] "GET /cms/wp-includes/wlwmanifest.xml HTTP/1.0" 200 160688 "-" "Mozilla/5.0 (Windows NT 10.0; Win64; x64) AppleWebKit/537.36 (KHTML, like Gecko) Chrome/78.0.3904.108 Safari/537.36"
34.44.245.75 - - [22/Nov/2024:07:55:46 -0800] "GET /sito/wp-includes/wlwmanifest.xml HTTP/1.0" 200 160682 "-" "Mozilla/5.0 (Windows NT 10.0; Win64; x64) AppleWebKit/537.36 (KHTML, like Gecko) Chrome/78.0.3904.108 Safari/537.36"
209.182.200.39 - - [22/Nov/2024:07:55:54 -0800] "POST /wp-cron.php?doing_wp_cron=1732290954.9493849277496337890625 HTTP/1.0" 403 228 "-" "WordPress/6.6.2; https://live2news.com"
209.182.200.39 - - [22/Nov/2024:07:55:55 -0800] "GET /wp-content/themes/newscore/assets/images/login-logo.png HTTP/1.0" 200 5193 "-" "-"
57.141.0.30 - - [22/Nov/2024:07:55:54 -0800] "GET /wp-login.php?redirect_to=https%3A%2F%2Flive2news.com%2Farsenal-2-0-luton-town-gunners-overcome-bukayo-sakas-absence-to-return-to-the-top%2F HTTP/1.0" 200 7054 "-" "meta-externalagent/1.1 (+https://developers.facebook.com/docs/sharing/webmasters/crawler)"
34.44.245.75 - - [22/Nov/2024:07:55:17 -0800] "GET /wordpress/wp-includes/wlwmanifest.xml HTTP/1.0" 500 2412 "-" "Mozilla/5.0 (Windows NT 10.0; Win64; x64) AppleWebKit/537.36 (KHTML, like Gecko) Chrome/78.0.3904.108 Safari/537.36"
209.182.200.39 - - [22/Nov/2024:07:56:31 -0800] "GET /wp-content/themes/newscore/assets/images/login-logo.png HTTP/1.0" 200 5193 "-" "-"
57.141.0.20 - - [22/Nov/2024:07:56:27 -0800] "GET /wp-login.php?redirect_to=https%3A%2F%2Flive2news.com%2Fsunil-gavaskar-ridicules-shubman-gill-after-batters-shocking-dismissal-video%2F HTTP/1.0" 200 7049 "-" "meta-externalagent/1.1 (+https://developers.facebook.com/docs/sharing/webmasters/crawler)"
57.141.0.8 - - [22/Nov/2024:07:56:50 -0800] "GET /wp-json/oembed/1.0/embed?url=https%3A%2F%2Flive2news.com%2Fneurodiversity-coach-joins-dings-rugby-club-in-bristol%2F HTTP/1.0" 200 - "-" "meta-externalagent/1.1 (+https://developers.facebook.com/docs/sharing/webmasters/crawler)"
216.244.66.249 - - [22/Nov/2024:07:56:51 -0800] "GET /author/sucharita_ganguly/page/4/ HTTP/1.0" 200 - "-" "Mozilla/5.0 (compatible; DotBot/1.2; +https://opensiteexplorer.org/dotbot; help@moz.com)"
216.244.66.249 - - [22/Nov/2024:07:56:53 -0800] "GET /category/business/page/5/ HTTP/1.0" 200 - "-" "Mozilla/5.0 (compatible; DotBot/1.2; +https://opensiteexplorer.org/dotbot; help@moz.com)"
57.141.0.16 - - [22/Nov/2024:07:56:55 -0800] "GET /wp-json/oembed/1.0/embed?url=https%3A%2F%2Flive2news.com%2Fhostage-release-deal-compromised-by-internal-leak-court-says%2F HTTP/1.0" 200 - "-" "meta-externalagent/1.1 (+https://developers.facebook.com/docs/sharing/webmasters/crawler)"
216.244.66.249 - - [22/Nov/2024:07:56:55 -0800] "GET /category/north-america/page/56/ HTTP/1.0" 200 - "-" "Mozilla/5.0 (compatible; DotBot/1.2; +https://opensiteexplorer.org/dotbot; help@moz.com)"
216.244.66.249 - - [22/Nov/2024:07:56:57 -0800] "GET /category/usa/page/7/ HTTP/1.0" 200 - "-" "Mozilla/5.0 (compatible; DotBot/1.2; +https://opensiteexplorer.org/dotbot; help@moz.com)"
216.244.66.249 - - [22/Nov/2024:07:56:58 -0800] "GET /donald-trump-sentencing-could-have-helped-his-election-odds-karl-rove/ HTTP/1.0" 200 - "-" "Mozilla/5.0 (compatible; DotBot/1.2; +https://opensiteexplorer.org/dotbot; help@moz.com)"
216.244.66.249 - - [22/Nov/2024:07:57:00 -0800] "GET /first-sycamore-gap-seedling-presented-to-king-charles/ HTTP/1.0" 200 - "-" "Mozilla/5.0 (compatible; DotBot/1.2; +https://opensiteexplorer.org/dotbot; help@moz.com)"
216.244.66.249 - - [22/Nov/2024:07:57:01 -0800] "GET /james-maddison-devastated-by-england-omission-for-euro-2024/ HTTP/1.0" 200 - "-" "Mozilla/5.0 (compatible; DotBot/1.2; +https://opensiteexplorer.org/dotbot; help@moz.com)"
216.244.66.249 - - [22/Nov/2024:07:57:02 -0800] "GET /toddler-tries-to-save-dad-from-stepping-off-edge-of-tower/ HTTP/1.0" 200 - "-" "Mozilla/5.0 (compatible; DotBot/1.2; +https://opensiteexplorer.org/dotbot; help@moz.com)"
57.141.0.5 - - [22/Nov/2024:07:57:14 -0800] "GET /?p=170170 HTTP/1.0" 200 - "-" "meta-externalagent/1.1 (+https://developers.facebook.com/docs/sharing/webmasters/crawler)"
17.241.227.190 - - [22/Nov/2024:07:57:19 -0800] "GET /cowboys-49ers-jets-is-it-time-to-panic-fox-nfl-kickoff/ HTTP/1.0" 200 - "-" "Mozilla/5.0 (Macintosh; Intel Mac OS X 10_15_7) AppleWebKit/605.1.15 (KHTML, like Gecko) Version/17.4 Safari/605.1.15 (Applebot/0.1; +http://www.apple.com/go/applebot)"
101.44.250.103 - - [22/Nov/2024:07:57:20 -0800] "GET /call-warning-of-a-bomb-at-amia-hqs-a-hoax-mercopress/ HTTP/1.0" 200 - "-" "Mozilla/5.0 (Windows NT 10.0; Win64; x64) AppleWebKit/537.36 (KHTML, like Gecko) Chrome/107.0.0.0 Safari/537.36"
216.244.66.249 - - [22/Nov/2024:07:57:23 -0800] "GET /author/e614729c66f371a376384f9b7c597209/page/2/ HTTP/1.0" 200 - "-" "Mozilla/5.0 (compatible; DotBot/1.2; +https://opensiteexplorer.org/dotbot; help@moz.com)"
216.244.66.249 - - [22/Nov/2024:07:57:24 -0800] "GET /challenge-cup-st-helens-8-31-warrington-wire-reach-semi-finals/ HTTP/1.0" 200 - "-" "Mozilla/5.0 (compatible; DotBot/1.2; +https://opensiteexplorer.org/dotbot; help@moz.com)"
208.92.218.66 - - [22/Nov/2024:07:57:26 -0800] "GET /feed/ HTTP/1.0" 200 - "-" "Mozilla/5.0 (Windows NT 10.0; Win64; x64) AppleWebKit/537.36 (KHTML, like Gecko) Chrome/70.0.3538.102 Safari/537.36"
216.244.66.249 - - [22/Nov/2024:07:57:26 -0800] "GET /chile-in-mourning-after-murder-of-3-carabineros-officers-mercopress/ HTTP/1.0" 200 - "-" "Mozilla/5.0 (compatible; DotBot/1.2; +https://opensiteexplorer.org/dotbot; help@moz.com)"
208.92.218.66 - - [22/Nov/2024:07:57:27 -0800] "GET /feed/ HTTP/1.0" 200 - "-" "Mozilla/5.0 (Windows NT 10.0; Win64; x64) AppleWebKit/537.36 (KHTML, like Gecko) Chrome/70.0.3538.102 Safari/537.36"
216.244.66.249 - - [22/Nov/2024:07:57:27 -0800] "GET /donald-trump-is-desperate-to-keep-doddering-joe-as-his-opponent-opinion/ HTTP/1.0" 200 - "-" "Mozilla/5.0 (compatible; DotBot/1.2; +https://opensiteexplorer.org/dotbot; help@moz.com)"
216.244.66.249 - - [22/Nov/2024:07:57:29 -0800] "GET /dundee-becomes-second-city-to-enforce-lez/ HTTP/1.0" 200 - "-" "Mozilla/5.0 (compatible; DotBot/1.2; +https://opensiteexplorer.org/dotbot; help@moz.com)"
216.244.66.249 - - [22/Nov/2024:07:57:30 -0800] "GET /harshit-rana-breathes-fire-for-delhi-after-india-vs-australia-test-series-call-up/ HTTP/1.0" 200 - "-" "Mozilla/5.0 (compatible; DotBot/1.2; +https://opensiteexplorer.org/dotbot; help@moz.com)"
216.244.66.249 - - [22/Nov/2024:07:57:31 -0800] "GET /police-name-man-who-died-after-being-hit-by-car-in-cumbernauld/ HTTP/1.0" 200 - "-" "Mozilla/5.0 (compatible; DotBot/1.2; +https://opensiteexplorer.org/dotbot; help@moz.com)"
216.244.66.249 - - [22/Nov/2024:07:57:32 -0800] "GET /tributes-to-perth-gp-who-died-in-river-spey-paddleboarding-accident/ HTTP/1.0" 200 - "-" "Mozilla/5.0 (compatible; DotBot/1.2; +https://opensiteexplorer.org/dotbot; help@moz.com)"
208.92.218.66 - - [22/Nov/2024:07:57:41 -0800] "GET /feed/ HTTP/1.0" 200 - "-" "Mozilla/5.0 (Windows NT 10.0; Win64; x64) AppleWebKit/537.36 (KHTML, like Gecko) Chrome/70.0.3538.102 Safari/537.36"
216.244.66.249 - - [22/Nov/2024:07:57:50 -0800] "GET /andy-murray-will-not-have-surgery-on-ankle-injury-but-no-date-given-for-his-return/ HTTP/1.0" 200 - "-" "Mozilla/5.0 (compatible; DotBot/1.2; +https://opensiteexplorer.org/dotbot; help@moz.com)"
216.244.66.249 - - [22/Nov/2024:07:57:51 -0800] "GET /author/2a75f4a0a721e0c5449f18f3a11fe2e3/page/5/ HTTP/1.0" 200 - "-" "Mozilla/5.0 (compatible; DotBot/1.2; +https://opensiteexplorer.org/dotbot; help@moz.com)"
216.244.66.249 - - [22/Nov/2024:07:57:51 -0800] "GET /author/f6a0b6e93b7ad67d8d9bbedcebf999a1/page/5/ HTTP/1.0" 200 - "-" "Mozilla/5.0 (compatible; DotBot/1.2; +https://opensiteexplorer.org/dotbot; help@moz.com)"
