57.141.0.8 - - [22/Nov/2024:16:46:56 -0800] "GET /wp-json/wp/v2/posts/168836 HTTP/1.0" 200 - "-" "meta-externalagent/1.1 (+https://developers.facebook.com/docs/sharing/webmasters/crawler)"
216.244.66.249 - - [22/Nov/2024:16:48:59 -0800] "GET /mike-tyson-slaps-jake-paul-after-weigh-in-for-netflix-fight-friday-night/ HTTP/1.0" 200 - "-" "Mozilla/5.0 (compatible; DotBot/1.2; +https://opensiteexplorer.org/dotbot; help@moz.com)"
216.244.66.249 - - [22/Nov/2024:16:49:07 -0800] "GET /powell-says-the-fed-doesnt-need-to-be-in-a-hurry-to-reduce-interest-rates/ HTTP/1.0" 200 - "-" "Mozilla/5.0 (compatible; DotBot/1.2; +https://opensiteexplorer.org/dotbot; help@moz.com)"
208.92.218.66 - - [22/Nov/2024:16:50:00 -0800] "GET /feed/ HTTP/1.0" 200 - "-" "Mozilla/5.0 (Windows NT 10.0; Win64; x64) AppleWebKit/537.36 (KHTML, like Gecko) Chrome/70.0.3538.102 Safari/537.36"
216.244.66.249 - - [22/Nov/2024:16:50:19 -0800] "GET /aileen-cannon-disappoints-jack-smith/ HTTP/1.0" 200 - "-" "Mozilla/5.0 (compatible; DotBot/1.2; +https://opensiteexplorer.org/dotbot; help@moz.com)"
216.244.66.249 - - [22/Nov/2024:16:50:25 -0800] "GET /cities-are-rewarding-volunteers-with-property-tax-rebate/ HTTP/1.0" 200 - "-" "Mozilla/5.0 (compatible; DotBot/1.2; +https://opensiteexplorer.org/dotbot; help@moz.com)"
216.244.66.249 - - [22/Nov/2024:16:50:30 -0800] "GET /russia-preparing-for-large-scale-conflict-with-nato-isw/ HTTP/1.0" 200 - "-" "Mozilla/5.0 (compatible; DotBot/1.2; +https://opensiteexplorer.org/dotbot; help@moz.com)"
216.244.66.249 - - [22/Nov/2024:16:50:34 -0800] "GET /stock-futures-little-changed-as-earnings-stay-center-stage/ HTTP/1.0" 200 - "-" "Mozilla/5.0 (compatible; DotBot/1.2; +https://opensiteexplorer.org/dotbot; help@moz.com)"
216.244.66.249 - - [22/Nov/2024:16:50:38 -0800] "GET /teacher-admits-killing-partner-buried-in-garden/ HTTP/1.0" 200 - "-" "Mozilla/5.0 (compatible; DotBot/1.2; +https://opensiteexplorer.org/dotbot; help@moz.com)"
216.244.66.249 - - [22/Nov/2024:16:50:41 -0800] "GET /third-teen-dies-following-penkridge-car-crash/ HTTP/1.0" 200 - "-" "Mozilla/5.0 (compatible; DotBot/1.2; +https://opensiteexplorer.org/dotbot; help@moz.com)"
216.244.66.249 - - [22/Nov/2024:16:50:44 -0800] "GET /dlat-seminar-of-25-january-2024-home-dlat-delegations/ HTTP/1.0" 200 - "-" "Mozilla/5.0 (compatible; DotBot/1.2; +https://opensiteexplorer.org/dotbot; help@moz.com)"
216.244.66.249 - - [22/Nov/2024:16:50:46 -0800] "GET /o-c-marathon-winner-esteban-prado-disqualified-dad-gave-him-water-2/ HTTP/1.0" 200 - "-" "Mozilla/5.0 (compatible; DotBot/1.2; +https://opensiteexplorer.org/dotbot; help@moz.com)"
216.244.66.249 - - [22/Nov/2024:16:50:49 -0800] "GET /poco-x6-neo-india-launch-set-for-march-13-design-teased-flipkart-availability-confirmed/ HTTP/1.0" 200 - "-" "Mozilla/5.0 (compatible; DotBot/1.2; +https://opensiteexplorer.org/dotbot; help@moz.com)"
216.244.66.249 - - [22/Nov/2024:16:50:50 -0800] "GET /shoaib-malik-asks-for-captaincy-change-claims-babar-azam-doesnt-need-extra-responsibility/ HTTP/1.0" 200 - "-" "Mozilla/5.0 (compatible; DotBot/1.2; +https://opensiteexplorer.org/dotbot; help@moz.com)"
216.244.66.249 - - [22/Nov/2024:16:50:52 -0800] "GET /ufc-fight-night-blanchfield-vs-fiorot-odds-predictions-mma-expert-makes-surprising-fight-card-picks-bets/ HTTP/1.0" 200 - "-" "Mozilla/5.0 (compatible; DotBot/1.2; +https://opensiteexplorer.org/dotbot; help@moz.com)"
216.244.66.249 - - [22/Nov/2024:16:50:54 -0800] "GET /unesco-names-gaza-site-to-both-its-world-heritage-and-in-danger-lists/ HTTP/1.0" 200 - "-" "Mozilla/5.0 (compatible; DotBot/1.2; +https://opensiteexplorer.org/dotbot; help@moz.com)"
216.244.66.249 - - [22/Nov/2024:16:50:56 -0800] "GET /nato-member-warns-russia-preparing-for-long-conflict-with-the-west/ HTTP/1.0" 200 - "-" "Mozilla/5.0 (compatible; DotBot/1.2; +https://opensiteexplorer.org/dotbot; help@moz.com)"
216.244.66.249 - - [22/Nov/2024:16:50:58 -0800] "GET /woman-rescues-dog-from-shelter-all-he-wants-to-do-is-cuddle/ HTTP/1.0" 200 - "-" "Mozilla/5.0 (compatible; DotBot/1.2; +https://opensiteexplorer.org/dotbot; help@moz.com)"
216.244.66.249 - - [22/Nov/2024:16:51:19 -0800] "GET /apple-to-bring-blood-pressure-monitoring-feature-to-watch-series-10-mark-gurman/ HTTP/1.0" 200 - "-" "Mozilla/5.0 (compatible; DotBot/1.2; +https://opensiteexplorer.org/dotbot; help@moz.com)"
216.244.66.249 - - [22/Nov/2024:16:51:21 -0800] "GET /infinix-note-40-note-40-pro-4g-price-renders-leaked-note-40-pro-5g-spotted-on-certification-sites/ HTTP/1.0" 200 - "-" "Mozilla/5.0 (compatible; DotBot/1.2; +https://opensiteexplorer.org/dotbot; help@moz.com)"
216.244.66.249 - - [22/Nov/2024:16:51:22 -0800] "GET /who-is-kishane-thompsons-coach-all-about-stephen-francis-who-helped-the-jamaican-star-become-the-fastest-man-of-2024/ HTTP/1.0" 200 - "-" "Mozilla/5.0 (compatible; DotBot/1.2; +https://opensiteexplorer.org/dotbot; help@moz.com)"
216.244.66.249 - - [22/Nov/2024:16:51:40 -0800] "GET /couple-hiking-in-europe-find-starving-dog-now-lives-best-life-in-colorado/ HTTP/1.0" 200 - "-" "Mozilla/5.0 (compatible; DotBot/1.2; +https://opensiteexplorer.org/dotbot; help@moz.com)"
209.182.200.39 - - [22/Nov/2024:16:51:41 -0800] "POST /wp-cron.php?doing_wp_cron=1732323101.0661799907684326171875 HTTP/1.0" 403 228 "-" "WordPress/6.6.2; https://live2news.com"
209.182.200.39 - - [22/Nov/2024:16:51:41 -0800] "GET /wp-content/themes/newscore/assets/images/login-logo.png HTTP/1.0" 200 5193 "-" "-"
57.141.0.5 - - [22/Nov/2024:16:51:39 -0800] "GET /wp-login.php?redirect_to=https%3A%2F%2Flive2news.com%2Frfk-jr-says-donald-trump-could-remove-fluoride-from-drinking-water%2F HTTP/1.0" 200 7039 "-" "meta-externalagent/1.1 (+https://developers.facebook.com/docs/sharing/webmasters/crawler)"
216.244.66.249 - - [22/Nov/2024:16:51:41 -0800] "GET /jason-kelces-retirement-so-far-time-with-travis-a-flaming-table-jump-and-an-nba-game/ HTTP/1.0" 200 - "-" "Mozilla/5.0 (compatible; DotBot/1.2; +https://opensiteexplorer.org/dotbot; help@moz.com)"
57.141.0.21 - - [22/Nov/2024:16:52:01 -0800] "GET /floods-cause-widespread-devastation-in-kenya/ HTTP/1.0" 200 - "-" "meta-externalagent/1.1 (+https://developers.facebook.com/docs/sharing/webmasters/crawler)"
216.244.66.249 - - [22/Nov/2024:16:52:09 -0800] "GET /southwest-airlines-cuts-capacity-and-rethinks-2024-financial-forecast-citing-boeing-problems/ HTTP/1.0" 200 - "-" "Mozilla/5.0 (compatible; DotBot/1.2; +https://opensiteexplorer.org/dotbot; help@moz.com)"
17.241.75.82 - - [22/Nov/2024:16:52:28 -0800] "GET /adopting-a-dog-follow-these-tips-to-find-a-legitimate-rescue-group/ HTTP/1.0" 200 - "-" "Mozilla/5.0 (Macintosh; Intel Mac OS X 10_15_7) AppleWebKit/605.1.15 (KHTML, like Gecko) Version/17.4 Safari/605.1.15 (Applebot/0.1; +http://www.apple.com/go/applebot)"
208.92.218.66 - - [22/Nov/2024:16:52:49 -0800] "GET /feed/ HTTP/1.0" 200 - "-" "Mozilla/5.0 (Windows NT 10.0; Win64; x64) AppleWebKit/537.36 (KHTML, like Gecko) Chrome/70.0.3538.102 Safari/537.36"
216.244.66.249 - - [22/Nov/2024:16:53:01 -0800] "GET /author/chris_buescher/ HTTP/1.0" 200 - "-" "Mozilla/5.0 (compatible; DotBot/1.2; +https://opensiteexplorer.org/dotbot; help@moz.com)"
216.244.66.249 - - [22/Nov/2024:16:53:04 -0800] "GET /barcelona-president-holds-hope-for-xavis-stay-despite-exit-announcement/ HTTP/1.0" 200 - "-" "Mozilla/5.0 (compatible; DotBot/1.2; +https://opensiteexplorer.org/dotbot; help@moz.com)"
216.244.66.249 - - [22/Nov/2024:16:53:07 -0800] "GET /lake-elsinore-reaches-new-depths-thanks-to-recent-storms/ HTTP/1.0" 200 - "-" "Mozilla/5.0 (compatible; DotBot/1.2; +https://opensiteexplorer.org/dotbot; help@moz.com)"
216.244.66.249 - - [22/Nov/2024:16:53:09 -0800] "GET /newjeans-hybe-and-coachella-shows-to-lead-turnaround-in-kpop/ HTTP/1.0" 200 - "-" "Mozilla/5.0 (compatible; DotBot/1.2; +https://opensiteexplorer.org/dotbot; help@moz.com)"
216.244.66.249 - - [22/Nov/2024:16:53:11 -0800] "GET /the-etfs-and-stocks-foreign-investors-can-buy-to-cash-in-on-india/ HTTP/1.0" 200 - "-" "Mozilla/5.0 (compatible; DotBot/1.2; +https://opensiteexplorer.org/dotbot; help@moz.com)"
216.244.66.249 - - [22/Nov/2024:16:53:14 -0800] "GET /what-states-do-not-have-daylight-saving-time-where-time-wont-change-today/ HTTP/1.0" 200 - "-" "Mozilla/5.0 (compatible; DotBot/1.2; +https://opensiteexplorer.org/dotbot; help@moz.com)"
216.244.66.249 - - [22/Nov/2024:16:54:45 -0800] "GET /california-is-making-fentanyl-test-strips-free-to-organizations-how-to-get-a-kit/ HTTP/1.0" 200 - "-" "Mozilla/5.0 (compatible; DotBot/1.2; +https://opensiteexplorer.org/dotbot; help@moz.com)"
216.244.66.249 - - [22/Nov/2024:16:54:48 -0800] "GET /driver-has-two-vehicles-impounded-and-2k-in-fines-in-one-night-in-vernon-b-c/ HTTP/1.0" 200 - "-" "Mozilla/5.0 (compatible; DotBot/1.2; +https://opensiteexplorer.org/dotbot; help@moz.com)"
216.244.66.249 - - [22/Nov/2024:16:54:51 -0800] "GET /nothing-phone-2a-goes-on-sale-in-india-for-the-first-time-today-price-offers-specifications/ HTTP/1.0" 200 - "-" "Mozilla/5.0 (compatible; DotBot/1.2; +https://opensiteexplorer.org/dotbot; help@moz.com)"
216.244.66.249 - - [22/Nov/2024:16:54:53 -0800] "GET /teofimo-lopez-dominates-steve-claggett-over-12-rounds-to-defend-his-wbo-140-pound-title/ HTTP/1.0" 200 - "-" "Mozilla/5.0 (compatible; DotBot/1.2; +https://opensiteexplorer.org/dotbot; help@moz.com)"
216.244.66.249 - - [22/Nov/2024:16:54:55 -0800] "GET /what-next-for-the-tech/ HTTP/1.0" 200 - "-" "Mozilla/5.0 (compatible; DotBot/1.2; +https://opensiteexplorer.org/dotbot; help@moz.com)"
216.244.66.249 - - [22/Nov/2024:16:55:03 -0800] "GET /hailey-bieber-pregnant-with-first-child/ HTTP/1.0" 200 - "-" "Mozilla/5.0 (compatible; DotBot/1.2; +https://opensiteexplorer.org/dotbot; help@moz.com)"
216.244.66.249 - - [22/Nov/2024:16:55:05 -0800] "GET /london-drugs-reopens-all-stores-after-cyberattack/ HTTP/1.0" 200 - "-" "Mozilla/5.0 (compatible; DotBot/1.2; +https://opensiteexplorer.org/dotbot; help@moz.com)"
216.244.66.249 - - [22/Nov/2024:16:55:51 -0800] "GET /ronaldo-henry-and-the-greatest-premier-league-goals-ever/ HTTP/1.0" 200 - "-" "Mozilla/5.0 (compatible; DotBot/1.2; +https://opensiteexplorer.org/dotbot; help@moz.com)"
216.244.66.249 - - [22/Nov/2024:16:55:56 -0800] "GET /europes-best-beach-holidays-cadaques-spain-beach-holidays/ HTTP/1.0" 200 - "-" "Mozilla/5.0 (compatible; DotBot/1.2; +https://opensiteexplorer.org/dotbot; help@moz.com)"
216.244.66.249 - - [22/Nov/2024:16:56:02 -0800] "GET /iphone-16-pro-leaked-renders-suggest-new-design-with-capture-button/ HTTP/1.0" 200 - "-" "Mozilla/5.0 (compatible; DotBot/1.2; +https://opensiteexplorer.org/dotbot; help@moz.com)"
216.244.66.249 - - [22/Nov/2024:16:56:07 -0800] "GET /morgan-stanley-fund-manager-is-bullish-on-stock-to-play-ai-power-needs/ HTTP/1.0" 200 - "-" "Mozilla/5.0 (compatible; DotBot/1.2; +https://opensiteexplorer.org/dotbot; help@moz.com)"
216.244.66.249 - - [22/Nov/2024:16:56:11 -0800] "GET /robson-conceicao-oshaquie-foster-world-super-featherweight-title-rematch-ordered-by-wbc/ HTTP/1.0" 200 - "-" "Mozilla/5.0 (compatible; DotBot/1.2; +https://opensiteexplorer.org/dotbot; help@moz.com)"
216.244.66.249 - - [22/Nov/2024:16:56:14 -0800] "GET /russian-nuclear-storage-site-under-threat-from-putin-defectors-raids/ HTTP/1.0" 200 - "-" "Mozilla/5.0 (compatible; DotBot/1.2; +https://opensiteexplorer.org/dotbot; help@moz.com)"
216.244.66.249 - - [22/Nov/2024:16:56:17 -0800] "GET /afg-vs-uga-twitter-reacts-as-persistent-uganda-respond-to-early-afghan-onslaught-with-death-bowling-masterclass/ HTTP/1.0" 200 - "-" "Mozilla/5.0 (compatible; DotBot/1.2; +https://opensiteexplorer.org/dotbot; help@moz.com)"
216.244.66.249 - - [22/Nov/2024:16:56:19 -0800] "GET /author/ariana_baio/feed/ HTTP/1.0" 200 - "-" "Mozilla/5.0 (compatible; DotBot/1.2; +https://opensiteexplorer.org/dotbot; help@moz.com)"
216.244.66.249 - - [22/Nov/2024:16:56:21 -0800] "GET /author/doug_vaessen/feed/ HTTP/1.0" 200 - "-" "Mozilla/5.0 (compatible; DotBot/1.2; +https://opensiteexplorer.org/dotbot; help@moz.com)"
216.244.66.249 - - [22/Nov/2024:16:56:57 -0800] "GET /author/patrick_everson/ HTTP/1.0" 200 - "-" "Mozilla/5.0 (compatible; DotBot/1.2; +https://opensiteexplorer.org/dotbot; help@moz.com)"
216.244.66.249 - - [22/Nov/2024:16:57:01 -0800] "GET /category/technology/page/13/ HTTP/1.0" 200 - "-" "Mozilla/5.0 (compatible; DotBot/1.2; +https://opensiteexplorer.org/dotbot; help@moz.com)"
216.244.66.249 - - [22/Nov/2024:16:57:22 -0800] "GET /author/admin/page/116/ HTTP/1.0" 200 - "-" "Mozilla/5.0 (compatible; DotBot/1.2; +https://opensiteexplorer.org/dotbot; help@moz.com)"
216.244.66.249 - - [22/Nov/2024:16:57:25 -0800] "GET /category/travel/page/6/ HTTP/1.0" 200 - "-" "Mozilla/5.0 (compatible; DotBot/1.2; +https://opensiteexplorer.org/dotbot; help@moz.com)"
216.244.66.249 - - [22/Nov/2024:16:57:27 -0800] "GET /fear-the-man-behind-the-stumps-hardik-pandya-calls-out-ms-dhoni-in-unique-manner/ HTTP/1.0" 200 - "-" "Mozilla/5.0 (compatible; DotBot/1.2; +https://opensiteexplorer.org/dotbot; help@moz.com)"
216.244.66.249 - - [22/Nov/2024:16:57:34 -0800] "GET /buffett-move-to-sell-stocks-raise-cash-before-sell-off-a-wake-up-call/ HTTP/1.0" 200 - "-" "Mozilla/5.0 (compatible; DotBot/1.2; +https://opensiteexplorer.org/dotbot; help@moz.com)"
216.244.66.249 - - [22/Nov/2024:16:57:38 -0800] "GET /category/breaking-news/page/6/ HTTP/1.0" 200 - "-" "Mozilla/5.0 (compatible; DotBot/1.2; +https://opensiteexplorer.org/dotbot; help@moz.com)"
216.244.66.249 - - [22/Nov/2024:16:57:40 -0800] "GET /category/business/page/85/ HTTP/1.0" 200 - "-" "Mozilla/5.0 (compatible; DotBot/1.2; +https://opensiteexplorer.org/dotbot; help@moz.com)"
216.244.66.249 - - [22/Nov/2024:16:57:43 -0800] "GET /category/latin-america/page/6/ HTTP/1.0" 200 - "-" "Mozilla/5.0 (compatible; DotBot/1.2; +https://opensiteexplorer.org/dotbot; help@moz.com)"
216.244.66.249 - - [22/Nov/2024:16:57:45 -0800] "GET /drs-nov-9-sanju-samson-beats-ms-dhoni-pcb-chief-warns-india-on-champions-trophy-horrible-kl-rahul/ HTTP/1.0" 200 - "-" "Mozilla/5.0 (compatible; DotBot/1.2; +https://opensiteexplorer.org/dotbot; help@moz.com)"
216.244.66.249 - - [22/Nov/2024:16:57:47 -0800] "GET /man-18-jailed-for-stabbing-murder-of-stranger/ HTTP/1.0" 200 - "-" "Mozilla/5.0 (compatible; DotBot/1.2; +https://opensiteexplorer.org/dotbot; help@moz.com)"
216.244.66.249 - - [22/Nov/2024:16:57:51 -0800] "GET /30th-annual-mchappy-day-supporting-b-c-families-with-sick-children/ HTTP/1.0" 200 - "-" "Mozilla/5.0 (compatible; DotBot/1.2; +https://opensiteexplorer.org/dotbot; help@moz.com)"
216.244.66.249 - - [22/Nov/2024:16:57:52 -0800] "GET /author/admin/page/166/ HTTP/1.0" 200 - "-" "Mozilla/5.0 (compatible; DotBot/1.2; +https://opensiteexplorer.org/dotbot; help@moz.com)"
216.244.66.249 - - [22/Nov/2024:16:57:53 -0800] "GET /author/admin/page/328/ HTTP/1.0" 200 - "-" "Mozilla/5.0 (compatible; DotBot/1.2; +https://opensiteexplorer.org/dotbot; help@moz.com)"
216.244.66.249 - - [22/Nov/2024:16:57:54 -0800] "GET /author/david_hale/ HTTP/1.0" 200 - "-" "Mozilla/5.0 (compatible; DotBot/1.2; +https://opensiteexplorer.org/dotbot; help@moz.com)"
216.244.66.249 - - [22/Nov/2024:16:57:55 -0800] "GET /boeing-whistleblowers-demand-meeting-with-ceo/ HTTP/1.0" 200 - "-" "Mozilla/5.0 (compatible; DotBot/1.2; +https://opensiteexplorer.org/dotbot; help@moz.com)"
216.244.66.249 - - [22/Nov/2024:16:57:56 -0800] "GET /donald-trump-bond-documents-raise-eyebrows-somethings-fishy-here/ HTTP/1.0" 200 - "-" "Mozilla/5.0 (compatible; DotBot/1.2; +https://opensiteexplorer.org/dotbot; help@moz.com)"
216.244.66.249 - - [22/Nov/2024:16:57:57 -0800] "GET /man-and-woman-die-in-early-hours-house-fire/ HTTP/1.0" 200 - "-" "Mozilla/5.0 (compatible; DotBot/1.2; +https://opensiteexplorer.org/dotbot; help@moz.com)"
57.141.0.27 - - [22/Nov/2024:16:58:21 -0800] "GET /wp-json/wp/v2/posts/72534 HTTP/1.0" 200 - "-" "meta-externalagent/1.1 (+https://developers.facebook.com/docs/sharing/webmasters/crawler)"
208.92.218.66 - - [22/Nov/2024:17:00:21 -0800] "GET /feed/ HTTP/1.0" 200 - "-" "Mozilla/5.0 (Windows NT 10.0; Win64; x64) AppleWebKit/537.36 (KHTML, like Gecko) Chrome/70.0.3538.102 Safari/537.36"
52.167.144.199 - - [22/Nov/2024:17:00:52 -0800] "GET /best-places-for-solo-travel-2024/ HTTP/1.0" 200 - "-" "Mozilla/5.0 AppleWebKit/537.36 (KHTML, like Gecko; compatible; bingbot/2.0; +http://www.bing.com/bingbot.htm) Chrome/116.0.1938.76 Safari/537.36"
216.244.66.249 - - [22/Nov/2024:17:00:55 -0800] "GET /author/tyler_johnson/page/3/ HTTP/1.0" 200 - "-" "Mozilla/5.0 (compatible; DotBot/1.2; +https://opensiteexplorer.org/dotbot; help@moz.com)"
216.244.66.249 - - [22/Nov/2024:17:00:57 -0800] "GET /bank-sorry-for-sharing-womans-spending-with-ex/ HTTP/1.0" 200 - "-" "Mozilla/5.0 (compatible; DotBot/1.2; +https://opensiteexplorer.org/dotbot; help@moz.com)"
216.244.66.249 - - [22/Nov/2024:17:01:00 -0800] "GET /category/latin-america/page/111/ HTTP/1.0" 200 - "-" "Mozilla/5.0 (compatible; DotBot/1.2; +https://opensiteexplorer.org/dotbot; help@moz.com)"
216.244.66.249 - - [22/Nov/2024:17:01:01 -0800] "GET /premier-league-live-west-ham-vs-tottenham-newcastle-vs-everton-nottingham-forest-vs-fulham-burnley-vs-wolves-scores-updates-live/ HTTP/1.0" 200 - "-" "Mozilla/5.0 (compatible; DotBot/1.2; +https://opensiteexplorer.org/dotbot; help@moz.com)"
216.244.66.249 - - [22/Nov/2024:17:01:03 -0800] "GET /putin-sees-support-slump-in-tightly-controlled-state-poll/ HTTP/1.0" 200 - "-" "Mozilla/5.0 (compatible; DotBot/1.2; +https://opensiteexplorer.org/dotbot; help@moz.com)"
216.244.66.249 - - [22/Nov/2024:17:01:04 -0800] "GET /wck-workers-risked-lives-to-feed-people-they-did-not-know/ HTTP/1.0" 200 - "-" "Mozilla/5.0 (compatible; DotBot/1.2; +https://opensiteexplorer.org/dotbot; help@moz.com)"
216.244.66.249 - - [22/Nov/2024:17:01:05 -0800] "GET /what-do-kook-barrel-carve-and-charge-mean-a-guide-to-surfer-speak/ HTTP/1.0" 200 - "-" "Mozilla/5.0 (compatible; DotBot/1.2; +https://opensiteexplorer.org/dotbot; help@moz.com)"
216.244.66.249 - - [22/Nov/2024:17:01:06 -0800] "GET /gp-service-move-will-increase-pressure-at-hospital/ HTTP/1.0" 200 - "-" "Mozilla/5.0 (compatible; DotBot/1.2; +https://opensiteexplorer.org/dotbot; help@moz.com)"
216.244.66.249 - - [22/Nov/2024:17:01:07 -0800] "GET /liquid-limits-may-remain-for-ni-summer-travellers/ HTTP/1.0" 200 - "-" "Mozilla/5.0 (compatible; DotBot/1.2; +https://opensiteexplorer.org/dotbot; help@moz.com)"
216.244.66.249 - - [22/Nov/2024:17:01:08 -0800] "GET /mlb-power-rankings-yankees-fall-dodgers-rise-as-trade-deadline-looms/ HTTP/1.0" 200 - "-" "Mozilla/5.0 (compatible; DotBot/1.2; +https://opensiteexplorer.org/dotbot; help@moz.com)"
216.244.66.249 - - [22/Nov/2024:17:01:09 -0800] "GET /stardust-the-tragedy-that-shocked-a-nation/ HTTP/1.0" 200 - "-" "Mozilla/5.0 (compatible; DotBot/1.2; +https://opensiteexplorer.org/dotbot; help@moz.com)"
216.244.66.249 - - [22/Nov/2024:17:01:10 -0800] "GET /would-you-pay-150-for-tea-and-a-tour-at-balmoral/ HTTP/1.0" 200 - "-" "Mozilla/5.0 (compatible; DotBot/1.2; +https://opensiteexplorer.org/dotbot; help@moz.com)"
216.244.66.249 - - [22/Nov/2024:17:01:11 -0800] "GET /ben-stokes-asks-to-not-be-considered-for-t20-world-cup/ HTTP/1.0" 200 - "-" "Mozilla/5.0 (compatible; DotBot/1.2; +https://opensiteexplorer.org/dotbot; help@moz.com)"
216.244.66.249 - - [22/Nov/2024:17:01:12 -0800] "GET /killer-valdo-calocanes-sentence-review-date-set/ HTTP/1.0" 200 - "-" "Mozilla/5.0 (compatible; DotBot/1.2; +https://opensiteexplorer.org/dotbot; help@moz.com)"
216.244.66.249 - - [22/Nov/2024:17:01:13 -0800] "GET /paolo-nutini-and-david-tennant-honoured-with-walk-of-fame-slabs-in-hometown/ HTTP/1.0" 200 - "-" "Mozilla/5.0 (compatible; DotBot/1.2; +https://opensiteexplorer.org/dotbot; help@moz.com)"
216.244.66.249 - - [22/Nov/2024:17:01:20 -0800] "GET /author/dc11c7661c79b290ba2c2f8f338adb00/ HTTP/1.0" 200 - "-" "Mozilla/5.0 (compatible; DotBot/1.2; +https://opensiteexplorer.org/dotbot; help@moz.com)"
216.244.66.249 - - [22/Nov/2024:17:01:22 -0800] "GET /author/karen_gilchrist/page/9/ HTTP/1.0" 200 - "-" "Mozilla/5.0 (compatible; DotBot/1.2; +https://opensiteexplorer.org/dotbot; help@moz.com)"
216.244.66.249 - - [22/Nov/2024:17:01:24 -0800] "GET /crooked-house-owners-propose-rebuilding-pub-in-different-place/ HTTP/1.0" 200 - "-" "Mozilla/5.0 (compatible; DotBot/1.2; +https://opensiteexplorer.org/dotbot; help@moz.com)"
216.244.66.249 - - [22/Nov/2024:17:01:25 -0800] "GET /newcastle-vs-southampton-preview/ HTTP/1.0" 200 - "-" "Mozilla/5.0 (compatible; DotBot/1.2; +https://opensiteexplorer.org/dotbot; help@moz.com)"
216.244.66.249 - - [22/Nov/2024:17:01:27 -0800] "GET /stock-market-today-live-updates-122/ HTTP/1.0" 200 - "-" "Mozilla/5.0 (compatible; DotBot/1.2; +https://opensiteexplorer.org/dotbot; help@moz.com)"
114.119.141.217 - - [22/Nov/2024:17:02:32 -0800] "GET /bet-5-on-mlb-monday-to-lock-in-200-bonus/ HTTP/1.0" 200 - "https://live2news.com/mexico-vs-usmnt-live-stream-how-to-watch-concacaf-nations-league-final-online-tv-channel-odds-prediction/" "Mozilla/5.0 (Linux; Android 7.0;) AppleWebKit/537.36 (KHTML, like Gecko) Mobile Safari/537.36 (compatible; PetalBot;+https://webmaster.petalsearch.com/site/petalbot)"
52.167.144.147 - - [22/Nov/2024:17:03:32 -0800] "GET /jennifer-love-hewitt-shows-never-before-seen-photo-of-her-3-children-on-new-book-cover/ HTTP/1.0" 200 - "-" "Mozilla/5.0 AppleWebKit/537.36 (KHTML, like Gecko; compatible; bingbot/2.0; +http://www.bing.com/bingbot.htm) Chrome/116.0.1938.76 Safari/537.36"
17.241.75.5 - - [22/Nov/2024:17:03:35 -0800] "GET /cold-war-cia-directors-san-marino-mansion-sells-for-30-million/ HTTP/1.0" 200 - "-" "Mozilla/5.0 (Macintosh; Intel Mac OS X 10_15_7) AppleWebKit/605.1.15 (KHTML, like Gecko) Version/17.4 Safari/605.1.15 (Applebot/0.1; +http://www.apple.com/go/applebot)"
114.119.132.18 - - [22/Nov/2024:17:03:55 -0800] "GET /arsenal-and-manchester-city-draw-puts-liverpool-in-premier-league-control-arsenal-win-fa-womens-league-cup/ HTTP/1.0" 200 - "https://live2news.com/south-korea-cpi-india-pmi-australia-pmi/" "Mozilla/5.0 (Linux; Android 7.0;) AppleWebKit/537.36 (KHTML, like Gecko) Mobile Safari/537.36 (compatible; PetalBot;+https://webmaster.petalsearch.com/site/petalbot)"
57.141.0.12 - - [22/Nov/2024:17:10:18 -0800] "GET /?p=170368 HTTP/1.0" 200 - "-" "meta-externalagent/1.1 (+https://developers.facebook.com/docs/sharing/webmasters/crawler)"
216.244.66.249 - - [22/Nov/2024:17:11:11 -0800] "GET /robots.txt HTTP/1.0" 200 66 "-" "Mozilla/5.0 (compatible; DotBot/1.2; +https://opensiteexplorer.org/dotbot; help@moz.com)"
208.92.218.66 - - [22/Nov/2024:17:13:14 -0800] "GET /feed/ HTTP/1.0" 200 - "-" "Mozilla/5.0 (Windows NT 10.0; Win64; x64) AppleWebKit/537.36 (KHTML, like Gecko) Chrome/70.0.3538.102 Safari/537.36"
216.244.66.249 - - [22/Nov/2024:17:14:55 -0800] "GET /netanyahu-aide-investigated-by-police-over-7-october-timeline/ HTTP/1.0" 200 - "-" "Mozilla/5.0 (compatible; DotBot/1.2; +https://opensiteexplorer.org/dotbot; help@moz.com)"
209.182.200.39 - - [22/Nov/2024:17:15:12 -0800] "POST /wp-cron.php?doing_wp_cron=1732324512.6800520420074462890625 HTTP/1.0" 403 228 "-" "WordPress/6.6.2; https://live2news.com"
209.182.200.39 - - [22/Nov/2024:17:15:12 -0800] "GET /wp-content/themes/newscore/assets/images/login-logo.png HTTP/1.0" 200 5193 "-" "-"
57.141.0.19 - - [22/Nov/2024:17:15:11 -0800] "GET /wp-login.php?redirect_to=https%3A%2F%2Flive2news.com%2Fisraeli-prime-minister-netanyahu-is-set-to-undergo-hernia-surgery%2F HTTP/1.0" 200 7038 "-" "meta-externalagent/1.1 (+https://developers.facebook.com/docs/sharing/webmasters/crawler)"
216.244.66.249 - - [22/Nov/2024:17:15:33 -0800] "GET /inside-blueys-world-as-immersive-experience-opens-in-australia/ HTTP/1.0" 200 - "-" "Mozilla/5.0 (compatible; DotBot/1.2; +https://opensiteexplorer.org/dotbot; help@moz.com)"
17.241.75.136 - - [22/Nov/2024:17:15:52 -0800] "GET /fantasy-baseball-pitcher-rankings-lineup-advice-for-tuesdays-mlb-games/ HTTP/1.0" 200 - "-" "Mozilla/5.0 (Macintosh; Intel Mac OS X 10_15_7) AppleWebKit/605.1.15 (KHTML, like Gecko) Version/17.4 Safari/605.1.15 (Applebot/0.1; +http://www.apple.com/go/applebot)"
208.92.218.66 - - [22/Nov/2024:17:16:22 -0800] "GET /feed/ HTTP/1.0" 200 - "-" "Mozilla/5.0 (Windows NT 10.0; Win64; x64) AppleWebKit/537.36 (KHTML, like Gecko) Chrome/70.0.3538.102 Safari/537.36"
216.244.66.249 - - [22/Nov/2024:17:16:34 -0800] "GET /edmonton-woman-arrested-in-connection-with-childs-death-at-wabamun-lake/ HTTP/1.0" 200 - "-" "Mozilla/5.0 (compatible; DotBot/1.2; +https://opensiteexplorer.org/dotbot; help@moz.com)"
216.244.66.249 - - [22/Nov/2024:17:16:44 -0800] "GET /three-shot-dead-home-set-afire-in-antelope-valley/ HTTP/1.0" 200 - "-" "Mozilla/5.0 (compatible; DotBot/1.2; +https://opensiteexplorer.org/dotbot; help@moz.com)"
208.92.218.66 - - [22/Nov/2024:17:16:56 -0800] "GET /feed/ HTTP/1.0" 200 - "-" "Mozilla/5.0 (Windows NT 10.0; Win64; x64) AppleWebKit/537.36 (KHTML, like Gecko) Chrome/70.0.3538.102 Safari/537.36"
216.244.66.249 - - [22/Nov/2024:17:17:19 -0800] "GET /taylor-swift-album-theory-sends-internet-into-meltdown/ HTTP/1.0" 200 - "-" "Mozilla/5.0 (compatible; DotBot/1.2; +https://opensiteexplorer.org/dotbot; help@moz.com)"
208.92.218.66 - - [22/Nov/2024:17:17:25 -0800] "GET /feed/ HTTP/1.0" 200 - "-" "Mozilla/5.0 (Windows NT 10.0; Win64; x64) AppleWebKit/537.36 (KHTML, like Gecko) Chrome/70.0.3538.102 Safari/537.36"
216.244.66.249 - - [22/Nov/2024:17:17:32 -0800] "GET /dodgers-reportedly-will-have-to-endure-without-fan-favorite-in-first-half-of-2025/ HTTP/1.0" 200 - "-" "Mozilla/5.0 (compatible; DotBot/1.2; +https://opensiteexplorer.org/dotbot; help@moz.com)"
208.92.218.66 - - [22/Nov/2024:17:17:44 -0800] "GET /feed/ HTTP/1.0" 200 - "-" "Mozilla/5.0 (Windows NT 10.0; Win64; x64) AppleWebKit/537.36 (KHTML, like Gecko) Chrome/70.0.3538.102 Safari/537.36"
216.244.66.249 - - [22/Nov/2024:17:17:45 -0800] "GET /morgan-stanley-picks-china-stocks-to-ride-out-a-worst-case-scenario-in-u-s-tensions/ HTTP/1.0" 200 - "-" "Mozilla/5.0 (compatible; DotBot/1.2; +https://opensiteexplorer.org/dotbot; help@moz.com)"
208.92.218.66 - - [22/Nov/2024:17:17:45 -0800] "GET /feed/ HTTP/1.0" 200 - "-" "Mozilla/5.0 (Windows NT 10.0; Win64; x64) AppleWebKit/537.36 (KHTML, like Gecko) Chrome/70.0.3538.102 Safari/537.36"
208.92.218.66 - - [22/Nov/2024:17:17:50 -0800] "GET /feed/ HTTP/1.0" 200 - "-" "Mozilla/5.0 (Windows NT 10.0; Win64; x64) AppleWebKit/537.36 (KHTML, like Gecko) Chrome/70.0.3538.102 Safari/537.36"
216.244.66.249 - - [22/Nov/2024:17:17:55 -0800] "GET /argentina-to-open-squid-season-south-of-parallel-44-january-2025-mercopress/ HTTP/1.0" 200 - "-" "Mozilla/5.0 (compatible; DotBot/1.2; +https://opensiteexplorer.org/dotbot; help@moz.com)"
216.244.66.249 - - [22/Nov/2024:17:17:57 -0800] "GET /nfl-top-10-rankings-lions-are-no-1-chiefs-drop-3-spots-steelers-bills-climb/ HTTP/1.0" 200 - "-" "Mozilla/5.0 (compatible; DotBot/1.2; +https://opensiteexplorer.org/dotbot; help@moz.com)"
208.92.218.66 - - [22/Nov/2024:17:17:58 -0800] "GET /feed/ HTTP/1.0" 200 - "-" "Mozilla/5.0 (Windows NT 10.0; Win64; x64) AppleWebKit/537.36 (KHTML, like Gecko) Chrome/70.0.3538.102 Safari/537.36"
216.244.66.249 - - [22/Nov/2024:17:18:07 -0800] "GET /deepika-leads-india-to-13-0-victory-over-thailand-in-bihar-womens-asian-champions-trophy/ HTTP/1.0" 200 - "-" "Mozilla/5.0 (compatible; DotBot/1.2; +https://opensiteexplorer.org/dotbot; help@moz.com)"
114.119.156.185 - - [22/Nov/2024:17:19:00 -0800] "GET /ust-nu-la-salle-make-last-push-for-final-four-incentive/ HTTP/1.0" 200 - "https://live2news.com/the-wallsend-tiktok-teacher-supporting-pupils-with-adhd/" "Mozilla/5.0 (Linux; Android 7.0;) AppleWebKit/537.36 (KHTML, like Gecko) Mobile Safari/537.36 (compatible; PetalBot;+https://webmaster.petalsearch.com/site/petalbot)"
216.244.66.249 - - [22/Nov/2024:17:19:57 -0800] "GET /mum-of-murdered-students-calls-for-officials-to-believe-abuse-victims/ HTTP/1.0" 200 - "-" "Mozilla/5.0 (compatible; DotBot/1.2; +https://opensiteexplorer.org/dotbot; help@moz.com)"
114.119.151.179 - - [22/Nov/2024:17:20:23 -0800] "GET /ipl-2024-twitter-reacts-to-ramandeeps-sensational-jonty-rhodes-esque-leap-sending-hooda-packing/ HTTP/1.0" 200 - "https://live2news.com/lionel-messi-misses-inter-miamis-huge-concacaf-champions-cup-quarterfinal-first-leg-versus-monterrey/" "Mozilla/5.0 (Linux; Android 7.0;) AppleWebKit/537.36 (KHTML, like Gecko) Mobile Safari/537.36 (compatible; PetalBot;+https://webmaster.petalsearch.com/site/petalbot)"
216.244.66.249 - - [22/Nov/2024:17:20:30 -0800] "GET /coventry-campaigners-plan-record-tree-hug-in-bid-to-save-26-trees/ HTTP/1.0" 200 - "-" "Mozilla/5.0 (compatible; DotBot/1.2; +https://opensiteexplorer.org/dotbot; help@moz.com)"
216.244.66.249 - - [22/Nov/2024:17:20:32 -0800] "GET /jackpot-for-mi-tilak-varma-express-creates-mayhem-becomes-2nd-indian-with-consecutive-t20i-tons/ HTTP/1.0" 200 - "-" "Mozilla/5.0 (compatible; DotBot/1.2; +https://opensiteexplorer.org/dotbot; help@moz.com)"
216.244.66.249 - - [22/Nov/2024:17:20:33 -0800] "GET /ten-things-we-have-learnt-about-east-west-rail/ HTTP/1.0" 200 - "-" "Mozilla/5.0 (compatible; DotBot/1.2; +https://opensiteexplorer.org/dotbot; help@moz.com)"
216.244.66.249 - - [22/Nov/2024:17:21:10 -0800] "GET /autumn-nations-series-nine-try-scotland-beat-dogged-portugal/ HTTP/1.0" 200 - "-" "Mozilla/5.0 (compatible; DotBot/1.2; +https://opensiteexplorer.org/dotbot; help@moz.com)"
216.244.66.249 - - [22/Nov/2024:17:21:18 -0800] "GET /wi-vs-eng-4th-t20i-dream11-prediction-fantasy-cricket-tips-playing-xi-weather-pitch-report/ HTTP/1.0" 200 - "-" "Mozilla/5.0 (compatible; DotBot/1.2; +https://opensiteexplorer.org/dotbot; help@moz.com)"
185.147.125.16 - - [22/Nov/2024:17:21:45 -0800] "GET / HTTP/1.0" 200 - "http://live2news.com/" "Mozilla/5.0 (Windows NT 10.0.0; Win64; x64; ) AppleWebKit/537.36 (KHTML, like Gecko) Chrome/124.0.6367.119 Chrome/124.0.6367.119 Not-A.Brand/99  Safari/537.36"
114.119.137.184 - - [22/Nov/2024:17:21:47 -0800] "GET /wp-content/uploads/2024/03/1710133331_w8hzqn1i5skyxls5-450x253.jpg HTTP/1.0" 200 98022 "https://live2news.com/category/sports/page/30/" "Mozilla/5.0 (Linux; Android 7.0;) AppleWebKit/537.36 (KHTML, like Gecko) Mobile Safari/537.36 (compatible; PetalBot;+https://webmaster.petalsearch.com/site/petalbot)"
114.119.156.185 - - [22/Nov/2024:17:23:10 -0800] "GET /thailand-moves-to-legalise-same-sex-marriage/ HTTP/1.0" 200 - "https://live2news.com/new-york-city-deals-blow-to-landlords/" "Mozilla/5.0 (Linux; Android 7.0;) AppleWebKit/537.36 (KHTML, like Gecko) Mobile Safari/537.36 (compatible; PetalBot;+https://webmaster.petalsearch.com/site/petalbot)"
192.0.102.194 - - [22/Nov/2024:17:23:20 -0800] "GET / HTTP/1.0" 200 - "https://live2news.com/" "WordPress.com; https://live2news.com"
192.0.102.194 - - [22/Nov/2024:17:23:21 -0800] "POST /xmlrpc.php?for=jetpack&token=DKSa%40K2fjjc%40bMn%2AWKSgtdbi4n%25MRjIO%3A1%3A0&timestamp=1732325001&nonce=RSfWowbsnL&body-hash=pdst%2B%2B8gjpsEsdzTGdS19%2BYN3g4%3D&signature=r%2BVzmrhTLc%2BMsr9LwsVYN0nLwWo%3D HTTP/1.0" 403 228 "https://live2news.com/xmlrpc.php?for=jetpack&token=DKSa%40K2fjjc%40bMn%2AWKSgtdbi4n%25MRjIO%3A1%3A0&timestamp=1732325001&nonce=RSfWowbsnL&body-hash=pdst%2B%2B8gjpsEsdzTGdS19%2BYN3g4%3D&signature=r%2BVzmrhTLc%2BMsr9LwsVYN0nLwWo%3D" "Jetpack by WordPress.com"
192.0.102.194 - - [22/Nov/2024:17:23:21 -0800] "POST /xmlrpc.php?for=jetpack&token=DKSa%40K2fjjc%40bMn%2AWKSgtdbi4n%25MRjIO%3A1%3A0&timestamp=1732325001&nonce=gdQcfKPiM6&body-hash=l5MGKDtBMCRLlbhRxcm3udBaUGk%3D&signature=SXC%2BOq%2BpLkAt77u9JHDsiVXWt6A%3D HTTP/1.0" 403 228 "https://live2news.com/xmlrpc.php?for=jetpack&token=DKSa%40K2fjjc%40bMn%2AWKSgtdbi4n%25MRjIO%3A1%3A0&timestamp=1732325001&nonce=gdQcfKPiM6&body-hash=l5MGKDtBMCRLlbhRxcm3udBaUGk%3D&signature=SXC%2BOq%2BpLkAt77u9JHDsiVXWt6A%3D" "Jetpack by WordPress.com"
192.0.102.194 - - [22/Nov/2024:17:23:22 -0800] "POST /xmlrpc.php?for=jetpack HTTP/1.0" 403 228 "https://live2news.com/xmlrpc.php?for=jetpack" "The Incutio XML-RPC PHP Library"
192.0.102.194 - - [22/Nov/2024:17:23:22 -0800] "GET /?rest_route=%2Fjetpack%2Fv4%2Fconnection%2F&_for=jetpack&token=DKSa%40K2fjjc%40bMn%2AWKSgtdbi4n%25MRjIO%3A1%3A0&timestamp=1732325002&nonce=L9n17v7L7S&body-hash&signature=yu%2Bqkp44PPIwHfuVswetidAa30E%3D HTTP/1.0" 200 - "https://live2news.com/?rest_route=%2Fjetpack%2Fv4%2Fconnection%2F&_for=jetpack&token=DKSa%40K2fjjc%40bMn%2AWKSgtdbi4n%25MRjIO%3A1%3A0&timestamp=1732325002&nonce=L9n17v7L7S&body-hash&signature=yu%2Bqkp44PPIwHfuVswetidAa30E%3D" "Jetpack by WordPress.com"
192.0.102.194 - - [22/Nov/2024:17:23:23 -0800] "GET /?rest_route=/ HTTP/1.0" 200 - "https://live2news.com/?rest_route=/" "WordPress.com; https://live2news.com"
192.0.102.194 - - [22/Nov/2024:17:23:23 -0800] "POST /xmlrpc.php?for=jetpack&token=DKSa%40K2fjjc%40bMn%2AWKSgtdbi4n%25MRjIO%3A1%3A0&timestamp=1732325003&nonce=Ca91WRjKBh&body-hash=METbiCw%2BtMQdctk0fdLMNlXOKKM%3D&signature=fSQb7B77Bl9QRWWg7eptGCGxJTs%3D HTTP/1.0" 403 228 "https://live2news.com/xmlrpc.php?for=jetpack&token=DKSa%40K2fjjc%40bMn%2AWKSgtdbi4n%25MRjIO%3A1%3A0&timestamp=1732325003&nonce=Ca91WRjKBh&body-hash=METbiCw%2BtMQdctk0fdLMNlXOKKM%3D&signature=fSQb7B77Bl9QRWWg7eptGCGxJTs%3D" "Jetpack by WordPress.com"
216.244.66.249 - - [22/Nov/2024:17:23:27 -0800] "GET /ambulance-boss-winter-pledge-after-mans-three-hour-wait-on-floor/ HTTP/1.0" 200 - "-" "Mozilla/5.0 (compatible; DotBot/1.2; +https://opensiteexplorer.org/dotbot; help@moz.com)"
216.244.66.249 - - [22/Nov/2024:17:23:29 -0800] "GET /is-donald-trump-a-new-king-david-ask-californias-right-wing-sons-of-liberty/ HTTP/1.0" 200 - "-" "Mozilla/5.0 (compatible; DotBot/1.2; +https://opensiteexplorer.org/dotbot; help@moz.com)"
57.141.0.18 - - [22/Nov/2024:17:23:56 -0800] "GET /wp-json/oembed/1.0/embed?url=https%3A%2F%2Flive2news.com%2Freal-life-legally-blonde-moment-as-woman-gets-100-lsat-score%2F HTTP/1.0" 200 - "-" "meta-externalagent/1.1 (+https://developers.facebook.com/docs/sharing/webmasters/crawler)"
114.119.137.184 - - [22/Nov/2024:17:24:33 -0800] "GET /author/katherine_fung/ HTTP/1.0" 200 - "https://live2news.com/key-players-from-opening-arguments/" "Mozilla/5.0 (Linux; Android 7.0;) AppleWebKit/537.36 (KHTML, like Gecko) Mobile Safari/537.36 (compatible; PetalBot;+https://webmaster.petalsearch.com/site/petalbot)"
89.208.105.220 - - [22/Nov/2024:17:24:34 -0800] "GET / HTTP/1.0" 200 - "-" "Mozilla/5.0 (X11; Linux i686 on x86_64) AppleWebKit/537.36 (KHTML, like Gecko) Chrome/52.0.2760.68 Safari/537.36"
216.244.66.249 - - [22/Nov/2024:17:24:34 -0800] "GET /opinion-on-the-proposal-for-a-council-decision-on-the-conclusion-on-behalf-of-the-european-union-of-the-partnership-agreement-between-the-european-union-and-its-member-states-of-the-one-part-and-t/ HTTP/1.0" 200 - "-" "Mozilla/5.0 (compatible; DotBot/1.2; +https://opensiteexplorer.org/dotbot; help@moz.com)"
89.208.105.220 - - [22/Nov/2024:17:24:35 -0800] "POST /wp-content/plugins/wp-automatic/inc/csv.php HTTP/1.0" 403 228 "http://live2news.com/" "Mozilla/5.0 (X11; Linux i686 on x86_64) AppleWebKit/537.36 (KHTML, like Gecko) Chrome/52.0.2760.68 Safari/537.36"
89.208.105.220 - - [22/Nov/2024:17:24:35 -0800] "POST /wp-content/plugins/wp-automatic/inc/csv.php HTTP/1.0" 403 228 "http://live2news.com/wp-content/plugins/wp-automatic/inc/csv.php" "Mozilla/5.0 (X11; Linux i686 on x86_64) AppleWebKit/537.36 (KHTML, like Gecko) Chrome/52.0.2760.68 Safari/537.36"
89.208.105.220 - - [22/Nov/2024:17:24:36 -0800] "POST /wp-content/plugins/wp-automatic/inc/csv.php HTTP/1.0" 403 228 "http://live2news.com/wp-content/plugins/wp-automatic/inc/csv.php" "Mozilla/5.0 (X11; Linux i686 on x86_64) AppleWebKit/537.36 (KHTML, like Gecko) Chrome/52.0.2760.68 Safari/537.36"
89.208.105.220 - - [22/Nov/2024:17:24:37 -0800] "POST /wp-content/plugins/wp-automatic/inc/csv.php HTTP/1.0" 403 228 "http://live2news.com/wp-content/plugins/wp-automatic/inc/csv.php" "Mozilla/5.0 (X11; Linux i686 on x86_64) AppleWebKit/537.36 (KHTML, like Gecko) Chrome/52.0.2760.68 Safari/537.36"
216.244.66.249 - - [22/Nov/2024:17:24:40 -0800] "GET /saka-sets-new-record-after-helping-england-into-semis/ HTTP/1.0" 200 - "-" "Mozilla/5.0 (compatible; DotBot/1.2; +https://opensiteexplorer.org/dotbot; help@moz.com)"
216.244.66.249 - - [22/Nov/2024:17:24:46 -0800] "GET /study-indicates-23-grey-cup-provided-economic-boon-for-hamilton-and-ontario-hamilton/ HTTP/1.0" 200 - "-" "Mozilla/5.0 (compatible; DotBot/1.2; +https://opensiteexplorer.org/dotbot; help@moz.com)"
216.244.66.249 - - [22/Nov/2024:17:24:51 -0800] "GET /yosemite-closes-due-to-monster-blizzard-life-threatening-conditions-in-califi/ HTTP/1.0" 200 - "-" "Mozilla/5.0 (compatible; DotBot/1.2; +https://opensiteexplorer.org/dotbot; help@moz.com)"
89.208.105.220 - - [22/Nov/2024:17:24:58 -0800] "POST /wp-content/plugins/wp-automatic/inc/csv.phpe975eaae7a05.php HTTP/1.0" 403 228 "http://live2news.com/wp-content/plugins/wp-automatic/inc/csv.php" "Mozilla/5.0 (X11; Linux i686 on x86_64) AppleWebKit/537.36 (KHTML, like Gecko) Chrome/52.0.2760.68 Safari/537.36"
89.208.105.220 - - [22/Nov/2024:17:25:00 -0800] "POST /wp-content/plugins/wp-automatic/inc/csv.phpe975eaae7a05.php HTTP/1.0" 403 228 "http://live2news.com/wp-content/plugins/wp-automatic/inc/csv.phpe975eaae7a05.php" "Mozilla/5.0 (X11; Linux i686 on x86_64) AppleWebKit/537.36 (KHTML, like Gecko) Chrome/52.0.2760.68 Safari/537.36"
89.208.105.220 - - [22/Nov/2024:17:25:00 -0800] "POST /wp-content/plugins/wp-automatic/inc/csv.phpe975eaae7a05.php HTTP/1.0" 403 228 "http://live2news.com/wp-content/plugins/wp-automatic/inc/csv.phpe975eaae7a05.php" "Mozilla/5.0 (X11; Linux i686 on x86_64) AppleWebKit/537.36 (KHTML, like Gecko) Chrome/52.0.2760.68 Safari/537.36"
89.208.105.220 - - [22/Nov/2024:17:25:01 -0800] "POST /wp-content/plugins/wp-automatic/inc/csv.phpe975eaae7a05.php HTTP/1.0" 403 228 "http://live2news.com/wp-content/plugins/wp-automatic/inc/csv.phpe975eaae7a05.php" "Mozilla/5.0 (X11; Linux i686 on x86_64) AppleWebKit/537.36 (KHTML, like Gecko) Chrome/52.0.2760.68 Safari/537.36"
209.182.200.39 - - [22/Nov/2024:17:25:04 -0800] "POST /wp-cron.php?doing_wp_cron=1732325104.5970010757446289062500 HTTP/1.0" 403 228 "-" "WordPress/6.6.2; https://live2news.com"
89.208.105.220 - - [22/Nov/2024:17:25:01 -0800] "GET /wp-login.php HTTP/1.0" 302 - "http://live2news.com/wp-content/plugins/wp-automatic/inc/csv.phpe975eaae7a05.php" "Mozilla/5.0 (X11; Linux i686 on x86_64) AppleWebKit/537.36 (KHTML, like Gecko) Chrome/52.0.2760.68 Safari/537.36"
209.182.200.39 - - [22/Nov/2024:17:25:07 -0800] "GET /wp-content/themes/newscore/assets/images/login-logo.png HTTP/1.0" 200 5193 "-" "-"
89.208.105.220 - - [22/Nov/2024:17:25:05 -0800] "GET /wp-login.php HTTP/1.0" 200 7512 "http://live2news.com/wp-content/plugins/wp-automatic/inc/csv.phpe975eaae7a05.php" "Mozilla/5.0 (X11; Linux i686 on x86_64) AppleWebKit/537.36 (KHTML, like Gecko) Chrome/52.0.2760.68 Safari/537.36"
89.208.105.220 - - [22/Nov/2024:17:25:08 -0800] "POST /wp-login.php HTTP/1.0" 401 1496 "https://live2news.com/wp-login.php" "Mozilla/5.0 (X11; Linux i686 on x86_64) AppleWebKit/537.36 (KHTML, like Gecko) Chrome/52.0.2760.68 Safari/537.36"
89.208.105.220 - - [22/Nov/2024:17:25:10 -0800] "GET /wp-admin/plugins.php HTTP/1.0" 403 228 "https://live2news.com/wp-login.php" "Mozilla/5.0 (X11; Linux i686 on x86_64) AppleWebKit/537.36 (KHTML, like Gecko) Chrome/52.0.2760.68 Safari/537.36"
216.244.66.249 - - [22/Nov/2024:17:25:23 -0800] "GET /alonso-perfect-in-reading-games-boniface/ HTTP/1.0" 200 - "-" "Mozilla/5.0 (compatible; DotBot/1.2; +https://opensiteexplorer.org/dotbot; help@moz.com)"
216.244.66.249 - - [22/Nov/2024:17:25:27 -0800] "GET /china-says-constant-innovations-not-subsidies-behind-its-ev-edge/ HTTP/1.0" 200 - "-" "Mozilla/5.0 (compatible; DotBot/1.2; +https://opensiteexplorer.org/dotbot; help@moz.com)"
114.119.132.18 - - [22/Nov/2024:17:25:57 -0800] "GET /author/71d5940dda8e16728175d9defacc4c72/ HTTP/1.0" 200 - "https://live2news.com/mushrooms-grow-in-home-while-mum-waits-for-repairs/" "Mozilla/5.0 (Linux; Android 7.0;) AppleWebKit/537.36 (KHTML, like Gecko) Mobile Safari/537.36 (compatible; PetalBot;+https://webmaster.petalsearch.com/site/petalbot)"
216.244.66.249 - - [22/Nov/2024:17:26:04 -0800] "GET /author/annie_bennett/feed/ HTTP/1.0" 200 - "-" "Mozilla/5.0 (compatible; DotBot/1.2; +https://opensiteexplorer.org/dotbot; help@moz.com)"
216.244.66.249 - - [22/Nov/2024:17:26:05 -0800] "GET /author/tessa_bennett/feed/ HTTP/1.0" 200 - "-" "Mozilla/5.0 (compatible; DotBot/1.2; +https://opensiteexplorer.org/dotbot; help@moz.com)"
216.244.66.249 - - [22/Nov/2024:17:26:06 -0800] "GET /is-jurgen-klopp-burnt-out-at-liverpool-fc/ HTTP/1.0" 200 - "-" "Mozilla/5.0 (compatible; DotBot/1.2; +https://opensiteexplorer.org/dotbot; help@moz.com)"
216.244.66.249 - - [22/Nov/2024:17:26:07 -0800] "GET /woman-charged-over-alleged-inmate-and-officer-sex-video/ HTTP/1.0" 200 - "-" "Mozilla/5.0 (compatible; DotBot/1.2; +https://opensiteexplorer.org/dotbot; help@moz.com)"
216.244.66.249 - - [22/Nov/2024:17:26:37 -0800] "GET /author/8c32b5fe5216c9ec956c757d4b14ff26/ HTTP/1.0" 200 - "-" "Mozilla/5.0 (compatible; DotBot/1.2; +https://opensiteexplorer.org/dotbot; help@moz.com)"
216.244.66.249 - - [22/Nov/2024:17:26:39 -0800] "GET /category/breaking-news/page/45/ HTTP/1.0" 200 - "-" "Mozilla/5.0 (compatible; DotBot/1.2; +https://opensiteexplorer.org/dotbot; help@moz.com)"
216.244.66.249 - - [22/Nov/2024:17:26:40 -0800] "GET /category/entertainment/page/8/ HTTP/1.0" 200 - "-" "Mozilla/5.0 (compatible; DotBot/1.2; +https://opensiteexplorer.org/dotbot; help@moz.com)"
216.244.66.249 - - [22/Nov/2024:17:26:41 -0800] "GET /category/technology/page/61/ HTTP/1.0" 200 - "-" "Mozilla/5.0 (compatible; DotBot/1.2; +https://opensiteexplorer.org/dotbot; help@moz.com)"
216.244.66.249 - - [22/Nov/2024:17:26:42 -0800] "GET /simon-murray-leaves-ross-county-to-re-join-dundee/ HTTP/1.0" 200 - "-" "Mozilla/5.0 (compatible; DotBot/1.2; +https://opensiteexplorer.org/dotbot; help@moz.com)"
216.244.66.249 - - [22/Nov/2024:17:26:43 -0800] "GET /woman-stabbed-and-robbed-in-basildon-university-hospital-car-park/ HTTP/1.0" 200 - "-" "Mozilla/5.0 (compatible; DotBot/1.2; +https://opensiteexplorer.org/dotbot; help@moz.com)"
216.244.66.249 - - [22/Nov/2024:17:27:18 -0800] "GET /ipl-2024-twitter-and-mi-dugout-in-awe-as-romario-takes-nortje-for-a-tour-around-wankhede/ HTTP/1.0" 200 - "-" "Mozilla/5.0 (compatible; DotBot/1.2; +https://opensiteexplorer.org/dotbot; help@moz.com)"
216.244.66.249 - - [22/Nov/2024:17:27:19 -0800] "GET /saint-bernards-owner-has-a-picnic-chaos-ensues-after-dogs-hear-cheese/ HTTP/1.0" 200 - "-" "Mozilla/5.0 (compatible; DotBot/1.2; +https://opensiteexplorer.org/dotbot; help@moz.com)"
216.244.66.249 - - [22/Nov/2024:17:27:19 -0800] "GET /theatre-marks-50-years-of-hosting-the-mousetrap/ HTTP/1.0" 200 - "-" "Mozilla/5.0 (compatible; DotBot/1.2; +https://opensiteexplorer.org/dotbot; help@moz.com)"
114.119.160.248 - - [22/Nov/2024:17:27:21 -0800] "GET /arsenals-frida-maanum-receives-heart-monitoring-device-after-collapsing-during-fa-womens-league-cup-final/ HTTP/1.0" 200 - "https://live2news.com/ipl-2024-twitter-ablaze-as-boult-outsmarts-rohit-yet-again-to-disappoint-wankhede-crowd/" "Mozilla/5.0 (Linux; Android 7.0;) AppleWebKit/537.36 (KHTML, like Gecko) Mobile Safari/537.36 (compatible; PetalBot;+https://webmaster.petalsearch.com/site/petalbot)"
208.92.218.66 - - [22/Nov/2024:17:28:20 -0800] "GET /feed/ HTTP/1.0" 200 - "-" "Mozilla/5.0 (Windows NT 10.0; Win64; x64) AppleWebKit/537.36 (KHTML, like Gecko) Chrome/70.0.3538.102 Safari/537.36"
216.244.66.249 - - [22/Nov/2024:17:28:31 -0800] "GET /clippers-gm-claps-back-at-usa-basketballs-dismissal-of-kawhi-leonard/ HTTP/1.0" 200 - "-" "Mozilla/5.0 (compatible; DotBot/1.2; +https://opensiteexplorer.org/dotbot; help@moz.com)"
216.244.66.249 - - [22/Nov/2024:17:28:32 -0800] "GET /england-v-pakistan-hosts-sign-off-for-world-cup-with-seven-wicket-win/ HTTP/1.0" 200 - "-" "Mozilla/5.0 (compatible; DotBot/1.2; +https://opensiteexplorer.org/dotbot; help@moz.com)"
216.244.66.249 - - [22/Nov/2024:17:28:33 -0800] "GET /flipkart-big-billion-days-sale-2024-google-pixel-8-samsung-galaxy-s23-to-be-available-under-rs-40000/ HTTP/1.0" 200 - "-" "Mozilla/5.0 (compatible; DotBot/1.2; +https://opensiteexplorer.org/dotbot; help@moz.com)"
216.244.66.249 - - [22/Nov/2024:17:28:34 -0800] "GET /mark-duggans-rapper-son-jailed-for-five-years-over-gun-crime/ HTTP/1.0" 200 - "-" "Mozilla/5.0 (compatible; DotBot/1.2; +https://opensiteexplorer.org/dotbot; help@moz.com)"
216.244.66.249 - - [22/Nov/2024:17:28:35 -0800] "GET /pc-who-had-sex-with-vulnerable-mother-jailed/ HTTP/1.0" 200 - "-" "Mozilla/5.0 (compatible; DotBot/1.2; +https://opensiteexplorer.org/dotbot; help@moz.com)"
114.119.141.217 - - [22/Nov/2024:17:28:44 -0800] "GET /arsenal-vs-leeds-utd-2-0-oct-26-2021-match-preview-and-stats/ HTTP/1.0" 200 - "https://live2news.com/xpeng-to-launch-cheaper-ev-brand-amid-fierce-china-price-competition/" "Mozilla/5.0 (Linux; Android 7.0;) AppleWebKit/537.36 (KHTML, like Gecko) Mobile Safari/537.36 (compatible; PetalBot;+https://webmaster.petalsearch.com/site/petalbot)"
114.119.155.64 - - [22/Nov/2024:17:30:08 -0800] "GET /arrest-after-drain-cover-dropped-from-bridge-hits-car/ HTTP/1.0" 200 - "https://live2news.com/ipl-2024-twitter-and-harshit-rana-left-stunned-as-careless-narine-makes-schoolboy-error-offering-rcb-lifeline/" "Mozilla/5.0 (Linux; Android 7.0;) AppleWebKit/537.36 (KHTML, like Gecko) Mobile Safari/537.36 (compatible; PetalBot;+https://webmaster.petalsearch.com/site/petalbot)"
216.244.66.249 - - [22/Nov/2024:17:30:15 -0800] "GET /california-courts-in-crisis-as-cases-heard-with-no-preserved-record/ HTTP/1.0" 200 - "-" "Mozilla/5.0 (compatible; DotBot/1.2; +https://opensiteexplorer.org/dotbot; help@moz.com)"
216.244.66.249 - - [22/Nov/2024:17:30:16 -0800] "GET /from-i-know-nowt-about-politics-to-election-savvy-in-boro/ HTTP/1.0" 200 - "-" "Mozilla/5.0 (compatible; DotBot/1.2; +https://opensiteexplorer.org/dotbot; help@moz.com)"
216.244.66.249 - - [22/Nov/2024:17:30:17 -0800] "GET /gregg-and-hume-recognised-as-history-makers/ HTTP/1.0" 200 - "-" "Mozilla/5.0 (compatible; DotBot/1.2; +https://opensiteexplorer.org/dotbot; help@moz.com)"
216.244.66.249 - - [22/Nov/2024:17:30:18 -0800] "GET /league-of-ireland-derry-and-leaders-shelbourne-in-dublin-stalemate/ HTTP/1.0" 200 - "-" "Mozilla/5.0 (compatible; DotBot/1.2; +https://opensiteexplorer.org/dotbot; help@moz.com)"
216.244.66.249 - - [22/Nov/2024:17:30:19 -0800] "GET /meat-recalled-nationwide-as-fatal-warning-issued/ HTTP/1.0" 200 - "-" "Mozilla/5.0 (compatible; DotBot/1.2; +https://opensiteexplorer.org/dotbot; help@moz.com)"
216.244.66.249 - - [22/Nov/2024:17:30:20 -0800] "GET /nursery-glasshouses-blown-out-by-funnel-cloud-in-lincolnshire/ HTTP/1.0" 200 - "-" "Mozilla/5.0 (compatible; DotBot/1.2; +https://opensiteexplorer.org/dotbot; help@moz.com)"
216.244.66.249 - - [22/Nov/2024:17:30:21 -0800] "GET /san-francisco-ties-welfare-to-drug-screening-boosts-police-powers/ HTTP/1.0" 200 - "-" "Mozilla/5.0 (compatible; DotBot/1.2; +https://opensiteexplorer.org/dotbot; help@moz.com)"
216.244.66.249 - - [22/Nov/2024:17:30:23 -0800] "GET /simone-biles-twisties-what-we-know-about-the-gymnast-and-her-2021-setback/ HTTP/1.0" 200 - "-" "Mozilla/5.0 (compatible; DotBot/1.2; +https://opensiteexplorer.org/dotbot; help@moz.com)"
216.244.66.249 - - [22/Nov/2024:17:30:24 -0800] "GET /teacher-awarded-60000-after-forced-move-worsened-menopause/ HTTP/1.0" 200 - "-" "Mozilla/5.0 (compatible; DotBot/1.2; +https://opensiteexplorer.org/dotbot; help@moz.com)"
216.244.66.249 - - [22/Nov/2024:17:30:25 -0800] "GET /well-make-sure-there-are-no-surprises-says-head-coach-ponting-as-dc-gears-up-to-take-on-lsg/ HTTP/1.0" 200 - "-" "Mozilla/5.0 (compatible; DotBot/1.2; +https://opensiteexplorer.org/dotbot; help@moz.com)"
208.92.218.66 - - [22/Nov/2024:17:30:58 -0800] "GET /feed/ HTTP/1.0" 200 - "-" "Mozilla/5.0 (Windows NT 10.0; Win64; x64) AppleWebKit/537.36 (KHTML, like Gecko) Chrome/70.0.3538.102 Safari/537.36"
52.167.144.149 - - [22/Nov/2024:17:31:05 -0800] "GET /samsung-neo-qled-8k-neo-qled-4k-and-oled-tv-models-launched-in-india/ HTTP/1.0" 200 - "-" "Mozilla/5.0 AppleWebKit/537.36 (KHTML, like Gecko; compatible; bingbot/2.0; +http://www.bing.com/bingbot.htm) Chrome/116.0.1938.76 Safari/537.36"
57.141.0.14 - - [22/Nov/2024:17:31:26 -0800] "GET /wp-json/oembed/1.0/embed?url=https%3A%2F%2Flive2news.com%2Fcolumn-california-budget-relies-on-rich-taxpayers-we-pay-the-price%2F HTTP/1.0" 200 - "-" "meta-externalagent/1.1 (+https://developers.facebook.com/docs/sharing/webmasters/crawler)"
114.119.156.185 - - [22/Nov/2024:17:31:31 -0800] "GET /an-expert-guide-to-a-weekend-in-florence/ HTTP/1.0" 200 - "https://live2news.com/us-and-china-defense-budgets-compared/" "Mozilla/5.0 (Linux; Android 7.0;) AppleWebKit/537.36 (KHTML, like Gecko) Mobile Safari/537.36 (compatible; PetalBot;+https://webmaster.petalsearch.com/site/petalbot)"
216.244.66.249 - - [22/Nov/2024:17:32:35 -0800] "GET /author/fiona_flores_watson/ HTTP/1.0" 200 - "-" "Mozilla/5.0 (compatible; DotBot/1.2; +https://opensiteexplorer.org/dotbot; help@moz.com)"
216.244.66.249 - - [22/Nov/2024:17:32:36 -0800] "GET /category/breaking-news/page/59/ HTTP/1.0" 200 - "-" "Mozilla/5.0 (compatible; DotBot/1.2; +https://opensiteexplorer.org/dotbot; help@moz.com)"
216.244.66.249 - - [22/Nov/2024:17:32:37 -0800] "GET /sonoma-dispensary-owner-gets-grant-via-program-he-called-anti-white/ HTTP/1.0" 200 - "-" "Mozilla/5.0 (compatible; DotBot/1.2; +https://opensiteexplorer.org/dotbot; help@moz.com)"
