17.241.75.111 - - [22/Nov/2024:20:29:24 -0800] "GET /police-fire-bullets-in-capital-amid-nationwide-protests/ HTTP/1.0" 200 - "-" "Mozilla/5.0 (Macintosh; Intel Mac OS X 10_15_7) AppleWebKit/605.1.15 (KHTML, like Gecko) Version/17.4 Safari/605.1.15 (Applebot/0.1; +http://www.apple.com/go/applebot)"
216.244.66.249 - - [22/Nov/2024:20:29:44 -0800] "GET /robots.txt HTTP/1.0" 200 66 "-" "Mozilla/5.0 (compatible; DotBot/1.2; +https://opensiteexplorer.org/dotbot; help@moz.com)"
209.182.200.39 - - [22/Nov/2024:20:31:04 -0800] "POST /wp-cron.php?doing_wp_cron=1732336264.1711590290069580078125 HTTP/1.0" 200 - "-" "WordPress/6.6.2; https://live2news.com"
162.240.168.197 - - [22/Nov/2024:20:31:02 -0800] "POST /xmlrpc.php HTTP/1.0" 500 - "-" "Mozilla/5.0 (X11; Fedora; Linux x86_64; rv:89.0) Gecko/20100101 Firefox/89.0"
95.108.213.244 - - [22/Nov/2024:20:31:46 -0800] "GET /robots.txt HTTP/1.0" 200 67 "-" "Mozilla/5.0 (compatible; YandexBot/3.0; +http://yandex.com/bots)"
5.255.231.112 - - [22/Nov/2024:20:31:47 -0800] "GET /a-fashion-shoot-that-went-viral-and-turned-indian-slum-children-into-celebrities/ HTTP/1.0" 200 - "-" "Mozilla/5.0 (compatible; YandexBot/3.0; +http://yandex.com/bots)"
192.0.86.184 - - [22/Nov/2024:20:32:04 -0800] "GET /?rest_route=%2Fjetpack%2Fv4%2Fsync%2Fstatus&_for=jetpack&token=DKSa%40K2fjjc%40bMn%2AWKSgtdbi4n%25MRjIO%3A1%3A0&timestamp=1732336324&nonce=0apuLXo4Gm&body-hash&signature=dFN1ky4zoLAGYxLem46vdlF3ATE%3D HTTP/1.0" 200 - "https://live2news.com/?rest_route=%2Fjetpack%2Fv4%2Fsync%2Fstatus&_for=jetpack&token=DKSa%40K2fjjc%40bMn%2AWKSgtdbi4n%25MRjIO%3A1%3A0&timestamp=1732336324&nonce=0apuLXo4Gm&body-hash&signature=dFN1ky4zoLAGYxLem46vdlF3ATE%3D" "Jetpack by WordPress.com"
52.167.144.20 - - [22/Nov/2024:20:32:40 -0800] "GET /iphone-16-pro-series-iphone-16-tipped-to-get-larger-batteries-iphone-16-plus-may-not/ HTTP/1.0" 200 - "-" "Mozilla/5.0 AppleWebKit/537.36 (KHTML, like Gecko; compatible; bingbot/2.0; +http://www.bing.com/bingbot.htm) Chrome/116.0.1938.76 Safari/537.36"
85.208.96.197 - - [22/Nov/2024:20:33:01 -0800] "GET /robots.txt HTTP/1.0" 200 67 "-" "Mozilla/5.0 (compatible; SemrushBot/7~bl; +http://www.semrush.com/bot.html)"
85.208.96.195 - - [22/Nov/2024:20:33:02 -0800] "GET /draft-agenda-wednesday-16-october-2024-afet_oj202410-16_1/ HTTP/1.0" 200 - "-" "Mozilla/5.0 (compatible; SemrushBot/7~bl; +http://www.semrush.com/bot.html)"
208.92.218.66 - - [22/Nov/2024:20:33:02 -0800] "GET /feed/ HTTP/1.0" 200 - "-" "Mozilla/5.0 (Windows NT 10.0; Win64; x64) AppleWebKit/537.36 (KHTML, like Gecko) Chrome/70.0.3538.102 Safari/537.36"
57.141.0.18 - - [22/Nov/2024:20:33:44 -0800] "GET /wp-json/oembed/1.0/embed?url=https%3A%2F%2Flive2news.com%2Flife-after-ftx-bankman-frieds-employees-struggle-to-move-on%2F HTTP/1.0" 200 - "-" "meta-externalagent/1.1 (+https://developers.facebook.com/docs/sharing/webmasters/crawler)"
216.244.66.249 - - [22/Nov/2024:20:34:06 -0800] "GET /this-is-perfect-my-ideal-winter-cottage-in-north-wales-snowdonia-holidays/ HTTP/1.0" 200 - "-" "Mozilla/5.0 (compatible; DotBot/1.2; +https://opensiteexplorer.org/dotbot; help@moz.com)"
216.244.66.249 - - [22/Nov/2024:20:34:11 -0800] "GET /trisa-sutter-divorce-original-bachelorette-responds-to-rumors/ HTTP/1.0" 200 - "-" "Mozilla/5.0 (compatible; DotBot/1.2; +https://opensiteexplorer.org/dotbot; help@moz.com)"
208.92.218.66 - - [22/Nov/2024:20:34:33 -0800] "GET /feed/ HTTP/1.0" 200 - "-" "Mozilla/5.0 (Windows NT 10.0; Win64; x64) AppleWebKit/537.36 (KHTML, like Gecko) Chrome/70.0.3538.102 Safari/537.36"
216.244.66.249 - - [22/Nov/2024:20:34:38 -0800] "GET /jake-paul-beats-mike-tyson-millions-tune-in-for-much-hyped-bout-on-netflix-national/ HTTP/1.0" 200 - "-" "Mozilla/5.0 (compatible; DotBot/1.2; +https://opensiteexplorer.org/dotbot; help@moz.com)"
216.244.66.249 - - [22/Nov/2024:20:34:41 -0800] "GET /nyt-connections-november-17-clues-and-answers-for-game-525/ HTTP/1.0" 200 - "-" "Mozilla/5.0 (compatible; DotBot/1.2; +https://opensiteexplorer.org/dotbot; help@moz.com)"
216.244.66.249 - - [22/Nov/2024:20:35:21 -0800] "GET /mcdonalds-pledges-100-million-to-stores-after-e-coli-outbreak/ HTTP/1.0" 200 - "-" "Mozilla/5.0 (compatible; DotBot/1.2; +https://opensiteexplorer.org/dotbot; help@moz.com)"
216.244.66.249 - - [22/Nov/2024:20:35:24 -0800] "GET /palantir-jumps-9-to-a-record-after-announcing-move-to-nasdaq/ HTTP/1.0" 200 - "-" "Mozilla/5.0 (compatible; DotBot/1.2; +https://opensiteexplorer.org/dotbot; help@moz.com)"
216.244.66.249 - - [22/Nov/2024:20:36:14 -0800] "GET /autism-group-is-a-safe-space-for-kids-and-parents/ HTTP/1.0" 200 - "-" "Mozilla/5.0 (compatible; DotBot/1.2; +https://opensiteexplorer.org/dotbot; help@moz.com)"
216.244.66.249 - - [22/Nov/2024:20:36:17 -0800] "GET /npfl-finidi-satisfied-with-rivers-uniteds-draw-vs-remo-stars/ HTTP/1.0" 200 - "-" "Mozilla/5.0 (compatible; DotBot/1.2; +https://opensiteexplorer.org/dotbot; help@moz.com)"
216.244.66.249 - - [22/Nov/2024:20:36:50 -0800] "GET /three-horses-die-during-racing-at-cheltenham/ HTTP/1.0" 200 - "-" "Mozilla/5.0 (compatible; DotBot/1.2; +https://opensiteexplorer.org/dotbot; help@moz.com)"
216.244.66.249 - - [22/Nov/2024:20:37:03 -0800] "GET /european-tech-ceos-urge-europe-first-mentality-after-trump-victory/ HTTP/1.0" 200 - "-" "Mozilla/5.0 (compatible; DotBot/1.2; +https://opensiteexplorer.org/dotbot; help@moz.com)"
208.92.218.66 - - [22/Nov/2024:20:38:22 -0800] "GET /feed/ HTTP/1.0" 200 - "-" "Mozilla/5.0 (Windows NT 10.0; Win64; x64) AppleWebKit/537.36 (KHTML, like Gecko) Chrome/70.0.3538.102 Safari/537.36"
208.92.218.66 - - [22/Nov/2024:20:39:11 -0800] "GET /feed/ HTTP/1.0" 200 - "-" "Mozilla/5.0 (Windows NT 10.0; Win64; x64) AppleWebKit/537.36 (KHTML, like Gecko) Chrome/70.0.3538.102 Safari/537.36"
208.92.218.66 - - [22/Nov/2024:20:39:11 -0800] "GET /feed/ HTTP/1.0" 200 - "-" "Mozilla/5.0 (Windows NT 10.0; Win64; x64) AppleWebKit/537.36 (KHTML, like Gecko) Chrome/70.0.3538.102 Safari/537.36"
208.92.218.66 - - [22/Nov/2024:20:39:26 -0800] "GET /feed/ HTTP/1.0" 200 - "-" "Mozilla/5.0 (Windows NT 10.0; Win64; x64) AppleWebKit/537.36 (KHTML, like Gecko) Chrome/70.0.3538.102 Safari/537.36"
208.92.218.66 - - [22/Nov/2024:20:39:39 -0800] "GET /feed/ HTTP/1.0" 200 - "-" "Mozilla/5.0 (Windows NT 10.0; Win64; x64) AppleWebKit/537.36 (KHTML, like Gecko) Chrome/70.0.3538.102 Safari/537.36"
216.244.66.249 - - [22/Nov/2024:20:39:58 -0800] "GET /internet-backs-woman-unsure-about-taking-fiances-last-name-keep-yours/ HTTP/1.0" 200 - "-" "Mozilla/5.0 (compatible; DotBot/1.2; +https://opensiteexplorer.org/dotbot; help@moz.com)"
216.244.66.249 - - [22/Nov/2024:20:40:00 -0800] "GET /lapd-arrests-suspect-in-three-violent-carjacking-attempts-in-one-day/ HTTP/1.0" 200 - "-" "Mozilla/5.0 (compatible; DotBot/1.2; +https://opensiteexplorer.org/dotbot; help@moz.com)"
208.92.218.66 - - [22/Nov/2024:20:40:15 -0800] "GET /feed/ HTTP/1.0" 200 - "-" "Mozilla/5.0 (Windows NT 10.0; Win64; x64) AppleWebKit/537.36 (KHTML, like Gecko) Chrome/70.0.3538.102 Safari/537.36"
216.244.66.249 - - [22/Nov/2024:20:40:20 -0800] "GET /as-venice-charges-tourists-here-are-other-rules-italy-has-put-on-visitors-to-holiday-hotspots/ HTTP/1.0" 200 - "-" "Mozilla/5.0 (compatible; DotBot/1.2; +https://opensiteexplorer.org/dotbot; help@moz.com)"
208.92.218.66 - - [22/Nov/2024:20:40:57 -0800] "GET /feed/ HTTP/1.0" 200 - "-" "Mozilla/5.0 (Windows NT 10.0; Win64; x64) AppleWebKit/537.36 (KHTML, like Gecko) Chrome/70.0.3538.102 Safari/537.36"
216.244.66.249 - - [22/Nov/2024:20:40:58 -0800] "GET /aoc-removes-pronouns-from-x-bio-what-we-know/ HTTP/1.0" 200 - "-" "Mozilla/5.0 (compatible; DotBot/1.2; +https://opensiteexplorer.org/dotbot; help@moz.com)"
216.244.66.249 - - [22/Nov/2024:20:41:04 -0800] "GET /minutes-thursday-22-february-2024-pe759-712v02-00-committee-on-foreign-affairs/ HTTP/1.0" 200 - "-" "Mozilla/5.0 (compatible; DotBot/1.2; +https://opensiteexplorer.org/dotbot; help@moz.com)"
216.244.66.249 - - [22/Nov/2024:20:42:24 -0800] "GET /honor-pad-9-india-launch-confirmed-via-amazon-microsite-design-key-features-revealed/ HTTP/1.0" 200 - "-" "Mozilla/5.0 (compatible; DotBot/1.2; +https://opensiteexplorer.org/dotbot; help@moz.com)"
216.244.66.249 - - [22/Nov/2024:20:42:31 -0800] "GET /kidderminster-homes-evacuated-after-suspicious-items-found/ HTTP/1.0" 200 - "-" "Mozilla/5.0 (compatible; DotBot/1.2; +https://opensiteexplorer.org/dotbot; help@moz.com)"
216.244.66.249 - - [22/Nov/2024:20:42:37 -0800] "GET /where-stormy-daniels-testimony-leaves-the-trump-trial/ HTTP/1.0" 200 - "-" "Mozilla/5.0 (compatible; DotBot/1.2; +https://opensiteexplorer.org/dotbot; help@moz.com)"
216.244.66.249 - - [22/Nov/2024:20:42:52 -0800] "GET /category/entertainment/page/28/ HTTP/1.0" 200 - "-" "Mozilla/5.0 (compatible; DotBot/1.2; +https://opensiteexplorer.org/dotbot; help@moz.com)"
216.244.66.249 - - [22/Nov/2024:20:42:55 -0800] "GET /dumfries-railway-station-bridge-lowered-into-place/ HTTP/1.0" 200 - "-" "Mozilla/5.0 (compatible; DotBot/1.2; +https://opensiteexplorer.org/dotbot; help@moz.com)"
216.244.66.249 - - [22/Nov/2024:20:42:58 -0800] "GET /gun-toting-republican-candidate-raps-on-free-trump-song/ HTTP/1.0" 200 - "-" "Mozilla/5.0 (compatible; DotBot/1.2; +https://opensiteexplorer.org/dotbot; help@moz.com)"
216.244.66.249 - - [22/Nov/2024:20:43:18 -0800] "GET /natural-gas-falls-as-weekly-outlook-trends-warm/ HTTP/1.0" 200 - "-" "Mozilla/5.0 (compatible; DotBot/1.2; +https://opensiteexplorer.org/dotbot; help@moz.com)"
216.244.66.249 - - [22/Nov/2024:20:43:21 -0800] "GET /photo-shows-north-korean-artillery-arriving-in-russia/ HTTP/1.0" 200 - "-" "Mozilla/5.0 (compatible; DotBot/1.2; +https://opensiteexplorer.org/dotbot; help@moz.com)"
216.244.66.249 - - [22/Nov/2024:20:43:36 -0800] "GET /category/business/page/78/ HTTP/1.0" 200 - "-" "Mozilla/5.0 (compatible; DotBot/1.2; +https://opensiteexplorer.org/dotbot; help@moz.com)"
216.244.66.249 - - [22/Nov/2024:20:43:40 -0800] "GET /teoscar-hernandez-proves-he-belongs-6-takeaways-from-2024-home-run-derby/ HTTP/1.0" 200 - "-" "Mozilla/5.0 (compatible; DotBot/1.2; +https://opensiteexplorer.org/dotbot; help@moz.com)"
216.244.66.249 - - [22/Nov/2024:20:44:06 -0800] "GET /author/lee_ying_shan/feed/ HTTP/1.0" 200 - "-" "Mozilla/5.0 (compatible; DotBot/1.2; +https://opensiteexplorer.org/dotbot; help@moz.com)"
216.244.66.249 - - [22/Nov/2024:20:44:09 -0800] "GET /category/travel/page/39/ HTTP/1.0" 200 - "-" "Mozilla/5.0 (compatible; DotBot/1.2; +https://opensiteexplorer.org/dotbot; help@moz.com)"
216.244.66.249 - - [22/Nov/2024:20:44:11 -0800] "GET /india-election-modis-divisive-campaign-rhetoric-raises-questions/ HTTP/1.0" 200 - "-" "Mozilla/5.0 (compatible; DotBot/1.2; +https://opensiteexplorer.org/dotbot; help@moz.com)"
216.244.66.249 - - [22/Nov/2024:20:44:13 -0800] "GET /vivo-y03-with-mediatek-helio-g85-soc-5000mah-battery-launched-price-specifications/ HTTP/1.0" 200 - "-" "Mozilla/5.0 (compatible; DotBot/1.2; +https://opensiteexplorer.org/dotbot; help@moz.com)"
208.92.218.66 - - [22/Nov/2024:20:44:35 -0800] "GET /feed/ HTTP/1.0" 200 - "-" "Mozilla/5.0 (Windows NT 10.0; Win64; x64) AppleWebKit/537.36 (KHTML, like Gecko) Chrome/70.0.3538.102 Safari/537.36"
216.244.66.249 - - [22/Nov/2024:20:44:47 -0800] "GET /apple-foldable-iphone-launch-said-to-be-delayed-to-first-quarter-of-2027/ HTTP/1.0" 200 - "-" "Mozilla/5.0 (compatible; DotBot/1.2; +https://opensiteexplorer.org/dotbot; help@moz.com)"
216.244.66.249 - - [22/Nov/2024:20:44:48 -0800] "GET /author/declan_warrington/feed/ HTTP/1.0" 200 - "-" "Mozilla/5.0 (compatible; DotBot/1.2; +https://opensiteexplorer.org/dotbot; help@moz.com)"
216.244.66.249 - - [22/Nov/2024:20:44:49 -0800] "GET /category/entertainment/page/31/ HTTP/1.0" 200 - "-" "Mozilla/5.0 (compatible; DotBot/1.2; +https://opensiteexplorer.org/dotbot; help@moz.com)"
208.92.218.66 - - [22/Nov/2024:20:45:22 -0800] "GET /feed/ HTTP/1.0" 200 - "-" "Mozilla/5.0 (Windows NT 10.0; Win64; x64) AppleWebKit/537.36 (KHTML, like Gecko) Chrome/70.0.3538.102 Safari/537.36"
216.244.66.249 - - [22/Nov/2024:20:45:44 -0800] "GET /efl-live-championship-league-one-league-two-live-text-live/ HTTP/1.0" 200 - "-" "Mozilla/5.0 (compatible; DotBot/1.2; +https://opensiteexplorer.org/dotbot; help@moz.com)"
216.244.66.249 - - [22/Nov/2024:20:45:45 -0800] "GET /rail-disruption-across-cumbria-and-north-east/ HTTP/1.0" 200 - "-" "Mozilla/5.0 (compatible; DotBot/1.2; +https://opensiteexplorer.org/dotbot; help@moz.com)"
208.92.218.66 - - [22/Nov/2024:20:46:15 -0800] "GET /feed/ HTTP/1.0" 200 - "-" "Mozilla/5.0 (Windows NT 10.0; Win64; x64) AppleWebKit/537.36 (KHTML, like Gecko) Chrome/70.0.3538.102 Safari/537.36"
208.92.218.66 - - [22/Nov/2024:20:46:50 -0800] "GET /feed/ HTTP/1.0" 200 - "-" "Mozilla/5.0 (Windows NT 10.0; Win64; x64) AppleWebKit/537.36 (KHTML, like Gecko) Chrome/70.0.3538.102 Safari/537.36"
17.241.219.145 - - [22/Nov/2024:20:47:29 -0800] "GET /alex-iwobi-reveals-why-he-has-not-actively-followed-the-european-championship/ HTTP/1.0" 200 - "-" "Mozilla/5.0 (Macintosh; Intel Mac OS X 10_15_7) AppleWebKit/605.1.15 (KHTML, like Gecko) Version/17.4 Safari/605.1.15 (Applebot/0.1; +http://www.apple.com/go/applebot)"
216.244.66.249 - - [22/Nov/2024:20:47:36 -0800] "GET /air-and-sea-search-for-missing-mariners-has-resumed-mercopress/ HTTP/1.0" 200 - "-" "Mozilla/5.0 (compatible; DotBot/1.2; +https://opensiteexplorer.org/dotbot; help@moz.com)"
216.244.66.249 - - [22/Nov/2024:20:47:37 -0800] "GET /category/soccer-categories/page/47/ HTTP/1.0" 200 - "-" "Mozilla/5.0 (compatible; DotBot/1.2; +https://opensiteexplorer.org/dotbot; help@moz.com)"
209.182.200.39 - - [22/Nov/2024:20:47:38 -0800] "POST /wp-cron.php?doing_wp_cron=1732337258.2322878837585449218750 HTTP/1.0" 403 228 "-" "WordPress/6.6.2; https://live2news.com"
209.182.200.39 - - [22/Nov/2024:20:47:38 -0800] "GET /wp-content/themes/newscore/assets/images/login-logo.png HTTP/1.0" 200 5193 "-" "-"
57.141.0.7 - - [22/Nov/2024:20:47:35 -0800] "GET /wp-login.php?redirect_to=https%3A%2F%2Flive2news.com%2Fhaley-ruins-trumps-hope-of-super-tuesday-sweep%2F HTTP/1.0" 200 7019 "-" "meta-externalagent/1.1 (+https://developers.facebook.com/docs/sharing/webmasters/crawler)"
216.244.66.249 - - [22/Nov/2024:20:47:38 -0800] "GET /category/technology/page/65/ HTTP/1.0" 200 - "-" "Mozilla/5.0 (compatible; DotBot/1.2; +https://opensiteexplorer.org/dotbot; help@moz.com)"
216.244.66.249 - - [22/Nov/2024:20:47:39 -0800] "GET /heathrow-airport-criticised-by-tiktok-influencer/ HTTP/1.0" 200 - "-" "Mozilla/5.0 (compatible; DotBot/1.2; +https://opensiteexplorer.org/dotbot; help@moz.com)"
216.244.66.249 - - [22/Nov/2024:20:47:40 -0800] "GET /team-to-win-form-news-and-more-27-04-2024/ HTTP/1.0" 200 - "-" "Mozilla/5.0 (compatible; DotBot/1.2; +https://opensiteexplorer.org/dotbot; help@moz.com)"
209.182.200.39 - - [22/Nov/2024:20:48:32 -0800] "GET /wp-content/themes/newscore/assets/images/login-logo.png HTTP/1.0" 200 5193 "-" "-"
57.141.0.5 - - [22/Nov/2024:20:48:29 -0800] "GET /wp-login.php?redirect_to=https%3A%2F%2Flive2news.com%2Fboy-stabbed-in-full-view-of-children-court-told%2F HTTP/1.0" 200 7020 "-" "meta-externalagent/1.1 (+https://developers.facebook.com/docs/sharing/webmasters/crawler)"
216.244.66.249 - - [22/Nov/2024:20:49:39 -0800] "GET /lottie-woad-english-amateur-wins-at-augusta-national/ HTTP/1.0" 200 - "-" "Mozilla/5.0 (compatible; DotBot/1.2; +https://opensiteexplorer.org/dotbot; help@moz.com)"
216.244.66.249 - - [22/Nov/2024:20:49:40 -0800] "GET /team-to-win-form-news-106/ HTTP/1.0" 200 - "-" "Mozilla/5.0 (compatible; DotBot/1.2; +https://opensiteexplorer.org/dotbot; help@moz.com)"
216.244.66.249 - - [22/Nov/2024:20:49:41 -0800] "GET /the-best-luxury-hotels-in-the-cotswolds/ HTTP/1.0" 200 - "-" "Mozilla/5.0 (compatible; DotBot/1.2; +https://opensiteexplorer.org/dotbot; help@moz.com)"
84.170.131.237 - - [22/Nov/2024:20:50:51 -0800] "GET /2022/10/22/us-russia-defence-chiefs-discuss-ukraine-war-in-rare-phone-call-news/ HTTP/1.0" 200 - "-" "Mozilla/5.0 (Windows NT 10.0; Win64; x64) AppleWebKit/537.36 (KHTML, like Gecko) Chrome/91.0.4472.114 Safari/537.36 Edg/91.0.864.54"
216.244.66.249 - - [22/Nov/2024:20:51:56 -0800] "GET /category/europe/page/147/ HTTP/1.0" 200 - "-" "Mozilla/5.0 (compatible; DotBot/1.2; +https://opensiteexplorer.org/dotbot; help@moz.com)"
216.244.66.249 - - [22/Nov/2024:20:51:58 -0800] "GET /category/soccer-categories/page/82/ HTTP/1.0" 200 - "-" "Mozilla/5.0 (compatible; DotBot/1.2; +https://opensiteexplorer.org/dotbot; help@moz.com)"
216.244.66.249 - - [22/Nov/2024:20:51:59 -0800] "GET /category/technology/page/100/ HTTP/1.0" 200 - "-" "Mozilla/5.0 (compatible; DotBot/1.2; +https://opensiteexplorer.org/dotbot; help@moz.com)"
216.244.66.249 - - [22/Nov/2024:20:52:43 -0800] "GET /goose-gives-chase-to-birmingham-canal-path-pedestrians/ HTTP/1.0" 200 - "-" "Mozilla/5.0 (compatible; DotBot/1.2; +https://opensiteexplorer.org/dotbot; help@moz.com)"
216.244.66.249 - - [22/Nov/2024:20:52:44 -0800] "GET /how-big-an-issue-is-gaza-for-voters-in-bradford/ HTTP/1.0" 200 - "-" "Mozilla/5.0 (compatible; DotBot/1.2; +https://opensiteexplorer.org/dotbot; help@moz.com)"
216.244.66.249 - - [22/Nov/2024:20:52:45 -0800] "GET /iconic-derby-cycle-maker-to-enter-liquidation/ HTTP/1.0" 200 - "-" "Mozilla/5.0 (compatible; DotBot/1.2; +https://opensiteexplorer.org/dotbot; help@moz.com)"
216.244.66.249 - - [22/Nov/2024:20:52:46 -0800] "GET /lepe-beach-reopens-in-time-for-anniversary/ HTTP/1.0" 200 - "-" "Mozilla/5.0 (compatible; DotBot/1.2; +https://opensiteexplorer.org/dotbot; help@moz.com)"
216.244.66.249 - - [22/Nov/2024:20:52:48 -0800] "GET /team-to-win-form-news-72/ HTTP/1.0" 200 - "-" "Mozilla/5.0 (compatible; DotBot/1.2; +https://opensiteexplorer.org/dotbot; help@moz.com)"
216.244.66.249 - - [22/Nov/2024:20:52:52 -0800] "GET /vote-snp-to-put-scotlands-interests-first/ HTTP/1.0" 200 - "-" "Mozilla/5.0 (compatible; DotBot/1.2; +https://opensiteexplorer.org/dotbot; help@moz.com)"
40.77.167.36 - - [22/Nov/2024:20:53:13 -0800] "GET /election-2024-live-updates-harris-leads-trump-by-less-than-one-percent/ HTTP/1.0" 200 - "-" "Mozilla/5.0 AppleWebKit/537.36 (KHTML, like Gecko; compatible; bingbot/2.0; +http://www.bing.com/bingbot.htm) Chrome/116.0.1938.76 Safari/537.36"
216.244.66.249 - - [22/Nov/2024:20:54:17 -0800] "GET /d-day-dodger-shares-world-war-two-battle-memories/ HTTP/1.0" 200 - "-" "Mozilla/5.0 (compatible; DotBot/1.2; +https://opensiteexplorer.org/dotbot; help@moz.com)"
216.244.66.249 - - [22/Nov/2024:20:54:19 -0800] "GET /doncaster-woman-fined-for-keeping-xl-bully-at-home/ HTTP/1.0" 200 - "-" "Mozilla/5.0 (compatible; DotBot/1.2; +https://opensiteexplorer.org/dotbot; help@moz.com)"
208.92.218.66 - - [22/Nov/2024:20:54:20 -0800] "GET /feed/ HTTP/1.0" 200 - "-" "Mozilla/5.0 (Windows NT 10.0; Win64; x64) AppleWebKit/537.36 (KHTML, like Gecko) Chrome/70.0.3538.102 Safari/537.36"
216.244.66.249 - - [22/Nov/2024:20:54:20 -0800] "GET /m25-set-for-second-full-weekend-closure/ HTTP/1.0" 200 - "-" "Mozilla/5.0 (compatible; DotBot/1.2; +https://opensiteexplorer.org/dotbot; help@moz.com)"
57.141.0.8 - - [22/Nov/2024:20:55:01 -0800] "GET /wp-json/wp/v2/posts/166428 HTTP/1.0" 200 - "-" "meta-externalagent/1.1 (+https://developers.facebook.com/docs/sharing/webmasters/crawler)"
52.167.144.18 - - [22/Nov/2024:20:55:03 -0800] "GET /sydney-knife-attacker-had-mental-health-issues-ideology-not-motive/ HTTP/1.0" 200 - "-" "Mozilla/5.0 AppleWebKit/537.36 (KHTML, like Gecko; compatible; bingbot/2.0; +http://www.bing.com/bingbot.htm) Chrome/116.0.1938.76 Safari/537.36"
57.141.0.14 - - [22/Nov/2024:20:56:19 -0800] "GET /wp-json/oembed/1.0/embed?url=https%3A%2F%2Flive2news.com%2Fa-strong-earthquake-rocks-taiwan-collapsing-buildings-and-causing-a-tsunami%2F HTTP/1.0" 200 - "-" "meta-externalagent/1.1 (+https://developers.facebook.com/docs/sharing/webmasters/crawler)"
52.167.144.18 - - [22/Nov/2024:20:57:33 -0800] "GET /two-men-arrested-over-little-steeping-shooting/ HTTP/1.0" 200 - "-" "Mozilla/5.0 AppleWebKit/537.36 (KHTML, like Gecko; compatible; bingbot/2.0; +http://www.bing.com/bingbot.htm) Chrome/116.0.1938.76 Safari/537.36"
216.244.66.249 - - [22/Nov/2024:20:57:55 -0800] "GET /author/andrew_stanton/page/1/ HTTP/1.0" 200 - "-" "Mozilla/5.0 (compatible; DotBot/1.2; +https://opensiteexplorer.org/dotbot; help@moz.com)"
216.244.66.249 - - [22/Nov/2024:20:57:56 -0800] "GET /category/technology/page/409/ HTTP/1.0" 200 - "-" "Mozilla/5.0 (compatible; DotBot/1.2; +https://opensiteexplorer.org/dotbot; help@moz.com)"
216.244.66.249 - - [22/Nov/2024:20:57:58 -0800] "GET /leeds-united-chairman-paraag-marathe-admits-players-may-be-sold/ HTTP/1.0" 200 - "-" "Mozilla/5.0 (compatible; DotBot/1.2; +https://opensiteexplorer.org/dotbot; help@moz.com)"
216.244.66.249 - - [22/Nov/2024:20:58:00 -0800] "GET /police-scotland-assessing-new-michael-matheson-ipad-data-charge-complaint/ HTTP/1.0" 200 - "-" "Mozilla/5.0 (compatible; DotBot/1.2; +https://opensiteexplorer.org/dotbot; help@moz.com)"
216.244.66.249 - - [22/Nov/2024:20:58:01 -0800] "GET /t20-blast-yorkshire-vikings-lancashire-lightning-win-on-opening-night/ HTTP/1.0" 200 - "-" "Mozilla/5.0 (compatible; DotBot/1.2; +https://opensiteexplorer.org/dotbot; help@moz.com)"
216.244.66.249 - - [22/Nov/2024:20:58:02 -0800] "GET /team-to-win-form-news-61/ HTTP/1.0" 200 - "-" "Mozilla/5.0 (compatible; DotBot/1.2; +https://opensiteexplorer.org/dotbot; help@moz.com)"
52.167.144.18 - - [22/Nov/2024:20:58:53 -0800] "GET /marijuanas-reclassification-is-wrong-opinion/ HTTP/1.0" 200 - "-" "Mozilla/5.0 AppleWebKit/537.36 (KHTML, like Gecko; compatible; bingbot/2.0; +http://www.bing.com/bingbot.htm) Chrome/116.0.1938.76 Safari/537.36"
57.141.0.12 - - [22/Nov/2024:21:00:41 -0800] "GET /?p=177744 HTTP/1.0" 200 - "-" "meta-externalagent/1.1 (+https://developers.facebook.com/docs/sharing/webmasters/crawler)"
57.141.0.11 - - [22/Nov/2024:21:01:29 -0800] "GET /?p=56783 HTTP/1.0" 200 - "-" "meta-externalagent/1.1 (+https://developers.facebook.com/docs/sharing/webmasters/crawler)"