81.167.26.57 - - [22/Nov/2024:15:39:02 -0800] "GET /%E0%B8%88%E0%B8%B1%E0%B8%94%E0%B8%AD%E0%B8%B1%E0%B8%99%E0%B8%94%E0%B8%B1%E0%B8%9A-5-%E0%B9%80%E0%B8%A7%E0%B9%87%E0%B8%9A%E0%B8%95%E0%B8%A3%E0%B8%87-%E0%B8%A3%E0%B8%A7%E0%B8%A1%E0%B9%82%E0%B8%9B/ HTTP/1.0" 200 - "-" "Mozilla/5.0 (compatible; MJ12bot/v1.4.8; http://mj12bot.com/)"
81.167.26.57 - - [22/Nov/2024:15:39:05 -0800] "GET /%E0%B8%9A%E0%B8%B2%E0%B8%84%E0%B8%B2%E0%B8%A3%E0%B9%88%E0%B8%B2888-%E0%B9%80%E0%B8%A7%E0%B9%87%E0%B8%9A%E0%B8%95%E0%B8%A3%E0%B8%87%E0%B9%84%E0%B8%A1%E0%B9%88%E0%B8%9C%E0%B9%88%E0%B8%B2%E0%B8%99/ HTTP/1.0" 200 - "-" "Mozilla/5.0 (compatible; MJ12bot/v1.4.8; http://mj12bot.com/)"
81.167.26.57 - - [22/Nov/2024:15:39:07 -0800] "GET /%E0%B8%A3%E0%B8%A7%E0%B8%A1-5-%E0%B9%80%E0%B8%A7%E0%B9%87%E0%B8%9A%E0%B9%84%E0%B8%8B%E0%B8%95%E0%B9%8C-%E0%B8%9A%E0%B8%B2%E0%B8%84%E0%B8%B2%E0%B8%A3%E0%B9%88%E0%B8%B2%E0%B8%AA%E0%B8%B2%E0%B8%A2/ HTTP/1.0" 200 - "-" "Mozilla/5.0 (compatible; MJ12bot/v1.4.8; http://mj12bot.com/)"
208.92.218.66 - - [22/Nov/2024:15:39:07 -0800] "GET /feed/ HTTP/1.0" 200 - "-" "Mozilla/5.0 (Windows NT 10.0; Win64; x64) AppleWebKit/537.36 (KHTML, like Gecko) Chrome/70.0.3538.102 Safari/537.36"
81.167.26.57 - - [22/Nov/2024:15:39:09 -0800] "GET /%E0%B8%A3%E0%B8%AB%E0%B8%B1%E0%B8%AA%E0%B9%82%E0%B8%9B%E0%B8%A3%E0%B9%82%E0%B8%A1%E0%B8%8A%E0%B8%B1%E0%B9%88%E0%B8%99-1xbet-%E0%B8%9B%E0%B8%A3%E0%B8%B1%E0%B8%9A%E0%B8%9B%E0%B8%A3%E0%B8%B8%E0%B8%87/ HTTP/1.0" 200 - "-" "Mozilla/5.0 (compatible; MJ12bot/v1.4.8; http://mj12bot.com/)"
81.167.26.57 - - [22/Nov/2024:15:39:10 -0800] "GET /%E0%B8%A3%E0%B8%B5%E0%B8%A7%E0%B8%B4%E0%B8%A7-%E0%B8%AA%E0%B8%A5%E0%B9%87%E0%B8%AD%E0%B8%95%E0%B9%80%E0%B8%A7%E0%B9%87%E0%B8%9A%E0%B8%95%E0%B8%A3%E0%B8%87100-%E0%B9%80%E0%B8%A7%E0%B9%87%E0%B8%9A/ HTTP/1.0" 200 - "-" "Mozilla/5.0 (compatible; MJ12bot/v1.4.8; http://mj12bot.com/)"
81.167.26.57 - - [22/Nov/2024:15:39:12 -0800] "GET /%E0%B8%A3%E0%B8%B5%E0%B8%A7%E0%B8%B4%E0%B8%A7-%E0%B9%80%E0%B8%A7%E0%B9%87%E0%B8%9A%E0%B8%9A%E0%B8%B2%E0%B8%84%E0%B8%B2%E0%B8%A3%E0%B9%88%E0%B8%B2-%E0%B8%AD%E0%B8%B1%E0%B8%99%E0%B8%94%E0%B8%B1%E0%B8%9A/ HTTP/1.0" 200 - "-" "Mozilla/5.0 (compatible; MJ12bot/v1.4.8; http://mj12bot.com/)"
81.167.26.57 - - [22/Nov/2024:15:39:14 -0800] "GET /%E0%B8%A3%E0%B8%B5%E0%B8%A7%E0%B8%B4%E0%B8%A7-%E0%B9%80%E0%B8%A7%E0%B9%87%E0%B8%9A-%E0%B8%AA%E0%B8%A5%E0%B9%87%E0%B8%AD%E0%B8%95-%E0%B9%80%E0%B8%84%E0%B8%A3%E0%B8%94%E0%B8%B4%E0%B8%95%E0%B8%9F/ HTTP/1.0" 200 - "-" "Mozilla/5.0 (compatible; MJ12bot/v1.4.8; http://mj12bot.com/)"
81.167.26.57 - - [22/Nov/2024:15:39:16 -0800] "GET /%E0%B8%A3%E0%B8%B5%E0%B8%A7%E0%B8%B4%E0%B8%A7-ufabet-%E0%B9%80%E0%B8%82%E0%B9%89%E0%B8%B2%E0%B8%AA%E0%B8%B9%E0%B9%88%E0%B8%A3%E0%B8%B0%E0%B8%9A%E0%B8%9A-%E0%B9%80%E0%B8%A7%E0%B9%87%E0%B8%9A%E0%B9%81/ HTTP/1.0" 200 - "-" "Mozilla/5.0 (compatible; MJ12bot/v1.4.8; http://mj12bot.com/)"
81.167.26.57 - - [22/Nov/2024:15:39:18 -0800] "GET /%E0%B8%AA%E0%B8%A1%E0%B8%B1%E0%B8%84%E0%B8%A3%E0%B9%81%E0%B8%97%E0%B8%87%E0%B8%9A%E0%B8%AD%E0%B8%A5-%E0%B9%80%E0%B8%A5%E0%B8%B7%E0%B8%AD%E0%B8%81%E0%B9%80%E0%B8%A7%E0%B9%87%E0%B8%9A%E0%B9%84%E0%B8%AB/ HTTP/1.0" 200 - "-" "Mozilla/5.0 (compatible; MJ12bot/v1.4.8; http://mj12bot.com/)"
208.92.218.66 - - [22/Nov/2024:15:39:18 -0800] "GET /feed/ HTTP/1.0" 200 - "-" "Mozilla/5.0 (Windows NT 10.0; Win64; x64) AppleWebKit/537.36 (KHTML, like Gecko) Chrome/70.0.3538.102 Safari/537.36"
81.167.26.57 - - [22/Nov/2024:15:39:20 -0800] "GET /%E0%B9%81%E0%B8%97%E0%B8%87%E0%B8%9A%E0%B8%AD%E0%B8%A5%E0%B8%AD%E0%B8%AD%E0%B8%99%E0%B9%84%E0%B8%A5%E0%B8%99%E0%B9%8C-bk8sport-%E0%B9%80%E0%B8%A7%E0%B9%87%E0%B8%9A%E0%B8%95%E0%B8%A3%E0%B8%87%E0%B8%9C/ HTTP/1.0" 200 - "-" "Mozilla/5.0 (compatible; MJ12bot/v1.4.8; http://mj12bot.com/)"
81.167.26.57 - - [22/Nov/2024:15:39:22 -0800] "GET /%E0%B9%81%E0%B8%97%E0%B8%87%E0%B8%9A%E0%B8%AD%E0%B8%A5-%E0%B9%84%E0%B8%A1%E0%B9%88%E0%B8%A2%E0%B8%B8%E0%B9%88%E0%B8%87%E0%B8%A2%E0%B8%B2%E0%B8%81-%E0%B8%AA%E0%B8%A1%E0%B8%B1%E0%B8%84%E0%B8%A3/ HTTP/1.0" 200 - "-" "Mozilla/5.0 (compatible; MJ12bot/v1.4.8; http://mj12bot.com/)"
81.167.26.57 - - [22/Nov/2024:15:39:24 -0800] "GET /%E0%B9%81%E0%B8%99%E0%B8%B0%E0%B8%99%E0%B8%B3-5-%E0%B9%80%E0%B8%A7%E0%B9%87%E0%B8%9A%E0%B9%81%E0%B8%97%E0%B8%87%E0%B8%AB%E0%B8%A7%E0%B8%A2-%E0%B8%A5%E0%B8%B2%E0%B8%A7%E0%B8%AA%E0%B8%95%E0%B8%B2/ HTTP/1.0" 200 - "-" "Mozilla/5.0 (compatible; MJ12bot/v1.4.8; http://mj12bot.com/)"
81.167.26.57 - - [22/Nov/2024:15:39:26 -0800] "GET /%E0%B9%81%E0%B8%99%E0%B8%B0%E0%B8%99%E0%B8%B3-5-%E0%B9%80%E0%B8%A7%E0%B9%87%E0%B8%9A%E0%B9%84%E0%B8%8B%E0%B8%95%E0%B9%8C%E0%B8%A3%E0%B8%A7%E0%B8%A1%E0%B9%82%E0%B8%9B%E0%B8%A3-%E0%B8%9D%E0%B8%B2/ HTTP/1.0" 200 - "-" "Mozilla/5.0 (compatible; MJ12bot/v1.4.8; http://mj12bot.com/)"
81.167.26.57 - - [22/Nov/2024:15:39:28 -0800] "GET /%E0%B9%81%E0%B8%99%E0%B8%B0%E0%B8%99%E0%B8%B3-5-%E0%B9%80%E0%B8%A7%E0%B9%87%E0%B8%9A%E0%B9%84%E0%B8%8B%E0%B8%95%E0%B9%8C-%E0%B8%A3%E0%B8%A7%E0%B8%A1%E0%B9%82%E0%B8%9B%E0%B8%A3%E0%B9%82%E0%B8%A1/ HTTP/1.0" 200 - "-" "Mozilla/5.0 (compatible; MJ12bot/v1.4.8; http://mj12bot.com/)"
81.167.26.57 - - [22/Nov/2024:15:39:30 -0800] "GET /%E0%B9%81%E0%B8%99%E0%B8%B0%E0%B8%99%E0%B8%B3-5-%E0%B9%80%E0%B8%A7%E0%B9%87%E0%B8%9A%E0%B9%84%E0%B8%8B%E0%B8%95%E0%B9%8C-%E0%B8%A3%E0%B8%A7%E0%B8%A1%E0%B9%82%E0%B8%9B%E0%B8%A3-%E0%B8%9D%E0%B8%B2/ HTTP/1.0" 200 - "-" "Mozilla/5.0 (compatible; MJ12bot/v1.4.8; http://mj12bot.com/)"
81.167.26.57 - - [22/Nov/2024:15:39:32 -0800] "GET /%E0%B9%81%E0%B8%99%E0%B8%B0%E0%B8%99%E0%B8%B3-5-%E0%B9%80%E0%B8%A7%E0%B9%87%E0%B8%9A%E0%B9%84%E0%B8%8B%E0%B8%95%E0%B9%8C-%E0%B9%81%E0%B8%88%E0%B8%81%E0%B9%80%E0%B8%84%E0%B8%A3%E0%B8%94%E0%B8%B4/ HTTP/1.0" 200 - "-" "Mozilla/5.0 (compatible; MJ12bot/v1.4.8; http://mj12bot.com/)"
81.167.26.57 - - [22/Nov/2024:15:39:34 -0800] "GET /%E0%B9%81%E0%B8%99%E0%B8%B0%E0%B8%99%E0%B8%B3-5-%E0%B9%80%E0%B8%A7%E0%B9%87%E0%B8%9A%E0%B9%84%E0%B8%8B%E0%B8%95%E0%B9%8C-%E0%B9%83%E0%B8%AB%E0%B9%89%E0%B8%9A%E0%B8%A3%E0%B8%B4%E0%B8%81%E0%B8%B2/ HTTP/1.0" 200 - "-" "Mozilla/5.0 (compatible; MJ12bot/v1.4.8; http://mj12bot.com/)"
81.167.26.57 - - [22/Nov/2024:15:39:36 -0800] "GET /%E0%B9%81%E0%B8%99%E0%B8%B0%E0%B8%99%E0%B8%B3-5-%E0%B9%80%E0%B8%A7%E0%B9%87%E0%B8%9A-%E0%B8%A3%E0%B8%A7%E0%B8%A1%E0%B9%82%E0%B8%9B%E0%B8%A3-2%E0%B8%A3%E0%B8%B1%E0%B8%9A50-%E0%B8%84%E0%B8%B2%E0%B8%AA/ HTTP/1.0" 200 - "-" "Mozilla/5.0 (compatible; MJ12bot/v1.4.8; http://mj12bot.com/)"
81.167.26.57 - - [22/Nov/2024:15:39:38 -0800] "GET /%E0%B9%81%E0%B8%99%E0%B8%B0%E0%B8%99%E0%B8%B3-5-%E0%B9%80%E0%B8%A7%E0%B9%87%E0%B8%9A-%E0%B8%AA%E0%B8%A5%E0%B9%87%E0%B8%AD%E0%B8%951234-%E0%B8%9D%E0%B8%B2%E0%B8%81-%E0%B8%96%E0%B8%AD%E0%B8%99-%E0%B8%A7/ HTTP/1.0" 200 - "-" "Mozilla/5.0 (compatible; MJ12bot/v1.4.8; http://mj12bot.com/)"
81.167.26.57 - - [22/Nov/2024:15:39:40 -0800] "GET /%E0%B9%81%E0%B8%99%E0%B8%B0%E0%B8%99%E0%B8%B3-5-%E0%B9%80%E0%B8%A7%E0%B9%87%E0%B8%9A-%E0%B8%AB%E0%B8%A7%E0%B8%A2%E0%B8%AE%E0%B8%B2%E0%B8%99%E0%B8%AD%E0%B8%A2-%E0%B8%A1%E0%B8%B2%E0%B9%81%E0%B8%A3/ HTTP/1.0" 200 - "-" "Mozilla/5.0 (compatible; MJ12bot/v1.4.8; http://mj12bot.com/)"
81.167.26.57 - - [22/Nov/2024:15:39:42 -0800] "GET /%EA%B0%80%EC%84%B1%EB%B9%84-%EC%B5%9C%EA%B3%A0-%EA%B0%95%EB%82%A8-%ED%92%80%EC%8B%B8%EB%A1%B1-%EC%9D%B8%EA%B8%B0-%EC%9D%B4%EC%9C%A0-%EA%B0%95%EB%82%A8-%EC%95%BC%EA%B5%AC%EC%9E%A5-%EB%A7%A4%EC%A7%81/ HTTP/1.0" 200 - "-" "Mozilla/5.0 (compatible; MJ12bot/v1.4.8; http://mj12bot.com/)"
81.167.26.57 - - [22/Nov/2024:15:39:44 -0800] "GET /%EB%8C%80%ED%95%9C%EB%AF%BC%EA%B5%AD-%EB%A7%81%ED%81%AC%EB%AA%A8%EC%9D%8C-%EC%BB%A4%EB%AE%A4%EB%8B%88%ED%8B%B0-%EC%86%8C%EA%B0%9C-%EB%AC%B4%EB%A3%8C-%EC%98%81%ED%99%94-%EB%93%9C%EB%9D%BC%EB%A7%88/ HTTP/1.0" 200 - "-" "Mozilla/5.0 (compatible; MJ12bot/v1.4.8; http://mj12bot.com/)"
81.167.26.57 - - [22/Nov/2024:15:39:46 -0800] "GET /%EB%A8%B9%ED%8A%80%EA%B2%80%EC%A6%9D-%ED%8C%81%EA%B3%BC-%EC%82%AC%EC%9D%B4%ED%8A%B8-%EB%A6%AC%EC%8A%A4%ED%8A%B8-2024%EB%85%84-%EB%A9%94%EC%9D%B4%EC%A0%80%EC%82%AC%EC%9D%B4%ED%8A%B8-%EC%B6%94%EC%B2%9C/ HTTP/1.0" 200 - "-" "Mozilla/5.0 (compatible; MJ12bot/v1.4.8; http://mj12bot.com/)"
81.167.26.57 - - [22/Nov/2024:15:39:48 -0800] "GET /%EB%AC%B4%EB%A3%8C-%EC%9B%B9%ED%88%B0-%ED%88%B0%EC%BD%94-%EB%89%B4%ED%86%A0%EB%81%BC-%EC%8B%9C%EC%A6%8C2-%EC%B5%9C%EC%8B%A0%EC%A3%BC%EC%86%8C-%EC%95%88%EB%82%B4-%EC%9D%B4%EC%9A%A9-%EB%A7%8E%EC%9D%B4/ HTTP/1.0" 200 - "-" "Mozilla/5.0 (compatible; MJ12bot/v1.4.8; http://mj12bot.com/)"
81.167.26.57 - - [22/Nov/2024:15:39:50 -0800] "GET /%EC%8A%A4%ED%8F%AC%EC%B8%A0-%EC%86%94%EB%A3%A8%EC%85%98-%EC%A0%9C%EC%9E%91-%ED%86%A0%ED%86%A0%EC%82%AC%EC%9D%B4%ED%8A%B8-%ED%86%A0%EC%A7%80%EB%85%B8-%EC%B9%B4%EC%A7%80%EB%85%B8-%EC%9E%84%EB%8C%80/ HTTP/1.0" 200 - "-" "Mozilla/5.0 (compatible; MJ12bot/v1.4.8; http://mj12bot.com/)"
208.92.218.66 - - [22/Nov/2024:15:39:51 -0800] "GET /feed/ HTTP/1.0" 200 - "-" "Mozilla/5.0 (Windows NT 10.0; Win64; x64) AppleWebKit/537.36 (KHTML, like Gecko) Chrome/70.0.3538.102 Safari/537.36"
81.167.26.57 - - [22/Nov/2024:15:39:52 -0800] "GET /%EC%8B%A4%EC%8B%9C%EA%B0%84-%EC%8A%A4%ED%8F%AC%EC%B8%A0-%ED%86%A0%ED%86%A0-2024%EB%85%84-%EB%9D%BC%EC%9D%B4%EB%B8%8C-%EB%B0%B0%ED%8C%85-%EC%82%AC%EC%9D%B4%ED%8A%B8-top5/ HTTP/1.0" 200 - "-" "Mozilla/5.0 (compatible; MJ12bot/v1.4.8; http://mj12bot.com/)"
81.167.26.57 - - [22/Nov/2024:15:39:54 -0800] "GET /%EC%9D%8C%EB%B0%94%ED%8E%98-%EC%9C%A0%EB%A1%9C-2024-%EB%8C%80%EA%B2%B0%EC%9D%84-%EC%95%9E%EB%91%90%EA%B3%A0-%ED%98%B8%EB%82%A0%EB%91%90%EC%9D%98-%EC%9C%A0%EC%82%B0%EC%9D%84-%EC%B9%AD%EC%86%A1/ HTTP/1.0" 200 - "-" "Mozilla/5.0 (compatible; MJ12bot/v1.4.8; http://mj12bot.com/)"
81.167.26.57 - - [22/Nov/2024:15:39:56 -0800] "GET /%EC%B2%AD%EB%85%84%EB%93%A4%EC%97%90%EA%B2%8C-%EC%9D%B8%EA%B8%B0-%EC%9E%88%EB%8A%94-%EC%B9%B4%EC%A7%80%EB%85%B8%EC%82%AC%EC%9D%B4%ED%8A%B8-%EB%B0%94%EC%B9%B4%EB%9D%BC%EC%82%AC%EC%9D%B4%ED%8A%B8-best/ HTTP/1.0" 200 - "-" "Mozilla/5.0 (compatible; MJ12bot/v1.4.8; http://mj12bot.com/)"
81.167.26.57 - - [22/Nov/2024:15:39:58 -0800] "GET /%EC%B5%9C%EA%B3%A0%EC%9D%98-%EC%B9%B4%EC%A7%80%EB%85%B8-%EC%82%AC%EC%9D%B4%ED%8A%B8%EB%A5%BC-%EC%84%A0%ED%83%9D%ED%95%98%EB%8A%94-%EB%B0%A9%EB%B2%95-%EC%98%A8%EB%9D%BC%EC%9D%B8-%EC%B9%B4%EC%A7%80/ HTTP/1.0" 200 - "-" "Mozilla/5.0 (compatible; MJ12bot/v1.4.8; http://mj12bot.com/)"
81.167.26.57 - - [22/Nov/2024:15:40:00 -0800] "GET /%EC%B9%B4%EC%A7%80%EB%85%B8-%EC%BB%A4%EB%AE%A4%EB%8B%88%ED%8B%B0%EC%9D%98-%ED%99%9C%EC%9A%A9%ED%8E%B8-%EC%98%A8%EB%9D%BC%EC%9D%B8-%EC%B9%B4%EC%A7%80%EB%85%B8-%EC%82%AC%EC%9D%B4%ED%8A%B8-%EC%9D%B4/ HTTP/1.0" 200 - "-" "Mozilla/5.0 (compatible; MJ12bot/v1.4.8; http://mj12bot.com/)"
81.167.26.57 - - [22/Nov/2024:15:40:02 -0800] "GET /%EC%BB%A4%EB%AE%A4%EB%8B%88%ED%8B%B0%EC%97%90%EC%84%9C-%EB%82%9C%EB%A6%AC%EB%82%9C-%ED%86%A0%ED%86%A0-%EB%A9%94%EC%9D%B4%EC%A0%80%EC%82%AC%EC%9D%B4%ED%8A%B8-%EC%B6%94%EC%B2%9C-%EB%A6%AC%EC%8A%A4/ HTTP/1.0" 200 - "-" "Mozilla/5.0 (compatible; MJ12bot/v1.4.8; http://mj12bot.com/)"
81.167.26.57 - - [22/Nov/2024:15:40:04 -0800] "GET /%ED%86%A0%ED%86%A0%EC%82%AC%EC%9D%B4%ED%8A%B8-%EC%9D%B4%EC%9A%A9%EC%9E%90%EA%B0%80-%EC%95%8C%EC%95%84%EC%95%BC-%ED%95%A0-%EC%95%88%EC%A0%84%EB%86%80%EC%9D%B4%ED%84%B0%EC%9D%98-%EB%AA%A8%EB%93%A0/ HTTP/1.0" 200 - "-" "Mozilla/5.0 (compatible; MJ12bot/v1.4.8; http://mj12bot.com/)"
81.167.26.57 - - [22/Nov/2024:15:40:06 -0800] "GET /%ED%95%9C%EA%B5%AD%EC%97%90%EC%84%9C-%EC%98%A8%EB%9D%BC%EC%9D%B8-%EC%B9%B4%EC%A7%80%EB%85%B8-%EC%9D%B4%EC%9A%A9%EC%9D%80-%EB%B6%88%EB%B2%95%EC%9D%B8%EA%B0%80-%ED%95%A9%EB%B2%95%EC%9D%B8%EA%B0%80/ HTTP/1.0" 200 - "-" "Mozilla/5.0 (compatible; MJ12bot/v1.4.8; http://mj12bot.com/)"
81.167.26.57 - - [22/Nov/2024:15:40:08 -0800] "GET /10-%E0%B8%AD%E0%B8%B1%E0%B8%99%E0%B8%94%E0%B8%B1%E0%B8%9A%E0%B9%80%E0%B8%A7%E0%B9%87%E0%B8%9A%E0%B8%9A%E0%B8%B2%E0%B8%84%E0%B8%B2%E0%B8%A3%E0%B9%88%E0%B8%B2%E0%B9%80%E0%B8%A7%E0%B9%87%E0%B8%9A/ HTTP/1.0" 200 - "-" "Mozilla/5.0 (compatible; MJ12bot/v1.4.8; http://mj12bot.com/)"
81.167.26.57 - - [22/Nov/2024:15:40:10 -0800] "GET /2024%EB%85%84-%EA%B5%AD%EB%82%B4-%EB%A9%94%EC%9D%B4%EC%A0%80-%ED%86%A0%ED%86%A0%EC%82%AC%EC%9D%B4%ED%8A%B8-best-8-%EC%B6%94%EC%B2%9C-%EC%9A%94%EC%A6%98-%EB%AC%B8%EC%A0%9C-%EC%82%AC%EC%9D%B4%ED%8A%B8/ HTTP/1.0" 200 - "-" "Mozilla/5.0 (compatible; MJ12bot/v1.4.8; http://mj12bot.com/)"
81.167.26.57 - - [22/Nov/2024:15:40:12 -0800] "GET /2024%EB%85%84-%ED%86%A0%ED%86%A0%EC%82%AC%EC%9D%B4%ED%8A%B8-best-12-%EC%95%88%EC%A0%84%EB%86%80%EC%9D%B4%ED%84%B0-%EB%A7%8E%EC%9D%B4-%EC%9D%B4%EC%9A%A9-%ED%95%98%EB%8A%94-%EC%9D%B4%EC%9C%A0/ HTTP/1.0" 200 - "-" "Mozilla/5.0 (compatible; MJ12bot/v1.4.8; http://mj12bot.com/)"
81.167.26.57 - - [22/Nov/2024:15:40:14 -0800] "GET /3-%E0%B8%97%E0%B8%B2%E0%B8%87%E0%B9%80%E0%B8%82%E0%B9%89%E0%B8%B2-pg-slot-auto-%E0%B9%80%E0%B8%A7%E0%B9%87%E0%B8%9A%E0%B8%95%E0%B8%A3%E0%B8%87-%E0%B8%9C%E0%B9%88%E0%B8%B2%E0%B8%99%E0%B8%A1%E0%B8%B7/ HTTP/1.0" 200 - "-" "Mozilla/5.0 (compatible; MJ12bot/v1.4.8; http://mj12bot.com/)"
81.167.26.57 - - [22/Nov/2024:15:40:16 -0800] "GET /3d-%D1%81-%D0%B1%D0%BE%D0%BB%D1%8C%D1%88%D0%BE%D0%B9-%D1%82%D0%B5%D1%85%D0%BD%D0%BE%D0%BB%D0%BE%D0%B3%D0%B8%D1%8F-%D0%B4%D0%BB%D1%8F-%D0%BF%D1%80%D0%BE%D0%B8%D0%B7%D0%B2%D0%BE%D0%B4%D1%81%D1%82/ HTTP/1.0" 200 - "-" "Mozilla/5.0 (compatible; MJ12bot/v1.4.8; http://mj12bot.com/)"
81.167.26.57 - - [22/Nov/2024:15:40:18 -0800] "GET /4-%E0%B9%80%E0%B8%A7%E0%B9%87%E0%B8%9A-sagame-%E0%B9%80%E0%B8%82%E0%B9%89%E0%B8%B2%E0%B8%AA%E0%B8%B9%E0%B9%88%E0%B8%A3%E0%B8%B0%E0%B8%9A%E0%B8%9A-%E0%B8%A5%E0%B9%88%E0%B8%B2%E0%B8%AA%E0%B8%B8%E0%B8%94/ HTTP/1.0" 200 - "-" "Mozilla/5.0 (compatible; MJ12bot/v1.4.8; http://mj12bot.com/)"
81.167.26.57 - - [22/Nov/2024:15:40:20 -0800] "GET /brazils-finance-minister-hopes-g20-will-tax-the-super%E2%80%91rich-to-tackle-worlds-debt-crisis-mercopress/ HTTP/1.0" 200 - "-" "Mozilla/5.0 (compatible; MJ12bot/v1.4.8; http://mj12bot.com/)"
81.167.26.57 - - [22/Nov/2024:15:40:22 -0800] "GET /category/top-news-%F0%9F%94%A5/ HTTP/1.0" 200 - "-" "Mozilla/5.0 (compatible; MJ12bot/v1.4.8; http://mj12bot.com/)"
81.167.26.57 - - [22/Nov/2024:15:40:24 -0800] "GET /category/top-news-%F0%9F%94%A5/feed/ HTTP/1.0" 200 - "-" "Mozilla/5.0 (compatible; MJ12bot/v1.4.8; http://mj12bot.com/)"
81.167.26.57 - - [22/Nov/2024:15:40:26 -0800] "GET /category/top-news-%F0%9F%94%A5/page/2/ HTTP/1.0" 200 - "-" "Mozilla/5.0 (compatible; MJ12bot/v1.4.8; http://mj12bot.com/)"
81.167.26.57 - - [22/Nov/2024:15:40:28 -0800] "GET /euro-2024-key-battles-and-hot-bonuses-from-paripesa-%E2%9A%BD/ HTTP/1.0" 200 - "-" "Mozilla/5.0 (compatible; MJ12bot/v1.4.8; http://mj12bot.com/)"
81.167.26.57 - - [22/Nov/2024:15:40:30 -0800] "GET /ftxs-ryan-salame-one-of-sam-bankman-frieds-associates-is-sentenced-to-7%C2%BD-years/ HTTP/1.0" 200 - "-" "Mozilla/5.0 (compatible; MJ12bot/v1.4.8; http://mj12bot.com/)"
81.167.26.57 - - [22/Nov/2024:15:40:32 -0800] "GET /get-a-welcome-bonus-of-%E2%82%B942900-with-1xbet-promo-code-2024-complete1x/ HTTP/1.0" 200 - "-" "Mozilla/5.0 (compatible; MJ12bot/v1.4.8; http://mj12bot.com/)"
81.167.26.57 - - [22/Nov/2024:15:40:34 -0800] "GET /in-depth-analysis-eu-china-relations-de-risking-or-de-coupling-%E2%88%92-the-future-of-the-eu-strategy-towards-china-pe-754-446-committee-on-foreign-affairs/ HTTP/1.0" 200 - "-" "Mozilla/5.0 (compatible; MJ12bot/v1.4.8; http://mj12bot.com/)"
81.167.26.57 - - [22/Nov/2024:15:40:36 -0800] "GET /rise-of-neo%E2%80%91nazi-groups-reported-in-brazil-mercopress/ HTTP/1.0" 200 - "-" "Mozilla/5.0 (compatible; MJ12bot/v1.4.8; http://mj12bot.com/)"
81.167.26.57 - - [22/Nov/2024:15:40:38 -0800] "GET /royal-mail-owner-agrees-to-%E2%82%A43-6-billion-takeover-by-czech-billionaire-kretinsky/ HTTP/1.0" 200 - "-" "Mozilla/5.0 (compatible; MJ12bot/v1.4.8; http://mj12bot.com/)"
81.167.26.57 - - [22/Nov/2024:15:40:40 -0800] "GET /shohei-ohtani-%E5%A4%A7%E8%B0%B7%E7%BF%94%E5%B9%B3-deals-with-a-hamstring-injury-goes-deep-vs-the-new-york-mets/ HTTP/1.0" 200 - "-" "Mozilla/5.0 (compatible; MJ12bot/v1.4.8; http://mj12bot.com/)"
81.167.26.57 - - [22/Nov/2024:15:40:42 -0800] "GET /shohei-ohtani-%E5%A4%A7%E8%B0%B7%E7%BF%94%E5%B9%B3-news-tying-hideki-matsuis-hr-record-surpassing-his-2023-mvp-pace/ HTTP/1.0" 200 - "-" "Mozilla/5.0 (compatible; MJ12bot/v1.4.8; http://mj12bot.com/)"
81.167.26.57 - - [22/Nov/2024:15:40:44 -0800] "GET /slotxo-wallet-%E0%B8%9D%E0%B8%B2%E0%B8%81-%E0%B8%96%E0%B8%AD%E0%B8%99-auto-%E0%B9%80%E0%B8%A7%E0%B9%87%E0%B8%9A%E0%B8%95%E0%B8%A3%E0%B8%87-%E0%B8%AA%E0%B8%A5%E0%B9%87%E0%B8%AD%E0%B8%95xo-%E0%B8%9E/ HTTP/1.0" 200 - "-" "Mozilla/5.0 (compatible; MJ12bot/v1.4.8; http://mj12bot.com/)"
81.167.26.57 - - [22/Nov/2024:15:40:46 -0800] "GET /study-eu-china-relations-de-risking-or-de-coupling-%E2%88%92-the-future-of-the-eu-strategy-towards-china-pe-754-446-committee-on-foreign-affairs/ HTTP/1.0" 200 - "-" "Mozilla/5.0 (compatible; MJ12bot/v1.4.8; http://mj12bot.com/)"
81.167.26.57 - - [22/Nov/2024:15:40:48 -0800] "GET /the-best-hotels-and-apartments-in-flaine-france%E2%94%82telegraph-travel/ HTTP/1.0" 200 - "-" "Mozilla/5.0 (compatible; MJ12bot/v1.4.8; http://mj12bot.com/)"
81.167.26.57 - - [22/Nov/2024:15:40:50 -0800] "GET /the-best-hotels-and-chalets-in-davos-switzerland-%E2%94%82-telegraph-travel/ HTTP/1.0" 200 - "-" "Mozilla/5.0 (compatible; MJ12bot/v1.4.8; http://mj12bot.com/)"
81.167.26.57 - - [22/Nov/2024:15:40:52 -0800] "GET /the-best-hotels-in-obertauern-austria-%E2%94%82-telegraph-travel/ HTTP/1.0" 200 - "-" "Mozilla/5.0 (compatible; MJ12bot/v1.4.8; http://mj12bot.com/)"
216.244.66.249 - - [22/Nov/2024:15:40:59 -0800] "GET /the-cheapest-christmas-markets-in-europe-this-december/ HTTP/1.0" 200 - "-" "Mozilla/5.0 (compatible; DotBot/1.2; +https://opensiteexplorer.org/dotbot; help@moz.com)"
216.244.66.249 - - [22/Nov/2024:15:41:05 -0800] "GET /dave-portnoy-blasts-zach-bryan-in-new-diss-track/ HTTP/1.0" 200 - "-" "Mozilla/5.0 (compatible; DotBot/1.2; +https://opensiteexplorer.org/dotbot; help@moz.com)"
216.244.66.249 - - [22/Nov/2024:15:41:29 -0800] "GET /mike-johnson-calls-trump-picks-disruptors-who-will-shake-up-dc/ HTTP/1.0" 200 - "-" "Mozilla/5.0 (compatible; DotBot/1.2; +https://opensiteexplorer.org/dotbot; help@moz.com)"
216.244.66.249 - - [22/Nov/2024:15:41:31 -0800] "GET /what-we-know-about-north-korean-troops-in-ukraine/ HTTP/1.0" 200 - "-" "Mozilla/5.0 (compatible; DotBot/1.2; +https://opensiteexplorer.org/dotbot; help@moz.com)"
208.92.218.66 - - [22/Nov/2024:15:41:54 -0800] "GET /feed/ HTTP/1.0" 200 - "-" "Mozilla/5.0 (Windows NT 10.0; Win64; x64) AppleWebKit/537.36 (KHTML, like Gecko) Chrome/70.0.3538.102 Safari/537.36"
208.92.218.66 - - [22/Nov/2024:15:42:04 -0800] "GET /feed/ HTTP/1.0" 200 - "-" "Mozilla/5.0 (Windows NT 10.0; Win64; x64) AppleWebKit/537.36 (KHTML, like Gecko) Chrome/70.0.3538.102 Safari/537.36"
216.244.66.249 - - [22/Nov/2024:15:42:05 -0800] "GET /top-cruise-brands-named-at-the-wave-awards-here-are-the-winners/ HTTP/1.0" 200 - "-" "Mozilla/5.0 (compatible; DotBot/1.2; +https://opensiteexplorer.org/dotbot; help@moz.com)"
216.244.66.249 - - [22/Nov/2024:15:42:16 -0800] "GET /bandish-bandits-season-2-on-prime-video-release-date-cast-plot-and-more/ HTTP/1.0" 200 - "-" "Mozilla/5.0 (compatible; DotBot/1.2; +https://opensiteexplorer.org/dotbot; help@moz.com)"
216.244.66.249 - - [22/Nov/2024:15:42:17 -0800] "GET /chinas-xi-jinping-all-for-deeper-relations-with-chile-mercopress/ HTTP/1.0" 200 - "-" "Mozilla/5.0 (compatible; DotBot/1.2; +https://opensiteexplorer.org/dotbot; help@moz.com)"
216.244.66.249 - - [22/Nov/2024:15:42:18 -0800] "GET /elon-musk-is-no-kissinger-but-may-help-improve-u-s-china-relations-experts-say/ HTTP/1.0" 200 - "-" "Mozilla/5.0 (compatible; DotBot/1.2; +https://opensiteexplorer.org/dotbot; help@moz.com)"
216.244.66.249 - - [22/Nov/2024:15:42:24 -0800] "GET /tua-and-the-dolphins-keep-playoff-hopes-alive-in-win-vs-rams/ HTTP/1.0" 200 - "-" "Mozilla/5.0 (compatible; DotBot/1.2; +https://opensiteexplorer.org/dotbot; help@moz.com)"
216.244.66.249 - - [22/Nov/2024:15:42:26 -0800] "GET /nfl-week-11-player-prop-picks-3-favorite-picks-for-sunday/ HTTP/1.0" 200 - "-" "Mozilla/5.0 (compatible; DotBot/1.2; +https://opensiteexplorer.org/dotbot; help@moz.com)"
216.244.66.249 - - [22/Nov/2024:15:42:27 -0800] "GET /red-sox-reportedly-impress-660-million-superstar-in-three-hour-offseason-meeting/ HTTP/1.0" 200 - "-" "Mozilla/5.0 (compatible; DotBot/1.2; +https://opensiteexplorer.org/dotbot; help@moz.com)"
216.244.66.249 - - [22/Nov/2024:15:42:28 -0800] "GET /northern-ireland-jobs-market-shows-signs-of-weakening/ HTTP/1.0" 200 - "-" "Mozilla/5.0 (compatible; DotBot/1.2; +https://opensiteexplorer.org/dotbot; help@moz.com)"
216.244.66.249 - - [22/Nov/2024:15:42:29 -0800] "GET /california-worries-about-foreign-student-enrollment-status-in-new-trump-era/ HTTP/1.0" 200 - "-" "Mozilla/5.0 (compatible; DotBot/1.2; +https://opensiteexplorer.org/dotbot; help@moz.com)"
216.244.66.249 - - [22/Nov/2024:15:42:32 -0800] "GET /nascar-martin-truex-reveals-future-focus-after-retirement-from-full-time-racing/ HTTP/1.0" 200 - "-" "Mozilla/5.0 (compatible; DotBot/1.2; +https://opensiteexplorer.org/dotbot; help@moz.com)"
216.244.66.249 - - [22/Nov/2024:15:42:43 -0800] "GET /astros-linked-to-projected-200-million-emergency-alex-bregman-replacement/ HTTP/1.0" 200 - "-" "Mozilla/5.0 (compatible; DotBot/1.2; +https://opensiteexplorer.org/dotbot; help@moz.com)"
216.244.66.249 - - [22/Nov/2024:15:42:47 -0800] "GET /aus-vs-ind-nitish-reddy-over-ashwin-as-ravi-shastri-predicts-indias-playing-xi-in-perth-test/ HTTP/1.0" 200 - "-" "Mozilla/5.0 (compatible; DotBot/1.2; +https://opensiteexplorer.org/dotbot; help@moz.com)"
216.244.66.249 - - [22/Nov/2024:15:42:50 -0800] "GET /premier-league-ref-david-coote-suspended-over-jurgen-klopp-outburst/ HTTP/1.0" 200 - "-" "Mozilla/5.0 (compatible; DotBot/1.2; +https://opensiteexplorer.org/dotbot; help@moz.com)"
216.244.66.249 - - [22/Nov/2024:15:42:53 -0800] "GET /usmnt-vs-jamaica-live-stream-lineups-where-to-watch-nations-league-online-prediction-tv-channel-odds/ HTTP/1.0" 200 - "-" "Mozilla/5.0 (compatible; DotBot/1.2; +https://opensiteexplorer.org/dotbot; help@moz.com)"
216.244.66.249 - - [22/Nov/2024:15:42:55 -0800] "GET /braves-predicted-to-re-sign-projected-17-million-veteran-pitcher-in-free-agency/ HTTP/1.0" 200 - "-" "Mozilla/5.0 (compatible; DotBot/1.2; +https://opensiteexplorer.org/dotbot; help@moz.com)"
216.244.66.249 - - [22/Nov/2024:15:42:58 -0800] "GET /scarlet-tanager-brings-more-visitors-in-two-days-than-30-years/ HTTP/1.0" 200 - "-" "Mozilla/5.0 (compatible; DotBot/1.2; +https://opensiteexplorer.org/dotbot; help@moz.com)"
216.244.66.249 - - [22/Nov/2024:15:43:00 -0800] "GET /amid-icc-champions-trophy-row-india-pakistan-drawn-in-same-group-for-womens-u-19-asia-cup/ HTTP/1.0" 200 - "-" "Mozilla/5.0 (compatible; DotBot/1.2; +https://opensiteexplorer.org/dotbot; help@moz.com)"
216.244.66.249 - - [22/Nov/2024:15:43:03 -0800] "GET /jake-paul-defeats-former-king-mike-tyson-in-texas/ HTTP/1.0" 200 - "-" "Mozilla/5.0 (compatible; DotBot/1.2; +https://opensiteexplorer.org/dotbot; help@moz.com)"
216.244.66.249 - - [22/Nov/2024:15:43:08 -0800] "GET /rail-services-will-be-severely-impacted-by-strikes/ HTTP/1.0" 200 - "-" "Mozilla/5.0 (compatible; DotBot/1.2; +https://opensiteexplorer.org/dotbot; help@moz.com)"
216.244.66.249 - - [22/Nov/2024:15:43:10 -0800] "GET /sharath-and-manika-to-lead-squads-in-paris/ HTTP/1.0" 200 - "-" "Mozilla/5.0 (compatible; DotBot/1.2; +https://opensiteexplorer.org/dotbot; help@moz.com)"
216.244.66.249 - - [22/Nov/2024:15:43:13 -0800] "GET /coventry-city-2-3-hull-city-tigers-win-to-keep-championship-play-off-hopes-alive/ HTTP/1.0" 200 - "-" "Mozilla/5.0 (compatible; DotBot/1.2; +https://opensiteexplorer.org/dotbot; help@moz.com)"
216.244.66.249 - - [22/Nov/2024:15:43:15 -0800] "GET /kolkata-knight-riders-spared-of-nrr-blues-confirm-spot-in-qualifier-1/ HTTP/1.0" 200 - "-" "Mozilla/5.0 (compatible; DotBot/1.2; +https://opensiteexplorer.org/dotbot; help@moz.com)"
216.244.66.249 - - [22/Nov/2024:15:43:16 -0800] "GET /ron-desantis-vp-speculation-erupts-after-donald-trump-meeting/ HTTP/1.0" 200 - "-" "Mozilla/5.0 (compatible; DotBot/1.2; +https://opensiteexplorer.org/dotbot; help@moz.com)"
216.244.66.249 - - [22/Nov/2024:15:43:18 -0800] "GET /solo-sikoa-says-roman-reigns-will-acknowledge-him-destroys-cody-rhodes-and-randy-orton/ HTTP/1.0" 200 - "-" "Mozilla/5.0 (compatible; DotBot/1.2; +https://opensiteexplorer.org/dotbot; help@moz.com)"
216.244.66.249 - - [22/Nov/2024:15:43:19 -0800] "GET /wfps-weighs-risky-options-after-ask-to-find-savings-in-city-budget-winnipeg/ HTTP/1.0" 200 - "-" "Mozilla/5.0 (compatible; DotBot/1.2; +https://opensiteexplorer.org/dotbot; help@moz.com)"
216.244.66.249 - - [22/Nov/2024:15:43:21 -0800] "GET /jpmorgan-says-the-late-charlie-munger-would-love-this-wonderful-bank-trading-at-a-fair-price/ HTTP/1.0" 200 - "-" "Mozilla/5.0 (compatible; DotBot/1.2; +https://opensiteexplorer.org/dotbot; help@moz.com)"
216.244.66.249 - - [22/Nov/2024:15:43:22 -0800] "GET /japan-household-spending-rba-rate-decision/ HTTP/1.0" 200 - "-" "Mozilla/5.0 (compatible; DotBot/1.2; +https://opensiteexplorer.org/dotbot; help@moz.com)"
216.244.66.249 - - [22/Nov/2024:15:43:23 -0800] "GET /we-give-them-that-fun-person-that-friendly-face/ HTTP/1.0" 200 - "-" "Mozilla/5.0 (compatible; DotBot/1.2; +https://opensiteexplorer.org/dotbot; help@moz.com)"
114.119.156.185 - - [22/Nov/2024:15:44:16 -0800] "GET /author/admin/page/87/ HTTP/1.0" 200 - "https://live2news.com/author/admin/page/90/" "Mozilla/5.0 (Linux; Android 7.0;) AppleWebKit/537.36 (KHTML, like Gecko) Mobile Safari/537.36 (compatible; PetalBot;+https://webmaster.petalsearch.com/site/petalbot)"
208.92.218.66 - - [22/Nov/2024:15:44:18 -0800] "GET /feed/ HTTP/1.0" 200 - "-" "Mozilla/5.0 (Windows NT 10.0; Win64; x64) AppleWebKit/537.36 (KHTML, like Gecko) Chrome/70.0.3538.102 Safari/537.36"
216.244.66.249 - - [22/Nov/2024:15:44:28 -0800] "GET /prince-williams-fashion-criticism-from-crowd-goes-viral/ HTTP/1.0" 200 - "-" "Mozilla/5.0 (compatible; DotBot/1.2; +https://opensiteexplorer.org/dotbot; help@moz.com)"
216.244.66.249 - - [22/Nov/2024:15:44:30 -0800] "GET /olympics-football-ugly-scenes-as-france-edge-argentina-to-set-up-egypt-semi-final/ HTTP/1.0" 200 - "-" "Mozilla/5.0 (compatible; DotBot/1.2; +https://opensiteexplorer.org/dotbot; help@moz.com)"
207.46.13.229 - - [22/Nov/2024:15:44:41 -0800] "GET /robots.txt HTTP/1.0" 200 67 "-" "Mozilla/5.0 AppleWebKit/537.36 (KHTML, like Gecko; compatible; bingbot/2.0; +http://www.bing.com/bingbot.htm) Chrome/116.0.1938.76 Safari/537.36"
216.244.66.249 - - [22/Nov/2024:15:44:42 -0800] "GET /passengers-on-flight-to-dublin-alerted-to-case-of-measles-on-board/ HTTP/1.0" 200 - "-" "Mozilla/5.0 (compatible; DotBot/1.2; +https://opensiteexplorer.org/dotbot; help@moz.com)"
216.244.66.249 - - [22/Nov/2024:15:44:46 -0800] "GET /redmi-pad-pro-indian-global-variants-allegedly-surface-on-google-play-console-database/ HTTP/1.0" 200 - "-" "Mozilla/5.0 (compatible; DotBot/1.2; +https://opensiteexplorer.org/dotbot; help@moz.com)"
216.244.66.249 - - [22/Nov/2024:15:44:49 -0800] "GET /author/mark_bunin_benor/feed/ HTTP/1.0" 200 - "-" "Mozilla/5.0 (compatible; DotBot/1.2; +https://opensiteexplorer.org/dotbot; help@moz.com)"
216.244.66.249 - - [22/Nov/2024:15:44:51 -0800] "GET /author/michael_dirocco/feed/ HTTP/1.0" 200 - "-" "Mozilla/5.0 (compatible; DotBot/1.2; +https://opensiteexplorer.org/dotbot; help@moz.com)"
40.77.167.254 - - [22/Nov/2024:15:44:52 -0800] "GET /pakistans-pace-attack-a-worry-as-t20-world-cup-2024-nears/ HTTP/1.0" 200 - "-" "Mozilla/5.0 AppleWebKit/537.36 (KHTML, like Gecko; compatible; bingbot/2.0; +http://www.bing.com/bingbot.htm) Chrome/116.0.1938.76 Safari/537.36"
216.244.66.249 - - [22/Nov/2024:15:44:54 -0800] "GET /ryanair-declares-we-dont-do-package-holidays/ HTTP/1.0" 200 - "-" "Mozilla/5.0 (compatible; DotBot/1.2; +https://opensiteexplorer.org/dotbot; help@moz.com)"
216.244.66.249 - - [22/Nov/2024:15:44:56 -0800] "GET /sergio-perez-and-logan-sargeant-top-unwanted-standings-after-chinese-gp/ HTTP/1.0" 200 - "-" "Mozilla/5.0 (compatible; DotBot/1.2; +https://opensiteexplorer.org/dotbot; help@moz.com)"
216.244.66.249 - - [22/Nov/2024:15:45:07 -0800] "GET /lava-prowatch-zn-with-gorilla-glass-protection-heart-rate-monitor-launched-in-india-price-features/ HTTP/1.0" 200 - "-" "Mozilla/5.0 (compatible; DotBot/1.2; +https://opensiteexplorer.org/dotbot; help@moz.com)"
208.92.218.66 - - [22/Nov/2024:15:45:08 -0800] "GET /feed/ HTTP/1.0" 200 - "-" "Mozilla/5.0 (Windows NT 10.0; Win64; x64) AppleWebKit/537.36 (KHTML, like Gecko) Chrome/70.0.3538.102 Safari/537.36"
216.244.66.249 - - [22/Nov/2024:15:45:10 -0800] "GET /newborn-boy-found-dead-on-skid-row-was-dropped-from-fourth-floor-police-say/ HTTP/1.0" 200 - "-" "Mozilla/5.0 (compatible; DotBot/1.2; +https://opensiteexplorer.org/dotbot; help@moz.com)"
216.244.66.249 - - [22/Nov/2024:15:45:23 -0800] "GET /police-who-took-kebab-break-before-arena-bomb-disciplined/ HTTP/1.0" 200 - "-" "Mozilla/5.0 (compatible; DotBot/1.2; +https://opensiteexplorer.org/dotbot; help@moz.com)"
216.244.66.249 - - [22/Nov/2024:15:45:25 -0800] "GET /ten-dogs-found-dead-in-bag-pulled-from-leeds-canal/ HTTP/1.0" 200 - "-" "Mozilla/5.0 (compatible; DotBot/1.2; +https://opensiteexplorer.org/dotbot; help@moz.com)"
216.244.66.249 - - [22/Nov/2024:15:45:27 -0800] "GET /wimbeldon-2024-sonay-kartal-secures-third-round-meeting-with-coco-gauff/ HTTP/1.0" 200 - "-" "Mozilla/5.0 (compatible; DotBot/1.2; +https://opensiteexplorer.org/dotbot; help@moz.com)"
57.141.0.17 - - [22/Nov/2024:15:45:29 -0800] "GET /wp-json/wp/v2/posts/77056 HTTP/1.0" 200 - "-" "meta-externalagent/1.1 (+https://developers.facebook.com/docs/sharing/webmasters/crawler)"
216.244.66.249 - - [22/Nov/2024:15:45:47 -0800] "GET /londons-elite-garrick-club-votes-to-allow-women-for-the-first-time/ HTTP/1.0" 200 - "-" "Mozilla/5.0 (compatible; DotBot/1.2; +https://opensiteexplorer.org/dotbot; help@moz.com)"
209.182.200.39 - - [22/Nov/2024:15:46:00 -0800] "POST /wp-cron.php?doing_wp_cron=1732319160.5401260852813720703125 HTTP/1.0" 403 228 "-" "WordPress/6.6.2; https://live2news.com"
209.182.200.39 - - [22/Nov/2024:15:46:00 -0800] "GET /wp-content/themes/newscore/assets/images/login-logo.png HTTP/1.0" 200 5193 "-" "-"
57.141.0.22 - - [22/Nov/2024:15:45:59 -0800] "GET /wp-login.php?redirect_to=https%3A%2F%2Flive2news.com%2Fafter-rejecting-google-takeover-wiz-says-will-ipo-when-stars-align%2F HTTP/1.0" 200 7039 "-" "meta-externalagent/1.1 (+https://developers.facebook.com/docs/sharing/webmasters/crawler)"
208.92.218.66 - - [22/Nov/2024:15:46:26 -0800] "GET /feed/ HTTP/1.0" 200 - "-" "Mozilla/5.0 (Windows NT 10.0; Win64; x64) AppleWebKit/537.36 (KHTML, like Gecko) Chrome/70.0.3538.102 Safari/537.36"
57.141.0.28 - - [22/Nov/2024:15:46:32 -0800] "GET /wp-json/wp/v2/posts/169929 HTTP/1.0" 200 - "-" "meta-externalagent/1.1 (+https://developers.facebook.com/docs/sharing/webmasters/crawler)"
208.92.218.66 - - [22/Nov/2024:15:46:35 -0800] "GET /feed/ HTTP/1.0" 200 - "-" "Mozilla/5.0 (Windows NT 10.0; Win64; x64) AppleWebKit/537.36 (KHTML, like Gecko) Chrome/70.0.3538.102 Safari/537.36"
208.92.218.66 - - [22/Nov/2024:15:46:58 -0800] "GET /feed/ HTTP/1.0" 200 - "-" "Mozilla/5.0 (Windows NT 10.0; Win64; x64) AppleWebKit/537.36 (KHTML, like Gecko) Chrome/70.0.3538.102 Safari/537.36"
57.141.0.1 - - [22/Nov/2024:15:47:09 -0800] "GET /wp-json/oembed/1.0/embed?url=https%3A%2F%2Flive2news.com%2Fuswnt-captain-lindsey-horan-and-alex-morgan-jump-onto-press-conference-to-address-korbin-albert-controversy%2F HTTP/1.0" 200 - "-" "meta-externalagent/1.1 (+https://developers.facebook.com/docs/sharing/webmasters/crawler)"
208.92.218.66 - - [22/Nov/2024:15:48:30 -0800] "GET /feed/ HTTP/1.0" 200 - "-" "Mozilla/5.0 (Windows NT 10.0; Win64; x64) AppleWebKit/537.36 (KHTML, like Gecko) Chrome/70.0.3538.102 Safari/537.36"
216.244.66.249 - - [22/Nov/2024:15:50:26 -0800] "GET /category/breaking-news/page/246/ HTTP/1.0" 200 - "-" "Mozilla/5.0 (compatible; DotBot/1.2; +https://opensiteexplorer.org/dotbot; help@moz.com)"
216.244.66.249 - - [22/Nov/2024:15:50:28 -0800] "GET /how-gaza-war-is-testing-the-limits-of-us-diplomacy/ HTTP/1.0" 200 - "-" "Mozilla/5.0 (compatible; DotBot/1.2; +https://opensiteexplorer.org/dotbot; help@moz.com)"
216.244.66.249 - - [22/Nov/2024:15:50:29 -0800] "GET /i-went-into-the-menopause-when-i-was-15/ HTTP/1.0" 200 - "-" "Mozilla/5.0 (compatible; DotBot/1.2; +https://opensiteexplorer.org/dotbot; help@moz.com)"
216.244.66.249 - - [22/Nov/2024:15:50:30 -0800] "GET /met-gala-2024-live-celebrities-red-carpet-and-fashion-highlights/ HTTP/1.0" 200 - "-" "Mozilla/5.0 (compatible; DotBot/1.2; +https://opensiteexplorer.org/dotbot; help@moz.com)"
216.244.66.249 - - [22/Nov/2024:15:50:31 -0800] "GET /mordaunt-moves-to-stop-release-of-murderer/ HTTP/1.0" 200 - "-" "Mozilla/5.0 (compatible; DotBot/1.2; +https://opensiteexplorer.org/dotbot; help@moz.com)"
216.244.66.249 - - [22/Nov/2024:15:50:32 -0800] "GET /surrey-dog-owners-urged-to-nominate-their-pets-as-blood-donors/ HTTP/1.0" 200 - "-" "Mozilla/5.0 (compatible; DotBot/1.2; +https://opensiteexplorer.org/dotbot; help@moz.com)"
216.244.66.249 - - [22/Nov/2024:15:50:34 -0800] "GET /3-time-ipl-champion-parthiv-patel-who-played-for-csk-mi-rcb-set-to-join-gujarat-titans-as-batting-coach-report/ HTTP/1.0" 200 - "-" "Mozilla/5.0 (compatible; DotBot/1.2; +https://opensiteexplorer.org/dotbot; help@moz.com)"
216.244.66.249 - - [22/Nov/2024:15:50:35 -0800] "GET /category/soccer-categories/page/91/ HTTP/1.0" 200 - "-" "Mozilla/5.0 (compatible; DotBot/1.2; +https://opensiteexplorer.org/dotbot; help@moz.com)"
216.244.66.249 - - [22/Nov/2024:15:50:36 -0800] "GET /stevenage-cat-repeatedly-brings-rubbish-into-home/ HTTP/1.0" 200 - "-" "Mozilla/5.0 (compatible; DotBot/1.2; +https://opensiteexplorer.org/dotbot; help@moz.com)"
216.244.66.249 - - [22/Nov/2024:15:50:37 -0800] "GET /tyson-fury-vs-oleksandr-usyk-rematch-on-21-december-says-saudi-official/ HTTP/1.0" 200 - "-" "Mozilla/5.0 (compatible; DotBot/1.2; +https://opensiteexplorer.org/dotbot; help@moz.com)"
216.244.66.249 - - [22/Nov/2024:15:50:38 -0800] "GET /author/laura_kuenssberg/ HTTP/1.0" 200 - "-" "Mozilla/5.0 (compatible; DotBot/1.2; +https://opensiteexplorer.org/dotbot; help@moz.com)"
216.244.66.249 - - [22/Nov/2024:15:50:39 -0800] "GET /author/steve_backshall/ HTTP/1.0" 200 - "-" "Mozilla/5.0 (compatible; DotBot/1.2; +https://opensiteexplorer.org/dotbot; help@moz.com)"
216.244.66.249 - - [22/Nov/2024:15:50:51 -0800] "GET /author/karen_gilchrist/page/11/ HTTP/1.0" 200 - "-" "Mozilla/5.0 (compatible; DotBot/1.2; +https://opensiteexplorer.org/dotbot; help@moz.com)"
216.244.66.249 - - [22/Nov/2024:15:50:53 -0800] "GET /may-rail-strikes-how-is-the-latest-train-drivers-walk-out-affecting-passengers/ HTTP/1.0" 200 - "-" "Mozilla/5.0 (compatible; DotBot/1.2; +https://opensiteexplorer.org/dotbot; help@moz.com)"
208.92.218.66 - - [22/Nov/2024:15:50:53 -0800] "GET /feed/ HTTP/1.0" 200 - "-" "Mozilla/5.0 (Windows NT 10.0; Win64; x64) AppleWebKit/537.36 (KHTML, like Gecko) Chrome/70.0.3538.102 Safari/537.36"
216.244.66.249 - - [22/Nov/2024:15:50:54 -0800] "GET /ryanair-plasters-plane-with-vote-in-the-eu-election-slogan/ HTTP/1.0" 200 - "-" "Mozilla/5.0 (compatible; DotBot/1.2; +https://opensiteexplorer.org/dotbot; help@moz.com)"
216.244.66.249 - - [22/Nov/2024:15:50:55 -0800] "GET /stock-markets-soft-landing-in-sight/ HTTP/1.0" 200 - "-" "Mozilla/5.0 (compatible; DotBot/1.2; +https://opensiteexplorer.org/dotbot; help@moz.com)"
216.244.66.249 - - [22/Nov/2024:15:50:57 -0800] "GET /the-best-gran-canaria-resorts-for-2024/ HTTP/1.0" 200 - "-" "Mozilla/5.0 (compatible; DotBot/1.2; +https://opensiteexplorer.org/dotbot; help@moz.com)"
40.77.167.254 - - [22/Nov/2024:15:51:13 -0800] "GET /alaska-city-puts-limit-on-how-many-cruise-passengers-can-visit-after-being-overwhelmed-by-tourists-last-year/ HTTP/1.0" 200 - "-" "Mozilla/5.0 AppleWebKit/537.36 (KHTML, like Gecko; compatible; bingbot/2.0; +http://www.bing.com/bingbot.htm) Chrome/116.0.1938.76 Safari/537.36"
208.92.218.66 - - [22/Nov/2024:15:51:31 -0800] "GET /feed/ HTTP/1.0" 200 - "-" "Mozilla/5.0 (Windows NT 10.0; Win64; x64) AppleWebKit/537.36 (KHTML, like Gecko) Chrome/70.0.3538.102 Safari/537.36"
17.241.227.250 - - [22/Nov/2024:15:51:54 -0800] "GET /israel-condemns-un-move-to-blacklist-idf-for-harming-children/ HTTP/1.0" 200 - "-" "Mozilla/5.0 (Macintosh; Intel Mac OS X 10_15_7) AppleWebKit/605.1.15 (KHTML, like Gecko) Version/17.4 Safari/605.1.15 (Applebot/0.1; +http://www.apple.com/go/applebot)"
208.92.218.66 - - [22/Nov/2024:15:55:35 -0800] "GET /feed/ HTTP/1.0" 200 - "-" "Mozilla/5.0 (Windows NT 10.0; Win64; x64) AppleWebKit/537.36 (KHTML, like Gecko) Chrome/70.0.3538.102 Safari/537.36"
208.92.218.66 - - [22/Nov/2024:15:56:14 -0800] "GET /feed/ HTTP/1.0" 200 - "-" "Mozilla/5.0 (Windows NT 10.0; Win64; x64) AppleWebKit/537.36 (KHTML, like Gecko) Chrome/70.0.3538.102 Safari/537.36"
208.92.218.66 - - [22/Nov/2024:15:56:23 -0800] "GET /feed/ HTTP/1.0" 200 - "-" "Mozilla/5.0 (Windows NT 10.0; Win64; x64) AppleWebKit/537.36 (KHTML, like Gecko) Chrome/70.0.3538.102 Safari/537.36"
208.92.218.66 - - [22/Nov/2024:15:56:25 -0800] "GET /feed/ HTTP/1.0" 200 - "-" "Mozilla/5.0 (Windows NT 10.0; Win64; x64) AppleWebKit/537.36 (KHTML, like Gecko) Chrome/70.0.3538.102 Safari/537.36"
208.92.218.66 - - [22/Nov/2024:15:56:37 -0800] "GET /feed/ HTTP/1.0" 200 - "-" "Mozilla/5.0 (Windows NT 10.0; Win64; x64) AppleWebKit/537.36 (KHTML, like Gecko) Chrome/70.0.3538.102 Safari/537.36"
208.92.218.66 - - [22/Nov/2024:15:57:11 -0800] "GET /feed/ HTTP/1.0" 200 - "-" "Mozilla/5.0 (Windows NT 10.0; Win64; x64) AppleWebKit/537.36 (KHTML, like Gecko) Chrome/70.0.3538.102 Safari/537.36"
57.141.0.5 - - [22/Nov/2024:16:00:17 -0800] "GET /?p=48546 HTTP/1.0" 200 - "-" "meta-externalagent/1.1 (+https://developers.facebook.com/docs/sharing/webmasters/crawler)"
208.92.218.66 - - [22/Nov/2024:16:01:08 -0800] "GET /feed/ HTTP/1.0" 200 - "-" "Mozilla/5.0 (Windows NT 10.0; Win64; x64) AppleWebKit/537.36 (KHTML, like Gecko) Chrome/70.0.3538.102 Safari/537.36"
208.92.218.66 - - [22/Nov/2024:16:02:27 -0800] "GET /feed/ HTTP/1.0" 200 - "-" "Mozilla/5.0 (Windows NT 10.0; Win64; x64) AppleWebKit/537.36 (KHTML, like Gecko) Chrome/70.0.3538.102 Safari/537.36"
208.92.218.66 - - [22/Nov/2024:16:03:00 -0800] "GET /feed/ HTTP/1.0" 200 - "-" "Mozilla/5.0 (Windows NT 10.0; Win64; x64) AppleWebKit/537.36 (KHTML, like Gecko) Chrome/70.0.3538.102 Safari/537.36"
208.92.218.66 - - [22/Nov/2024:16:04:10 -0800] "GET /feed/ HTTP/1.0" 200 - "-" "Mozilla/5.0 (Windows NT 10.0; Win64; x64) AppleWebKit/537.36 (KHTML, like Gecko) Chrome/70.0.3538.102 Safari/537.36"
208.92.218.66 - - [22/Nov/2024:16:04:21 -0800] "GET /feed/ HTTP/1.0" 200 - "-" "Mozilla/5.0 (Windows NT 10.0; Win64; x64) AppleWebKit/537.36 (KHTML, like Gecko) Chrome/70.0.3538.102 Safari/537.36"
208.92.218.66 - - [22/Nov/2024:16:04:29 -0800] "GET /feed/ HTTP/1.0" 200 - "-" "Mozilla/5.0 (Windows NT 10.0; Win64; x64) AppleWebKit/537.36 (KHTML, like Gecko) Chrome/70.0.3538.102 Safari/537.36"
208.92.218.66 - - [22/Nov/2024:16:04:56 -0800] "GET /feed/ HTTP/1.0" 200 - "-" "Mozilla/5.0 (Windows NT 10.0; Win64; x64) AppleWebKit/537.36 (KHTML, like Gecko) Chrome/70.0.3538.102 Safari/537.36"
57.141.0.21 - - [22/Nov/2024:16:05:12 -0800] "GET /wp-json/oembed/1.0/embed?url=https%3A%2F%2Flive2news.com%2Fnov-4-the-last-day-to-cast-an-early-ballot-in-upcoming-regina-election%2F HTTP/1.0" 200 - "-" "meta-externalagent/1.1 (+https://developers.facebook.com/docs/sharing/webmasters/crawler)"
114.119.160.248 - - [22/Nov/2024:16:05:25 -0800] "GET /apple-could-reportedly-offer-ai-features-on-device-with-ios-18-but-that-might-come-at-a-cost/ HTTP/1.0" 200 - "https://live2news.com/milei-denounces-intimidating-threats-on-social-media-mercopress/" "Mozilla/5.0 (Linux; Android 7.0;) AppleWebKit/537.36 (KHTML, like Gecko) Mobile Safari/537.36 (compatible; PetalBot;+https://webmaster.petalsearch.com/site/petalbot)"
57.141.0.21 - - [22/Nov/2024:16:06:24 -0800] "GET /?p=169719 HTTP/1.0" 200 - "-" "meta-externalagent/1.1 (+https://developers.facebook.com/docs/sharing/webmasters/crawler)"
208.92.218.66 - - [22/Nov/2024:16:06:35 -0800] "GET /feed/ HTTP/1.0" 200 - "-" "Mozilla/5.0 (Windows NT 10.0; Win64; x64) AppleWebKit/537.36 (KHTML, like Gecko) Chrome/70.0.3538.102 Safari/537.36"
209.182.200.39 - - [22/Nov/2024:16:06:39 -0800] "POST /wp-cron.php?doing_wp_cron=1732320399.3604700565338134765625 HTTP/1.0" 403 228 "-" "WordPress/6.6.2; https://live2news.com"
209.182.200.39 - - [22/Nov/2024:16:06:39 -0800] "GET /wp-content/themes/newscore/assets/images/login-logo.png HTTP/1.0" 200 5193 "-" "-"
57.141.0.12 - - [22/Nov/2024:16:06:36 -0800] "GET /wp-login.php?redirect_to=https%3A%2F%2Flive2news.com%2Fcalifornia-water-tunnel-cost-estimated-at-20-billion%2F HTTP/1.0" 200 7025 "-" "meta-externalagent/1.1 (+https://developers.facebook.com/docs/sharing/webmasters/crawler)"
208.92.218.66 - - [22/Nov/2024:16:07:05 -0800] "GET /feed/ HTTP/1.0" 200 - "-" "Mozilla/5.0 (Windows NT 10.0; Win64; x64) AppleWebKit/537.36 (KHTML, like Gecko) Chrome/70.0.3538.102 Safari/537.36"
57.141.0.26 - - [22/Nov/2024:16:09:47 -0800] "GET /after-tabbing-twice-to-beat-nu-plans-to-leave-it-unused/ HTTP/1.0" 200 - "-" "meta-externalagent/1.1 (+https://developers.facebook.com/docs/sharing/webmasters/crawler)"
57.141.0.3 - - [22/Nov/2024:16:09:49 -0800] "GET /chances-of-winning-t20-world-2024/ HTTP/1.0" 200 - "-" "meta-externalagent/1.1 (+https://developers.facebook.com/docs/sharing/webmasters/crawler)"
208.92.218.66 - - [22/Nov/2024:16:10:18 -0800] "GET /feed/ HTTP/1.0" 200 - "-" "Mozilla/5.0 (Windows NT 10.0; Win64; x64) AppleWebKit/537.36 (KHTML, like Gecko) Chrome/70.0.3538.102 Safari/537.36"
208.92.218.66 - - [22/Nov/2024:16:10:27 -0800] "GET /feed/ HTTP/1.0" 200 - "-" "Mozilla/5.0 (Windows NT 10.0; Win64; x64) AppleWebKit/537.36 (KHTML, like Gecko) Chrome/70.0.3538.102 Safari/537.36"
208.92.218.66 - - [22/Nov/2024:16:11:42 -0800] "GET /feed/ HTTP/1.0" 200 - "-" "Mozilla/5.0 (Windows NT 10.0; Win64; x64) AppleWebKit/537.36 (KHTML, like Gecko) Chrome/70.0.3538.102 Safari/537.36"
208.92.218.66 - - [22/Nov/2024:16:11:59 -0800] "GET /feed/ HTTP/1.0" 200 - "-" "Mozilla/5.0 (Windows NT 10.0; Win64; x64) AppleWebKit/537.36 (KHTML, like Gecko) Chrome/70.0.3538.102 Safari/537.36"
208.92.218.66 - - [22/Nov/2024:16:12:58 -0800] "GET /feed/ HTTP/1.0" 200 - "-" "Mozilla/5.0 (Windows NT 10.0; Win64; x64) AppleWebKit/537.36 (KHTML, like Gecko) Chrome/70.0.3538.102 Safari/537.36"
209.182.200.39 - - [22/Nov/2024:16:13:20 -0800] "POST /wp-cron.php?doing_wp_cron=1732320800.2799110412597656250000 HTTP/1.0" 403 228 "-" "WordPress/6.6.2; https://live2news.com"
209.182.200.39 - - [22/Nov/2024:16:13:20 -0800] "GET /wp-content/themes/newscore/assets/images/login-logo.png HTTP/1.0" 200 5193 "-" "-"
57.141.0.13 - - [22/Nov/2024:16:13:18 -0800] "GET /wp-login.php?redirect_to=https%3A%2F%2Flive2news.com%2Friyadh-air-saudi-arabias-start-up-airline-places-order-for-60-airbus-planes%2F HTTP/1.0" 200 7048 "-" "meta-externalagent/1.1 (+https://developers.facebook.com/docs/sharing/webmasters/crawler)"
208.92.218.66 - - [22/Nov/2024:16:15:41 -0800] "GET /feed/ HTTP/1.0" 200 - "-" "Mozilla/5.0 (Windows NT 10.0; Win64; x64) AppleWebKit/537.36 (KHTML, like Gecko) Chrome/70.0.3538.102 Safari/537.36"
57.141.0.8 - - [22/Nov/2024:16:15:59 -0800] "GET /wp-json/oembed/1.0/embed?url=https%3A%2F%2Flive2news.com%2Foverturning-of-weinstein-conviction-a-hard-day%2F HTTP/1.0" 200 - "-" "meta-externalagent/1.1 (+https://developers.facebook.com/docs/sharing/webmasters/crawler)"
208.92.218.66 - - [22/Nov/2024:16:20:11 -0800] "GET /feed/ HTTP/1.0" 200 - "-" "Mozilla/5.0 (Windows NT 10.0; Win64; x64) AppleWebKit/537.36 (KHTML, like Gecko) Chrome/70.0.3538.102 Safari/537.36"
85.208.96.200 - - [22/Nov/2024:16:20:45 -0800] "GET /robots.txt HTTP/1.0" 200 67 "-" "Mozilla/5.0 (compatible; SemrushBot/7~bl; +http://www.semrush.com/bot.html)"
185.191.171.5 - - [22/Nov/2024:16:20:46 -0800] "GET /liberal-democratic-party-to-fall-short-of-majority/ HTTP/1.0" 200 - "-" "Mozilla/5.0 (compatible; SemrushBot/7~bl; +http://www.semrush.com/bot.html)"
57.141.0.7 - - [22/Nov/2024:16:21:12 -0800] "GET /?p=170447 HTTP/1.0" 200 - "-" "meta-externalagent/1.1 (+https://developers.facebook.com/docs/sharing/webmasters/crawler)"
57.141.0.15 - - [22/Nov/2024:16:22:21 -0800] "GET /?p=33617 HTTP/1.0" 200 - "-" "meta-externalagent/1.1 (+https://developers.facebook.com/docs/sharing/webmasters/crawler)"
216.244.66.249 - - [22/Nov/2024:16:24:51 -0800] "GET /robots.txt HTTP/1.0" 200 66 "-" "Mozilla/5.0 (compatible; DotBot/1.2; +https://opensiteexplorer.org/dotbot; help@moz.com)"
57.141.0.12 - - [22/Nov/2024:16:28:48 -0800] "GET /?p=53378 HTTP/1.0" 200 - "-" "meta-externalagent/1.1 (+https://developers.facebook.com/docs/sharing/webmasters/crawler)"
208.92.218.66 - - [22/Nov/2024:16:29:02 -0800] "GET /feed/ HTTP/1.0" 200 - "-" "Mozilla/5.0 (Windows NT 10.0; Win64; x64) AppleWebKit/537.36 (KHTML, like Gecko) Chrome/70.0.3538.102 Safari/537.36"
57.141.0.8 - - [22/Nov/2024:16:29:15 -0800] "GET /wp-json/oembed/1.0/embed?url=https%3A%2F%2Flive2news.com%2Fsuri-cruise-is-the-spitting-image-of-mom-katie-holmes-ahead-of-her-18th-birthday%2F HTTP/1.0" 200 - "-" "meta-externalagent/1.1 (+https://developers.facebook.com/docs/sharing/webmasters/crawler)"
216.244.66.249 - - [22/Nov/2024:16:31:03 -0800] "GET /best-in-class-stocks-are-surging-so-buy-them-quick-bank-of-america-says/ HTTP/1.0" 200 - "-" "Mozilla/5.0 (compatible; DotBot/1.2; +https://opensiteexplorer.org/dotbot; help@moz.com)"
216.244.66.249 - - [22/Nov/2024:16:31:21 -0800] "GET /trial-begins-for-men-accused-of-smuggling-family-who-froze-to-death/ HTTP/1.0" 200 - "-" "Mozilla/5.0 (compatible; DotBot/1.2; +https://opensiteexplorer.org/dotbot; help@moz.com)"
57.141.0.22 - - [22/Nov/2024:16:32:33 -0800] "GET /wp-json/wp/v2/posts/169988 HTTP/1.0" 200 - "-" "meta-externalagent/1.1 (+https://developers.facebook.com/docs/sharing/webmasters/crawler)"
208.92.218.66 - - [22/Nov/2024:16:32:39 -0800] "GET /feed/ HTTP/1.0" 200 - "-" "Mozilla/5.0 (Windows NT 10.0; Win64; x64) AppleWebKit/537.36 (KHTML, like Gecko) Chrome/70.0.3538.102 Safari/537.36"
216.244.66.249 - - [22/Nov/2024:16:38:13 -0800] "GET /virat-kohli-continues-to-dominate-headlines-in-australian-media-cricket-god/ HTTP/1.0" 200 - "-" "Mozilla/5.0 (compatible; DotBot/1.2; +https://opensiteexplorer.org/dotbot; help@moz.com)"
57.141.0.27 - - [22/Nov/2024:16:38:27 -0800] "GET /wp-json/oembed/1.0/embed?url=https%3A%2F%2Flive2news.com%2Fnew-ucla-therapy-shows-promise-in-preventing-heart-failure-after-heart-attacks%2F HTTP/1.0" 200 - "-" "meta-externalagent/1.1 (+https://developers.facebook.com/docs/sharing/webmasters/crawler)"
216.244.66.249 - - [22/Nov/2024:16:40:05 -0800] "GET /brendon-mccullum-key-issues-for-england-white-ball-coach-to-address/ HTTP/1.0" 200 - "-" "Mozilla/5.0 (compatible; DotBot/1.2; +https://opensiteexplorer.org/dotbot; help@moz.com)"
17.241.75.229 - - [22/Nov/2024:16:40:08 -0800] "GET /nato-leaders-reaction-to-joe-biden-calling-zelensky-putin-goes-viral/ HTTP/1.0" 200 - "-" "Mozilla/5.0 (Macintosh; Intel Mac OS X 10_15_7) AppleWebKit/605.1.15 (KHTML, like Gecko) Version/17.4 Safari/605.1.15 (Applebot/0.1; +http://www.apple.com/go/applebot)"
216.244.66.249 - - [22/Nov/2024:16:40:08 -0800] "GET /new-york-city-to-move-ahead-with-congestion-pricing-plan/ HTTP/1.0" 200 - "-" "Mozilla/5.0 (compatible; DotBot/1.2; +https://opensiteexplorer.org/dotbot; help@moz.com)"
216.244.66.249 - - [22/Nov/2024:16:40:12 -0800] "GET /outbreak-of-bird-flu-strain-h5n1-on-cornish-farm/ HTTP/1.0" 200 - "-" "Mozilla/5.0 (compatible; DotBot/1.2; +https://opensiteexplorer.org/dotbot; help@moz.com)"
216.244.66.249 - - [22/Nov/2024:16:40:52 -0800] "GET /college-football-week-12-highlights-top-plays-games-takeaways/ HTTP/1.0" 200 - "-" "Mozilla/5.0 (compatible; DotBot/1.2; +https://opensiteexplorer.org/dotbot; help@moz.com)"
216.244.66.249 - - [22/Nov/2024:16:41:12 -0800] "GET /william-mcgreanerys-family-settle-case-against-mod/ HTTP/1.0" 200 - "-" "Mozilla/5.0 (compatible; DotBot/1.2; +https://opensiteexplorer.org/dotbot; help@moz.com)"
216.244.66.249 - - [22/Nov/2024:16:41:30 -0800] "GET /birmingham-xl-bully-owner-gets-suspended-sentence-after-girl-injured/ HTTP/1.0" 200 - "-" "Mozilla/5.0 (compatible; DotBot/1.2; +https://opensiteexplorer.org/dotbot; help@moz.com)"
185.191.171.2 - - [22/Nov/2024:16:41:35 -0800] "GET /ind-w-vs-nz-w-devine-intervention-topples-india-as-new-zealand-equalizes-tally-with-convincing-win/ HTTP/1.0" 200 - "-" "Mozilla/5.0 (compatible; SemrushBot/7~bl; +http://www.semrush.com/bot.html)"
216.244.66.249 - - [22/Nov/2024:16:44:42 -0800] "GET /conor-mcgregor-tells-court-sex-with-rape-accuser-was-consensual/ HTTP/1.0" 200 - "-" "Mozilla/5.0 (compatible; DotBot/1.2; +https://opensiteexplorer.org/dotbot; help@moz.com)"
114.119.160.248 - - [22/Nov/2024:16:44:47 -0800] "GET /3-teens-in-custody-following-assault-at-calgarys-market-mall-calgary/ HTTP/1.0" 200 - "https://live2news.com/jamal-murrays-return-sparks-nuggets-to-win-over-hawks/" "Mozilla/5.0 (Linux; Android 7.0;) AppleWebKit/537.36 (KHTML, like Gecko) Mobile Safari/537.36 (compatible; PetalBot;+https://webmaster.petalsearch.com/site/petalbot)"
216.244.66.249 - - [22/Nov/2024:16:44:58 -0800] "GET /swanage-care-home-deaths-woman-released-without-charge/ HTTP/1.0" 200 - "-" "Mozilla/5.0 (compatible; DotBot/1.2; +https://opensiteexplorer.org/dotbot; help@moz.com)"
216.244.66.249 - - [22/Nov/2024:16:45:13 -0800] "GET /record-number-of-women-candidates/ HTTP/1.0" 200 - "-" "Mozilla/5.0 (compatible; DotBot/1.2; +https://opensiteexplorer.org/dotbot; help@moz.com)"
208.92.218.66 - - [22/Nov/2024:16:46:33 -0800] "GET /feed/ HTTP/1.0" 200 - "-" "Mozilla/5.0 (Windows NT 10.0; Win64; x64) AppleWebKit/537.36 (KHTML, like Gecko) Chrome/70.0.3538.102 Safari/537.36"
