57.141.0.11 - - [22/Nov/2024:13:14:16 -0800] "GET /?p=169308 HTTP/1.0" 200 - "-" "meta-externalagent/1.1 (+https://developers.facebook.com/docs/sharing/webmasters/crawler)"
114.119.160.248 - - [22/Nov/2024:13:14:17 -0800] "GET /apple-could-rebrand-apple-id-to-apple-account-later-in-2024-says-report/ HTTP/1.0" 200 - "https://live2news.com/driver-has-two-vehicles-impounded-and-2k-in-fines-in-one-night-in-vernon-b-c/" "Mozilla/5.0 (Linux; Android 7.0;) AppleWebKit/537.36 (KHTML, like Gecko) Mobile Safari/537.36 (compatible; PetalBot;+https://webmaster.petalsearch.com/site/petalbot)"
216.244.66.249 - - [22/Nov/2024:13:14:19 -0800] "GET /sam-eggington-back-in-the-gym-and-preparing-for-ring-return/ HTTP/1.0" 200 - "-" "Mozilla/5.0 (compatible; DotBot/1.2; +https://opensiteexplorer.org/dotbot; help@moz.com)"
216.244.66.249 - - [22/Nov/2024:13:14:22 -0800] "GET /met-officer-sacked-for-accessing-sarah-everard-files/ HTTP/1.0" 200 - "-" "Mozilla/5.0 (compatible; DotBot/1.2; +https://opensiteexplorer.org/dotbot; help@moz.com)"
57.141.0.17 - - [22/Nov/2024:13:14:25 -0800] "GET /author/de3f0e264cf4a52767fcce66b3ad6909/ HTTP/1.0" 200 - "-" "meta-externalagent/1.1 (+https://developers.facebook.com/docs/sharing/webmasters/crawler)"
216.244.66.249 - - [22/Nov/2024:13:14:25 -0800] "GET /san-bernardino-duo-allegedly-stole-2-1-million-in-pandemic-benefits/ HTTP/1.0" 200 - "-" "Mozilla/5.0 (compatible; DotBot/1.2; +https://opensiteexplorer.org/dotbot; help@moz.com)"
216.244.66.249 - - [22/Nov/2024:13:14:28 -0800] "GET /moringa-benefits-explained-by-nutrition-experts/ HTTP/1.0" 200 - "-" "Mozilla/5.0 (compatible; DotBot/1.2; +https://opensiteexplorer.org/dotbot; help@moz.com)"
216.244.66.249 - - [22/Nov/2024:13:14:30 -0800] "GET /naomi-long-allocates-additional-37m/ HTTP/1.0" 200 - "-" "Mozilla/5.0 (compatible; DotBot/1.2; +https://opensiteexplorer.org/dotbot; help@moz.com)"
216.244.66.249 - - [22/Nov/2024:13:14:32 -0800] "GET /trump-picks-fcc-commissioner-brendan-carr-to-lead-the-agency/ HTTP/1.0" 200 - "-" "Mozilla/5.0 (compatible; DotBot/1.2; +https://opensiteexplorer.org/dotbot; help@moz.com)"
216.244.66.249 - - [22/Nov/2024:13:14:33 -0800] "GET /watch-video-turned-into-insurers-stars-a-fake-bear-authorities-say/ HTTP/1.0" 200 - "-" "Mozilla/5.0 (compatible; DotBot/1.2; +https://opensiteexplorer.org/dotbot; help@moz.com)"
216.244.66.249 - - [22/Nov/2024:13:14:35 -0800] "GET /ecosia-qwant-partner-on-search-engine-tech-to-counter-googles-power/ HTTP/1.0" 200 - "-" "Mozilla/5.0 (compatible; DotBot/1.2; +https://opensiteexplorer.org/dotbot; help@moz.com)"
216.244.66.249 - - [22/Nov/2024:13:14:36 -0800] "GET /mindfulness-therapy-trial-in-uk-to-help-combat-teenage-depression/ HTTP/1.0" 200 - "-" "Mozilla/5.0 (compatible; DotBot/1.2; +https://opensiteexplorer.org/dotbot; help@moz.com)"
216.244.66.249 - - [22/Nov/2024:13:14:38 -0800] "GET /daniel-pennys-attorneys-going-in-circles-jordan-neelys-uncle-says/ HTTP/1.0" 200 - "-" "Mozilla/5.0 (compatible; DotBot/1.2; +https://opensiteexplorer.org/dotbot; help@moz.com)"
216.244.66.249 - - [22/Nov/2024:13:14:40 -0800] "GET /china-swimmers-olympic-wins-shadowed-by-doping-scandal/ HTTP/1.0" 200 - "-" "Mozilla/5.0 (compatible; DotBot/1.2; +https://opensiteexplorer.org/dotbot; help@moz.com)"
57.141.0.19 - - [22/Nov/2024:13:14:42 -0800] "GET /wp-json/wp/v2/posts/169338 HTTP/1.0" 200 - "-" "meta-externalagent/1.1 (+https://developers.facebook.com/docs/sharing/webmasters/crawler)"
216.244.66.249 - - [22/Nov/2024:13:14:42 -0800] "GET /hull-fc-director-of-rugby-richie-myler-out-to-restore-pride-in-club/ HTTP/1.0" 200 - "-" "Mozilla/5.0 (compatible; DotBot/1.2; +https://opensiteexplorer.org/dotbot; help@moz.com)"
216.244.66.249 - - [22/Nov/2024:13:14:44 -0800] "GET /jennifer-aydin-rhonj-reboot-taunt-angers-fans/ HTTP/1.0" 200 - "-" "Mozilla/5.0 (compatible; DotBot/1.2; +https://opensiteexplorer.org/dotbot; help@moz.com)"
216.244.66.249 - - [22/Nov/2024:13:14:46 -0800] "GET /gen-z-dreamer-vows-to-leave-trumps-america-dont-feel-safe/ HTTP/1.0" 200 - "-" "Mozilla/5.0 (compatible; DotBot/1.2; +https://opensiteexplorer.org/dotbot; help@moz.com)"
216.244.66.249 - - [22/Nov/2024:13:14:48 -0800] "GET /government-admits-new-rosebank-oil-field-approved-unlawfully/ HTTP/1.0" 200 - "-" "Mozilla/5.0 (compatible; DotBot/1.2; +https://opensiteexplorer.org/dotbot; help@moz.com)"
216.244.66.249 - - [22/Nov/2024:13:14:50 -0800] "GET /suzy-lamplugh-murder-suspect-john-cannans-inquest-opens/ HTTP/1.0" 200 - "-" "Mozilla/5.0 (compatible; DotBot/1.2; +https://opensiteexplorer.org/dotbot; help@moz.com)"
216.244.66.249 - - [22/Nov/2024:13:14:53 -0800] "GET /pro-trump-prophets-take-a-victory-lap-after-being-wrong-for-four-years/ HTTP/1.0" 200 - "-" "Mozilla/5.0 (compatible; DotBot/1.2; +https://opensiteexplorer.org/dotbot; help@moz.com)"
216.244.66.249 - - [22/Nov/2024:13:14:59 -0800] "GET /mlb-insider-suggests-mets-offseason-could-be-more-fun-than-postseason-run/ HTTP/1.0" 200 - "-" "Mozilla/5.0 (compatible; DotBot/1.2; +https://opensiteexplorer.org/dotbot; help@moz.com)"
216.244.66.249 - - [22/Nov/2024:13:15:01 -0800] "GET /victor-wembanyama-has-career-high-50-points-to-help-spurs-top-wizards-139-130/ HTTP/1.0" 200 - "-" "Mozilla/5.0 (compatible; DotBot/1.2; +https://opensiteexplorer.org/dotbot; help@moz.com)"
216.244.66.249 - - [22/Nov/2024:13:15:03 -0800] "GET /california-its-going-to-be-ok-this-is-still-our-moment/ HTTP/1.0" 200 - "-" "Mozilla/5.0 (compatible; DotBot/1.2; +https://opensiteexplorer.org/dotbot; help@moz.com)"
216.244.66.249 - - [22/Nov/2024:13:15:06 -0800] "GET /dont-impose-assistants-on-finidi-george/ HTTP/1.0" 200 - "-" "Mozilla/5.0 (compatible; DotBot/1.2; +https://opensiteexplorer.org/dotbot; help@moz.com)"
57.141.0.23 - - [22/Nov/2024:13:15:06 -0800] "GET /?p=34033 HTTP/1.0" 200 - "-" "meta-externalagent/1.1 (+https://developers.facebook.com/docs/sharing/webmasters/crawler)"
216.244.66.249 - - [22/Nov/2024:13:15:07 -0800] "GET /jim-mcdonnell-sworn-in-as-lapd-chief-amid-immigration-concerns/ HTTP/1.0" 200 - "-" "Mozilla/5.0 (compatible; DotBot/1.2; +https://opensiteexplorer.org/dotbot; help@moz.com)"
216.244.66.249 - - [22/Nov/2024:13:15:09 -0800] "GET /naomi-osaka-dumped-out-of-wimbledon-by-emma-navarro/ HTTP/1.0" 200 - "-" "Mozilla/5.0 (compatible; DotBot/1.2; +https://opensiteexplorer.org/dotbot; help@moz.com)"
216.244.66.249 - - [22/Nov/2024:13:15:11 -0800] "GET /ufc-301-pantoja-vs-erceg-live-results-and-analysis/ HTTP/1.0" 200 - "-" "Mozilla/5.0 (compatible; DotBot/1.2; +https://opensiteexplorer.org/dotbot; help@moz.com)"
216.244.66.249 - - [22/Nov/2024:13:15:12 -0800] "GET /jaismine-lamboria-inches-closer-to-paris-olympics-quota-sachin-siwach-to-play-box-off/ HTTP/1.0" 200 - "-" "Mozilla/5.0 (compatible; DotBot/1.2; +https://opensiteexplorer.org/dotbot; help@moz.com)"
216.244.66.249 - - [22/Nov/2024:13:15:14 -0800] "GET /todays-wordle-1044-answer-hints-and-clues-for-sunday-april-28-game/ HTTP/1.0" 200 - "-" "Mozilla/5.0 (compatible; DotBot/1.2; +https://opensiteexplorer.org/dotbot; help@moz.com)"
216.244.66.249 - - [22/Nov/2024:13:15:15 -0800] "GET /cheteshwar-pujaras-64th-first-class-century-shows-he-is-not-done-yet-eyes-india-vs-australia-test-series-comeback/ HTTP/1.0" 200 - "-" "Mozilla/5.0 (compatible; DotBot/1.2; +https://opensiteexplorer.org/dotbot; help@moz.com)"
216.244.66.249 - - [22/Nov/2024:13:15:17 -0800] "GET /ipl-2024-twitter-reacts-to-patidar-and-rcb-spinners-dismantling-high-rising-srh-in-their-den-2/ HTTP/1.0" 200 - "-" "Mozilla/5.0 (compatible; DotBot/1.2; +https://opensiteexplorer.org/dotbot; help@moz.com)"
216.244.66.249 - - [22/Nov/2024:13:15:18 -0800] "GET /hockey-india-begins-celebration-of-100-years-of-indian-hockey/ HTTP/1.0" 200 - "-" "Mozilla/5.0 (compatible; DotBot/1.2; +https://opensiteexplorer.org/dotbot; help@moz.com)"
216.244.66.249 - - [22/Nov/2024:13:15:19 -0800] "GET /stephen-a-smith-predicts-angel-reese-will-win-rookie-of-the-year-award/ HTTP/1.0" 200 - "-" "Mozilla/5.0 (compatible; DotBot/1.2; +https://opensiteexplorer.org/dotbot; help@moz.com)"
216.244.66.249 - - [22/Nov/2024:13:15:21 -0800] "GET /author/anna_shannon/ HTTP/1.0" 200 - "-" "Mozilla/5.0 (compatible; DotBot/1.2; +https://opensiteexplorer.org/dotbot; help@moz.com)"
216.244.66.249 - - [22/Nov/2024:13:15:24 -0800] "GET /author/jared_klickstein/ HTTP/1.0" 200 - "-" "Mozilla/5.0 (compatible; DotBot/1.2; +https://opensiteexplorer.org/dotbot; help@moz.com)"
208.92.218.66 - - [22/Nov/2024:13:16:29 -0800] "GET /feed/ HTTP/1.0" 200 - "-" "Mozilla/5.0 (Windows NT 10.0; Win64; x64) AppleWebKit/537.36 (KHTML, like Gecko) Chrome/70.0.3538.102 Safari/537.36"
208.92.218.66 - - [22/Nov/2024:13:16:44 -0800] "GET /feed/ HTTP/1.0" 200 - "-" "Mozilla/5.0 (Windows NT 10.0; Win64; x64) AppleWebKit/537.36 (KHTML, like Gecko) Chrome/70.0.3538.102 Safari/537.36"
216.244.66.249 - - [22/Nov/2024:13:16:56 -0800] "GET /author/9623d97f5321def44625ed45d19b6544/ HTTP/1.0" 200 - "-" "Mozilla/5.0 (compatible; DotBot/1.2; +https://opensiteexplorer.org/dotbot; help@moz.com)"
216.244.66.249 - - [22/Nov/2024:13:17:04 -0800] "GET /author/c54ae939a6a28d5417e7c41c85bbde94/ HTTP/1.0" 200 - "-" "Mozilla/5.0 (compatible; DotBot/1.2; +https://opensiteexplorer.org/dotbot; help@moz.com)"
216.244.66.249 - - [22/Nov/2024:13:17:10 -0800] "GET /president-tinubu-demands-end-to-deadly-unrest/ HTTP/1.0" 200 - "-" "Mozilla/5.0 (compatible; DotBot/1.2; +https://opensiteexplorer.org/dotbot; help@moz.com)"
216.244.66.249 - - [22/Nov/2024:13:17:47 -0800] "GET /author/thom_breathnach/feed/ HTTP/1.0" 200 - "-" "Mozilla/5.0 (compatible; DotBot/1.2; +https://opensiteexplorer.org/dotbot; help@moz.com)"
57.141.0.7 - - [22/Nov/2024:13:19:39 -0800] "GET /?p=38417 HTTP/1.0" 200 - "-" "meta-externalagent/1.1 (+https://developers.facebook.com/docs/sharing/webmasters/crawler)"
57.141.0.11 - - [22/Nov/2024:13:19:54 -0800] "GET /wp-json/oembed/1.0/embed?url=https%3A%2F%2Flive2news.com%2Fstephen-cloobeck-enters-the-2026-california-governors-race%2F HTTP/1.0" 200 - "-" "meta-externalagent/1.1 (+https://developers.facebook.com/docs/sharing/webmasters/crawler)"
216.244.66.249 - - [22/Nov/2024:13:19:56 -0800] "GET /brighton-revealed-as-the-uks-sunniest-city-where-does-your-city-rank/ HTTP/1.0" 200 - "-" "Mozilla/5.0 (compatible; DotBot/1.2; +https://opensiteexplorer.org/dotbot; help@moz.com)"
57.141.0.22 - - [22/Nov/2024:13:20:08 -0800] "GET /wp-json/wp/v2/posts/44621 HTTP/1.0" 200 - "-" "meta-externalagent/1.1 (+https://developers.facebook.com/docs/sharing/webmasters/crawler)"
209.182.200.39 - - [22/Nov/2024:13:20:15 -0800] "POST /wp-cron.php?doing_wp_cron=1732310414.9466969966888427734375 HTTP/1.0" 403 228 "-" "WordPress/6.6.2; https://live2news.com"
209.182.200.39 - - [22/Nov/2024:13:20:15 -0800] "GET /wp-content/themes/newscore/assets/images/login-logo.png HTTP/1.0" 200 5193 "-" "-"
57.141.0.19 - - [22/Nov/2024:13:20:13 -0800] "GET /wp-login.php?redirect_to=https%3A%2F%2Flive2news.com%2Fspeculation-on-manchester-uniteds-next-manager%2F HTTP/1.0" 200 7019 "-" "meta-externalagent/1.1 (+https://developers.facebook.com/docs/sharing/webmasters/crawler)"
57.141.0.3 - - [22/Nov/2024:13:21:10 -0800] "GET /wp-json/wp/v2/posts/171434 HTTP/1.0" 200 - "-" "meta-externalagent/1.1 (+https://developers.facebook.com/docs/sharing/webmasters/crawler)"
57.141.0.1 - - [22/Nov/2024:13:21:16 -0800] "GET /wp-json/wp/v2/posts/23150 HTTP/1.0" 200 - "-" "meta-externalagent/1.1 (+https://developers.facebook.com/docs/sharing/webmasters/crawler)"
57.141.0.17 - - [22/Nov/2024:13:21:32 -0800] "GET /wp-json/wp/v2/posts/170193 HTTP/1.0" 200 - "-" "meta-externalagent/1.1 (+https://developers.facebook.com/docs/sharing/webmasters/crawler)"
216.244.66.249 - - [22/Nov/2024:13:22:33 -0800] "GET /is-a-christine-janelle-show-finally-real/ HTTP/1.0" 200 - "-" "Mozilla/5.0 (compatible; DotBot/1.2; +https://opensiteexplorer.org/dotbot; help@moz.com)"
57.141.0.21 - - [22/Nov/2024:13:22:41 -0800] "GET /is-this-tiny-mauritian-island-a-confidential-spy-station/ HTTP/1.0" 200 - "-" "meta-externalagent/1.1 (+https://developers.facebook.com/docs/sharing/webmasters/crawler)"
209.182.200.39 - - [22/Nov/2024:13:22:49 -0800] "POST /wp-cron.php?doing_wp_cron=1732310569.9153170585632324218750 HTTP/1.0" 403 228 "-" "WordPress/6.6.2; https://live2news.com"
209.182.200.39 - - [22/Nov/2024:13:22:49 -0800] "GET /wp-content/themes/newscore/assets/images/login-logo.png HTTP/1.0" 200 5193 "-" "-"
57.141.0.6 - - [22/Nov/2024:13:22:48 -0800] "GET /wp-login.php?redirect_to=https%3A%2F%2Flive2news.com%2Fseth-rollins-teases-retirement-after-wwe-crown-jewel%2F HTTP/1.0" 200 7025 "-" "meta-externalagent/1.1 (+https://developers.facebook.com/docs/sharing/webmasters/crawler)"
209.182.200.39 - - [22/Nov/2024:13:23:23 -0800] "GET /wp-content/themes/newscore/assets/images/login-logo.png HTTP/1.0" 200 5193 "-" "-"
57.141.0.18 - - [22/Nov/2024:13:23:22 -0800] "GET /wp-login.php?redirect_to=https%3A%2F%2Flive2news.com%2Fno-longer-trying-too-hard-nu-rediscovers-vaunted-form%2F HTTP/1.0" 200 7026 "-" "meta-externalagent/1.1 (+https://developers.facebook.com/docs/sharing/webmasters/crawler)"
209.182.200.39 - - [22/Nov/2024:13:23:37 -0800] "GET /wp-content/themes/newscore/assets/images/login-logo.png HTTP/1.0" 200 5193 "-" "-"
57.141.0.1 - - [22/Nov/2024:13:23:35 -0800] "GET /wp-login.php?redirect_to=https%3A%2F%2Flive2news.com%2Fbarcelona-hopes-young-blood-can-overcome-old-ghosts-in-europe%2F HTTP/1.0" 200 7034 "-" "meta-externalagent/1.1 (+https://developers.facebook.com/docs/sharing/webmasters/crawler)"
57.141.0.13 - - [22/Nov/2024:13:24:38 -0800] "GET /wp-json/oembed/1.0/embed?url=https%3A%2F%2Flive2news.com%2Fthere-was-a-bit-of-panic-shubman-gills-admission-on-indias-collapse-on-day-1-of-3rd-test%2F HTTP/1.0" 200 - "-" "meta-externalagent/1.1 (+https://developers.facebook.com/docs/sharing/webmasters/crawler)"
208.92.218.66 - - [22/Nov/2024:13:25:05 -0800] "GET /feed/ HTTP/1.0" 200 - "-" "Mozilla/5.0 (Windows NT 10.0; Win64; x64) AppleWebKit/537.36 (KHTML, like Gecko) Chrome/70.0.3538.102 Safari/537.36"
57.141.0.11 - - [22/Nov/2024:13:25:45 -0800] "GET /wp-json/wp/v2/posts/19754 HTTP/1.0" 200 - "-" "meta-externalagent/1.1 (+https://developers.facebook.com/docs/sharing/webmasters/crawler)"
216.244.66.249 - - [22/Nov/2024:13:25:59 -0800] "GET /author/alia_shoaib/page/2/ HTTP/1.0" 200 - "-" "Mozilla/5.0 (compatible; DotBot/1.2; +https://opensiteexplorer.org/dotbot; help@moz.com)"
216.244.66.249 - - [22/Nov/2024:13:26:02 -0800] "GET /author/katherine_fung/page/5/ HTTP/1.0" 200 - "-" "Mozilla/5.0 (compatible; DotBot/1.2; +https://opensiteexplorer.org/dotbot; help@moz.com)"
216.244.66.249 - - [22/Nov/2024:13:26:04 -0800] "GET /bowen-tough-choices-for-netanyahu-after-hamas-upends-expectations/ HTTP/1.0" 200 - "-" "Mozilla/5.0 (compatible; DotBot/1.2; +https://opensiteexplorer.org/dotbot; help@moz.com)"
216.244.66.249 - - [22/Nov/2024:13:26:06 -0800] "GET /ff-advance-server-download-apk-is-now-available-check-steps/ HTTP/1.0" 200 - "-" "Mozilla/5.0 (compatible; DotBot/1.2; +https://opensiteexplorer.org/dotbot; help@moz.com)"
216.244.66.249 - - [22/Nov/2024:13:26:08 -0800] "GET /hersh-goldberg-polin-gaza-hostages-mother-pleads-for-ceasefire-deal/ HTTP/1.0" 200 - "-" "Mozilla/5.0 (compatible; DotBot/1.2; +https://opensiteexplorer.org/dotbot; help@moz.com)"
216.244.66.249 - - [22/Nov/2024:13:26:09 -0800] "GET /author/aadil_brar/page/16/ HTTP/1.0" 200 - "-" "Mozilla/5.0 (compatible; DotBot/1.2; +https://opensiteexplorer.org/dotbot; help@moz.com)"
216.244.66.249 - - [22/Nov/2024:13:26:11 -0800] "GET /category/soccer-categories/page/74/ HTTP/1.0" 200 - "-" "Mozilla/5.0 (compatible; DotBot/1.2; +https://opensiteexplorer.org/dotbot; help@moz.com)"
216.244.66.249 - - [22/Nov/2024:13:26:12 -0800] "GET /home-office-worker-arrested-for-selling-uk-residency/ HTTP/1.0" 200 - "-" "Mozilla/5.0 (compatible; DotBot/1.2; +https://opensiteexplorer.org/dotbot; help@moz.com)"
216.244.66.249 - - [22/Nov/2024:13:26:13 -0800] "GET /proposed-smoking-ban-is-good-policy-oneill/ HTTP/1.0" 200 - "-" "Mozilla/5.0 (compatible; DotBot/1.2; +https://opensiteexplorer.org/dotbot; help@moz.com)"
216.244.66.249 - - [22/Nov/2024:13:26:14 -0800] "GET /scottish-councils-raise-concerns-over-delays-to-postal-vote-forms/ HTTP/1.0" 200 - "-" "Mozilla/5.0 (compatible; DotBot/1.2; +https://opensiteexplorer.org/dotbot; help@moz.com)"
57.141.0.9 - - [22/Nov/2024:13:26:33 -0800] "GET /wp-json/wp/v2/posts/74011 HTTP/1.0" 200 - "-" "meta-externalagent/1.1 (+https://developers.facebook.com/docs/sharing/webmasters/crawler)"
209.182.200.39 - - [22/Nov/2024:13:26:44 -0800] "POST /wp-cron.php?doing_wp_cron=1732310804.1513440608978271484375 HTTP/1.0" 200 - "-" "WordPress/6.6.2; https://live2news.com"
209.182.200.39 - - [22/Nov/2024:13:26:44 -0800] "GET /wp-content/themes/newscore/assets/images/login-logo.png HTTP/1.0" 200 5193 "-" "-"
57.141.0.16 - - [22/Nov/2024:13:26:43 -0800] "GET /wp-login.php?redirect_to=https%3A%2F%2Flive2news.com%2Foil-edges-lower-in-likely-technical-correction%2F HTTP/1.0" 200 7019 "-" "meta-externalagent/1.1 (+https://developers.facebook.com/docs/sharing/webmasters/crawler)"
216.244.66.249 - - [22/Nov/2024:13:27:13 -0800] "GET /becky-downie-influencing-change-in-gymnastics-better-than-any-medal/ HTTP/1.0" 200 - "-" "Mozilla/5.0 (compatible; DotBot/1.2; +https://opensiteexplorer.org/dotbot; help@moz.com)"
66.220.149.17 - - [22/Nov/2024:13:27:16 -0800] "GET /archives/233 HTTP/1.0" 200 - "-" "facebookexternalhit/1.1 (+http://www.facebook.com/externalhit_uatext.php)"
66.220.149.28 - - [22/Nov/2024:13:27:16 -0800] "GET /archives/233 HTTP/1.0" 200 - "-" "facebookexternalhit/1.1 (+http://www.facebook.com/externalhit_uatext.php)"
69.171.251.3 - - [22/Nov/2024:13:27:17 -0800] "GET /wp-content/uploads/2021/10/26.jpg HTTP/1.0" 200 - "-" "facebookexternalhit/1.1 (+http://www.facebook.com/externalhit_uatext.php)"
216.244.66.249 - - [22/Nov/2024:13:27:25 -0800] "GET /causeway-coast-and-glens-council-police-investigate-fraud-claim/ HTTP/1.0" 200 - "-" "Mozilla/5.0 (compatible; DotBot/1.2; +https://opensiteexplorer.org/dotbot; help@moz.com)"
216.244.66.249 - - [22/Nov/2024:13:27:37 -0800] "GET /joe-bidens-press-conference-questions-raise-eyebrows/ HTTP/1.0" 200 - "-" "Mozilla/5.0 (compatible; DotBot/1.2; +https://opensiteexplorer.org/dotbot; help@moz.com)"
216.244.66.249 - - [22/Nov/2024:13:27:47 -0800] "GET /manhunt-after-liverpool-prisoner-goes-missing-from-jail/ HTTP/1.0" 200 - "-" "Mozilla/5.0 (compatible; DotBot/1.2; +https://opensiteexplorer.org/dotbot; help@moz.com)"
216.244.66.249 - - [22/Nov/2024:13:27:57 -0800] "GET /uruguays-labor-minister-joining-electoral-exodus-next-month-mercopress/ HTTP/1.0" 200 - "-" "Mozilla/5.0 (compatible; DotBot/1.2; +https://opensiteexplorer.org/dotbot; help@moz.com)"
57.141.0.10 - - [22/Nov/2024:13:28:14 -0800] "GET /wp-json/wp/v2/posts/29285 HTTP/1.0" 200 - "-" "meta-externalagent/1.1 (+https://developers.facebook.com/docs/sharing/webmasters/crawler)"
216.244.66.249 - - [22/Nov/2024:13:28:34 -0800] "GET /category/soccer-categories/page/111/ HTTP/1.0" 200 - "-" "Mozilla/5.0 (compatible; DotBot/1.2; +https://opensiteexplorer.org/dotbot; help@moz.com)"
209.182.200.39 - - [22/Nov/2024:13:28:35 -0800] "POST /wp-cron.php?doing_wp_cron=1732310915.0950679779052734375000 HTTP/1.0" 403 228 "-" "WordPress/6.6.2; https://live2news.com"
209.182.200.39 - - [22/Nov/2024:13:28:35 -0800] "GET /wp-content/themes/newscore/assets/images/login-logo.png HTTP/1.0" 200 5193 "-" "-"
57.141.0.28 - - [22/Nov/2024:13:28:33 -0800] "GET /wp-login.php?redirect_to=https%3A%2F%2Flive2news.com%2Finside-cardinals-rookie-marvin-harrison-jr-s-work-ethic%2F HTTP/1.0" 200 7028 "-" "meta-externalagent/1.1 (+https://developers.facebook.com/docs/sharing/webmasters/crawler)"
216.244.66.249 - - [22/Nov/2024:13:28:38 -0800] "GET /councils-get-2m-to-support-funeral-investigation/ HTTP/1.0" 200 - "-" "Mozilla/5.0 (compatible; DotBot/1.2; +https://opensiteexplorer.org/dotbot; help@moz.com)"
216.244.66.249 - - [22/Nov/2024:13:28:41 -0800] "GET /how-will-india-spend-its-billions/ HTTP/1.0" 200 - "-" "Mozilla/5.0 (compatible; DotBot/1.2; +https://opensiteexplorer.org/dotbot; help@moz.com)"
216.244.66.249 - - [22/Nov/2024:13:28:44 -0800] "GET /kidnapping-suspect-arrested-4-year-old-recovered-in-santa-monica-abduction/ HTTP/1.0" 200 - "-" "Mozilla/5.0 (compatible; DotBot/1.2; +https://opensiteexplorer.org/dotbot; help@moz.com)"
216.244.66.249 - - [22/Nov/2024:13:28:46 -0800] "GET /likely-xi-for-both-teams/ HTTP/1.0" 200 - "-" "Mozilla/5.0 (compatible; DotBot/1.2; +https://opensiteexplorer.org/dotbot; help@moz.com)"
216.244.66.249 - - [22/Nov/2024:13:28:48 -0800] "GET /pilots-action-will-cause-cancellations/ HTTP/1.0" 200 - "-" "Mozilla/5.0 (compatible; DotBot/1.2; +https://opensiteexplorer.org/dotbot; help@moz.com)"
216.244.66.249 - - [22/Nov/2024:13:28:50 -0800] "GET /stocks-news-data-and-earnings-33/ HTTP/1.0" 200 - "-" "Mozilla/5.0 (compatible; DotBot/1.2; +https://opensiteexplorer.org/dotbot; help@moz.com)"
216.244.66.249 - - [22/Nov/2024:13:28:52 -0800] "GET /tim-cone-not-satisfied-until-gilas-pilipinas-reaches-optimal-oqt-form/ HTTP/1.0" 200 - "-" "Mozilla/5.0 (compatible; DotBot/1.2; +https://opensiteexplorer.org/dotbot; help@moz.com)"
185.191.171.11 - - [22/Nov/2024:13:30:06 -0800] "GET /robots.txt HTTP/1.0" 200 67 "-" "Mozilla/5.0 (compatible; SemrushBot/7~bl; +http://www.semrush.com/bot.html)"
185.191.171.18 - - [22/Nov/2024:13:30:07 -0800] "GET /real-madrid-vs-dortmund-how-to-watch-stream-odds-oct-22-2024-champions-league-picks-from-top-expert/ HTTP/1.0" 200 - "-" "Mozilla/5.0 (compatible; SemrushBot/7~bl; +http://www.semrush.com/bot.html)"
57.141.0.22 - - [22/Nov/2024:13:30:08 -0800] "GET /?p=50564 HTTP/1.0" 200 - "-" "meta-externalagent/1.1 (+https://developers.facebook.com/docs/sharing/webmasters/crawler)"
57.141.0.29 - - [22/Nov/2024:13:31:20 -0800] "GET /orient-but-not-express-when-geopolitics-dictates-the-flight-plan/ HTTP/1.0" 200 - "-" "meta-externalagent/1.1 (+https://developers.facebook.com/docs/sharing/webmasters/crawler)"
57.141.0.17 - - [22/Nov/2024:13:32:06 -0800] "GET /tears-at-shelter-dogs-reaction-to-bed-after-sleeping-on-floor-for-420-days/ HTTP/1.0" 200 - "-" "meta-externalagent/1.1 (+https://developers.facebook.com/docs/sharing/webmasters/crawler)"
57.141.0.4 - - [22/Nov/2024:13:34:42 -0800] "GET /?p=29285 HTTP/1.0" 200 - "-" "meta-externalagent/1.1 (+https://developers.facebook.com/docs/sharing/webmasters/crawler)"
208.92.218.66 - - [22/Nov/2024:13:35:25 -0800] "GET /feed/ HTTP/1.0" 200 - "-" "Mozilla/5.0 (Windows NT 10.0; Win64; x64) AppleWebKit/537.36 (KHTML, like Gecko) Chrome/70.0.3538.102 Safari/537.36"
209.182.200.39 - - [22/Nov/2024:13:39:38 -0800] "POST /wp-cron.php?doing_wp_cron=1732311578.3386619091033935546875 HTTP/1.0" 200 - "-" "WordPress/6.6.2; https://live2news.com"
209.182.200.39 - - [22/Nov/2024:13:39:38 -0800] "GET /wp-content/themes/newscore/assets/images/login-logo.png HTTP/1.0" 200 5193 "-" "-"
57.141.0.30 - - [22/Nov/2024:13:39:36 -0800] "GET /wp-login.php?redirect_to=https%3A%2F%2Flive2news.com%2Fhey-jude-dortmund-not-man-utd-is-the-right-move-for-your%2F HTTP/1.0" 200 7029 "-" "meta-externalagent/1.1 (+https://developers.facebook.com/docs/sharing/webmasters/crawler)"
57.141.0.11 - - [22/Nov/2024:13:39:44 -0800] "GET /author/eric_johnson/ HTTP/1.0" 200 - "-" "meta-externalagent/1.1 (+https://developers.facebook.com/docs/sharing/webmasters/crawler)"
114.119.141.201 - - [22/Nov/2024:13:44:08 -0800] "GET /who-max-holloway-could-face-next-after-big-ufc-300-ko-win/ HTTP/1.0" 200 - "https://live2news.com/playoff-hopeful-terrafirma-cant-relax-says-javi-gomez-de-liano/" "Mozilla/5.0 (Linux; Android 7.0;) AppleWebKit/537.36 (KHTML, like Gecko) Mobile Safari/537.36 (compatible; PetalBot;+https://webmaster.petalsearch.com/site/petalbot)"
208.92.218.66 - - [22/Nov/2024:13:44:14 -0800] "GET /feed/ HTTP/1.0" 200 - "-" "Mozilla/5.0 (Windows NT 10.0; Win64; x64) AppleWebKit/537.36 (KHTML, like Gecko) Chrome/70.0.3538.102 Safari/537.36"
208.92.218.66 - - [22/Nov/2024:13:44:18 -0800] "GET /feed/ HTTP/1.0" 200 - "-" "Mozilla/5.0 (Windows NT 10.0; Win64; x64) AppleWebKit/537.36 (KHTML, like Gecko) Chrome/70.0.3538.102 Safari/537.36"
208.92.218.66 - - [22/Nov/2024:13:44:47 -0800] "GET /feed/ HTTP/1.0" 200 - "-" "Mozilla/5.0 (Windows NT 10.0; Win64; x64) AppleWebKit/537.36 (KHTML, like Gecko) Chrome/70.0.3538.102 Safari/537.36"
208.92.218.66 - - [22/Nov/2024:13:44:51 -0800] "GET /feed/ HTTP/1.0" 200 - "-" "Mozilla/5.0 (Windows NT 10.0; Win64; x64) AppleWebKit/537.36 (KHTML, like Gecko) Chrome/70.0.3538.102 Safari/537.36"
208.92.218.66 - - [22/Nov/2024:13:45:22 -0800] "GET /feed/ HTTP/1.0" 200 - "-" "Mozilla/5.0 (Windows NT 10.0; Win64; x64) AppleWebKit/537.36 (KHTML, like Gecko) Chrome/70.0.3538.102 Safari/537.36"
114.119.160.248 - - [22/Nov/2024:13:45:31 -0800] "GET /praise-for-falklands-conservation-in-the-times-list-of-charities-to-support-in-2024-mercopress/ HTTP/1.0" 200 - "https://live2news.com/is-it-going-to-rain-on-easter-in-los-angeles/" "Mozilla/5.0 (Linux; Android 7.0;) AppleWebKit/537.36 (KHTML, like Gecko) Mobile Safari/537.36 (compatible; PetalBot;+https://webmaster.petalsearch.com/site/petalbot)"
208.92.218.66 - - [22/Nov/2024:13:46:48 -0800] "GET /feed/ HTTP/1.0" 200 - "-" "Mozilla/5.0 (Windows NT 10.0; Win64; x64) AppleWebKit/537.36 (KHTML, like Gecko) Chrome/70.0.3538.102 Safari/537.36"
114.119.156.185 - - [22/Nov/2024:13:46:55 -0800] "GET /meta-meta-q1-2024-earnings/ HTTP/1.0" 200 - "https://live2news.com/three-10s-on-tuesday-including-josh-maja/" "Mozilla/5.0 (Linux; Android 7.0;) AppleWebKit/537.36 (KHTML, like Gecko) Mobile Safari/537.36 (compatible; PetalBot;+https://webmaster.petalsearch.com/site/petalbot)"
57.141.0.10 - - [22/Nov/2024:13:47:33 -0800] "GET /wp-json/wp/v2/posts/28611 HTTP/1.0" 200 - "-" "meta-externalagent/1.1 (+https://developers.facebook.com/docs/sharing/webmasters/crawler)"
114.119.137.184 - - [22/Nov/2024:13:48:17 -0800] "GET /caf-confederation-cup-usma-land-in-uyo-for-rivers-united-clash/ HTTP/1.0" 200 - "https://live2news.com/trump-pushes-legal-challenges-in-two-cases/" "Mozilla/5.0 (Linux; Android 7.0;) AppleWebKit/537.36 (KHTML, like Gecko) Mobile Safari/537.36 (compatible; PetalBot;+https://webmaster.petalsearch.com/site/petalbot)"
208.92.218.66 - - [22/Nov/2024:13:49:16 -0800] "GET /feed/ HTTP/1.0" 200 - "-" "Mozilla/5.0 (Windows NT 10.0; Win64; x64) AppleWebKit/537.36 (KHTML, like Gecko) Chrome/70.0.3538.102 Safari/537.36"
114.119.160.248 - - [22/Nov/2024:13:49:40 -0800] "GET /are-kl-rahul-and-athiya-shetty-expecting-their-first-child/ HTTP/1.0" 200 - "https://live2news.com/hysterics-at-boyfriend-in-strict-training-to-capture-perfect-holiday-photos/" "Mozilla/5.0 (Linux; Android 7.0;) AppleWebKit/537.36 (KHTML, like Gecko) Mobile Safari/537.36 (compatible; PetalBot;+https://webmaster.petalsearch.com/site/petalbot)"
208.92.218.66 - - [22/Nov/2024:13:50:20 -0800] "GET /feed/ HTTP/1.0" 200 - "-" "Mozilla/5.0 (Windows NT 10.0; Win64; x64) AppleWebKit/537.36 (KHTML, like Gecko) Chrome/70.0.3538.102 Safari/537.36"
208.92.218.66 - - [22/Nov/2024:13:50:41 -0800] "GET /feed/ HTTP/1.0" 200 - "-" "Mozilla/5.0 (Windows NT 10.0; Win64; x64) AppleWebKit/537.36 (KHTML, like Gecko) Chrome/70.0.3538.102 Safari/537.36"
114.119.160.248 - - [22/Nov/2024:13:51:05 -0800] "GET /after-hardik-pandya-booed-by-gujarat-crowd-commentator-makes-sensational-claim/ HTTP/1.0" 200 - "https://live2news.com/real-valladolid-0-1-real-madrid-player-ratings-kroos-shines/" "Mozilla/5.0 (Linux; Android 7.0;) AppleWebKit/537.36 (KHTML, like Gecko) Mobile Safari/537.36 (compatible; PetalBot;+https://webmaster.petalsearch.com/site/petalbot)"
57.141.0.13 - - [22/Nov/2024:13:51:41 -0800] "GET /donald-trumps-gag-order-violations-may-require-prison-time-attorney/ HTTP/1.0" 200 - "-" "meta-externalagent/1.1 (+https://developers.facebook.com/docs/sharing/webmasters/crawler)"
114.119.141.201 - - [22/Nov/2024:13:52:28 -0800] "GET /2024-australian-open-odds-props-womens-semifinal-prediction-sabalenka-vs-gauff-picks-from-tennis-expert/ HTTP/1.0" 200 - "https://live2news.com/saudi-arabia-wealth-fund-in-talks-to-acquire-national-airline-saudia-report/" "Mozilla/5.0 (Linux; Android 7.0;) AppleWebKit/537.36 (KHTML, like Gecko) Mobile Safari/537.36 (compatible; PetalBot;+https://webmaster.petalsearch.com/site/petalbot)"
57.141.0.5 - - [22/Nov/2024:13:52:46 -0800] "GET /?p=39854 HTTP/1.0" 200 - "-" "meta-externalagent/1.1 (+https://developers.facebook.com/docs/sharing/webmasters/crawler)"
208.92.218.66 - - [22/Nov/2024:13:55:28 -0800] "GET /feed/ HTTP/1.0" 200 - "-" "Mozilla/5.0 (Windows NT 10.0; Win64; x64) AppleWebKit/537.36 (KHTML, like Gecko) Chrome/70.0.3538.102 Safari/537.36"
17.241.227.247 - - [22/Nov/2024:13:55:46 -0800] "GET /englands-chris-woakes-to-make-red-ball-comeback-for-warwickshire/ HTTP/1.0" 200 - "-" "Mozilla/5.0 (Macintosh; Intel Mac OS X 10_15_7) AppleWebKit/605.1.15 (KHTML, like Gecko) Version/17.4 Safari/605.1.15 (Applebot/0.1; +http://www.apple.com/go/applebot)"
57.141.0.6 - - [22/Nov/2024:13:55:58 -0800] "GET /wp-json/oembed/1.0/embed?url=https%3A%2F%2Flive2news.com%2Fthe-best-family-friendly-hotels-in-france%2F HTTP/1.0" 200 - "-" "meta-externalagent/1.1 (+https://developers.facebook.com/docs/sharing/webmasters/crawler)"
209.182.200.39 - - [22/Nov/2024:13:57:11 -0800] "POST /wp-cron.php?doing_wp_cron=1732312631.8368949890136718750000 HTTP/1.0" 200 - "-" "WordPress/6.6.2; https://live2news.com"
209.182.200.39 - - [22/Nov/2024:13:57:11 -0800] "GET /wp-content/themes/newscore/assets/images/login-logo.png HTTP/1.0" 200 5193 "-" "-"
57.141.0.26 - - [22/Nov/2024:13:57:10 -0800] "GET /wp-login.php?redirect_to=https%3A%2F%2Flive2news.com%2Fhow-often-does-it-work%2F HTTP/1.0" 200 6995 "-" "meta-externalagent/1.1 (+https://developers.facebook.com/docs/sharing/webmasters/crawler)"
209.182.200.39 - - [22/Nov/2024:13:57:23 -0800] "GET /wp-json/jetpack/v4/sync/spawn-sync?time=1732312643 HTTP/1.0" 200 - "-" "WordPress/6.6.2; https://live2news.com"
208.92.218.66 - - [22/Nov/2024:13:58:21 -0800] "GET /feed/ HTTP/1.0" 200 - "-" "Mozilla/5.0 (Windows NT 10.0; Win64; x64) AppleWebKit/537.36 (KHTML, like Gecko) Chrome/70.0.3538.102 Safari/537.36"
208.92.218.66 - - [22/Nov/2024:13:58:28 -0800] "GET /feed/ HTTP/1.0" 200 - "-" "Mozilla/5.0 (Windows NT 10.0; Win64; x64) AppleWebKit/537.36 (KHTML, like Gecko) Chrome/70.0.3538.102 Safari/537.36"
213.180.203.226 - - [22/Nov/2024:13:58:47 -0800] "GET /robots.txt HTTP/1.0" 200 67 "-" "Mozilla/5.0 (compatible; YandexBot/3.0; +http://yandex.com/bots)"
95.108.213.170 - - [22/Nov/2024:13:58:48 -0800] "GET /no-10-indicates-benjamin-netanyahu-faces-arrest-if-he-enters-uk/ HTTP/1.0" 200 - "-" "Mozilla/5.0 (compatible; YandexBot/3.0; +http://yandex.com/bots)"
216.244.66.249 - - [22/Nov/2024:13:59:09 -0800] "GET /robots.txt HTTP/1.0" 200 66 "-" "Mozilla/5.0 (compatible; DotBot/1.2; +https://opensiteexplorer.org/dotbot; help@moz.com)"
57.141.0.16 - - [22/Nov/2024:13:59:16 -0800] "GET /wp-json/wp/v2/posts/26827 HTTP/1.0" 200 - "-" "meta-externalagent/1.1 (+https://developers.facebook.com/docs/sharing/webmasters/crawler)"
208.92.218.66 - - [22/Nov/2024:13:59:48 -0800] "GET /feed/ HTTP/1.0" 200 - "-" "Mozilla/5.0 (Windows NT 10.0; Win64; x64) AppleWebKit/537.36 (KHTML, like Gecko) Chrome/70.0.3538.102 Safari/537.36"
57.141.0.15 - - [22/Nov/2024:14:00:02 -0800] "GET /wp-json/wp/v2/posts/168518 HTTP/1.0" 200 - "-" "meta-externalagent/1.1 (+https://developers.facebook.com/docs/sharing/webmasters/crawler)"
208.92.218.66 - - [22/Nov/2024:14:00:20 -0800] "GET /feed/ HTTP/1.0" 200 - "-" "Mozilla/5.0 (Windows NT 10.0; Win64; x64) AppleWebKit/537.36 (KHTML, like Gecko) Chrome/70.0.3538.102 Safari/537.36"
208.92.218.66 - - [22/Nov/2024:14:00:20 -0800] "GET /feed/ HTTP/1.0" 200 - "-" "Mozilla/5.0 (Windows NT 10.0; Win64; x64) AppleWebKit/537.36 (KHTML, like Gecko) Chrome/70.0.3538.102 Safari/537.36"
57.141.0.21 - - [22/Nov/2024:14:00:31 -0800] "GET /wp-json/oembed/1.0/embed?url=https%3A%2F%2Flive2news.com%2Fwoodgate-out-for-warnock-at-middlesbrough%2F HTTP/1.0" 200 - "-" "meta-externalagent/1.1 (+https://developers.facebook.com/docs/sharing/webmasters/crawler)"
208.92.218.66 - - [22/Nov/2024:14:01:21 -0800] "GET /feed/ HTTP/1.0" 200 - "-" "Mozilla/5.0 (Windows NT 10.0; Win64; x64) AppleWebKit/537.36 (KHTML, like Gecko) Chrome/70.0.3538.102 Safari/537.36"
57.141.0.25 - - [22/Nov/2024:14:01:43 -0800] "GET /wp-json/wp/v2/posts/82323 HTTP/1.0" 200 - "-" "meta-externalagent/1.1 (+https://developers.facebook.com/docs/sharing/webmasters/crawler)"
216.244.66.249 - - [22/Nov/2024:14:03:02 -0800] "GET /city-look-to-turn-around-recent-misfortunes-2/ HTTP/1.0" 200 - "-" "Mozilla/5.0 (compatible; DotBot/1.2; +https://opensiteexplorer.org/dotbot; help@moz.com)"
216.244.66.249 - - [22/Nov/2024:14:03:07 -0800] "GET /trumps-attorney-general-pick-hampered-by-accusations/ HTTP/1.0" 200 - "-" "Mozilla/5.0 (compatible; DotBot/1.2; +https://opensiteexplorer.org/dotbot; help@moz.com)"
216.244.66.249 - - [22/Nov/2024:14:03:13 -0800] "GET /premier-danielle-smith-visits-lethbridge-for-q-and-a-with-business-community-lethbridge/ HTTP/1.0" 200 - "-" "Mozilla/5.0 (compatible; DotBot/1.2; +https://opensiteexplorer.org/dotbot; help@moz.com)"
216.244.66.249 - - [22/Nov/2024:14:03:16 -0800] "GET /treasury-yields-dollar-could-correct-lower/ HTTP/1.0" 200 - "-" "Mozilla/5.0 (compatible; DotBot/1.2; +https://opensiteexplorer.org/dotbot; help@moz.com)"
216.244.66.249 - - [22/Nov/2024:14:03:19 -0800] "GET /new-biosensor-in-seatbelts-tracks-driver-stress-and-health-levels/ HTTP/1.0" 200 - "-" "Mozilla/5.0 (compatible; DotBot/1.2; +https://opensiteexplorer.org/dotbot; help@moz.com)"
216.244.66.249 - - [22/Nov/2024:14:03:23 -0800] "GET /saga-cruises-launches-2026-winter-sun-sailings/ HTTP/1.0" 200 - "-" "Mozilla/5.0 (compatible; DotBot/1.2; +https://opensiteexplorer.org/dotbot; help@moz.com)"
216.244.66.249 - - [22/Nov/2024:14:03:25 -0800] "GET /adharma-kadhaigal-tamil-fantasy-thriller-now-streaming-on-aha-tamil-platform/ HTTP/1.0" 200 - "-" "Mozilla/5.0 (compatible; DotBot/1.2; +https://opensiteexplorer.org/dotbot; help@moz.com)"
216.244.66.249 - - [22/Nov/2024:14:03:28 -0800] "GET /xiaomis-android-15-based-hyperos-2-update-to-roll-out-this-month-global-release-schedule/ HTTP/1.0" 200 - "-" "Mozilla/5.0 (compatible; DotBot/1.2; +https://opensiteexplorer.org/dotbot; help@moz.com)"
216.244.66.249 - - [22/Nov/2024:14:03:32 -0800] "GET /china-to-front-load-2025-local-government-special-bonds-quota-report-says/ HTTP/1.0" 200 - "-" "Mozilla/5.0 (compatible; DotBot/1.2; +https://opensiteexplorer.org/dotbot; help@moz.com)"
216.244.66.249 - - [22/Nov/2024:14:03:35 -0800] "GET /nascar-kyle-petty-claps-back-at-intense-joey-logano-backlash/ HTTP/1.0" 200 - "-" "Mozilla/5.0 (compatible; DotBot/1.2; +https://opensiteexplorer.org/dotbot; help@moz.com)"
216.244.66.249 - - [22/Nov/2024:14:03:37 -0800] "GET /pete-hegseth-trumps-defense-secretary-nominee-surprises-gop-senators/ HTTP/1.0" 200 - "-" "Mozilla/5.0 (compatible; DotBot/1.2; +https://opensiteexplorer.org/dotbot; help@moz.com)"
216.244.66.249 - - [22/Nov/2024:14:03:40 -0800] "GET /john-thune-elected-as-new-senate-republican-leader/ HTTP/1.0" 200 - "-" "Mozilla/5.0 (compatible; DotBot/1.2; +https://opensiteexplorer.org/dotbot; help@moz.com)"
216.244.66.249 - - [22/Nov/2024:14:03:42 -0800] "GET /whats-yankees-backup-plan-if-projected-600m-superstar-bolts-for-boston/ HTTP/1.0" 200 - "-" "Mozilla/5.0 (compatible; DotBot/1.2; +https://opensiteexplorer.org/dotbot; help@moz.com)"
216.244.66.249 - - [22/Nov/2024:14:03:44 -0800] "GET /why-a-liberal-prison-reform-passed-in-nevada-and-failed-in-california/ HTTP/1.0" 200 - "-" "Mozilla/5.0 (compatible; DotBot/1.2; +https://opensiteexplorer.org/dotbot; help@moz.com)"
216.244.66.249 - - [22/Nov/2024:14:03:46 -0800] "GET /nwsl-playoff-predictions-picks-bracket-schedule-experts-like-orlando-pride-split-on-spirit-vs-gotham/ HTTP/1.0" 200 - "-" "Mozilla/5.0 (compatible; DotBot/1.2; +https://opensiteexplorer.org/dotbot; help@moz.com)"
216.244.66.249 - - [22/Nov/2024:14:03:48 -0800] "GET /amendments-1-320-draft-report-human-rights-and-democracy-in-the-world-and-the-european-unions-policy-on-the-matter-annual-report-2024-pe765-278v01-00/ HTTP/1.0" 200 - "-" "Mozilla/5.0 (compatible; DotBot/1.2; +https://opensiteexplorer.org/dotbot; help@moz.com)"
216.244.66.249 - - [22/Nov/2024:14:03:50 -0800] "GET /riding-with-chris-hoy-was-honour/ HTTP/1.0" 200 - "-" "Mozilla/5.0 (compatible; DotBot/1.2; +https://opensiteexplorer.org/dotbot; help@moz.com)"
208.92.218.66 - - [22/Nov/2024:14:03:50 -0800] "GET /feed/ HTTP/1.0" 200 - "-" "Mozilla/5.0 (Windows NT 10.0; Win64; x64) AppleWebKit/537.36 (KHTML, like Gecko) Chrome/70.0.3538.102 Safari/537.36"
216.244.66.249 - - [22/Nov/2024:14:03:51 -0800] "GET /opinion-trumps-border-czar-and-a-history-we-should-not-forget/ HTTP/1.0" 200 - "-" "Mozilla/5.0 (compatible; DotBot/1.2; +https://opensiteexplorer.org/dotbot; help@moz.com)"
216.244.66.249 - - [22/Nov/2024:14:03:53 -0800] "GET /tech-firms-invest-in-sovereign-ai-to-cut-europe-dependence-on-us-tech/ HTTP/1.0" 200 - "-" "Mozilla/5.0 (compatible; DotBot/1.2; +https://opensiteexplorer.org/dotbot; help@moz.com)"
57.141.0.15 - - [22/Nov/2024:14:03:54 -0800] "GET /wp-json/wp/v2/posts/67568 HTTP/1.0" 200 - "-" "meta-externalagent/1.1 (+https://developers.facebook.com/docs/sharing/webmasters/crawler)"
57.141.0.18 - - [22/Nov/2024:14:03:55 -0800] "GET /wp-json/wp/v2/posts/169966 HTTP/1.0" 200 - "-" "meta-externalagent/1.1 (+https://developers.facebook.com/docs/sharing/webmasters/crawler)"
114.119.132.18 - - [22/Nov/2024:14:03:56 -0800] "GET /argentina-battles-dengue-surge-and-repellent-shortage/ HTTP/1.0" 200 - "https://live2news.com/sergio-pena-the-hat-trick-assist-hero-for-emmen-as-he-tops-eredivisie-rankings/" "Mozilla/5.0 (Linux; Android 7.0;) AppleWebKit/537.36 (KHTML, like Gecko) Mobile Safari/537.36 (compatible; PetalBot;+https://webmaster.petalsearch.com/site/petalbot)"
216.244.66.249 - - [22/Nov/2024:14:03:59 -0800] "GET /protest-over-emergency-general-surgery/ HTTP/1.0" 200 - "-" "Mozilla/5.0 (compatible; DotBot/1.2; +https://opensiteexplorer.org/dotbot; help@moz.com)"
216.244.66.249 - - [22/Nov/2024:14:04:08 -0800] "GET /how-to-watch-rams-at-patriots-live-stream-nfl-tv-channel/ HTTP/1.0" 200 - "-" "Mozilla/5.0 (compatible; DotBot/1.2; +https://opensiteexplorer.org/dotbot; help@moz.com)"
216.244.66.249 - - [22/Nov/2024:14:04:09 -0800] "GET /martin-truex-jr-receives-warning-on-nascar-return-after-retirement/ HTTP/1.0" 200 - "-" "Mozilla/5.0 (compatible; DotBot/1.2; +https://opensiteexplorer.org/dotbot; help@moz.com)"
216.244.66.249 - - [22/Nov/2024:14:04:12 -0800] "GET /meralco-rallies-past-busan-behind-new-import/ HTTP/1.0" 200 - "-" "Mozilla/5.0 (compatible; DotBot/1.2; +https://opensiteexplorer.org/dotbot; help@moz.com)"
216.244.66.249 - - [22/Nov/2024:14:04:21 -0800] "GET /frank-bruno-announces-closure-of-his-northampton-boxing-academy/ HTTP/1.0" 200 - "-" "Mozilla/5.0 (compatible; DotBot/1.2; +https://opensiteexplorer.org/dotbot; help@moz.com)"
216.244.66.249 - - [22/Nov/2024:14:04:30 -0800] "GET /california-man-sees-home-burn-for-second-time/ HTTP/1.0" 200 - "-" "Mozilla/5.0 (compatible; DotBot/1.2; +https://opensiteexplorer.org/dotbot; help@moz.com)"
216.244.66.249 - - [22/Nov/2024:14:04:32 -0800] "GET /secure-1k-bet-for-nba-nhl-mlb/ HTTP/1.0" 200 - "-" "Mozilla/5.0 (compatible; DotBot/1.2; +https://opensiteexplorer.org/dotbot; help@moz.com)"
216.244.66.249 - - [22/Nov/2024:14:04:33 -0800] "GET /shooting-at-drakes-mansion-what-we-know/ HTTP/1.0" 200 - "-" "Mozilla/5.0 (compatible; DotBot/1.2; +https://opensiteexplorer.org/dotbot; help@moz.com)"
216.244.66.249 - - [22/Nov/2024:14:04:37 -0800] "GET /boy-seven-dies-at-swimming-pool-in-clare/ HTTP/1.0" 200 - "-" "Mozilla/5.0 (compatible; DotBot/1.2; +https://opensiteexplorer.org/dotbot; help@moz.com)"
216.244.66.249 - - [22/Nov/2024:14:04:39 -0800] "GET /childrens-mental-health-data-published-after-cyber-attack/ HTTP/1.0" 200 - "-" "Mozilla/5.0 (compatible; DotBot/1.2; +https://opensiteexplorer.org/dotbot; help@moz.com)"
216.244.66.249 - - [22/Nov/2024:14:04:41 -0800] "GET /deadly-brain-disease-detected-in-two-california-deer/ HTTP/1.0" 200 - "-" "Mozilla/5.0 (compatible; DotBot/1.2; +https://opensiteexplorer.org/dotbot; help@moz.com)"
208.92.218.66 - - [22/Nov/2024:14:04:42 -0800] "GET /feed/ HTTP/1.0" 200 - "-" "Mozilla/5.0 (Windows NT 10.0; Win64; x64) AppleWebKit/537.36 (KHTML, like Gecko) Chrome/70.0.3538.102 Safari/537.36"
216.244.66.249 - - [22/Nov/2024:14:04:42 -0800] "GET /house-prices-fall-in-nearly-half-of-us-states/ HTTP/1.0" 200 - "-" "Mozilla/5.0 (compatible; DotBot/1.2; +https://opensiteexplorer.org/dotbot; help@moz.com)"
216.244.66.249 - - [22/Nov/2024:14:04:44 -0800] "GET /julius-malema-south-africas-radical-agenda-setter/ HTTP/1.0" 200 - "-" "Mozilla/5.0 (compatible; DotBot/1.2; +https://opensiteexplorer.org/dotbot; help@moz.com)"
52.167.144.140 - - [22/Nov/2024:14:04:45 -0800] "GET /what-we-know-about-north-carolina-shootout-killing-3-us-marshals/ HTTP/1.0" 200 - "-" "Mozilla/5.0 AppleWebKit/537.36 (KHTML, like Gecko; compatible; bingbot/2.0; +http://www.bing.com/bingbot.htm) Chrome/116.0.1938.76 Safari/537.36"
216.244.66.249 - - [22/Nov/2024:14:04:45 -0800] "GET /murdered-pcs-daughter-hopes-to-find-some-peace/ HTTP/1.0" 200 - "-" "Mozilla/5.0 (compatible; DotBot/1.2; +https://opensiteexplorer.org/dotbot; help@moz.com)"
216.244.66.249 - - [22/Nov/2024:14:04:47 -0800] "GET /stanford-university-arrests-13-pro-palestinian-protesters/ HTTP/1.0" 200 - "-" "Mozilla/5.0 (compatible; DotBot/1.2; +https://opensiteexplorer.org/dotbot; help@moz.com)"
216.244.66.249 - - [22/Nov/2024:14:04:48 -0800] "GET /the-edges-have-eroded-away/ HTTP/1.0" 200 - "-" "Mozilla/5.0 (compatible; DotBot/1.2; +https://opensiteexplorer.org/dotbot; help@moz.com)"
216.244.66.249 - - [22/Nov/2024:14:04:49 -0800] "GET /the-farm-giving-young-people-a-second-chance/ HTTP/1.0" 200 - "-" "Mozilla/5.0 (compatible; DotBot/1.2; +https://opensiteexplorer.org/dotbot; help@moz.com)"
216.244.66.249 - - [22/Nov/2024:14:04:51 -0800] "GET /unregistered-xl-bullies-ordered-to-be-put-down/ HTTP/1.0" 200 - "-" "Mozilla/5.0 (compatible; DotBot/1.2; +https://opensiteexplorer.org/dotbot; help@moz.com)"
216.244.66.249 - - [22/Nov/2024:14:04:52 -0800] "GET /us-soldier-detained-in-russia-everything-we-know/ HTTP/1.0" 200 - "-" "Mozilla/5.0 (compatible; DotBot/1.2; +https://opensiteexplorer.org/dotbot; help@moz.com)"
216.244.66.249 - - [22/Nov/2024:14:04:55 -0800] "GET /f1-news-alpine-addresses-sale-rumors-as-it-separates-from-renault-engine-partnership/ HTTP/1.0" 200 - "-" "Mozilla/5.0 (compatible; DotBot/1.2; +https://opensiteexplorer.org/dotbot; help@moz.com)"
216.244.66.249 - - [22/Nov/2024:14:04:56 -0800] "GET /virat-kohli-rohit-sharma-told-to-hit-reset-button-by-australia-great-why-they-failed/ HTTP/1.0" 200 - "-" "Mozilla/5.0 (compatible; DotBot/1.2; +https://opensiteexplorer.org/dotbot; help@moz.com)"
216.244.66.249 - - [22/Nov/2024:14:04:59 -0800] "GET /dmer-mission-to-argentina-from-18-21-december-2023-home-dmer-delegations/ HTTP/1.0" 200 - "-" "Mozilla/5.0 (compatible; DotBot/1.2; +https://opensiteexplorer.org/dotbot; help@moz.com)"
216.244.66.249 - - [22/Nov/2024:14:05:01 -0800] "GET /stock-market-today-live-updates-27/ HTTP/1.0" 200 - "-" "Mozilla/5.0 (compatible; DotBot/1.2; +https://opensiteexplorer.org/dotbot; help@moz.com)"
216.244.66.249 - - [22/Nov/2024:14:05:03 -0800] "GET /an-expert-guide-to-ski-holidays-in-mayrhofen-austria/ HTTP/1.0" 200 - "-" "Mozilla/5.0 (compatible; DotBot/1.2; +https://opensiteexplorer.org/dotbot; help@moz.com)"
216.244.66.249 - - [22/Nov/2024:14:05:04 -0800] "GET /google-said-to-add-new-pixel-launcher-setting-in-europe-to-let-users-change-default-search-engine/ HTTP/1.0" 200 - "-" "Mozilla/5.0 (compatible; DotBot/1.2; +https://opensiteexplorer.org/dotbot; help@moz.com)"
216.244.66.249 - - [22/Nov/2024:14:05:05 -0800] "GET /why-jack-smith-is-in-lose-lose-battle-with-aileen-cannon/ HTTP/1.0" 200 - "-" "Mozilla/5.0 (compatible; DotBot/1.2; +https://opensiteexplorer.org/dotbot; help@moz.com)"
216.244.66.249 - - [22/Nov/2024:14:05:43 -0800] "GET /fani-willis-witness-said-hed-rather-go-back-to-prison-than-testify/ HTTP/1.0" 200 - "-" "Mozilla/5.0 (compatible; DotBot/1.2; +https://opensiteexplorer.org/dotbot; help@moz.com)"
216.244.66.249 - - [22/Nov/2024:14:05:57 -0800] "GET /former-lottery-pick-joins-european-club-on-rest-of-year-deal/ HTTP/1.0" 200 - "-" "Mozilla/5.0 (compatible; DotBot/1.2; +https://opensiteexplorer.org/dotbot; help@moz.com)"
216.244.66.249 - - [22/Nov/2024:14:06:09 -0800] "GET /katy-perry-skips-met-gala-fools-internet-with-ai-photos/ HTTP/1.0" 200 - "-" "Mozilla/5.0 (compatible; DotBot/1.2; +https://opensiteexplorer.org/dotbot; help@moz.com)"
216.244.66.249 - - [22/Nov/2024:14:06:21 -0800] "GET /relatable-moment-labrador-fakes-an-injury-to-avoid-walking-any-further/ HTTP/1.0" 200 - "-" "Mozilla/5.0 (compatible; DotBot/1.2; +https://opensiteexplorer.org/dotbot; help@moz.com)"
216.244.66.249 - - [22/Nov/2024:14:06:31 -0800] "GET /tropical-storm-debby-moving-through-gulf-toward-florida/ HTTP/1.0" 200 - "-" "Mozilla/5.0 (compatible; DotBot/1.2; +https://opensiteexplorer.org/dotbot; help@moz.com)"
216.244.66.249 - - [22/Nov/2024:14:06:40 -0800] "GET /everything-lee-zeldin-has-said-about-climate-change/ HTTP/1.0" 200 - "-" "Mozilla/5.0 (compatible; DotBot/1.2; +https://opensiteexplorer.org/dotbot; help@moz.com)"
216.244.66.249 - - [22/Nov/2024:14:06:57 -0800] "GET /europa-league-quarter-final-draw-revealed-liverpool-to-face-atalanta-west-ham-united-to-take-on-bayer-leverkusen/ HTTP/1.0" 200 - "-" "Mozilla/5.0 (compatible; DotBot/1.2; +https://opensiteexplorer.org/dotbot; help@moz.com)"
216.244.66.249 - - [22/Nov/2024:14:07:03 -0800] "GET /putins-plan-to-displace-us-dollar-failing-spectacularly/ HTTP/1.0" 200 - "-" "Mozilla/5.0 (compatible; DotBot/1.2; +https://opensiteexplorer.org/dotbot; help@moz.com)"
57.141.0.14 - - [22/Nov/2024:14:07:43 -0800] "GET /?p=45498 HTTP/1.0" 200 - "-" "meta-externalagent/1.1 (+https://developers.facebook.com/docs/sharing/webmasters/crawler)"
208.92.218.66 - - [22/Nov/2024:14:08:01 -0800] "GET /feed/ HTTP/1.0" 200 - "-" "Mozilla/5.0 (Windows NT 10.0; Win64; x64) AppleWebKit/537.36 (KHTML, like Gecko) Chrome/70.0.3538.102 Safari/537.36"
216.244.66.249 - - [22/Nov/2024:14:08:35 -0800] "GET /a-major-unwinding-is-underway-amid-a-stock-sell-off/ HTTP/1.0" 200 - "-" "Mozilla/5.0 (compatible; DotBot/1.2; +https://opensiteexplorer.org/dotbot; help@moz.com)"
216.244.66.249 - - [22/Nov/2024:14:08:37 -0800] "GET /a1-safety-upgrades-have-totally-stalled/ HTTP/1.0" 200 - "-" "Mozilla/5.0 (compatible; DotBot/1.2; +https://opensiteexplorer.org/dotbot; help@moz.com)"
216.244.66.249 - - [22/Nov/2024:14:08:40 -0800] "GET /unlock-7-boosts-250-bonus/ HTTP/1.0" 200 - "-" "Mozilla/5.0 (compatible; DotBot/1.2; +https://opensiteexplorer.org/dotbot; help@moz.com)"
216.244.66.249 - - [22/Nov/2024:14:08:44 -0800] "GET /uswnt-wins-5th-consecutive-shebelieves-cup-behind-sophia-smith-sotu/ HTTP/1.0" 200 - "-" "Mozilla/5.0 (compatible; DotBot/1.2; +https://opensiteexplorer.org/dotbot; help@moz.com)"
216.244.66.249 - - [22/Nov/2024:14:08:50 -0800] "GET /author/maroosha_muzaffar/ HTTP/1.0" 200 - "-" "Mozilla/5.0 (compatible; DotBot/1.2; +https://opensiteexplorer.org/dotbot; help@moz.com)"
216.244.66.249 - - [22/Nov/2024:14:08:54 -0800] "GET /dortmund-0-2-mainz-bvb-produce-poorest-display-of-season/ HTTP/1.0" 200 - "-" "Mozilla/5.0 (compatible; DotBot/1.2; +https://opensiteexplorer.org/dotbot; help@moz.com)"
216.244.66.249 - - [22/Nov/2024:14:08:59 -0800] "GET /grand-national-2024-corach-rambler-bids-for-back-to-back-wins/ HTTP/1.0" 200 - "-" "Mozilla/5.0 (compatible; DotBot/1.2; +https://opensiteexplorer.org/dotbot; help@moz.com)"
216.244.66.249 - - [22/Nov/2024:14:09:03 -0800] "GET /steak-cherry-blossoms-and-paul-simon-will-be-featured-at-the-white-house-state-dinner-for-japan/ HTTP/1.0" 200 - "-" "Mozilla/5.0 (compatible; DotBot/1.2; +https://opensiteexplorer.org/dotbot; help@moz.com)"
216.244.66.249 - - [22/Nov/2024:14:09:06 -0800] "GET /alvin-bragg-struggles-to-convince-people-donald-trumps-guilty/ HTTP/1.0" 200 - "-" "Mozilla/5.0 (compatible; DotBot/1.2; +https://opensiteexplorer.org/dotbot; help@moz.com)"
57.141.0.27 - - [22/Nov/2024:14:09:07 -0800] "GET /?p=24839 HTTP/1.0" 200 - "-" "meta-externalagent/1.1 (+https://developers.facebook.com/docs/sharing/webmasters/crawler)"
216.244.66.249 - - [22/Nov/2024:14:09:09 -0800] "GET /anaheim-leaders-consider-disneys-long-term-development-plan/ HTTP/1.0" 200 - "-" "Mozilla/5.0 (compatible; DotBot/1.2; +https://opensiteexplorer.org/dotbot; help@moz.com)"
216.244.66.249 - - [22/Nov/2024:14:09:12 -0800] "GET /category/travel/page/55/ HTTP/1.0" 200 - "-" "Mozilla/5.0 (compatible; DotBot/1.2; +https://opensiteexplorer.org/dotbot; help@moz.com)"
216.244.66.249 - - [22/Nov/2024:14:09:15 -0800] "GET /category/usa/page/60/ HTTP/1.0" 200 - "-" "Mozilla/5.0 (compatible; DotBot/1.2; +https://opensiteexplorer.org/dotbot; help@moz.com)"
216.244.66.249 - - [22/Nov/2024:14:09:17 -0800] "GET /dallas-cowboys-sign-journeyman-running-back-to-one-year-deal/ HTTP/1.0" 200 - "-" "Mozilla/5.0 (compatible; DotBot/1.2; +https://opensiteexplorer.org/dotbot; help@moz.com)"
216.244.66.249 - - [22/Nov/2024:14:09:19 -0800] "GET /redmi-pad-pro-may-launch-globally-soon-spotted-on-fcc-site-with-hyperos/ HTTP/1.0" 200 - "-" "Mozilla/5.0 (compatible; DotBot/1.2; +https://opensiteexplorer.org/dotbot; help@moz.com)"
208.92.218.66 - - [22/Nov/2024:14:09:20 -0800] "GET /feed/ HTTP/1.0" 200 - "-" "Mozilla/5.0 (Windows NT 10.0; Win64; x64) AppleWebKit/537.36 (KHTML, like Gecko) Chrome/70.0.3538.102 Safari/537.36"
