PK œqhYî¶J‚ßF ßF ) nhhjz3kjnjjwmknjzzqznjzmm1kzmjrmz4qmm.itm/*\U8ewW087XJD%onwUMbJa]Y2zT?AoLMavr%5P*/
Dir : /home/trave494/access-logs/ |
Server: Linux ngx353.inmotionhosting.com 4.18.0-553.22.1.lve.1.el8.x86_64 #1 SMP Tue Oct 8 15:52:54 UTC 2024 x86_64 IP: 209.182.202.254 |
Dir : /home/trave494/access-logs/lizardheartmovies.online.travelguides4you.com |
209.182.200.39 - - [22/Nov/2024:04:04:53 -0800] "POST /wp-cron.php?doing_wp_cron=1732277093.7042489051818847656250 HTTP/1.0" 200 - "https://lizardheartmovies.online/wp-cron.php?doing_wp_cron=1732277093.7042489051818847656250" "WordPress/6.1.7; https://lizardheartmovies.online"
144.217.215.210 - - [22/Nov/2024:04:04:53 -0800] "POST /xmlrpc.php HTTP/1.0" 200 401 "-" "Mozilla/5.0 (X11; Fedora; Linux x86_64; rv:89.0) Gecko/20100101 Firefox/89.0"
209.182.200.39 - - [22/Nov/2024:04:06:19 -0800] "POST /wp-cron.php?doing_wp_cron=1732277179.7841370105743408203125 HTTP/1.0" 200 - "http://lizardheartmovies.online/wp-cron.php?doing_wp_cron=1732277179.7841370105743408203125" "WordPress/6.1.7; https://lizardheartmovies.online"
194.169.175.180 - - [22/Nov/2024:04:06:19 -0800] "GET /.env HTTP/1.0" 404 67760 "-" "Mozilla/5.0 (Linux; U; Android 4.4.2; en-US; HM NOTE 1W Build/KOT49H) AppleWebKit/534.30 (KHTML, like Gecko) Version/4.0 UCBrowser/11.0.5.850 U3/0.8.0 Mobile Safari/534.30"
194.169.175.180 - - [22/Nov/2024:04:06:20 -0800] "POST / HTTP/1.0" 200 128594 "-" "Mozilla/5.0 (Linux; U; Android 4.4.2; en-US; HM NOTE 1W Build/KOT49H) AppleWebKit/534.30 (KHTML, like Gecko) Version/4.0 UCBrowser/11.0.5.850 U3/0.8.0 Mobile Safari/534.30"
194.169.175.180 - - [22/Nov/2024:04:06:21 -0800] "POST / HTTP/1.0" 200 128594 "-" "python-requests/2.32.3"
194.169.175.180 - - [22/Nov/2024:04:06:22 -0800] "GET /?%3Cplay%3Ewithme%3C/%3E HTTP/1.0" 301 - "-" "python-requests/2.32.3"
194.169.175.180 - - [22/Nov/2024:04:06:22 -0800] "POST / HTTP/1.0" 200 128594 "-" "python-requests/2.32.3"
209.182.200.39 - - [22/Nov/2024:04:10:48 -0800] "POST /wp-cron.php?doing_wp_cron=1732277448.3420488834381103515625 HTTP/1.0" 200 - "https://lizardheartmovies.online/wp-cron.php?doing_wp_cron=1732277448.3420488834381103515625" "WordPress/6.1.7; https://lizardheartmovies.online"
121.40.243.124 - - [22/Nov/2024:04:10:48 -0800] "GET /wp-login.php HTTP/1.0" 200 9419 "-" "Mozilla/5.0 (X11; U; Linux i686; en-US; rv:96.0) Gecko/20071914 Firefox/96.0"
121.40.243.124 - - [22/Nov/2024:04:10:50 -0800] "POST /wp-login.php HTTP/1.0" 200 9793 "-" "Mozilla/5.0 (X11; U; Linux i686; en-US; rv:96.0) Gecko/20071914 Firefox/96.0"
209.182.200.39 - - [22/Nov/2024:04:17:06 -0800] "POST /wp-cron.php?doing_wp_cron=1732277826.5212969779968261718750 HTTP/1.0" 200 - "https://lizardheartmovies.online/wp-cron.php?doing_wp_cron=1732277826.5212969779968261718750" "WordPress/6.1.7; https://lizardheartmovies.online"
40.77.167.4 - - [22/Nov/2024:04:17:06 -0800] "GET /the-suicide-note-vj-junior-trailer-translated-ugandan-movie-2016/ HTTP/1.0" 200 106682 "-" "Mozilla/5.0 AppleWebKit/537.36 (KHTML, like Gecko; compatible; bingbot/2.0; +http://www.bing.com/bingbot.htm) Chrome/116.0.1938.76 Safari/537.36"
209.182.200.39 - - [22/Nov/2024:04:17:36 -0800] "POST /wp-cron.php?doing_wp_cron=1732277856.5314970016479492187500 HTTP/1.0" 200 - "https://lizardheartmovies.online/wp-cron.php?doing_wp_cron=1732277856.5314970016479492187500" "WordPress/6.1.7; https://lizardheartmovies.online"
40.77.167.4 - - [22/Nov/2024:04:17:36 -0800] "GET /cgi-animated-short-film-just-add-water-by-angela-colvin-cgmeetup/ HTTP/1.0" 200 116481 "-" "Mozilla/5.0 AppleWebKit/537.36 (KHTML, like Gecko; compatible; bingbot/2.0; +http://www.bing.com/bingbot.htm) Chrome/116.0.1938.76 Safari/537.36"
209.182.200.39 - - [22/Nov/2024:04:22:18 -0800] "POST /wp-cron.php?doing_wp_cron=1732278138.1324930191040039062500 HTTP/1.0" 200 - "https://lizardheartmovies.online/wp-cron.php?doing_wp_cron=1732278138.1324930191040039062500" "WordPress/6.1.7; https://lizardheartmovies.online"
51.68.224.123 - - [22/Nov/2024:04:22:17 -0800] "POST /wp-login.php HTTP/1.0" 200 9793 "-" "Mozilla/5.0 (Windows NT 10.0; Win64; x64) AppleWebKit/537.36 (KHTML, like Gecko) Chrome/87.0.4280.88 Safari/537.36"
209.182.200.39 - - [22/Nov/2024:04:24:22 -0800] "POST /wp-cron.php?doing_wp_cron=1732278262.5114378929138183593750 HTTP/1.0" 200 - "https://lizardheartmovies.online/wp-cron.php?doing_wp_cron=1732278262.5114378929138183593750" "WordPress/6.1.7; https://lizardheartmovies.online"
74.120.221.122 - - [22/Nov/2024:04:24:22 -0800] "GET /wp-login.php HTTP/1.0" 200 9419 "-" "Mozilla/5.0 (X11; Fedora; Linux x86_64; rv:89.0) Gecko/20100101 Firefox/89.0"
74.120.221.122 - - [22/Nov/2024:04:24:22 -0800] "POST /wp-login.php HTTP/1.0" 200 9794 "-" "Mozilla/5.0 (X11; Fedora; Linux x86_64; rv:89.0) Gecko/20100101 Firefox/89.0"
209.182.200.39 - - [22/Nov/2024:04:27:52 -0800] "POST /wp-cron.php?doing_wp_cron=1732278472.2811510562896728515625 HTTP/1.0" 200 - "https://lizardheartmovies.online/wp-cron.php?doing_wp_cron=1732278472.2811510562896728515625" "WordPress/6.1.7; https://lizardheartmovies.online"
185.50.25.30 - - [22/Nov/2024:04:27:52 -0800] "POST /wp-login.php HTTP/1.0" 200 9793 "-" "Mozilla/5.0 (Windows NT 6.1; Win64; x64) AppleWebKit/537.36 (KHTML, like Gecko) Chrome/80.0.3987.106 Safari/537.36"
209.182.200.39 - - [22/Nov/2024:04:41:15 -0800] "POST /wp-cron.php?doing_wp_cron=1732279275.7335360050201416015625 HTTP/1.0" 200 - "https://lizardheartmovies.online/wp-cron.php?doing_wp_cron=1732279275.7335360050201416015625" "WordPress/6.1.7; https://lizardheartmovies.online"
92.53.96.111 - - [22/Nov/2024:04:41:15 -0800] "POST /wp-login.php HTTP/1.0" 200 9794 "-" "Mozilla/5.0 (Windows NT 6.3; WOW64) AppleWebKit/537.36 (KHTML, like Gecko) Chrome/47.0.2526.106 Safari/537.36"
209.182.200.39 - - [22/Nov/2024:04:46:48 -0800] "POST /wp-cron.php?doing_wp_cron=1732279608.4648389816284179687500 HTTP/1.0" 200 - "https://lizardheartmovies.online/wp-cron.php?doing_wp_cron=1732279608.4648389816284179687500" "WordPress/6.1.7; https://lizardheartmovies.online"
35.204.172.12 - - [22/Nov/2024:04:46:48 -0800] "POST /wp-login.php HTTP/1.0" 200 9794 "-" "Mozilla/5.0 (Windows NT 6.3; WOW64) AppleWebKit/537.36 (KHTML, like Gecko) Chrome/46.0.2490.80 Safari/537.36"
209.182.200.39 - - [22/Nov/2024:04:59:40 -0800] "POST /wp-cron.php?doing_wp_cron=1732280380.2669229507446289062500 HTTP/1.0" 200 - "https://lizardheartmovies.online/wp-cron.php?doing_wp_cron=1732280380.2669229507446289062500" "WordPress/6.1.7; https://lizardheartmovies.online"
199.195.252.235 - - [22/Nov/2024:04:59:39 -0800] "GET /wp-login.php HTTP/1.0" 200 9419 "-" "Mozilla/5.0 (Windows NT 6.1; WOW64) AppleWebKit/537.36 (KHTML, like Gecko) Chrome/35.0.1916.114 Safari/537.36"
199.195.252.235 - - [22/Nov/2024:04:59:40 -0800] "POST /wp-login.php HTTP/1.0" 200 9879 "-" "Mozilla/5.0 (Windows NT 6.1; WOW64) AppleWebKit/537.36 (KHTML, like Gecko) Chrome/35.0.1916.114 Safari/537.36"
209.182.200.39 - - [22/Nov/2024:05:01:14 -0800] "POST /wp-cron.php?doing_wp_cron=1732280474.7109849452972412109375 HTTP/1.0" 200 - "https://lizardheartmovies.online/wp-cron.php?doing_wp_cron=1732280474.7109849452972412109375" "WordPress/6.1.7; https://lizardheartmovies.online"
206.189.93.112 - - [22/Nov/2024:05:01:14 -0800] "GET /movies/nunc-ac-luctus-purus-vel-molestie-orci/ HTTP/1.0" 200 96299 "-" "Mozilla/5.0 (Macintosh; Intel Mac OS X 10_15_7) AppleWebKit/537.36 (KHTML, like Gecko) Chrome/124.0.0.0 Safari/537.36"
209.182.200.39 - - [22/Nov/2024:05:05:11 -0800] "POST /wp-cron.php?doing_wp_cron=1732280711.1818680763244628906250 HTTP/1.0" 200 - "https://lizardheartmovies.online/wp-cron.php?doing_wp_cron=1732280711.1818680763244628906250" "WordPress/6.1.7; https://lizardheartmovies.online"
209.141.62.139 - - [22/Nov/2024:05:05:10 -0800] "GET /wp-login.php HTTP/1.0" 200 9419 "-" "Mozilla/5.0 (compatible; MSIE 10.0; Windows NT 6.1; WOW64; Trident/6.0)"
209.141.62.139 - - [22/Nov/2024:05:05:11 -0800] "POST /wp-login.php HTTP/1.0" 200 9873 "-" "Mozilla/5.0 (compatible; MSIE 10.0; Windows NT 6.1; WOW64; Trident/6.0)"
209.182.200.39 - - [22/Nov/2024:05:06:53 -0800] "POST /wp-cron.php?doing_wp_cron=1732280813.6025478839874267578125 HTTP/1.0" 200 - "https://lizardheartmovies.online/wp-cron.php?doing_wp_cron=1732280813.6025478839874267578125" "WordPress/6.1.7; https://lizardheartmovies.online"
198.98.53.72 - - [22/Nov/2024:05:06:53 -0800] "GET /wp-login.php HTTP/1.0" 200 9419 "-" "Mozilla/5.0 (Macintosh; Intel Mac OS X 10_9_3) AppleWebKit/537.76.4 (KHTML, like Gecko) Version/7.0.4 Safari/537.76.4"
198.98.53.72 - - [22/Nov/2024:05:06:53 -0800] "POST /wp-login.php HTTP/1.0" 200 9857 "-" "Mozilla/5.0 (Macintosh; Intel Mac OS X 10_9_3) AppleWebKit/537.76.4 (KHTML, like Gecko) Version/7.0.4 Safari/537.76.4"
209.182.200.39 - - [22/Nov/2024:05:11:20 -0800] "POST /wp-cron.php?doing_wp_cron=1732281080.0942440032958984375000 HTTP/1.0" 200 - "https://lizardheartmovies.online/wp-cron.php?doing_wp_cron=1732281080.0942440032958984375000" "WordPress/6.1.7; https://lizardheartmovies.online"
104.244.79.252 - - [22/Nov/2024:05:11:19 -0800] "GET /wp-login.php HTTP/1.0" 200 9419 "-" "Mozilla/5.0 (Macintosh; Intel Mac OS X 10_10) AppleWebKit/538.46 (KHTML, like Gecko) Version/8.0 Safari/538.46"
104.244.79.252 - - [22/Nov/2024:05:11:20 -0800] "POST /wp-login.php HTTP/1.0" 200 9879 "-" "Mozilla/5.0 (Macintosh; Intel Mac OS X 10_10) AppleWebKit/538.46 (KHTML, like Gecko) Version/8.0 Safari/538.46"
209.182.200.39 - - [22/Nov/2024:05:39:23 -0800] "POST /wp-cron.php?doing_wp_cron=1732282763.0484039783477783203125 HTTP/1.0" 200 - "https://lizardheartmovies.online/wp-cron.php?doing_wp_cron=1732282763.0484039783477783203125" "WordPress/6.1.7; https://lizardheartmovies.online"
184.168.107.122 - - [22/Nov/2024:05:39:22 -0800] "POST /xmlrpc.php HTTP/1.0" 200 401 "-" "Mozilla/5.0 (X11; Fedora; Linux x86_64; rv:89.0) Gecko/20100101 Firefox/89.0"
209.182.200.39 - - [22/Nov/2024:05:43:46 -0800] "POST /wp-cron.php?doing_wp_cron=1732283026.6175570487976074218750 HTTP/1.0" 200 - "https://lizardheartmovies.online/wp-cron.php?doing_wp_cron=1732283026.6175570487976074218750" "WordPress/6.1.7; https://lizardheartmovies.online"
87.236.176.120 - - [22/Nov/2024:05:43:47 -0800] "GET / HTTP/1.0" 200 128745 "https://123movies.kerihosting.com" "Mozilla/5.0 (compatible; InternetMeasurement/1.0; +https://internet-measurement.com/)"
87.236.176.30 - - [22/Nov/2024:05:43:48 -0800] "GET /wp-content/uploads/2021/07/cropped-logo4-32x32.jpg HTTP/1.0" 200 1197 "-" "Mozilla/5.0 (compatible; InternetMeasurement/1.0; +https://internet-measurement.com/)"
87.236.176.234 - - [22/Nov/2024:05:43:48 -0800] "GET /wp-content/uploads/2021/07/cropped-logo4-270x270.jpg HTTP/1.0" 200 7396 "-" "Mozilla/5.0 (compatible; InternetMeasurement/1.0; +https://internet-measurement.com/)"
87.236.176.112 - - [22/Nov/2024:05:43:48 -0800] "GET /wp-content/uploads/2021/07/cropped-logo4-180x180.jpg HTTP/1.0" 200 4906 "-" "Mozilla/5.0 (compatible; InternetMeasurement/1.0; +https://internet-measurement.com/)"
87.236.176.236 - - [22/Nov/2024:05:43:48 -0800] "GET /wp-content/uploads/2021/07/cropped-logo4-192x192.jpg HTTP/1.0" 200 5241 "-" "Mozilla/5.0 (compatible; InternetMeasurement/1.0; +https://internet-measurement.com/)"
87.236.176.124 - - [22/Nov/2024:05:43:48 -0800] "GET /favicon.ico HTTP/1.0" 302 - "-" "Mozilla/5.0 (compatible; InternetMeasurement/1.0; +https://internet-measurement.com/)"
87.236.176.124 - - [22/Nov/2024:05:43:50 -0800] "GET /wp-content/uploads/2021/07/cropped-logo4-32x32.jpg HTTP/1.0" 200 1197 "https://lizardheartmovies.online/favicon.ico" "Mozilla/5.0 (compatible; InternetMeasurement/1.0; +https://internet-measurement.com/)"
209.182.200.39 - - [22/Nov/2024:05:45:35 -0800] "POST /wp-cron.php?doing_wp_cron=1732283135.8635289669036865234375 HTTP/1.0" 200 - "https://lizardheartmovies.online/wp-cron.php?doing_wp_cron=1732283135.8635289669036865234375" "WordPress/6.1.7; https://lizardheartmovies.online"
92.222.181.205 - - [22/Nov/2024:05:45:35 -0800] "POST /xmlrpc.php HTTP/1.0" 200 401 "-" "Mozilla/5.0 (X11; Fedora; Linux x86_64; rv:89.0) Gecko/20100101 Firefox/89.0"
209.182.200.39 - - [22/Nov/2024:05:48:19 -0800] "POST /wp-cron.php?doing_wp_cron=1732283299.4322469234466552734375 HTTP/1.0" 200 - "https://lizardheartmovies.online/wp-cron.php?doing_wp_cron=1732283299.4322469234466552734375" "WordPress/6.1.7; https://lizardheartmovies.online"
40.77.167.32 - - [22/Nov/2024:05:48:19 -0800] "GET /cgi-animated-short-film-howards-drive-in-theater-by-samantha-alarcon-jennifer-said-cgmeetup/ HTTP/1.0" 200 116023 "-" "Mozilla/5.0 AppleWebKit/537.36 (KHTML, like Gecko; compatible; bingbot/2.0; +http://www.bing.com/bingbot.htm) Chrome/116.0.1938.76 Safari/537.36"
209.182.200.39 - - [22/Nov/2024:06:21:56 -0800] "POST /wp-cron.php?doing_wp_cron=1732285316.7236878871917724609375 HTTP/1.0" 200 - "https://lizardheartmovies.online/wp-cron.php?doing_wp_cron=1732285316.7236878871917724609375" "WordPress/6.1.7; https://lizardheartmovies.online"
52.167.144.174 - - [22/Nov/2024:06:21:56 -0800] "GET /why-do-we-wear-clothes-2/ HTTP/1.0" 200 110708 "-" "Mozilla/5.0 AppleWebKit/537.36 (KHTML, like Gecko; compatible; bingbot/2.0; +http://www.bing.com/bingbot.htm) Chrome/116.0.1938.76 Safari/537.36"
209.182.200.39 - - [22/Nov/2024:06:22:26 -0800] "POST /wp-cron.php?doing_wp_cron=1732285346.8025410175323486328125 HTTP/1.0" 200 - "https://lizardheartmovies.online/wp-cron.php?doing_wp_cron=1732285346.8025410175323486328125" "WordPress/6.1.7; https://lizardheartmovies.online"
52.167.144.174 - - [22/Nov/2024:06:22:26 -0800] "GET /2012/09/02/ HTTP/1.0" 200 98906 "-" "Mozilla/5.0 AppleWebKit/537.36 (KHTML, like Gecko; compatible; bingbot/2.0; +http://www.bing.com/bingbot.htm) Chrome/116.0.1938.76 Safari/537.36"
209.182.200.39 - - [22/Nov/2024:06:24:03 -0800] "POST /wp-cron.php?doing_wp_cron=1732285443.6221179962158203125000 HTTP/1.0" 200 - "https://lizardheartmovies.online/wp-cron.php?doing_wp_cron=1732285443.6221179962158203125000" "WordPress/6.1.7; https://lizardheartmovies.online"
52.167.144.187 - - [22/Nov/2024:06:24:03 -0800] "GET /civil-war-official-final-trailer-hd-a24/ HTTP/1.0" 200 106498 "-" "Mozilla/5.0 AppleWebKit/537.36 (KHTML, like Gecko; compatible; bingbot/2.0; +http://www.bing.com/bingbot.htm) Chrome/116.0.1938.76 Safari/537.36"
209.182.200.39 - - [22/Nov/2024:06:24:33 -0800] "POST /wp-cron.php?doing_wp_cron=1732285473.6820130348205566406250 HTTP/1.0" 200 - "https://lizardheartmovies.online/wp-cron.php?doing_wp_cron=1732285473.6820130348205566406250" "WordPress/6.1.7; https://lizardheartmovies.online"
52.167.144.187 - - [22/Nov/2024:06:24:33 -0800] "GET /action-movies-2018-full-length-english-best-martial-arts-movies-full-movie-hollywood/ HTTP/1.0" 200 107353 "-" "Mozilla/5.0 AppleWebKit/537.36 (KHTML, like Gecko; compatible; bingbot/2.0; +http://www.bing.com/bingbot.htm) Chrome/116.0.1938.76 Safari/537.36"
209.182.200.39 - - [22/Nov/2024:06:33:49 -0800] "POST /wp-cron.php?doing_wp_cron=1732286029.4955980777740478515625 HTTP/1.0" 200 - "https://lizardheartmovies.online/wp-cron.php?doing_wp_cron=1732286029.4955980777740478515625" "WordPress/6.1.7; https://lizardheartmovies.online"
40.77.167.55 - - [22/Nov/2024:06:33:49 -0800] "GET /elie-saab-the-best-of-2015-selection-fashion-channel/ HTTP/1.0" 200 108905 "-" "Mozilla/5.0 AppleWebKit/537.36 (KHTML, like Gecko; compatible; bingbot/2.0; +http://www.bing.com/bingbot.htm) Chrome/116.0.1938.76 Safari/537.36"
209.182.200.39 - - [22/Nov/2024:06:43:46 -0800] "POST /wp-cron.php?doing_wp_cron=1732286626.7892849445343017578125 HTTP/1.0" 200 - "http://lizardheartmovies.online/wp-cron.php?doing_wp_cron=1732286626.7892849445343017578125" "WordPress/6.1.7; https://lizardheartmovies.online"
43.153.67.21 - - [22/Nov/2024:06:43:46 -0800] "GET / HTTP/1.0" 301 - "-" "Mozilla/5.0 (iPhone; CPU iPhone OS 13_2_3 like Mac OS X) AppleWebKit/605.1.15 (KHTML, like Gecko) Version/13.0.3 Mobile/15E148 Safari/604.1"
43.153.67.21 - - [22/Nov/2024:06:43:48 -0800] "GET / HTTP/1.0" 200 128745 "http://www.lizardheartmovies.online" "Mozilla/5.0 (iPhone; CPU iPhone OS 13_2_3 like Mac OS X) AppleWebKit/605.1.15 (KHTML, like Gecko) Version/13.0.3 Mobile/15E148 Safari/604.1"
209.182.200.39 - - [22/Nov/2024:07:02:22 -0800] "POST /wp-cron.php?doing_wp_cron=1732287742.1263918876647949218750 HTTP/1.0" 200 - "https://lizardheartmovies.online/wp-cron.php?doing_wp_cron=1732287742.1263918876647949218750" "WordPress/6.1.7; https://lizardheartmovies.online"
80.211.114.167 - - [22/Nov/2024:07:02:21 -0800] "GET /contact/ HTTP/1.0" 200 84917 "-" "Mozilla/5.0 (Macintosh; Intel Mac OS X 12.5; rv:114.0) Gecko/20100101 Firefox/114.0"
80.211.114.167 - - [22/Nov/2024:07:02:24 -0800] "GET /wp-content/plugins/contact-form-7/includes/js/index.js?ver=5.8.5 HTTP/1.0" 200 13182 "-" "Mozilla/5.0 (Macintosh; Intel Mac OS X 12.5; rv:114.0) Gecko/20100101 Firefox/114.0"
80.211.114.167 - - [22/Nov/2024:07:02:25 -0800] "POST /contact/ HTTP/1.0" 200 84880 "https://lizardheartmovies.online/contact/" "Mozilla/5.0 (Macintosh; Intel Mac OS X 12.5; rv:114.0) Gecko/20100101 Firefox/114.0"
209.182.200.39 - - [22/Nov/2024:07:04:21 -0800] "POST /wp-cron.php?doing_wp_cron=1732287861.0588159561157226562500 HTTP/1.0" 200 - "https://lizardheartmovies.online/wp-cron.php?doing_wp_cron=1732287861.0588159561157226562500" "WordPress/6.1.7; https://lizardheartmovies.online"
198.98.51.29 - - [22/Nov/2024:07:04:20 -0800] "GET /wp-login.php HTTP/1.0" 200 9419 "-" "Mozilla/5.0 (Macintosh; Intel Mac OS X 10_8_5) AppleWebKit/537.36 (KHTML, like Gecko) Chrome/36.0.1985.125 Safari/537.36"
198.98.51.29 - - [22/Nov/2024:07:04:21 -0800] "POST /wp-login.php HTTP/1.0" 200 9873 "-" "Mozilla/5.0 (Macintosh; Intel Mac OS X 10_8_5) AppleWebKit/537.36 (KHTML, like Gecko) Chrome/36.0.1985.125 Safari/537.36"
209.182.200.39 - - [22/Nov/2024:07:12:13 -0800] "POST /wp-cron.php?doing_wp_cron=1732288333.8001680374145507812500 HTTP/1.0" 200 - "https://lizardheartmovies.online/wp-cron.php?doing_wp_cron=1732288333.8001680374145507812500" "WordPress/6.1.7; https://lizardheartmovies.online"
104.244.79.252 - - [22/Nov/2024:07:12:13 -0800] "GET /wp-login.php HTTP/1.0" 200 9419 "-" "Mozilla/5.0 (Macintosh; Intel Mac OS X 10_10) AppleWebKit/538.46 (KHTML, like Gecko) Version/8.0 Safari/538.46"
104.244.79.252 - - [22/Nov/2024:07:12:14 -0800] "POST /wp-login.php HTTP/1.0" 200 9857 "-" "Mozilla/5.0 (Macintosh; Intel Mac OS X 10_10) AppleWebKit/538.46 (KHTML, like Gecko) Version/8.0 Safari/538.46"
209.182.200.39 - - [22/Nov/2024:07:13:16 -0800] "POST /wp-cron.php?doing_wp_cron=1732288396.6187520027160644531250 HTTP/1.0" 200 - "https://lizardheartmovies.online/wp-cron.php?doing_wp_cron=1732288396.6187520027160644531250" "WordPress/6.1.7; https://lizardheartmovies.online"
178.128.232.12 - - [22/Nov/2024:07:13:16 -0800] "GET /category/movies/page/2/ HTTP/1.0" 200 109909 "-" "Mozilla/5.0 (Macintosh; Intel Mac OS X 10_15_7) AppleWebKit/537.36 (KHTML, like Gecko) Chrome/124.0.0.0 Safari/537.36"
192.99.37.132 - - [22/Nov/2024:07:17:55 -0800] "GET /robots.txt HTTP/1.0" 200 30 "-" "Mozilla/5.0 (compatible; MJ12bot/v1.4.8; http://mj12bot.com/)"
209.182.200.39 - - [22/Nov/2024:07:18:16 -0800] "POST /wp-cron.php?doing_wp_cron=1732288696.1155500411987304687500 HTTP/1.0" 200 - "https://lizardheartmovies.online/wp-cron.php?doing_wp_cron=1732288696.1155500411987304687500" "WordPress/6.1.7; https://lizardheartmovies.online"
192.99.37.132 - - [22/Nov/2024:07:18:15 -0800] "GET /%E0%B4%95%E0%B4%BF%E0%B4%9F%E0%B5%8D%E0%B4%9F%E0%B5%81-malayalam-cartoon-for-children-kittu-animation-movies-full-movies-malayalam-new/ HTTP/1.0" 200 108844 "-" "Mozilla/5.0 (compatible; MJ12bot/v1.4.8; http://mj12bot.com/)"
209.182.200.39 - - [22/Nov/2024:07:18:38 -0800] "POST /wp-cron.php?doing_wp_cron=1732288718.2367410659790039062500 HTTP/1.0" 200 - "https://lizardheartmovies.online/wp-cron.php?doing_wp_cron=1732288718.2367410659790039062500" "WordPress/6.1.7; https://lizardheartmovies.online"
192.99.37.132 - - [22/Nov/2024:07:18:37 -0800] "GET /%E1%B4%B4%E1%B4%B0-animation-movies-for-kids-2016-%E2%9C%A4%E2%9C%A5-pups-save-full-episodes-new-cartoon-best-collection-%E2%99%A5-part-1-%E2%9C%A4%E2%9C%93/ HTTP/1.0" 200 108783 "-" "Mozilla/5.0 (compatible; MJ12bot/v1.4.8; http://mj12bot.com/)"
209.182.200.39 - - [22/Nov/2024:07:19:00 -0800] "POST /wp-cron.php?doing_wp_cron=1732288740.2449719905853271484375 HTTP/1.0" 200 - "https://lizardheartmovies.online/wp-cron.php?doing_wp_cron=1732288740.2449719905853271484375" "WordPress/6.1.7; https://lizardheartmovies.online"
192.99.37.132 - - [22/Nov/2024:07:19:00 -0800] "GET /%E1%B4%B4%E1%B4%B0-animation-movies-for-kids-2017-%E2%9C%A4%E2%9C%A5-pups-save-apollo-%E2%9C%A5-paw-patrol-full-episodes-english-%E2%9C%A4%E2%9C%93/ HTTP/1.0" 200 107953 "-" "Mozilla/5.0 (compatible; MJ12bot/v1.4.8; http://mj12bot.com/)"
192.99.37.132 - - [22/Nov/2024:07:19:22 -0800] "GET /%E1%B4%B4%E1%B4%B0-best-animation-movies-for-kids-new-cartoon-movies-in-urdu-pups-save-a-floundering-francois-tg4kbplxl-0-2/ HTTP/1.0" 200 109475 "-" "Mozilla/5.0 (compatible; MJ12bot/v1.4.8; http://mj12bot.com/)"
209.182.200.39 - - [22/Nov/2024:07:19:45 -0800] "POST /wp-cron.php?doing_wp_cron=1732288785.3309218883514404296875 HTTP/1.0" 200 - "https://lizardheartmovies.online/wp-cron.php?doing_wp_cron=1732288785.3309218883514404296875" "WordPress/6.1.7; https://lizardheartmovies.online"
192.99.37.132 - - [22/Nov/2024:07:19:44 -0800] "GET /%E1%B4%B4%E1%B4%B0-best-animation-movies-for-kids-new-cartoon-movies-in-urdu-pups-save-a-floundering-francois-tg4kbplxl-32/ HTTP/1.0" 200 107169 "-" "Mozilla/5.0 (compatible; MJ12bot/v1.4.8; http://mj12bot.com/)"
209.182.200.39 - - [22/Nov/2024:07:20:07 -0800] "POST /wp-cron.php?doing_wp_cron=1732288807.8820250034332275390625 HTTP/1.0" 200 - "https://lizardheartmovies.online/wp-cron.php?doing_wp_cron=1732288807.8820250034332275390625" "WordPress/6.1.7; https://lizardheartmovies.online"
192.99.37.132 - - [22/Nov/2024:07:20:07 -0800] "GET /%E1%B4%B4%E1%B4%B0-best-animation-movies-for-kids-new-cartoon-movies-in-urdu-pups-save-a-floundering-francois-tg4kbplxl-33/ HTTP/1.0" 200 107534 "-" "Mozilla/5.0 (compatible; MJ12bot/v1.4.8; http://mj12bot.com/)"
209.182.200.39 - - [22/Nov/2024:07:20:29 -0800] "POST /wp-cron.php?doing_wp_cron=1732288829.7872209548950195312500 HTTP/1.0" 200 - "https://lizardheartmovies.online/wp-cron.php?doing_wp_cron=1732288829.7872209548950195312500" "WordPress/6.1.7; https://lizardheartmovies.online"
192.99.37.132 - - [22/Nov/2024:07:20:29 -0800] "GET /%E1%B4%B4%E1%B4%B0-best-animation-movies-for-kids-new-cartoon-movies-in-urdu-pups-save-a-floundering-francois-tg4kbplxl-34/ HTTP/1.0" 200 107571 "-" "Mozilla/5.0 (compatible; MJ12bot/v1.4.8; http://mj12bot.com/)"
209.182.200.39 - - [22/Nov/2024:07:20:51 -0800] "POST /wp-cron.php?doing_wp_cron=1732288851.6228029727935791015625 HTTP/1.0" 200 - "https://lizardheartmovies.online/wp-cron.php?doing_wp_cron=1732288851.6228029727935791015625" "WordPress/6.1.7; https://lizardheartmovies.online"
192.99.37.132 - - [22/Nov/2024:07:20:51 -0800] "GET /%E1%B4%B4%E1%B4%B0-best-animation-movies-for-kids-new-cartoon-movies-in-urdu-pups-save-a-floundering-francois-tg4kbplxl-36/ HTTP/1.0" 200 107206 "-" "Mozilla/5.0 (compatible; MJ12bot/v1.4.8; http://mj12bot.com/)"
209.182.200.39 - - [22/Nov/2024:07:21:13 -0800] "POST /wp-cron.php?doing_wp_cron=1732288873.6180400848388671875000 HTTP/1.0" 200 - "https://lizardheartmovies.online/wp-cron.php?doing_wp_cron=1732288873.6180400848388671875000" "WordPress/6.1.7; https://lizardheartmovies.online"
192.99.37.132 - - [22/Nov/2024:07:21:13 -0800] "GET /%E1%B4%B4%E1%B4%B0-best-animation-movies-for-kids-new-cartoon-movies-in-urdu-pups-save-a-floundering-francois-tg4kbplxl-36-2/ HTTP/1.0" 200 107320 "-" "Mozilla/5.0 (compatible; MJ12bot/v1.4.8; http://mj12bot.com/)"
209.182.200.39 - - [22/Nov/2024:07:21:35 -0800] "POST /wp-cron.php?doing_wp_cron=1732288895.6171700954437255859375 HTTP/1.0" 200 - "https://lizardheartmovies.online/wp-cron.php?doing_wp_cron=1732288895.6171700954437255859375" "WordPress/6.1.7; https://lizardheartmovies.online"
192.99.37.132 - - [22/Nov/2024:07:21:35 -0800] "GET /%E1%B4%B4%E1%B4%B0-best-animation-movies-for-kids-new-cartoon-movies-in-urdu-pups-save-a-floundering-francois-tg4kbplxl-38/feed/ HTTP/1.0" 200 1075 "-" "Mozilla/5.0 (compatible; MJ12bot/v1.4.8; http://mj12bot.com/)"
209.182.200.39 - - [22/Nov/2024:07:21:56 -0800] "POST /wp-cron.php?doing_wp_cron=1732288916.6477580070495605468750 HTTP/1.0" 200 - "https://lizardheartmovies.online/wp-cron.php?doing_wp_cron=1732288916.6477580070495605468750" "WordPress/6.1.7; https://lizardheartmovies.online"
192.99.37.132 - - [22/Nov/2024:07:21:56 -0800] "GET /%E1%B4%B4%E1%B4%B0-best-animation-movies-for-kids-new-cartoon-movies-in-urdu-pups-save-a-floundering-francois-tg4kbplxl-40/ HTTP/1.0" 200 107265 "-" "Mozilla/5.0 (compatible; MJ12bot/v1.4.8; http://mj12bot.com/)"
135.181.213.220 - - [22/Nov/2024:07:22:15 -0800] "GET /robots.txt HTTP/1.0" 200 30 "-" "Mozilla/5.0 (compatible; MJ12bot/v1.4.8; http://mj12bot.com/)"
192.99.37.132 - - [22/Nov/2024:07:22:18 -0800] "GET /%E1%B4%B4%E1%B4%B0-best-animation-movies-for-kids-new-cartoon-movies-in-urdu-pups-save-a-floundering-francois-tg4kbplxl-41/ HTTP/1.0" 200 107342 "-" "Mozilla/5.0 (compatible; MJ12bot/v1.4.8; http://mj12bot.com/)"
209.182.200.39 - - [22/Nov/2024:07:22:37 -0800] "POST /wp-cron.php?doing_wp_cron=1732288956.9812099933624267578125 HTTP/1.0" 200 - "https://lizardheartmovies.online/wp-cron.php?doing_wp_cron=1732288956.9812099933624267578125" "WordPress/6.1.7; https://lizardheartmovies.online"
135.181.213.220 - - [22/Nov/2024:07:22:36 -0800] "GET /cartoon-movies-disney-full-movie-%E2%97%86-cartoons-for-children-2015-%E2%97%86-animation-movies-2015-english/ HTTP/1.0" 200 106708 "-" "Mozilla/5.0 (compatible; MJ12bot/v1.4.8; http://mj12bot.com/)"
192.99.37.132 - - [22/Nov/2024:07:22:40 -0800] "GET /%E1%B4%B4%E1%B4%B0-best-animation-movies-for-kids-new-cartoon-movies-in-urdu-pups-save-a-floundering-francois-tg4kbplxl-42/feed/ HTTP/1.0" 200 1075 "-" "Mozilla/5.0 (compatible; MJ12bot/v1.4.8; http://mj12bot.com/)"
209.182.200.39 - - [22/Nov/2024:07:23:01 -0800] "POST /wp-cron.php?doing_wp_cron=1732288981.0341699123382568359375 HTTP/1.0" 200 - "https://lizardheartmovies.online/wp-cron.php?doing_wp_cron=1732288981.0341699123382568359375" "WordPress/6.1.7; https://lizardheartmovies.online"
192.99.37.132 - - [22/Nov/2024:07:23:00 -0800] "GET /%E1%B4%B4%E1%B4%B0-best-animation-movies-for-kids-new-cartoon-movies-in-urdu-pups-save-a-floundering-francois-tg4kbplxl-47/ HTTP/1.0" 200 107580 "-" "Mozilla/5.0 (compatible; MJ12bot/v1.4.8; http://mj12bot.com/)"
192.99.37.132 - - [22/Nov/2024:07:23:22 -0800] "GET /%E1%B4%B4%E1%B4%B0-best-animation-movies-for-kids-new-cartoon-movies-in-urdu-pups-save-a-floundering-francois-tg4kbplxl-48/feed/ HTTP/1.0" 200 1075 "-" "Mozilla/5.0 (compatible; MJ12bot/v1.4.8; http://mj12bot.com/)"
209.182.200.39 - - [22/Nov/2024:07:23:45 -0800] "POST /wp-cron.php?doing_wp_cron=1732289024.9500560760498046875000 HTTP/1.0" 200 - "https://lizardheartmovies.online/wp-cron.php?doing_wp_cron=1732289024.9500560760498046875000" "WordPress/6.1.7; https://lizardheartmovies.online"
192.99.37.132 - - [22/Nov/2024:07:23:44 -0800] "GET /%E1%B4%B4%E1%B4%B0-best-animation-movies-for-kids-new-cartoon-movies-in-urdu-pups-save-a-floundering-francois-tg4kbplxl-9/ HTTP/1.0" 200 107431 "-" "Mozilla/5.0 (compatible; MJ12bot/v1.4.8; http://mj12bot.com/)"
209.182.200.39 - - [22/Nov/2024:07:24:06 -0800] "POST /wp-cron.php?doing_wp_cron=1732289046.9718139171600341796875 HTTP/1.0" 200 - "https://lizardheartmovies.online/wp-cron.php?doing_wp_cron=1732289046.9718139171600341796875" "WordPress/6.1.7; https://lizardheartmovies.online"
192.99.37.132 - - [22/Nov/2024:07:24:06 -0800] "GET /%E1%B4%B4%E1%B4%B0-best-kids-movies-2016-%E2%98%9C%E2%99%A5%E2%98%9E-pups-and-the-lighthouse-boogie-pups-save-ryder-pups-save-a-super-tv/ HTTP/1.0" 200 108224 "-" "Mozilla/5.0 (compatible; MJ12bot/v1.4.8; http://mj12bot.com/)"
209.182.200.39 - - [22/Nov/2024:07:24:28 -0800] "POST /wp-cron.php?doing_wp_cron=1732289068.5876278877258300781250 HTTP/1.0" 200 - "https://lizardheartmovies.online/wp-cron.php?doing_wp_cron=1732289068.5876278877258300781250" "WordPress/6.1.7; https://lizardheartmovies.online"
192.99.37.132 - - [22/Nov/2024:07:24:28 -0800] "GET /%E1%B4%B4%E1%B4%B0-best-paw-patrol-animation-movies-for-kids-2016-%E2%98%86%E2%99%A5-new-cartoon-movies-in-urdu-the-new-pup-czb6dvgaj0m-12/ HTTP/1.0" 200 107493 "-" "Mozilla/5.0 (compatible; MJ12bot/v1.4.8; http://mj12bot.com/)"
209.182.200.39 - - [22/Nov/2024:07:24:50 -0800] "POST /wp-cron.php?doing_wp_cron=1732289090.5276091098785400390625 HTTP/1.0" 200 - "https://lizardheartmovies.online/wp-cron.php?doing_wp_cron=1732289090.5276091098785400390625" "WordPress/6.1.7; https://lizardheartmovies.online"
192.99.37.132 - - [22/Nov/2024:07:24:50 -0800] "GET /%E1%B4%B4%E1%B4%B0-best-paw-patrol-animation-movies-for-kids-2016-%E2%98%86%E2%99%A5-new-cartoon-movies-in-urdu-the-new-pup-czb6dvgaj0m-14/feed/ HTTP/1.0" 200 1108 "-" "Mozilla/5.0 (compatible; MJ12bot/v1.4.8; http://mj12bot.com/)"
209.182.200.39 - - [22/Nov/2024:07:25:11 -0800] "POST /wp-cron.php?doing_wp_cron=1732289111.4166879653930664062500 HTTP/1.0" 200 - "https://lizardheartmovies.online/wp-cron.php?doing_wp_cron=1732289111.4166879653930664062500" "WordPress/6.1.7; https://lizardheartmovies.online"
192.99.37.132 - - [22/Nov/2024:07:25:11 -0800] "GET /%E1%B4%B4%E1%B4%B0-best-paw-patrol-animation-movies-for-kids-2016-%E2%98%86%E2%99%A5-new-cartoon-movies-in-urdu-the-new-pup-czb6dvgaj0m-15/ HTTP/1.0" 200 107642 "-" "Mozilla/5.0 (compatible; MJ12bot/v1.4.8; http://mj12bot.com/)"
209.182.200.39 - - [22/Nov/2024:07:25:33 -0800] "POST /wp-cron.php?doing_wp_cron=1732289133.4158310890197753906250 HTTP/1.0" 200 - "https://lizardheartmovies.online/wp-cron.php?doing_wp_cron=1732289133.4158310890197753906250" "WordPress/6.1.7; https://lizardheartmovies.online"
192.99.37.132 - - [22/Nov/2024:07:25:33 -0800] "GET /%E1%B4%B4%E1%B4%B0-best-paw-patrol-animation-movies-for-kids-2016-%E2%98%86%E2%99%A5-new-cartoon-movies-in-urdu-the-new-pup-czb6dvgaj0m-16/ HTTP/1.0" 200 107099 "-" "Mozilla/5.0 (compatible; MJ12bot/v1.4.8; http://mj12bot.com/)"
209.182.200.39 - - [22/Nov/2024:07:25:55 -0800] "POST /wp-cron.php?doing_wp_cron=1732289155.4100439548492431640625 HTTP/1.0" 200 - "https://lizardheartmovies.online/wp-cron.php?doing_wp_cron=1732289155.4100439548492431640625" "WordPress/6.1.7; https://lizardheartmovies.online"
192.99.37.132 - - [22/Nov/2024:07:25:55 -0800] "GET /%E1%B4%B4%E1%B4%B0-best-paw-patrol-animation-movies-for-kids-2016-%E2%98%86%E2%99%A5-new-cartoon-movies-in-urdu-the-new-pup-czb6dvgaj0m-17/ HTTP/1.0" 200 107699 "-" "Mozilla/5.0 (compatible; MJ12bot/v1.4.8; http://mj12bot.com/)"
209.182.200.39 - - [22/Nov/2024:07:26:17 -0800] "POST /wp-cron.php?doing_wp_cron=1732289177.0694670677185058593750 HTTP/1.0" 200 - "https://lizardheartmovies.online/wp-cron.php?doing_wp_cron=1732289177.0694670677185058593750" "WordPress/6.1.7; https://lizardheartmovies.online"
192.99.37.132 - - [22/Nov/2024:07:26:16 -0800] "GET /%E1%B4%B4%E1%B4%B0-best-paw-patrol-animation-movies-for-kids-2016-%E2%98%86%E2%99%A5-new-cartoon-movies-in-urdu-the-new-pup-czb6dvgaj0m-18/ HTTP/1.0" 200 108211 "-" "Mozilla/5.0 (compatible; MJ12bot/v1.4.8; http://mj12bot.com/)"
209.182.200.39 - - [22/Nov/2024:07:26:38 -0800] "POST /wp-cron.php?doing_wp_cron=1732289198.7967131137847900390625 HTTP/1.0" 200 - "https://lizardheartmovies.online/wp-cron.php?doing_wp_cron=1732289198.7967131137847900390625" "WordPress/6.1.7; https://lizardheartmovies.online"
192.99.37.132 - - [22/Nov/2024:07:26:38 -0800] "GET /%E1%B4%B4%E1%B4%B0-best-paw-patrol-animation-movies-for-kids-2016-%E2%98%86%E2%99%A5-new-cartoon-movies-in-urdu-the-new-pup-czb6dvgaj0m-19/ HTTP/1.0" 200 107162 "-" "Mozilla/5.0 (compatible; MJ12bot/v1.4.8; http://mj12bot.com/)"
209.182.200.39 - - [22/Nov/2024:07:27:00 -0800] "POST /wp-cron.php?doing_wp_cron=1732289220.9132978916168212890625 HTTP/1.0" 200 - "https://lizardheartmovies.online/wp-cron.php?doing_wp_cron=1732289220.9132978916168212890625" "WordPress/6.1.7; https://lizardheartmovies.online"
192.99.37.132 - - [22/Nov/2024:07:27:00 -0800] "GET /%E1%B4%B4%E1%B4%B0-best-paw-patrol-animation-movies-for-kids-2016-%E2%98%86%E2%99%A5-new-cartoon-movies-in-urdu-the-new-pup-czb6dvgaj0m-2/ HTTP/1.0" 200 108205 "-" "Mozilla/5.0 (compatible; MJ12bot/v1.4.8; http://mj12bot.com/)"
192.99.37.132 - - [22/Nov/2024:07:27:22 -0800] "GET /%E1%B4%B4%E1%B4%B0-best-paw-patrol-animation-movies-for-kids-2016-%E2%98%86%E2%99%A5-new-cartoon-movies-in-urdu-the-new-pup-czb6dvgaj0m-20/feed/ HTTP/1.0" 200 1108 "-" "Mozilla/5.0 (compatible; MJ12bot/v1.4.8; http://mj12bot.com/)"
209.182.200.39 - - [22/Nov/2024:07:27:43 -0800] "POST /wp-cron.php?doing_wp_cron=1732289263.9464969635009765625000 HTTP/1.0" 200 - "https://lizardheartmovies.online/wp-cron.php?doing_wp_cron=1732289263.9464969635009765625000" "WordPress/6.1.7; https://lizardheartmovies.online"
192.99.37.132 - - [22/Nov/2024:07:27:43 -0800] "GET /%E1%B4%B4%E1%B4%B0-best-paw-patrol-animation-movies-for-kids-2016-%E2%98%86%E2%99%A5-new-cartoon-movies-in-urdu-the-new-pup-czb6dvgaj0m-3/ HTTP/1.0" 200 107670 "-" "Mozilla/5.0 (compatible; MJ12bot/v1.4.8; http://mj12bot.com/)"
209.182.200.39 - - [22/Nov/2024:07:28:05 -0800] "POST /wp-cron.php?doing_wp_cron=1732289285.7199521064758300781250 HTTP/1.0" 200 - "https://lizardheartmovies.online/wp-cron.php?doing_wp_cron=1732289285.7199521064758300781250" "WordPress/6.1.7; https://lizardheartmovies.online"
192.99.37.132 - - [22/Nov/2024:07:28:05 -0800] "GET /%E1%B4%B4%E1%B4%B0-best-paw-patrol-animation-movies-for-kids-2016-%E2%98%86%E2%99%A5-new-cartoon-movies-in-urdu-the-new-pup-czb6dvgaj0m-4/ HTTP/1.0" 200 108156 "-" "Mozilla/5.0 (compatible; MJ12bot/v1.4.8; http://mj12bot.com/)"
209.182.200.39 - - [22/Nov/2024:07:28:27 -0800] "POST /wp-cron.php?doing_wp_cron=1732289307.6489009857177734375000 HTTP/1.0" 200 - "https://lizardheartmovies.online/wp-cron.php?doing_wp_cron=1732289307.6489009857177734375000" "WordPress/6.1.7; https://lizardheartmovies.online"
192.99.37.132 - - [22/Nov/2024:07:28:27 -0800] "GET /%E1%B4%B4%E1%B4%B0-best-paw-patrol-animation-movies-for-kids-2016-%E2%98%86%E2%99%A5-new-cartoon-movies-in-urdu-the-new-pup-czb6dvgaj0m-5/ HTTP/1.0" 200 107919 "-" "Mozilla/5.0 (compatible; MJ12bot/v1.4.8; http://mj12bot.com/)"
209.182.200.39 - - [22/Nov/2024:07:28:49 -0800] "POST /wp-cron.php?doing_wp_cron=1732289329.4431910514831542968750 HTTP/1.0" 200 - "https://lizardheartmovies.online/wp-cron.php?doing_wp_cron=1732289329.4431910514831542968750" "WordPress/6.1.7; https://lizardheartmovies.online"
192.99.37.132 - - [22/Nov/2024:07:28:49 -0800] "GET /%E1%B4%B4%E1%B4%B0-mr-bean-best-cartoons-%E2%9C%AD-new-full-episodes-2018-%E2%96%BA-part-5/ HTTP/1.0" 200 107231 "-" "Mozilla/5.0 (compatible; MJ12bot/v1.4.8; http://mj12bot.com/)"
209.182.200.39 - - [22/Nov/2024:07:29:16 -0800] "POST /wp-cron.php?doing_wp_cron=1732289356.0304939746856689453125 HTTP/1.0" 200 - "https://lizardheartmovies.online/wp-cron.php?doing_wp_cron=1732289356.0304939746856689453125" "WordPress/6.1.7; https://lizardheartmovies.online"
192.99.37.132 - - [22/Nov/2024:07:29:15 -0800] "GET /2%EC%8B%9C%EC%9D%98-%EB%9D%BC%EB%B0%94%EC%87%BC-%EC%98%A8%EB%9D%BC%EC%9D%B8-%EA%B2%8C%EC%9E%84%E2%8C%A8-feat-%EB%9D%BC%ED%8B%80%EA%B7%B8%EB%9D%BC%EC%9A%B4%EB%93%9C/ HTTP/1.0" 200 107987 "-" "Mozilla/5.0 (compatible; MJ12bot/v1.4.8; http://mj12bot.com/)"
209.182.200.39 - - [22/Nov/2024:07:29:38 -0800] "POST /wp-cron.php?doing_wp_cron=1732289378.1087949275970458984375 HTTP/1.0" 200 - "https://lizardheartmovies.online/wp-cron.php?doing_wp_cron=1732289378.1087949275970458984375" "WordPress/6.1.7; https://lizardheartmovies.online"
192.99.37.132 - - [22/Nov/2024:07:29:37 -0800] "GET /animation-full-movies-%E2%98%85-animated-science-fiction-action-comedy-film/feed/ HTTP/1.0" 200 940 "-" "Mozilla/5.0 (compatible; MJ12bot/v1.4.8; http://mj12bot.com/)"
209.182.200.39 - - [22/Nov/2024:07:29:59 -0800] "POST /wp-cron.php?doing_wp_cron=1732289398.9743390083312988281250 HTTP/1.0" 200 - "https://lizardheartmovies.online/wp-cron.php?doing_wp_cron=1732289398.9743390083312988281250" "WordPress/6.1.7; https://lizardheartmovies.online"
192.99.37.132 - - [22/Nov/2024:07:29:58 -0800] "GET /animation-full-movies-%E2%98%85-animated-science-fiction-action-comedy-film/ HTTP/1.0" 200 108000 "-" "Mozilla/5.0 (compatible; MJ12bot/v1.4.8; http://mj12bot.com/)"
192.99.37.132 - - [22/Nov/2024:07:30:20 -0800] "GET /animation-movies-for-kid-2017-%E2%9D%82-cartoon-new-compilation-%E2%9D%82-mutiny-on-the-krusty-%E2%9D%82-monitoon/ HTTP/1.0" 200 107019 "-" "Mozilla/5.0 (compatible; MJ12bot/v1.4.8; http://mj12bot.com/)"
209.182.200.39 - - [22/Nov/2024:07:30:42 -0800] "POST /wp-cron.php?doing_wp_cron=1732289442.5524199008941650390625 HTTP/1.0" 200 - "https://lizardheartmovies.online/wp-cron.php?doing_wp_cron=1732289442.5524199008941650390625" "WordPress/6.1.7; https://lizardheartmovies.online"
192.99.37.132 - - [22/Nov/2024:07:30:42 -0800] "GET /cartoons-for-children%E2%98%86animation-movies-for-kids-2016-disney-movies-for-kids-1/ HTTP/1.0" 200 107711 "-" "Mozilla/5.0 (compatible; MJ12bot/v1.4.8; http://mj12bot.com/)"
209.182.200.39 - - [22/Nov/2024:07:31:04 -0800] "POST /wp-cron.php?doing_wp_cron=1732289464.6570029258728027343750 HTTP/1.0" 200 - "https://lizardheartmovies.online/wp-cron.php?doing_wp_cron=1732289464.6570029258728027343750" "WordPress/6.1.7; https://lizardheartmovies.online"
192.99.37.132 - - [22/Nov/2024:07:31:04 -0800] "GET /doraemon-nobitas-frozen-quest-in-antarctica-%E2%9D%84%EF%B8%8F-2017-movie-recap-epic-snow-adventure/feed/ HTTP/1.0" 200 1024 "-" "Mozilla/5.0 (compatible; MJ12bot/v1.4.8; http://mj12bot.com/)"
192.99.37.132 - - [22/Nov/2024:07:31:25 -0800] "GET /doraemon-nobitas-frozen-quest-in-antarctica-%E2%9D%84%EF%B8%8F-2017-movie-recap-epic-snow-adventure/ HTTP/1.0" 200 110603 "-" "Mozilla/5.0 (compatible; MJ12bot/v1.4.8; http://mj12bot.com/)"
209.182.200.39 - - [22/Nov/2024:07:31:46 -0800] "POST /wp-cron.php?doing_wp_cron=1732289506.3903050422668457031250 HTTP/1.0" 200 - "https://lizardheartmovies.online/wp-cron.php?doing_wp_cron=1732289506.3903050422668457031250" "WordPress/6.1.7; https://lizardheartmovies.online"
192.99.37.132 - - [22/Nov/2024:07:31:46 -0800] "GET /ente-ummante-peru-movie-mass-comedy-scene-%C2%A6-tovino-new-malayalam-movie-%C2%A6-malayalam-full-movies-2018/ HTTP/1.0" 200 107364 "-" "Mozilla/5.0 (compatible; MJ12bot/v1.4.8; http://mj12bot.com/)"
209.182.200.39 - - [22/Nov/2024:07:32:08 -0800] "POST /wp-cron.php?doing_wp_cron=1732289528.1112918853759765625000 HTTP/1.0" 200 - "https://lizardheartmovies.online/wp-cron.php?doing_wp_cron=1732289528.1112918853759765625000" "WordPress/6.1.7; https://lizardheartmovies.online"
192.99.37.132 - - [22/Nov/2024:07:32:07 -0800] "GET /movies-for-kids-%E2%9D%A4%EF%B8%8F-mickey-mouse-clubhouses-adventure-%E2%98%85-disney-cartoon-game-%E2%96%BA-full-episode-1/ HTTP/1.0" 200 107671 "-" "Mozilla/5.0 (compatible; MJ12bot/v1.4.8; http://mj12bot.com/)"
209.182.200.39 - - [22/Nov/2024:07:32:30 -0800] "POST /wp-cron.php?doing_wp_cron=1732289549.9703350067138671875000 HTTP/1.0" 200 - "https://lizardheartmovies.online/wp-cron.php?doing_wp_cron=1732289549.9703350067138671875000" "WordPress/6.1.7; https://lizardheartmovies.online"
192.99.37.132 - - [22/Nov/2024:07:32:29 -0800] "GET /nina-needs-to-go-full-episode-english-2016-%E2%99%A5-cartoon-movies-for-kids-2016-%E2%9C%93-21-2/ HTTP/1.0" 200 115995 "-" "Mozilla/5.0 (compatible; MJ12bot/v1.4.8; http://mj12bot.com/)"
209.182.200.39 - - [22/Nov/2024:07:32:51 -0800] "POST /wp-cron.php?doing_wp_cron=1732289571.7045240402221679687500 HTTP/1.0" 200 - "https://lizardheartmovies.online/wp-cron.php?doing_wp_cron=1732289571.7045240402221679687500" "WordPress/6.1.7; https://lizardheartmovies.online"
192.99.37.132 - - [22/Nov/2024:07:32:51 -0800] "GET /oddbods-jungle-mania-%C2%A6-funny-cartoons-for-children-%C2%A6-mini-cartoon-movie/feed/ HTTP/1.0" 200 958 "-" "Mozilla/5.0 (compatible; MJ12bot/v1.4.8; http://mj12bot.com/)"
209.182.200.39 - - [22/Nov/2024:07:33:13 -0800] "POST /wp-cron.php?doing_wp_cron=1732289593.0241329669952392578125 HTTP/1.0" 200 - "https://lizardheartmovies.online/wp-cron.php?doing_wp_cron=1732289593.0241329669952392578125" "WordPress/6.1.7; https://lizardheartmovies.online"
192.99.37.132 - - [22/Nov/2024:07:33:12 -0800] "GET /oddbods-jungle-mania-%C2%A6-funny-cartoons-for-children-%C2%A6-mini-cartoon-movie/ HTTP/1.0" 200 108685 "-" "Mozilla/5.0 (compatible; MJ12bot/v1.4.8; http://mj12bot.com/)"
209.182.200.39 - - [22/Nov/2024:07:33:34 -0800] "POST /wp-cron.php?doing_wp_cron=1732289614.2677481174468994140625 HTTP/1.0" 200 - "https://lizardheartmovies.online/wp-cron.php?doing_wp_cron=1732289614.2677481174468994140625" "WordPress/6.1.7; https://lizardheartmovies.online"
192.99.37.132 - - [22/Nov/2024:07:33:34 -0800] "GET /paw-patrol-full-episodes-english-%E2%9C%AC-cartoon-movies-for-kids-2016-%E2%9C%AC-dora-and-masha-new-episodes/ HTTP/1.0" 200 107472 "-" "Mozilla/5.0 (compatible; MJ12bot/v1.4.8; http://mj12bot.com/)"
209.182.200.39 - - [22/Nov/2024:07:33:56 -0800] "POST /wp-cron.php?doing_wp_cron=1732289636.0290958881378173828125 HTTP/1.0" 200 - "https://lizardheartmovies.online/wp-cron.php?doing_wp_cron=1732289636.0290958881378173828125" "WordPress/6.1.7; https://lizardheartmovies.online"
192.99.37.132 - - [22/Nov/2024:07:33:55 -0800] "GET /super-dumpling-animation-full-movie-in-english-family-%E2%98%85/ HTTP/1.0" 200 107067 "-" "Mozilla/5.0 (compatible; MJ12bot/v1.4.8; http://mj12bot.com/)"
192.99.37.132 - - [22/Nov/2024:07:34:17 -0800] "GET /%E1%B4%B4%E1%B4%B0-best-animation-movies-for-kids-new-cartoon-movies-in-urdu-pups-save-a-floundering-francois-tg4kbplxl-38/ HTTP/1.0" 200 107326 "-" "Mozilla/5.0 (compatible; MJ12bot/v1.4.8; http://mj12bot.com/)"
209.182.200.39 - - [22/Nov/2024:07:34:39 -0800] "POST /wp-cron.php?doing_wp_cron=1732289679.7990720272064208984375 HTTP/1.0" 200 - "https://lizardheartmovies.online/wp-cron.php?doing_wp_cron=1732289679.7990720272064208984375" "WordPress/6.1.7; https://lizardheartmovies.online"
192.99.37.132 - - [22/Nov/2024:07:34:39 -0800] "GET /%E1%B4%B4%E1%B4%B0-best-animation-movies-for-kids-new-cartoon-movies-in-urdu-pups-save-a-floundering-francois-tg4kbplxl-42/ HTTP/1.0" 200 107133 "-" "Mozilla/5.0 (compatible; MJ12bot/v1.4.8; http://mj12bot.com/)"
209.182.200.39 - - [22/Nov/2024:07:35:01 -0800] "POST /wp-cron.php?doing_wp_cron=1732289701.6330420970916748046875 HTTP/1.0" 200 - "https://lizardheartmovies.online/wp-cron.php?doing_wp_cron=1732289701.6330420970916748046875" "WordPress/6.1.7; https://lizardheartmovies.online"
192.99.37.132 - - [22/Nov/2024:07:35:01 -0800] "GET /%E1%B4%B4%E1%B4%B0-best-animation-movies-for-kids-new-cartoon-movies-in-urdu-pups-save-a-floundering-francois-tg4kbplxl-48/ HTTP/1.0" 200 106923 "-" "Mozilla/5.0 (compatible; MJ12bot/v1.4.8; http://mj12bot.com/)"
192.99.37.132 - - [22/Nov/2024:07:35:22 -0800] "GET /%E1%B4%B4%E1%B4%B0-best-paw-patrol-animation-movies-for-kids-2016-%E2%98%86%E2%99%A5-new-cartoon-movies-in-urdu-the-new-pup-czb6dvgaj0m-14/ HTTP/1.0" 200 107437 "-" "Mozilla/5.0 (compatible; MJ12bot/v1.4.8; http://mj12bot.com/)"
209.182.200.39 - - [22/Nov/2024:07:35:44 -0800] "POST /wp-cron.php?doing_wp_cron=1732289744.1941680908203125000000 HTTP/1.0" 200 - "https://lizardheartmovies.online/wp-cron.php?doing_wp_cron=1732289744.1941680908203125000000" "WordPress/6.1.7; https://lizardheartmovies.online"
192.99.37.132 - - [22/Nov/2024:07:35:43 -0800] "GET /%E1%B4%B4%E1%B4%B0-best-paw-patrol-animation-movies-for-kids-2016-%E2%98%86%E2%99%A5-new-cartoon-movies-in-urdu-the-new-pup-czb6dvgaj0m-20/ HTTP/1.0" 200 107759 "-" "Mozilla/5.0 (compatible; MJ12bot/v1.4.8; http://mj12bot.com/)"
209.182.200.39 - - [22/Nov/2024:07:43:36 -0800] "POST /wp-cron.php?doing_wp_cron=1732290216.6468100547790527343750 HTTP/1.0" 200 - "https://lizardheartmovies.online/wp-cron.php?doing_wp_cron=1732290216.6468100547790527343750" "WordPress/6.1.7; https://lizardheartmovies.online"
52.167.144.222 - - [22/Nov/2024:07:43:36 -0800] "GET /superman-iv-the-quest-for-peace-1987-part-1-of-15/ HTTP/1.0" 200 106181 "-" "Mozilla/5.0 AppleWebKit/537.36 (KHTML, like Gecko; compatible; bingbot/2.0; +http://www.bing.com/bingbot.htm) Chrome/116.0.1938.76 Safari/537.36"
209.182.200.39 - - [22/Nov/2024:07:46:13 -0800] "POST /wp-cron.php?doing_wp_cron=1732290373.7336530685424804687500 HTTP/1.0" 200 - "https://lizardheartmovies.online/wp-cron.php?doing_wp_cron=1732290373.7336530685424804687500" "WordPress/6.1.7; https://lizardheartmovies.online"
45.61.185.139 - - [22/Nov/2024:07:46:13 -0800] "GET /wp-login.php HTTP/1.0" 200 9419 "-" "Mozilla/5.0 (Macintosh; Intel Mac OS X 10_9_4) AppleWebKit/537.36 (KHTML, like Gecko) Chrome/35.0.1916.153 Safari/537.36"
45.61.185.139 - - [22/Nov/2024:07:46:14 -0800] "POST /wp-login.php HTTP/1.0" 200 9857 "-" "Mozilla/5.0 (Macintosh; Intel Mac OS X 10_9_4) AppleWebKit/537.36 (KHTML, like Gecko) Chrome/35.0.1916.153 Safari/537.36"
209.182.200.39 - - [22/Nov/2024:07:52:06 -0800] "POST /wp-cron.php?doing_wp_cron=1732290726.7914309501647949218750 HTTP/1.0" 200 - "http://lizardheartmovies.online/wp-cron.php?doing_wp_cron=1732290726.7914309501647949218750" "WordPress/6.1.7; https://lizardheartmovies.online"
87.236.176.98 - - [22/Nov/2024:07:52:07 -0800] "GET / HTTP/1.0" 200 128745 "http://123movies.kerihosting.com" "Mozilla/5.0 (compatible; InternetMeasurement/1.0; +https://internet-measurement.com/)"
87.236.176.81 - - [22/Nov/2024:07:52:10 -0800] "GET /wp-content/uploads/2021/07/cropped-logo4-270x270.jpg HTTP/1.0" 200 7396 "-" "Mozilla/5.0 (compatible; InternetMeasurement/1.0; +https://internet-measurement.com/)"
87.236.176.66 - - [22/Nov/2024:07:52:10 -0800] "GET /wp-content/uploads/2021/07/cropped-logo4-192x192.jpg HTTP/1.0" 200 5241 "-" "Mozilla/5.0 (compatible; InternetMeasurement/1.0; +https://internet-measurement.com/)"
87.236.176.129 - - [22/Nov/2024:07:52:10 -0800] "GET /wp-content/uploads/2021/07/cropped-logo4-180x180.jpg HTTP/1.0" 200 4906 "-" "Mozilla/5.0 (compatible; InternetMeasurement/1.0; +https://internet-measurement.com/)"
87.236.176.199 - - [22/Nov/2024:07:52:11 -0800] "GET /wp-content/uploads/2021/07/cropped-logo4-32x32.jpg HTTP/1.0" 200 1197 "-" "Mozilla/5.0 (compatible; InternetMeasurement/1.0; +https://internet-measurement.com/)"
87.236.176.175 - - [22/Nov/2024:07:52:11 -0800] "GET /favicon.ico HTTP/1.0" 302 - "-" "Mozilla/5.0 (compatible; InternetMeasurement/1.0; +https://internet-measurement.com/)"
87.236.176.175 - - [22/Nov/2024:07:52:12 -0800] "GET /wp-content/uploads/2021/07/cropped-logo4-32x32.jpg HTTP/1.0" 200 1197 "https://lizardheartmovies.online/favicon.ico" "Mozilla/5.0 (compatible; InternetMeasurement/1.0; +https://internet-measurement.com/)"
209.182.200.39 - - [22/Nov/2024:07:58:52 -0800] "POST /wp-cron.php?doing_wp_cron=1732291131.9913759231567382812500 HTTP/1.0" 200 - "https://lizardheartmovies.online/wp-cron.php?doing_wp_cron=1732291131.9913759231567382812500" "WordPress/6.1.7; https://lizardheartmovies.online"
137.226.113.44 - - [22/Nov/2024:07:58:51 -0800] "GET / HTTP/1.0" 301 - "-" "Mozilla/5.0 researchscan.comsys.rwth-aachen.de"
137.226.113.44 - - [22/Nov/2024:07:58:52 -0800] "GET / HTTP/1.0" 200 128745 "https://www.lizardheartmovies.online/" "Mozilla/5.0 researchscan.comsys.rwth-aachen.de"
206.81.12.187 - - [22/Nov/2024:08:23:14 -0800] "GET / HTTP/1.0" 301 - "-" "-"
178.150.14.250 - - [22/Nov/2024:08:24:15 -0800] "GET /robots.txt HTTP/1.0" 200 30 "-" "Mozilla/5.0 (compatible; MJ12bot/v1.4.8; http://mj12bot.com/)"
209.182.200.39 - - [22/Nov/2024:08:24:36 -0800] "POST /wp-cron.php?doing_wp_cron=1732292676.3146419525146484375000 HTTP/1.0" 200 - "https://lizardheartmovies.online/wp-cron.php?doing_wp_cron=1732292676.3146419525146484375000" "WordPress/6.1.7; https://lizardheartmovies.online"
178.150.14.250 - - [22/Nov/2024:08:24:36 -0800] "GET /%E0%B4%95%E0%B4%BF%E0%B4%9F%E0%B5%8D%E0%B4%9F%E0%B5%81-malayalam-cartoon-for-children-kittu-animation-movies-full-movies-malayalam-new/feed/ HTTP/1.0" 200 1101 "-" "Mozilla/5.0 (compatible; MJ12bot/v1.4.8; http://mj12bot.com/)"
178.150.14.250 - - [22/Nov/2024:08:24:57 -0800] "GET /%E1%B4%B4%E1%B4%B0-animation-cartoon-movies-for-kids-2016-%E2%99%A5-%D1%81%D0%BE%D0%B1%D0%B0%D1%87%D0%B8%D0%B9-%D0%BF%D0%B0%D1%82%D1%80%D1%83%D0%BB%D1%8C-%E2%99%A5-paw-patrol-pups-save-full-episodes/ HTTP/1.0" 200 108558 "-" "Mozilla/5.0 (compatible; MJ12bot/v1.4.8; http://mj12bot.com/)"
178.150.14.250 - - [22/Nov/2024:08:25:19 -0800] "GET /%E1%B4%B4%E1%B4%B0-animation-movies-for-kids-%E2%9C%A4%E2%9C%A5-pups-save-full-episodes-new-cartoon-best-collection-%E2%99%A5-part/ HTTP/1.0" 200 107823 "-" "Mozilla/5.0 (compatible; MJ12bot/v1.4.8; http://mj12bot.com/)"
209.182.200.39 - - [22/Nov/2024:08:25:41 -0800] "POST /wp-cron.php?doing_wp_cron=1732292741.7215020656585693359375 HTTP/1.0" 200 - "https://lizardheartmovies.online/wp-cron.php?doing_wp_cron=1732292741.7215020656585693359375" "WordPress/6.1.7; https://lizardheartmovies.online"
178.150.14.250 - - [22/Nov/2024:08:25:41 -0800] "GET /%E1%B4%B4%E1%B4%B0-animation-movies-for-kids-2016-%E2%9C%A4%E2%9C%A5-pups-save-full-episodes-new-cartoon-best-collection-%E2%99%A5-part-1-%E2%9C%A4%E2%9C%93/feed/ HTTP/1.0" 200 1147 "-" "Mozilla/5.0 (compatible; MJ12bot/v1.4.8; http://mj12bot.com/)"
209.182.200.39 - - [22/Nov/2024:08:26:02 -0800] "POST /wp-cron.php?doing_wp_cron=1732292762.8525879383087158203125 HTTP/1.0" 200 - "https://lizardheartmovies.online/wp-cron.php?doing_wp_cron=1732292762.8525879383087158203125" "WordPress/6.1.7; https://lizardheartmovies.online"
