170.130.115.124 - - [22/Nov/2024:11:04:20 -0800] "GET /wp-login.php?redirect_to=https%3A%2F%2Flizardheartmovies.online%2Fwp-admin%2Fpost-new.php&reauth=1 HTTP/1.0" 200 9548 "https://lizardheartmovies.online/wp-admin/post-new.php" "Mozilla/5.0 (Windows NT 6.3; Win64; x64) AppleWebKit/537.36 (KHTML, like Gecko) Chrome/103.0.0.0 Safari/537.36"
209.182.200.39 - - [22/Nov/2024:11:25:07 -0800] "POST /wp-cron.php?doing_wp_cron=1732303506.9564359188079833984375 HTTP/1.0" 200 - "http://lizardheartmovies.online/wp-cron.php?doing_wp_cron=1732303506.9564359188079833984375" "WordPress/6.1.7; https://lizardheartmovies.online"
167.172.232.142 - - [22/Nov/2024:11:25:06 -0800] "GET / HTTP/1.0" 301 - "-" "-"
167.172.232.142 - - [22/Nov/2024:11:25:07 -0800] "GET / HTTP/1.0" 301 - "-" "Mozilla/5.0 (Linux; Android 6.0; HTC One M9 Build/MRA421096) AppleWebKit/537.36 (KHTML, like Gecko) Chrome/52.0.3518.98 Mobile Safari/537.3"
167.172.232.142 - - [22/Nov/2024:11:25:07 -0800] "GET /server HTTP/1.0" 404 67760 "-" "Go-http-client/1.1"
167.172.232.142 - - [22/Nov/2024:11:25:07 -0800] "GET /.vscode/sftp.json HTTP/1.0" 404 67760 "-" "Go-http-client/1.1"
167.172.232.142 - - [22/Nov/2024:11:25:08 -0800] "GET /about HTTP/1.0" 301 - "-" "Go-http-client/1.1"
167.172.232.142 - - [22/Nov/2024:11:25:08 -0800] "GET /debug/default/view?panel=config HTTP/1.0" 404 67760 "-" "Go-http-client/1.1"
167.172.232.142 - - [22/Nov/2024:11:25:08 -0800] "GET /v2/_catalog HTTP/1.0" 404 67760 "-" "Go-http-client/1.1"
167.172.232.142 - - [22/Nov/2024:11:25:09 -0800] "GET /ecp/Current/exporttool/microsoft.exchange.ediscovery.exporttool.application HTTP/1.0" 404 67760 "-" "Go-http-client/1.1"
167.172.232.142 - - [22/Nov/2024:11:25:09 -0800] "GET /server-status HTTP/1.0" 403 228 "-" "Go-http-client/1.1"
167.172.232.142 - - [22/Nov/2024:11:25:09 -0800] "GET /login.action HTTP/1.0" 404 67760 "-" "Go-http-client/1.1"
167.172.232.142 - - [22/Nov/2024:11:25:10 -0800] "GET /_all_dbs HTTP/1.0" 404 67760 "-" "Mozilla/5.0 (l9scan/2.0.435323e2230323e2238313e2930323; +https://leakix.net)"
167.172.232.142 - - [22/Nov/2024:11:25:10 -0800] "GET /.DS_Store HTTP/1.0" 404 67760 "-" "Go-http-client/1.1"
167.172.232.142 - - [22/Nov/2024:11:25:10 -0800] "GET /.env HTTP/1.0" 404 67760 "-" "Go-http-client/1.1"
167.172.232.142 - - [22/Nov/2024:11:25:11 -0800] "GET /.git/config HTTP/1.0" 404 67760 "-" "Go-http-client/1.1"
167.172.232.142 - - [22/Nov/2024:11:25:11 -0800] "GET /s/435323e2230323e2238313e2930323/_/;/META-INF/maven/com.atlassian.jira/jira-webapp-dist/pom.properties HTTP/1.0" 404 67760 "-" "Go-http-client/1.1"
167.172.232.142 - - [22/Nov/2024:11:25:11 -0800] "GET /config.json HTTP/1.0" 404 67760 "-" "Go-http-client/1.1"
167.172.232.142 - - [22/Nov/2024:11:25:11 -0800] "GET /telescope/requests HTTP/1.0" 404 67760 "-" "Go-http-client/1.1"
167.172.232.142 - - [22/Nov/2024:11:25:12 -0800] "GET /?rest_route=/wp/v2/users/ HTTP/1.0" 200 626 "-" "Go-http-client/1.1"
209.182.200.39 - - [22/Nov/2024:11:45:42 -0800] "POST /wp-cron.php?doing_wp_cron=1732304742.8339540958404541015625 HTTP/1.0" 200 - "https://lizardheartmovies.online/wp-cron.php?doing_wp_cron=1732304742.8339540958404541015625" "WordPress/6.1.7; https://lizardheartmovies.online"
165.227.170.123 - - [22/Nov/2024:11:45:42 -0800] "GET /new-animation-movies-2019-full-movies-english-kids-movies-comedy-movies-ca-3/ HTTP/1.0" 200 106771 "-" "Mozilla/5.0 (Windows NT 10.0; Win64; x64) AppleWebKit/537.36 (KHTML, like Gecko) Chrome/124.0.0.0 Safari/537.36"
209.182.200.39 - - [22/Nov/2024:11:53:55 -0800] "POST /wp-cron.php?doing_wp_cron=1732305235.6852529048919677734375 HTTP/1.0" 200 - "https://lizardheartmovies.online/wp-cron.php?doing_wp_cron=1732305235.6852529048919677734375" "WordPress/6.1.7; https://lizardheartmovies.online"
52.167.144.141 - - [22/Nov/2024:11:53:55 -0800] "GET /2018/09/27/ HTTP/1.0" 200 102415 "-" "Mozilla/5.0 AppleWebKit/537.36 (KHTML, like Gecko; compatible; bingbot/2.0; +http://www.bing.com/bingbot.htm) Chrome/116.0.1938.76 Safari/537.36"
52.167.144.141 - - [22/Nov/2024:11:54:10 -0800] "GET /neeleshmisra-talks-to-team-laapataa-ladies-aamir-khan-kiran-rao-ravi-kishan/ HTTP/1.0" 200 107085 "-" "Mozilla/5.0 AppleWebKit/537.36 (KHTML, like Gecko; compatible; bingbot/2.0; +http://www.bing.com/bingbot.htm) Chrome/116.0.1938.76 Safari/537.36"
209.182.200.39 - - [22/Nov/2024:11:54:39 -0800] "POST /wp-cron.php?doing_wp_cron=1732305279.3527159690856933593750 HTTP/1.0" 200 - "https://lizardheartmovies.online/wp-cron.php?doing_wp_cron=1732305279.3527159690856933593750" "WordPress/6.1.7; https://lizardheartmovies.online"
52.167.144.217 - - [22/Nov/2024:11:54:39 -0800] "GET /cgi-3d-animation-short-film-hd-from-here-to-by-darynn-bednarczyk-cgmeetup/ HTTP/1.0" 200 115009 "-" "Mozilla/5.0 AppleWebKit/537.36 (KHTML, like Gecko; compatible; bingbot/2.0; +http://www.bing.com/bingbot.htm) Chrome/116.0.1938.76 Safari/537.36"
209.182.200.39 - - [22/Nov/2024:12:05:17 -0800] "POST /wp-cron.php?doing_wp_cron=1732305917.7185759544372558593750 HTTP/1.0" 200 - "https://lizardheartmovies.online/wp-cron.php?doing_wp_cron=1732305917.7185759544372558593750" "WordPress/6.1.7; https://lizardheartmovies.online"
40.77.167.57 - - [22/Nov/2024:12:05:17 -0800] "GET /latest-south-indian-hindi-dubbed-movie-kuttram-kuttrame/ HTTP/1.0" 200 106475 "-" "Mozilla/5.0 AppleWebKit/537.36 (KHTML, like Gecko; compatible; bingbot/2.0; +http://www.bing.com/bingbot.htm) Chrome/116.0.1938.76 Safari/537.36"
81.167.26.57 - - [22/Nov/2024:12:09:01 -0800] "GET /robots.txt HTTP/1.0" 200 30 "-" "Mozilla/5.0 (compatible; MJ12bot/v1.4.8; http://mj12bot.com/)"
209.182.200.39 - - [22/Nov/2024:12:09:22 -0800] "POST /wp-cron.php?doing_wp_cron=1732306162.3038780689239501953125 HTTP/1.0" 200 - "https://lizardheartmovies.online/wp-cron.php?doing_wp_cron=1732306162.3038780689239501953125" "WordPress/6.1.7; https://lizardheartmovies.online"
81.167.26.57 - - [22/Nov/2024:12:09:21 -0800] "GET /cartoon-movies-disney-full-movie-%E2%97%86-cartoons-for-children-2015-%E2%97%86-animation-movies-2015-english/feed/ HTTP/1.0" 200 1036 "-" "Mozilla/5.0 (compatible; MJ12bot/v1.4.8; http://mj12bot.com/)"
209.182.200.39 - - [22/Nov/2024:12:09:43 -0800] "POST /wp-cron.php?doing_wp_cron=1732306183.1995348930358886718750 HTTP/1.0" 200 - "https://lizardheartmovies.online/wp-cron.php?doing_wp_cron=1732306183.1995348930358886718750" "WordPress/6.1.7; https://lizardheartmovies.online"
81.167.26.57 - - [22/Nov/2024:12:09:43 -0800] "GET /cartoon-movies-disney-full-movie-%E2%97%86-cartoons-for-children-2015-%E2%97%86-animation-movies-2015-english/ HTTP/1.0" 200 107007 "-" "Mozilla/5.0 (compatible; MJ12bot/v1.4.8; http://mj12bot.com/)"
209.182.200.39 - - [22/Nov/2024:12:16:06 -0800] "POST /wp-cron.php?doing_wp_cron=1732306566.7894361019134521484375 HTTP/1.0" 200 - "https://lizardheartmovies.online/wp-cron.php?doing_wp_cron=1732306566.7894361019134521484375" "WordPress/6.1.7; https://lizardheartmovies.online"
107.189.3.107 - - [22/Nov/2024:12:16:06 -0800] "GET /wp-login.php HTTP/1.0" 200 9419 "-" "Mozilla/5.0 (Macintosh; Intel Mac OS X 10_9_2) AppleWebKit/537.36 (KHTML, like Gecko) Chrome/35.0.1916.153 Safari/537.36"
107.189.3.107 - - [22/Nov/2024:12:16:07 -0800] "POST /wp-login.php HTTP/1.0" 200 9855 "-" "Mozilla/5.0 (Macintosh; Intel Mac OS X 10_9_2) AppleWebKit/537.36 (KHTML, like Gecko) Chrome/35.0.1916.153 Safari/537.36"
209.182.200.39 - - [22/Nov/2024:12:23:41 -0800] "POST /wp-cron.php?doing_wp_cron=1732307021.1901550292968750000000 HTTP/1.0" 200 - "http://lizardheartmovies.online/wp-cron.php?doing_wp_cron=1732307021.1901550292968750000000" "WordPress/6.1.7; https://lizardheartmovies.online"
185.147.125.18 - - [22/Nov/2024:12:23:40 -0800] "GET / HTTP/1.0" 301 - "http://lizardheartmovies.online/" "Mozilla/5.0 (Windows NT 10.0.0; Win64; x64; ) AppleWebKit/537.36 (KHTML, like Gecko) Chrome/124.0.6367.119 Chrome/124.0.6367.119 Not-A.Brand/99 Safari/537.36"
185.147.125.18 - - [22/Nov/2024:12:23:42 -0800] "GET / HTTP/1.0" 200 128745 "https://lizardheartmovies.online/" "Mozilla/5.0 (Windows NT 10.0.0; Win64; x64; ) AppleWebKit/537.36 (KHTML, like Gecko) Chrome/124.0.6367.119 Chrome/124.0.6367.119 Not-A.Brand/99 Safari/537.36"
185.147.125.18 - - [22/Nov/2024:12:23:43 -0800] "GET /contact/ HTTP/1.0" 200 84917 "https://lizardheartmovies.online/contact/" "Mozilla/5.0 (Windows NT 10.0.0; Win64; x64; ) AppleWebKit/537.36 (KHTML, like Gecko) Chrome/124.0.6367.119 Chrome/124.0.6367.119 Not-A.Brand/99 Safari/537.36"
185.147.125.18 - - [22/Nov/2024:12:23:45 -0800] "POST /contact/ HTTP/1.0" 200 84880 "https://lizardheartmovies.online/contact/" "Mozilla/5.0 (Windows NT 10.0.0; Win64; x64; ) AppleWebKit/537.36 (KHTML, like Gecko) Chrome/124.0.6367.119 Chrome/124.0.6367.119 Not-A.Brand/99 Safari/537.36"
209.182.200.39 - - [22/Nov/2024:12:29:48 -0800] "POST /wp-cron.php?doing_wp_cron=1732307388.4567809104919433593750 HTTP/1.0" 200 - "http://lizardheartmovies.online/wp-cron.php?doing_wp_cron=1732307388.4567809104919433593750" "WordPress/6.1.7; https://lizardheartmovies.online"
110.166.71.39 - - [22/Nov/2024:12:29:48 -0800] "GET / HTTP/1.0" 301 - "-" "Mozilla/5.0 (iPhone; CPU iPhone OS 13_2_3 like Mac OS X) AppleWebKit/605.1.15 (KHTML, like Gecko) Version/13.0.3 Mobile/15E148 Safari/604.1"
110.166.71.39 - - [22/Nov/2024:12:29:52 -0800] "GET / HTTP/1.0" 200 128745 "http://www.lizardheartmovies.online" "Mozilla/5.0 (iPhone; CPU iPhone OS 13_2_3 like Mac OS X) AppleWebKit/605.1.15 (KHTML, like Gecko) Version/13.0.3 Mobile/15E148 Safari/604.1"
138.246.253.24 - - [22/Nov/2024:12:50:55 -0800] "GET /robots.txt HTTP/1.0" 200 30 "-" "Mozilla/5.0 (Windows NT 10.0; Win64; x64) AppleWebKit/537.36 (KHTML, like Gecko) Chrome/103.0.5060.134 Safari/537.36"
209.182.200.39 - - [22/Nov/2024:13:16:07 -0800] "POST /wp-cron.php?doing_wp_cron=1732310167.6175270080566406250000 HTTP/1.0" 200 - "https://lizardheartmovies.online/wp-cron.php?doing_wp_cron=1732310167.6175270080566406250000" "WordPress/6.1.7; https://lizardheartmovies.online"
209.141.56.53 - - [22/Nov/2024:13:16:07 -0800] "GET /wp-login.php HTTP/1.0" 200 9419 "-" "Mozilla/5.0 (compatible; MSIE 9.0; Windows NT 6.1; WOW64; Trident/5.0)"
209.141.56.53 - - [22/Nov/2024:13:16:07 -0800] "POST /wp-login.php HTTP/1.0" 200 9879 "-" "Mozilla/5.0 (compatible; MSIE 9.0; Windows NT 6.1; WOW64; Trident/5.0)"
209.182.200.39 - - [22/Nov/2024:13:33:15 -0800] "POST /wp-cron.php?doing_wp_cron=1732311195.2040989398956298828125 HTTP/1.0" 200 - "https://lizardheartmovies.online/wp-cron.php?doing_wp_cron=1732311195.2040989398956298828125" "WordPress/6.1.7; https://lizardheartmovies.online"
40.77.167.51 - - [22/Nov/2024:13:33:14 -0800] "GET /starcraft-2-remix-by-mike-relm-2/ HTTP/1.0" 200 107161 "-" "Mozilla/5.0 AppleWebKit/537.36 (KHTML, like Gecko; compatible; bingbot/2.0; +http://www.bing.com/bingbot.htm) Chrome/116.0.1938.76 Safari/537.36"
209.182.200.39 - - [22/Nov/2024:13:33:17 -0800] "GET / HTTP/1.0" 200 128745 "https://lizardheartmovies.online/" "WordPress/6.1.7; https://lizardheartmovies.online"
209.182.200.39 - - [22/Nov/2024:13:33:45 -0800] "POST /wp-cron.php?doing_wp_cron=1732311225.2251820564270019531250 HTTP/1.0" 200 - "https://lizardheartmovies.online/wp-cron.php?doing_wp_cron=1732311225.2251820564270019531250" "WordPress/6.1.7; https://lizardheartmovies.online"
52.167.144.235 - - [22/Nov/2024:13:33:45 -0800] "GET /the-gods-action-adventure-movie-full-free-thriller-film-in-english-revo-movies/ HTTP/1.0" 200 107089 "-" "Mozilla/5.0 AppleWebKit/537.36 (KHTML, like Gecko; compatible; bingbot/2.0; +http://www.bing.com/bingbot.htm) Chrome/116.0.1938.76 Safari/537.36"
209.182.200.39 - - [22/Nov/2024:13:54:02 -0800] "POST /wp-cron.php?doing_wp_cron=1732312442.2912740707397460937500 HTTP/1.0" 200 - "https://lizardheartmovies.online/wp-cron.php?doing_wp_cron=1732312442.2912740707397460937500" "WordPress/6.1.7; https://lizardheartmovies.online"
205.210.31.150 - - [22/Nov/2024:13:54:01 -0800] "GET / HTTP/1.0" 200 128745 "-" "-"
209.182.200.39 - - [22/Nov/2024:14:01:51 -0800] "POST /wp-cron.php?doing_wp_cron=1732312911.8688149452209472656250 HTTP/1.0" 200 - "https://lizardheartmovies.online/wp-cron.php?doing_wp_cron=1732312911.8688149452209472656250" "WordPress/6.1.7; https://lizardheartmovies.online"
104.244.73.74 - - [22/Nov/2024:14:01:51 -0800] "GET /wp-login.php HTTP/1.0" 200 9419 "-" "Mozilla/5.0 (Windows NT 5.1; rv:30.0) Gecko/20100101 Firefox/30.0"
104.244.73.74 - - [22/Nov/2024:14:01:52 -0800] "POST /wp-login.php HTTP/1.0" 200 9857 "-" "Mozilla/5.0 (Windows NT 5.1; rv:30.0) Gecko/20100101 Firefox/30.0"
209.182.200.39 - - [22/Nov/2024:14:05:37 -0800] "POST /wp-cron.php?doing_wp_cron=1732313137.9369409084320068359375 HTTP/1.0" 200 - "https://lizardheartmovies.online/wp-cron.php?doing_wp_cron=1732313137.9369409084320068359375" "WordPress/6.1.7; https://lizardheartmovies.online"
198.98.51.29 - - [22/Nov/2024:14:05:37 -0800] "GET /wp-login.php HTTP/1.0" 200 9419 "-" "Mozilla/5.0 (Windows NT 6.1; WOW64; rv:31.0) Gecko/20100101 Firefox/31.0"
198.98.51.29 - - [22/Nov/2024:14:05:39 -0800] "POST /wp-login.php HTTP/1.0" 200 9857 "-" "Mozilla/5.0 (Windows NT 6.1; WOW64; rv:31.0) Gecko/20100101 Firefox/31.0"
209.182.200.39 - - [22/Nov/2024:14:12:12 -0800] "POST /wp-cron.php?doing_wp_cron=1732313532.1566329002380371093750 HTTP/1.0" 200 - "https://lizardheartmovies.online/wp-cron.php?doing_wp_cron=1732313532.1566329002380371093750" "WordPress/6.1.7; https://lizardheartmovies.online"
40.77.167.150 - - [22/Nov/2024:14:12:11 -0800] "GET /pirelli-celebrating-25-years-of-power-is-nothing-without-control-fashion-channel-2/ HTTP/1.0" 200 110275 "-" "Mozilla/5.0 AppleWebKit/537.36 (KHTML, like Gecko; compatible; bingbot/2.0; +http://www.bing.com/bingbot.htm) Chrome/116.0.1938.76 Safari/537.36"
209.182.200.39 - - [22/Nov/2024:14:12:45 -0800] "POST /wp-cron.php?doing_wp_cron=1732313565.2715361118316650390625 HTTP/1.0" 200 - "https://lizardheartmovies.online/wp-cron.php?doing_wp_cron=1732313565.2715361118316650390625" "WordPress/6.1.7; https://lizardheartmovies.online"
40.77.167.150 - - [22/Nov/2024:14:12:45 -0800] "GET /the-mummy-resurrection-first-trailer-keanu-reeves/ HTTP/1.0" 200 106410 "-" "Mozilla/5.0 AppleWebKit/537.36 (KHTML, like Gecko; compatible; bingbot/2.0; +http://www.bing.com/bingbot.htm) Chrome/116.0.1938.76 Safari/537.36"
104.244.72.171 - - [22/Nov/2024:14:12:48 -0800] "GET /wp-login.php HTTP/1.0" 200 9419 "-" "Mozilla/5.0 (Windows NT 6.3; WOW64; rv:31.0) Gecko/20100101 Firefox/31.0"
104.244.72.171 - - [22/Nov/2024:14:12:49 -0800] "POST /wp-login.php HTTP/1.0" 200 9861 "-" "Mozilla/5.0 (Windows NT 6.3; WOW64; rv:31.0) Gecko/20100101 Firefox/31.0"
188.165.215.206 - - [22/Nov/2024:14:13:56 -0800] "GET /robots.txt HTTP/1.0" 200 30 "-" "Mozilla/5.0 (compatible; MJ12bot/v1.4.8; http://mj12bot.com/)"
209.182.200.39 - - [22/Nov/2024:14:14:22 -0800] "POST /wp-cron.php?doing_wp_cron=1732313662.6768569946289062500000 HTTP/1.0" 200 - "https://lizardheartmovies.online/wp-cron.php?doing_wp_cron=1732313662.6768569946289062500000" "WordPress/6.1.7; https://lizardheartmovies.online"
188.165.215.206 - - [22/Nov/2024:14:14:22 -0800] "GET /spongebob-squarepants-full-episodes-2015-%E2%98%85-animated-cartoon-movies-for-kids-%E2%98%85-animation-movies-2015/feed/ HTTP/1.0" 200 1054 "-" "Mozilla/5.0 (compatible; MJ12bot/v1.4.8; http://mj12bot.com/)"
209.182.200.39 - - [22/Nov/2024:14:14:45 -0800] "POST /wp-cron.php?doing_wp_cron=1732313685.3621981143951416015625 HTTP/1.0" 200 - "https://lizardheartmovies.online/wp-cron.php?doing_wp_cron=1732313685.3621981143951416015625" "WordPress/6.1.7; https://lizardheartmovies.online"
188.165.215.206 - - [22/Nov/2024:14:14:45 -0800] "GET /spongebob-squarepants-full-episodes-2015-%E2%98%85-animated-cartoon-movies-for-kids-%E2%98%85-animation-movies-2015/ HTTP/1.0" 200 107776 "-" "Mozilla/5.0 (compatible; MJ12bot/v1.4.8; http://mj12bot.com/)"
209.182.200.39 - - [22/Nov/2024:14:15:06 -0800] "POST /wp-cron.php?doing_wp_cron=1732313706.8782329559326171875000 HTTP/1.0" 200 - "https://lizardheartmovies.online/wp-cron.php?doing_wp_cron=1732313706.8782329559326171875000" "WordPress/6.1.7; https://lizardheartmovies.online"
188.165.215.206 - - [22/Nov/2024:14:15:06 -0800] "GET /the-little-mermaid-%E2%9D%96-kids-tv-channel-%E2%9D%96-walt-disney-movies-%E2%9D%96-animation-movies-new/feed/ HTTP/1.0" 200 1015 "-" "Mozilla/5.0 (compatible; MJ12bot/v1.4.8; http://mj12bot.com/)"
209.182.200.39 - - [22/Nov/2024:14:15:28 -0800] "POST /wp-cron.php?doing_wp_cron=1732313728.8969860076904296875000 HTTP/1.0" 200 - "https://lizardheartmovies.online/wp-cron.php?doing_wp_cron=1732313728.8969860076904296875000" "WordPress/6.1.7; https://lizardheartmovies.online"
188.165.215.206 - - [22/Nov/2024:14:15:28 -0800] "GET /the-little-mermaid-%E2%9D%96-kids-tv-channel-%E2%9D%96-walt-disney-movies-%E2%9D%96-animation-movies-new/ HTTP/1.0" 200 106874 "-" "Mozilla/5.0 (compatible; MJ12bot/v1.4.8; http://mj12bot.com/)"
209.182.200.39 - - [22/Nov/2024:14:26:41 -0800] "POST /wp-cron.php?doing_wp_cron=1732314401.4756550788879394531250 HTTP/1.0" 200 - "https://lizardheartmovies.online/wp-cron.php?doing_wp_cron=1732314401.4756550788879394531250" "WordPress/6.1.7; https://lizardheartmovies.online"
198.98.53.72 - - [22/Nov/2024:14:26:41 -0800] "GET /wp-login.php HTTP/1.0" 200 9419 "-" "Mozilla/5.0 (compatible; MSIE 9.0; Windows NT 6.1; WOW64; Trident/5.0)"
198.98.53.72 - - [22/Nov/2024:14:26:41 -0800] "POST /wp-login.php HTTP/1.0" 200 9879 "-" "Mozilla/5.0 (compatible; MSIE 9.0; Windows NT 6.1; WOW64; Trident/5.0)"
209.182.200.39 - - [22/Nov/2024:14:49:01 -0800] "POST /wp-cron.php?doing_wp_cron=1732315741.7283959388732910156250 HTTP/1.0" 200 - "http://lizardheartmovies.online/wp-cron.php?doing_wp_cron=1732315741.7283959388732910156250" "WordPress/6.1.7; https://lizardheartmovies.online"
147.185.132.174 - - [22/Nov/2024:14:49:01 -0800] "GET / HTTP/1.0" 301 - "-" "Expanse, a Palo Alto Networks company, searches across the global IPv4 space multiple times per day to identify customers' presences on the Internet. If you would like to be excluded from our scans, please send IP addresses/domains to: scaninfo@paloaltonetworks.com"
209.182.200.39 - - [22/Nov/2024:14:57:19 -0800] "POST /wp-cron.php?doing_wp_cron=1732316239.3864600658416748046875 HTTP/1.0" 200 - "https://lizardheartmovies.online/wp-cron.php?doing_wp_cron=1732316239.3864600658416748046875" "WordPress/6.1.7; https://lizardheartmovies.online"
40.77.167.241 - - [22/Nov/2024:14:57:19 -0800] "GET /education-com-webinar-know-your-els/ HTTP/1.0" 200 106616 "-" "Mozilla/5.0 AppleWebKit/537.36 (KHTML, like Gecko; compatible; bingbot/2.0; +http://www.bing.com/bingbot.htm) Chrome/116.0.1938.76 Safari/537.36"
209.182.200.39 - - [22/Nov/2024:14:57:48 -0800] "POST /wp-cron.php?doing_wp_cron=1732316268.3690040111541748046875 HTTP/1.0" 200 - "https://lizardheartmovies.online/wp-cron.php?doing_wp_cron=1732316268.3690040111541748046875" "WordPress/6.1.7; https://lizardheartmovies.online"
40.77.167.241 - - [22/Nov/2024:14:57:48 -0800] "GET /cgi-animated-short-film-when-edgar-meets-sally-by-isart-digital-cgmeetup/ HTTP/1.0" 200 115498 "-" "Mozilla/5.0 AppleWebKit/537.36 (KHTML, like Gecko; compatible; bingbot/2.0; +http://www.bing.com/bingbot.htm) Chrome/116.0.1938.76 Safari/537.36"
209.182.200.39 - - [22/Nov/2024:15:01:25 -0800] "POST /wp-cron.php?doing_wp_cron=1732316485.1366679668426513671875 HTTP/1.0" 200 - "http://lizardheartmovies.online/wp-cron.php?doing_wp_cron=1732316485.1366679668426513671875" "WordPress/6.1.7; https://lizardheartmovies.online"
185.147.125.16 - - [22/Nov/2024:15:01:24 -0800] "GET / HTTP/1.0" 301 - "http://lizardheartmovies.online/" "Mozilla/5.0 (Windows NT 10.0.0; Win64; x64; ) AppleWebKit/537.36 (KHTML, like Gecko) Chrome/124.0.6367.62 Chrome/124.0.6367.62 Not-A.Brand/99 Safari/537.36"
209.182.200.39 - - [22/Nov/2024:15:01:26 -0800] "POST /wp-cron.php?doing_wp_cron=1732316486.0144779682159423828125 HTTP/1.0" 200 - "https://lizardheartmovies.online/wp-cron.php?doing_wp_cron=1732316486.0144779682159423828125" "WordPress/6.1.7; https://lizardheartmovies.online"
185.147.125.16 - - [22/Nov/2024:15:01:25 -0800] "GET / HTTP/1.0" 200 128745 "https://lizardheartmovies.online/" "Mozilla/5.0 (Windows NT 10.0.0; Win64; x64; ) AppleWebKit/537.36 (KHTML, like Gecko) Chrome/124.0.6367.62 Chrome/124.0.6367.62 Not-A.Brand/99 Safari/537.36"
185.147.125.16 - - [22/Nov/2024:15:01:27 -0800] "GET /contact/ HTTP/1.0" 200 84917 "https://lizardheartmovies.online/contact/" "Mozilla/5.0 (Windows NT 10.0.0; Win64; x64; ) AppleWebKit/537.36 (KHTML, like Gecko) Chrome/124.0.6367.62 Chrome/124.0.6367.62 Not-A.Brand/99 Safari/537.36"
209.182.200.39 - - [22/Nov/2024:15:01:28 -0800] "POST /wp-cron.php?doing_wp_cron=1732316488.9582519531250000000000 HTTP/1.0" 200 - "https://lizardheartmovies.online/wp-cron.php?doing_wp_cron=1732316488.9582519531250000000000" "WordPress/6.1.7; https://lizardheartmovies.online"
185.147.125.16 - - [22/Nov/2024:15:01:28 -0800] "POST /contact/ HTTP/1.0" 200 84880 "https://lizardheartmovies.online/contact/" "Mozilla/5.0 (Windows NT 10.0.0; Win64; x64; ) AppleWebKit/537.36 (KHTML, like Gecko) Chrome/124.0.6367.62 Chrome/124.0.6367.62 Not-A.Brand/99 Safari/537.36"
209.182.200.39 - - [22/Nov/2024:15:03:19 -0800] "POST /wp-cron.php?doing_wp_cron=1732316599.0852921009063720703125 HTTP/1.0" 200 - "https://lizardheartmovies.online/wp-cron.php?doing_wp_cron=1732316599.0852921009063720703125" "WordPress/6.1.7; https://lizardheartmovies.online"
52.167.144.207 - - [22/Nov/2024:15:03:18 -0800] "GET /cgi-animated-spot-hd-the-mermaid-short-by-wizz-2/ HTTP/1.0" 200 115380 "-" "Mozilla/5.0 AppleWebKit/537.36 (KHTML, like Gecko; compatible; bingbot/2.0; +http://www.bing.com/bingbot.htm) Chrome/116.0.1938.76 Safari/537.36"
209.182.200.39 - - [22/Nov/2024:15:22:22 -0800] "POST /wp-cron.php?doing_wp_cron=1732317742.3669199943542480468750 HTTP/1.0" 200 - "https://lizardheartmovies.online/wp-cron.php?doing_wp_cron=1732317742.3669199943542480468750" "WordPress/6.1.7; https://lizardheartmovies.online"
52.167.144.181 - - [22/Nov/2024:15:22:22 -0800] "GET /hrithik-roshan-new-movies-as-a-great-teacher-latest-bollywood-hd-movies-part-1/ HTTP/1.0" 200 107565 "-" "Mozilla/5.0 AppleWebKit/537.36 (KHTML, like Gecko; compatible; bingbot/2.0; +http://www.bing.com/bingbot.htm) Chrome/116.0.1938.76 Safari/537.36"
209.182.200.39 - - [22/Nov/2024:15:22:52 -0800] "POST /wp-cron.php?doing_wp_cron=1732317772.3602020740509033203125 HTTP/1.0" 200 - "https://lizardheartmovies.online/wp-cron.php?doing_wp_cron=1732317772.3602020740509033203125" "WordPress/6.1.7; https://lizardheartmovies.online"
52.167.144.181 - - [22/Nov/2024:15:22:52 -0800] "GET /final-fantasy-xiv-shadowbringers-extended-game-teaser-trailer-2019-movieclips-trailers-2/ HTTP/1.0" 200 111809 "-" "Mozilla/5.0 AppleWebKit/537.36 (KHTML, like Gecko; compatible; bingbot/2.0; +http://www.bing.com/bingbot.htm) Chrome/116.0.1938.76 Safari/537.36"
209.182.200.39 - - [22/Nov/2024:15:33:57 -0800] "POST /wp-cron.php?doing_wp_cron=1732318437.0758769512176513671875 HTTP/1.0" 200 - "https://lizardheartmovies.online/wp-cron.php?doing_wp_cron=1732318437.0758769512176513671875" "WordPress/6.1.7; https://lizardheartmovies.online"
209.141.56.53 - - [22/Nov/2024:15:33:56 -0800] "GET /wp-login.php HTTP/1.0" 200 9419 "-" "Mozilla/5.0 (Macintosh; Intel Mac OS X 10_9_2) AppleWebKit/537.36 (KHTML, like Gecko) Chrome/35.0.1916.153 Safari/537.36"
209.141.56.53 - - [22/Nov/2024:15:33:57 -0800] "POST /wp-login.php HTTP/1.0" 200 9873 "-" "Mozilla/5.0 (Macintosh; Intel Mac OS X 10_9_2) AppleWebKit/537.36 (KHTML, like Gecko) Chrome/35.0.1916.153 Safari/537.36"
209.182.200.39 - - [22/Nov/2024:15:39:27 -0800] "POST /wp-cron.php?doing_wp_cron=1732318767.9634621143341064453125 HTTP/1.0" 200 - "https://lizardheartmovies.online/wp-cron.php?doing_wp_cron=1732318767.9634621143341064453125" "WordPress/6.1.7; https://lizardheartmovies.online"
52.167.144.193 - - [22/Nov/2024:15:39:27 -0800] "GET /new-animation-movies-2014-full-movies-english-animation-movies-full-length-kids-movies-youtube_clip5/ HTTP/1.0" 200 107265 "-" "Mozilla/5.0 AppleWebKit/537.36 (KHTML, like Gecko; compatible; bingbot/2.0; +http://www.bing.com/bingbot.htm) Chrome/116.0.1938.76 Safari/537.36"
209.182.200.39 - - [22/Nov/2024:15:39:57 -0800] "POST /wp-cron.php?doing_wp_cron=1732318797.9306950569152832031250 HTTP/1.0" 200 - "https://lizardheartmovies.online/wp-cron.php?doing_wp_cron=1732318797.9306950569152832031250" "WordPress/6.1.7; https://lizardheartmovies.online"
52.167.144.193 - - [22/Nov/2024:15:39:57 -0800] "GET /neighbors-2-sorority-rising-official-international-trailer-1-2016-chloe-grace-moretz-movie-hd-2/ HTTP/1.0" 200 111773 "-" "Mozilla/5.0 AppleWebKit/537.36 (KHTML, like Gecko; compatible; bingbot/2.0; +http://www.bing.com/bingbot.htm) Chrome/116.0.1938.76 Safari/537.36"
209.182.200.39 - - [22/Nov/2024:15:40:58 -0800] "POST /wp-cron.php?doing_wp_cron=1732318858.3844549655914306640625 HTTP/1.0" 200 - "https://lizardheartmovies.online/wp-cron.php?doing_wp_cron=1732318858.3844549655914306640625" "WordPress/6.1.7; https://lizardheartmovies.online"
178.128.229.109 - - [22/Nov/2024:15:40:58 -0800] "GET /category/travel-tours/page/2/ HTTP/1.0" 200 109018 "-" "Mozilla/5.0 (Macintosh; Intel Mac OS X 10_15_7) AppleWebKit/537.36 (KHTML, like Gecko) Chrome/124.0.0.0 Safari/537.36"
209.182.200.39 - - [22/Nov/2024:15:54:18 -0800] "POST /wp-cron.php?doing_wp_cron=1732319658.2957971096038818359375 HTTP/1.0" 200 - "http://lizardheartmovies.online/wp-cron.php?doing_wp_cron=1732319658.2957971096038818359375" "WordPress/6.1.7; https://lizardheartmovies.online"
43.159.135.203 - - [22/Nov/2024:15:54:17 -0800] "GET / HTTP/1.0" 301 - "-" "Mozilla/5.0 (iPhone; CPU iPhone OS 13_2_3 like Mac OS X) AppleWebKit/605.1.15 (KHTML, like Gecko) Version/13.0.3 Mobile/15E148 Safari/604.1"
43.159.135.203 - - [22/Nov/2024:15:54:19 -0800] "GET / HTTP/1.0" 200 128745 "http://lizardheartmovies.online" "Mozilla/5.0 (iPhone; CPU iPhone OS 13_2_3 like Mac OS X) AppleWebKit/605.1.15 (KHTML, like Gecko) Version/13.0.3 Mobile/15E148 Safari/604.1"
209.182.200.39 - - [22/Nov/2024:16:06:19 -0800] "POST /wp-cron.php?doing_wp_cron=1732320379.7961359024047851562500 HTTP/1.0" 200 - "https://lizardheartmovies.online/wp-cron.php?doing_wp_cron=1732320379.7961359024047851562500" "WordPress/6.1.7; https://lizardheartmovies.online"
104.244.72.171 - - [22/Nov/2024:16:06:19 -0800] "GET /wp-login.php HTTP/1.0" 200 9419 "-" "Mozilla/5.0 (X11; Linux x86_64) AppleWebKit/537.36 (KHTML, like Gecko) Chrome/36.0.1985.125 Safari/537.36"
104.244.72.171 - - [22/Nov/2024:16:06:20 -0800] "POST /wp-login.php HTTP/1.0" 200 9855 "-" "Mozilla/5.0 (X11; Linux x86_64) AppleWebKit/537.36 (KHTML, like Gecko) Chrome/36.0.1985.125 Safari/537.36"
209.182.200.39 - - [22/Nov/2024:16:21:37 -0800] "POST /wp-cron.php?doing_wp_cron=1732321297.8467600345611572265625 HTTP/1.0" 200 - "https://lizardheartmovies.online/wp-cron.php?doing_wp_cron=1732321297.8467600345611572265625" "WordPress/6.1.7; https://lizardheartmovies.online"
52.167.144.177 - - [22/Nov/2024:16:21:37 -0800] "GET /cgi-animated-short-film-died-for-love-by-turnhead-studios-cgmeetup/ HTTP/1.0" 200 117349 "-" "Mozilla/5.0 AppleWebKit/537.36 (KHTML, like Gecko; compatible; bingbot/2.0; +http://www.bing.com/bingbot.htm) Chrome/116.0.1938.76 Safari/537.36"
209.182.200.39 - - [22/Nov/2024:16:23:20 -0800] "POST /wp-cron.php?doing_wp_cron=1732321400.2255759239196777343750 HTTP/1.0" 200 - "https://lizardheartmovies.online/wp-cron.php?doing_wp_cron=1732321400.2255759239196777343750" "WordPress/6.1.7; https://lizardheartmovies.online"
45.61.185.218 - - [22/Nov/2024:16:23:19 -0800] "GET /wp-login.php HTTP/1.0" 200 9419 "-" "Mozilla/5.0 (Windows NT 6.2; WOW64; rv:31.0) Gecko/20100101 Firefox/31.0"
45.61.185.218 - - [22/Nov/2024:16:23:20 -0800] "POST /wp-login.php HTTP/1.0" 200 9879 "-" "Mozilla/5.0 (Windows NT 6.2; WOW64; rv:31.0) Gecko/20100101 Firefox/31.0"
209.182.200.39 - - [22/Nov/2024:16:28:53 -0800] "POST /wp-cron.php?doing_wp_cron=1732321733.0211880207061767578125 HTTP/1.0" 200 - "https://lizardheartmovies.online/wp-cron.php?doing_wp_cron=1732321733.0211880207061767578125" "WordPress/6.1.7; https://lizardheartmovies.online"
198.98.51.29 - - [22/Nov/2024:16:28:52 -0800] "GET /wp-login.php HTTP/1.0" 200 9419 "-" "Mozilla/5.0 (Windows NT 6.1; WOW64) AppleWebKit/537.36 (KHTML, like Gecko) Chrome/35.0.1916.114 Safari/537.36"
198.98.51.29 - - [22/Nov/2024:16:28:53 -0800] "POST /wp-login.php HTTP/1.0" 200 9857 "-" "Mozilla/5.0 (Windows NT 6.1; WOW64) AppleWebKit/537.36 (KHTML, like Gecko) Chrome/35.0.1916.114 Safari/537.36"
209.182.200.39 - - [22/Nov/2024:16:36:32 -0800] "POST /wp-cron.php?doing_wp_cron=1732322192.7936460971832275390625 HTTP/1.0" 200 - "https://lizardheartmovies.online/wp-cron.php?doing_wp_cron=1732322192.7936460971832275390625" "WordPress/6.1.7; https://lizardheartmovies.online"
178.128.233.174 - - [22/Nov/2024:16:36:32 -0800] "GET /all-videos/ HTTP/1.0" 200 110329 "-" "Mozilla/5.0 (Macintosh; Intel Mac OS X 10_15_7) AppleWebKit/537.36 (KHTML, like Gecko) Chrome/124.0.0.0 Safari/537.36"
209.182.200.39 - - [22/Nov/2024:16:37:49 -0800] "POST /wp-cron.php?doing_wp_cron=1732322269.1063048839569091796875 HTTP/1.0" 200 - "https://lizardheartmovies.online/wp-cron.php?doing_wp_cron=1732322269.1063048839569091796875" "WordPress/6.1.7; https://lizardheartmovies.online"
52.167.144.223 - - [22/Nov/2024:16:37:48 -0800] "GET /download-the-princess-and-the-frog-full-movie/ HTTP/1.0" 200 106226 "-" "Mozilla/5.0 AppleWebKit/537.36 (KHTML, like Gecko; compatible; bingbot/2.0; +http://www.bing.com/bingbot.htm) Chrome/116.0.1938.76 Safari/537.36"
209.182.200.39 - - [22/Nov/2024:16:38:18 -0800] "POST /wp-cron.php?doing_wp_cron=1732322298.7652800083160400390625 HTTP/1.0" 200 - "https://lizardheartmovies.online/wp-cron.php?doing_wp_cron=1732322298.7652800083160400390625" "WordPress/6.1.7; https://lizardheartmovies.online"
40.77.167.75 - - [22/Nov/2024:16:38:18 -0800] "GET /latest-adventure-movies-2018-new-hollywood-action-movie-danger-forest/ HTTP/1.0" 200 107136 "-" "Mozilla/5.0 AppleWebKit/537.36 (KHTML, like Gecko; compatible; bingbot/2.0; +http://www.bing.com/bingbot.htm) Chrome/116.0.1938.76 Safari/537.36"
209.182.200.39 - - [22/Nov/2024:16:38:48 -0800] "POST /wp-cron.php?doing_wp_cron=1732322328.6003050804138183593750 HTTP/1.0" 200 - "https://lizardheartmovies.online/wp-cron.php?doing_wp_cron=1732322328.6003050804138183593750" "WordPress/6.1.7; https://lizardheartmovies.online"
52.167.144.223 - - [22/Nov/2024:16:38:48 -0800] "GET /how-much-is-a-bird-in-the-hand-worth/ HTTP/1.0" 200 110379 "-" "Mozilla/5.0 AppleWebKit/537.36 (KHTML, like Gecko; compatible; bingbot/2.0; +http://www.bing.com/bingbot.htm) Chrome/116.0.1938.76 Safari/537.36"
209.182.200.39 - - [22/Nov/2024:16:39:18 -0800] "POST /wp-cron.php?doing_wp_cron=1732322358.2748699188232421875000 HTTP/1.0" 200 - "https://lizardheartmovies.online/wp-cron.php?doing_wp_cron=1732322358.2748699188232421875000" "WordPress/6.1.7; https://lizardheartmovies.online"
40.77.167.75 - - [22/Nov/2024:16:39:18 -0800] "GET /cgi-animated-short-film-first-comes-love-by-daniel-ceballos-cgmeetup/ HTTP/1.0" 200 116343 "-" "Mozilla/5.0 AppleWebKit/537.36 (KHTML, like Gecko; compatible; bingbot/2.0; +http://www.bing.com/bingbot.htm) Chrome/116.0.1938.76 Safari/537.36"
209.182.200.39 - - [22/Nov/2024:17:00:10 -0800] "POST /wp-cron.php?doing_wp_cron=1732323610.1356918811798095703125 HTTP/1.0" 200 - "https://lizardheartmovies.online/wp-cron.php?doing_wp_cron=1732323610.1356918811798095703125" "WordPress/6.1.7; https://lizardheartmovies.online"
52.167.144.147 - - [22/Nov/2024:17:00:09 -0800] "GET /10-best-places-to-visit-in-austria-travel-video/ HTTP/1.0" 200 108323 "-" "Mozilla/5.0 AppleWebKit/537.36 (KHTML, like Gecko; compatible; bingbot/2.0; +http://www.bing.com/bingbot.htm) Chrome/116.0.1938.76 Safari/537.36"
52.167.144.171 - - [22/Nov/2024:17:01:05 -0800] "GET /wp-content/plugins/LayerSlider/static/layerslider/js/layerslider.kreaturamedia.jquery.js?ver=6.11.2 HTTP/1.0" 200 126414 "-" "Mozilla/5.0 AppleWebKit/537.36 (KHTML, like Gecko; compatible; bingbot/2.0; +http://www.bing.com/bingbot.htm) Chrome/116.0.1938.76 Safari/537.36"
52.167.144.171 - - [22/Nov/2024:17:01:06 -0800] "GET /wp-content/plugins/accesspress-social-share/js/frontend.js?ver=4.5.5 HTTP/1.0" 200 912 "-" "Mozilla/5.0 AppleWebKit/537.36 (KHTML, like Gecko; compatible; bingbot/2.0; +http://www.bing.com/bingbot.htm) Chrome/116.0.1938.76 Safari/537.36"
52.167.144.171 - - [22/Nov/2024:17:01:06 -0800] "GET /wp-content/themes/betube/js/betube.js?ver=6.1.7 HTTP/1.0" 200 13926 "-" "Mozilla/5.0 AppleWebKit/537.36 (KHTML, like Gecko; compatible; bingbot/2.0; +http://www.bing.com/bingbot.htm) Chrome/116.0.1938.76 Safari/537.36"
52.167.144.171 - - [22/Nov/2024:17:01:06 -0800] "GET /wp-content/themes/betube/js/jquery-mobile-mega-menu-min.js?ver=6.1.7 HTTP/1.0" 200 13408 "-" "Mozilla/5.0 AppleWebKit/537.36 (KHTML, like Gecko; compatible; bingbot/2.0; +http://www.bing.com/bingbot.htm) Chrome/116.0.1938.76 Safari/537.36"
52.167.144.171 - - [22/Nov/2024:17:01:06 -0800] "GET /wp-content/themes/betube/js/modernizr-custom.js?ver=6.1.7 HTTP/1.0" 200 4979 "-" "Mozilla/5.0 AppleWebKit/537.36 (KHTML, like Gecko; compatible; bingbot/2.0; +http://www.bing.com/bingbot.htm) Chrome/116.0.1938.76 Safari/537.36"
52.167.144.147 - - [22/Nov/2024:17:01:26 -0800] "GET /wp-content/plugins/LayerSlider/static/layerslider/js/greensock.js?ver=1.19.0 HTTP/1.0" 200 122239 "-" "Mozilla/5.0 AppleWebKit/537.36 (KHTML, like Gecko; compatible; bingbot/2.0; +http://www.bing.com/bingbot.htm) Chrome/116.0.1938.76 Safari/537.36"
52.167.144.147 - - [22/Nov/2024:17:01:26 -0800] "GET /wp-content/plugins/LayerSlider/static/layerslider/js/layerslider.transitions.js?ver=6.11.2 HTTP/1.0" 200 23831 "-" "Mozilla/5.0 AppleWebKit/537.36 (KHTML, like Gecko; compatible; bingbot/2.0; +http://www.bing.com/bingbot.htm) Chrome/116.0.1938.76 Safari/537.36"
52.167.144.147 - - [22/Nov/2024:17:01:27 -0800] "GET /wp-content/plugins/betube-ads/js/bva.js?ver=6.1.7 HTTP/1.0" 200 1356 "-" "Mozilla/5.0 AppleWebKit/537.36 (KHTML, like Gecko; compatible; bingbot/2.0; +http://www.bing.com/bingbot.htm) Chrome/116.0.1938.76 Safari/537.36"
52.167.144.147 - - [22/Nov/2024:17:01:27 -0800] "GET /wp-content/plugins/contact-form-7/includes/js/index.js?ver=5.8.5 HTTP/1.0" 200 13182 "-" "Mozilla/5.0 AppleWebKit/537.36 (KHTML, like Gecko; compatible; bingbot/2.0; +http://www.bing.com/bingbot.htm) Chrome/116.0.1938.76 Safari/537.36"
52.167.144.147 - - [22/Nov/2024:17:01:27 -0800] "GET /wp-content/plugins/gdpr-compliance-cookie-consent/assets/js/scripts.js?ver=6.1.7 HTTP/1.0" 200 1620 "-" "Mozilla/5.0 AppleWebKit/537.36 (KHTML, like Gecko; compatible; bingbot/2.0; +http://www.bing.com/bingbot.htm) Chrome/116.0.1938.76 Safari/537.36"
52.167.144.147 - - [22/Nov/2024:17:01:27 -0800] "GET /wp-content/themes/betube/js/bootstrap.min.js?ver=6.1.7 HTTP/1.0" 200 60044 "-" "Mozilla/5.0 AppleWebKit/537.36 (KHTML, like Gecko; compatible; bingbot/2.0; +http://www.bing.com/bingbot.htm) Chrome/116.0.1938.76 Safari/537.36"
52.167.144.147 - - [22/Nov/2024:17:01:28 -0800] "GET /wp-content/themes/betube/js/popper.min.js?ver=6.1.7 HTTP/1.0" 200 25002 "-" "Mozilla/5.0 AppleWebKit/537.36 (KHTML, like Gecko; compatible; bingbot/2.0; +http://www.bing.com/bingbot.htm) Chrome/116.0.1938.76 Safari/537.36"
52.167.144.147 - - [22/Nov/2024:17:01:28 -0800] "GET /wp-content/themes/betube/js/jquery.validate.min.js?ver=6.1.7 HTTP/1.0" 200 24368 "-" "Mozilla/5.0 AppleWebKit/537.36 (KHTML, like Gecko; compatible; bingbot/2.0; +http://www.bing.com/bingbot.htm) Chrome/116.0.1938.76 Safari/537.36"
52.167.144.147 - - [22/Nov/2024:17:01:28 -0800] "GET /wp-includes/js/comment-reply.min.js?ver=6.1.7 HTTP/1.0" 200 2981 "-" "Mozilla/5.0 AppleWebKit/537.36 (KHTML, like Gecko; compatible; bingbot/2.0; +http://www.bing.com/bingbot.htm) Chrome/116.0.1938.76 Safari/537.36"
52.167.144.147 - - [22/Nov/2024:17:01:28 -0800] "GET /wp-includes/js/jquery/jquery.min.js?ver=3.6.1 HTTP/1.0" 200 89684 "-" "Mozilla/5.0 AppleWebKit/537.36 (KHTML, like Gecko; compatible; bingbot/2.0; +http://www.bing.com/bingbot.htm) Chrome/116.0.1938.76 Safari/537.36"
209.182.200.39 - - [22/Nov/2024:17:09:03 -0800] "POST /wp-cron.php?doing_wp_cron=1732324143.9288840293884277343750 HTTP/1.0" 200 - "http://lizardheartmovies.online/wp-cron.php?doing_wp_cron=1732324143.9288840293884277343750" "WordPress/6.1.7; https://lizardheartmovies.online"
165.154.213.41 - - [22/Nov/2024:17:09:03 -0800] "GET / HTTP/1.0" 301 - "-" "Embarcadero URI Client/1.0"
40.77.189.149 - - [22/Nov/2024:17:17:05 -0800] "GET /wp-includes/js/jquery/jquery-migrate.min.js?ver=3.3.2 HTTP/1.0" 200 11224 "-" "Mozilla/5.0 AppleWebKit/537.36 (KHTML, like Gecko; compatible; bingbot/2.0; +http://www.bing.com/bingbot.htm) Chrome/100.0.4896.127 Safari/537.36"
40.77.189.249 - - [22/Nov/2024:17:17:05 -0800] "GET /wp-content/plugins/wp-automatic/js/main-front.js?ver=6.1.7 HTTP/1.0" 200 1017 "-" "Mozilla/5.0 AppleWebKit/537.36 (KHTML, like Gecko; compatible; bingbot/2.0; +http://www.bing.com/bingbot.htm) Chrome/100.0.4896.127 Safari/537.36"
209.182.200.39 - - [22/Nov/2024:17:17:05 -0800] "POST /wp-cron.php?doing_wp_cron=1732324625.6129009723663330078125 HTTP/1.0" 200 - "https://lizardheartmovies.online/wp-cron.php?doing_wp_cron=1732324625.6129009723663330078125" "WordPress/6.1.7; https://lizardheartmovies.online"
40.77.188.200 - - [22/Nov/2024:17:17:05 -0800] "GET /wp-admin/admin-ajax.php HTTP/1.0" 400 1 "-" "Mozilla/5.0 AppleWebKit/537.36 (KHTML, like Gecko; compatible; bingbot/2.0; +http://www.bing.com/bingbot.htm) Chrome/100.0.4896.127 Safari/537.36"
40.77.190.95 - - [22/Nov/2024:17:17:06 -0800] "GET /wp-content/plugins/betubepro-helper/js/betubepro-helper.js?ver=6.1.7 HTTP/1.0" 200 2284 "-" "Mozilla/5.0 AppleWebKit/537.36 (KHTML, like Gecko; compatible; bingbot/2.0; +http://www.bing.com/bingbot.htm) Chrome/100.0.4896.127 Safari/537.36"
40.77.189.67 - - [22/Nov/2024:17:17:07 -0800] "GET /wp-content/themes/betube/js/bootstrap-dropdownhover.js?ver=6.1.7 HTTP/1.0" 200 7610 "-" "Mozilla/5.0 AppleWebKit/537.36 (KHTML, like Gecko; compatible; bingbot/2.0; +http://www.bing.com/bingbot.htm) Chrome/100.0.4896.127 Safari/537.36"
40.77.189.57 - - [22/Nov/2024:17:17:07 -0800] "GET /wp-content/themes/betube/js/swiper.min.js?ver=6.1.7 HTTP/1.0" 200 139048 "-" "Mozilla/5.0 AppleWebKit/537.36 (KHTML, like Gecko; compatible; bingbot/2.0; +http://www.bing.com/bingbot.htm) Chrome/100.0.4896.127 Safari/537.36"
40.77.188.160 - - [22/Nov/2024:17:17:07 -0800] "GET /wp-content/plugins/contact-form-7/includes/swv/js/index.js?ver=5.8.5 HTTP/1.0" 200 11117 "-" "Mozilla/5.0 AppleWebKit/537.36 (KHTML, like Gecko; compatible; bingbot/2.0; +http://www.bing.com/bingbot.htm) Chrome/100.0.4896.127 Safari/537.36"
40.77.189.171 - - [22/Nov/2024:17:17:08 -0800] "GET /wp-includes/js/wp-emoji-release.min.js?ver=6.1.7 HTTP/1.0" 200 18617 "-" "Mozilla/5.0 AppleWebKit/537.36 (KHTML, like Gecko; compatible; bingbot/2.0; +http://www.bing.com/bingbot.htm) Chrome/100.0.4896.127 Safari/537.36"
209.182.200.39 - - [22/Nov/2024:17:20:01 -0800] "POST /wp-cron.php?doing_wp_cron=1732324801.4615430831909179687500 HTTP/1.0" 200 - "https://lizardheartmovies.online/wp-cron.php?doing_wp_cron=1732324801.4615430831909179687500" "WordPress/6.1.7; https://lizardheartmovies.online"
52.167.144.232 - - [22/Nov/2024:17:20:01 -0800] "GET /inside-out-2-the-final-trailer-2024-disney-pixar-studios/ HTTP/1.0" 200 106723 "-" "Mozilla/5.0 AppleWebKit/537.36 (KHTML, like Gecko; compatible; bingbot/2.0; +http://www.bing.com/bingbot.htm) Chrome/116.0.1938.76 Safari/537.36"
116.240.149.7 - - [22/Nov/2024:17:45:06 -0800] "GET /robots.txt HTTP/1.0" 200 30 "-" "Mozilla/5.0 (compatible; MJ12bot/v1.4.8; http://mj12bot.com/)"
209.182.200.39 - - [22/Nov/2024:17:45:45 -0800] "POST /wp-cron.php?doing_wp_cron=1732326345.5940020084381103515625 HTTP/1.0" 200 - "https://lizardheartmovies.online/wp-cron.php?doing_wp_cron=1732326345.5940020084381103515625" "WordPress/6.1.7; https://lizardheartmovies.online"
116.240.149.7 - - [22/Nov/2024:17:45:45 -0800] "GET /2024/09/03/page/2/ HTTP/1.0" 200 112352 "-" "Mozilla/5.0 (compatible; MJ12bot/v1.4.8; http://mj12bot.com/)"
116.240.149.7 - - [22/Nov/2024:17:46:29 -0800] "GET /a-home-at-the-end-of-the-world-2004-part-1-of-15/ HTTP/1.0" 200 106438 "-" "Mozilla/5.0 (compatible; MJ12bot/v1.4.8; http://mj12bot.com/)"
209.182.200.39 - - [22/Nov/2024:17:47:03 -0800] "POST /wp-cron.php?doing_wp_cron=1732326423.7613899707794189453125 HTTP/1.0" 200 - "https://lizardheartmovies.online/wp-cron.php?doing_wp_cron=1732326423.7613899707794189453125" "WordPress/6.1.7; https://lizardheartmovies.online"
116.240.149.7 - - [22/Nov/2024:17:47:03 -0800] "GET /animation-movies-full-movies-english-kids-movies-comedy-cartoon/ HTTP/1.0" 200 106210 "-" "Mozilla/5.0 (compatible; MJ12bot/v1.4.8; http://mj12bot.com/)"
209.182.200.39 - - [22/Nov/2024:17:47:33 -0800] "POST /wp-cron.php?doing_wp_cron=1732326453.5922069549560546875000 HTTP/1.0" 200 - "https://lizardheartmovies.online/wp-cron.php?doing_wp_cron=1732326453.5922069549560546875000" "WordPress/6.1.7; https://lizardheartmovies.online"
116.240.149.7 - - [22/Nov/2024:17:47:33 -0800] "GET /arn-the-knight-templar-2007-part-1-of-15/ HTTP/1.0" 200 105415 "-" "Mozilla/5.0 (compatible; MJ12bot/v1.4.8; http://mj12bot.com/)"
209.182.200.39 - - [22/Nov/2024:17:48:04 -0800] "POST /wp-cron.php?doing_wp_cron=1732326484.7363879680633544921875 HTTP/1.0" 200 - "https://lizardheartmovies.online/wp-cron.php?doing_wp_cron=1732326484.7363879680633544921875" "WordPress/6.1.7; https://lizardheartmovies.online"
116.240.149.7 - - [22/Nov/2024:17:48:04 -0800] "GET /elizabeth-the-golden-age-2007-part-1-of-15/ HTTP/1.0" 200 105607 "-" "Mozilla/5.0 (compatible; MJ12bot/v1.4.8; http://mj12bot.com/)"
209.182.200.39 - - [22/Nov/2024:17:48:37 -0800] "POST /wp-cron.php?doing_wp_cron=1732326517.8291840553283691406250 HTTP/1.0" 200 - "https://lizardheartmovies.online/wp-cron.php?doing_wp_cron=1732326517.8291840553283691406250" "WordPress/6.1.7; https://lizardheartmovies.online"
116.240.149.7 - - [22/Nov/2024:17:48:37 -0800] "GET /from-dusk-till-dawn-3-the-hangman-part-1-of-15/ HTTP/1.0" 200 106221 "-" "Mozilla/5.0 (compatible; MJ12bot/v1.4.8; http://mj12bot.com/)"
209.182.200.39 - - [22/Nov/2024:17:49:10 -0800] "POST /wp-cron.php?doing_wp_cron=1732326550.4953401088714599609375 HTTP/1.0" 200 - "https://lizardheartmovies.online/wp-cron.php?doing_wp_cron=1732326550.4953401088714599609375" "WordPress/6.1.7; https://lizardheartmovies.online"
116.240.149.7 - - [22/Nov/2024:17:49:10 -0800] "GET /ghost-in-the-shell-2-innocence-2004-part-1-of-15/ HTTP/1.0" 200 106453 "-" "Mozilla/5.0 (compatible; MJ12bot/v1.4.8; http://mj12bot.com/)"
209.182.200.39 - - [22/Nov/2024:17:49:43 -0800] "POST /wp-cron.php?doing_wp_cron=1732326583.0292720794677734375000 HTTP/1.0" 200 - "https://lizardheartmovies.online/wp-cron.php?doing_wp_cron=1732326583.0292720794677734375000" "WordPress/6.1.7; https://lizardheartmovies.online"
116.240.149.7 - - [22/Nov/2024:17:49:42 -0800] "GET /gi-joe-the-rise-of-cobra-2009-part-1-of-15/ HTTP/1.0" 200 106323 "-" "Mozilla/5.0 (compatible; MJ12bot/v1.4.8; http://mj12bot.com/)"
40.77.167.255 - - [22/Nov/2024:17:49:52 -0800] "GET /isolation-mind-field-ep-1/ HTTP/1.0" 200 107629 "-" "Mozilla/5.0 AppleWebKit/537.36 (KHTML, like Gecko; compatible; bingbot/2.0; +http://www.bing.com/bingbot.htm) Chrome/116.0.1938.76 Safari/537.36"
209.182.200.39 - - [22/Nov/2024:17:50:09 -0800] "POST /wp-cron.php?doing_wp_cron=1732326609.8047211170196533203125 HTTP/1.0" 200 - "https://lizardheartmovies.online/wp-cron.php?doing_wp_cron=1732326609.8047211170196533203125" "WordPress/6.1.7; https://lizardheartmovies.online"
116.240.149.7 - - [22/Nov/2024:17:50:09 -0800] "GET /journey-to-the-center-of-the-earth-2008-tv-part-1-of-15/ HTTP/1.0" 200 105868 "-" "Mozilla/5.0 (compatible; MJ12bot/v1.4.8; http://mj12bot.com/)"
209.182.200.39 - - [22/Nov/2024:17:50:59 -0800] "POST /wp-cron.php?doing_wp_cron=1732326659.3685801029205322265625 HTTP/1.0" 200 - "https://lizardheartmovies.online/wp-cron.php?doing_wp_cron=1732326659.3685801029205322265625" "WordPress/6.1.7; https://lizardheartmovies.online"
51.159.185.137 - - [22/Nov/2024:17:50:59 -0800] "GET / HTTP/1.0" 200 128745 "-" "Mozilla/5.0 (Windows NT 10.0; WOW64) AppleWebKit/537.36 (KHTML, like Gecko) Chrome/107.0.0.0 Safari/537.36"
116.240.149.7 - - [22/Nov/2024:17:53:06 -0800] "GET /robots.txt HTTP/1.0" 200 30 "-" "Mozilla/5.0 (compatible; MJ12bot/v1.4.8; http://mj12bot.com/)"
209.182.200.39 - - [22/Nov/2024:17:53:33 -0800] "POST /wp-cron.php?doing_wp_cron=1732326812.9665949344635009765625 HTTP/1.0" 200 - "https://lizardheartmovies.online/wp-cron.php?doing_wp_cron=1732326812.9665949344635009765625" "WordPress/6.1.7; https://lizardheartmovies.online"
116.240.149.7 - - [22/Nov/2024:17:53:32 -0800] "GET /new-animation-movies_2020-full-movies-english-kids-movies-comedy-movies-cartoon/ HTTP/1.0" 200 107125 "-" "Mozilla/5.0 (compatible; MJ12bot/v1.4.8; http://mj12bot.com/)"
209.182.200.39 - - [22/Nov/2024:17:54:00 -0800] "POST /wp-cron.php?doing_wp_cron=1732326840.3781230449676513671875 HTTP/1.0" 200 - "https://lizardheartmovies.online/wp-cron.php?doing_wp_cron=1732326840.3781230449676513671875" "WordPress/6.1.7; https://lizardheartmovies.online"
116.240.149.7 - - [22/Nov/2024:17:54:00 -0800] "GET /nothing-like-the-holidays-2008-part-1-of-15/ HTTP/1.0" 200 106040 "-" "Mozilla/5.0 (compatible; MJ12bot/v1.4.8; http://mj12bot.com/)"
209.182.200.39 - - [22/Nov/2024:17:54:26 -0800] "POST /wp-cron.php?doing_wp_cron=1732326866.1678190231323242187500 HTTP/1.0" 200 - "https://lizardheartmovies.online/wp-cron.php?doing_wp_cron=1732326866.1678190231323242187500" "WordPress/6.1.7; https://lizardheartmovies.online"
116.240.149.7 - - [22/Nov/2024:17:54:26 -0800] "GET /on-the-road-with-judas-2007-part-1-of-15/ HTTP/1.0" 200 106076 "-" "Mozilla/5.0 (compatible; MJ12bot/v1.4.8; http://mj12bot.com/)"
135.181.79.106 - - [22/Nov/2024:17:58:24 -0800] "GET /robots.txt HTTP/1.0" 200 30 "-" "Mozilla/5.0 (compatible; MJ12bot/v1.4.8; http://mj12bot.com/)"
209.182.200.39 - - [22/Nov/2024:17:58:46 -0800] "POST /wp-cron.php?doing_wp_cron=1732327126.4549450874328613281250 HTTP/1.0" 200 - "https://lizardheartmovies.online/wp-cron.php?doing_wp_cron=1732327126.4549450874328613281250" "WordPress/6.1.7; https://lizardheartmovies.online"
135.181.79.106 - - [22/Nov/2024:17:58:46 -0800] "GET /2024/09/04/ HTTP/1.0" 200 114675 "-" "Mozilla/5.0 (compatible; MJ12bot/v1.4.8; http://mj12bot.com/)"
209.182.200.39 - - [22/Nov/2024:17:59:11 -0800] "POST /wp-cron.php?doing_wp_cron=1732327151.0388660430908203125000 HTTP/1.0" 200 - "https://lizardheartmovies.online/wp-cron.php?doing_wp_cron=1732327151.0388660430908203125000" "WordPress/6.1.7; https://lizardheartmovies.online"
135.181.79.106 - - [22/Nov/2024:17:59:10 -0800] "GET /hanuman-the-white-monkey-warrior-2008-part-1-of-15/ HTTP/1.0" 200 106946 "-" "Mozilla/5.0 (compatible; MJ12bot/v1.4.8; http://mj12bot.com/)"
85.208.96.207 - - [22/Nov/2024:18:00:11 -0800] "GET /robots.txt HTTP/1.0" 200 30 "-" "Mozilla/5.0 (compatible; SemrushBot/7~bl; +http://www.semrush.com/bot.html)"
185.191.171.16 - - [22/Nov/2024:18:00:13 -0800] "GET /wp-admin/admin-ajax.php?action=betube_process_dislike&nonce=9ed2a93cdf&post_id=16261 HTTP/1.0" 200 13 "-" "Mozilla/5.0 (compatible; SemrushBot/7~bl; +http://www.semrush.com/bot.html)"
209.182.200.39 - - [22/Nov/2024:18:00:13 -0800] "POST /wp-cron.php?doing_wp_cron=1732327213.5541861057281494140625 HTTP/1.0" 200 - "https://lizardheartmovies.online/wp-cron.php?doing_wp_cron=1732327213.5541861057281494140625" "WordPress/6.1.7; https://lizardheartmovies.online"
135.181.79.106 - - [22/Nov/2024:18:00:12 -0800] "GET /jeffrey-huntermichael-renniewendy-hiller-_-adventure-war-_-action-movies/ HTTP/1.0" 200 105883 "-" "Mozilla/5.0 (compatible; MJ12bot/v1.4.8; http://mj12bot.com/)"
209.182.200.39 - - [22/Nov/2024:18:00:35 -0800] "POST /wp-cron.php?doing_wp_cron=1732327235.9545130729675292968750 HTTP/1.0" 200 - "https://lizardheartmovies.online/wp-cron.php?doing_wp_cron=1732327235.9545130729675292968750" "WordPress/6.1.7; https://lizardheartmovies.online"
135.181.79.106 - - [22/Nov/2024:18:00:35 -0800] "GET /jeffrey-huntermichael-renniewendy-hiller-_-adventure-war-_-action-movies/feed/ HTTP/1.0" 200 939 "-" "Mozilla/5.0 (compatible; MJ12bot/v1.4.8; http://mj12bot.com/)"
209.182.200.39 - - [22/Nov/2024:18:00:57 -0800] "POST /wp-cron.php?doing_wp_cron=1732327257.5405640602111816406250 HTTP/1.0" 200 - "https://lizardheartmovies.online/wp-cron.php?doing_wp_cron=1732327257.5405640602111816406250" "WordPress/6.1.7; https://lizardheartmovies.online"
135.181.79.106 - - [22/Nov/2024:18:00:57 -0800] "GET /merlin-and-the-war-of-the-dragons-2008-part-1-of-15/ HTTP/1.0" 200 105988 "-" "Mozilla/5.0 (compatible; MJ12bot/v1.4.8; http://mj12bot.com/)"
135.181.79.106 - - [22/Nov/2024:18:01:21 -0800] "GET /the-hunting-party-1971/ HTTP/1.0" 200 106110 "-" "Mozilla/5.0 (compatible; MJ12bot/v1.4.8; http://mj12bot.com/)"
209.182.200.39 - - [22/Nov/2024:18:10:17 -0800] "POST /wp-cron.php?doing_wp_cron=1732327817.9339148998260498046875 HTTP/1.0" 200 - "https://lizardheartmovies.online/wp-cron.php?doing_wp_cron=1732327817.9339148998260498046875" "WordPress/6.1.7; https://lizardheartmovies.online"
85.208.96.208 - - [22/Nov/2024:18:10:17 -0800] "GET /wp-admin/admin-ajax.php?action=betube_process_dislike&nonce=9ed2a93cdf&post_id=14547 HTTP/1.0" 200 13 "-" "Mozilla/5.0 (compatible; SemrushBot/7~bl; +http://www.semrush.com/bot.html)"
209.182.200.39 - - [22/Nov/2024:18:39:20 -0800] "POST /wp-cron.php?doing_wp_cron=1732329559.8551330566406250000000 HTTP/1.0" 200 - "https://lizardheartmovies.online/wp-cron.php?doing_wp_cron=1732329559.8551330566406250000000" "WordPress/6.1.7; https://lizardheartmovies.online"
