209.141.56.53 - - [22/Nov/2024:18:39:19 -0800] "GET /wp-login.php HTTP/1.0" 200 9419 "-" "Mozilla/5.0 (iPhone; CPU iPhone OS 7_1 like Mac OS X) AppleWebKit/537.51.2 (KHTML, like Gecko) Version/7.0 Mobile/11D167 Safari/9537.53"
209.141.56.53 - - [22/Nov/2024:18:39:20 -0800] "POST /wp-login.php HTTP/1.0" 200 9873 "-" "Mozilla/5.0 (iPhone; CPU iPhone OS 7_1 like Mac OS X) AppleWebKit/537.51.2 (KHTML, like Gecko) Version/7.0 Mobile/11D167 Safari/9537.53"
209.182.200.39 - - [22/Nov/2024:19:00:01 -0800] "POST /wp-cron.php?doing_wp_cron=1732330801.3359808921813964843750 HTTP/1.0" 200 - "https://lizardheartmovies.online/wp-cron.php?doing_wp_cron=1732330801.3359808921813964843750" "WordPress/6.1.7; https://lizardheartmovies.online"
52.167.144.215 - - [22/Nov/2024:19:00:01 -0800] "GET /raja-rimba-movie-2021/ HTTP/1.0" 200 105659 "-" "Mozilla/5.0 AppleWebKit/537.36 (KHTML, like Gecko; compatible; bingbot/2.0; +http://www.bing.com/bingbot.htm) Chrome/116.0.1938.76 Safari/537.36"
85.208.96.203 - - [22/Nov/2024:19:07:54 -0800] "GET /robots.txt HTTP/1.0" 200 30 "-" "Mozilla/5.0 (compatible; SemrushBot/7~bl; +http://www.semrush.com/bot.html)"
209.182.200.39 - - [22/Nov/2024:19:07:56 -0800] "POST /wp-cron.php?doing_wp_cron=1732331276.2146270275115966796875 HTTP/1.0" 200 - "https://lizardheartmovies.online/wp-cron.php?doing_wp_cron=1732331276.2146270275115966796875" "WordPress/6.1.7; https://lizardheartmovies.online"
85.208.96.208 - - [22/Nov/2024:19:07:55 -0800] "GET /wp-admin/admin-ajax.php?action=betube_process_dislike&nonce=ed20fd6ebe&post_id=15127 HTTP/1.0" 200 13 "-" "Mozilla/5.0 (compatible; SemrushBot/7~bl; +http://www.semrush.com/bot.html)"
57.141.0.26 - - [22/Nov/2024:19:09:03 -0800] "GET /wp-content/uploads/2024/09/1TUXf1clma5tZogba.jpeg HTTP/1.0" 200 41320 "-" "meta-externalagent/1.1 (+https://developers.facebook.com/docs/sharing/webmasters/crawler)"
57.141.0.5 - - [22/Nov/2024:19:09:57 -0800] "GET /wp-content/uploads/2024/09/1TUkh1cm-GfGN9O_Y.jpeg HTTP/1.0" 200 39602 "-" "meta-externalagent/1.1 (+https://developers.facebook.com/docs/sharing/webmasters/crawler)"
57.141.0.28 - - [22/Nov/2024:19:12:04 -0800] "GET /wp-content/uploads/2024/09/1TUsD1cp5ueCxrObP.jpeg HTTP/1.0" 200 58496 "-" "meta-externalagent/1.1 (+https://developers.facebook.com/docs/sharing/webmasters/crawler)"
209.182.200.39 - - [22/Nov/2024:19:13:04 -0800] "POST /wp-cron.php?doing_wp_cron=1732331583.9527339935302734375000 HTTP/1.0" 200 - "https://lizardheartmovies.online/wp-cron.php?doing_wp_cron=1732331583.9527339935302734375000" "WordPress/6.1.7; https://lizardheartmovies.online"
40.77.167.77 - - [22/Nov/2024:19:13:03 -0800] "GET /megalopolis-trailer-2024-adam-driver-francis-ford-coppola/ HTTP/1.0" 200 106396 "-" "Mozilla/5.0 AppleWebKit/537.36 (KHTML, like Gecko; compatible; bingbot/2.0; +http://www.bing.com/bingbot.htm) Chrome/116.0.1938.76 Safari/537.36"
57.141.0.18 - - [22/Nov/2024:19:13:49 -0800] "GET /wp-content/uploads/2024/09/1TVCB1cmm4LDtWUaf-310x200.jpeg HTTP/1.0" 200 15629 "-" "meta-externalagent/1.1 (+https://developers.facebook.com/docs/sharing/webmasters/crawler)"
57.141.0.3 - - [22/Nov/2024:19:15:25 -0800] "GET /wp-content/uploads/2024/09/1TUlS1cpEfdTOju5h-310x200.jpeg HTTP/1.0" 200 14041 "-" "meta-externalagent/1.1 (+https://developers.facebook.com/docs/sharing/webmasters/crawler)"
209.182.200.39 - - [22/Nov/2024:19:17:04 -0800] "POST /wp-cron.php?doing_wp_cron=1732331824.2028880119323730468750 HTTP/1.0" 200 - "https://lizardheartmovies.online/wp-cron.php?doing_wp_cron=1732331824.2028880119323730468750" "WordPress/6.1.7; https://lizardheartmovies.online"
107.189.29.207 - - [22/Nov/2024:19:17:03 -0800] "GET /wp-login.php HTTP/1.0" 200 9419 "-" "Mozilla/5.0 (Macintosh; Intel Mac OS X 10_9_4) AppleWebKit/537.36 (KHTML, like Gecko) Chrome/36.0.1985.143 Safari/537.36"
107.189.29.207 - - [22/Nov/2024:19:17:04 -0800] "POST /wp-login.php HTTP/1.0" 200 9857 "-" "Mozilla/5.0 (Macintosh; Intel Mac OS X 10_9_4) AppleWebKit/537.36 (KHTML, like Gecko) Chrome/36.0.1985.143 Safari/537.36"
57.141.0.4 - - [22/Nov/2024:19:19:20 -0800] "GET /wp-content/uploads/2024/11/L4fPH1clc2rR3Xisc.jpeg HTTP/1.0" 200 55831 "-" "meta-externalagent/1.1 (+https://developers.facebook.com/docs/sharing/webmasters/crawler)"
57.141.0.15 - - [22/Nov/2024:19:20:18 -0800] "GET /wp-content/uploads/2024/09/1TV7T1cs9Q1kg_2-T.jpeg HTTP/1.0" 200 45702 "-" "meta-externalagent/1.1 (+https://developers.facebook.com/docs/sharing/webmasters/crawler)"
57.141.0.19 - - [22/Nov/2024:19:20:36 -0800] "GET /wp-content/uploads/2024/09/X1K0e1cxfBecRDAuX-850x500.jpeg HTTP/1.0" 200 70437 "-" "meta-externalagent/1.1 (+https://developers.facebook.com/docs/sharing/webmasters/crawler)"
57.141.0.20 - - [22/Nov/2024:19:20:54 -0800] "GET /wp-content/uploads/2024/09/WzadW1ct5hidSIQEv.jpeg HTTP/1.0" 200 60934 "-" "meta-externalagent/1.1 (+https://developers.facebook.com/docs/sharing/webmasters/crawler)"
57.141.0.13 - - [22/Nov/2024:19:22:39 -0800] "GET /wp-content/uploads/2024/09/WlGJS1clZ21WKD0MG-608x500.jpeg HTTP/1.0" 200 69699 "-" "meta-externalagent/1.1 (+https://developers.facebook.com/docs/sharing/webmasters/crawler)"
57.141.0.12 - - [22/Nov/2024:19:22:58 -0800] "GET /wp-content/uploads/2024/09/SP9hE1clt1_vyLef0-310x184.jpeg HTTP/1.0" 200 20455 "-" "meta-externalagent/1.1 (+https://developers.facebook.com/docs/sharing/webmasters/crawler)"
57.141.0.10 - - [22/Nov/2024:19:23:15 -0800] "GET /wp-content/uploads/2024/09/SP9hE1clt1_vyLef0.jpeg HTTP/1.0" 200 36373 "-" "meta-externalagent/1.1 (+https://developers.facebook.com/docs/sharing/webmasters/crawler)"
209.182.200.39 - - [22/Nov/2024:19:25:09 -0800] "POST /wp-cron.php?doing_wp_cron=1732332309.1496970653533935546875 HTTP/1.0" 200 - "https://lizardheartmovies.online/wp-cron.php?doing_wp_cron=1732332309.1496970653533935546875" "WordPress/6.1.7; https://lizardheartmovies.online"
185.191.171.1 - - [22/Nov/2024:19:25:08 -0800] "GET /wp-admin/admin-ajax.php?action=betube_process_like&disabled=true&is_comment=0&nonce=bb18f95177&post_id=15856 HTTP/1.0" 200 13 "-" "Mozilla/5.0 (compatible; SemrushBot/7~bl; +http://www.semrush.com/bot.html)"
57.141.0.11 - - [22/Nov/2024:19:25:23 -0800] "GET /wp-content/uploads/2024/09/1TYFU1coXtc7guy2M-267x200.jpeg HTTP/1.0" 200 10261 "-" "meta-externalagent/1.1 (+https://developers.facebook.com/docs/sharing/webmasters/crawler)"
209.182.200.39 - - [22/Nov/2024:19:25:42 -0800] "POST /wp-cron.php?doing_wp_cron=1732332342.2268650531768798828125 HTTP/1.0" 200 - "https://lizardheartmovies.online/wp-cron.php?doing_wp_cron=1732332342.2268650531768798828125" "WordPress/6.1.7; https://lizardheartmovies.online"
85.208.96.199 - - [22/Nov/2024:19:25:42 -0800] "GET /wp-admin/admin-ajax.php?action=betube_process_dislike&nonce=9ed2a93cdf&post_id=16278 HTTP/1.0" 200 13 "-" "Mozilla/5.0 (compatible; SemrushBot/7~bl; +http://www.semrush.com/bot.html)"
57.141.0.11 - - [22/Nov/2024:19:26:09 -0800] "GET /wp-content/uploads/2024/11/L4fPH1clc2rR3Xisc-350x197.jpeg HTTP/1.0" 200 11046 "-" "meta-externalagent/1.1 (+https://developers.facebook.com/docs/sharing/webmasters/crawler)"
57.141.0.4 - - [22/Nov/2024:19:26:38 -0800] "GET /wp-content/uploads/2024/08/U594x1cmwELSSwT2O-310x200.jpeg HTTP/1.0" 200 17390 "-" "meta-externalagent/1.1 (+https://developers.facebook.com/docs/sharing/webmasters/crawler)"
57.141.0.18 - - [22/Nov/2024:19:26:53 -0800] "GET /wp-content/uploads/2024/11/Og0L61clVlJHuUSiJ.jpeg HTTP/1.0" 200 74317 "-" "meta-externalagent/1.1 (+https://developers.facebook.com/docs/sharing/webmasters/crawler)"
57.141.0.13 - - [22/Nov/2024:19:27:56 -0800] "GET /wp-content/uploads/2024/09/WMRgo1cw4ccZuOzL0-850x500.jpeg HTTP/1.0" 200 47043 "-" "meta-externalagent/1.1 (+https://developers.facebook.com/docs/sharing/webmasters/crawler)"
57.141.0.16 - - [22/Nov/2024:19:28:08 -0800] "GET /wp-content/uploads/2024/09/1TUjF1cn6L3HYBzk4.jpeg HTTP/1.0" 200 87848 "-" "meta-externalagent/1.1 (+https://developers.facebook.com/docs/sharing/webmasters/crawler)"
57.141.0.13 - - [22/Nov/2024:19:28:10 -0800] "GET /wp-content/uploads/2024/09/1TV6Z1clfkVCFykLS-310x200.jpeg HTTP/1.0" 200 9891 "-" "meta-externalagent/1.1 (+https://developers.facebook.com/docs/sharing/webmasters/crawler)"
57.141.0.15 - - [22/Nov/2024:19:28:23 -0800] "GET /wp-content/uploads/2024/09/1TUsD1cp5ueCxrObP-310x200.jpeg HTTP/1.0" 200 16313 "-" "meta-externalagent/1.1 (+https://developers.facebook.com/docs/sharing/webmasters/crawler)"
209.182.200.39 - - [22/Nov/2024:19:28:25 -0800] "POST /wp-cron.php?doing_wp_cron=1732332505.2983930110931396484375 HTTP/1.0" 200 - "https://lizardheartmovies.online/wp-cron.php?doing_wp_cron=1732332505.2983930110931396484375" "WordPress/6.1.7; https://lizardheartmovies.online"
185.191.171.13 - - [22/Nov/2024:19:28:24 -0800] "GET /wp-admin/admin-ajax.php?action=betube_process_dislike&nonce=ed20fd6ebe&post_id=15822 HTTP/1.0" 200 13 "-" "Mozilla/5.0 (compatible; SemrushBot/7~bl; +http://www.semrush.com/bot.html)"
57.141.0.29 - - [22/Nov/2024:19:28:49 -0800] "GET /wp-content/uploads/2024/09/X1fQS1cwy7r1zIDfG-350x198.jpeg HTTP/1.0" 200 21403 "-" "meta-externalagent/1.1 (+https://developers.facebook.com/docs/sharing/webmasters/crawler)"
57.141.0.17 - - [22/Nov/2024:19:28:52 -0800] "GET /wp-content/uploads/2024/09/X2TVY1cxwMVTZfuvf.jpeg HTTP/1.0" 200 33505 "-" "meta-externalagent/1.1 (+https://developers.facebook.com/docs/sharing/webmasters/crawler)"
57.141.0.5 - - [22/Nov/2024:19:29:06 -0800] "GET /wp-content/uploads/2024/09/1TYFU1coXtc7guy2M.jpeg HTTP/1.0" 200 43387 "-" "meta-externalagent/1.1 (+https://developers.facebook.com/docs/sharing/webmasters/crawler)"
57.141.0.18 - - [22/Nov/2024:19:29:15 -0800] "GET /wp-content/uploads/2024/09/1TUZJ1crq1JpQYuwD.jpeg HTTP/1.0" 200 42776 "-" "meta-externalagent/1.1 (+https://developers.facebook.com/docs/sharing/webmasters/crawler)"
57.141.0.20 - - [22/Nov/2024:19:30:16 -0800] "GET /wp-content/uploads/2024/09/X1K0e1cxfBecRDAuX-350x149.jpeg HTTP/1.0" 200 15841 "-" "meta-externalagent/1.1 (+https://developers.facebook.com/docs/sharing/webmasters/crawler)"
57.141.0.29 - - [22/Nov/2024:19:30:33 -0800] "GET /wp-content/uploads/2024/09/X0C1q1cyaQcceJXAY-850x500.jpeg HTTP/1.0" 200 48492 "-" "meta-externalagent/1.1 (+https://developers.facebook.com/docs/sharing/webmasters/crawler)"
57.141.0.10 - - [22/Nov/2024:19:30:48 -0800] "GET /wp-content/uploads/2024/09/X1fQS1cwy7r1zIDfG.jpeg HTTP/1.0" 200 154187 "-" "meta-externalagent/1.1 (+https://developers.facebook.com/docs/sharing/webmasters/crawler)"
57.141.0.18 - - [22/Nov/2024:19:31:09 -0800] "GET /wp-content/uploads/2024/09/X1-S01cxFxZClGtyx-350x198.jpeg HTTP/1.0" 200 19504 "-" "meta-externalagent/1.1 (+https://developers.facebook.com/docs/sharing/webmasters/crawler)"
57.141.0.16 - - [22/Nov/2024:19:31:11 -0800] "GET /wp-content/uploads/2024/09/Woshy1cmq9gV2qQul-850x500.jpeg HTTP/1.0" 200 60530 "-" "meta-externalagent/1.1 (+https://developers.facebook.com/docs/sharing/webmasters/crawler)"
57.141.0.1 - - [22/Nov/2024:19:31:44 -0800] "GET /wp-content/uploads/2024/09/W_Rku1cvbc-LJFacF.jpeg HTTP/1.0" 200 97047 "-" "meta-externalagent/1.1 (+https://developers.facebook.com/docs/sharing/webmasters/crawler)"
209.182.200.39 - - [22/Nov/2024:19:32:08 -0800] "POST /wp-cron.php?doing_wp_cron=1732332728.4806799888610839843750 HTTP/1.0" 200 - "https://lizardheartmovies.online/wp-cron.php?doing_wp_cron=1732332728.4806799888610839843750" "WordPress/6.1.7; https://lizardheartmovies.online"
198.98.53.72 - - [22/Nov/2024:19:32:08 -0800] "GET /wp-login.php HTTP/1.0" 200 9419 "-" "Mozilla/5.0 (Windows NT 6.1; WOW64) AppleWebKit/537.36 (KHTML, like Gecko) Chrome/35.0.1916.153 Safari/537.36"
198.98.53.72 - - [22/Nov/2024:19:32:08 -0800] "POST /wp-login.php HTTP/1.0" 200 9879 "-" "Mozilla/5.0 (Windows NT 6.1; WOW64) AppleWebKit/537.36 (KHTML, like Gecko) Chrome/35.0.1916.153 Safari/537.36"
57.141.0.14 - - [22/Nov/2024:19:33:03 -0800] "GET /wp-content/uploads/2024/09/X2TVY1cxwMVTZfuvf-350x198.jpeg HTTP/1.0" 200 5715 "-" "meta-externalagent/1.1 (+https://developers.facebook.com/docs/sharing/webmasters/crawler)"
57.141.0.5 - - [22/Nov/2024:19:34:17 -0800] "GET /wp-content/uploads/2024/09/WzadW1ct5hidSIQEv-350x197.jpeg HTTP/1.0" 200 11858 "-" "meta-externalagent/1.1 (+https://developers.facebook.com/docs/sharing/webmasters/crawler)"
57.141.0.16 - - [22/Nov/2024:19:34:56 -0800] "GET /wp-content/uploads/2024/09/Uw8Zl1clSAUPY70xV-750x500.jpeg HTTP/1.0" 200 74540 "-" "meta-externalagent/1.1 (+https://developers.facebook.com/docs/sharing/webmasters/crawler)"
57.141.0.11 - - [22/Nov/2024:19:35:54 -0800] "GET /wp-content/uploads/2024/09/1TYGY1colQ2q4v2u8.jpeg HTTP/1.0" 200 49000 "-" "meta-externalagent/1.1 (+https://developers.facebook.com/docs/sharing/webmasters/crawler)"
57.141.0.28 - - [22/Nov/2024:19:37:05 -0800] "GET /wp-content/uploads/2024/09/VCRr51clT9XIvNeBZ-310x200.jpeg HTTP/1.0" 200 13147 "-" "meta-externalagent/1.1 (+https://developers.facebook.com/docs/sharing/webmasters/crawler)"
192.99.14.19 - - [22/Nov/2024:19:37:21 -0800] "GET /robots.txt HTTP/1.0" 200 30 "-" "Mozilla/5.0 (compatible; MJ12bot/v1.4.8; http://mj12bot.com/)"
57.141.0.15 - - [22/Nov/2024:19:37:21 -0800] "GET /wp-content/uploads/2024/09/1TVlY1clfdwU5bJmU.jpeg HTTP/1.0" 200 45012 "-" "meta-externalagent/1.1 (+https://developers.facebook.com/docs/sharing/webmasters/crawler)"
209.182.200.39 - - [22/Nov/2024:19:37:42 -0800] "POST /wp-cron.php?doing_wp_cron=1732333062.5299260616302490234375 HTTP/1.0" 200 - "https://lizardheartmovies.online/wp-cron.php?doing_wp_cron=1732333062.5299260616302490234375" "WordPress/6.1.7; https://lizardheartmovies.online"
192.99.14.19 - - [22/Nov/2024:19:37:42 -0800] "GET /%E0%B4%86%E0%B4%A8%E0%B4%AF%E0%B5%81%E0%B4%82-%E0%B4%89%E0%B4%B1%E0%B5%81%E0%B4%AE%E0%B5%8D%E0%B4%AA%E0%B5%81%E0%B4%82-malayalam-cartoon-for-children-animation-movies-full-movies-malayalam-new/ HTTP/1.0" 200 109329 "-" "Mozilla/5.0 (compatible; MJ12bot/v1.4.8; http://mj12bot.com/)"
57.141.0.21 - - [22/Nov/2024:19:37:47 -0800] "GET /wp-content/uploads/2024/10/X2pgg1c-BKN5Abnie.jpeg HTTP/1.0" 200 52689 "-" "meta-externalagent/1.1 (+https://developers.facebook.com/docs/sharing/webmasters/crawler)"
57.141.0.14 - - [22/Nov/2024:19:37:54 -0800] "GET /wp-content/uploads/2024/09/WQrv61clWyXVr2n39.jpeg HTTP/1.0" 200 56858 "-" "meta-externalagent/1.1 (+https://developers.facebook.com/docs/sharing/webmasters/crawler)"
209.182.200.39 - - [22/Nov/2024:19:38:04 -0800] "POST /wp-cron.php?doing_wp_cron=1732333084.6571409702301025390625 HTTP/1.0" 200 - "https://lizardheartmovies.online/wp-cron.php?doing_wp_cron=1732333084.6571409702301025390625" "WordPress/6.1.7; https://lizardheartmovies.online"
192.99.14.19 - - [22/Nov/2024:19:38:04 -0800] "GET /%E1%B4%B4%E1%B4%B0-best-animation-movies-for-kids-new-cartoon-movies-in-urdu-pups-save-a-floundering-francois-tg4kbplxl-0/ HTTP/1.0" 200 107182 "-" "Mozilla/5.0 (compatible; MJ12bot/v1.4.8; http://mj12bot.com/)"
209.182.200.39 - - [22/Nov/2024:19:38:26 -0800] "POST /wp-cron.php?doing_wp_cron=1732333106.4533538818359375000000 HTTP/1.0" 200 - "https://lizardheartmovies.online/wp-cron.php?doing_wp_cron=1732333106.4533538818359375000000" "WordPress/6.1.7; https://lizardheartmovies.online"
192.99.14.19 - - [22/Nov/2024:19:38:26 -0800] "GET /%E1%B4%B4%E1%B4%B0-nina-needs-to-go-full-episodes-nina-needs-to-go-in-english-cartoon-movies-for-kids%E2%9C%94-1/ HTTP/1.0" 200 111100 "-" "Mozilla/5.0 (compatible; MJ12bot/v1.4.8; http://mj12bot.com/)"
209.182.200.39 - - [22/Nov/2024:19:38:48 -0800] "POST /wp-cron.php?doing_wp_cron=1732333128.3333859443664550781250 HTTP/1.0" 200 - "https://lizardheartmovies.online/wp-cron.php?doing_wp_cron=1732333128.3333859443664550781250" "WordPress/6.1.7; https://lizardheartmovies.online"
192.99.14.19 - - [22/Nov/2024:19:38:48 -0800] "GET /%EF%B8%8F-piratas-del-caribe_pelicula-completa-en-espanol-latino/ HTTP/1.0" 200 115190 "-" "Mozilla/5.0 (compatible; MJ12bot/v1.4.8; http://mj12bot.com/)"
209.182.200.39 - - [22/Nov/2024:19:39:10 -0800] "POST /wp-cron.php?doing_wp_cron=1732333150.1245090961456298828125 HTTP/1.0" 200 - "https://lizardheartmovies.online/wp-cron.php?doing_wp_cron=1732333150.1245090961456298828125" "WordPress/6.1.7; https://lizardheartmovies.online"
192.99.14.19 - - [22/Nov/2024:19:39:09 -0800] "GET /animation-movies-for-kid-2017-%E2%9D%82-cartoon-new-compilation-%E2%9D%82-lost-in-bikini-bottom-%E2%9D%82-monitoon/ HTTP/1.0" 200 107564 "-" "Mozilla/5.0 (compatible; MJ12bot/v1.4.8; http://mj12bot.com/)"
85.208.96.204 - - [22/Nov/2024:19:39:10 -0800] "GET /wp-admin/admin-ajax.php?action=betube_process_like&disabled=true&is_comment=0&nonce=bb18f95177&post_id=16179 HTTP/1.0" 200 13 "-" "Mozilla/5.0 (compatible; SemrushBot/7~bl; +http://www.semrush.com/bot.html)"
209.182.200.39 - - [22/Nov/2024:19:39:31 -0800] "POST /wp-cron.php?doing_wp_cron=1732333171.8512809276580810546875 HTTP/1.0" 200 - "https://lizardheartmovies.online/wp-cron.php?doing_wp_cron=1732333171.8512809276580810546875" "WordPress/6.1.7; https://lizardheartmovies.online"
192.99.14.19 - - [22/Nov/2024:19:39:31 -0800] "GET /animation-movies-for-kids-%E2%99%A5-paw-patrol-full-episodes-english-%E2%99%A5-spiderman-mr-bean/ HTTP/1.0" 200 107558 "-" "Mozilla/5.0 (compatible; MJ12bot/v1.4.8; http://mj12bot.com/)"
57.141.0.12 - - [22/Nov/2024:19:39:34 -0800] "GET /wp-content/uploads/2024/09/WRMxi1cmqeXYOyEGY-310x200.jpeg HTTP/1.0" 200 13734 "-" "meta-externalagent/1.1 (+https://developers.facebook.com/docs/sharing/webmasters/crawler)"
209.182.200.39 - - [22/Nov/2024:19:39:53 -0800] "POST /wp-cron.php?doing_wp_cron=1732333193.4061090946197509765625 HTTP/1.0" 200 - "https://lizardheartmovies.online/wp-cron.php?doing_wp_cron=1732333193.4061090946197509765625" "WordPress/6.1.7; https://lizardheartmovies.online"
192.99.14.19 - - [22/Nov/2024:19:39:53 -0800] "GET /bubble-guppies-full-episodes-new-animation-movies-2015-%E2%99%A5-nickelodeon-cartoons-for-children/ HTTP/1.0" 200 107131 "-" "Mozilla/5.0 (compatible; MJ12bot/v1.4.8; http://mj12bot.com/)"
209.182.200.39 - - [22/Nov/2024:19:40:15 -0800] "POST /wp-cron.php?doing_wp_cron=1732333215.0032091140747070312500 HTTP/1.0" 200 - "https://lizardheartmovies.online/wp-cron.php?doing_wp_cron=1732333215.0032091140747070312500" "WordPress/6.1.7; https://lizardheartmovies.online"
192.99.14.19 - - [22/Nov/2024:19:40:14 -0800] "GET /cartoons-for-children-2015-full-length-english-%E2%96%BD-animation-movies-2015-%E2%96%BD-pixar-movies-2015/feed/ HTTP/1.0" 200 1027 "-" "Mozilla/5.0 (compatible; MJ12bot/v1.4.8; http://mj12bot.com/)"
209.182.200.39 - - [22/Nov/2024:19:40:35 -0800] "POST /wp-cron.php?doing_wp_cron=1732333235.7728090286254882812500 HTTP/1.0" 200 - "https://lizardheartmovies.online/wp-cron.php?doing_wp_cron=1732333235.7728090286254882812500" "WordPress/6.1.7; https://lizardheartmovies.online"
192.99.14.19 - - [22/Nov/2024:19:40:35 -0800] "GET /cartoons-for-children-2015-full-length-english-%E2%96%BD-animation-movies-2015-%E2%96%BD-pixar-movies-2015/ HTTP/1.0" 200 106843 "-" "Mozilla/5.0 (compatible; MJ12bot/v1.4.8; http://mj12bot.com/)"
209.182.200.39 - - [22/Nov/2024:19:40:56 -0800] "POST /wp-cron.php?doing_wp_cron=1732333256.7585930824279785156250 HTTP/1.0" 200 - "https://lizardheartmovies.online/wp-cron.php?doing_wp_cron=1732333256.7585930824279785156250" "WordPress/6.1.7; https://lizardheartmovies.online"
192.99.14.19 - - [22/Nov/2024:19:40:56 -0800] "GET /disney-movies-for-kids-%E2%98%86-movies-for-kids-%E2%98%86-animation-movies-for-children/feed/ HTTP/1.0" 200 973 "-" "Mozilla/5.0 (compatible; MJ12bot/v1.4.8; http://mj12bot.com/)"
57.141.0.11 - - [22/Nov/2024:19:40:59 -0800] "GET /wp-content/uploads/2024/09/1TV7T1cs9Q1kg_2-T-310x200.jpeg HTTP/1.0" 200 14283 "-" "meta-externalagent/1.1 (+https://developers.facebook.com/docs/sharing/webmasters/crawler)"
57.141.0.1 - - [22/Nov/2024:19:41:13 -0800] "GET /wp-content/uploads/2024/09/X0dJK1cw5L68lAI2h.jpeg HTTP/1.0" 200 38427 "-" "meta-externalagent/1.1 (+https://developers.facebook.com/docs/sharing/webmasters/crawler)"
192.99.14.19 - - [22/Nov/2024:19:41:17 -0800] "GET /disney-movies-for-kids-%E2%98%86-movies-for-kids-%E2%98%86-animation-movies-for-children/ HTTP/1.0" 200 106901 "-" "Mozilla/5.0 (compatible; MJ12bot/v1.4.8; http://mj12bot.com/)"
57.141.0.9 - - [22/Nov/2024:19:41:30 -0800] "GET /wp-content/uploads/2024/09/X1-S01cxFxZClGtyx.jpeg HTTP/1.0" 200 129792 "-" "meta-externalagent/1.1 (+https://developers.facebook.com/docs/sharing/webmasters/crawler)"
209.182.200.39 - - [22/Nov/2024:19:41:39 -0800] "POST /wp-cron.php?doing_wp_cron=1732333299.0925068855285644531250 HTTP/1.0" 200 - "https://lizardheartmovies.online/wp-cron.php?doing_wp_cron=1732333299.0925068855285644531250" "WordPress/6.1.7; https://lizardheartmovies.online"
192.99.14.19 - - [22/Nov/2024:19:41:38 -0800] "GET /doong-doong-animation-for-all-children-full-collection-movies-%E2%9D%A4%EF%B8%8Fcartoon-for-kids-%E2%9D%A4%EF%B8%8Ffor-kids197/feed/ HTTP/1.0" 200 1083 "-" "Mozilla/5.0 (compatible; MJ12bot/v1.4.8; http://mj12bot.com/)"
57.141.0.23 - - [22/Nov/2024:19:41:50 -0800] "GET /wp-content/uploads/2024/09/WQrv61clWyXVr2n39-350x197.jpeg HTTP/1.0" 200 15832 "-" "meta-externalagent/1.1 (+https://developers.facebook.com/docs/sharing/webmasters/crawler)"
209.182.200.39 - - [22/Nov/2024:19:42:00 -0800] "POST /wp-cron.php?doing_wp_cron=1732333320.3458108901977539062500 HTTP/1.0" 200 - "https://lizardheartmovies.online/wp-cron.php?doing_wp_cron=1732333320.3458108901977539062500" "WordPress/6.1.7; https://lizardheartmovies.online"
192.99.14.19 - - [22/Nov/2024:19:42:00 -0800] "GET /doong-doong-animation-for-all-children-full-collection-movies-%E2%9D%A4%EF%B8%8Fcartoon-for-kids-%E2%9D%A4%EF%B8%8Ffor-kids197/ HTTP/1.0" 200 108206 "-" "Mozilla/5.0 (compatible; MJ12bot/v1.4.8; http://mj12bot.com/)"
192.99.14.19 - - [22/Nov/2024:19:42:21 -0800] "GET /movies-for-kids-%E2%9D%A4%EF%B8%8F-mickey-mouse-clubhouses-adventure-%E2%98%85-disney-cartoon-game-%E2%96%BA-full-episode-1-2/feed/ HTTP/1.0" 200 1073 "-" "Mozilla/5.0 (compatible; MJ12bot/v1.4.8; http://mj12bot.com/)"
209.182.200.39 - - [22/Nov/2024:19:42:41 -0800] "POST /wp-cron.php?doing_wp_cron=1732333361.9383070468902587890625 HTTP/1.0" 200 - "https://lizardheartmovies.online/wp-cron.php?doing_wp_cron=1732333361.9383070468902587890625" "WordPress/6.1.7; https://lizardheartmovies.online"
192.99.14.19 - - [22/Nov/2024:19:42:41 -0800] "GET /movies-for-kids-%E2%9D%A4%EF%B8%8F-mickey-mouse-clubhouses-adventure-%E2%98%85-disney-cartoon-game-%E2%96%BA-full-episode-1-2/ HTTP/1.0" 200 107815 "-" "Mozilla/5.0 (compatible; MJ12bot/v1.4.8; http://mj12bot.com/)"
209.182.200.39 - - [22/Nov/2024:19:43:02 -0800] "POST /wp-cron.php?doing_wp_cron=1732333382.9063858985900878906250 HTTP/1.0" 200 - "https://lizardheartmovies.online/wp-cron.php?doing_wp_cron=1732333382.9063858985900878906250" "WordPress/6.1.7; https://lizardheartmovies.online"
192.99.14.19 - - [22/Nov/2024:19:43:02 -0800] "GET /mr-bean-cartoon-ae%C2%A2-mr-bean-animation-series-full-movies-ae%C2%A2-best-comedy-movies/ HTTP/1.0" 200 106978 "-" "Mozilla/5.0 (compatible; MJ12bot/v1.4.8; http://mj12bot.com/)"
85.208.96.206 - - [22/Nov/2024:19:43:08 -0800] "GET /wp-admin/admin-ajax.php?action=betube_process_dislike&nonce=ed20fd6ebe&post_id=16458 HTTP/1.0" 200 13 "-" "Mozilla/5.0 (compatible; SemrushBot/7~bl; +http://www.semrush.com/bot.html)"
192.99.14.19 - - [22/Nov/2024:19:43:24 -0800] "GET /mr-bean-cartoon-full-episode-2015-%E2%99%A5cartoons-for-children-%E2%99%A5-disney-movies-%E2%99%A5-cartoons-for-kids-disney-cartoons/feed/ HTTP/1.0" 200 1100 "-" "Mozilla/5.0 (compatible; MJ12bot/v1.4.8; http://mj12bot.com/)"
209.182.200.39 - - [22/Nov/2024:19:43:45 -0800] "POST /wp-cron.php?doing_wp_cron=1732333425.4302709102630615234375 HTTP/1.0" 200 - "https://lizardheartmovies.online/wp-cron.php?doing_wp_cron=1732333425.4302709102630615234375" "WordPress/6.1.7; https://lizardheartmovies.online"
192.99.14.19 - - [22/Nov/2024:19:43:45 -0800] "GET /mr-bean-cartoon-full-episode-2015-%E2%99%A5cartoons-for-children-%E2%99%A5-disney-movies-%E2%99%A5-cartoons-for-kids-disney-cartoons/ HTTP/1.0" 200 108473 "-" "Mozilla/5.0 (compatible; MJ12bot/v1.4.8; http://mj12bot.com/)"
209.182.200.39 - - [22/Nov/2024:19:44:06 -0800] "POST /wp-cron.php?doing_wp_cron=1732333446.4051959514617919921875 HTTP/1.0" 200 - "https://lizardheartmovies.online/wp-cron.php?doing_wp_cron=1732333446.4051959514617919921875" "WordPress/6.1.7; https://lizardheartmovies.online"
192.99.14.19 - - [22/Nov/2024:19:44:06 -0800] "GET /new-action-films-2015-%E2%99%A5-best-cartoon-sci-fi-movies-2015-%E2%99%A5-english-%E2%99%A5-full-hd/ HTTP/1.0" 200 108802 "-" "Mozilla/5.0 (compatible; MJ12bot/v1.4.8; http://mj12bot.com/)"
209.182.200.39 - - [22/Nov/2024:19:44:28 -0800] "POST /wp-cron.php?doing_wp_cron=1732333467.9916958808898925781250 HTTP/1.0" 200 - "https://lizardheartmovies.online/wp-cron.php?doing_wp_cron=1732333467.9916958808898925781250" "WordPress/6.1.7; https://lizardheartmovies.online"
192.99.14.19 - - [22/Nov/2024:19:44:27 -0800] "GET /new-action-films-2015-%E2%99%A5-best-cartoon-sci-fi-movies-2015-%E2%99%A5-english-%E2%99%A5-full-hd-2/feed/ HTTP/1.0" 200 1004 "-" "Mozilla/5.0 (compatible; MJ12bot/v1.4.8; http://mj12bot.com/)"
57.141.0.16 - - [22/Nov/2024:19:44:39 -0800] "GET /wp-content/uploads/2024/11/Og0L61clVlJHuUSiJ-350x197.jpeg HTTP/1.0" 200 13924 "-" "meta-externalagent/1.1 (+https://developers.facebook.com/docs/sharing/webmasters/crawler)"
209.182.200.39 - - [22/Nov/2024:19:44:48 -0800] "POST /wp-cron.php?doing_wp_cron=1732333488.8933560848236083984375 HTTP/1.0" 200 - "https://lizardheartmovies.online/wp-cron.php?doing_wp_cron=1732333488.8933560848236083984375" "WordPress/6.1.7; https://lizardheartmovies.online"
192.99.14.19 - - [22/Nov/2024:19:44:48 -0800] "GET /new-action-films-2015-%E2%99%A5-best-cartoon-sci-fi-movies-2015-%E2%99%A5-english-%E2%99%A5-full-hd-2/ HTTP/1.0" 200 107925 "-" "Mozilla/5.0 (compatible; MJ12bot/v1.4.8; http://mj12bot.com/)"
209.182.200.39 - - [22/Nov/2024:19:45:09 -0800] "POST /wp-cron.php?doing_wp_cron=1732333509.9240670204162597656250 HTTP/1.0" 200 - "https://lizardheartmovies.online/wp-cron.php?doing_wp_cron=1732333509.9240670204162597656250" "WordPress/6.1.7; https://lizardheartmovies.online"
192.99.14.19 - - [22/Nov/2024:19:45:09 -0800] "GET /new-animation-movies-2015-full-movies-english-%E2%99%A5-%E2%99%A5-cartoons-for-children-for-kids%E2%99%A5-h/feed/ HTTP/1.0" 200 1024 "-" "Mozilla/5.0 (compatible; MJ12bot/v1.4.8; http://mj12bot.com/)"
209.182.200.39 - - [22/Nov/2024:19:45:30 -0800] "POST /wp-cron.php?doing_wp_cron=1732333530.7686140537261962890625 HTTP/1.0" 200 - "https://lizardheartmovies.online/wp-cron.php?doing_wp_cron=1732333530.7686140537261962890625" "WordPress/6.1.7; https://lizardheartmovies.online"
192.99.14.19 - - [22/Nov/2024:19:45:30 -0800] "GET /new-animation-movies-2015-full-movies-english-%E2%99%A5-%E2%99%A5-cartoons-for-children-for-kids%E2%99%A5-h/ HTTP/1.0" 200 109074 "-" "Mozilla/5.0 (compatible; MJ12bot/v1.4.8; http://mj12bot.com/)"
209.182.200.39 - - [22/Nov/2024:19:45:51 -0800] "POST /wp-cron.php?doing_wp_cron=1732333551.8134889602661132812500 HTTP/1.0" 200 - "https://lizardheartmovies.online/wp-cron.php?doing_wp_cron=1732333551.8134889602661132812500" "WordPress/6.1.7; https://lizardheartmovies.online"
192.99.14.19 - - [22/Nov/2024:19:45:51 -0800] "GET /new-chinese-kung-fu-martial-arts-movies-%E2%98%85-action-movies-2018-full-length-english-hollywood1/ HTTP/1.0" 200 108033 "-" "Mozilla/5.0 (compatible; MJ12bot/v1.4.8; http://mj12bot.com/)"
209.182.200.39 - - [22/Nov/2024:19:46:07 -0800] "POST /wp-cron.php?doing_wp_cron=1732333567.7020618915557861328125 HTTP/1.0" 200 - "https://lizardheartmovies.online/wp-cron.php?doing_wp_cron=1732333567.7020618915557861328125" "WordPress/6.1.7; https://lizardheartmovies.online"
185.191.171.4 - - [22/Nov/2024:19:46:07 -0800] "GET /wp-admin/admin-ajax.php?action=betube_process_dislike&nonce=9ed2a93cdf&post_id=16083 HTTP/1.0" 200 13 "-" "Mozilla/5.0 (compatible; SemrushBot/7~bl; +http://www.semrush.com/bot.html)"
192.99.14.19 - - [22/Nov/2024:19:46:13 -0800] "GET /new-chinese-kung-fu-martial-arts-movies-%E2%98%85-action-movies-2018-full-length-english-hollywood2/feed/ HTTP/1.0" 200 1012 "-" "Mozilla/5.0 (compatible; MJ12bot/v1.4.8; http://mj12bot.com/)"
209.182.200.39 - - [22/Nov/2024:19:46:34 -0800] "POST /wp-cron.php?doing_wp_cron=1732333594.2056760787963867187500 HTTP/1.0" 200 - "https://lizardheartmovies.online/wp-cron.php?doing_wp_cron=1732333594.2056760787963867187500" "WordPress/6.1.7; https://lizardheartmovies.online"
192.99.14.19 - - [22/Nov/2024:19:46:34 -0800] "GET /new-chinese-kung-fu-martial-arts-movies-%E2%98%85-action-movies-2018-full-length-english-hollywood2/ HTTP/1.0" 200 108206 "-" "Mozilla/5.0 (compatible; MJ12bot/v1.4.8; http://mj12bot.com/)"
209.182.200.39 - - [22/Nov/2024:19:46:55 -0800] "POST /wp-cron.php?doing_wp_cron=1732333615.2973999977111816406250 HTTP/1.0" 200 - "https://lizardheartmovies.online/wp-cron.php?doing_wp_cron=1732333615.2973999977111816406250" "WordPress/6.1.7; https://lizardheartmovies.online"
192.99.14.19 - - [22/Nov/2024:19:46:55 -0800] "GET /nina-needs-to-go-full-episode-english-2016-%E2%99%A5-cartoon-movies-for-kids-2016-%E2%9C%93-21/ HTTP/1.0" 200 107374 "-" "Mozilla/5.0 (compatible; MJ12bot/v1.4.8; http://mj12bot.com/)"
85.208.96.194 - - [22/Nov/2024:19:47:02 -0800] "GET /wp-admin/admin-ajax.php?action=betube_process_like&disabled=true&is_comment=0&nonce=3b10383bd8&post_id=15347 HTTP/1.0" 200 13 "-" "Mozilla/5.0 (compatible; SemrushBot/7~bl; +http://www.semrush.com/bot.html)"
185.191.171.3 - - [22/Nov/2024:19:47:13 -0800] "GET /wp-admin/admin-ajax.php?action=betube_process_dislike&nonce=ed20fd6ebe&post_id=15452 HTTP/1.0" 200 13 "-" "Mozilla/5.0 (compatible; SemrushBot/7~bl; +http://www.semrush.com/bot.html)"
192.99.14.19 - - [22/Nov/2024:19:47:16 -0800] "GET /no-problem2011-%EC%B2%AD%EA%B0%95-%EC%95%A0%EB%8B%88%EB%A9%94%EC%9D%B4%EC%85%98-%EC%A1%B8%EC%97%85%EC%9E%91%ED%92%88-animated-cartoon/feed/ HTTP/1.0" 200 1056 "-" "Mozilla/5.0 (compatible; MJ12bot/v1.4.8; http://mj12bot.com/)"
209.182.200.39 - - [22/Nov/2024:19:47:37 -0800] "POST /wp-cron.php?doing_wp_cron=1732333657.6090250015258789062500 HTTP/1.0" 200 - "https://lizardheartmovies.online/wp-cron.php?doing_wp_cron=1732333657.6090250015258789062500" "WordPress/6.1.7; https://lizardheartmovies.online"
192.99.14.19 - - [22/Nov/2024:19:47:37 -0800] "GET /no-problem2011-%EC%B2%AD%EA%B0%95-%EC%95%A0%EB%8B%88%EB%A9%94%EC%9D%B4%EC%85%98-%EC%A1%B8%EC%97%85%EC%9E%91%ED%92%88-animated-cartoon/ HTTP/1.0" 200 110336 "-" "Mozilla/5.0 (compatible; MJ12bot/v1.4.8; http://mj12bot.com/)"
209.182.200.39 - - [22/Nov/2024:19:47:58 -0800] "POST /wp-cron.php?doing_wp_cron=1732333678.6335959434509277343750 HTTP/1.0" 200 - "https://lizardheartmovies.online/wp-cron.php?doing_wp_cron=1732333678.6335959434509277343750" "WordPress/6.1.7; https://lizardheartmovies.online"
192.99.14.19 - - [22/Nov/2024:19:47:58 -0800] "GET /paw-patrol-%E1%B4%B4%E1%B4%B0-%E2%97%84-pups-save-full-episodes-p015-pups-save-a-ghost-new-animation-movies-for-kids/feed/ HTTP/1.0" 200 1076 "-" "Mozilla/5.0 (compatible; MJ12bot/v1.4.8; http://mj12bot.com/)"
192.99.14.19 - - [22/Nov/2024:19:48:19 -0800] "GET /paw-patrol-%E1%B4%B4%E1%B4%B0-%E2%97%84-pups-save-full-episodes-p015-pups-save-a-ghost-new-animation-movies-for-kids/ HTTP/1.0" 200 107894 "-" "Mozilla/5.0 (compatible; MJ12bot/v1.4.8; http://mj12bot.com/)"
209.182.200.39 - - [22/Nov/2024:19:48:27 -0800] "POST /wp-cron.php?doing_wp_cron=1732333706.9728260040283203125000 HTTP/1.0" 200 - "https://lizardheartmovies.online/wp-cron.php?doing_wp_cron=1732333706.9728260040283203125000" "WordPress/6.1.7; https://lizardheartmovies.online"
185.191.171.6 - - [22/Nov/2024:19:48:26 -0800] "GET /2024/11/08/page/2/ HTTP/1.0" 200 112016 "-" "Mozilla/5.0 (compatible; SemrushBot/7~bl; +http://www.semrush.com/bot.html)"
209.182.200.39 - - [22/Nov/2024:19:48:40 -0800] "POST /wp-cron.php?doing_wp_cron=1732333720.1515340805053710937500 HTTP/1.0" 200 - "https://lizardheartmovies.online/wp-cron.php?doing_wp_cron=1732333720.1515340805053710937500" "WordPress/6.1.7; https://lizardheartmovies.online"
192.99.14.19 - - [22/Nov/2024:19:48:40 -0800] "GET /tangled-ever-after-new-%E2%9C%A5-kids-tv-for-children-%E2%9C%A5-best-disney-movies-%E2%9C%A5-animation-movies-new-2/ HTTP/1.0" 200 107635 "-" "Mozilla/5.0 (compatible; MJ12bot/v1.4.8; http://mj12bot.com/)"
52.167.144.56 - - [22/Nov/2024:19:53:18 -0800] "GET /robots.txt HTTP/1.0" 200 30 "-" "Mozilla/5.0 AppleWebKit/537.36 (KHTML, like Gecko; compatible; bingbot/2.0; +http://www.bing.com/bingbot.htm) Chrome/116.0.1938.76 Safari/537.36"
209.182.200.39 - - [22/Nov/2024:19:55:09 -0800] "POST /wp-cron.php?doing_wp_cron=1732334109.9051709175109863281250 HTTP/1.0" 200 - "https://lizardheartmovies.online/wp-cron.php?doing_wp_cron=1732334109.9051709175109863281250" "WordPress/6.1.7; https://lizardheartmovies.online"
40.77.167.247 - - [22/Nov/2024:19:55:09 -0800] "GET /cgi-animated-short-film-radiate-by-radiate-team-cgmeetup/ HTTP/1.0" 200 123093 "-" "Mozilla/5.0 AppleWebKit/537.36 (KHTML, like Gecko; compatible; bingbot/2.0; +http://www.bing.com/bingbot.htm) Chrome/116.0.1938.76 Safari/537.36"
209.182.200.39 - - [22/Nov/2024:19:56:40 -0800] "POST /wp-cron.php?doing_wp_cron=1732334200.9059600830078125000000 HTTP/1.0" 200 - "https://lizardheartmovies.online/wp-cron.php?doing_wp_cron=1732334200.9059600830078125000000" "WordPress/6.1.7; https://lizardheartmovies.online"
85.208.96.210 - - [22/Nov/2024:19:56:40 -0800] "GET /wp-admin/admin-ajax.php?action=betube_process_dislike&nonce=9ed2a93cdf&post_id=15074 HTTP/1.0" 200 13 "-" "Mozilla/5.0 (compatible; SemrushBot/7~bl; +http://www.semrush.com/bot.html)"
209.182.200.39 - - [22/Nov/2024:20:00:23 -0800] "POST /wp-cron.php?doing_wp_cron=1732334423.4294419288635253906250 HTTP/1.0" 200 - "https://lizardheartmovies.online/wp-cron.php?doing_wp_cron=1732334423.4294419288635253906250" "WordPress/6.1.7; https://lizardheartmovies.online"
85.208.96.204 - - [22/Nov/2024:20:00:23 -0800] "GET /wp-admin/admin-ajax.php?action=betube_process_like&disabled=true&is_comment=0&nonce=bb18f95177&post_id=14836 HTTP/1.0" 200 13 "-" "Mozilla/5.0 (compatible; SemrushBot/7~bl; +http://www.semrush.com/bot.html)"
209.182.200.39 - - [22/Nov/2024:20:01:15 -0800] "POST /wp-cron.php?doing_wp_cron=1732334475.0373520851135253906250 HTTP/1.0" 200 - "https://lizardheartmovies.online/wp-cron.php?doing_wp_cron=1732334475.0373520851135253906250" "WordPress/6.1.7; https://lizardheartmovies.online"
45.61.185.218 - - [22/Nov/2024:20:01:14 -0800] "GET /wp-login.php HTTP/1.0" 200 9419 "-" "Mozilla/5.0 (Windows NT 6.1) AppleWebKit/537.36 (KHTML, like Gecko) Chrome/36.0.1985.125 Safari/537.36"
45.61.185.218 - - [22/Nov/2024:20:01:15 -0800] "POST /wp-login.php HTTP/1.0" 200 9873 "-" "Mozilla/5.0 (Windows NT 6.1) AppleWebKit/537.36 (KHTML, like Gecko) Chrome/36.0.1985.125 Safari/537.36"
209.182.200.39 - - [22/Nov/2024:20:04:07 -0800] "POST /wp-cron.php?doing_wp_cron=1732334647.4324109554290771484375 HTTP/1.0" 200 - "https://lizardheartmovies.online/wp-cron.php?doing_wp_cron=1732334647.4324109554290771484375" "WordPress/6.1.7; https://lizardheartmovies.online"
185.191.171.15 - - [22/Nov/2024:20:04:07 -0800] "GET /wp-admin/admin-ajax.php?action=betube_process_like&disabled=true&is_comment=0&nonce=3b10383bd8&post_id=14696 HTTP/1.0" 200 13 "-" "Mozilla/5.0 (compatible; SemrushBot/7~bl; +http://www.semrush.com/bot.html)"
209.182.200.39 - - [22/Nov/2024:20:04:45 -0800] "POST /wp-cron.php?doing_wp_cron=1732334685.1646540164947509765625 HTTP/1.0" 200 - "https://lizardheartmovies.online/wp-cron.php?doing_wp_cron=1732334685.1646540164947509765625" "WordPress/6.1.7; https://lizardheartmovies.online"
85.208.96.206 - - [22/Nov/2024:20:04:44 -0800] "GET /wp-admin/admin-ajax.php?action=betube_process_like&disabled=true&is_comment=0&nonce=bb18f95177&post_id=16020 HTTP/1.0" 200 13 "-" "Mozilla/5.0 (compatible; SemrushBot/7~bl; +http://www.semrush.com/bot.html)"
209.182.200.39 - - [22/Nov/2024:20:05:31 -0800] "POST /wp-cron.php?doing_wp_cron=1732334731.9642970561981201171875 HTTP/1.0" 200 - "https://lizardheartmovies.online/wp-cron.php?doing_wp_cron=1732334731.9642970561981201171875" "WordPress/6.1.7; https://lizardheartmovies.online"
209.141.35.195 - - [22/Nov/2024:20:05:31 -0800] "GET /wp-login.php HTTP/1.0" 200 9419 "-" "Mozilla/5.0 (Macintosh; Intel Mac OS X 10.6; rv:31.0) Gecko/20100101 Firefox/31.0"
209.141.35.195 - - [22/Nov/2024:20:05:32 -0800] "POST /wp-login.php HTTP/1.0" 200 9879 "-" "Mozilla/5.0 (Macintosh; Intel Mac OS X 10.6; rv:31.0) Gecko/20100101 Firefox/31.0"
217.182.175.120 - - [22/Nov/2024:20:08:38 -0800] "GET /robots.txt HTTP/1.0" 200 30 "-" "Mozilla/5.0 (compatible; MJ12bot/v1.4.8; http://mj12bot.com/)"
209.182.200.39 - - [22/Nov/2024:20:09:05 -0800] "POST /wp-cron.php?doing_wp_cron=1732334945.0991559028625488281250 HTTP/1.0" 200 - "https://lizardheartmovies.online/wp-cron.php?doing_wp_cron=1732334945.0991559028625488281250" "WordPress/6.1.7; https://lizardheartmovies.online"
217.182.175.120 - - [22/Nov/2024:20:09:04 -0800] "GET /action-movies-2018-hollywood-action-movie-best-action-movie/feed/ HTTP/1.0" 200 900 "-" "Mozilla/5.0 (compatible; MJ12bot/v1.4.8; http://mj12bot.com/)"
209.182.200.39 - - [22/Nov/2024:20:09:28 -0800] "POST /wp-cron.php?doing_wp_cron=1732334968.5851650238037109375000 HTTP/1.0" 200 - "https://lizardheartmovies.online/wp-cron.php?doing_wp_cron=1732334968.5851650238037109375000" "WordPress/6.1.7; https://lizardheartmovies.online"
217.182.175.120 - - [22/Nov/2024:20:09:28 -0800] "GET /blood-and-water-episode-6-vj-junior-translated-full-movies-kagujje-movies-2/feed/ HTTP/1.0" 200 954 "-" "Mozilla/5.0 (compatible; MJ12bot/v1.4.8; http://mj12bot.com/)"
209.182.200.39 - - [22/Nov/2024:20:09:57 -0800] "POST /wp-cron.php?doing_wp_cron=1732334997.5647780895233154296875 HTTP/1.0" 200 - "https://lizardheartmovies.online/wp-cron.php?doing_wp_cron=1732334997.5647780895233154296875" "WordPress/6.1.7; https://lizardheartmovies.online"
217.182.175.120 - - [22/Nov/2024:20:09:57 -0800] "GET /dildar-nashai-kar-chora-aai-slowedreverb-punjabi-song-ar-universe/feed/ HTTP/1.0" 200 926 "-" "Mozilla/5.0 (compatible; MJ12bot/v1.4.8; http://mj12bot.com/)"
209.182.200.39 - - [22/Nov/2024:20:10:33 -0800] "POST /wp-cron.php?doing_wp_cron=1732335033.1054561138153076171875 HTTP/1.0" 200 - "https://lizardheartmovies.online/wp-cron.php?doing_wp_cron=1732335033.1054561138153076171875" "WordPress/6.1.7; https://lizardheartmovies.online"
217.182.175.120 - - [22/Nov/2024:20:10:32 -0800] "GET /mehrab-alveda-sad-song-4-1-slowedreverb-by-my-love-ar-universe/feed/ HTTP/1.0" 200 929 "-" "Mozilla/5.0 (compatible; MJ12bot/v1.4.8; http://mj12bot.com/)"
209.182.200.39 - - [22/Nov/2024:20:10:57 -0800] "POST /wp-cron.php?doing_wp_cron=1732335057.4465770721435546875000 HTTP/1.0" 200 - "https://lizardheartmovies.online/wp-cron.php?doing_wp_cron=1732335057.4465770721435546875000" "WordPress/6.1.7; https://lizardheartmovies.online"
217.182.175.120 - - [22/Nov/2024:20:10:57 -0800] "GET /new-adventure-movie-2018-with-subtitles-part-2/feed/ HTTP/1.0" 200 860 "-" "Mozilla/5.0 (compatible; MJ12bot/v1.4.8; http://mj12bot.com/)"
185.191.171.16 - - [22/Nov/2024:20:11:00 -0800] "GET /robots.txt HTTP/1.0" 200 30 "-" "Mozilla/5.0 (compatible; SemrushBot/7~bl; +http://www.semrush.com/bot.html)"
85.208.96.203 - - [22/Nov/2024:20:11:00 -0800] "GET /wp-admin/admin-ajax.php?action=betube_process_dislike&nonce=ed20fd6ebe&post_id=15089 HTTP/1.0" 200 13 "-" "Mozilla/5.0 (compatible; SemrushBot/7~bl; +http://www.semrush.com/bot.html)"
217.182.175.120 - - [22/Nov/2024:20:11:20 -0800] "GET /new-animation-movies-2018-full-movies-english-kids-movies-comedy-movies-cartoon-disney-p-2/feed/ HTTP/1.0" 200 1016 "-" "Mozilla/5.0 (compatible; MJ12bot/v1.4.8; http://mj12bot.com/)"
209.182.200.39 - - [22/Nov/2024:20:11:42 -0800] "POST /wp-cron.php?doing_wp_cron=1732335102.1035289764404296875000 HTTP/1.0" 200 - "https://lizardheartmovies.online/wp-cron.php?doing_wp_cron=1732335102.1035289764404296875000" "WordPress/6.1.7; https://lizardheartmovies.online"
85.208.96.206 - - [22/Nov/2024:20:11:41 -0800] "GET /wp-admin/admin-ajax.php?action=betube_process_dislike&nonce=9ed2a93cdf&post_id=15913 HTTP/1.0" 200 13 "-" "Mozilla/5.0 (compatible; SemrushBot/7~bl; +http://www.semrush.com/bot.html)"
209.182.200.39 - - [22/Nov/2024:20:14:14 -0800] "POST /wp-cron.php?doing_wp_cron=1732335254.6510848999023437500000 HTTP/1.0" 200 - "https://lizardheartmovies.online/wp-cron.php?doing_wp_cron=1732335254.6510848999023437500000" "WordPress/6.1.7; https://lizardheartmovies.online"
85.208.96.200 - - [22/Nov/2024:20:14:14 -0800] "GET /wp-admin/admin-ajax.php?action=betube_process_like&disabled=true&is_comment=0&nonce=3b10383bd8&post_id=14478 HTTP/1.0" 200 13 "-" "Mozilla/5.0 (compatible; SemrushBot/7~bl; +http://www.semrush.com/bot.html)"
209.182.200.39 - - [22/Nov/2024:20:20:01 -0800] "POST /wp-cron.php?doing_wp_cron=1732335601.8388729095458984375000 HTTP/1.0" 200 - "https://lizardheartmovies.online/wp-cron.php?doing_wp_cron=1732335601.8388729095458984375000" "WordPress/6.1.7; https://lizardheartmovies.online"
185.191.171.12 - - [22/Nov/2024:20:20:01 -0800] "GET /wp-admin/admin-ajax.php?action=betube_process_dislike&nonce=ed20fd6ebe&post_id=14489 HTTP/1.0" 200 13 "-" "Mozilla/5.0 (compatible; SemrushBot/7~bl; +http://www.semrush.com/bot.html)"
209.182.200.39 - - [22/Nov/2024:20:25:49 -0800] "POST /wp-cron.php?doing_wp_cron=1732335949.3181469440460205078125 HTTP/1.0" 200 - "https://lizardheartmovies.online/wp-cron.php?doing_wp_cron=1732335949.3181469440460205078125" "WordPress/6.1.7; https://lizardheartmovies.online"
85.208.96.208 - - [22/Nov/2024:20:25:51 -0800] "GET / HTTP/1.0" 200 128745 "-" "Mozilla/5.0 (compatible; SemrushBot/7~bl; +http://www.semrush.com/bot.html)"
209.182.200.39 - - [22/Nov/2024:20:26:01 -0800] "POST /wp-cron.php?doing_wp_cron=1732335961.6614849567413330078125 HTTP/1.0" 200 - "https://lizardheartmovies.online/wp-cron.php?doing_wp_cron=1732335961.6614849567413330078125" "WordPress/6.1.7; https://lizardheartmovies.online"
85.208.96.210 - - [22/Nov/2024:20:26:01 -0800] "GET /wp-sitemap.xml HTTP/1.0" 200 1253 "-" "Mozilla/5.0 (compatible; SemrushBot/7~bl; +http://www.semrush.com/bot.html)"
185.191.171.13 - - [22/Nov/2024:20:26:03 -0800] "GET /wp-sitemap-posts-post-1.xml HTTP/1.0" 200 214976 "-" "Mozilla/5.0 (compatible; SemrushBot/7~bl; +http://www.semrush.com/bot.html)"
85.208.96.210 - - [22/Nov/2024:20:26:05 -0800] "GET /wp-sitemap-posts-post-2.xml HTTP/1.0" 200 230373 "-" "Mozilla/5.0 (compatible; SemrushBot/7~bl; +http://www.semrush.com/bot.html)"
85.208.96.202 - - [22/Nov/2024:20:26:08 -0800] "GET /wp-sitemap-posts-post-3.xml HTTP/1.0" 200 156372 "-" "Mozilla/5.0 (compatible; SemrushBot/7~bl; +http://www.semrush.com/bot.html)"
85.208.96.199 - - [22/Nov/2024:20:26:10 -0800] "GET /wp-sitemap-posts-page-1.xml HTTP/1.0" 200 2818 "-" "Mozilla/5.0 (compatible; SemrushBot/7~bl; +http://www.semrush.com/bot.html)"
85.208.96.210 - - [22/Nov/2024:20:26:11 -0800] "GET /wp-sitemap-posts-blog-1.xml HTTP/1.0" 200 306 "-" "Mozilla/5.0 (compatible; SemrushBot/7~bl; +http://www.semrush.com/bot.html)"
198.98.51.185 - - [22/Nov/2024:20:26:13 -0800] "GET /wp-login.php HTTP/1.0" 200 9419 "-" "Mozilla/5.0 (Macintosh; Intel Mac OS X 10_9_3) AppleWebKit/537.76.4 (KHTML, like Gecko) Version/7.0.4 Safari/537.76.4"
198.98.51.185 - - [22/Nov/2024:20:26:13 -0800] "POST /wp-login.php HTTP/1.0" 200 9857 "-" "Mozilla/5.0 (Macintosh; Intel Mac OS X 10_9_3) AppleWebKit/537.76.4 (KHTML, like Gecko) Version/7.0.4 Safari/537.76.4"
85.208.96.199 - - [22/Nov/2024:20:26:13 -0800] "GET /wp-sitemap-posts-movies-1.xml HTTP/1.0" 200 752 "-" "Mozilla/5.0 (compatible; SemrushBot/7~bl; +http://www.semrush.com/bot.html)"
185.191.171.13 - - [22/Nov/2024:20:26:15 -0800] "GET /wp-sitemap-taxonomies-category-1.xml HTTP/1.0" 200 876 "-" "Mozilla/5.0 (compatible; SemrushBot/7~bl; +http://www.semrush.com/bot.html)"
85.208.96.210 - - [22/Nov/2024:20:26:16 -0800] "GET /wp-sitemap-taxonomies-post_tag-1.xml HTTP/1.0" 200 1117 "-" "Mozilla/5.0 (compatible; SemrushBot/7~bl; +http://www.semrush.com/bot.html)"
85.208.96.199 - - [22/Nov/2024:20:26:18 -0800] "GET /wp-sitemap-taxonomies-blog_category-1.xml HTTP/1.0" 200 274 "-" "Mozilla/5.0 (compatible; SemrushBot/7~bl; +http://www.semrush.com/bot.html)"
85.208.96.199 - - [22/Nov/2024:20:26:20 -0800] "GET /wp-sitemap-taxonomies-movies_category-1.xml HTTP/1.0" 200 626 "-" "Mozilla/5.0 (compatible; SemrushBot/7~bl; +http://www.semrush.com/bot.html)"
185.191.171.13 - - [22/Nov/2024:20:26:21 -0800] "GET /wp-sitemap-users-1.xml HTTP/1.0" 200 268 "-" "Mozilla/5.0 (compatible; SemrushBot/7~bl; +http://www.semrush.com/bot.html)"
209.182.200.39 - - [22/Nov/2024:20:30:59 -0800] "POST /wp-cron.php?doing_wp_cron=1732336259.8775410652160644531250 HTTP/1.0" 200 - "https://lizardheartmovies.online/wp-cron.php?doing_wp_cron=1732336259.8775410652160644531250" "WordPress/6.1.7; https://lizardheartmovies.online"
116.118.51.10 - - [22/Nov/2024:20:30:59 -0800] "POST /xmlrpc.php HTTP/1.0" 200 401 "-" "Mozilla/5.0 (X11; Fedora; Linux x86_64; rv:89.0) Gecko/20100101 Firefox/89.0"
209.182.200.39 - - [22/Nov/2024:20:31:51 -0800] "POST /wp-cron.php?doing_wp_cron=1732336311.0774850845336914062500 HTTP/1.0" 200 - "https://lizardheartmovies.online/wp-cron.php?doing_wp_cron=1732336311.0774850845336914062500" "WordPress/6.1.7; https://lizardheartmovies.online"
185.191.171.12 - - [22/Nov/2024:20:31:50 -0800] "GET /wp-admin/admin-ajax.php?action=betube_process_like&disabled=true&is_comment=0&nonce=bb18f95177&post_id=16770 HTTP/1.0" 200 13 "-" "Mozilla/5.0 (compatible; SemrushBot/7~bl; +http://www.semrush.com/bot.html)"
209.182.200.39 - - [22/Nov/2024:20:32:45 -0800] "POST /wp-cron.php?doing_wp_cron=1732336365.4586501121520996093750 HTTP/1.0" 200 - "https://lizardheartmovies.online/wp-cron.php?doing_wp_cron=1732336365.4586501121520996093750" "WordPress/6.1.7; https://lizardheartmovies.online"
85.208.96.206 - - [22/Nov/2024:20:32:45 -0800] "GET /wp-admin/admin-ajax.php?action=betube_process_like&disabled=true&is_comment=0&nonce=bb18f95177&post_id=16590 HTTP/1.0" 200 13 "-" "Mozilla/5.0 (compatible; SemrushBot/7~bl; +http://www.semrush.com/bot.html)"
209.182.200.39 - - [22/Nov/2024:20:33:29 -0800] "POST /wp-cron.php?doing_wp_cron=1732336409.3910489082336425781250 HTTP/1.0" 200 - "https://lizardheartmovies.online/wp-cron.php?doing_wp_cron=1732336409.3910489082336425781250" "WordPress/6.1.7; https://lizardheartmovies.online"
85.208.96.210 - - [22/Nov/2024:20:33:29 -0800] "GET /2024/10/23/page/2/ HTTP/1.0" 200 116966 "-" "Mozilla/5.0 (compatible; SemrushBot/7~bl; +http://www.semrush.com/bot.html)"
34.44.193.60 - - [22/Nov/2024:20:33:32 -0800] "GET / HTTP/1.0" 301 - "-" "Mozilla/5.0 (Windows NT 10.0; Win64; x64) AppleWebKit/537.36 (KHTML, like Gecko) Chrome/88.0.4240.193 Safari/537.36"
34.44.193.60 - - [22/Nov/2024:20:33:33 -0800] "GET / HTTP/1.0" 200 128745 "-" "Mozilla/5.0 (Windows NT 10.0; Win64; x64) AppleWebKit/537.36 (KHTML, like Gecko) Chrome/88.0.4240.193 Safari/537.36"
34.44.193.60 - - [22/Nov/2024:20:33:33 -0800] "GET //wp-includes/wlwmanifest.xml HTTP/1.0" 200 1045 "-" "Mozilla/5.0 (Windows NT 10.0; Win64; x64) AppleWebKit/537.36 (KHTML, like Gecko) Chrome/88.0.4240.193 Safari/537.36"
34.44.193.60 - - [22/Nov/2024:20:33:33 -0800] "GET //?author=1 HTTP/1.0" 301 - "-" "Mozilla/5.0 (Windows NT 10.0; Win64; x64) AppleWebKit/537.36 (KHTML, like Gecko) Chrome/88.0.4240.193 Safari/537.36"
34.44.193.60 - - [22/Nov/2024:20:33:33 -0800] "GET //?author=2 HTTP/1.0" 301 - "-" "Mozilla/5.0 (Windows NT 10.0; Win64; x64) AppleWebKit/537.36 (KHTML, like Gecko) Chrome/88.0.4240.193 Safari/537.36"
34.44.193.60 - - [22/Nov/2024:20:33:34 -0800] "GET //?author=3 HTTP/1.0" 301 - "-" "Mozilla/5.0 (Windows NT 10.0; Win64; x64) AppleWebKit/537.36 (KHTML, like Gecko) Chrome/88.0.4240.193 Safari/537.36"
34.44.193.60 - - [22/Nov/2024:20:33:34 -0800] "GET //wp-json/wp/v2/users/ HTTP/1.0" 200 644 "-" "Mozilla/5.0 (Windows NT 10.0; Win64; x64) AppleWebKit/537.36 (KHTML, like Gecko) Chrome/88.0.4240.193 Safari/537.36"
34.44.193.60 - - [22/Nov/2024:20:33:34 -0800] "POST //xmlrpc.php HTTP/1.0" 200 401 "-" "Mozilla/5.0 (Windows NT 10.0; Win64; x64) AppleWebKit/537.36 (KHTML, like Gecko) Chrome/88.0.4240.193 Safari/537.36"
34.44.193.60 - - [22/Nov/2024:20:33:34 -0800] "POST //xmlrpc.php HTTP/1.0" 200 401 "-" "Mozilla/5.0 (Windows NT 10.0; Win64; x64) AppleWebKit/537.36 (KHTML, like Gecko) Chrome/88.0.4240.193 Safari/537.36"
209.182.200.39 - - [22/Nov/2024:20:33:35 -0800] "POST /wp-cron.php?doing_wp_cron=1732336415.1193099021911621093750 HTTP/1.0" 200 - "https://lizardheartmovies.online/wp-cron.php?doing_wp_cron=1732336415.1193099021911621093750" "WordPress/6.1.7; https://lizardheartmovies.online"
34.44.193.60 - - [22/Nov/2024:20:33:34 -0800] "POST //xmlrpc.php HTTP/1.0" 200 401 "-" "Mozilla/5.0 (Windows NT 10.0; Win64; x64) AppleWebKit/537.36 (KHTML, like Gecko) Chrome/88.0.4240.193 Safari/537.36"
34.44.193.60 - - [22/Nov/2024:20:33:35 -0800] "POST //xmlrpc.php HTTP/1.0" 200 401 "-" "Mozilla/5.0 (Windows NT 10.0; Win64; x64) AppleWebKit/537.36 (KHTML, like Gecko) Chrome/88.0.4240.193 Safari/537.36"
34.44.193.60 - - [22/Nov/2024:20:33:35 -0800] "POST //xmlrpc.php HTTP/1.0" 200 401 "-" "Mozilla/5.0 (Windows NT 10.0; Win64; x64) AppleWebKit/537.36 (KHTML, like Gecko) Chrome/88.0.4240.193 Safari/537.36"
34.44.193.60 - - [22/Nov/2024:20:33:35 -0800] "POST //xmlrpc.php HTTP/1.0" 200 401 "-" "Mozilla/5.0 (Windows NT 10.0; Win64; x64) AppleWebKit/537.36 (KHTML, like Gecko) Chrome/88.0.4240.193 Safari/537.36"
34.44.193.60 - - [22/Nov/2024:20:33:35 -0800] "POST //xmlrpc.php HTTP/1.0" 200 401 "-" "Mozilla/5.0 (Windows NT 10.0; Win64; x64) AppleWebKit/537.36 (KHTML, like Gecko) Chrome/88.0.4240.193 Safari/537.36"
