178.150.14.250 - - [22/Nov/2024:08:26:02 -0800] "GET /%E1%B4%B4%E1%B4%B0-animation-movies-for-kids-2017-%E2%9C%A4%E2%9C%A5-pups-save-apollo-%E2%9C%A5-paw-patrol-full-episodes-english-%E2%9C%A4%E2%9C%93/feed/ HTTP/1.0" 200 1120 "-" "Mozilla/5.0 (compatible; MJ12bot/v1.4.8; http://mj12bot.com/)"
178.150.14.250 - - [22/Nov/2024:08:26:23 -0800] "GET /%E1%B4%B4%E1%B4%B0-best-animation-movies-for-kids-donald-duck-chip-and-dale-mickey-mouse-pluto-cartoons-new-hd/ HTTP/1.0" 200 108347 "-" "Mozilla/5.0 (compatible; MJ12bot/v1.4.8; http://mj12bot.com/)"
209.182.200.39 - - [22/Nov/2024:08:26:46 -0800] "POST /wp-cron.php?doing_wp_cron=1732292806.7080729007720947265625 HTTP/1.0" 200 - "https://lizardheartmovies.online/wp-cron.php?doing_wp_cron=1732292806.7080729007720947265625" "WordPress/6.1.7; https://lizardheartmovies.online"
178.150.14.250 - - [22/Nov/2024:08:26:46 -0800] "GET /%E1%B4%B4%E1%B4%B0-best-animation-movies-for-kids-new-cartoon-movies-in-urdu-pups-save-a-floundering-francois-tg4kbplxl-0-2/feed/ HTTP/1.0" 200 1076 "-" "Mozilla/5.0 (compatible; MJ12bot/v1.4.8; http://mj12bot.com/)"
209.182.200.39 - - [22/Nov/2024:08:27:08 -0800] "POST /wp-cron.php?doing_wp_cron=1732292828.2395820617675781250000 HTTP/1.0" 200 - "https://lizardheartmovies.online/wp-cron.php?doing_wp_cron=1732292828.2395820617675781250000" "WordPress/6.1.7; https://lizardheartmovies.online"
178.150.14.250 - - [22/Nov/2024:08:27:08 -0800] "GET /%E1%B4%B4%E1%B4%B0-best-animation-movies-for-kids-new-cartoon-movies-in-urdu-pups-save-a-floundering-francois-tg4kbplxl-22/ HTTP/1.0" 200 107632 "-" "Mozilla/5.0 (compatible; MJ12bot/v1.4.8; http://mj12bot.com/)"
209.182.200.39 - - [22/Nov/2024:08:27:30 -0800] "POST /wp-cron.php?doing_wp_cron=1732292850.0677111148834228515625 HTTP/1.0" 200 - "https://lizardheartmovies.online/wp-cron.php?doing_wp_cron=1732292850.0677111148834228515625" "WordPress/6.1.7; https://lizardheartmovies.online"
178.150.14.250 - - [22/Nov/2024:08:27:29 -0800] "GET /%E1%B4%B4%E1%B4%B0-best-animation-movies-for-kids-new-cartoon-movies-in-urdu-pups-save-a-floundering-francois-tg4kbplxl-32/feed/ HTTP/1.0" 200 1075 "-" "Mozilla/5.0 (compatible; MJ12bot/v1.4.8; http://mj12bot.com/)"
209.182.200.39 - - [22/Nov/2024:08:27:50 -0800] "POST /wp-cron.php?doing_wp_cron=1732292870.9272520542144775390625 HTTP/1.0" 200 - "https://lizardheartmovies.online/wp-cron.php?doing_wp_cron=1732292870.9272520542144775390625" "WordPress/6.1.7; https://lizardheartmovies.online"
178.150.14.250 - - [22/Nov/2024:08:27:50 -0800] "GET /%E1%B4%B4%E1%B4%B0-best-animation-movies-for-kids-new-cartoon-movies-in-urdu-pups-save-a-floundering-francois-tg4kbplxl-33/feed/ HTTP/1.0" 200 1075 "-" "Mozilla/5.0 (compatible; MJ12bot/v1.4.8; http://mj12bot.com/)"
209.182.200.39 - - [22/Nov/2024:08:28:11 -0800] "POST /wp-cron.php?doing_wp_cron=1732292891.7748320102691650390625 HTTP/1.0" 200 - "https://lizardheartmovies.online/wp-cron.php?doing_wp_cron=1732292891.7748320102691650390625" "WordPress/6.1.7; https://lizardheartmovies.online"
178.150.14.250 - - [22/Nov/2024:08:28:11 -0800] "GET /%E1%B4%B4%E1%B4%B0-best-animation-movies-for-kids-new-cartoon-movies-in-urdu-pups-save-a-floundering-francois-tg4kbplxl-34/feed/ HTTP/1.0" 200 1075 "-" "Mozilla/5.0 (compatible; MJ12bot/v1.4.8; http://mj12bot.com/)"
209.182.200.39 - - [22/Nov/2024:08:28:33 -0800] "POST /wp-cron.php?doing_wp_cron=1732292913.2559649944305419921875 HTTP/1.0" 200 - "https://lizardheartmovies.online/wp-cron.php?doing_wp_cron=1732292913.2559649944305419921875" "WordPress/6.1.7; https://lizardheartmovies.online"
178.150.14.250 - - [22/Nov/2024:08:28:33 -0800] "GET /%E1%B4%B4%E1%B4%B0-best-animation-movies-for-kids-new-cartoon-movies-in-urdu-pups-save-a-floundering-francois-tg4kbplxl-36-2/feed/ HTTP/1.0" 200 1079 "-" "Mozilla/5.0 (compatible; MJ12bot/v1.4.8; http://mj12bot.com/)"
209.182.200.39 - - [22/Nov/2024:08:28:54 -0800] "POST /wp-cron.php?doing_wp_cron=1732292934.1426169872283935546875 HTTP/1.0" 200 - "https://lizardheartmovies.online/wp-cron.php?doing_wp_cron=1732292934.1426169872283935546875" "WordPress/6.1.7; https://lizardheartmovies.online"
178.150.14.250 - - [22/Nov/2024:08:28:53 -0800] "GET /%E1%B4%B4%E1%B4%B0-best-animation-movies-for-kids-new-cartoon-movies-in-urdu-pups-save-a-floundering-francois-tg4kbplxl-36/feed/ HTTP/1.0" 200 1075 "-" "Mozilla/5.0 (compatible; MJ12bot/v1.4.8; http://mj12bot.com/)"
209.182.200.39 - - [22/Nov/2024:08:29:15 -0800] "POST /wp-cron.php?doing_wp_cron=1732292955.0444200038909912109375 HTTP/1.0" 200 - "https://lizardheartmovies.online/wp-cron.php?doing_wp_cron=1732292955.0444200038909912109375" "WordPress/6.1.7; https://lizardheartmovies.online"
178.150.14.250 - - [22/Nov/2024:08:29:14 -0800] "GET /%E1%B4%B4%E1%B4%B0-best-animation-movies-for-kids-new-cartoon-movies-in-urdu-pups-save-a-floundering-francois-tg4kbplxl-40/feed/ HTTP/1.0" 200 1075 "-" "Mozilla/5.0 (compatible; MJ12bot/v1.4.8; http://mj12bot.com/)"
209.182.200.39 - - [22/Nov/2024:08:29:35 -0800] "POST /wp-cron.php?doing_wp_cron=1732292975.9245839118957519531250 HTTP/1.0" 200 - "https://lizardheartmovies.online/wp-cron.php?doing_wp_cron=1732292975.9245839118957519531250" "WordPress/6.1.7; https://lizardheartmovies.online"
178.150.14.250 - - [22/Nov/2024:08:29:35 -0800] "GET /%E1%B4%B4%E1%B4%B0-best-animation-movies-for-kids-new-cartoon-movies-in-urdu-pups-save-a-floundering-francois-tg4kbplxl-41/feed/ HTTP/1.0" 200 1075 "-" "Mozilla/5.0 (compatible; MJ12bot/v1.4.8; http://mj12bot.com/)"
209.182.200.39 - - [22/Nov/2024:08:29:56 -0800] "POST /wp-cron.php?doing_wp_cron=1732292996.7277789115905761718750 HTTP/1.0" 200 - "https://lizardheartmovies.online/wp-cron.php?doing_wp_cron=1732292996.7277789115905761718750" "WordPress/6.1.7; https://lizardheartmovies.online"
178.150.14.250 - - [22/Nov/2024:08:29:56 -0800] "GET /%E1%B4%B4%E1%B4%B0-best-animation-movies-for-kids-new-cartoon-movies-in-urdu-pups-save-a-floundering-francois-tg4kbplxl-44/ HTTP/1.0" 200 107407 "-" "Mozilla/5.0 (compatible; MJ12bot/v1.4.8; http://mj12bot.com/)"
178.150.14.250 - - [22/Nov/2024:08:30:19 -0800] "GET /%E1%B4%B4%E1%B4%B0-best-animation-movies-for-kids-new-cartoon-movies-in-urdu-pups-save-a-floundering-francois-tg4kbplxl-47/feed/ HTTP/1.0" 200 1075 "-" "Mozilla/5.0 (compatible; MJ12bot/v1.4.8; http://mj12bot.com/)"
209.182.200.39 - - [22/Nov/2024:08:30:36 -0800] "POST /wp-cron.php?doing_wp_cron=1732293036.9709680080413818359375 HTTP/1.0" 200 - "https://lizardheartmovies.online/wp-cron.php?doing_wp_cron=1732293036.9709680080413818359375" "WordPress/6.1.7; https://lizardheartmovies.online"
198.98.51.185 - - [22/Nov/2024:08:30:36 -0800] "GET /wp-login.php HTTP/1.0" 200 9419 "-" "Mozilla/5.0 (Macintosh; Intel Mac OS X 10_9_3) AppleWebKit/537.36 (KHTML, like Gecko) Chrome/35.0.1916.153 Safari/537.36"
198.98.51.185 - - [22/Nov/2024:08:30:37 -0800] "POST /wp-login.php HTTP/1.0" 200 9879 "-" "Mozilla/5.0 (Macintosh; Intel Mac OS X 10_9_3) AppleWebKit/537.36 (KHTML, like Gecko) Chrome/35.0.1916.153 Safari/537.36"
178.150.14.250 - - [22/Nov/2024:08:30:39 -0800] "GET /%E1%B4%B4%E1%B4%B0-best-animation-movies-for-kids-new-cartoon-movies-in-urdu-pups-save-a-floundering-francois-tg4kbplxl-9/feed/ HTTP/1.0" 200 1072 "-" "Mozilla/5.0 (compatible; MJ12bot/v1.4.8; http://mj12bot.com/)"
209.182.200.39 - - [22/Nov/2024:08:31:00 -0800] "POST /wp-cron.php?doing_wp_cron=1732293060.8612198829650878906250 HTTP/1.0" 200 - "https://lizardheartmovies.online/wp-cron.php?doing_wp_cron=1732293060.8612198829650878906250" "WordPress/6.1.7; https://lizardheartmovies.online"
178.150.14.250 - - [22/Nov/2024:08:31:00 -0800] "GET /%E1%B4%B4%E1%B4%B0-best-kids-movies-2016-%E2%98%9C%E2%99%A5%E2%98%9E-pups-and-the-lighthouse-boogie-pups-save-ryder-pups-save-a-super-tv/feed/ HTTP/1.0" 200 1099 "-" "Mozilla/5.0 (compatible; MJ12bot/v1.4.8; http://mj12bot.com/)"
198.98.53.72 - - [22/Nov/2024:08:31:19 -0800] "GET /wp-login.php HTTP/1.0" 200 9419 "-" "Mozilla/5.0 (Windows NT 6.3; WOW64; rv:30.0) Gecko/20100101 Firefox/30.0"
198.98.53.72 - - [22/Nov/2024:08:31:20 -0800] "POST /wp-login.php HTTP/1.0" 200 9857 "-" "Mozilla/5.0 (Windows NT 6.3; WOW64; rv:30.0) Gecko/20100101 Firefox/30.0"
178.150.14.250 - - [22/Nov/2024:08:31:21 -0800] "GET /%E1%B4%B4%E1%B4%B0-best-paw-patrol-animation-movies-for-kids-2016-%E2%98%86%E2%99%A5-new-cartoon-movies-in-urdu-the-new-pup-czb6dvgaj0m-11/ HTTP/1.0" 200 107468 "-" "Mozilla/5.0 (compatible; MJ12bot/v1.4.8; http://mj12bot.com/)"
209.182.200.39 - - [22/Nov/2024:08:31:44 -0800] "POST /wp-cron.php?doing_wp_cron=1732293104.2707059383392333984375 HTTP/1.0" 200 - "https://lizardheartmovies.online/wp-cron.php?doing_wp_cron=1732293104.2707059383392333984375" "WordPress/6.1.7; https://lizardheartmovies.online"
178.150.14.250 - - [22/Nov/2024:08:31:44 -0800] "GET /%E1%B4%B4%E1%B4%B0-best-paw-patrol-animation-movies-for-kids-2016-%E2%98%86%E2%99%A5-new-cartoon-movies-in-urdu-the-new-pup-czb6dvgaj0m-12/feed/ HTTP/1.0" 200 1108 "-" "Mozilla/5.0 (compatible; MJ12bot/v1.4.8; http://mj12bot.com/)"
209.182.200.39 - - [22/Nov/2024:08:32:05 -0800] "POST /wp-cron.php?doing_wp_cron=1732293125.1894879341125488281250 HTTP/1.0" 200 - "https://lizardheartmovies.online/wp-cron.php?doing_wp_cron=1732293125.1894879341125488281250" "WordPress/6.1.7; https://lizardheartmovies.online"
178.150.14.250 - - [22/Nov/2024:08:32:04 -0800] "GET /%E1%B4%B4%E1%B4%B0-best-paw-patrol-animation-movies-for-kids-2016-%E2%98%86%E2%99%A5-new-cartoon-movies-in-urdu-the-new-pup-czb6dvgaj0m-15/feed/ HTTP/1.0" 200 1108 "-" "Mozilla/5.0 (compatible; MJ12bot/v1.4.8; http://mj12bot.com/)"
209.182.200.39 - - [22/Nov/2024:08:32:26 -0800] "POST /wp-cron.php?doing_wp_cron=1732293146.0247769355773925781250 HTTP/1.0" 200 - "https://lizardheartmovies.online/wp-cron.php?doing_wp_cron=1732293146.0247769355773925781250" "WordPress/6.1.7; https://lizardheartmovies.online"
178.150.14.250 - - [22/Nov/2024:08:32:25 -0800] "GET /%E1%B4%B4%E1%B4%B0-best-paw-patrol-animation-movies-for-kids-2016-%E2%98%86%E2%99%A5-new-cartoon-movies-in-urdu-the-new-pup-czb6dvgaj0m-16/feed/ HTTP/1.0" 200 1108 "-" "Mozilla/5.0 (compatible; MJ12bot/v1.4.8; http://mj12bot.com/)"
209.182.200.39 - - [22/Nov/2024:08:32:47 -0800] "POST /wp-cron.php?doing_wp_cron=1732293167.0547530651092529296875 HTTP/1.0" 200 - "https://lizardheartmovies.online/wp-cron.php?doing_wp_cron=1732293167.0547530651092529296875" "WordPress/6.1.7; https://lizardheartmovies.online"
178.150.14.250 - - [22/Nov/2024:08:32:46 -0800] "GET /%E1%B4%B4%E1%B4%B0-best-paw-patrol-animation-movies-for-kids-2016-%E2%98%86%E2%99%A5-new-cartoon-movies-in-urdu-the-new-pup-czb6dvgaj0m-17/feed/ HTTP/1.0" 200 1108 "-" "Mozilla/5.0 (compatible; MJ12bot/v1.4.8; http://mj12bot.com/)"
209.182.200.39 - - [22/Nov/2024:08:33:08 -0800] "POST /wp-cron.php?doing_wp_cron=1732293188.0800199508666992187500 HTTP/1.0" 200 - "https://lizardheartmovies.online/wp-cron.php?doing_wp_cron=1732293188.0800199508666992187500" "WordPress/6.1.7; https://lizardheartmovies.online"
178.150.14.250 - - [22/Nov/2024:08:33:07 -0800] "GET /%E1%B4%B4%E1%B4%B0-best-paw-patrol-animation-movies-for-kids-2016-%E2%98%86%E2%99%A5-new-cartoon-movies-in-urdu-the-new-pup-czb6dvgaj0m-18/feed/ HTTP/1.0" 200 1108 "-" "Mozilla/5.0 (compatible; MJ12bot/v1.4.8; http://mj12bot.com/)"
209.182.200.39 - - [22/Nov/2024:08:33:29 -0800] "POST /wp-cron.php?doing_wp_cron=1732293209.5255680084228515625000 HTTP/1.0" 200 - "https://lizardheartmovies.online/wp-cron.php?doing_wp_cron=1732293209.5255680084228515625000" "WordPress/6.1.7; https://lizardheartmovies.online"
178.150.14.250 - - [22/Nov/2024:08:33:29 -0800] "GET /%E1%B4%B4%E1%B4%B0-best-paw-patrol-animation-movies-for-kids-2016-%E2%98%86%E2%99%A5-new-cartoon-movies-in-urdu-the-new-pup-czb6dvgaj0m-19/feed/ HTTP/1.0" 200 1108 "-" "Mozilla/5.0 (compatible; MJ12bot/v1.4.8; http://mj12bot.com/)"
209.182.200.39 - - [22/Nov/2024:08:33:50 -0800] "POST /wp-cron.php?doing_wp_cron=1732293230.4052040576934814453125 HTTP/1.0" 200 - "https://lizardheartmovies.online/wp-cron.php?doing_wp_cron=1732293230.4052040576934814453125" "WordPress/6.1.7; https://lizardheartmovies.online"
178.150.14.250 - - [22/Nov/2024:08:33:50 -0800] "GET /%E1%B4%B4%E1%B4%B0-best-paw-patrol-animation-movies-for-kids-2016-%E2%98%86%E2%99%A5-new-cartoon-movies-in-urdu-the-new-pup-czb6dvgaj0m-2/feed/ HTTP/1.0" 200 1106 "-" "Mozilla/5.0 (compatible; MJ12bot/v1.4.8; http://mj12bot.com/)"
209.182.200.39 - - [22/Nov/2024:08:34:11 -0800] "POST /wp-cron.php?doing_wp_cron=1732293251.1789650917053222656250 HTTP/1.0" 200 - "https://lizardheartmovies.online/wp-cron.php?doing_wp_cron=1732293251.1789650917053222656250" "WordPress/6.1.7; https://lizardheartmovies.online"
178.150.14.250 - - [22/Nov/2024:08:34:11 -0800] "GET /%E1%B4%B4%E1%B4%B0-best-paw-patrol-animation-movies-for-kids-2016-%E2%98%86%E2%99%A5-new-cartoon-movies-in-urdu-the-new-pup-czb6dvgaj0m-3/feed/ HTTP/1.0" 200 1106 "-" "Mozilla/5.0 (compatible; MJ12bot/v1.4.8; http://mj12bot.com/)"
209.182.200.39 - - [22/Nov/2024:08:34:32 -0800] "POST /wp-cron.php?doing_wp_cron=1732293272.1390459537506103515625 HTTP/1.0" 200 - "https://lizardheartmovies.online/wp-cron.php?doing_wp_cron=1732293272.1390459537506103515625" "WordPress/6.1.7; https://lizardheartmovies.online"
178.150.14.250 - - [22/Nov/2024:08:34:31 -0800] "GET /%E1%B4%B4%E1%B4%B0-best-paw-patrol-animation-movies-for-kids-2016-%E2%98%86%E2%99%A5-new-cartoon-movies-in-urdu-the-new-pup-czb6dvgaj0m-4/feed/ HTTP/1.0" 200 1106 "-" "Mozilla/5.0 (compatible; MJ12bot/v1.4.8; http://mj12bot.com/)"
209.182.200.39 - - [22/Nov/2024:08:34:52 -0800] "POST /wp-cron.php?doing_wp_cron=1732293292.9002220630645751953125 HTTP/1.0" 200 - "https://lizardheartmovies.online/wp-cron.php?doing_wp_cron=1732293292.9002220630645751953125" "WordPress/6.1.7; https://lizardheartmovies.online"
178.150.14.250 - - [22/Nov/2024:08:34:52 -0800] "GET /%E1%B4%B4%E1%B4%B0-best-paw-patrol-animation-movies-for-kids-2016-%E2%98%86%E2%99%A5-new-cartoon-movies-in-urdu-the-new-pup-czb6dvgaj0m-5/feed/ HTTP/1.0" 200 1106 "-" "Mozilla/5.0 (compatible; MJ12bot/v1.4.8; http://mj12bot.com/)"
209.182.200.39 - - [22/Nov/2024:08:35:14 -0800] "POST /wp-cron.php?doing_wp_cron=1732293314.3636848926544189453125 HTTP/1.0" 200 - "https://lizardheartmovies.online/wp-cron.php?doing_wp_cron=1732293314.3636848926544189453125" "WordPress/6.1.7; https://lizardheartmovies.online"
178.150.14.250 - - [22/Nov/2024:08:35:14 -0800] "GET /%E1%B4%B4%E1%B4%B0-best-paw-patrol-animation-movies-for-kids-2016-%E2%98%86%E2%99%A5-new-cartoon-movies-in-urdu-the-new-pup-czb6dvgaj0m-6/ HTTP/1.0" 200 107339 "-" "Mozilla/5.0 (compatible; MJ12bot/v1.4.8; http://mj12bot.com/)"
209.182.200.39 - - [22/Nov/2024:08:35:36 -0800] "POST /wp-cron.php?doing_wp_cron=1732293336.4674980640411376953125 HTTP/1.0" 200 - "https://lizardheartmovies.online/wp-cron.php?doing_wp_cron=1732293336.4674980640411376953125" "WordPress/6.1.7; https://lizardheartmovies.online"
178.150.14.250 - - [22/Nov/2024:08:35:36 -0800] "GET /%E1%B4%B4%E1%B4%B0-best-paw-patrol-animation-movies-for-kids-2016-%E2%98%86%E2%99%A5-new-cartoon-movies-in-urdu-the-new-pup-czb6dvgaj0m-8/ HTTP/1.0" 200 108167 "-" "Mozilla/5.0 (compatible; MJ12bot/v1.4.8; http://mj12bot.com/)"
209.182.200.39 - - [22/Nov/2024:08:35:58 -0800] "POST /wp-cron.php?doing_wp_cron=1732293358.3777029514312744140625 HTTP/1.0" 200 - "https://lizardheartmovies.online/wp-cron.php?doing_wp_cron=1732293358.3777029514312744140625" "WordPress/6.1.7; https://lizardheartmovies.online"
178.150.14.250 - - [22/Nov/2024:08:35:58 -0800] "GET /%E1%B4%B4%E1%B4%B0-mr-bean-best-cartoons-%E2%9C%AD-new-full-episodes-2018-%E2%96%BA-part-5/feed/ HTTP/1.0" 200 967 "-" "Mozilla/5.0 (compatible; MJ12bot/v1.4.8; http://mj12bot.com/)"
178.150.14.250 - - [22/Nov/2024:08:36:18 -0800] "GET /%E1%B4%B4%E1%B4%B0-the-best-for-kids-%E2%98%86%E2%99%A5-pups-save-jake-pups-save-the-parade-%E2%98%86%E2%99%A5-pups-save-the-circus-tv/ HTTP/1.0" 200 108233 "-" "Mozilla/5.0 (compatible; MJ12bot/v1.4.8; http://mj12bot.com/)"
209.182.200.39 - - [22/Nov/2024:08:36:41 -0800] "POST /wp-cron.php?doing_wp_cron=1732293401.0573151111602783203125 HTTP/1.0" 200 - "https://lizardheartmovies.online/wp-cron.php?doing_wp_cron=1732293401.0573151111602783203125" "WordPress/6.1.7; https://lizardheartmovies.online"
178.150.14.250 - - [22/Nov/2024:08:36:40 -0800] "GET /%E2%9C%A8-the-magic-of-consistency-powerful-motivational-speeches-ft-tony-robbins-%E2%9C%A8/ HTTP/1.0" 200 116128 "-" "Mozilla/5.0 (compatible; MJ12bot/v1.4.8; http://mj12bot.com/)"
209.182.200.39 - - [22/Nov/2024:08:37:03 -0800] "POST /wp-cron.php?doing_wp_cron=1732293423.4606640338897705078125 HTTP/1.0" 200 - "https://lizardheartmovies.online/wp-cron.php?doing_wp_cron=1732293423.4606640338897705078125" "WordPress/6.1.7; https://lizardheartmovies.online"
178.150.14.250 - - [22/Nov/2024:08:37:03 -0800] "GET /13-%E1%B4%B4%E1%B4%B0-animation-movies-for-kids-2016-%E2%9C%94%EF%B8%8F-nina-needs-to-go-full-episodes-disney-junior-new-2/ HTTP/1.0" 200 107326 "-" "Mozilla/5.0 (compatible; MJ12bot/v1.4.8; http://mj12bot.com/)"
178.150.14.250 - - [22/Nov/2024:08:37:25 -0800] "GET /2%EC%8B%9C%EC%9D%98-%EB%9D%BC%EB%B0%94%EC%87%BC-%EC%98%A8%EB%9D%BC%EC%9D%B8-%EA%B2%8C%EC%9E%84%E2%8C%A8-feat-%EB%9D%BC%ED%8B%80%EA%B7%B8%EB%9D%BC%EC%9A%B4%EB%93%9C/feed/ HTTP/1.0" 200 1112 "-" "Mozilla/5.0 (compatible; MJ12bot/v1.4.8; http://mj12bot.com/)"
209.182.200.39 - - [22/Nov/2024:08:37:46 -0800] "POST /wp-cron.php?doing_wp_cron=1732293466.2794620990753173828125 HTTP/1.0" 200 - "https://lizardheartmovies.online/wp-cron.php?doing_wp_cron=1732293466.2794620990753173828125" "WordPress/6.1.7; https://lizardheartmovies.online"
178.150.14.250 - - [22/Nov/2024:08:37:46 -0800] "GET /2%EC%8B%9C%EC%9D%98-%EB%9D%BC%EB%B0%94%EC%87%BC-%EC%98%A8%EB%9D%BC%EC%9D%B8-%EA%B2%8C%EC%9E%84%E2%8C%A8-feat-%EB%9D%BC%ED%8B%80%EA%B7%B8%EB%9D%BC%EC%9A%B4%EB%93%9C/ HTTP/1.0" 200 108034 "-" "Mozilla/5.0 (compatible; MJ12bot/v1.4.8; http://mj12bot.com/)"
209.182.200.39 - - [22/Nov/2024:08:38:07 -0800] "POST /wp-cron.php?doing_wp_cron=1732293487.5517189502716064453125 HTTP/1.0" 200 - "https://lizardheartmovies.online/wp-cron.php?doing_wp_cron=1732293487.5517189502716064453125" "WordPress/6.1.7; https://lizardheartmovies.online"
178.150.14.250 - - [22/Nov/2024:08:38:07 -0800] "GET /animated-funny-cartoon-%C2%A6-the-oddbods-show-full-compilation-150-%C2%A6-cartoons-for-kids-cartoons-animated-anime-movies-tvseries-2018/ HTTP/1.0" 200 108380 "-" "Mozilla/5.0 (compatible; MJ12bot/v1.4.8; http://mj12bot.com/)"
209.182.200.39 - - [22/Nov/2024:08:38:30 -0800] "POST /wp-cron.php?doing_wp_cron=1732293510.3031098842620849609375 HTTP/1.0" 200 - "https://lizardheartmovies.online/wp-cron.php?doing_wp_cron=1732293510.3031098842620849609375" "WordPress/6.1.7; https://lizardheartmovies.online"
178.150.14.250 - - [22/Nov/2024:08:38:30 -0800] "GET /animation-movies-for-kid-2017-%E2%9D%82-cartoon-new-compilation-%E2%9D%82-larrys-gym-%E2%9D%82-monitoon1/ HTTP/1.0" 200 107481 "-" "Mozilla/5.0 (compatible; MJ12bot/v1.4.8; http://mj12bot.com/)"
209.182.200.39 - - [22/Nov/2024:08:38:52 -0800] "POST /wp-cron.php?doing_wp_cron=1732293532.5907781124114990234375 HTTP/1.0" 200 - "https://lizardheartmovies.online/wp-cron.php?doing_wp_cron=1732293532.5907781124114990234375" "WordPress/6.1.7; https://lizardheartmovies.online"
178.150.14.250 - - [22/Nov/2024:08:38:52 -0800] "GET /animation-movies-for-kid-2017-%E2%9D%82-cartoon-new-compilation-%E2%9D%82-mutiny-on-the-krusty-%E2%9D%82-monitoon/feed/ HTTP/1.0" 200 1042 "-" "Mozilla/5.0 (compatible; MJ12bot/v1.4.8; http://mj12bot.com/)"
209.182.200.39 - - [22/Nov/2024:08:39:13 -0800] "POST /wp-cron.php?doing_wp_cron=1732293553.4193110466003417968750 HTTP/1.0" 200 - "https://lizardheartmovies.online/wp-cron.php?doing_wp_cron=1732293553.4193110466003417968750" "WordPress/6.1.7; https://lizardheartmovies.online"
178.150.14.250 - - [22/Nov/2024:08:39:13 -0800] "GET /animation-movies-for-kid-2017-%E2%9D%82-cartoon-new-compilation-%E2%9D%82-mutiny-on-the-krusty-%E2%9D%82-monitoon/ HTTP/1.0" 200 107408 "-" "Mozilla/5.0 (compatible; MJ12bot/v1.4.8; http://mj12bot.com/)"
209.182.200.39 - - [22/Nov/2024:08:39:34 -0800] "POST /wp-cron.php?doing_wp_cron=1732293574.4828341007232666015625 HTTP/1.0" 200 - "https://lizardheartmovies.online/wp-cron.php?doing_wp_cron=1732293574.4828341007232666015625" "WordPress/6.1.7; https://lizardheartmovies.online"
178.150.14.250 - - [22/Nov/2024:08:39:34 -0800] "GET /best-kids-movie-cartoon-full-movies-%E2%96%BA-cartoon-for-children-%E2%96%BA-english-subtitles/ HTTP/1.0" 200 107014 "-" "Mozilla/5.0 (compatible; MJ12bot/v1.4.8; http://mj12bot.com/)"
209.182.200.39 - - [22/Nov/2024:08:39:56 -0800] "POST /wp-cron.php?doing_wp_cron=1732293596.2858700752258300781250 HTTP/1.0" 200 - "https://lizardheartmovies.online/wp-cron.php?doing_wp_cron=1732293596.2858700752258300781250" "WordPress/6.1.7; https://lizardheartmovies.online"
178.150.14.250 - - [22/Nov/2024:08:39:56 -0800] "GET /cartoons-for-children%E2%98%86animation-movies-for-kids-2016-disney-movies-for-kids-1/feed/ HTTP/1.0" 200 971 "-" "Mozilla/5.0 (compatible; MJ12bot/v1.4.8; http://mj12bot.com/)"
178.150.14.250 - - [22/Nov/2024:08:40:17 -0800] "GET /cartoons-for-children-2015-full-length-english-%E2%96%BD-animation-movies-2015-%E2%96%BD-pixar-movies-2015/ HTTP/1.0" 200 107198 "-" "Mozilla/5.0 (compatible; MJ12bot/v1.4.8; http://mj12bot.com/)"
40.77.167.27 - - [22/Nov/2024:08:40:20 -0800] "GET /cgi-animated-short-film-mission-impawssible-by-loic-bourgeois-cgmeetup-2/ HTTP/1.0" 200 115632 "-" "Mozilla/5.0 AppleWebKit/537.36 (KHTML, like Gecko; compatible; bingbot/2.0; +http://www.bing.com/bingbot.htm) Chrome/116.0.1938.76 Safari/537.36"
209.182.200.39 - - [22/Nov/2024:08:40:40 -0800] "POST /wp-cron.php?doing_wp_cron=1732293639.9545071125030517578125 HTTP/1.0" 200 - "https://lizardheartmovies.online/wp-cron.php?doing_wp_cron=1732293639.9545071125030517578125" "WordPress/6.1.7; https://lizardheartmovies.online"
178.150.14.250 - - [22/Nov/2024:08:40:39 -0800] "GET /cartoons-for-children%E2%98%86animation-movies-for-kids-2016-disney-movies-for-kids-1/ HTTP/1.0" 200 107166 "-" "Mozilla/5.0 (compatible; MJ12bot/v1.4.8; http://mj12bot.com/)"
209.182.200.39 - - [22/Nov/2024:08:41:01 -0800] "POST /wp-cron.php?doing_wp_cron=1732293661.1382210254669189453125 HTTP/1.0" 200 - "https://lizardheartmovies.online/wp-cron.php?doing_wp_cron=1732293661.1382210254669189453125" "WordPress/6.1.7; https://lizardheartmovies.online"
178.150.14.250 - - [22/Nov/2024:08:41:00 -0800] "GET /disney-movies-for-kids-%E2%98%86-movies-for-kids-%E2%98%86-animation-movies-for-children/ HTTP/1.0" 200 106765 "-" "Mozilla/5.0 (compatible; MJ12bot/v1.4.8; http://mj12bot.com/)"
178.150.14.250 - - [22/Nov/2024:08:41:23 -0800] "GET /doong-doong-animation-for-all-children-full-collection-movies-%E2%9D%A4%EF%B8%8Fcartoon-for-kids-%E2%9D%A4%EF%B8%8Ffor-kids197/ HTTP/1.0" 200 107950 "-" "Mozilla/5.0 (compatible; MJ12bot/v1.4.8; http://mj12bot.com/)"
209.182.200.39 - - [22/Nov/2024:08:41:44 -0800] "POST /wp-cron.php?doing_wp_cron=1732293704.9392349720001220703125 HTTP/1.0" 200 - "https://lizardheartmovies.online/wp-cron.php?doing_wp_cron=1732293704.9392349720001220703125" "WordPress/6.1.7; https://lizardheartmovies.online"
178.150.14.250 - - [22/Nov/2024:08:41:44 -0800] "GET /ente-ummante-peru-movie-mass-comedy-scene-%C2%A6-tovino-new-malayalam-movie-%C2%A6-malayalam-full-movies-2018/feed/ HTTP/1.0" 200 1040 "-" "Mozilla/5.0 (compatible; MJ12bot/v1.4.8; http://mj12bot.com/)"
209.182.200.39 - - [22/Nov/2024:08:42:06 -0800] "POST /wp-cron.php?doing_wp_cron=1732293726.3858880996704101562500 HTTP/1.0" 200 - "https://lizardheartmovies.online/wp-cron.php?doing_wp_cron=1732293726.3858880996704101562500" "WordPress/6.1.7; https://lizardheartmovies.online"
178.150.14.250 - - [22/Nov/2024:08:42:06 -0800] "GET /ente-ummante-peru-movie-mass-comedy-scene-%C2%A6-tovino-new-malayalam-movie-%C2%A6-malayalam-full-movies-2018/ HTTP/1.0" 200 107351 "-" "Mozilla/5.0 (compatible; MJ12bot/v1.4.8; http://mj12bot.com/)"
209.182.200.39 - - [22/Nov/2024:08:42:27 -0800] "POST /wp-cron.php?doing_wp_cron=1732293747.6255819797515869140625 HTTP/1.0" 200 - "https://lizardheartmovies.online/wp-cron.php?doing_wp_cron=1732293747.6255819797515869140625" "WordPress/6.1.7; https://lizardheartmovies.online"
178.150.14.250 - - [22/Nov/2024:08:42:27 -0800] "GET /movies-for-kids-%E2%9D%A4%EF%B8%8F-mickey-mouse-clubhouses-adventure-%E2%98%85-disney-cartoon-game-%E2%96%BA-full-episode-1-2/ HTTP/1.0" 200 108032 "-" "Mozilla/5.0 (compatible; MJ12bot/v1.4.8; http://mj12bot.com/)"
209.182.200.39 - - [22/Nov/2024:08:42:49 -0800] "POST /wp-cron.php?doing_wp_cron=1732293769.6743960380554199218750 HTTP/1.0" 200 - "https://lizardheartmovies.online/wp-cron.php?doing_wp_cron=1732293769.6743960380554199218750" "WordPress/6.1.7; https://lizardheartmovies.online"
178.150.14.250 - - [22/Nov/2024:08:42:49 -0800] "GET /movies-for-kids-%E2%9D%A4%EF%B8%8F-mickey-mouse-clubhouses-adventure-%E2%98%85-disney-cartoon-game-%E2%96%BA-full-episode-1/feed/ HTTP/1.0" 200 1069 "-" "Mozilla/5.0 (compatible; MJ12bot/v1.4.8; http://mj12bot.com/)"
209.182.200.39 - - [22/Nov/2024:08:43:10 -0800] "POST /wp-cron.php?doing_wp_cron=1732293790.6947760581970214843750 HTTP/1.0" 200 - "https://lizardheartmovies.online/wp-cron.php?doing_wp_cron=1732293790.6947760581970214843750" "WordPress/6.1.7; https://lizardheartmovies.online"
178.150.14.250 - - [22/Nov/2024:08:43:10 -0800] "GET /movies-for-kids-%E2%9D%A4%EF%B8%8F-mickey-mouse-clubhouses-adventure-%E2%98%85-disney-cartoon-game-%E2%96%BA-full-episode-1/ HTTP/1.0" 200 107219 "-" "Mozilla/5.0 (compatible; MJ12bot/v1.4.8; http://mj12bot.com/)"
209.182.200.39 - - [22/Nov/2024:08:43:33 -0800] "POST /wp-cron.php?doing_wp_cron=1732293813.3559689521789550781250 HTTP/1.0" 200 - "https://lizardheartmovies.online/wp-cron.php?doing_wp_cron=1732293813.3559689521789550781250" "WordPress/6.1.7; https://lizardheartmovies.online"
178.150.14.250 - - [22/Nov/2024:08:43:33 -0800] "GET /mr-bean-cartoon-full-episode-2015-%E2%99%A5cartoons-for-children-%E2%99%A5-disney-movies-%E2%99%A5-cartoons-for-kids-disney-cartoons/ HTTP/1.0" 200 108874 "-" "Mozilla/5.0 (compatible; MJ12bot/v1.4.8; http://mj12bot.com/)"
209.182.200.39 - - [22/Nov/2024:08:43:55 -0800] "POST /wp-cron.php?doing_wp_cron=1732293835.6461849212646484375000 HTTP/1.0" 200 - "https://lizardheartmovies.online/wp-cron.php?doing_wp_cron=1732293835.6461849212646484375000" "WordPress/6.1.7; https://lizardheartmovies.online"
178.150.14.250 - - [22/Nov/2024:08:43:55 -0800] "GET /new-action-films-2015-%E2%99%A5-best-cartoon-sci-fi-movies-2015-%E2%99%A5-english-%E2%99%A5-full-hd-2/ HTTP/1.0" 200 107082 "-" "Mozilla/5.0 (compatible; MJ12bot/v1.4.8; http://mj12bot.com/)"
178.150.14.250 - - [22/Nov/2024:08:44:17 -0800] "GET /new-animation-movies-2015-full-movies-english-%E2%99%A5-%E2%99%A5-cartoons-for-children-for-kids%E2%99%A5-h/ HTTP/1.0" 200 109283 "-" "Mozilla/5.0 (compatible; MJ12bot/v1.4.8; http://mj12bot.com/)"
209.182.200.39 - - [22/Nov/2024:08:44:41 -0800] "POST /wp-cron.php?doing_wp_cron=1732293881.3604390621185302734375 HTTP/1.0" 200 - "https://lizardheartmovies.online/wp-cron.php?doing_wp_cron=1732293881.3604390621185302734375" "WordPress/6.1.7; https://lizardheartmovies.online"
178.150.14.250 - - [22/Nov/2024:08:44:41 -0800] "GET /new-chinese-kung-fu-martial-arts-movies-%E2%98%85-action-movies-2018-full-length-english-hollywood2/ HTTP/1.0" 200 107850 "-" "Mozilla/5.0 (compatible; MJ12bot/v1.4.8; http://mj12bot.com/)"
209.182.200.39 - - [22/Nov/2024:08:45:03 -0800] "POST /wp-cron.php?doing_wp_cron=1732293903.3472490310668945312500 HTTP/1.0" 200 - "https://lizardheartmovies.online/wp-cron.php?doing_wp_cron=1732293903.3472490310668945312500" "WordPress/6.1.7; https://lizardheartmovies.online"
178.150.14.250 - - [22/Nov/2024:08:45:03 -0800] "GET /nina-needs-to-go-full-episode-english-2016-%E2%99%A5-cartoon-movies-for-kids-2016-%E2%9C%93-21-2/feed/ HTTP/1.0" 200 997 "-" "Mozilla/5.0 (compatible; MJ12bot/v1.4.8; http://mj12bot.com/)"
209.182.200.39 - - [22/Nov/2024:08:45:24 -0800] "POST /wp-cron.php?doing_wp_cron=1732293924.3349568843841552734375 HTTP/1.0" 200 - "https://lizardheartmovies.online/wp-cron.php?doing_wp_cron=1732293924.3349568843841552734375" "WordPress/6.1.7; https://lizardheartmovies.online"
178.150.14.250 - - [22/Nov/2024:08:45:24 -0800] "GET /nina-needs-to-go-full-episode-english-2016-%E2%99%A5-cartoon-movies-for-kids-2016-%E2%9C%93-21-2/ HTTP/1.0" 200 116547 "-" "Mozilla/5.0 (compatible; MJ12bot/v1.4.8; http://mj12bot.com/)"
209.182.200.39 - - [22/Nov/2024:08:45:45 -0800] "POST /wp-cron.php?doing_wp_cron=1732293945.9235320091247558593750 HTTP/1.0" 200 - "https://lizardheartmovies.online/wp-cron.php?doing_wp_cron=1732293945.9235320091247558593750" "WordPress/6.1.7; https://lizardheartmovies.online"
178.150.14.250 - - [22/Nov/2024:08:45:45 -0800] "GET /no-problem2011-%EC%B2%AD%EA%B0%95-%EC%95%A0%EB%8B%88%EB%A9%94%EC%9D%B4%EC%85%98-%EC%A1%B8%EC%97%85%EC%9E%91%ED%92%88-animated-cartoon/ HTTP/1.0" 200 110478 "-" "Mozilla/5.0 (compatible; MJ12bot/v1.4.8; http://mj12bot.com/)"
209.182.200.39 - - [22/Nov/2024:08:46:07 -0800] "POST /wp-cron.php?doing_wp_cron=1732293967.8222739696502685546875 HTTP/1.0" 200 - "https://lizardheartmovies.online/wp-cron.php?doing_wp_cron=1732293967.8222739696502685546875" "WordPress/6.1.7; https://lizardheartmovies.online"
178.150.14.250 - - [22/Nov/2024:08:46:07 -0800] "GET /paw-patrol-%E1%B4%B4%E1%B4%B0-%E2%97%84-pups-save-full-episodes-p015-pups-save-a-ghost-new-animation-movies-for-kids/ HTTP/1.0" 200 108088 "-" "Mozilla/5.0 (compatible; MJ12bot/v1.4.8; http://mj12bot.com/)"
209.182.200.39 - - [22/Nov/2024:08:46:30 -0800] "POST /wp-cron.php?doing_wp_cron=1732293989.9537239074707031250000 HTTP/1.0" 200 - "https://lizardheartmovies.online/wp-cron.php?doing_wp_cron=1732293989.9537239074707031250000" "WordPress/6.1.7; https://lizardheartmovies.online"
178.150.14.250 - - [22/Nov/2024:08:46:29 -0800] "GET /paw-patrol-full-episodes-english-%E2%9C%AC-cartoon-movies-for-kids-2016-%E2%9C%AC-dora-and-masha-new-episodes/feed/ HTTP/1.0" 200 1036 "-" "Mozilla/5.0 (compatible; MJ12bot/v1.4.8; http://mj12bot.com/)"
209.182.200.39 - - [22/Nov/2024:08:46:50 -0800] "POST /wp-cron.php?doing_wp_cron=1732294010.8826138973236083984375 HTTP/1.0" 200 - "https://lizardheartmovies.online/wp-cron.php?doing_wp_cron=1732294010.8826138973236083984375" "WordPress/6.1.7; https://lizardheartmovies.online"
178.150.14.250 - - [22/Nov/2024:08:46:50 -0800] "GET /paw-patrol-full-episodes-english-%E2%9C%AC-cartoon-movies-for-kids-2016-%E2%9C%AC-dora-and-masha-new-episodes/ HTTP/1.0" 200 107724 "-" "Mozilla/5.0 (compatible; MJ12bot/v1.4.8; http://mj12bot.com/)"
209.182.200.39 - - [22/Nov/2024:08:47:12 -0800] "POST /wp-cron.php?doing_wp_cron=1732294032.0486528873443603515625 HTTP/1.0" 200 - "https://lizardheartmovies.online/wp-cron.php?doing_wp_cron=1732294032.0486528873443603515625" "WordPress/6.1.7; https://lizardheartmovies.online"
178.150.14.250 - - [22/Nov/2024:08:47:11 -0800] "GET /spongebob-squarepants-full-episodes-2015-%E2%98%85-animated-cartoon-movies-for-kids-%E2%98%85-animation-movies-2015/ HTTP/1.0" 200 107693 "-" "Mozilla/5.0 (compatible; MJ12bot/v1.4.8; http://mj12bot.com/)"
209.182.200.39 - - [22/Nov/2024:08:47:34 -0800] "POST /wp-cron.php?doing_wp_cron=1732294054.9187479019165039062500 HTTP/1.0" 200 - "https://lizardheartmovies.online/wp-cron.php?doing_wp_cron=1732294054.9187479019165039062500" "WordPress/6.1.7; https://lizardheartmovies.online"
178.150.14.250 - - [22/Nov/2024:08:47:34 -0800] "GET /super-dumpling-animation-full-movie-in-english-family-%E2%98%85/feed/ HTTP/1.0" 200 907 "-" "Mozilla/5.0 (compatible; MJ12bot/v1.4.8; http://mj12bot.com/)"
209.182.200.39 - - [22/Nov/2024:08:47:55 -0800] "POST /wp-cron.php?doing_wp_cron=1732294075.7819650173187255859375 HTTP/1.0" 200 - "https://lizardheartmovies.online/wp-cron.php?doing_wp_cron=1732294075.7819650173187255859375" "WordPress/6.1.7; https://lizardheartmovies.online"
178.150.14.250 - - [22/Nov/2024:08:47:55 -0800] "GET /super-dumpling-animation-full-movie-in-english-family-%E2%98%85/ HTTP/1.0" 200 107459 "-" "Mozilla/5.0 (compatible; MJ12bot/v1.4.8; http://mj12bot.com/)"
178.150.14.250 - - [22/Nov/2024:08:48:16 -0800] "GET /the-little-mermaid-%E2%9D%96-kids-tv-channel-%E2%9D%96-walt-disney-movies-%E2%9D%96-animation-movies-new/ HTTP/1.0" 200 106986 "-" "Mozilla/5.0 (compatible; MJ12bot/v1.4.8; http://mj12bot.com/)"
209.182.200.39 - - [22/Nov/2024:08:48:39 -0800] "POST /wp-cron.php?doing_wp_cron=1732294119.2771360874176025390625 HTTP/1.0" 200 - "https://lizardheartmovies.online/wp-cron.php?doing_wp_cron=1732294119.2771360874176025390625" "WordPress/6.1.7; https://lizardheartmovies.online"
178.150.14.250 - - [22/Nov/2024:08:48:39 -0800] "GET /%E0%B4%95%E0%B4%BF%E0%B4%9F%E0%B5%8D%E0%B4%9F%E0%B5%81-malayalam-cartoon-for-children-kittu-animation-movies-full-movies-malayalam-new/ HTTP/1.0" 200 109037 "-" "Mozilla/5.0 (compatible; MJ12bot/v1.4.8; http://mj12bot.com/)"
209.182.200.39 - - [22/Nov/2024:08:49:00 -0800] "POST /wp-cron.php?doing_wp_cron=1732294140.5378079414367675781250 HTTP/1.0" 200 - "https://lizardheartmovies.online/wp-cron.php?doing_wp_cron=1732294140.5378079414367675781250" "WordPress/6.1.7; https://lizardheartmovies.online"
178.150.14.250 - - [22/Nov/2024:08:49:00 -0800] "GET /%E1%B4%B4%E1%B4%B0-animation-movies-for-kids-2016-%E2%9C%A4%E2%9C%A5-pups-save-full-episodes-new-cartoon-best-collection-%E2%99%A5-part-1-%E2%9C%A4%E2%9C%93/ HTTP/1.0" 200 108708 "-" "Mozilla/5.0 (compatible; MJ12bot/v1.4.8; http://mj12bot.com/)"
178.150.14.250 - - [22/Nov/2024:08:49:22 -0800] "GET /%E1%B4%B4%E1%B4%B0-animation-movies-for-kids-2017-%E2%9C%A4%E2%9C%A5-pups-save-apollo-%E2%9C%A5-paw-patrol-full-episodes-english-%E2%9C%A4%E2%9C%93/ HTTP/1.0" 200 107480 "-" "Mozilla/5.0 (compatible; MJ12bot/v1.4.8; http://mj12bot.com/)"
209.182.200.39 - - [22/Nov/2024:08:49:43 -0800] "POST /wp-cron.php?doing_wp_cron=1732294183.4815220832824707031250 HTTP/1.0" 200 - "https://lizardheartmovies.online/wp-cron.php?doing_wp_cron=1732294183.4815220832824707031250" "WordPress/6.1.7; https://lizardheartmovies.online"
178.150.14.250 - - [22/Nov/2024:08:49:43 -0800] "GET /%E1%B4%B4%E1%B4%B0-best-animation-movies-for-kids-new-cartoon-movies-in-urdu-pups-save-a-floundering-francois-tg4kbplxl-0-2/ HTTP/1.0" 200 108959 "-" "Mozilla/5.0 (compatible; MJ12bot/v1.4.8; http://mj12bot.com/)"
209.182.200.39 - - [22/Nov/2024:08:50:04 -0800] "POST /wp-cron.php?doing_wp_cron=1732294204.8131101131439208984375 HTTP/1.0" 200 - "https://lizardheartmovies.online/wp-cron.php?doing_wp_cron=1732294204.8131101131439208984375" "WordPress/6.1.7; https://lizardheartmovies.online"
178.150.14.250 - - [22/Nov/2024:08:50:04 -0800] "GET /%E1%B4%B4%E1%B4%B0-best-animation-movies-for-kids-new-cartoon-movies-in-urdu-pups-save-a-floundering-francois-tg4kbplxl-32/ HTTP/1.0" 200 107553 "-" "Mozilla/5.0 (compatible; MJ12bot/v1.4.8; http://mj12bot.com/)"
209.182.200.39 - - [22/Nov/2024:08:50:26 -0800] "POST /wp-cron.php?doing_wp_cron=1732294226.0234138965606689453125 HTTP/1.0" 200 - "https://lizardheartmovies.online/wp-cron.php?doing_wp_cron=1732294226.0234138965606689453125" "WordPress/6.1.7; https://lizardheartmovies.online"
178.150.14.250 - - [22/Nov/2024:08:50:25 -0800] "GET /%E1%B4%B4%E1%B4%B0-best-animation-movies-for-kids-new-cartoon-movies-in-urdu-pups-save-a-floundering-francois-tg4kbplxl-33/ HTTP/1.0" 200 107417 "-" "Mozilla/5.0 (compatible; MJ12bot/v1.4.8; http://mj12bot.com/)"
209.182.200.39 - - [22/Nov/2024:08:50:47 -0800] "POST /wp-cron.php?doing_wp_cron=1732294247.3047089576721191406250 HTTP/1.0" 200 - "https://lizardheartmovies.online/wp-cron.php?doing_wp_cron=1732294247.3047089576721191406250" "WordPress/6.1.7; https://lizardheartmovies.online"
178.150.14.250 - - [22/Nov/2024:08:50:47 -0800] "GET /%E1%B4%B4%E1%B4%B0-best-animation-movies-for-kids-new-cartoon-movies-in-urdu-pups-save-a-floundering-francois-tg4kbplxl-34/ HTTP/1.0" 200 106848 "-" "Mozilla/5.0 (compatible; MJ12bot/v1.4.8; http://mj12bot.com/)"
209.182.200.39 - - [22/Nov/2024:08:51:09 -0800] "POST /wp-cron.php?doing_wp_cron=1732294269.2423889636993408203125 HTTP/1.0" 200 - "https://lizardheartmovies.online/wp-cron.php?doing_wp_cron=1732294269.2423889636993408203125" "WordPress/6.1.7; https://lizardheartmovies.online"
178.150.14.250 - - [22/Nov/2024:08:51:09 -0800] "GET /%E1%B4%B4%E1%B4%B0-best-animation-movies-for-kids-new-cartoon-movies-in-urdu-pups-save-a-floundering-francois-tg4kbplxl-36/ HTTP/1.0" 200 107063 "-" "Mozilla/5.0 (compatible; MJ12bot/v1.4.8; http://mj12bot.com/)"
209.182.200.39 - - [22/Nov/2024:08:51:30 -0800] "POST /wp-cron.php?doing_wp_cron=1732294290.5966849327087402343750 HTTP/1.0" 200 - "https://lizardheartmovies.online/wp-cron.php?doing_wp_cron=1732294290.5966849327087402343750" "WordPress/6.1.7; https://lizardheartmovies.online"
178.150.14.250 - - [22/Nov/2024:08:51:30 -0800] "GET /%E1%B4%B4%E1%B4%B0-best-animation-movies-for-kids-new-cartoon-movies-in-urdu-pups-save-a-floundering-francois-tg4kbplxl-36-2/ HTTP/1.0" 200 107130 "-" "Mozilla/5.0 (compatible; MJ12bot/v1.4.8; http://mj12bot.com/)"
209.182.200.39 - - [22/Nov/2024:08:51:51 -0800] "POST /wp-cron.php?doing_wp_cron=1732294311.8848569393157958984375 HTTP/1.0" 200 - "https://lizardheartmovies.online/wp-cron.php?doing_wp_cron=1732294311.8848569393157958984375" "WordPress/6.1.7; https://lizardheartmovies.online"
178.150.14.250 - - [22/Nov/2024:08:51:51 -0800] "GET /%E1%B4%B4%E1%B4%B0-best-animation-movies-for-kids-new-cartoon-movies-in-urdu-pups-save-a-floundering-francois-tg4kbplxl-40/ HTTP/1.0" 200 107225 "-" "Mozilla/5.0 (compatible; MJ12bot/v1.4.8; http://mj12bot.com/)"
209.182.200.39 - - [22/Nov/2024:08:52:12 -0800] "POST /wp-cron.php?doing_wp_cron=1732294332.8659470081329345703125 HTTP/1.0" 200 - "https://lizardheartmovies.online/wp-cron.php?doing_wp_cron=1732294332.8659470081329345703125" "WordPress/6.1.7; https://lizardheartmovies.online"
178.150.14.250 - - [22/Nov/2024:08:52:12 -0800] "GET /%E1%B4%B4%E1%B4%B0-best-animation-movies-for-kids-new-cartoon-movies-in-urdu-pups-save-a-floundering-francois-tg4kbplxl-41/ HTTP/1.0" 200 107276 "-" "Mozilla/5.0 (compatible; MJ12bot/v1.4.8; http://mj12bot.com/)"
209.182.200.39 - - [22/Nov/2024:08:52:34 -0800] "POST /wp-cron.php?doing_wp_cron=1732294354.2200241088867187500000 HTTP/1.0" 200 - "https://lizardheartmovies.online/wp-cron.php?doing_wp_cron=1732294354.2200241088867187500000" "WordPress/6.1.7; https://lizardheartmovies.online"
178.150.14.250 - - [22/Nov/2024:08:52:34 -0800] "GET /%E1%B4%B4%E1%B4%B0-best-animation-movies-for-kids-new-cartoon-movies-in-urdu-pups-save-a-floundering-francois-tg4kbplxl-47/ HTTP/1.0" 200 107535 "-" "Mozilla/5.0 (compatible; MJ12bot/v1.4.8; http://mj12bot.com/)"
209.182.200.39 - - [22/Nov/2024:08:53:14 -0800] "POST /wp-cron.php?doing_wp_cron=1732294393.9321150779724121093750 HTTP/1.0" 200 - "https://lizardheartmovies.online/wp-cron.php?doing_wp_cron=1732294393.9321150779724121093750" "WordPress/6.1.7; https://lizardheartmovies.online"
178.150.14.250 - - [22/Nov/2024:08:53:11 -0800] "GET /%E1%B4%B4%E1%B4%B0-best-animation-movies-for-kids-new-cartoon-movies-in-urdu-pups-save-a-floundering-francois-tg4kbplxl-9/ HTTP/1.0" 200 107787 "-" "Mozilla/5.0 (compatible; MJ12bot/v1.4.8; http://mj12bot.com/)"
209.182.200.39 - - [22/Nov/2024:08:53:36 -0800] "POST /wp-cron.php?doing_wp_cron=1732294416.0670499801635742187500 HTTP/1.0" 200 - "https://lizardheartmovies.online/wp-cron.php?doing_wp_cron=1732294416.0670499801635742187500" "WordPress/6.1.7; https://lizardheartmovies.online"
178.150.14.250 - - [22/Nov/2024:08:53:35 -0800] "GET /%E1%B4%B4%E1%B4%B0-best-kids-movies-2016-%E2%98%9C%E2%99%A5%E2%98%9E-pups-and-the-lighthouse-boogie-pups-save-ryder-pups-save-a-super-tv/ HTTP/1.0" 200 108122 "-" "Mozilla/5.0 (compatible; MJ12bot/v1.4.8; http://mj12bot.com/)"
209.182.200.39 - - [22/Nov/2024:08:53:57 -0800] "POST /wp-cron.php?doing_wp_cron=1732294437.2834789752960205078125 HTTP/1.0" 200 - "https://lizardheartmovies.online/wp-cron.php?doing_wp_cron=1732294437.2834789752960205078125" "WordPress/6.1.7; https://lizardheartmovies.online"
178.150.14.250 - - [22/Nov/2024:08:53:57 -0800] "GET /%E1%B4%B4%E1%B4%B0-best-paw-patrol-animation-movies-for-kids-2016-%E2%98%86%E2%99%A5-new-cartoon-movies-in-urdu-the-new-pup-czb6dvgaj0m-12/ HTTP/1.0" 200 107115 "-" "Mozilla/5.0 (compatible; MJ12bot/v1.4.8; http://mj12bot.com/)"
178.150.14.250 - - [22/Nov/2024:08:54:18 -0800] "GET /%E1%B4%B4%E1%B4%B0-best-paw-patrol-animation-movies-for-kids-2016-%E2%98%86%E2%99%A5-new-cartoon-movies-in-urdu-the-new-pup-czb6dvgaj0m-15/ HTTP/1.0" 200 107751 "-" "Mozilla/5.0 (compatible; MJ12bot/v1.4.8; http://mj12bot.com/)"
209.182.200.39 - - [22/Nov/2024:08:54:39 -0800] "POST /wp-cron.php?doing_wp_cron=1732294479.6520259380340576171875 HTTP/1.0" 200 - "https://lizardheartmovies.online/wp-cron.php?doing_wp_cron=1732294479.6520259380340576171875" "WordPress/6.1.7; https://lizardheartmovies.online"
178.150.14.250 - - [22/Nov/2024:08:54:39 -0800] "GET /%E1%B4%B4%E1%B4%B0-best-paw-patrol-animation-movies-for-kids-2016-%E2%98%86%E2%99%A5-new-cartoon-movies-in-urdu-the-new-pup-czb6dvgaj0m-16/ HTTP/1.0" 200 107277 "-" "Mozilla/5.0 (compatible; MJ12bot/v1.4.8; http://mj12bot.com/)"
209.182.200.39 - - [22/Nov/2024:08:55:01 -0800] "POST /wp-cron.php?doing_wp_cron=1732294500.9800400733947753906250 HTTP/1.0" 200 - "https://lizardheartmovies.online/wp-cron.php?doing_wp_cron=1732294500.9800400733947753906250" "WordPress/6.1.7; https://lizardheartmovies.online"
178.150.14.250 - - [22/Nov/2024:08:55:00 -0800] "GET /%E1%B4%B4%E1%B4%B0-best-paw-patrol-animation-movies-for-kids-2016-%E2%98%86%E2%99%A5-new-cartoon-movies-in-urdu-the-new-pup-czb6dvgaj0m-17/ HTTP/1.0" 200 107540 "-" "Mozilla/5.0 (compatible; MJ12bot/v1.4.8; http://mj12bot.com/)"
178.150.14.250 - - [22/Nov/2024:08:55:22 -0800] "GET /%E1%B4%B4%E1%B4%B0-best-paw-patrol-animation-movies-for-kids-2016-%E2%98%86%E2%99%A5-new-cartoon-movies-in-urdu-the-new-pup-czb6dvgaj0m-18/ HTTP/1.0" 200 107408 "-" "Mozilla/5.0 (compatible; MJ12bot/v1.4.8; http://mj12bot.com/)"
209.182.200.39 - - [22/Nov/2024:08:55:43 -0800] "POST /wp-cron.php?doing_wp_cron=1732294543.3295550346374511718750 HTTP/1.0" 200 - "https://lizardheartmovies.online/wp-cron.php?doing_wp_cron=1732294543.3295550346374511718750" "WordPress/6.1.7; https://lizardheartmovies.online"
178.150.14.250 - - [22/Nov/2024:08:55:43 -0800] "GET /%E1%B4%B4%E1%B4%B0-best-paw-patrol-animation-movies-for-kids-2016-%E2%98%86%E2%99%A5-new-cartoon-movies-in-urdu-the-new-pup-czb6dvgaj0m-19/ HTTP/1.0" 200 107407 "-" "Mozilla/5.0 (compatible; MJ12bot/v1.4.8; http://mj12bot.com/)"
209.182.200.39 - - [22/Nov/2024:08:56:05 -0800] "POST /wp-cron.php?doing_wp_cron=1732294565.2533869743347167968750 HTTP/1.0" 200 - "https://lizardheartmovies.online/wp-cron.php?doing_wp_cron=1732294565.2533869743347167968750" "WordPress/6.1.7; https://lizardheartmovies.online"
178.150.14.250 - - [22/Nov/2024:08:56:04 -0800] "GET /%E1%B4%B4%E1%B4%B0-best-paw-patrol-animation-movies-for-kids-2016-%E2%98%86%E2%99%A5-new-cartoon-movies-in-urdu-the-new-pup-czb6dvgaj0m-2/ HTTP/1.0" 200 107423 "-" "Mozilla/5.0 (compatible; MJ12bot/v1.4.8; http://mj12bot.com/)"
209.182.200.39 - - [22/Nov/2024:08:56:26 -0800] "POST /wp-cron.php?doing_wp_cron=1732294586.5228641033172607421875 HTTP/1.0" 200 - "https://lizardheartmovies.online/wp-cron.php?doing_wp_cron=1732294586.5228641033172607421875" "WordPress/6.1.7; https://lizardheartmovies.online"
178.150.14.250 - - [22/Nov/2024:08:56:26 -0800] "GET /%E1%B4%B4%E1%B4%B0-best-paw-patrol-animation-movies-for-kids-2016-%E2%98%86%E2%99%A5-new-cartoon-movies-in-urdu-the-new-pup-czb6dvgaj0m-3/ HTTP/1.0" 200 107694 "-" "Mozilla/5.0 (compatible; MJ12bot/v1.4.8; http://mj12bot.com/)"
209.182.200.39 - - [22/Nov/2024:08:56:47 -0800] "POST /wp-cron.php?doing_wp_cron=1732294607.6815381050109863281250 HTTP/1.0" 200 - "https://lizardheartmovies.online/wp-cron.php?doing_wp_cron=1732294607.6815381050109863281250" "WordPress/6.1.7; https://lizardheartmovies.online"
178.150.14.250 - - [22/Nov/2024:08:56:47 -0800] "GET /%E1%B4%B4%E1%B4%B0-best-paw-patrol-animation-movies-for-kids-2016-%E2%98%86%E2%99%A5-new-cartoon-movies-in-urdu-the-new-pup-czb6dvgaj0m-4/ HTTP/1.0" 200 107333 "-" "Mozilla/5.0 (compatible; MJ12bot/v1.4.8; http://mj12bot.com/)"
209.182.200.39 - - [22/Nov/2024:08:57:09 -0800] "POST /wp-cron.php?doing_wp_cron=1732294628.9927339553833007812500 HTTP/1.0" 200 - "https://lizardheartmovies.online/wp-cron.php?doing_wp_cron=1732294628.9927339553833007812500" "WordPress/6.1.7; https://lizardheartmovies.online"
178.150.14.250 - - [22/Nov/2024:08:57:08 -0800] "GET /%E1%B4%B4%E1%B4%B0-best-paw-patrol-animation-movies-for-kids-2016-%E2%98%86%E2%99%A5-new-cartoon-movies-in-urdu-the-new-pup-czb6dvgaj0m-5/ HTTP/1.0" 200 107580 "-" "Mozilla/5.0 (compatible; MJ12bot/v1.4.8; http://mj12bot.com/)"
209.182.200.39 - - [22/Nov/2024:08:57:30 -0800] "POST /wp-cron.php?doing_wp_cron=1732294650.1447789669036865234375 HTTP/1.0" 200 - "https://lizardheartmovies.online/wp-cron.php?doing_wp_cron=1732294650.1447789669036865234375" "WordPress/6.1.7; https://lizardheartmovies.online"
178.150.14.250 - - [22/Nov/2024:08:57:29 -0800] "GET /%E1%B4%B4%E1%B4%B0-mr-bean-best-cartoons-%E2%9C%AD-new-full-episodes-2018-%E2%96%BA-part-5/ HTTP/1.0" 200 107305 "-" "Mozilla/5.0 (compatible; MJ12bot/v1.4.8; http://mj12bot.com/)"
209.182.200.39 - - [22/Nov/2024:09:05:24 -0800] "POST /wp-cron.php?doing_wp_cron=1732295124.1962459087371826171875 HTTP/1.0" 200 - "https://lizardheartmovies.online/wp-cron.php?doing_wp_cron=1732295124.1962459087371826171875" "WordPress/6.1.7; https://lizardheartmovies.online"
40.77.167.116 - - [22/Nov/2024:09:05:23 -0800] "GET /land-of-the-dead-2005-part-1-of-15/ HTTP/1.0" 200 105791 "-" "Mozilla/5.0 AppleWebKit/537.36 (KHTML, like Gecko; compatible; bingbot/2.0; +http://www.bing.com/bingbot.htm) Chrome/116.0.1938.76 Safari/537.36"
209.182.200.39 - - [22/Nov/2024:09:05:54 -0800] "POST /wp-cron.php?doing_wp_cron=1732295154.2000339031219482421875 HTTP/1.0" 200 - "https://lizardheartmovies.online/wp-cron.php?doing_wp_cron=1732295154.2000339031219482421875" "WordPress/6.1.7; https://lizardheartmovies.online"
40.77.167.116 - - [22/Nov/2024:09:05:54 -0800] "GET /the-rings-2023-new-release-full-action-hollywood-hindi-dubbed-movie-_-chinese-adventure-movie/ HTTP/1.0" 200 106893 "-" "Mozilla/5.0 AppleWebKit/537.36 (KHTML, like Gecko; compatible; bingbot/2.0; +http://www.bing.com/bingbot.htm) Chrome/116.0.1938.76 Safari/537.36"
209.182.200.39 - - [22/Nov/2024:09:10:53 -0800] "POST /wp-cron.php?doing_wp_cron=1732295453.1929790973663330078125 HTTP/1.0" 200 - "https://lizardheartmovies.online/wp-cron.php?doing_wp_cron=1732295453.1929790973663330078125" "WordPress/6.1.7; https://lizardheartmovies.online"
209.141.56.53 - - [22/Nov/2024:09:10:53 -0800] "GET /wp-login.php HTTP/1.0" 200 9419 "-" "Mozilla/5.0 (Macintosh; Intel Mac OS X 10_9_2) AppleWebKit/537.75.14 (KHTML, like Gecko) Version/7.0.3 Safari/537.75.14"
209.141.56.53 - - [22/Nov/2024:09:10:53 -0800] "POST /wp-login.php HTTP/1.0" 200 9873 "-" "Mozilla/5.0 (Macintosh; Intel Mac OS X 10_9_2) AppleWebKit/537.75.14 (KHTML, like Gecko) Version/7.0.3 Safari/537.75.14"
69.171.230.112 - - [22/Nov/2024:09:12:09 -0800] "GET /robots.txt HTTP/1.0" 200 30 "-" "facebookexternalhit/1.1 (+http://www.facebook.com/externalhit_uatext.php)"
66.220.149.15 - - [22/Nov/2024:09:12:10 -0800] "GET /robots.txt HTTP/1.0" 200 30 "-" "facebookexternalhit/1.1 (+http://www.facebook.com/externalhit_uatext.php)"
209.182.200.39 - - [22/Nov/2024:09:12:10 -0800] "POST /wp-cron.php?doing_wp_cron=1732295530.6067779064178466796875 HTTP/1.0" 200 - "https://lizardheartmovies.online/wp-cron.php?doing_wp_cron=1732295530.6067779064178466796875" "WordPress/6.1.7; https://lizardheartmovies.online"
66.220.149.20 - - [22/Nov/2024:09:12:10 -0800] "GET /2016/11/29/ HTTP/1.0" 200 100122 "-" "meta-externalagent/1.1 (+https://developers.facebook.com/docs/sharing/webmasters/crawler)"
66.220.149.40 - - [22/Nov/2024:09:12:11 -0800] "GET /wp-includes/css/classic-themes.min.css?ver=1 HTTP/1.0" 200 217 "-" "meta-externalagent/1.1 (+https://developers.facebook.com/docs/sharing/webmasters/crawler)"
66.220.149.30 - - [22/Nov/2024:09:12:11 -0800] "GET /wp-content/plugins/LayerSlider/static/layerslider/css/layerslider.css?ver=6.11.2 HTTP/1.0" 200 22659 "-" "meta-externalagent/1.1 (+https://developers.facebook.com/docs/sharing/webmasters/crawler)"
66.220.149.18 - - [22/Nov/2024:09:12:11 -0800] "GET /wp-includes/css/dist/block-library/style.min.css?ver=6.1.7 HTTP/1.0" 200 95021 "-" "meta-externalagent/1.1 (+https://developers.facebook.com/docs/sharing/webmasters/crawler)"
66.220.149.113 - - [22/Nov/2024:09:12:11 -0800] "GET /wp-content/plugins/accesspress-social-login-lite/css/font-awesome/fontawesome.css?ver=3.4.7 HTTP/1.0" 200 73625 "-" "meta-externalagent/1.1 (+https://developers.facebook.com/docs/sharing/webmasters/crawler)"
66.220.149.12 - - [22/Nov/2024:09:12:11 -0800] "GET /wp-content/plugins/betube-ads/css/bva.css?ver=6.1.7 HTTP/1.0" 200 964 "-" "meta-externalagent/1.1 (+https://developers.facebook.com/docs/sharing/webmasters/crawler)"
66.220.149.25 - - [22/Nov/2024:09:12:11 -0800] "GET /wp-content/plugins/accesspress-social-share/css/fontawesome-all.css?ver=4.5.5 HTTP/1.0" 200 46117 "-" "meta-externalagent/1.1 (+https://developers.facebook.com/docs/sharing/webmasters/crawler)"
66.220.149.116 - - [22/Nov/2024:09:12:11 -0800] "GET /wp-content/plugins/accesspress-social-login-lite/css/frontend.css?ver=3.4.7 HTTP/1.0" 200 18287 "-" "meta-externalagent/1.1 (+https://developers.facebook.com/docs/sharing/webmasters/crawler)"
