217.196.107.80 - - [22/Nov/2024:16:38:37 -0800] "GET /wp-login.php HTTP/1.0" 200 5245 "http://llizardheartsallinone.shop/" "Mozilla/5.0 (X11; Linux x86_64; rv:46.0) Gecko/20100101 Firefox/46.0"
217.196.107.80 - - [22/Nov/2024:16:38:38 -0800] "POST /wp-login.php HTTP/1.0" 302 - "http://llizardheartsallinone.shop/wp-login.php" "Mozilla/5.0 (X11; Linux x86_64; rv:46.0) Gecko/20100101 Firefox/46.0"
217.196.107.80 - - [22/Nov/2024:16:38:38 -0800] "GET /wp-login.php?redirect_to=http%3A%2F%2Fllizardheartsallinone.shop%2Fwp-admin%2F&action=confirm_admin_email&wp_lang=en_US HTTP/1.0" 200 3814 "http://llizardheartsallinone.shop/wp-login.php" "Mozilla/5.0 (X11; Linux x86_64; rv:46.0) Gecko/20100101 Firefox/46.0"
217.196.107.80 - - [22/Nov/2024:16:38:40 -0800] "GET /wp-admin/ HTTP/1.0" 200 140230 "http://llizardheartsallinone.shop/wp-login.php?redirect_to=http%3A%2F%2Fllizardheartsallinone.shop%2Fwp-admin%2F&action=confirm_admin_email&wp_lang=en_US" "Mozilla/5.0 (X11; Linux x86_64; rv:46.0) Gecko/20100101 Firefox/46.0"
217.196.107.80 - - [22/Nov/2024:16:38:46 -0800] "GET /wp-admin/plugin-install.php?s=wp-console&tab=search&type=term HTTP/1.0" 200 202342 "http://llizardheartsallinone.shop/wp-admin/" "Mozilla/5.0 (X11; Linux x86_64; rv:46.0) Gecko/20100101 Firefox/46.0"
45.148.10.172 - - [22/Nov/2024:16:40:41 -0800] "GET /.env HTTP/1.0" 200 3177 "-" "Mozilla/5.0 (iPhone; CPU iPhone OS 12_2 like Mac OS X) AppleWebKit/605.1.15 (KHTML, like Gecko) Version/12.1 Mobile/15E148 Safari/604.1"
45.148.10.172 - - [22/Nov/2024:16:40:41 -0800] "GET /.env HTTP/1.0" 200 3177 "-" "Mozilla/5.0 (iPhone; CPU iPhone OS 6_0 like Mac OS X) AppleWebKit/536.26 (KHTML, like Gecko) Version/6.0 Mobile/10A403 Safari/8536.25"
216.244.66.195 - - [22/Nov/2024:16:51:13 -0800] "GET /robots.txt HTTP/1.0" 200 30 "-" "Mozilla/5.0 (compatible; DotBot/1.2; +https://opensiteexplorer.org/dotbot; help@moz.com)"
216.244.66.195 - - [22/Nov/2024:16:53:31 -0800] "GET /wp-content/uploads/2024/03/41-9tVkikL._AC_.jpg HTTP/1.0" 200 18079 "-" "Mozilla/5.0 (compatible; DotBot/1.2; +https://opensiteexplorer.org/dotbot; help@moz.com)"
216.244.66.195 - - [22/Nov/2024:16:56:30 -0800] "GET /product/125w-usb-c-fast-charger-charging-station-block-for-apple-watch-charger-usb-c-6-port-pd-gan-fast-charger-hub-power-adapter-for-ipad-iphone-15-14-13-12-apple-watch-9-8-7-6-5-galaxy-s23-note-20-pixel-lg/feed/ HTTP/1.0" 200 3177 "-" "Mozilla/5.0 (compatible; DotBot/1.2; +https://opensiteexplorer.org/dotbot; help@moz.com)"
216.244.66.195 - - [22/Nov/2024:16:56:31 -0800] "GET /product/fifine-usb-gaming-pc-microphone-for-streaming-podcasts-ampligame-rgb-computer-condenser-desktop-mic-cardioid-pattern-for-youtube-video-plug-and-play-on-ps4-ps5-with-quick-mute-mic-gain-a6v-pink/feed/ HTTP/1.0" 200 3177 "-" "Mozilla/5.0 (compatible; DotBot/1.2; +https://opensiteexplorer.org/dotbot; help@moz.com)"
216.244.66.195 - - [22/Nov/2024:16:56:32 -0800] "GET /product/ivoxex-laser-tag-guns-set-of-4-laser-tag-guns-with-digital-led-score-display-vestsgifts-for-teens-and-adults-boys-girlsadults-and-family-fungift-for-kids-ages-6-7-8-9-10-11-12year-old-boy/feed/ HTTP/1.0" 200 3177 "-" "Mozilla/5.0 (compatible; DotBot/1.2; +https://opensiteexplorer.org/dotbot; help@moz.com)"
216.244.66.195 - - [22/Nov/2024:16:56:32 -0800] "GET /wp-content/uploads/2023/12/41zCgp32rEL._AC_.jpg HTTP/1.0" 200 18689 "-" "Mozilla/5.0 (compatible; DotBot/1.2; +https://opensiteexplorer.org/dotbot; help@moz.com)"
216.244.66.195 - - [22/Nov/2024:16:56:33 -0800] "GET /wp-content/uploads/2023/12/51kJrl-d-AL._AC_.jpg HTTP/1.0" 200 46193 "-" "Mozilla/5.0 (compatible; DotBot/1.2; +https://opensiteexplorer.org/dotbot; help@moz.com)"
216.244.66.195 - - [22/Nov/2024:16:56:34 -0800] "GET /wp-content/uploads/2023/12/51yakqI+6GL._AC_.jpg HTTP/1.0" 200 32546 "-" "Mozilla/5.0 (compatible; DotBot/1.2; +https://opensiteexplorer.org/dotbot; help@moz.com)"
216.244.66.195 - - [22/Nov/2024:16:56:34 -0800] "GET /wp-content/uploads/2024/03/31Cu0D3BY7L._AC_.jpg HTTP/1.0" 200 10716 "-" "Mozilla/5.0 (compatible; DotBot/1.2; +https://opensiteexplorer.org/dotbot; help@moz.com)"
216.244.66.195 - - [22/Nov/2024:16:56:35 -0800] "GET /wp-content/uploads/2024/03/31tVeEGF90L._AC_.jpg HTTP/1.0" 200 8150 "-" "Mozilla/5.0 (compatible; DotBot/1.2; +https://opensiteexplorer.org/dotbot; help@moz.com)"
216.244.66.195 - - [22/Nov/2024:16:56:36 -0800] "GET /wp-content/uploads/2024/03/410KHaXyCL._AC_.jpg HTTP/1.0" 200 16709 "-" "Mozilla/5.0 (compatible; DotBot/1.2; +https://opensiteexplorer.org/dotbot; help@moz.com)"
216.244.66.195 - - [22/Nov/2024:16:56:36 -0800] "GET /wp-content/uploads/2024/03/410PWsrbQwL._AC_.jpg HTTP/1.0" 200 17711 "-" "Mozilla/5.0 (compatible; DotBot/1.2; +https://opensiteexplorer.org/dotbot; help@moz.com)"
216.244.66.195 - - [22/Nov/2024:16:56:37 -0800] "GET /wp-content/uploads/2024/03/416qDSbYMIL._AC_.jpg HTTP/1.0" 200 17675 "-" "Mozilla/5.0 (compatible; DotBot/1.2; +https://opensiteexplorer.org/dotbot; help@moz.com)"
216.244.66.195 - - [22/Nov/2024:16:56:37 -0800] "GET /wp-content/uploads/2024/03/41LOeM7XSDL._AC_.jpg HTTP/1.0" 200 20574 "-" "Mozilla/5.0 (compatible; DotBot/1.2; +https://opensiteexplorer.org/dotbot; help@moz.com)"
216.244.66.195 - - [22/Nov/2024:16:56:38 -0800] "GET /wp-content/uploads/2024/03/41NbhKIPWML._AC_.jpg HTTP/1.0" 200 21196 "-" "Mozilla/5.0 (compatible; DotBot/1.2; +https://opensiteexplorer.org/dotbot; help@moz.com)"
216.244.66.195 - - [22/Nov/2024:16:56:39 -0800] "GET /wp-content/uploads/2024/03/41PODLqBMxL._AC_.jpg HTTP/1.0" 200 24240 "-" "Mozilla/5.0 (compatible; DotBot/1.2; +https://opensiteexplorer.org/dotbot; help@moz.com)"
216.244.66.195 - - [22/Nov/2024:16:56:39 -0800] "GET /wp-content/uploads/2024/03/41UAs7GSy0L._AC_.jpg HTTP/1.0" 200 22335 "-" "Mozilla/5.0 (compatible; DotBot/1.2; +https://opensiteexplorer.org/dotbot; help@moz.com)"
216.244.66.195 - - [22/Nov/2024:16:56:40 -0800] "GET /wp-content/uploads/2024/03/41kLiGJQ34L._AC_.jpg HTTP/1.0" 200 26913 "-" "Mozilla/5.0 (compatible; DotBot/1.2; +https://opensiteexplorer.org/dotbot; help@moz.com)"
216.244.66.195 - - [22/Nov/2024:16:56:41 -0800] "GET /wp-content/uploads/2024/03/41qI3HoUz6L._AC_.jpg HTTP/1.0" 200 26290 "-" "Mozilla/5.0 (compatible; DotBot/1.2; +https://opensiteexplorer.org/dotbot; help@moz.com)"
216.244.66.195 - - [22/Nov/2024:16:56:42 -0800] "GET /wp-content/uploads/2024/03/41vorOmDX6L._AC_.jpg HTTP/1.0" 200 18808 "-" "Mozilla/5.0 (compatible; DotBot/1.2; +https://opensiteexplorer.org/dotbot; help@moz.com)"
216.244.66.195 - - [22/Nov/2024:16:56:42 -0800] "GET /wp-content/uploads/2024/03/511ZMM6GEkL._AC_.jpg HTTP/1.0" 200 47183 "-" "Mozilla/5.0 (compatible; DotBot/1.2; +https://opensiteexplorer.org/dotbot; help@moz.com)"
216.244.66.195 - - [22/Nov/2024:16:56:43 -0800] "GET /wp-content/uploads/2024/03/514Dd6IzhnL._AC_.jpg HTTP/1.0" 200 38779 "-" "Mozilla/5.0 (compatible; DotBot/1.2; +https://opensiteexplorer.org/dotbot; help@moz.com)"
216.244.66.195 - - [22/Nov/2024:16:56:45 -0800] "GET /wp-content/uploads/2024/03/518qC1-H4aL._AC_.jpg HTTP/1.0" 200 38895 "-" "Mozilla/5.0 (compatible; DotBot/1.2; +https://opensiteexplorer.org/dotbot; help@moz.com)"
216.244.66.195 - - [22/Nov/2024:16:56:46 -0800] "GET /wp-content/uploads/2024/03/519p5PSouSL._AC_.jpg HTTP/1.0" 200 39624 "-" "Mozilla/5.0 (compatible; DotBot/1.2; +https://opensiteexplorer.org/dotbot; help@moz.com)"
216.244.66.195 - - [22/Nov/2024:16:56:48 -0800] "GET /wp-content/uploads/2024/03/51L78XvOs-L._AC_.jpg HTTP/1.0" 200 38987 "-" "Mozilla/5.0 (compatible; DotBot/1.2; +https://opensiteexplorer.org/dotbot; help@moz.com)"
216.244.66.195 - - [22/Nov/2024:16:56:49 -0800] "GET /wp-content/uploads/2024/03/51ZaIkuRWlL._AC_.jpg HTTP/1.0" 200 41423 "-" "Mozilla/5.0 (compatible; DotBot/1.2; +https://opensiteexplorer.org/dotbot; help@moz.com)"
216.244.66.195 - - [22/Nov/2024:16:56:51 -0800] "GET /wp-content/uploads/2024/03/51dICh6p98L._AC_.jpg HTTP/1.0" 200 36876 "-" "Mozilla/5.0 (compatible; DotBot/1.2; +https://opensiteexplorer.org/dotbot; help@moz.com)"
216.244.66.195 - - [22/Nov/2024:16:56:52 -0800] "GET /wp-content/uploads/2024/03/51p4mqkmejL._AC_.jpg HTTP/1.0" 200 30827 "-" "Mozilla/5.0 (compatible; DotBot/1.2; +https://opensiteexplorer.org/dotbot; help@moz.com)"
216.244.66.195 - - [22/Nov/2024:16:56:53 -0800] "GET /wp-content/uploads/2024/03/51yke6zXz0L._AC_.jpg HTTP/1.0" 200 32249 "-" "Mozilla/5.0 (compatible; DotBot/1.2; +https://opensiteexplorer.org/dotbot; help@moz.com)"
216.244.66.195 - - [22/Nov/2024:16:58:13 -0800] "GET /wp-content/uploads/2024/03/1711369325_51tXRsHYVOL._AC_.jpg HTTP/1.0" 200 49311 "-" "Mozilla/5.0 (compatible; DotBot/1.2; +https://opensiteexplorer.org/dotbot; help@moz.com)"
216.244.66.195 - - [22/Nov/2024:17:01:34 -0800] "GET /product-category/laptops/?filter_size=matebook-13s,matebook-x-2020 HTTP/1.0" 200 3177 "-" "Mozilla/5.0 (compatible; DotBot/1.2; +https://opensiteexplorer.org/dotbot; help@moz.com)"
216.244.66.195 - - [22/Nov/2024:17:01:35 -0800] "GET /product-category/laptops/?filter_size=matebook-16,matebook-d15,matebook-x-pro HTTP/1.0" 200 3177 "-" "Mozilla/5.0 (compatible; DotBot/1.2; +https://opensiteexplorer.org/dotbot; help@moz.com)"
216.244.66.195 - - [22/Nov/2024:17:01:36 -0800] "GET /shop/?filter_size=matebook-13,matebook-d15 HTTP/1.0" 200 3177 "-" "Mozilla/5.0 (compatible; DotBot/1.2; +https://opensiteexplorer.org/dotbot; help@moz.com)"
185.191.171.10 - - [22/Nov/2024:17:11:48 -0800] "GET /product/eaget-cu20-usb-flash-drive-32gb-otg-metal-usb-3-0-pen-drive-key-64gb-type-c-high-speed-pendrive-mini-flash-drive-memory-stick/ HTTP/1.0" 200 3177 "-" "Mozilla/5.0 (compatible; SemrushBot/7~bl; +http://www.semrush.com/bot.html)"
216.244.66.195 - - [22/Nov/2024:17:18:57 -0800] "GET /product/new-for-hp-15-bs-15t-bs-15-bw-15z-bw-250-g6-255-g6-laptop-lcd-back-cover-front-bezel-lcd-hinges-palmrest-bottom-case-924900-001/ HTTP/1.0" 200 3177 "-" "Mozilla/5.0 (compatible; DotBot/1.2; +https://opensiteexplorer.org/dotbot; help@moz.com)"
89.208.105.220 - - [22/Nov/2024:17:27:42 -0800] "GET / HTTP/1.0" 200 3177 "-" "Mozilla/5.0 (X11; Ubuntu; Linux i686 on x86_64; rv:50.0) Gecko/20100101 Firefox/50.0"
209.182.200.39 - - [22/Nov/2024:17:27:42 -0800] "POST /wp-cron.php?doing_wp_cron=1732325262.9466190338134765625000 HTTP/1.0" 200 - "http://llizardheartsallinone.shop/wp-cron.php?doing_wp_cron=1732325262.9466190338134765625000" "WordPress/5.3.18; http://llizardheartsallinone.shop"
89.208.105.220 - - [22/Nov/2024:17:27:42 -0800] "POST /wp-content/plugins/wp-automatic/inc/csv.php HTTP/1.0" 200 26 "http://llizardheartsallinone.shop/" "Mozilla/5.0 (X11; Ubuntu; Linux i686 on x86_64; rv:50.0) Gecko/20100101 Firefox/50.0"
89.208.105.220 - - [22/Nov/2024:17:27:43 -0800] "POST /wp-content/plugins/wp-automatic/inc/csv.php HTTP/1.0" 200 26 "http://llizardheartsallinone.shop/wp-content/plugins/wp-automatic/inc/csv.php" "Mozilla/5.0 (X11; Ubuntu; Linux i686 on x86_64; rv:50.0) Gecko/20100101 Firefox/50.0"
89.208.105.220 - - [22/Nov/2024:17:27:45 -0800] "POST /wp-content/plugins/wp-automatic/inc/csv.php HTTP/1.0" 200 26 "http://llizardheartsallinone.shop/wp-content/plugins/wp-automatic/inc/csv.php" "Mozilla/5.0 (X11; Ubuntu; Linux i686 on x86_64; rv:50.0) Gecko/20100101 Firefox/50.0"
89.208.105.220 - - [22/Nov/2024:17:27:45 -0800] "POST /wp-content/plugins/wp-automatic/inc/csv.php HTTP/1.0" 200 26 "http://llizardheartsallinone.shop/wp-content/plugins/wp-automatic/inc/csv.php" "Mozilla/5.0 (X11; Ubuntu; Linux i686 on x86_64; rv:50.0) Gecko/20100101 Firefox/50.0"
89.208.105.220 - - [22/Nov/2024:17:27:46 -0800] "POST /wp-content/plugins/wp-automatic/inc/csv.phpfd9da762a020.php HTTP/1.0" 200 3177 "http://llizardheartsallinone.shop/wp-content/plugins/wp-automatic/inc/csv.php" "Mozilla/5.0 (X11; Ubuntu; Linux i686 on x86_64; rv:50.0) Gecko/20100101 Firefox/50.0"
89.208.105.220 - - [22/Nov/2024:17:27:46 -0800] "POST /wp-content/plugins/wp-automatic/inc/csv.phpfd9da762a020.php HTTP/1.0" 200 3177 "http://llizardheartsallinone.shop/wp-content/plugins/wp-automatic/inc/csv.phpfd9da762a020.php" "Mozilla/5.0 (X11; Ubuntu; Linux i686 on x86_64; rv:50.0) Gecko/20100101 Firefox/50.0"
89.208.105.220 - - [22/Nov/2024:17:28:08 -0800] "POST /wp-content/plugins/wp-automatic/inc/csv.phpfd9da762a020.php HTTP/1.0" 200 3177 "http://llizardheartsallinone.shop/wp-content/plugins/wp-automatic/inc/csv.phpfd9da762a020.php" "Mozilla/5.0 (X11; Ubuntu; Linux i686 on x86_64; rv:50.0) Gecko/20100101 Firefox/50.0"
89.208.105.220 - - [22/Nov/2024:17:28:08 -0800] "POST /wp-content/plugins/wp-automatic/inc/csv.phpfd9da762a020.php HTTP/1.0" 200 3177 "http://llizardheartsallinone.shop/wp-content/plugins/wp-automatic/inc/csv.phpfd9da762a020.php" "Mozilla/5.0 (X11; Ubuntu; Linux i686 on x86_64; rv:50.0) Gecko/20100101 Firefox/50.0"
89.208.105.220 - - [22/Nov/2024:17:28:09 -0800] "GET /wp-login.php HTTP/1.0" 200 5245 "http://llizardheartsallinone.shop/wp-content/plugins/wp-automatic/inc/csv.phpfd9da762a020.php" "Mozilla/5.0 (X11; Ubuntu; Linux i686 on x86_64; rv:50.0) Gecko/20100101 Firefox/50.0"
89.208.105.220 - - [22/Nov/2024:17:28:10 -0800] "POST /wp-login.php HTTP/1.0" 302 - "http://llizardheartsallinone.shop/wp-login.php" "Mozilla/5.0 (X11; Ubuntu; Linux i686 on x86_64; rv:50.0) Gecko/20100101 Firefox/50.0"
89.208.105.220 - - [22/Nov/2024:17:28:10 -0800] "GET /wp-login.php?redirect_to=http%3A%2F%2Fllizardheartsallinone.shop%2Fwp-admin%2F&action=confirm_admin_email&wp_lang=en_US HTTP/1.0" 200 3814 "http://llizardheartsallinone.shop/wp-login.php" "Mozilla/5.0 (X11; Ubuntu; Linux i686 on x86_64; rv:50.0) Gecko/20100101 Firefox/50.0"
89.208.105.220 - - [22/Nov/2024:17:28:10 -0800] "GET /wp-admin/plugins.php HTTP/1.0" 200 189208 "http://llizardheartsallinone.shop/wp-login.php?redirect_to=http%3A%2F%2Fllizardheartsallinone.shop%2Fwp-admin%2F&action=confirm_admin_email&wp_lang=en_US" "Mozilla/5.0 (X11; Ubuntu; Linux i686 on x86_64; rv:50.0) Gecko/20100101 Firefox/50.0"
89.208.105.220 - - [22/Nov/2024:17:28:14 -0800] "GET /wp-admin/plugin-install.php HTTP/1.0" 200 156322 "http://llizardheartsallinone.shop/wp-admin/plugins.php" "Mozilla/5.0 (X11; Ubuntu; Linux i686 on x86_64; rv:50.0) Gecko/20100101 Firefox/50.0"
89.208.105.220 - - [22/Nov/2024:17:28:20 -0800] "POST /wp-admin/update.php?action=upload-plugin HTTP/1.0" 406 300 "http://llizardheartsallinone.shop/wp-admin/plugin-install.php" "Mozilla/5.0 (X11; Ubuntu; Linux i686 on x86_64; rv:50.0) Gecko/20100101 Firefox/50.0"
89.208.105.220 - - [22/Nov/2024:17:28:21 -0800] "GET /wp-content/uploads/2024/11/fd9da762a020.php HTTP/1.0" 200 3177 "http://llizardheartsallinone.shop/wp-admin/update.php?action=upload-plugin" "Mozilla/5.0 (X11; Ubuntu; Linux i686 on x86_64; rv:50.0) Gecko/20100101 Firefox/50.0"
89.208.105.220 - - [22/Nov/2024:17:28:21 -0800] "GET /wp-admin/plugins.php HTTP/1.0" 200 189208 "http://llizardheartsallinone.shop/wp-content/uploads/2024/11/fd9da762a020.php" "Mozilla/5.0 (X11; Ubuntu; Linux i686 on x86_64; rv:50.0) Gecko/20100101 Firefox/50.0"
89.208.105.220 - - [22/Nov/2024:17:28:22 -0800] "DELETE /wp-json/wp/v2/plugins/background-image-cropper/background-image-cropper HTTP/1.0" 200 3177 "http://llizardheartsallinone.shop/wp-admin/plugins.php" "Mozilla/5.0 (X11; Ubuntu; Linux i686 on x86_64; rv:50.0) Gecko/20100101 Firefox/50.0"
89.208.105.220 - - [22/Nov/2024:17:28:23 -0800] "GET /wp-admin/plugin-install.php HTTP/1.0" 200 156322 "http://llizardheartsallinone.shop/wp-json/wp/v2/plugins/background-image-cropper/background-image-cropper" "Mozilla/5.0 (X11; Ubuntu; Linux i686 on x86_64; rv:50.0) Gecko/20100101 Firefox/50.0"
89.208.105.220 - - [22/Nov/2024:17:28:24 -0800] "POST /wp-admin/update.php?action=upload-plugin HTTP/1.0" 200 92341 "http://llizardheartsallinone.shop/wp-admin/plugin-install.php" "Mozilla/5.0 (X11; Ubuntu; Linux i686 on x86_64; rv:50.0) Gecko/20100101 Firefox/50.0"
89.208.105.220 - - [22/Nov/2024:17:28:26 -0800] "POST /wp-content/plugins/background-image-cropper/accesson.php HTTP/1.0" 406 300 "http://llizardheartsallinone.shop/wp-admin/update.php?action=upload-plugin" "Mozilla/5.0 (X11; Ubuntu; Linux i686 on x86_64; rv:50.0) Gecko/20100101 Firefox/50.0"
89.208.105.220 - - [22/Nov/2024:17:28:26 -0800] "POST /wp-content/plugins/background-image-cropper/fd9da762a020.php HTTP/1.0" 200 3177 "http://llizardheartsallinone.shop/wp-content/plugins/background-image-cropper/accesson.php" "Mozilla/5.0 (X11; Ubuntu; Linux i686 on x86_64; rv:50.0) Gecko/20100101 Firefox/50.0"
52.195.210.12 - - [22/Nov/2024:17:29:53 -0800] "GET /wp-login.php HTTP/1.0" 200 5245 "-" "Mozilla/5.0"
52.195.210.12 - - [22/Nov/2024:17:29:53 -0800] "GET /?author=1 HTTP/1.0" 200 3177 "-" "Mozilla/5.0"
52.195.210.12 - - [22/Nov/2024:17:29:53 -0800] "GET /?feed=rss2 HTTP/1.0" 200 3177 "-" "Mozilla/5.0"
216.244.66.195 - - [22/Nov/2024:17:40:44 -0800] "GET /robots.txt HTTP/1.0" 200 30 "-" "Mozilla/5.0 (compatible; DotBot/1.2; +https://opensiteexplorer.org/dotbot; help@moz.com)"
216.244.66.195 - - [22/Nov/2024:17:43:50 -0800] "GET /product/koccido-makeup-brushes-22-pcs-makeup-kitfoundation-brush-eyeshadow-brush-make-up-brushes-set-green-22-piece-set/feed/ HTTP/1.0" 200 3177 "-" "Mozilla/5.0 (compatible; DotBot/1.2; +https://opensiteexplorer.org/dotbot; help@moz.com)"
89.208.105.220 - - [22/Nov/2024:17:43:56 -0800] "GET / HTTP/1.0" 200 3177 "-" "Mozilla/5.0 (Windows NT 5.1) AppleWebKit/537.36 (KHTML, like Gecko) Chrome/55.0.2889.87 Safari/537.36"
89.208.105.220 - - [22/Nov/2024:17:43:57 -0800] "POST /wp-content/plugins/wp-automatic/inc/csv.php HTTP/1.0" 406 300 "http://llizardheartsallinone.shop/" "Mozilla/5.0 (Windows NT 5.1) AppleWebKit/537.36 (KHTML, like Gecko) Chrome/55.0.2889.87 Safari/537.36"
89.208.105.220 - - [22/Nov/2024:17:43:57 -0800] "POST /wp-content/plugins/wp-automatic/inc/csv.phpfd9da762a020.php HTTP/1.0" 406 300 "http://llizardheartsallinone.shop/wp-content/plugins/wp-automatic/inc/csv.php" "Mozilla/5.0 (Windows NT 5.1) AppleWebKit/537.36 (KHTML, like Gecko) Chrome/55.0.2889.87 Safari/537.36"
89.208.105.220 - - [22/Nov/2024:17:43:57 -0800] "POST /wp-content/plugins/wp-automatic/inc/csv.phpfd9da762a020.php HTTP/1.0" 406 300 "http://llizardheartsallinone.shop/wp-content/plugins/wp-automatic/inc/csv.phpfd9da762a020.php" "Mozilla/5.0 (Windows NT 5.1) AppleWebKit/537.36 (KHTML, like Gecko) Chrome/55.0.2889.87 Safari/537.36"
89.208.105.220 - - [22/Nov/2024:17:44:04 -0800] "GET /wp-json/wp/v2/settings HTTP/1.0" 200 3177 "http://llizardheartsallinone.shop/wp-content/plugins/wp-automatic/inc/csv.phpfd9da762a020.php" "Mozilla/5.0 (Windows NT 5.1) AppleWebKit/537.36 (KHTML, like Gecko) Chrome/55.0.2889.87 Safari/537.36"
216.244.66.195 - - [22/Nov/2024:17:45:52 -0800] "GET /product-category/phone/feed/ HTTP/1.0" 200 3177 "-" "Mozilla/5.0 (compatible; DotBot/1.2; +https://opensiteexplorer.org/dotbot; help@moz.com)"
216.244.66.195 - - [22/Nov/2024:17:47:40 -0800] "GET /wp-content/uploads/2024/03/41-BPgkdFZL._AC_.jpg HTTP/1.0" 200 28731 "-" "Mozilla/5.0 (compatible; DotBot/1.2; +https://opensiteexplorer.org/dotbot; help@moz.com)"
216.244.66.195 - - [22/Nov/2024:17:47:42 -0800] "GET /wp-content/uploads/2024/03/51Uf2XWYsnL.jpg HTTP/1.0" 200 50307 "-" "Mozilla/5.0 (compatible; DotBot/1.2; +https://opensiteexplorer.org/dotbot; help@moz.com)"
85.208.96.201 - - [22/Nov/2024:17:48:01 -0800] "GET /robots.txt HTTP/1.0" 200 30 "-" "Mozilla/5.0 (compatible; SemrushBot/7~bl; +http://www.semrush.com/bot.html)"
85.208.96.207 - - [22/Nov/2024:17:48:02 -0800] "GET /shop/page/175/ HTTP/1.0" 200 3177 "-" "Mozilla/5.0 (compatible; SemrushBot/7~bl; +http://www.semrush.com/bot.html)"
216.244.66.195 - - [22/Nov/2024:18:03:29 -0800] "GET /product/wooden-classic-game-simulation-kitchen-series-toys-cutting-fruit-vegetable-set-toys-montessori-early-education-gifts/ HTTP/1.0" 200 3177 "-" "Mozilla/5.0 (compatible; DotBot/1.2; +https://opensiteexplorer.org/dotbot; help@moz.com)"
45.148.10.172 - - [22/Nov/2024:18:09:20 -0800] "GET /.env HTTP/1.0" 200 3177 "-" "Mozilla/5.0 (X11; Linux x86_64; rv:38.0) Gecko/20100101 Firefox/38.0"
45.148.10.172 - - [22/Nov/2024:18:09:20 -0800] "GET /.env HTTP/1.0" 200 3177 "-" "Mozilla/5.0 (X11; Linux x86_64) AppleWebKit/537.36 (KHTML, like Gecko) Chrome/74.0.3729.131 Safari/537.36"
209.182.200.39 - - [22/Nov/2024:18:18:59 -0800] "POST /wp-cron.php?doing_wp_cron=1732328339.3450829982757568359375 HTTP/1.0" 200 - "http://llizardheartsallinone.shop/wp-cron.php?doing_wp_cron=1732328339.3450829982757568359375" "WordPress/5.3.18; http://llizardheartsallinone.shop"
89.208.105.220 - - [22/Nov/2024:18:18:59 -0800] "GET /wp-login.php HTTP/1.0" 200 5245 "-" "Mozilla/5.0 (Windows NT 5.1; Win64; x64; Trident/7.0; rv:11.0) like Gecko"
89.208.105.220 - - [22/Nov/2024:18:19:00 -0800] "POST /wp-login.php HTTP/1.0" 302 - "http://llizardheartsallinone.shop/wp-login.php" "Mozilla/5.0 (Windows NT 5.1; Win64; x64; Trident/7.0; rv:11.0) like Gecko"
89.208.105.220 - - [22/Nov/2024:18:19:00 -0800] "GET /wp-login.php?redirect_to=http%3A%2F%2Fllizardheartsallinone.shop%2Fwp-admin%2F&action=confirm_admin_email&wp_lang=en_US HTTP/1.0" 200 3814 "http://llizardheartsallinone.shop/wp-login.php" "Mozilla/5.0 (Windows NT 5.1; Win64; x64; Trident/7.0; rv:11.0) like Gecko"
45.90.61.100 - - [22/Nov/2024:18:19:08 -0800] "GET / HTTP/1.0" 200 3177 "-" "Mozilla/5.0 (Windows NT 10.0; Win64; x64) AppleWebKit/537.36 (KHTML, like Gecko) Chrome/94.0.4606.61 Safari/537.36"
45.90.61.44 - - [22/Nov/2024:18:19:08 -0800] "GET /favicon.ico HTTP/1.0" 200 3177 "-" "Mozilla/5.0 (Windows NT 10.0; Win64; x64) AppleWebKit/537.36 (KHTML, like Gecko) Chrome/94.0.4606.61 Safari/537.36"
89.208.105.220 - - [22/Nov/2024:18:19:23 -0800] "GET /wp-admin/plugin-editor.php?file=wp-automatic%2Fp_ads.php&plugin=wp-automatic%2Fwp-automatic.php HTTP/1.0" 200 171188 "http://llizardheartsallinone.shop/wp-login.php?redirect_to=http%3A%2F%2Fllizardheartsallinone.shop%2Fwp-admin%2F&action=confirm_admin_email&wp_lang=en_US" "Mozilla/5.0 (Windows NT 5.1; Win64; x64; Trident/7.0; rv:11.0) like Gecko"
89.208.105.220 - - [22/Nov/2024:18:19:29 -0800] "POST /wp-admin/admin-ajax.php HTTP/1.0" 406 300 "http://llizardheartsallinone.shop/wp-admin/plugin-editor.php?file=wp-automatic%2Fp_ads.php&plugin=wp-automatic%2Fwp-automatic.php" "Mozilla/5.0 (Windows NT 5.1; Win64; x64; Trident/7.0; rv:11.0) like Gecko"
89.208.105.220 - - [22/Nov/2024:18:19:32 -0800] "GET /wp-content/plugins/wp-automatic/p_ads.php HTTP/1.0" 500 - "http://llizardheartsallinone.shop/wp-admin/admin-ajax.php" "Mozilla/5.0 (Windows NT 5.1; Win64; x64; Trident/7.0; rv:11.0) like Gecko"
89.208.105.220 - - [22/Nov/2024:18:19:32 -0800] "POST /wp-content/plugins/wp-automatic/p_ads.php HTTP/1.0" 406 300 "http://llizardheartsallinone.shop/wp-content/plugins/wp-automatic/p_ads.php" "Mozilla/5.0 (Windows NT 5.1; Win64; x64; Trident/7.0; rv:11.0) like Gecko"
89.208.105.220 - - [22/Nov/2024:18:19:33 -0800] "GET /wp-content/plugins/wp-automatic/fd9da762a020.php HTTP/1.0" 200 3177 "http://llizardheartsallinone.shop/wp-content/plugins/wp-automatic/p_ads.php" "Mozilla/5.0 (Windows NT 5.1; Win64; x64; Trident/7.0; rv:11.0) like Gecko"
89.208.105.220 - - [22/Nov/2024:18:19:33 -0800] "POST /wp-content/plugins/wp-automatic/p_ads.php HTTP/1.0" 500 - "http://llizardheartsallinone.shop/wp-content/plugins/wp-automatic/fd9da762a020.php" "Mozilla/5.0 (Windows NT 5.1; Win64; x64; Trident/7.0; rv:11.0) like Gecko"
89.208.105.220 - - [22/Nov/2024:18:19:34 -0800] "GET /wp-content/plugins/wp-automatic/fd9da762a020.php HTTP/1.0" 200 3177 "http://llizardheartsallinone.shop/wp-content/plugins/wp-automatic/p_ads.php" "Mozilla/5.0 (Windows NT 5.1; Win64; x64; Trident/7.0; rv:11.0) like Gecko"
85.208.96.207 - - [22/Nov/2024:18:20:45 -0800] "GET /product-category/toys-and-games/page/22/ HTTP/1.0" 200 3177 "-" "Mozilla/5.0 (compatible; SemrushBot/7~bl; +http://www.semrush.com/bot.html)"
216.244.66.195 - - [22/Nov/2024:18:28:04 -0800] "GET /robots.txt HTTP/1.0" 200 30 "-" "Mozilla/5.0 (compatible; DotBot/1.2; +https://opensiteexplorer.org/dotbot; help@moz.com)"
176.53.218.44 - - [22/Nov/2024:18:29:37 -0800] "GET / HTTP/1.0" 200 3177 "-" "Mozilla/5.0 (Windows NT 10.0; Win64; x64) AppleWebKit/537.36 (KHTML, like Gecko) Chrome/94.0.4606.61 Safari/537.36"
89.104.101.187 - - [22/Nov/2024:18:29:37 -0800] "GET /favicon.ico HTTP/1.0" 200 3177 "-" "Mozilla/5.0 (Windows NT 10.0; Win64; x64) AppleWebKit/537.36 (KHTML, like Gecko) Chrome/94.0.4606.61 Safari/537.36"
216.244.66.195 - - [22/Nov/2024:18:34:44 -0800] "GET /wp-content/uploads/2024/03/51hTUwR6L+L._AC_.jpg HTTP/1.0" 200 50738 "-" "Mozilla/5.0 (compatible; DotBot/1.2; +https://opensiteexplorer.org/dotbot; help@moz.com)"
85.208.96.202 - - [22/Nov/2024:18:36:48 -0800] "GET /product-category/uncategorized/page/7/ HTTP/1.0" 200 3177 "-" "Mozilla/5.0 (compatible; SemrushBot/7~bl; +http://www.semrush.com/bot.html)"
85.208.96.208 - - [22/Nov/2024:18:51:20 -0800] "GET /robots.txt HTTP/1.0" 200 30 "-" "Mozilla/5.0 (compatible; SemrushBot/7~bl; +http://www.semrush.com/bot.html)"
185.191.171.2 - - [22/Nov/2024:18:51:21 -0800] "GET /shop/page/329/ HTTP/1.0" 200 3177 "-" "Mozilla/5.0 (compatible; SemrushBot/7~bl; +http://www.semrush.com/bot.html)"
216.244.66.195 - - [22/Nov/2024:18:51:47 -0800] "GET /?filter_size=13-3-air-a1369-a1466%2C13-3-pro-m1-a2338%2C2021-pro-16-a2485 HTTP/1.0" 200 3177 "-" "Mozilla/5.0 (compatible; DotBot/1.2; +https://opensiteexplorer.org/dotbot; help@moz.com)"
67.211.221.178 - - [22/Nov/2024:19:00:14 -0800] "GET /.well-known/acme-challenge/QD-3MGQDNIMSVWWVOEL4ZRIOZZNF1YGA HTTP/1.0" 404 236 "-" "Cpanel-HTTP-Client/1.0"
67.211.221.178 - - [22/Nov/2024:19:00:19 -0800] "GET /.well-known/acme-challenge/GFBAO_LFM8CU65V_IELU3DC44RPQ1I6S HTTP/1.0" 404 236 "-" "Cpanel-HTTP-Client/1.0"
67.211.221.178 - - [22/Nov/2024:19:00:20 -0800] "GET /.well-known/acme-challenge/I6AXA-EAGKLYUO4TZEV8SXP82LG-X6MV HTTP/1.0" 404 236 "-" "Cpanel-HTTP-Client/1.0"
111.119.213.76 - - [22/Nov/2024:19:02:16 -0800] "GET /robots.txt HTTP/1.0" 200 30 "-" "Mozilla/5.0 (Windows NT 10.0; Win64; x64) AppleWebKit/537.36 (KHTML, like Gecko) Chrome/104.0.0.0 Safari/537.36"
54.36.148.99 - - [22/Nov/2024:19:13:31 -0800] "GET /robots.txt HTTP/1.0" 200 30 "-" "Mozilla/5.0 (compatible; AhrefsBot/7.0; +http://ahrefs.com/robot/)"
216.244.66.195 - - [22/Nov/2024:19:15:07 -0800] "GET /robots.txt HTTP/1.0" 200 30 "-" "Mozilla/5.0 (compatible; DotBot/1.2; +https://opensiteexplorer.org/dotbot; help@moz.com)"
85.208.96.211 - - [22/Nov/2024:19:17:20 -0800] "GET /product-category/toys-and-games/page/14/ HTTP/1.0" 200 3177 "-" "Mozilla/5.0 (compatible; SemrushBot/7~bl; +http://www.semrush.com/bot.html)"
216.244.66.195 - - [22/Nov/2024:19:18:22 -0800] "GET /wp-content/uploads/2024/03/41m14-IDojS._AC_.jpg HTTP/1.0" 200 23057 "-" "Mozilla/5.0 (compatible; DotBot/1.2; +https://opensiteexplorer.org/dotbot; help@moz.com)"
51.222.253.17 - - [22/Nov/2024:19:18:58 -0800] "GET /product/5-5-7mm-android-endoscope-3-in-1-usb-micro-usb-type-c-borescope-inspection-camera-waterproof-for-smartphone/?add-to-cart=6515 HTTP/1.0" 200 3177 "-" "Mozilla/5.0 (compatible; AhrefsBot/7.0; +http://ahrefs.com/robot/)"
185.191.171.13 - - [22/Nov/2024:19:20:48 -0800] "GET /product-category/home-and-kitchen/page/10/ HTTP/1.0" 200 3177 "-" "Mozilla/5.0 (compatible; SemrushBot/7~bl; +http://www.semrush.com/bot.html)"
216.244.66.195 - - [22/Nov/2024:19:21:26 -0800] "GET /wp-content/uploads/2024/03/51raQAZFp3L.jpg HTTP/1.0" 200 38512 "-" "Mozilla/5.0 (compatible; DotBot/1.2; +https://opensiteexplorer.org/dotbot; help@moz.com)"
85.208.96.202 - - [22/Nov/2024:19:37:10 -0800] "GET /product-category/uncategorized/page/8/ HTTP/1.0" 200 3177 "-" "Mozilla/5.0 (compatible; SemrushBot/7~bl; +http://www.semrush.com/bot.html)"
216.244.66.195 - - [22/Nov/2024:19:43:31 -0800] "GET /?filter_size=15-inch-2%2Cmacbook-12-inch%2Cmacbook-13-inch%2Cmacbook-15-inch HTTP/1.0" 200 3177 "-" "Mozilla/5.0 (compatible; DotBot/1.2; +https://opensiteexplorer.org/dotbot; help@moz.com)"
216.244.66.195 - - [22/Nov/2024:19:43:33 -0800] "GET /product/banigipa-bluetooth-headset-with-removable-microphone-noise-cancelling-wireless-headset-for-phones-laptop-computer-pc-open-ear-headphones-for-office-meeting-running-cycling-driving-working-12-hrs/ HTTP/1.0" 200 3177 "-" "Mozilla/5.0 (compatible; DotBot/1.2; +https://opensiteexplorer.org/dotbot; help@moz.com)"
216.244.66.195 - - [22/Nov/2024:19:43:35 -0800] "GET /shop/?filter_size=2019-pro-16-a2141,2022-air-13-6-a2681,retina-15-4-a1398 HTTP/1.0" 200 3177 "-" "Mozilla/5.0 (compatible; DotBot/1.2; +https://opensiteexplorer.org/dotbot; help@moz.com)"
45.148.10.172 - - [22/Nov/2024:19:45:54 -0800] "GET /.env HTTP/1.0" 200 3177 "-" "Mozilla/5.0 (X11; Linux i686; rv:12.0) Gecko/20100101 Firefox/12.0"
216.244.66.195 - - [22/Nov/2024:19:47:10 -0800] "GET /?filter_size=2019-pro16-a2141%2C2021-pro-16-a2485%2Cm1-chip-pro-13-a2338%2Cpro-13-a1706-a1708 HTTP/1.0" 200 3177 "-" "Mozilla/5.0 (compatible; DotBot/1.2; +https://opensiteexplorer.org/dotbot; help@moz.com)"
216.244.66.195 - - [22/Nov/2024:20:07:37 -0800] "GET /robots.txt HTTP/1.0" 200 30 "-" "Mozilla/5.0 (compatible; DotBot/1.2; +https://opensiteexplorer.org/dotbot; help@moz.com)"
85.208.96.210 - - [22/Nov/2024:20:10:19 -0800] "GET /robots.txt HTTP/1.0" 200 30 "-" "Mozilla/5.0 (compatible; SemrushBot/7~bl; +http://www.semrush.com/bot.html)"
185.191.171.7 - - [22/Nov/2024:20:10:20 -0800] "GET /product/shandian-usb-3-0-high-speed-free-custom-logo-wooden-usb-flash-drive-maple-wood-box-pendrive-4gb-32gb-64gb-memory-stick-gifts/ HTTP/1.0" 200 3177 "-" "Mozilla/5.0 (compatible; SemrushBot/7~bl; +http://www.semrush.com/bot.html)"
216.244.66.195 - - [22/Nov/2024:20:10:47 -0800] "GET /wp-content/uploads/2023/12/51HskSkqj2L.jpg HTTP/1.0" 200 54858 "-" "Mozilla/5.0 (compatible; DotBot/1.2; +https://opensiteexplorer.org/dotbot; help@moz.com)"
216.244.66.195 - - [22/Nov/2024:20:13:44 -0800] "GET /wp-content/uploads/2024/03/41Bj9eD3j5L._AC_.jpg HTTP/1.0" 200 22371 "-" "Mozilla/5.0 (compatible; DotBot/1.2; +https://opensiteexplorer.org/dotbot; help@moz.com)"
17.241.227.208 - - [22/Nov/2024:20:17:16 -0800] "GET /robots.txt HTTP/1.0" 200 30 "-" "Mozilla/5.0 (Macintosh; Intel Mac OS X 10_15_7) AppleWebKit/605.1.15 (KHTML, like Gecko) Version/17.4 Safari/605.1.15 (Applebot/0.1; +http://www.apple.com/go/applebot)"
17.241.227.208 - - [22/Nov/2024:20:17:16 -0800] "GET /product/american-beauty/ HTTP/1.0" 200 3177 "-" "Mozilla/5.0 (Macintosh; Intel Mac OS X 10_15_7) AppleWebKit/605.1.15 (KHTML, like Gecko) Version/17.4 Safari/605.1.15 (Applebot/0.1; +http://www.apple.com/go/applebot)"
216.244.66.195 - - [22/Nov/2024:20:23:48 -0800] "GET /?filter_size=2019-air-13-a1932%2Cair-11-a1370-a1465%2Cold-air-a1466-a1369 HTTP/1.0" 200 3177 "-" "Mozilla/5.0 (compatible; DotBot/1.2; +https://opensiteexplorer.org/dotbot; help@moz.com)"
66.175.44.36 - - [22/Nov/2024:20:26:44 -0800] "POST /xmlrpc.php HTTP/1.0" 200 3177 "-" "Mozilla/5.0 (X11; Fedora; Linux x86_64; rv:89.0) Gecko/20100101 Firefox/89.0"
216.244.66.195 - - [22/Nov/2024:20:31:55 -0800] "GET /?filter_size=2022-pro-13-a2338%2Cm1-chip-air-13-a2337%2Cmodel-a1398%2Cmodel-a1708 HTTP/1.0" 200 3177 "-" "Mozilla/5.0 (compatible; DotBot/1.2; +https://opensiteexplorer.org/dotbot; help@moz.com)"
216.244.66.195 - - [22/Nov/2024:20:35:58 -0800] "GET /?filter_size=12-inch-a1534-a1931%2C2019-air-13-a1932%2Ca1278-with-cd-rom%2Cmodel-a1398 HTTP/1.0" 200 3177 "-" "Mozilla/5.0 (compatible; DotBot/1.2; +https://opensiteexplorer.org/dotbot; help@moz.com)"
216.244.66.195 - - [22/Nov/2024:20:36:22 -0800] "GET /?filter_size=2019-pro16-a2141%2C2022-air-13-a2681-m2%2Ca2159-a1706-a1989%2Cmodel-a1708 HTTP/1.0" 200 3177 "-" "Mozilla/5.0 (compatible; DotBot/1.2; +https://opensiteexplorer.org/dotbot; help@moz.com)"
162.240.223.89 - - [22/Nov/2024:20:40:46 -0800] "POST /xmlrpc.php HTTP/1.0" 200 3177 "-" "Mozilla/5.0 (X11; Fedora; Linux x86_64; rv:89.0) Gecko/20100101 Firefox/89.0"
51.222.253.20 - - [22/Nov/2024:20:46:17 -0800] "GET /?action=yith-woocompare-add-product&id=6580 HTTP/1.0" 200 3177 "-" "Mozilla/5.0 (compatible; AhrefsBot/7.0; +http://ahrefs.com/robot/)"
51.222.253.8 - - [22/Nov/2024:20:49:53 -0800] "GET /product/2pcs-orange-exfoliating-whitening-gel-scrub-face-body-skin-orange-exfoliating-gel-natural-orange-peeling-gel-face-scrub/ HTTP/1.0" 200 3177 "-" "Mozilla/5.0 (compatible; AhrefsBot/7.0; +http://ahrefs.com/robot/)"
54.36.174.69 - - [22/Nov/2024:20:55:10 -0800] "POST /xmlrpc.php HTTP/1.0" 200 3177 "-" "Mozilla/5.0 (X11; Fedora; Linux x86_64; rv:89.0) Gecko/20100101 Firefox/89.0"
216.244.66.195 - - [22/Nov/2024:20:59:46 -0800] "GET /robots.txt HTTP/1.0" 200 30 "-" "Mozilla/5.0 (compatible; DotBot/1.2; +https://opensiteexplorer.org/dotbot; help@moz.com)"
216.244.66.195 - - [22/Nov/2024:21:03:12 -0800] "GET /wp-content/uploads/2024/03/41wDYYKOZZS._AC_.jpg HTTP/1.0" 200 23696 "-" "Mozilla/5.0 (compatible; DotBot/1.2; +https://opensiteexplorer.org/dotbot; help@moz.com)"
216.244.66.195 - - [22/Nov/2024:21:03:16 -0800] "GET /wp-content/uploads/2024/03/51Pa1tR-fPL._AC_.jpg HTTP/1.0" 200 41846 "-" "Mozilla/5.0 (compatible; DotBot/1.2; +https://opensiteexplorer.org/dotbot; help@moz.com)"
216.244.66.195 - - [22/Nov/2024:21:06:06 -0800] "GET /product/refrigerator-deodorizerlasts-for-10-yearsrefrigerator-odor-eliminatorfridge-deodorizerbeats-baking-soda-and-bamboo-charcoal-air-purifying-bags/feed/ HTTP/1.0" 200 3177 "-" "Mozilla/5.0 (compatible; DotBot/1.2; +https://opensiteexplorer.org/dotbot; help@moz.com)"
216.244.66.195 - - [22/Nov/2024:21:06:32 -0800] "GET /product/phone-case-for-samsung-galaxy-s24-ultra-5g-with-tempered-glass-screen-protector-credit-card-holder-wallet-cover-stand-leather-cell-accessories-s24ultra-24s-s-24-24ultra-2024-6-8-inch-women-men-green/feed/ HTTP/1.0" 200 3177 "-" "Mozilla/5.0 (compatible; DotBot/1.2; +https://opensiteexplorer.org/dotbot; help@moz.com)"
216.244.66.195 - - [22/Nov/2024:21:06:35 -0800] "GET /wp-content/uploads/2024/03/4100k4y0SML._AC_.jpg HTTP/1.0" 200 26778 "-" "Mozilla/5.0 (compatible; DotBot/1.2; +https://opensiteexplorer.org/dotbot; help@moz.com)"
216.244.66.195 - - [22/Nov/2024:21:06:36 -0800] "GET /wp-content/uploads/2024/03/41SKTYA+O2L._AC_.jpg HTTP/1.0" 200 29779 "-" "Mozilla/5.0 (compatible; DotBot/1.2; +https://opensiteexplorer.org/dotbot; help@moz.com)"
216.244.66.195 - - [22/Nov/2024:21:06:38 -0800] "GET /wp-content/uploads/2024/03/51FAr0v9DmS._AC_.jpg HTTP/1.0" 200 35073 "-" "Mozilla/5.0 (compatible; DotBot/1.2; +https://opensiteexplorer.org/dotbot; help@moz.com)"
216.244.66.195 - - [22/Nov/2024:21:06:41 -0800] "GET /wp-content/uploads/2024/03/51J3AIGpemL._AC_.jpg HTTP/1.0" 200 38067 "-" "Mozilla/5.0 (compatible; DotBot/1.2; +https://opensiteexplorer.org/dotbot; help@moz.com)"
152.42.220.94 - - [22/Nov/2024:21:06:42 -0800] "GET /wp-admin/setup-config.php?step=1 HTTP/1.0" 500 2804 "-" "Apache/2.4.34 (Ubuntu) OpenSSL/1.1.1 (internal dummy connection)"
152.42.220.94 - - [22/Nov/2024:21:06:42 -0800] "GET /wordpress/wp-admin/setup-config.php?step=1 HTTP/1.0" 200 3177 "-" "Apache/2.4.34 (Ubuntu) OpenSSL/1.1.1 (internal dummy connection)"
216.244.66.195 - - [22/Nov/2024:21:06:42 -0800] "GET /wp-content/uploads/2024/03/51MjFVCUaWL._AC_.jpg HTTP/1.0" 200 39365 "-" "Mozilla/5.0 (compatible; DotBot/1.2; +https://opensiteexplorer.org/dotbot; help@moz.com)"
216.244.66.195 - - [22/Nov/2024:21:06:45 -0800] "GET /wp-content/uploads/2024/03/51XojWartuL.jpg HTTP/1.0" 200 40224 "-" "Mozilla/5.0 (compatible; DotBot/1.2; +https://opensiteexplorer.org/dotbot; help@moz.com)"
216.244.66.195 - - [22/Nov/2024:21:06:46 -0800] "GET /wp-content/uploads/2024/03/51f1ceCItNL._AC_.jpg HTTP/1.0" 200 52502 "-" "Mozilla/5.0 (compatible; DotBot/1.2; +https://opensiteexplorer.org/dotbot; help@moz.com)"
216.244.66.195 - - [22/Nov/2024:21:06:47 -0800] "GET /wp-content/uploads/2024/03/51fYdIy-tSL._AC_.jpg HTTP/1.0" 200 39991 "-" "Mozilla/5.0 (compatible; DotBot/1.2; +https://opensiteexplorer.org/dotbot; help@moz.com)"
216.244.66.195 - - [22/Nov/2024:21:06:48 -0800] "GET /wp-content/uploads/2024/03/51gCMbZvunL._AC_.jpg HTTP/1.0" 200 35758 "-" "Mozilla/5.0 (compatible; DotBot/1.2; +https://opensiteexplorer.org/dotbot; help@moz.com)"
216.244.66.195 - - [22/Nov/2024:21:06:50 -0800] "GET /wp-content/uploads/2024/03/51ktBZxve1S._AC_.jpg HTTP/1.0" 200 47693 "-" "Mozilla/5.0 (compatible; DotBot/1.2; +https://opensiteexplorer.org/dotbot; help@moz.com)"
216.244.66.195 - - [22/Nov/2024:21:06:52 -0800] "GET /wp-content/uploads/2024/03/51l8hSNsjFL._AC_.jpg HTTP/1.0" 200 28380 "-" "Mozilla/5.0 (compatible; DotBot/1.2; +https://opensiteexplorer.org/dotbot; help@moz.com)"
216.244.66.195 - - [22/Nov/2024:21:06:54 -0800] "GET /wp-content/uploads/2024/03/914tJWhQCWL._AC_SL1500_.jpg HTTP/1.0" 200 406186 "-" "Mozilla/5.0 (compatible; DotBot/1.2; +https://opensiteexplorer.org/dotbot; help@moz.com)"
171.233.131.209 - - [22/Nov/2024:21:10:42 -0800] "POST /xmlrpc.php HTTP/1.0" 200 3177 "-" "Mozilla/5.0 (X11; Fedora; Linux x86_64; rv:94.0) Gecko/20100101 Firefox/95.0"
216.244.66.195 - - [22/Nov/2024:21:10:59 -0800] "GET /wp-content/uploads/2022/12/Kid-Instant-Print-Camera-Thermal-Printing-Camera-Digital-Photo-Camera-Girl-s-Toy-Child-Camera-Video-3.webp HTTP/1.0" 200 3177 "-" "Mozilla/5.0 (compatible; DotBot/1.2; +https://opensiteexplorer.org/dotbot; help@moz.com)"