179.43.188.122 - - [22/Nov/2024:11:32:43 -0800] "GET /js/libs/.git/config HTTP/1.0" 200 3177 "-" "Mozilla/5.0 (Windows NT 10.0; Win64; x64) AppleWebKit/537.36 (KHTML, like Gecko) Chrome/124.0.0.0 Safari/537.36,gzip(gfe)"
179.43.188.122 - - [22/Nov/2024:11:32:43 -0800] "GET /api/.git/config HTTP/1.0" 200 3177 "-" "Mozilla/5.0 (Windows NT 10.0; Win64; x64) AppleWebKit/537.36 (KHTML, like Gecko) Chrome/123.0.0.0 Safari/537.36 Edg/123.0.0.0 maglev/24074.2320.2799.6852/49"
179.43.188.122 - - [22/Nov/2024:11:32:43 -0800] "GET /src/.git/config HTTP/1.0" 200 3177 "-" "Mozilla/5.0 (Windows NT 10.0; Win64; x64) AppleWebKit/537.36 (KHTML, like Gecko) Chrome/91.0.4472.101 Safari/537.36 Edg/91.0.864.48"
179.43.188.122 - - [22/Nov/2024:11:32:43 -0800] "GET /source/.git/config HTTP/1.0" 200 3177 "-" "Mozilla/5.0 (Windows NT 6.3) AppleWebKit/537.36 (KHTML, like Gecko) Chrome/94.0.4606.81 Safari/537.36"
179.43.188.122 - - [22/Nov/2024:11:32:43 -0800] "GET /vendor/.git/config HTTP/1.0" 200 3177 "-" "Mozilla/5.0 (Macintosh; Intel Mac OS X 10_10; rv:40.0) Gecko/20100101 Firefox/40.0"
179.43.188.122 - - [22/Nov/2024:11:32:43 -0800] "GET /views/.git/config HTTP/1.0" 200 3177 "-" "Mozilla/5.0 (Macintosh; Intel Mac OS X 11_13_7) AppleWebKit/570.18 (KHTML, like Gecko) Version/13.0 Safari/570.18"
179.43.188.122 - - [22/Nov/2024:11:32:43 -0800] "GET /app/.git/config HTTP/1.0" 200 3177 "-" "Mozilla/5.0 (X11; Linux x86_64) AppleWebKit/537.36 (KHTML, like Gecko) Chrome/119.0.0.0 Safari/537.36 Edg/119.0.0.0"
179.43.188.122 - - [22/Nov/2024:11:32:43 -0800] "GET /layout/.git/config HTTP/1.0" 200 3177 "-" "Mozilla/5.0 (Windows NT 5.1; rv:58.0) Gecko/20100101 Firefox/58.0"
179.43.188.122 - - [22/Nov/2024:11:32:43 -0800] "GET /backend/.git/config HTTP/1.0" 200 3177 "-" "Mozilla/5.0 (Windows NT 10.0; Win64; x64) AppleWebKit/537.36 (KHTML, like Gecko) Chrome/62.0.3202.62 Safari/537.36"
179.43.188.122 - - [22/Nov/2024:11:32:43 -0800] "GET /templates/.git/config HTTP/1.0" 200 3177 "-" "Mozilla/5.0 (Macintosh; Intel Mac OS X 10_10_1) AppleWebKit/600.2.5 (KHTML, like Gecko) Version/8.0 Safari/600.1.25"
179.43.188.122 - - [22/Nov/2024:11:32:43 -0800] "GET /template/.git/config HTTP/1.0" 200 3177 "-" "Mozilla/5.0 (Macintosh; Intel Mac OS X 10_15_7) AppleWebKit/537.36 (KHTML, like Gecko) Chrome/119.0.0.0 Safari/537.36"
179.43.188.122 - - [22/Nov/2024:11:32:43 -0800] "GET /panel/.git/config HTTP/1.0" 200 3177 "-" "Mozilla/5.0 (Windows NT 10.0; Win64; x64) AppleWebKit/537.36 (KHTML, like Gecko) Chrome/115.0.0.0 Safari/537.36 Edg/115.0.1901.203"
179.43.188.122 - - [22/Nov/2024:11:32:43 -0800] "GET /admin/.git/config HTTP/1.0" 200 3177 "-" "Mozilla/5.0 (Macintosh; Intel Mac OS X 11_3_1) AppleWebKit/605.1.15 (KHTML, like Gecko) Version/9.1.2 Safari/605.1.15"
179.43.188.122 - - [22/Nov/2024:11:32:43 -0800] "GET /themes/.git/config HTTP/1.0" 200 3177 "-" "Mozilla/5.0 (X11; Linux x86_64) AppleWebKit/537.36 (KHTML, like Gecko) Chrome/77.0.3865.90 Safari/537.36"
179.43.188.122 - - [22/Nov/2024:11:32:43 -0800] "GET /config/.git/config HTTP/1.0" 200 3177 "-" "Mozilla/5.0 (Macintosh; Intel Mac OS X 10_12_6) AppleWebKit/604.5.6 (KHTML, like Gecko) Version/11.0.3 Safari/604.5.6"
179.43.188.122 - - [22/Nov/2024:11:32:43 -0800] "GET /resources/.git/config HTTP/1.0" 200 3177 "-" "Mozilla/5.0 (Windows NT 10.0; Win64; x64) AppleWebKit/537.36 (KHTML, like Gecko) Chrome/96.0.4664.110 Safari/537.36 Edg/96.0.1054.62"
179.43.188.122 - - [22/Nov/2024:11:32:43 -0800] "GET /img../.git/config HTTP/1.0" 200 3177 "-" "Mozilla/5.0 (X11; Linux x86_64) AppleWebKit/537.36 (KHTML, like Gecko) Chrome/111.0.0.0 Safari/537.36"
179.43.188.122 - - [22/Nov/2024:11:32:43 -0800] "GET /media/uploads/.git/config HTTP/1.0" 200 3177 "-" "Mozilla/5.0 (Windows NT 10.0; Win64; x64) AppleWebKit/537.36 (KHTML, like Gecko) Chrome/89.0.4389.72 Safari/537.36 Edg/89.0.774.45"
179.43.188.122 - - [22/Nov/2024:11:32:43 -0800] "GET /css../.git/config HTTP/1.0" 200 3177 "-" "Mozilla/5.0 (Windows NT 10.0; Win64; x64) AppleWebKit/537.36 (KHTML, like Gecko) Chrome/85.0.4183.102 Safari/537.36 Edg/85.0.564.51"
179.43.188.122 - - [22/Nov/2024:11:32:43 -0800] "GET /uploads/.git/config HTTP/1.0" 200 3177 "-" "Mozilla/5.0 (Macintosh; Intel Mac OS X 10_15_7) AppleWebKit/605.1.15 (KHTML, like Gecko) Version/16.4 Safari/605.1.15"
179.43.188.122 - - [22/Nov/2024:11:32:43 -0800] "GET /files/.git/config HTTP/1.0" 200 3177 "-" "Mozilla/5.0 (Windows NT 10.0; Win64; x64) AppleWebKit/537.36 (KHTML, like Gecko) Chrome/106.0.0.0 Safari/537.36 Edg/106.0.1370.52"
179.43.188.122 - - [22/Nov/2024:11:32:43 -0800] "GET /assets../.git/config HTTP/1.0" 200 3177 "-" "Mozilla/5.0 (Macintosh; Intel Mac OS X 10_15; rv:77.0) Gecko/20100101 Firefox/77.0"
179.43.188.122 - - [22/Nov/2024:11:32:43 -0800] "GET /modules/.git/config HTTP/1.0" 200 3177 "-" "Mozilla/5.0 (Macintosh; Intel Mac OS X 10_15_6) AppleWebKit/605.1.15 (KHTML, like Gecko) Version/14.0.2 Safari/605.1.15"
179.43.188.122 - - [22/Nov/2024:11:32:43 -0800] "GET /plugins/.git/config HTTP/1.0" 200 3177 "-" "Mozilla/5.0 (Macintosh; Intel Mac OS X 10_14_6) AppleWebKit/537.36 (KHTML, like Gecko) Chrome/91.0.4464.0 Safari/537.36 Edg/91.0.852.0"
179.43.188.122 - - [22/Nov/2024:11:32:43 -0800] "GET /extensions/.git/config HTTP/1.0" 200 3177 "-" "Mozilla/5.0 (Windows NT 10.0; rv:102.0) Gecko/20100101 Firefox/102.0"
179.43.188.122 - - [22/Nov/2024:11:32:43 -0800] "GET /wp-content/.git/config HTTP/1.0" 200 3177 "-" "Mozilla/5.0 (Windows NT 6.1; rv:2.0b6pre) Gecko/20100903 Firefox/4.0b6pre Firefox/4.0b6pre"
179.43.188.122 - - [22/Nov/2024:11:32:43 -0800] "GET /drupal/sites/.git/config HTTP/1.0" 200 3177 "-" "Mozilla/5.0 (Macintosh; Intel Mac OS X 10_15) AppleWebKit/605.1.15 (KHTML, like Gecko) Version/13.0.4 Safari/605.1.15"
179.43.188.122 - - [22/Nov/2024:11:32:43 -0800] "GET /prestashop/.git/config HTTP/1.0" 200 3177 "-" "Mozilla/5.0 (Macintosh; Intel Mac OS X 10_11_6) AppleWebKit/537.36 (KHTML, like Gecko) Chrome/103.0.0.0 Safari/537.36"
179.43.188.122 - - [22/Nov/2024:11:32:43 -0800] "GET /documentation/.git/config HTTP/1.0" 200 3177 "-" "Mozilla/5.0 (Windows NT 6.2; Win64; x64; rv:64.0) Gecko/20100101 Firefox/64.0"
179.43.188.122 - - [22/Nov/2024:11:32:43 -0800] "GET /docs/.git/config HTTP/1.0" 200 3177 "-" "Mozilla/5.0 (Windows NT 10.0; Win64; x64; rv:109.0) Gecko/20100101 Firefox/111.0"
179.43.188.122 - - [22/Nov/2024:11:32:43 -0800] "GET /data/.git/config HTTP/1.0" 200 3177 "-" "Mozilla/5.0 (Windows NT 10.0; Win64; x64) AppleWebKit/537.36 (KHTML, like Gecko) Chrome/74.0.3729.169 Safari/537.36"
179.43.188.122 - - [22/Nov/2024:11:32:43 -0800] "GET /node_modules/.git/config HTTP/1.0" 200 3177 "-" "Mozilla/5.0 (Macintosh; Intel Mac OS X 14_4_1) AppleWebKit/605.1.15 (KHTML, like Gecko) Version/17.4.1 Safari/605.1.15"
179.43.188.122 - - [22/Nov/2024:11:32:43 -0800] "GET /database/.git/config HTTP/1.0" 200 3177 "-" "Mozilla/5.0 (Macintosh; Intel Mac OS X 10_15_4) AppleWebKit/604.4.15 (KHTML, like Gecko) Version/16.3 Safari/604.4.1"
179.43.188.122 - - [22/Nov/2024:11:32:43 -0800] "GET /cache/.git/config HTTP/1.0" 200 3177 "-" "Mozilla/5.0 (Macintosh; Intel Mac OS X 10_15; rv:71.0) Gecko/20100101 Firefox/71.0"
179.43.188.122 - - [22/Nov/2024:11:32:43 -0800] "GET /public/.git/config HTTP/1.0" 200 3177 "-" "Mozilla/5.0 (Windows NT 10.0; Win64; x64) AppleWebKit/537.36 (KHTML, like Gecko) Chrome/112.0.0.0 Safari/537.36 Edg/112.0.1722.64"
179.43.188.122 - - [22/Nov/2024:11:32:43 -0800] "GET /lib/.git/config HTTP/1.0" 200 3177 "-" "Mozilla/5.0 (Macintosh; Intel Mac OS X 10.15; rv:122.0) Gecko/20100101 Firefox/122.0"
179.43.188.122 - - [22/Nov/2024:11:32:43 -0800] "GET /bower_components/.git/config HTTP/1.0" 200 3177 "-" "Mozilla/5.0 (Macintosh; Intel Mac OS X 11_11) AppleWebKit/537.36 (KHTML, like Gecko) Chrome/100.0.4883.150 Safari/537.36"
179.43.188.122 - - [22/Nov/2024:11:32:43 -0800] "GET /dist/.git/config HTTP/1.0" 200 3177 "-" "Mozilla/5.0 (Windows NT 10.0; rv:102.0) Gecko/20100101 Firefox/102.0"
179.43.188.122 - - [22/Nov/2024:11:32:43 -0800] "GET /shared/.git/config HTTP/1.0" 200 3177 "-" "Mozilla/5.0 (Windows NT 5.1; rv:35.0) Gecko/20100101 Firefox/35.0"
179.43.188.122 - - [22/Nov/2024:11:32:43 -0800] "GET /common/.git/config HTTP/1.0" 200 3177 "-" "Mozilla/5.0 (X11; Linux x86_64; rv:97.0) Gecko/20100101 Firefox/97.0"
179.43.188.122 - - [22/Nov/2024:11:32:43 -0800] "GET /env/.git/config HTTP/1.0" 200 3177 "-" "Mozilla/5.0 (Windows NT 6.3; Win64; x64) AppleWebKit/537.36 (KHTML, like Gecko) Chrome/42.0.2311.135 Safari/537.36 Edge/12.10240"
216.244.66.195 - - [22/Nov/2024:11:35:17 -0800] "GET /?filter_size=magicbook-pro-16-1%2Cmatebook-14-2021%2Cmatebook-16%2Cmatebook-x-pro HTTP/1.0" 200 3177 "-" "Mozilla/5.0 (compatible; DotBot/1.2; +https://opensiteexplorer.org/dotbot; help@moz.com)"
185.191.171.13 - - [22/Nov/2024:11:35:28 -0800] "GET /product-category/beauty/beauty-accessories/page/6/ HTTP/1.0" 200 3177 "-" "Mozilla/5.0 (compatible; SemrushBot/7~bl; +http://www.semrush.com/bot.html)"
216.244.66.195 - - [22/Nov/2024:11:35:43 -0800] "GET /product-category/apppliances/?filter_size=a1278-with-cd-rom,model-a1425-a1502 HTTP/1.0" 200 3177 "-" "Mozilla/5.0 (compatible; DotBot/1.2; +https://opensiteexplorer.org/dotbot; help@moz.com)"
216.244.66.195 - - [22/Nov/2024:11:36:09 -0800] "GET /shop/?filter_size=2021-pro-16-a2485,a2159-a1706-a1989,m1-m2-pro-13-a2338 HTTP/1.0" 200 3177 "-" "Mozilla/5.0 (compatible; DotBot/1.2; +https://opensiteexplorer.org/dotbot; help@moz.com)"
85.208.96.200 - - [22/Nov/2024:11:43:00 -0800] "GET /product-category/computers-accessories/page/17/ HTTP/1.0" 200 3177 "-" "Mozilla/5.0 (compatible; SemrushBot/7~bl; +http://www.semrush.com/bot.html)"
162.142.125.208 - - [22/Nov/2024:11:48:35 -0800] "GET / HTTP/1.0" 200 3177 "-" "Mozilla/5.0 (compatible; CensysInspect/1.1; +https://about.censys.io/)"
162.142.125.208 - - [22/Nov/2024:11:48:36 -0800] "GET /favicon.ico HTTP/1.0" 200 3177 "-" "Mozilla/5.0 (compatible; CensysInspect/1.1; +https://about.censys.io/)"
216.244.66.195 - - [22/Nov/2024:11:58:28 -0800] "GET /robots.txt HTTP/1.0" 200 30 "-" "Mozilla/5.0 (compatible; DotBot/1.2; +https://opensiteexplorer.org/dotbot; help@moz.com)"
216.244.66.195 - - [22/Nov/2024:12:00:32 -0800] "GET /product/outdoor-plus-running-gloves-for-menthermal-touch-screen-driving-gloves-for-hiking-sport-walkingwinter-gloves-waterproof/feed/ HTTP/1.0" 200 3177 "-" "Mozilla/5.0 (compatible; DotBot/1.2; +https://opensiteexplorer.org/dotbot; help@moz.com)"
216.244.66.195 - - [22/Nov/2024:12:00:40 -0800] "GET /wp-content/uploads/2024/03/51w2BbBU6nL._AC_.jpg HTTP/1.0" 200 32889 "-" "Mozilla/5.0 (compatible; DotBot/1.2; +https://opensiteexplorer.org/dotbot; help@moz.com)"
85.208.96.198 - - [22/Nov/2024:12:11:46 -0800] "GET /product-category/fashion/health-beauty-bags/page/5/ HTTP/1.0" 200 3177 "-" "Mozilla/5.0 (compatible; SemrushBot/7~bl; +http://www.semrush.com/bot.html)"
216.244.66.195 - - [22/Nov/2024:12:18:41 -0800] "GET /?filter_size=air-11-a1370-a1465%2Cair-m2-a2681%2Cpro-16-2-a2485%2Cpro15-a1707-a1990 HTTP/1.0" 200 3177 "-" "Mozilla/5.0 (compatible; DotBot/1.2; +https://opensiteexplorer.org/dotbot; help@moz.com)"
216.244.66.195 - - [22/Nov/2024:12:18:43 -0800] "GET /?filter_size=magicbook-pro-16-1%2Cmatebook-13s%2Cmatebook-14-2020%2Cmatebook-d15 HTTP/1.0" 200 3177 "-" "Mozilla/5.0 (compatible; DotBot/1.2; +https://opensiteexplorer.org/dotbot; help@moz.com)"
216.244.66.195 - - [22/Nov/2024:12:18:45 -0800] "GET /?filter_size=magicbook-x14-2021%2Cmatebook-13%2Cmatebook-14-2021%2Cmatebook-d14 HTTP/1.0" 200 3177 "-" "Mozilla/5.0 (compatible; DotBot/1.2; +https://opensiteexplorer.org/dotbot; help@moz.com)"
216.244.66.195 - - [22/Nov/2024:12:18:46 -0800] "GET /?filter_size=matebook-13-2020%2Cmatebook-13s%2Cmatebook-14-2021%2Cmatebook-x-pro HTTP/1.0" 200 3177 "-" "Mozilla/5.0 (compatible; DotBot/1.2; +https://opensiteexplorer.org/dotbot; help@moz.com)"
216.244.66.195 - - [22/Nov/2024:12:18:48 -0800] "GET /product-category/apppliances/?filter_size=m1-chip-air-13-a2337,model-a1398 HTTP/1.0" 200 3177 "-" "Mozilla/5.0 (compatible; DotBot/1.2; +https://opensiteexplorer.org/dotbot; help@moz.com)"
209.182.200.39 - - [22/Nov/2024:12:19:05 -0800] "POST /wp-cron.php?doing_wp_cron=1732306745.5074820518493652343750 HTTP/1.0" 200 - "http://llizardheartsallinone.shop/wp-cron.php?doing_wp_cron=1732306745.5074820518493652343750" "WordPress/5.3.18; http://llizardheartsallinone.shop"
89.208.105.220 - - [22/Nov/2024:12:19:05 -0800] "GET /wp-login.php HTTP/1.0" 200 5245 "-" "Mozilla/5.0 (X11; Linux i686 on x86_64; rv:50.0) Gecko/20100101 Firefox/50.0"
89.208.105.220 - - [22/Nov/2024:12:19:06 -0800] "POST /wp-login.php HTTP/1.0" 302 - "http://llizardheartsallinone.shop/wp-login.php" "Mozilla/5.0 (X11; Linux i686 on x86_64; rv:50.0) Gecko/20100101 Firefox/50.0"
89.208.105.220 - - [22/Nov/2024:12:19:06 -0800] "GET /wp-login.php?redirect_to=http%3A%2F%2Fllizardheartsallinone.shop%2Fwp-admin%2F&action=confirm_admin_email&wp_lang=en_US HTTP/1.0" 200 3814 "http://llizardheartsallinone.shop/wp-login.php" "Mozilla/5.0 (X11; Linux i686 on x86_64; rv:50.0) Gecko/20100101 Firefox/50.0"
89.208.105.220 - - [22/Nov/2024:12:19:07 -0800] "GET /wp-admin/plugin-editor.php?file=wp-automatic%2Fp_ads.php&plugin=wp-automatic%2Fwp-automatic.php HTTP/1.0" 200 171136 "http://llizardheartsallinone.shop/wp-login.php?redirect_to=http%3A%2F%2Fllizardheartsallinone.shop%2Fwp-admin%2F&action=confirm_admin_email&wp_lang=en_US" "Mozilla/5.0 (X11; Linux i686 on x86_64; rv:50.0) Gecko/20100101 Firefox/50.0"
147.93.128.101 - - [22/Nov/2024:12:19:47 -0800] "GET /wp-content/plugins/ioxi/ew.php HTTP/1.0" 200 3177 "-" "Mozlila/5.0 (Linux; Android 7.0; SM-G892A Bulid/NRD90M; wv) AppleWebKit/537.36 (KHTML, like Gecko) Version/4.0 Chrome/60.0.3112.107 Moblie Safari/537.36"
147.93.128.101 - - [22/Nov/2024:12:19:49 -0800] "GET /wp-content/plugins/ioxi/ew1.php HTTP/1.0" 200 3177 "-" "Mozlila/5.0 (Linux; Android 7.0; SM-G892A Bulid/NRD90M; wv) AppleWebKit/537.36 (KHTML, like Gecko) Version/4.0 Chrome/60.0.3112.107 Moblie Safari/537.36"
147.93.128.101 - - [22/Nov/2024:12:19:55 -0800] "GET /wp-content/plugins/ioxi/ew11.PhP7 HTTP/1.0" 200 3177 "-" "Mozlila/5.0 (Linux; Android 7.0; SM-G892A Bulid/NRD90M; wv) AppleWebKit/537.36 (KHTML, like Gecko) Version/4.0 Chrome/60.0.3112.107 Moblie Safari/537.36"
89.208.105.220 - - [22/Nov/2024:12:20:21 -0800] "POST /wp-admin/admin-ajax.php HTTP/1.0" 406 300 "http://llizardheartsallinone.shop/wp-admin/plugin-editor.php?file=wp-automatic%2Fp_ads.php&plugin=wp-automatic%2Fwp-automatic.php" "Mozilla/5.0 (X11; Linux i686 on x86_64; rv:50.0) Gecko/20100101 Firefox/50.0"
89.208.105.220 - - [22/Nov/2024:12:20:22 -0800] "GET /wp-content/plugins/wp-automatic/p_ads.php HTTP/1.0" 500 - "http://llizardheartsallinone.shop/wp-admin/admin-ajax.php" "Mozilla/5.0 (X11; Linux i686 on x86_64; rv:50.0) Gecko/20100101 Firefox/50.0"
89.208.105.220 - - [22/Nov/2024:12:20:22 -0800] "POST /wp-content/plugins/wp-automatic/p_ads.php HTTP/1.0" 406 300 "http://llizardheartsallinone.shop/wp-content/plugins/wp-automatic/p_ads.php" "Mozilla/5.0 (X11; Linux i686 on x86_64; rv:50.0) Gecko/20100101 Firefox/50.0"
89.208.105.220 - - [22/Nov/2024:12:20:23 -0800] "GET /wp-content/plugins/wp-automatic/fd9da762a020.php HTTP/1.0" 200 3177 "http://llizardheartsallinone.shop/wp-content/plugins/wp-automatic/p_ads.php" "Mozilla/5.0 (X11; Linux i686 on x86_64; rv:50.0) Gecko/20100101 Firefox/50.0"
89.208.105.220 - - [22/Nov/2024:12:20:23 -0800] "POST /wp-content/plugins/wp-automatic/p_ads.php HTTP/1.0" 500 - "http://llizardheartsallinone.shop/wp-content/plugins/wp-automatic/fd9da762a020.php" "Mozilla/5.0 (X11; Linux i686 on x86_64; rv:50.0) Gecko/20100101 Firefox/50.0"
89.208.105.220 - - [22/Nov/2024:12:20:24 -0800] "GET /wp-content/plugins/wp-automatic/fd9da762a020.php HTTP/1.0" 200 3177 "http://llizardheartsallinone.shop/wp-content/plugins/wp-automatic/p_ads.php" "Mozilla/5.0 (X11; Linux i686 on x86_64; rv:50.0) Gecko/20100101 Firefox/50.0"
216.244.66.195 - - [22/Nov/2024:12:24:15 -0800] "GET /?filter_size=2020-air13-a2179%2Ca1706-a1989-a2159%2Cnew-pro16-inch-a2141%2Cpro15-a1707-a1990 HTTP/1.0" 200 3177 "-" "Mozilla/5.0 (compatible; DotBot/1.2; +https://opensiteexplorer.org/dotbot; help@moz.com)"
216.244.66.195 - - [22/Nov/2024:12:24:18 -0800] "GET /?filter_size=new-pro16-inch-a2141%2Cpro-14-2-a2442%2Cpro-16-2-a2485%2Cpro13-a1502-a1425 HTTP/1.0" 200 3177 "-" "Mozilla/5.0 (compatible; DotBot/1.2; +https://opensiteexplorer.org/dotbot; help@moz.com)"
216.244.66.195 - - [22/Nov/2024:12:24:22 -0800] "GET /shop/?filter_size=2022-air-13-a2681-m2,a2159-a1706-a1989 HTTP/1.0" 200 3177 "-" "Mozilla/5.0 (compatible; DotBot/1.2; +https://opensiteexplorer.org/dotbot; help@moz.com)"
216.244.66.195 - - [22/Nov/2024:12:24:25 -0800] "GET /shop/?filter_size=oldair13-a1369-a1466,pro-dvd-rom-13-a1278,pro15-a1707-a1990 HTTP/1.0" 200 3177 "-" "Mozilla/5.0 (compatible; DotBot/1.2; +https://opensiteexplorer.org/dotbot; help@moz.com)"
198.235.24.140 - - [22/Nov/2024:12:25:12 -0800] "GET / HTTP/1.0" 406 300 "-" "-"
147.185.132.165 - - [22/Nov/2024:12:44:14 -0800] "GET / HTTP/1.0" 406 300 "-" "Expanse, a Palo Alto Networks company, searches across the global IPv4 space multiple times per day to identify customers' presences on the Internet. If you would like to be excluded from our scans, please send IP addresses/domains to: scaninfo@paloaltonetworks.com"
216.244.66.195 - - [22/Nov/2024:12:49:33 -0800] "GET /robots.txt HTTP/1.0" 200 30 "-" "Mozilla/5.0 (compatible; DotBot/1.2; +https://opensiteexplorer.org/dotbot; help@moz.com)"
216.244.66.195 - - [22/Nov/2024:12:51:58 -0800] "GET /wp-content/uploads/2024/03/51ApdB0IlrL._AC_.jpg HTTP/1.0" 200 51515 "-" "Mozilla/5.0 (compatible; DotBot/1.2; +https://opensiteexplorer.org/dotbot; help@moz.com)"
216.244.66.195 - - [22/Nov/2024:12:52:38 -0800] "GET /category/news/feed/ HTTP/1.0" 200 3177 "-" "Mozilla/5.0 (compatible; DotBot/1.2; +https://opensiteexplorer.org/dotbot; help@moz.com)"
216.244.66.195 - - [22/Nov/2024:12:53:08 -0800] "GET /shop/?filter_size=13-3-air-m1-a2337,13-3-pro-m1-a2338 HTTP/1.0" 200 3177 "-" "Mozilla/5.0 (compatible; DotBot/1.2; +https://opensiteexplorer.org/dotbot; help@moz.com)"
216.244.66.195 - - [22/Nov/2024:12:53:38 -0800] "GET /shop/?filter_size=13-3-pro-a1989-a2159,16-pro-a2141 HTTP/1.0" 200 3177 "-" "Mozilla/5.0 (compatible; DotBot/1.2; +https://opensiteexplorer.org/dotbot; help@moz.com)"
216.244.66.195 - - [22/Nov/2024:12:54:08 -0800] "GET /shop/?filter_size=matebook-14-2020,matebook-d15 HTTP/1.0" 200 3177 "-" "Mozilla/5.0 (compatible; DotBot/1.2; +https://opensiteexplorer.org/dotbot; help@moz.com)"
216.244.66.195 - - [22/Nov/2024:12:54:41 -0800] "GET /product/animal-rainbow-stacking-ring-tower-stapelring-blocks-kids-montessori-toys-early-education-teaching-aids-wood-baby-toys-gift-zxh-2/feed/ HTTP/1.0" 200 3177 "-" "Mozilla/5.0 (compatible; DotBot/1.2; +https://opensiteexplorer.org/dotbot; help@moz.com)"
216.244.66.195 - - [22/Nov/2024:12:55:12 -0800] "GET /product/furniture-repair-kit-wood-markers-set-of-12-markers-and-wax-sticks-with-sharpener-kit-for-stains-scratches-wood-floors-tables-desks-carpenters-bedposts-touch-ups-and-cover-ups/feed/ HTTP/1.0" 200 3177 "-" "Mozilla/5.0 (compatible; DotBot/1.2; +https://opensiteexplorer.org/dotbot; help@moz.com)"
216.244.66.195 - - [22/Nov/2024:12:55:44 -0800] "GET /wp-content/uploads/2024/03/414H7P3KIrL._AC_.jpg HTTP/1.0" 200 24563 "-" "Mozilla/5.0 (compatible; DotBot/1.2; +https://opensiteexplorer.org/dotbot; help@moz.com)"
216.244.66.195 - - [22/Nov/2024:12:56:15 -0800] "GET /wp-content/uploads/2024/03/512X7AGhYBL._AC_.jpg HTTP/1.0" 200 46548 "-" "Mozilla/5.0 (compatible; DotBot/1.2; +https://opensiteexplorer.org/dotbot; help@moz.com)"
216.244.66.195 - - [22/Nov/2024:12:57:28 -0800] "GET /shop/?filter_size=2019-pro16-a2141,2022-pro-13-a2338 HTTP/1.0" 200 3177 "-" "Mozilla/5.0 (compatible; DotBot/1.2; +https://opensiteexplorer.org/dotbot; help@moz.com)"
67.211.221.178 - - [22/Nov/2024:13:00:36 -0800] "GET /.well-known/acme-challenge/FQQGHSSV35-S_S01L_76MRZYXVATXJT8 HTTP/1.0" 404 236 "-" "Cpanel-HTTP-Client/1.0"
67.211.221.178 - - [22/Nov/2024:13:00:40 -0800] "GET /.well-known/acme-challenge/P3E94L3RKHWTV9V12Y1I-2WIX_T7H9I_ HTTP/1.0" 404 236 "-" "Cpanel-HTTP-Client/1.0"
67.211.221.178 - - [22/Nov/2024:13:00:42 -0800] "GET /.well-known/acme-challenge/QQKIHT6QNL412LE56NP_NRSB2LOVPJHR HTTP/1.0" 404 236 "-" "Cpanel-HTTP-Client/1.0"
216.244.66.195 - - [22/Nov/2024:13:01:38 -0800] "GET /shop/?filter_size=model-a1398,model-a1707-a1990,model-a1708 HTTP/1.0" 200 3177 "-" "Mozilla/5.0 (compatible; DotBot/1.2; +https://opensiteexplorer.org/dotbot; help@moz.com)"
85.208.96.205 - - [22/Nov/2024:13:05:55 -0800] "GET /robots.txt HTTP/1.0" 200 30 "-" "Mozilla/5.0 (compatible; SemrushBot/7~bl; +http://www.semrush.com/bot.html)"
185.191.171.12 - - [22/Nov/2024:13:05:59 -0800] "GET /product-category/home-and-kitchen/page/7/ HTTP/1.0" 200 3177 "-" "Mozilla/5.0 (compatible; SemrushBot/7~bl; +http://www.semrush.com/bot.html)"
190.92.221.190 - - [22/Nov/2024:13:07:27 -0800] "GET /robots.txt HTTP/1.0" 200 30 "-" "Mozilla/5.0 (Windows NT 10.0; Win64; x64) AppleWebKit/537.36 (KHTML, like Gecko) Chrome/101.0.4951.64 Safari/537.36 Edg/101.0.1210.47"
216.244.66.195 - - [22/Nov/2024:13:10:17 -0800] "GET /?filter_size=air-11-a1370-a1465%2Cpro-16-2-a2485%2Cpro-dvd-rom-13-a1278 HTTP/1.0" 200 3177 "-" "Mozilla/5.0 (compatible; DotBot/1.2; +https://opensiteexplorer.org/dotbot; help@moz.com)"
216.244.66.195 - - [22/Nov/2024:13:10:47 -0800] "GET /product/wooden-leaf-pen-drive-128gb-creative-gift-flash-drives-64gb-free-custom-logo-memory-stick-32gb-real-capacity-u-disk-16gb-8gb-4gb/ HTTP/1.0" 200 3177 "-" "Mozilla/5.0 (compatible; DotBot/1.2; +https://opensiteexplorer.org/dotbot; help@moz.com)"
185.191.171.3 - - [22/Nov/2024:13:11:08 -0800] "GET /product/jaster-hot-sale-mini-usb-flash-drive-64gb-pen-drive-32gb-u-disk-waterproof-memory-stick-8gb-16gb-business-gift-external-storage/ HTTP/1.0" 200 3177 "-" "Mozilla/5.0 (compatible; SemrushBot/7~bl; +http://www.semrush.com/bot.html)"
216.244.66.195 - - [22/Nov/2024:13:14:46 -0800] "GET /?filter_size=13-inch-2%2C14-inch-2%2C15-inch-2%2C16-inch-2%2Cmacbook-15-inch HTTP/1.0" 200 3177 "-" "Mozilla/5.0 (compatible; DotBot/1.2; +https://opensiteexplorer.org/dotbot; help@moz.com)"
216.244.66.195 - - [22/Nov/2024:13:15:17 -0800] "GET /?filter_size=matebook-13-2020%2Cmatebook-14s%2Cmatebook-d15%2Cmatebook-x-2020 HTTP/1.0" 200 3177 "-" "Mozilla/5.0 (compatible; DotBot/1.2; +https://opensiteexplorer.org/dotbot; help@moz.com)"
216.244.66.195 - - [22/Nov/2024:13:15:48 -0800] "GET /product/wansenda-3-in-1-usb-flash-drive-usb-3-0-type-c-micro-usb-512gb-256gb-128gb-pendrive-64gb-32gb-otg-pen-drive-memory-stick/ HTTP/1.0" 200 3177 "-" "Mozilla/5.0 (compatible; DotBot/1.2; +https://opensiteexplorer.org/dotbot; help@moz.com)"
216.244.66.195 - - [22/Nov/2024:13:16:18 -0800] "GET /shop/?filter_size=13-3-air-m1-a2337,13-3-pro-a1706-a1708 HTTP/1.0" 200 3177 "-" "Mozilla/5.0 (compatible; DotBot/1.2; +https://opensiteexplorer.org/dotbot; help@moz.com)"
216.244.66.195 - - [22/Nov/2024:13:19:53 -0800] "GET /?filter_size=13-3-air-a1932%2C2021-pro-14-a2442%2C2021-pro-16-a2485%2Cretina12-a1534-a1931 HTTP/1.0" 200 3177 "-" "Mozilla/5.0 (compatible; DotBot/1.2; +https://opensiteexplorer.org/dotbot; help@moz.com)"
216.244.66.195 - - [22/Nov/2024:13:20:23 -0800] "GET /?filter_size=air-11-a1370-a1465%2Cpro-12-a1534-a1931%2Cpro-16-2-a2485%2Cpro-retina-15-a1398 HTTP/1.0" 200 3177 "-" "Mozilla/5.0 (compatible; DotBot/1.2; +https://opensiteexplorer.org/dotbot; help@moz.com)"
216.244.66.195 - - [22/Nov/2024:13:20:54 -0800] "GET /shop/?filter_size=2020-air-13-a2179,2022-air-13-a2681,model-a1398,model-a1708,model-a2289-a2251 HTTP/1.0" 200 3177 "-" "Mozilla/5.0 (compatible; DotBot/1.2; +https://opensiteexplorer.org/dotbot; help@moz.com)"
216.244.66.195 - - [22/Nov/2024:13:21:24 -0800] "GET /shop/?filter_size=air-13-a1369-a1466,pro-13-a1706-a1708,pro-13-chip-m1-a2338,retina12-a1534-a1931 HTTP/1.0" 200 3177 "-" "Mozilla/5.0 (compatible; DotBot/1.2; +https://opensiteexplorer.org/dotbot; help@moz.com)"
223.15.245.170 - - [22/Nov/2024:13:22:37 -0800] "GET / HTTP/1.0" 200 3177 "-" "Mozilla/5.0 (iPhone; CPU iPhone OS 13_2_3 like Mac OS X) AppleWebKit/605.1.15 (KHTML, like Gecko) Version/13.0.3 Mobile/15E148 Safari/604.1"
34.13.173.24 - - [22/Nov/2024:13:31:27 -0800] "GET / HTTP/1.0" 200 3177 "-" "Go-http-client/1.1"
34.13.173.24 - - [22/Nov/2024:13:31:28 -0800] "GET /wp-includes/css/buttons.css HTTP/1.0" 200 9546 "-" "Go-http-client/1.1"
51.222.253.8 - - [22/Nov/2024:13:33:35 -0800] "GET /product/hp-15-slim-laptop-in-silver-intel-i3-1115g4-up-to-4-1ghz-8gb-ram-256gb-ssd-15-6in-full-hd-lcd-webcam-wifi-hdmi-windows-11-15-dy200-renewed/ HTTP/1.0" 200 3177 "-" "Mozilla/5.0 (compatible; AhrefsBot/7.0; +http://ahrefs.com/robot/)"
216.244.66.195 - - [22/Nov/2024:13:37:07 -0800] "GET /robots.txt HTTP/1.0" 200 30 "-" "Mozilla/5.0 (compatible; DotBot/1.2; +https://opensiteexplorer.org/dotbot; help@moz.com)"
216.244.66.195 - - [22/Nov/2024:13:39:41 -0800] "GET /wp-content/uploads/2024/03/51hIyEBQEJL._AC_.jpg HTTP/1.0" 200 34146 "-" "Mozilla/5.0 (compatible; DotBot/1.2; +https://opensiteexplorer.org/dotbot; help@moz.com)"
216.244.66.195 - - [22/Nov/2024:13:43:29 -0800] "GET /wp-content/uploads/2024/03/41vgXS+DzBL._AC_.jpg HTTP/1.0" 200 27170 "-" "Mozilla/5.0 (compatible; DotBot/1.2; +https://opensiteexplorer.org/dotbot; help@moz.com)"
216.244.66.195 - - [22/Nov/2024:13:43:34 -0800] "GET /wp-content/uploads/2024/03/51-D4FbSCqL._AC_.jpg HTTP/1.0" 200 38295 "-" "Mozilla/5.0 (compatible; DotBot/1.2; +https://opensiteexplorer.org/dotbot; help@moz.com)"
216.244.66.195 - - [22/Nov/2024:13:43:38 -0800] "GET /wp-content/uploads/2024/03/516njm+hfKL._AC_.jpg HTTP/1.0" 200 36144 "-" "Mozilla/5.0 (compatible; DotBot/1.2; +https://opensiteexplorer.org/dotbot; help@moz.com)"
216.244.66.195 - - [22/Nov/2024:13:43:40 -0800] "GET /wp-content/uploads/2024/03/51X55xnl9HL._AC_.jpg HTTP/1.0" 200 32944 "-" "Mozilla/5.0 (compatible; DotBot/1.2; +https://opensiteexplorer.org/dotbot; help@moz.com)"
216.244.66.195 - - [22/Nov/2024:13:43:42 -0800] "GET /wp-content/uploads/2024/03/51g70zPSOZL._AC_.jpg HTTP/1.0" 200 41709 "-" "Mozilla/5.0 (compatible; DotBot/1.2; +https://opensiteexplorer.org/dotbot; help@moz.com)"
216.244.66.195 - - [22/Nov/2024:13:43:44 -0800] "GET /wp-content/uploads/2024/03/61bUPwg12LL._AC_.jpg HTTP/1.0" 200 61801 "-" "Mozilla/5.0 (compatible; DotBot/1.2; +https://opensiteexplorer.org/dotbot; help@moz.com)"
216.244.66.195 - - [22/Nov/2024:13:48:28 -0800] "GET /?action=yith-woocompare-add-product&id=27829 HTTP/1.0" 200 3177 "-" "Mozilla/5.0 (compatible; DotBot/1.2; +https://opensiteexplorer.org/dotbot; help@moz.com)"
216.244.66.195 - - [22/Nov/2024:13:48:29 -0800] "GET /shop/?filter_size=new-air-13-a2179,pro-13-a2251-a2289 HTTP/1.0" 200 3177 "-" "Mozilla/5.0 (compatible; DotBot/1.2; +https://opensiteexplorer.org/dotbot; help@moz.com)"
40.77.167.136 - - [22/Nov/2024:14:02:17 -0800] "GET /product/andobil-newest-62-15-magsafe-tripod-for-iphone-magnetic-selfie-stick-tripod-with-remote-stable-cell-phone-tripod-stand-travel-tripod-lightweight-tripod-for-iphone-15-pro-max-14-13-gopro-camera/feed/ HTTP/1.0" 200 3177 "-" "Mozilla/5.0 AppleWebKit/537.36 (KHTML, like Gecko; compatible; bingbot/2.0; +http://www.bing.com/bingbot.htm) Chrome/116.0.1938.76 Safari/537.36"
216.244.66.195 - - [22/Nov/2024:14:03:22 -0800] "GET /shop/?filter_size=onesize HTTP/1.0" 200 3177 "-" "Mozilla/5.0 (compatible; DotBot/1.2; +https://opensiteexplorer.org/dotbot; help@moz.com)"
216.244.66.195 - - [22/Nov/2024:14:08:01 -0800] "GET /?filter_size=matebook-d15%2Cmatebook-x-2020%2Cmatebook-x-pro HTTP/1.0" 200 3177 "-" "Mozilla/5.0 (compatible; DotBot/1.2; +https://opensiteexplorer.org/dotbot; help@moz.com)"
216.244.66.195 - - [22/Nov/2024:14:08:02 -0800] "GET /product/wireless-remote-female-vibrator-egg-vaginal-g-spot-masturbation-clitoris-stimulator-kegel-ball-ben-wa-ball-sex-toys-for-women/ HTTP/1.0" 200 3177 "-" "Mozilla/5.0 (compatible; DotBot/1.2; +https://opensiteexplorer.org/dotbot; help@moz.com)"
216.244.66.195 - - [22/Nov/2024:14:08:03 -0800] "GET /shop/?filter_size=magicbook-x15-2021,matebook-d15 HTTP/1.0" 200 3177 "-" "Mozilla/5.0 (compatible; DotBot/1.2; +https://opensiteexplorer.org/dotbot; help@moz.com)"
216.244.66.195 - - [22/Nov/2024:14:27:15 -0800] "GET /robots.txt HTTP/1.0" 200 30 "-" "Mozilla/5.0 (compatible; DotBot/1.2; +https://opensiteexplorer.org/dotbot; help@moz.com)"
216.244.66.195 - - [22/Nov/2024:14:29:52 -0800] "GET /wp-content/uploads/2024/03/41WEKV7WHCL.jpg HTTP/1.0" 200 28411 "-" "Mozilla/5.0 (compatible; DotBot/1.2; +https://opensiteexplorer.org/dotbot; help@moz.com)"
205.210.31.213 - - [22/Nov/2024:14:29:55 -0800] "GET / HTTP/1.0" 406 300 "-" "Expanse, a Palo Alto Networks company, searches across the global IPv4 space multiple times per day to identify customers' presences on the Internet. If you would like to be excluded from our scans, please send IP addresses/domains to: scaninfo@paloaltonetworks.com"
216.244.66.195 - - [22/Nov/2024:14:29:56 -0800] "GET /wp-content/uploads/2024/03/51rrAtVMSVL._AC_.jpg HTTP/1.0" 200 38064 "-" "Mozilla/5.0 (compatible; DotBot/1.2; +https://opensiteexplorer.org/dotbot; help@moz.com)"
216.244.66.195 - - [22/Nov/2024:14:37:13 -0800] "GET /product/hp-14-laptop-intel-celeron-n4020-4-gb-ram-64-gb-storage-14-inch-micro-edge-hd-display-windows-11-home-thin-portable-4k-graphics-one-year-of-microsoft-365-14-dq0040nr-2021-snowflake-white/feed/ HTTP/1.0" 200 3177 "-" "Mozilla/5.0 (compatible; DotBot/1.2; +https://opensiteexplorer.org/dotbot; help@moz.com)"
216.244.66.195 - - [22/Nov/2024:14:37:14 -0800] "GET /shop/?filter_size=s HTTP/1.0" 200 3177 "-" "Mozilla/5.0 (compatible; DotBot/1.2; +https://opensiteexplorer.org/dotbot; help@moz.com)"
216.244.66.195 - - [22/Nov/2024:14:37:15 -0800] "GET /wp-content/uploads/2023/12/41EKy0-ewOL._AC_.jpg HTTP/1.0" 200 21192 "-" "Mozilla/5.0 (compatible; DotBot/1.2; +https://opensiteexplorer.org/dotbot; help@moz.com)"
216.244.66.195 - - [22/Nov/2024:14:37:15 -0800] "GET /wp-content/uploads/2023/12/51ck23RQjzL._AC_.jpg HTTP/1.0" 200 29272 "-" "Mozilla/5.0 (compatible; DotBot/1.2; +https://opensiteexplorer.org/dotbot; help@moz.com)"
216.244.66.195 - - [22/Nov/2024:14:37:16 -0800] "GET /wp-content/uploads/2023/12/619RDOZ4b8L._AC_SL1500_.jpg HTTP/1.0" 200 91921 "-" "Mozilla/5.0 (compatible; DotBot/1.2; +https://opensiteexplorer.org/dotbot; help@moz.com)"
216.244.66.195 - - [22/Nov/2024:14:37:17 -0800] "GET /wp-content/uploads/2024/03/31sex4XWTAL.jpg HTTP/1.0" 200 16188 "-" "Mozilla/5.0 (compatible; DotBot/1.2; +https://opensiteexplorer.org/dotbot; help@moz.com)"
216.244.66.195 - - [22/Nov/2024:14:37:18 -0800] "GET /wp-content/uploads/2024/03/410YQQTAcWL.jpg HTTP/1.0" 200 30678 "-" "Mozilla/5.0 (compatible; DotBot/1.2; +https://opensiteexplorer.org/dotbot; help@moz.com)"
216.244.66.195 - - [22/Nov/2024:14:37:18 -0800] "GET /wp-content/uploads/2024/03/412UcQR5H9L._AC_.jpg HTTP/1.0" 200 24108 "-" "Mozilla/5.0 (compatible; DotBot/1.2; +https://opensiteexplorer.org/dotbot; help@moz.com)"
216.244.66.195 - - [22/Nov/2024:14:37:19 -0800] "GET /wp-content/uploads/2024/03/41D5Siww2tL._AC_.jpg HTTP/1.0" 200 24804 "-" "Mozilla/5.0 (compatible; DotBot/1.2; +https://opensiteexplorer.org/dotbot; help@moz.com)"
216.244.66.195 - - [22/Nov/2024:14:37:20 -0800] "GET /wp-content/uploads/2024/03/41Otq1pU+eL._AC_.jpg HTTP/1.0" 200 28074 "-" "Mozilla/5.0 (compatible; DotBot/1.2; +https://opensiteexplorer.org/dotbot; help@moz.com)"
216.244.66.195 - - [22/Nov/2024:14:37:22 -0800] "GET /wp-content/uploads/2024/03/41TjXtkZsuL._AC_.jpg HTTP/1.0" 200 21686 "-" "Mozilla/5.0 (compatible; DotBot/1.2; +https://opensiteexplorer.org/dotbot; help@moz.com)"
216.244.66.195 - - [22/Nov/2024:14:37:22 -0800] "GET /wp-content/uploads/2024/03/41Ua0cY+EBS._AC_.jpg HTTP/1.0" 200 18118 "-" "Mozilla/5.0 (compatible; DotBot/1.2; +https://opensiteexplorer.org/dotbot; help@moz.com)"
216.244.66.195 - - [22/Nov/2024:14:37:24 -0800] "GET /wp-content/uploads/2024/03/41iRP7oL0uL._AC_.jpg HTTP/1.0" 200 30525 "-" "Mozilla/5.0 (compatible; DotBot/1.2; +https://opensiteexplorer.org/dotbot; help@moz.com)"
216.244.66.195 - - [22/Nov/2024:14:37:25 -0800] "GET /wp-content/uploads/2024/03/41wUQ4lf6-L._AC_.jpg HTTP/1.0" 200 20598 "-" "Mozilla/5.0 (compatible; DotBot/1.2; +https://opensiteexplorer.org/dotbot; help@moz.com)"
216.244.66.195 - - [22/Nov/2024:14:37:26 -0800] "GET /wp-content/uploads/2024/03/5113KsYkwKL._AC_.jpg HTTP/1.0" 200 46871 "-" "Mozilla/5.0 (compatible; DotBot/1.2; +https://opensiteexplorer.org/dotbot; help@moz.com)"
216.244.66.195 - - [22/Nov/2024:14:37:28 -0800] "GET /wp-content/uploads/2024/03/514WaLEb-QL._AC_.jpg HTTP/1.0" 200 31531 "-" "Mozilla/5.0 (compatible; DotBot/1.2; +https://opensiteexplorer.org/dotbot; help@moz.com)"
216.244.66.195 - - [22/Nov/2024:14:37:29 -0800] "GET /wp-content/uploads/2024/03/51FduNEEhjL._AC_.jpg HTTP/1.0" 200 26985 "-" "Mozilla/5.0 (compatible; DotBot/1.2; +https://opensiteexplorer.org/dotbot; help@moz.com)"
216.244.66.195 - - [22/Nov/2024:14:37:29 -0800] "GET /wp-content/uploads/2024/03/51HsxHtgFGL._AC_.jpg HTTP/1.0" 200 29582 "-" "Mozilla/5.0 (compatible; DotBot/1.2; +https://opensiteexplorer.org/dotbot; help@moz.com)"
216.244.66.195 - - [22/Nov/2024:14:37:31 -0800] "GET /wp-content/uploads/2024/03/51K2igD9x8L._AC_.jpg HTTP/1.0" 200 51837 "-" "Mozilla/5.0 (compatible; DotBot/1.2; +https://opensiteexplorer.org/dotbot; help@moz.com)"
216.244.66.195 - - [22/Nov/2024:14:37:32 -0800] "GET /wp-content/uploads/2024/03/51PuVwIX1qL._AC_.jpg HTTP/1.0" 200 46116 "-" "Mozilla/5.0 (compatible; DotBot/1.2; +https://opensiteexplorer.org/dotbot; help@moz.com)"
216.244.66.195 - - [22/Nov/2024:14:37:34 -0800] "GET /wp-content/uploads/2024/03/51Y+4OPYzJL._AC_.jpg HTTP/1.0" 200 30996 "-" "Mozilla/5.0 (compatible; DotBot/1.2; +https://opensiteexplorer.org/dotbot; help@moz.com)"
216.244.66.195 - - [22/Nov/2024:14:37:35 -0800] "GET /wp-content/uploads/2024/03/51hfZpLmiZL._AC_.jpg HTTP/1.0" 200 41565 "-" "Mozilla/5.0 (compatible; DotBot/1.2; +https://opensiteexplorer.org/dotbot; help@moz.com)"
216.244.66.195 - - [22/Nov/2024:14:37:36 -0800] "GET /wp-content/uploads/2024/03/51iQjA3umRS._AC_.jpg HTTP/1.0" 200 40324 "-" "Mozilla/5.0 (compatible; DotBot/1.2; +https://opensiteexplorer.org/dotbot; help@moz.com)"
216.244.66.195 - - [22/Nov/2024:14:37:37 -0800] "GET /wp-content/uploads/2024/03/51vO8voWkIL._AC_.jpg HTTP/1.0" 200 50401 "-" "Mozilla/5.0 (compatible; DotBot/1.2; +https://opensiteexplorer.org/dotbot; help@moz.com)"
216.244.66.195 - - [22/Nov/2024:14:43:07 -0800] "GET /wp-content/uploads/2024/03/1711349681_31jsZMFKXlL._AC_.jpg HTTP/1.0" 200 10488 "-" "Mozilla/5.0 (compatible; DotBot/1.2; +https://opensiteexplorer.org/dotbot; help@moz.com)"
170.106.65.93 - - [22/Nov/2024:14:46:18 -0800] "GET / HTTP/1.0" 200 3177 "-" "Mozilla/5.0 (iPhone; CPU iPhone OS 13_2_3 like Mac OS X) AppleWebKit/605.1.15 (KHTML, like Gecko) Version/13.0.3 Mobile/15E148 Safari/604.1"
85.208.96.201 - - [22/Nov/2024:14:50:09 -0800] "GET /robots.txt HTTP/1.0" 200 30 "-" "Mozilla/5.0 (compatible; SemrushBot/7~bl; +http://www.semrush.com/bot.html)"
185.191.171.19 - - [22/Nov/2024:14:50:10 -0800] "GET /product-category/electronics/camera-and-photo/page/5/ HTTP/1.0" 200 3177 "-" "Mozilla/5.0 (compatible; SemrushBot/7~bl; +http://www.semrush.com/bot.html)"
85.208.96.206 - - [22/Nov/2024:14:54:45 -0800] "GET /product-category/arts-crafts-sewing/page/6/ HTTP/1.0" 200 3177 "-" "Mozilla/5.0 (compatible; SemrushBot/7~bl; +http://www.semrush.com/bot.html)"
191.101.61.83 - - [22/Nov/2024:14:56:27 -0800] "GET /.env HTTP/1.0" 406 300 "-" "Mozilla/5.0 (Macintosh; Intel Mac OS X 10.15; rv:77.0) Gecko/20100101 Firefox/77.0"
216.244.66.195 - - [22/Nov/2024:14:57:10 -0800] "GET /shop/?filter_size=12-inch-a1534-a1931,2021-pro-16-a2485 HTTP/1.0" 200 3177 "-" "Mozilla/5.0 (compatible; DotBot/1.2; +https://opensiteexplorer.org/dotbot; help@moz.com)"
209.182.200.39 - - [22/Nov/2024:15:13:33 -0800] "POST /wp-cron.php?doing_wp_cron=1732317213.1780719757080078125000 HTTP/1.0" 200 - "http://llizardheartsallinone.shop/wp-cron.php?doing_wp_cron=1732317213.1780719757080078125000" "WordPress/5.3.18; http://llizardheartsallinone.shop"
89.208.105.220 - - [22/Nov/2024:15:13:33 -0800] "GET /wp-login.php HTTP/1.0" 200 5245 "-" "Mozilla/5.0 (Windows NT 6.2; Trident/7.0; rv:11.0) like Gecko"
89.208.105.220 - - [22/Nov/2024:15:13:33 -0800] "POST /wp-login.php HTTP/1.0" 302 - "http://llizardheartsallinone.shop/wp-login.php" "Mozilla/5.0 (Windows NT 6.2; Trident/7.0; rv:11.0) like Gecko"
89.208.105.220 - - [22/Nov/2024:15:13:33 -0800] "GET /wp-login.php?redirect_to=http%3A%2F%2Fllizardheartsallinone.shop%2Fwp-admin%2F&action=confirm_admin_email&wp_lang=en_US HTTP/1.0" 200 3814 "http://llizardheartsallinone.shop/wp-login.php" "Mozilla/5.0 (Windows NT 6.2; Trident/7.0; rv:11.0) like Gecko"
89.208.105.220 - - [22/Nov/2024:15:13:34 -0800] "GET /wp-admin/theme-editor.php?file=index.php&theme=twentytwentytwo HTTP/1.0" 500 224 "http://llizardheartsallinone.shop/wp-login.php?redirect_to=http%3A%2F%2Fllizardheartsallinone.shop%2Fwp-admin%2F&action=confirm_admin_email&wp_lang=en_US" "Mozilla/5.0 (Windows NT 6.2; Trident/7.0; rv:11.0) like Gecko"
216.244.66.195 - - [22/Nov/2024:15:14:57 -0800] "GET /robots.txt HTTP/1.0" 200 30 "-" "Mozilla/5.0 (compatible; DotBot/1.2; +https://opensiteexplorer.org/dotbot; help@moz.com)"
85.208.96.204 - - [22/Nov/2024:15:21:57 -0800] "GET /shop/page/338/ HTTP/1.0" 200 3177 "-" "Mozilla/5.0 (compatible; SemrushBot/7~bl; +http://www.semrush.com/bot.html)"
89.208.105.220 - - [22/Nov/2024:15:22:29 -0800] "GET /wp-login.php HTTP/1.0" 200 5245 "-" "Mozilla/5.0 (Macintosh; Intel Mac OS X 10.10; rv:50.0) Gecko/20100101 Firefox/50.0"
89.208.105.220 - - [22/Nov/2024:15:23:57 -0800] "POST /wp-login.php HTTP/1.0" 302 - "http://llizardheartsallinone.shop/wp-login.php" "Mozilla/5.0 (Macintosh; Intel Mac OS X 10.10; rv:50.0) Gecko/20100101 Firefox/50.0"
89.208.105.220 - - [22/Nov/2024:15:23:57 -0800] "GET /wp-login.php?redirect_to=http%3A%2F%2Fllizardheartsallinone.shop%2Fwp-admin%2F&action=confirm_admin_email&wp_lang=en_US HTTP/1.0" 200 3814 "http://llizardheartsallinone.shop/wp-login.php" "Mozilla/5.0 (Macintosh; Intel Mac OS X 10.10; rv:50.0) Gecko/20100101 Firefox/50.0"
89.208.105.220 - - [22/Nov/2024:15:24:00 -0800] "GET /wp-admin/plugin-editor.php?file=wp-automatic%2Fp_ads.php&plugin=wp-automatic%2Fwp-automatic.php HTTP/1.0" 200 171136 "http://llizardheartsallinone.shop/wp-login.php?redirect_to=http%3A%2F%2Fllizardheartsallinone.shop%2Fwp-admin%2F&action=confirm_admin_email&wp_lang=en_US" "Mozilla/5.0 (Macintosh; Intel Mac OS X 10.10; rv:50.0) Gecko/20100101 Firefox/50.0"
89.208.105.220 - - [22/Nov/2024:15:24:02 -0800] "POST /wp-admin/admin-ajax.php HTTP/1.0" 406 300 "http://llizardheartsallinone.shop/wp-admin/plugin-editor.php?file=wp-automatic%2Fp_ads.php&plugin=wp-automatic%2Fwp-automatic.php" "Mozilla/5.0 (Macintosh; Intel Mac OS X 10.10; rv:50.0) Gecko/20100101 Firefox/50.0"
89.208.105.220 - - [22/Nov/2024:15:24:03 -0800] "GET /wp-content/plugins/wp-automatic/p_ads.php HTTP/1.0" 500 - "http://llizardheartsallinone.shop/wp-admin/admin-ajax.php" "Mozilla/5.0 (Macintosh; Intel Mac OS X 10.10; rv:50.0) Gecko/20100101 Firefox/50.0"
89.208.105.220 - - [22/Nov/2024:15:24:07 -0800] "POST /wp-content/plugins/wp-automatic/p_ads.php HTTP/1.0" 406 300 "http://llizardheartsallinone.shop/wp-content/plugins/wp-automatic/p_ads.php" "Mozilla/5.0 (Macintosh; Intel Mac OS X 10.10; rv:50.0) Gecko/20100101 Firefox/50.0"
89.208.105.220 - - [22/Nov/2024:15:24:07 -0800] "GET /wp-content/plugins/wp-automatic/fd9da762a020.php HTTP/1.0" 200 3177 "http://llizardheartsallinone.shop/wp-content/plugins/wp-automatic/p_ads.php" "Mozilla/5.0 (Macintosh; Intel Mac OS X 10.10; rv:50.0) Gecko/20100101 Firefox/50.0"
89.208.105.220 - - [22/Nov/2024:15:24:08 -0800] "POST /wp-content/plugins/wp-automatic/p_ads.php HTTP/1.0" 500 - "http://llizardheartsallinone.shop/wp-content/plugins/wp-automatic/fd9da762a020.php" "Mozilla/5.0 (Macintosh; Intel Mac OS X 10.10; rv:50.0) Gecko/20100101 Firefox/50.0"
89.208.105.220 - - [22/Nov/2024:15:24:09 -0800] "GET /wp-content/plugins/wp-automatic/fd9da762a020.php HTTP/1.0" 200 3177 "http://llizardheartsallinone.shop/wp-content/plugins/wp-automatic/p_ads.php" "Mozilla/5.0 (Macintosh; Intel Mac OS X 10.10; rv:50.0) Gecko/20100101 Firefox/50.0"
216.244.66.195 - - [22/Nov/2024:15:24:33 -0800] "GET /shop/?filter_size=13-3-pro-a2251-a2289 HTTP/1.0" 200 3177 "-" "Mozilla/5.0 (compatible; DotBot/1.2; +https://opensiteexplorer.org/dotbot; help@moz.com)"
85.208.96.208 - - [22/Nov/2024:15:36:53 -0800] "GET /product-category/home-and-kitchen/page/9/ HTTP/1.0" 200 3177 "-" "Mozilla/5.0 (compatible; SemrushBot/7~bl; +http://www.semrush.com/bot.html)"
185.191.171.14 - - [22/Nov/2024:15:38:33 -0800] "GET /product/jaster-metal-simulation-gold-bars-model-usb-flash-drive-pen-drive-golden-memory-card-pendrive-4gb-8gb-16gb-32gb-64gb-thumb-drive/ HTTP/1.0" 200 3177 "-" "Mozilla/5.0 (compatible; SemrushBot/7~bl; +http://www.semrush.com/bot.html)"
216.244.66.195 - - [22/Nov/2024:15:39:28 -0800] "GET /product/jaster-fruit-usb-flash-drives-64gb-banana-pen-drive-32gb-creative-strawberry-watermelon-memory-stick-avocado-ice-cream-pendrive/ HTTP/1.0" 200 3177 "-" "Mozilla/5.0 (compatible; DotBot/1.2; +https://opensiteexplorer.org/dotbot; help@moz.com)"
216.244.66.195 - - [22/Nov/2024:15:44:04 -0800] "GET /product/soocas-x3-pro-rechargeable-electric-toothbrush-for-adults-sonic-power-toothbrush-purple-x3-pro-personal-care-clean-applianc/ HTTP/1.0" 200 3177 "-" "Mozilla/5.0 (compatible; DotBot/1.2; +https://opensiteexplorer.org/dotbot; help@moz.com)"
205.210.31.43 - - [22/Nov/2024:15:44:05 -0800] "GET / HTTP/1.0" 200 3177 "-" "-"
216.244.66.195 - - [22/Nov/2024:15:47:59 -0800] "GET /?action=yith-woocompare-add-product&id=27882 HTTP/1.0" 200 3177 "-" "Mozilla/5.0 (compatible; DotBot/1.2; +https://opensiteexplorer.org/dotbot; help@moz.com)"
198.235.24.41 - - [22/Nov/2024:16:01:07 -0800] "GET / HTTP/1.0" 406 300 "-" "-"
67.211.221.178 - - [22/Nov/2024:16:01:21 -0800] "GET /.well-known/acme-challenge/D5XDUJX1N4DMXJVQQLQL1RA2N3OYX3TU HTTP/1.0" 404 236 "-" "Cpanel-HTTP-Client/1.0"
67.211.221.178 - - [22/Nov/2024:16:01:27 -0800] "GET /.well-known/acme-challenge/3835FSRBF_YMQJ1H2_KGTJOTHV3LV0LD HTTP/1.0" 404 236 "-" "Cpanel-HTTP-Client/1.0"
67.211.221.178 - - [22/Nov/2024:16:01:28 -0800] "GET /.well-known/acme-challenge/D_1EMDPJ8BGY9LBBQW8WLBGCO1Z1RLSE HTTP/1.0" 404 236 "-" "Cpanel-HTTP-Client/1.0"
216.244.66.195 - - [22/Nov/2024:16:04:10 -0800] "GET /robots.txt HTTP/1.0" 200 30 "-" "Mozilla/5.0 (compatible; DotBot/1.2; +https://opensiteexplorer.org/dotbot; help@moz.com)"
216.244.66.195 - - [22/Nov/2024:16:10:42 -0800] "GET /product/ultimea-5-1-dolby-atmos-sound-bar-peak-power-410w-sound-bars-for-tv-surround-sound-system-for-tv-surround-and-bass-adjustable-home-theater-soundbar-with-subwoofer-poseidon-d60/feed/ HTTP/1.0" 200 3177 "-" "Mozilla/5.0 (compatible; DotBot/1.2; +https://opensiteexplorer.org/dotbot; help@moz.com)"
216.244.66.195 - - [22/Nov/2024:16:10:43 -0800] "GET /wp-content/uploads/2023/12/41DxtkCc5L._AC_.jpg HTTP/1.0" 200 26837 "-" "Mozilla/5.0 (compatible; DotBot/1.2; +https://opensiteexplorer.org/dotbot; help@moz.com)"
216.244.66.195 - - [22/Nov/2024:16:10:44 -0800] "GET /wp-content/uploads/2023/12/51JUfYCZmYL._AC_.jpg HTTP/1.0" 200 46471 "-" "Mozilla/5.0 (compatible; DotBot/1.2; +https://opensiteexplorer.org/dotbot; help@moz.com)"
216.244.66.195 - - [22/Nov/2024:16:10:45 -0800] "GET /wp-content/uploads/2024/03/31DRJ5jPD4L._AC_.jpg HTTP/1.0" 200 10540 "-" "Mozilla/5.0 (compatible; DotBot/1.2; +https://opensiteexplorer.org/dotbot; help@moz.com)"
216.244.66.195 - - [22/Nov/2024:16:10:46 -0800] "GET /wp-content/uploads/2024/03/31OeysGTh9L._AC_.jpg HTTP/1.0" 200 11776 "-" "Mozilla/5.0 (compatible; DotBot/1.2; +https://opensiteexplorer.org/dotbot; help@moz.com)"
216.244.66.195 - - [22/Nov/2024:16:10:47 -0800] "GET /wp-content/uploads/2024/03/413PYMRB6gL._AC_.jpg HTTP/1.0" 200 26397 "-" "Mozilla/5.0 (compatible; DotBot/1.2; +https://opensiteexplorer.org/dotbot; help@moz.com)"
216.244.66.195 - - [22/Nov/2024:16:10:48 -0800] "GET /wp-content/uploads/2024/03/41QXLuAMLML._AC_.jpg HTTP/1.0" 200 24377 "-" "Mozilla/5.0 (compatible; DotBot/1.2; +https://opensiteexplorer.org/dotbot; help@moz.com)"
216.244.66.195 - - [22/Nov/2024:16:10:49 -0800] "GET /wp-content/uploads/2024/03/41T6AdAJIWL._AC_.jpg HTTP/1.0" 200 26427 "-" "Mozilla/5.0 (compatible; DotBot/1.2; +https://opensiteexplorer.org/dotbot; help@moz.com)"
216.244.66.195 - - [22/Nov/2024:16:10:49 -0800] "GET /wp-content/uploads/2024/03/41TYMy2RF0L._AC_.jpg HTTP/1.0" 200 27018 "-" "Mozilla/5.0 (compatible; DotBot/1.2; +https://opensiteexplorer.org/dotbot; help@moz.com)"
216.244.66.195 - - [22/Nov/2024:16:10:50 -0800] "GET /wp-content/uploads/2024/03/41WtMcgu2hL.jpg HTTP/1.0" 200 22408 "-" "Mozilla/5.0 (compatible; DotBot/1.2; +https://opensiteexplorer.org/dotbot; help@moz.com)"
216.244.66.195 - - [22/Nov/2024:16:10:51 -0800] "GET /wp-content/uploads/2024/03/41YrahulF8S._AC_.jpg HTTP/1.0" 200 23639 "-" "Mozilla/5.0 (compatible; DotBot/1.2; +https://opensiteexplorer.org/dotbot; help@moz.com)"
216.244.66.195 - - [22/Nov/2024:16:10:52 -0800] "GET /wp-content/uploads/2024/03/41iIeEDm3-L.jpg HTTP/1.0" 200 18423 "-" "Mozilla/5.0 (compatible; DotBot/1.2; +https://opensiteexplorer.org/dotbot; help@moz.com)"
216.244.66.195 - - [22/Nov/2024:16:10:52 -0800] "GET /wp-content/uploads/2024/03/41kDcA-l5-L._AC_.jpg HTTP/1.0" 200 15816 "-" "Mozilla/5.0 (compatible; DotBot/1.2; +https://opensiteexplorer.org/dotbot; help@moz.com)"
216.244.66.195 - - [22/Nov/2024:16:10:53 -0800] "GET /wp-content/uploads/2024/03/510uYYgLGGL._AC_.jpg HTTP/1.0" 200 40685 "-" "Mozilla/5.0 (compatible; DotBot/1.2; +https://opensiteexplorer.org/dotbot; help@moz.com)"
216.244.66.195 - - [22/Nov/2024:16:10:54 -0800] "GET /wp-content/uploads/2024/03/512TPwkqj3L._AC_.jpg HTTP/1.0" 200 36682 "-" "Mozilla/5.0 (compatible; DotBot/1.2; +https://opensiteexplorer.org/dotbot; help@moz.com)"
216.244.66.195 - - [22/Nov/2024:16:10:55 -0800] "GET /wp-content/uploads/2024/03/515aTPOY65L._AC_.jpg HTTP/1.0" 200 49355 "-" "Mozilla/5.0 (compatible; DotBot/1.2; +https://opensiteexplorer.org/dotbot; help@moz.com)"
216.244.66.195 - - [22/Nov/2024:16:10:55 -0800] "GET /wp-content/uploads/2024/03/51C0aRcB0dL._AC_.jpg HTTP/1.0" 200 42283 "-" "Mozilla/5.0 (compatible; DotBot/1.2; +https://opensiteexplorer.org/dotbot; help@moz.com)"
216.244.66.195 - - [22/Nov/2024:16:10:56 -0800] "GET /wp-content/uploads/2024/03/51DUVl9HX0L.jpg HTTP/1.0" 200 40385 "-" "Mozilla/5.0 (compatible; DotBot/1.2; +https://opensiteexplorer.org/dotbot; help@moz.com)"
216.244.66.195 - - [22/Nov/2024:16:10:57 -0800] "GET /wp-content/uploads/2024/03/51MPP+zmByL._AC_.jpg HTTP/1.0" 200 34996 "-" "Mozilla/5.0 (compatible; DotBot/1.2; +https://opensiteexplorer.org/dotbot; help@moz.com)"
216.244.66.195 - - [22/Nov/2024:16:10:58 -0800] "GET /wp-content/uploads/2024/03/51NaAo4fewL._AC_.jpg HTTP/1.0" 200 39945 "-" "Mozilla/5.0 (compatible; DotBot/1.2; +https://opensiteexplorer.org/dotbot; help@moz.com)"
216.244.66.195 - - [22/Nov/2024:16:10:59 -0800] "GET /wp-content/uploads/2024/03/51R-YuZmukL._AC_.jpg HTTP/1.0" 200 31998 "-" "Mozilla/5.0 (compatible; DotBot/1.2; +https://opensiteexplorer.org/dotbot; help@moz.com)"
216.244.66.195 - - [22/Nov/2024:16:11:00 -0800] "GET /wp-content/uploads/2024/03/51WUuttVvdL._AC_.jpg HTTP/1.0" 200 34546 "-" "Mozilla/5.0 (compatible; DotBot/1.2; +https://opensiteexplorer.org/dotbot; help@moz.com)"
216.244.66.195 - - [22/Nov/2024:16:11:00 -0800] "GET /wp-content/uploads/2024/03/51nNadem8cL._AC_.jpg HTTP/1.0" 200 34310 "-" "Mozilla/5.0 (compatible; DotBot/1.2; +https://opensiteexplorer.org/dotbot; help@moz.com)"
216.244.66.195 - - [22/Nov/2024:16:11:02 -0800] "GET /wp-content/uploads/2024/03/51rqyPEDINL._AC_.jpg HTTP/1.0" 200 31982 "-" "Mozilla/5.0 (compatible; DotBot/1.2; +https://opensiteexplorer.org/dotbot; help@moz.com)"
216.244.66.195 - - [22/Nov/2024:16:11:03 -0800] "GET /wp-content/uploads/2024/03/51taY6SfpfL.jpg HTTP/1.0" 200 35399 "-" "Mozilla/5.0 (compatible; DotBot/1.2; +https://opensiteexplorer.org/dotbot; help@moz.com)"
51.15.16.101 - - [22/Nov/2024:16:20:42 -0800] "GET /wp-content/themes/wp-pridmag/up.php HTTP/1.0" 200 3177 "www.google.com" "Mozlila/5.0 (Linux; Android 7.0; SM-G892A Bulid/NRD90M; wv) AppleWebKit/537.36 (KHTML, like Gecko) Version/4.0 Chrome/60.0.3112.107 Moblie Safari/537.36"
85.208.96.207 - - [22/Nov/2024:16:22:59 -0800] "GET /robots.txt HTTP/1.0" 200 30 "-" "Mozilla/5.0 (compatible; SemrushBot/7~bl; +http://www.semrush.com/bot.html)"
85.208.96.194 - - [22/Nov/2024:16:22:59 -0800] "GET /product-category/cell-phones-accessorie/page/15/ HTTP/1.0" 200 3177 "-" "Mozilla/5.0 (compatible; SemrushBot/7~bl; +http://www.semrush.com/bot.html)"
185.233.3.42 - - [22/Nov/2024:16:27:32 -0800] "GET /wp-json/ HTTP/1.0" 200 3177 "-" "Mozilla/4.0 (compatible; MSIE 6.0; Windows NT 5.1; SV1)"
216.244.66.195 - - [22/Nov/2024:16:37:25 -0800] "GET /shop/?filter_size=model-a1398,old-air-a1466-a1369 HTTP/1.0" 200 3177 "-" "Mozilla/5.0 (compatible; DotBot/1.2; +https://opensiteexplorer.org/dotbot; help@moz.com)"
217.196.107.80 - - [22/Nov/2024:16:38:37 -0800] "GET / HTTP/1.0" 200 3177 "-" "Mozilla/5.0 (X11; Linux x86_64; rv:46.0) Gecko/20100101 Firefox/46.0"
209.182.200.39 - - [22/Nov/2024:16:38:37 -0800] "POST /wp-cron.php?doing_wp_cron=1732322317.7564039230346679687500 HTTP/1.0" 200 - "http://llizardheartsallinone.shop/wp-cron.php?doing_wp_cron=1732322317.7564039230346679687500" "WordPress/5.3.18; http://llizardheartsallinone.shop"
