217.196.107.80 - - [22/Nov/2024:06:52:20 -0800] "POST /wp-login.php HTTP/1.0" 302 - "http://llizardheartsallinone.shop/wp-login.php" "Mozilla/5.0 (X11; Linux i686 on x86_64; rv:49.0) Gecko/20100101 Firefox/49.0"
217.196.107.80 - - [22/Nov/2024:06:52:21 -0800] "GET /wp-login.php?redirect_to=http%3A%2F%2Fllizardheartsallinone.shop%2Fwp-admin%2F&action=confirm_admin_email&wp_lang=en_US HTTP/1.0" 200 3814 "http://llizardheartsallinone.shop/wp-login.php" "Mozilla/5.0 (X11; Linux i686 on x86_64; rv:49.0) Gecko/20100101 Firefox/49.0"
217.196.107.80 - - [22/Nov/2024:06:52:21 -0800] "GET /wp-admin/ HTTP/1.0" 200 140230 "http://llizardheartsallinone.shop/wp-login.php?redirect_to=http%3A%2F%2Fllizardheartsallinone.shop%2Fwp-admin%2F&action=confirm_admin_email&wp_lang=en_US" "Mozilla/5.0 (X11; Linux i686 on x86_64; rv:49.0) Gecko/20100101 Firefox/49.0"
217.196.107.80 - - [22/Nov/2024:06:52:23 -0800] "GET /wp-admin/plugins.php HTTP/1.0" 200 189208 "http://llizardheartsallinone.shop/wp-admin/" "Mozilla/5.0 (X11; Linux i686 on x86_64; rv:49.0) Gecko/20100101 Firefox/49.0"
217.196.107.80 - - [22/Nov/2024:06:52:25 -0800] "GET /wp-admin/plugin-install.php?tab=upload HTTP/1.0" 200 102113 "http://llizardheartsallinone.shop/wp-admin/plugins.php" "Mozilla/5.0 (X11; Linux i686 on x86_64; rv:49.0) Gecko/20100101 Firefox/49.0"
217.196.107.80 - - [22/Nov/2024:06:52:27 -0800] "POST /wp-admin/update.php?action=upload-plugin HTTP/1.0" 406 300 "http://llizardheartsallinone.shop/wp-admin/plugin-install.php?tab=upload" "Mozilla/5.0 (X11; Linux i686 on x86_64; rv:49.0) Gecko/20100101 Firefox/49.0"
217.196.107.80 - - [22/Nov/2024:06:52:28 -0800] "GET /wp-content/uploads/2024/11/fd9da762a020.php HTTP/1.0" 200 3177 "http://llizardheartsallinone.shop/wp-admin/update.php?action=upload-plugin" "Mozilla/5.0 (X11; Linux i686 on x86_64; rv:49.0) Gecko/20100101 Firefox/49.0"
217.196.107.80 - - [22/Nov/2024:06:52:29 -0800] "GET /wp-admin/plugins.php HTTP/1.0" 200 189208 "http://llizardheartsallinone.shop/wp-content/uploads/2024/11/fd9da762a020.php" "Mozilla/5.0 (X11; Linux i686 on x86_64; rv:49.0) Gecko/20100101 Firefox/49.0"
101.44.249.146 - - [22/Nov/2024:06:54:38 -0800] "GET /product/large-glides-360-12x16heavy-duty-sliding-tray-for-coffee-makerespresso-machine-slider-traysliding-tray-for-kitchen-appliance-sliderkitchen-appliance-sliders-for-kitchen-patent-pending/ HTTP/1.0" 200 3177 "-" "Mozilla/5.0 (Windows NT 10.0; Win64; x64) AppleWebKit/537.36 (KHTML, like Gecko) Chrome/110.0.0.0 Safari/537.36"
185.191.171.12 - - [22/Nov/2024:06:56:19 -0800] "GET /product-category/computers-accessories/laptops/page/3/ HTTP/1.0" 200 3177 "-" "Mozilla/5.0 (compatible; SemrushBot/7~bl; +http://www.semrush.com/bot.html)"
166.108.235.12 - - [22/Nov/2024:06:58:10 -0800] "GET /product/montessori-toys-baby-easter-toys-for-1-2-3-year-old-farm-harvest-game-wooden-toys-educational-learning-toys-shape-size-sorting-puzzles-for-boys-girls-perfect-easter-birthday-gift-toys HTTP/1.0" 200 3177 "-" "Mozilla/5.0 (Windows NT 10.0; Win64; x64) AppleWebKit/537.36 (KHTML, like Gecko) Chrome/101.0.4951.64 Safari/537.36 Edg/101.0.1210.47"
185.191.171.9 - - [22/Nov/2024:07:00:49 -0800] "GET /product-category/appliances/page/13/ HTTP/1.0" 200 3177 "-" "Mozilla/5.0 (compatible; SemrushBot/7~bl; +http://www.semrush.com/bot.html)"
119.8.125.25 - - [22/Nov/2024:07:01:49 -0800] "GET /product/food-what-the-heck-should-i-eat-the-dr-hyman-library-7/ HTTP/1.0" 200 3177 "-" "Mozilla/5.0 (Windows NT 10.0; Win64; x64) AppleWebKit/537.36 (KHTML, like Gecko) Chrome/101.0.4951.64 Safari/537.36 Edg/101.0.1210.47"
52.167.144.147 - - [22/Nov/2024:07:02:14 -0800] "GET /product/500w-2v-mini-electric-heaters-stove-hot-cooker-plate-milk-water-coffee-tea-heating-furnace-multifunctional-kitchen-appliance/ HTTP/1.0" 200 3177 "-" "Mozilla/5.0 AppleWebKit/537.36 (KHTML, like Gecko; compatible; bingbot/2.0; +http://www.bing.com/bingbot.htm) Chrome/116.0.1938.76 Safari/537.36"
67.211.221.178 - - [22/Nov/2024:07:05:01 -0800] "GET /.well-known/acme-challenge/7G0FXS2E69KMG11GGE8DB8K3P683RAII HTTP/1.0" 404 236 "-" "Cpanel-HTTP-Client/1.0"
67.211.221.178 - - [22/Nov/2024:07:05:17 -0800] "GET /.well-known/acme-challenge/7VS3G65GOPN-9PHQ9RLP3OCPQWNH01V_ HTTP/1.0" 404 236 "-" "Cpanel-HTTP-Client/1.0"
67.211.221.178 - - [22/Nov/2024:07:05:19 -0800] "GET /.well-known/acme-challenge/2G7RA6QTQ_Q82-Q1NNT5KVVI8DZZPU2Q HTTP/1.0" 404 236 "-" "Cpanel-HTTP-Client/1.0"
111.119.232.137 - - [22/Nov/2024:07:05:31 -0800] "GET /product/wifi-surveillance-camera-baby-monitor-1080p-hd-smart-ip-security-camera-two-way-talk-night-vision-intelligent-tracking/?add-to-cart=6522 HTTP/1.0" 200 3177 "-" "Mozilla/5.0 (Windows NT 10.0; Win64; x64) AppleWebKit/537.36 (KHTML, like Gecko) Chrome/101.0.4951.64 Safari/537.36 Edg/101.0.1210.47"
216.244.66.195 - - [22/Nov/2024:07:06:50 -0800] "GET /robots.txt HTTP/1.0" 200 30 "-" "Mozilla/5.0 (compatible; DotBot/1.2; +https://opensiteexplorer.org/dotbot; help@moz.com)"
166.108.231.152 - - [22/Nov/2024:07:09:18 -0800] "GET /cart/?_wpnonce=4c4bc38a20&remove_item=8a36dfc67ebfbbea9bd01cd8a4c8ad32 HTTP/1.0" 200 3177 "-" "Mozilla/5.0 (Windows NT 10.0; Win64; x64) AppleWebKit/537.36 (KHTML, like Gecko) Chrome/110.0.0.0 Safari/537.36"
119.8.104.141 - - [22/Nov/2024:07:13:10 -0800] "GET /product/latest-telescopic-camera-smart-phone-cectdigi-v15-pro-plus-2gb-ram-16gb-rom-smartphone-hd-screen-dual-sim-mobile-phone-android/?add-to-cart=5925 HTTP/1.0" 200 3177 "-" "Mozilla/5.0 (Windows NT 10.0; Win64; x64) AppleWebKit/537.36 (KHTML, like Gecko) Chrome/101.0.4951.64 Safari/537.36 Edg/101.0.1210.47"
216.244.66.195 - - [22/Nov/2024:07:15:34 -0800] "GET /?filter_size=2019-pro16-a2141%2Cair-11-a1370-a1465%2Cmodel-a2289-a2251 HTTP/1.0" 200 3177 "-" "Mozilla/5.0 (compatible; DotBot/1.2; +https://opensiteexplorer.org/dotbot; help@moz.com)"
182.160.0.122 - - [22/Nov/2024:07:17:07 -0800] "GET /product/3d-simulation-dinosaur-puzzle-toys-diy-funny-skeleton-model-wooden-educational-intelligent-interactive-toy-for-children-gifts/ HTTP/1.0" 200 3177 "-" "Mozilla/5.0 (Windows NT 10.0; Win64; x64) AppleWebKit/537.36 (KHTML, like Gecko) Chrome/107.0.0.0 Safari/537.36"
43.159.152.4 - - [22/Nov/2024:07:20:37 -0800] "GET / HTTP/1.0" 200 3177 "-" "Mozilla/5.0 (iPhone; CPU iPhone OS 13_2_3 like Mac OS X) AppleWebKit/605.1.15 (KHTML, like Gecko) Version/13.0.3 Mobile/15E148 Safari/604.1"
111.119.193.41 - - [22/Nov/2024:07:21:10 -0800] "GET /product-category/jewelry/page/2/ HTTP/1.0" 200 3177 "-" "Mozilla/5.0 (Windows NT 10.0; Win64; x64) AppleWebKit/537.36 (KHTML, like Gecko) Chrome/104.0.0.0 Safari/537.36"
216.244.66.195 - - [22/Nov/2024:07:23:27 -0800] "GET /shop/?filter_size=2021-pro-14-a2442,retina12-a1534-a1931 HTTP/1.0" 200 3177 "-" "Mozilla/5.0 (compatible; DotBot/1.2; +https://opensiteexplorer.org/dotbot; help@moz.com)"
89.208.105.220 - - [22/Nov/2024:07:25:12 -0800] "GET / HTTP/1.0" 200 3177 "-" "Mozilla/5.0 (X11; Ubuntu; Linux x86_64; rv:47.0) Gecko/20100101 Firefox/47.0"
89.208.105.220 - - [22/Nov/2024:07:25:12 -0800] "POST /wp-content/plugins/wp-automatic/inc/csv.php HTTP/1.0" 406 300 "http://llizardheartsallinone.shop/" "Mozilla/5.0 (X11; Ubuntu; Linux x86_64; rv:47.0) Gecko/20100101 Firefox/47.0"
209.182.200.39 - - [22/Nov/2024:07:25:15 -0800] "POST /wp-cron.php?doing_wp_cron=1732289115.5473880767822265625000 HTTP/1.0" 200 - "http://llizardheartsallinone.shop/wp-cron.php?doing_wp_cron=1732289115.5473880767822265625000" "WordPress/5.3.18; http://llizardheartsallinone.shop"
89.208.105.220 - - [22/Nov/2024:07:25:15 -0800] "POST /wp-content/plugins/wp-automatic/inc/csv.php HTTP/1.0" 200 26 "http://llizardheartsallinone.shop/wp-content/plugins/wp-automatic/inc/csv.php" "Mozilla/5.0 (X11; Ubuntu; Linux x86_64; rv:47.0) Gecko/20100101 Firefox/47.0"
89.208.105.220 - - [22/Nov/2024:07:25:16 -0800] "POST /wp-content/plugins/wp-automatic/inc/csv.php HTTP/1.0" 200 26 "http://llizardheartsallinone.shop/wp-content/plugins/wp-automatic/inc/csv.php" "Mozilla/5.0 (X11; Ubuntu; Linux x86_64; rv:47.0) Gecko/20100101 Firefox/47.0"
89.208.105.220 - - [22/Nov/2024:07:25:17 -0800] "POST /wp-content/plugins/wp-automatic/inc/csv.php HTTP/1.0" 200 26 "http://llizardheartsallinone.shop/wp-content/plugins/wp-automatic/inc/csv.php" "Mozilla/5.0 (X11; Ubuntu; Linux x86_64; rv:47.0) Gecko/20100101 Firefox/47.0"
89.208.105.220 - - [22/Nov/2024:07:25:18 -0800] "POST /wp-content/plugins/wp-automatic/inc/csv.php HTTP/1.0" 200 26 "http://llizardheartsallinone.shop/wp-content/plugins/wp-automatic/inc/csv.php" "Mozilla/5.0 (X11; Ubuntu; Linux x86_64; rv:47.0) Gecko/20100101 Firefox/47.0"
89.208.105.220 - - [22/Nov/2024:07:25:18 -0800] "POST /wp-content/plugins/wp-automatic/inc/csv.phpfd9da762a020.php HTTP/1.0" 406 300 "http://llizardheartsallinone.shop/wp-content/plugins/wp-automatic/inc/csv.php" "Mozilla/5.0 (X11; Ubuntu; Linux x86_64; rv:47.0) Gecko/20100101 Firefox/47.0"
89.208.105.220 - - [22/Nov/2024:07:25:19 -0800] "POST /wp-content/plugins/wp-automatic/inc/csv.phpfd9da762a020.php HTTP/1.0" 200 3177 "http://llizardheartsallinone.shop/wp-content/plugins/wp-automatic/inc/csv.phpfd9da762a020.php" "Mozilla/5.0 (X11; Ubuntu; Linux x86_64; rv:47.0) Gecko/20100101 Firefox/47.0"
89.208.105.220 - - [22/Nov/2024:07:25:20 -0800] "POST /wp-content/plugins/wp-automatic/inc/csv.phpfd9da762a020.php HTTP/1.0" 200 3177 "http://llizardheartsallinone.shop/wp-content/plugins/wp-automatic/inc/csv.phpfd9da762a020.php" "Mozilla/5.0 (X11; Ubuntu; Linux x86_64; rv:47.0) Gecko/20100101 Firefox/47.0"
89.208.105.220 - - [22/Nov/2024:07:25:22 -0800] "POST /wp-content/plugins/wp-automatic/inc/csv.phpfd9da762a020.php HTTP/1.0" 200 3177 "http://llizardheartsallinone.shop/wp-content/plugins/wp-automatic/inc/csv.phpfd9da762a020.php" "Mozilla/5.0 (X11; Ubuntu; Linux x86_64; rv:47.0) Gecko/20100101 Firefox/47.0"
89.208.105.220 - - [22/Nov/2024:07:25:23 -0800] "POST /wp-content/plugins/wp-automatic/inc/csv.phpfd9da762a020.php HTTP/1.0" 200 3177 "http://llizardheartsallinone.shop/wp-content/plugins/wp-automatic/inc/csv.phpfd9da762a020.php" "Mozilla/5.0 (X11; Ubuntu; Linux x86_64; rv:47.0) Gecko/20100101 Firefox/47.0"
89.208.105.220 - - [22/Nov/2024:07:25:24 -0800] "GET /wp-login.php HTTP/1.0" 200 5245 "http://llizardheartsallinone.shop/wp-content/plugins/wp-automatic/inc/csv.phpfd9da762a020.php" "Mozilla/5.0 (X11; Ubuntu; Linux x86_64; rv:47.0) Gecko/20100101 Firefox/47.0"
89.208.105.220 - - [22/Nov/2024:07:25:24 -0800] "POST /wp-login.php HTTP/1.0" 302 - "http://llizardheartsallinone.shop/wp-login.php" "Mozilla/5.0 (X11; Ubuntu; Linux x86_64; rv:47.0) Gecko/20100101 Firefox/47.0"
89.208.105.220 - - [22/Nov/2024:07:25:24 -0800] "GET /wp-login.php?redirect_to=http%3A%2F%2Fllizardheartsallinone.shop%2Fwp-admin%2F&action=confirm_admin_email&wp_lang=en_US HTTP/1.0" 200 3814 "http://llizardheartsallinone.shop/wp-login.php" "Mozilla/5.0 (X11; Ubuntu; Linux x86_64; rv:47.0) Gecko/20100101 Firefox/47.0"
89.208.105.220 - - [22/Nov/2024:07:25:26 -0800] "GET /wp-admin/plugins.php HTTP/1.0" 200 189208 "http://llizardheartsallinone.shop/wp-login.php?redirect_to=http%3A%2F%2Fllizardheartsallinone.shop%2Fwp-admin%2F&action=confirm_admin_email&wp_lang=en_US" "Mozilla/5.0 (X11; Ubuntu; Linux x86_64; rv:47.0) Gecko/20100101 Firefox/47.0"
89.208.105.220 - - [22/Nov/2024:07:25:27 -0800] "GET /wp-admin/plugin-install.php HTTP/1.0" 200 156322 "http://llizardheartsallinone.shop/wp-admin/plugins.php" "Mozilla/5.0 (X11; Ubuntu; Linux x86_64; rv:47.0) Gecko/20100101 Firefox/47.0"
89.208.105.220 - - [22/Nov/2024:07:25:29 -0800] "POST /wp-admin/update.php?action=upload-plugin HTTP/1.0" 406 300 "http://llizardheartsallinone.shop/wp-admin/plugin-install.php" "Mozilla/5.0 (X11; Ubuntu; Linux x86_64; rv:47.0) Gecko/20100101 Firefox/47.0"
89.208.105.220 - - [22/Nov/2024:07:25:32 -0800] "GET /wp-content/uploads/2024/11/fd9da762a020.php HTTP/1.0" 200 3177 "http://llizardheartsallinone.shop/wp-admin/update.php?action=upload-plugin" "Mozilla/5.0 (X11; Ubuntu; Linux x86_64; rv:47.0) Gecko/20100101 Firefox/47.0"
89.208.105.220 - - [22/Nov/2024:07:25:33 -0800] "GET /wp-admin/plugins.php HTTP/1.0" 200 189208 "http://llizardheartsallinone.shop/wp-content/uploads/2024/11/fd9da762a020.php" "Mozilla/5.0 (X11; Ubuntu; Linux x86_64; rv:47.0) Gecko/20100101 Firefox/47.0"
89.208.105.220 - - [22/Nov/2024:07:25:34 -0800] "DELETE /wp-json/wp/v2/plugins/background-image-cropper/background-image-cropper HTTP/1.0" 200 3177 "http://llizardheartsallinone.shop/wp-admin/plugins.php" "Mozilla/5.0 (X11; Ubuntu; Linux x86_64; rv:47.0) Gecko/20100101 Firefox/47.0"
89.208.105.220 - - [22/Nov/2024:07:25:35 -0800] "POST /wp-admin/admin-ajax.php HTTP/1.0" 403 2 "http://llizardheartsallinone.shop/wp-json/wp/v2/plugins/background-image-cropper/background-image-cropper" "Mozilla/5.0 (X11; Ubuntu; Linux x86_64; rv:47.0) Gecko/20100101 Firefox/47.0"
27.106.100.244 - - [22/Nov/2024:07:25:38 -0800] "GET /product/560w-kitchen-food-garbage-processor-disposal-crusher-food-waste-disposer-stainless-steel-grinder-material-kitchen-sink-appliance/?add-to-cart=5534 HTTP/1.0" 200 3177 "-" "Mozilla/5.0 (Windows NT 10.0; Win64; x64) AppleWebKit/537.36 (KHTML, like Gecko) Chrome/110.0.0.0 Safari/537.36"
89.208.105.220 - - [22/Nov/2024:07:25:40 -0800] "GET /wp-admin/plugin-install.php HTTP/1.0" 200 156322 "http://llizardheartsallinone.shop/wp-admin/admin-ajax.php" "Mozilla/5.0 (X11; Ubuntu; Linux x86_64; rv:47.0) Gecko/20100101 Firefox/47.0"
89.208.105.220 - - [22/Nov/2024:07:25:43 -0800] "POST /wp-admin/update.php?action=upload-plugin HTTP/1.0" 200 92341 "http://llizardheartsallinone.shop/wp-admin/plugin-install.php" "Mozilla/5.0 (X11; Ubuntu; Linux x86_64; rv:47.0) Gecko/20100101 Firefox/47.0"
89.208.105.220 - - [22/Nov/2024:07:25:46 -0800] "POST /wp-content/plugins/background-image-cropper/accesson.php HTTP/1.0" 406 300 "http://llizardheartsallinone.shop/wp-admin/update.php?action=upload-plugin" "Mozilla/5.0 (X11; Ubuntu; Linux x86_64; rv:47.0) Gecko/20100101 Firefox/47.0"
89.208.105.220 - - [22/Nov/2024:07:25:46 -0800] "POST /wp-content/plugins/background-image-cropper/fd9da762a020.php HTTP/1.0" 200 3177 "http://llizardheartsallinone.shop/wp-content/plugins/background-image-cropper/accesson.php" "Mozilla/5.0 (X11; Ubuntu; Linux x86_64; rv:47.0) Gecko/20100101 Firefox/47.0"
216.244.66.195 - - [22/Nov/2024:07:29:06 -0800] "GET /?filter_size=12-inch-a1534-a1931%2Ca2159-a1706-a1989%2Cm1-m2-pro-13-a2338%2Cretina-15-4-a1398 HTTP/1.0" 200 3177 "-" "Mozilla/5.0 (compatible; DotBot/1.2; +https://opensiteexplorer.org/dotbot; help@moz.com)"
216.244.66.195 - - [22/Nov/2024:07:29:08 -0800] "GET /?filter_size=13-3-air-a1369-a1466%2C13-3-air-a2179%2C13-3-pro-a2251-a2289%2C15pro-a1707-a1990 HTTP/1.0" 200 3177 "-" "Mozilla/5.0 (compatible; DotBot/1.2; +https://opensiteexplorer.org/dotbot; help@moz.com)"
216.244.66.195 - - [22/Nov/2024:07:29:14 -0800] "GET /?filter_size=2019-pro16-a2141%2C2021-pro-16-a2485%2Cpro-13-a1706-a1708%2Cpro-13-a1989-a2159 HTTP/1.0" 200 3177 "-" "Mozilla/5.0 (compatible; DotBot/1.2; +https://opensiteexplorer.org/dotbot; help@moz.com)"
216.244.66.195 - - [22/Nov/2024:07:29:30 -0800] "GET /?filter_size=2021-pro-16-a2485%2C2022-pro-13-a2338%2Ca2159-a1706-a1989%2Cair-11-a1370-a1465 HTTP/1.0" 200 3177 "-" "Mozilla/5.0 (compatible; DotBot/1.2; +https://opensiteexplorer.org/dotbot; help@moz.com)"
216.244.66.195 - - [22/Nov/2024:07:29:43 -0800] "GET /shop/?filter_size=m1-chip-pro-13-a2338,model-a1398 HTTP/1.0" 200 3177 "-" "Mozilla/5.0 (compatible; DotBot/1.2; +https://opensiteexplorer.org/dotbot; help@moz.com)"
190.92.220.225 - - [22/Nov/2024:07:29:52 -0800] "GET /product/4pcs-set-3d-diy-colorful-princess-cane-fairy-diamond-magic-wand-girls-toys-handmade-material-package-art-crafts-kindergarten-toy HTTP/1.0" 200 3177 "-" "Mozilla/5.0 (Windows NT 10.0; Win64; x64) AppleWebKit/537.36 (KHTML, like Gecko) Chrome/107.0.0.0 Safari/537.36"
182.160.6.110 - - [22/Nov/2024:07:34:11 -0800] "GET /product/blue-buffalo-life-protection-formula-small-breed-puppy-dry-dog-food-with-dha-vital-nutrients-antioxidants-made-with-natural-ingredients-chicken-oatmeal-recipe-5-lb-bag/ HTTP/1.0" 200 3177 "-" "Mozilla/5.0 (Windows NT 10.0; Win64; x64) AppleWebKit/537.36 (KHTML, like Gecko) Chrome/110.0.0.0 Safari/537.36"
119.8.111.42 - - [22/Nov/2024:07:38:40 -0800] "GET /product-category/clothing/page/3 HTTP/1.0" 200 3177 "-" "Mozilla/5.0 (Windows NT 10.0; Win64; x64) AppleWebKit/537.36 (KHTML, like Gecko) Chrome/107.0.0.0 Safari/537.36"
185.212.149.205 - - [22/Nov/2024:07:40:37 -0800] "GET /wp-content/plugins/really-simple-ssl-pro-multisite/readme.txt HTTP/1.0" 200 3177 "-" "Mozilla/5.0 (iPhone; CPU iPhone OS 17_2 like Mac OS X) AppleWebKit/605.1.15 (KHTML, like Gecko) Version/17.2 Mobile/15E148 Safari/604.1"
185.212.149.205 - - [22/Nov/2024:07:40:37 -0800] "GET /wp-content/plugins/really-simple-ssl-pro/readme.txt HTTP/1.0" 200 3177 "-" "Mozilla/5.0 (iPhone; CPU iPhone OS 17_2 like Mac OS X) AppleWebKit/605.1.15 (KHTML, like Gecko) Version/17.2 Mobile/15E148 Safari/604.1"
185.212.149.205 - - [22/Nov/2024:07:40:38 -0800] "GET /wp-content/plugins/really-simple-ssl/readme.txt HTTP/1.0" 200 28587 "-" "Mozilla/5.0 (iPhone; CPU iPhone OS 17_2 like Mac OS X) AppleWebKit/605.1.15 (KHTML, like Gecko) Version/17.2 Mobile/15E148 Safari/604.1"
185.212.149.205 - - [22/Nov/2024:07:40:39 -0800] "GET /wp-content/plugins/wp-membership/languages/wpmembership.pot HTTP/1.0" 200 3177 "-" "Mozilla/5.0 (iPhone; CPU iPhone OS 17_2 like Mac OS X) AppleWebKit/605.1.15 (KHTML, like Gecko) Version/17.2 Mobile/15E148 Safari/604.1"
185.212.149.205 - - [22/Nov/2024:07:40:40 -0800] "GET /wp-content/themes/wplms/style.css HTTP/1.0" 200 3177 "-" "Mozilla/5.0 (iPhone; CPU iPhone OS 17_2 like Mac OS X) AppleWebKit/605.1.15 (KHTML, like Gecko) Version/17.2 Mobile/15E148 Safari/604.1"
185.212.149.205 - - [22/Nov/2024:07:40:40 -0800] "GET /wp-content/plugins/wp-jobsearch/admin/css/admin.css HTTP/1.0" 200 3177 "-" "Mozilla/5.0 (iPhone; CPU iPhone OS 17_2 like Mac OS X) AppleWebKit/605.1.15 (KHTML, like Gecko) Version/17.2 Mobile/15E148 Safari/604.1"
185.212.149.205 - - [22/Nov/2024:07:40:41 -0800] "GET /wp-content/plugins/wp-wc-affiliate-program/languages/rtwwwap-wp-wc-affiliate-program.pot HTTP/1.0" 200 3177 "-" "Mozilla/5.0 (iPhone; CPU iPhone OS 17_2 like Mac OS X) AppleWebKit/605.1.15 (KHTML, like Gecko) Version/17.2 Mobile/15E148 Safari/604.1"
185.212.149.205 - - [22/Nov/2024:07:40:42 -0800] "GET /wp-content/plugins/Ultimate_AI/assets/css/style.css HTTP/1.0" 200 3177 "-" "Mozilla/5.0 (iPhone; CPU iPhone OS 17_2 like Mac OS X) AppleWebKit/605.1.15 (KHTML, like Gecko) Version/17.2 Mobile/15E148 Safari/604.1"
185.212.149.205 - - [22/Nov/2024:07:40:43 -0800] "GET /wp-content/plugins/latepoint/readme.txt HTTP/1.0" 200 3177 "-" "Mozilla/5.0 (iPhone; CPU iPhone OS 17_2 like Mac OS X) AppleWebKit/605.1.15 (KHTML, like Gecko) Version/17.2 Mobile/15E148 Safari/604.1"
185.212.149.205 - - [22/Nov/2024:07:40:43 -0800] "GET /wp-content/plugins/gutenkit-blocks-addon/readme.txt HTTP/1.0" 200 3177 "-" "Mozilla/5.0 (iPhone; CPU iPhone OS 17_2 like Mac OS X) AppleWebKit/605.1.15 (KHTML, like Gecko) Version/17.2 Mobile/15E148 Safari/604.1"
185.212.149.205 - - [22/Nov/2024:07:40:44 -0800] "GET /wp-content/plugins/rss-feed-post-generator-echo/readme.txt HTTP/1.0" 508 288 "-" "Mozilla/5.0 (iPhone; CPU iPhone OS 17_2 like Mac OS X) AppleWebKit/605.1.15 (KHTML, like Gecko) Version/17.2 Mobile/15E148 Safari/604.1"
185.212.149.205 - - [22/Nov/2024:07:40:45 -0800] "GET /wp-content/plugins/json-api-user/readme.txt HTTP/1.0" 200 3177 "-" "Mozilla/5.0 (iPhone; CPU iPhone OS 17_2 like Mac OS X) AppleWebKit/605.1.15 (KHTML, like Gecko) Version/17.2 Mobile/15E148 Safari/604.1"
185.212.149.205 - - [22/Nov/2024:07:40:46 -0800] "GET /wp-content/plugins/charitable/CHANGELOG.md HTTP/1.0" 200 3177 "-" "Mozilla/5.0 (iPhone; CPU iPhone OS 17_2 like Mac OS X) AppleWebKit/605.1.15 (KHTML, like Gecko) Version/17.2 Mobile/15E148 Safari/604.1"
185.212.149.205 - - [22/Nov/2024:07:40:46 -0800] "GET /wp-content/plugins/wp-job-portal/readme.txt HTTP/1.0" 200 3177 "-" "Mozilla/5.0 (iPhone; CPU iPhone OS 17_2 like Mac OS X) AppleWebKit/605.1.15 (KHTML, like Gecko) Version/17.2 Mobile/15E148 Safari/604.1"
185.212.149.205 - - [22/Nov/2024:07:40:47 -0800] "GET /wp-content/plugins/js-support-ticket/readme.txt HTTP/1.0" 200 3177 "-" "Mozilla/5.0 (iPhone; CPU iPhone OS 17_2 like Mac OS X) AppleWebKit/605.1.15 (KHTML, like Gecko) Version/17.2 Mobile/15E148 Safari/604.1"
185.212.149.205 - - [22/Nov/2024:07:40:48 -0800] "GET /wp-content/plugins/give/readme.txt HTTP/1.0" 200 3177 "-" "Mozilla/5.0 (iPhone; CPU iPhone OS 17_2 like Mac OS X) AppleWebKit/605.1.15 (KHTML, like Gecko) Version/17.2 Mobile/15E148 Safari/604.1"
185.212.149.205 - - [22/Nov/2024:07:40:49 -0800] "GET /wp-content/debug.log HTTP/1.0" 508 288 "-" "Mozilla/5.0 (iPhone; CPU iPhone OS 17_2 like Mac OS X) AppleWebKit/605.1.15 (KHTML, like Gecko) Version/17.2 Mobile/15E148 Safari/604.1"
185.212.149.205 - - [22/Nov/2024:07:40:52 -0800] "GET /wp-content/plugins/zm-ajax-login-register/readme.txt HTTP/1.0" 200 3177 "-" "Mozilla/5.0 (iPhone; CPU iPhone OS 17_2 like Mac OS X) AppleWebKit/605.1.15 (KHTML, like Gecko) Version/17.2 Mobile/15E148 Safari/604.1"
185.212.149.205 - - [22/Nov/2024:07:40:53 -0800] "GET /wp-content/plugins/instawp-connect/readme.txt HTTP/1.0" 200 3177 "-" "Mozilla/5.0 (iPhone; CPU iPhone OS 17_2 like Mac OS X) AppleWebKit/605.1.15 (KHTML, like Gecko) Version/17.2 Mobile/15E148 Safari/604.1"
185.212.149.205 - - [22/Nov/2024:07:40:54 -0800] "GET /wp-content/plugins/instawp-connect/readme.txt HTTP/1.0" 200 3177 "-" "Mozilla/5.0 (iPhone; CPU iPhone OS 17_2 like Mac OS X) AppleWebKit/605.1.15 (KHTML, like Gecko) Version/17.2 Mobile/15E148 Safari/604.1"
185.212.149.205 - - [22/Nov/2024:07:40:55 -0800] "GET / HTTP/1.0" 200 3177 "-" "Mozilla/5.0 (iPhone; CPU iPhone OS 17_2 like Mac OS X) AppleWebKit/605.1.15 (KHTML, like Gecko) Version/17.2 Mobile/15E148 Safari/604.1"
185.212.149.205 - - [22/Nov/2024:07:40:55 -0800] "GET /wp-content/plugins/wp-seopress/readme.txt HTTP/1.0" 200 3177 "-" "Mozilla/5.0 (iPhone; CPU iPhone OS 17_2 like Mac OS X) AppleWebKit/605.1.15 (KHTML, like Gecko) Version/17.2 Mobile/15E148 Safari/604.1"
185.212.149.205 - - [22/Nov/2024:07:40:56 -0800] "GET /wp-content/plugins/keydatas/readme.txt HTTP/1.0" 200 3177 "-" "Mozilla/5.0 (iPhone; CPU iPhone OS 17_2 like Mac OS X) AppleWebKit/605.1.15 (KHTML, like Gecko) Version/17.2 Mobile/15E148 Safari/604.1"
185.212.149.205 - - [22/Nov/2024:07:40:57 -0800] "GET /wp-content/plugins/wp-time-capsule/readme.txt HTTP/1.0" 200 3177 "-" "Mozilla/5.0 (iPhone; CPU iPhone OS 17_2 like Mac OS X) AppleWebKit/605.1.15 (KHTML, like Gecko) Version/17.2 Mobile/15E148 Safari/604.1"
185.212.149.205 - - [22/Nov/2024:07:40:58 -0800] "GET /wp-content/plugins/wp-mlm/readme.txt HTTP/1.0" 200 3177 "-" "Mozilla/5.0 (iPhone; CPU iPhone OS 17_2 like Mac OS X) AppleWebKit/605.1.15 (KHTML, like Gecko) Version/17.2 Mobile/15E148 Safari/604.1"
185.212.149.205 - - [22/Nov/2024:07:40:59 -0800] "GET /wp-content/plugins/userpro/changelog.txt HTTP/1.0" 200 3177 "-" "Mozilla/5.0 (iPhone; CPU iPhone OS 17_2 like Mac OS X) AppleWebKit/605.1.15 (KHTML, like Gecko) Version/17.2 Mobile/15E148 Safari/604.1"
185.212.149.205 - - [22/Nov/2024:07:41:00 -0800] "GET /wp-content/plugins/chatbot-chatgpt/readme.txt HTTP/1.0" 200 3177 "-" "Mozilla/5.0 (iPhone; CPU iPhone OS 17_2 like Mac OS X) AppleWebKit/605.1.15 (KHTML, like Gecko) Version/17.2 Mobile/15E148 Safari/604.1"
185.212.149.205 - - [22/Nov/2024:07:41:01 -0800] "GET /wp-content/plugins/wp-automatic/css/wp-automatic.css HTTP/1.0" 200 2713 "-" "Mozilla/5.0 (iPhone; CPU iPhone OS 17_2 like Mac OS X) AppleWebKit/605.1.15 (KHTML, like Gecko) Version/17.2 Mobile/15E148 Safari/604.1"
166.108.199.109 - - [22/Nov/2024:07:43:17 -0800] "GET /cart/?_wpnonce=971e519e6b&remove_item=d2a452edff079ca6980edcf54cc49945 HTTP/1.0" 200 3177 "-" "Mozilla/5.0 (Windows NT 10.0; Win64; x64) AppleWebKit/537.36 (KHTML, like Gecko) Chrome/104.0.0.0 Safari/537.36"
85.208.96.197 - - [22/Nov/2024:07:45:56 -0800] "GET /robots.txt HTTP/1.0" 200 30 "-" "Mozilla/5.0 (compatible; SemrushBot/7~bl; +http://www.semrush.com/bot.html)"
85.208.96.193 - - [22/Nov/2024:07:45:57 -0800] "GET /shop/page/168/ HTTP/1.0" 200 3177 "-" "Mozilla/5.0 (compatible; SemrushBot/7~bl; +http://www.semrush.com/bot.html)"
101.44.66.78 - - [22/Nov/2024:07:48:02 -0800] "GET /product-category/toys-and-games/kids-electronics/page/13/ HTTP/1.0" 200 3177 "-" "Mozilla/5.0 (Windows NT 10.0; Win64; x64) AppleWebKit/537.36 (KHTML, like Gecko) Chrome/101.0.4951.64 Safari/537.36 Edg/101.0.1210.47"
85.208.96.208 - - [22/Nov/2024:07:49:07 -0800] "GET /product-category/beauty/page/6/ HTTP/1.0" 200 3177 "-" "Mozilla/5.0 (compatible; SemrushBot/7~bl; +http://www.semrush.com/bot.html)"
111.119.195.19 - - [22/Nov/2024:07:52:58 -0800] "GET /product/simulation-kitchen-pretend-toy-cutting-fruit-vegetable-set-wooden-classic-game-montessori-educational-toy-for-children-kids-gift HTTP/1.0" 200 3177 "-" "Mozilla/5.0 (Windows NT 10.0; Win64; x64) AppleWebKit/537.36 (KHTML, like Gecko) Chrome/104.0.0.0 Safari/537.36"
216.244.66.195 - - [22/Nov/2024:07:56:40 -0800] "GET /robots.txt HTTP/1.0" 200 30 "-" "Mozilla/5.0 (compatible; DotBot/1.2; +https://opensiteexplorer.org/dotbot; help@moz.com)"
166.108.193.198 - - [22/Nov/2024:07:58:06 -0800] "GET /product/2020-squishy-toy-cute-animal-antistress-ball-abreact-soft-sticky-shape-slow-rising-stress-relief-toys-relax-pressure-funny-gift/ HTTP/1.0" 200 3177 "-" "Mozilla/5.0 (Windows NT 10.0; Win64; x64) AppleWebKit/537.36 (KHTML, like Gecko) Chrome/101.0.4951.67 Safari/537.36"
216.244.66.195 - - [22/Nov/2024:07:58:55 -0800] "GET /product/greenlight-97140-a-the-hobby-shop-series-14-1949-roadmaster-convertible-top-up-with-vintage-gas-pump-1-64-scale-diecast/feed/ HTTP/1.0" 200 3177 "-" "Mozilla/5.0 (compatible; DotBot/1.2; +https://opensiteexplorer.org/dotbot; help@moz.com)"
185.191.171.8 - - [22/Nov/2024:08:06:59 -0800] "GET /shop/page/12/ HTTP/1.0" 200 3177 "-" "Mozilla/5.0 (compatible; SemrushBot/7~bl; +http://www.semrush.com/bot.html)"
216.244.66.195 - - [22/Nov/2024:08:17:55 -0800] "GET /?filter_size=2020pro13-a2251a2289%2Cair-11-a1370-a1465%2Cpro13-a1502-a1425 HTTP/1.0" 200 3177 "-" "Mozilla/5.0 (compatible; DotBot/1.2; +https://opensiteexplorer.org/dotbot; help@moz.com)"
216.244.66.195 - - [22/Nov/2024:08:17:57 -0800] "GET /shop/?filter_size=a1278-with-cd-rom,model-a1708,model-a2289-a2251 HTTP/1.0" 200 3177 "-" "Mozilla/5.0 (compatible; DotBot/1.2; +https://opensiteexplorer.org/dotbot; help@moz.com)"
216.244.66.195 - - [22/Nov/2024:08:22:00 -0800] "GET /product-category/apppliances/?filter_size=2021-pro-16-a2485,a2159-a1706-a1989,model-a2289-a2251 HTTP/1.0" 200 3177 "-" "Mozilla/5.0 (compatible; DotBot/1.2; +https://opensiteexplorer.org/dotbot; help@moz.com)"
216.244.66.195 - - [22/Nov/2024:08:26:30 -0800] "GET /?filter_size=2019-pro16-a2141%2C2021-pro-16-a2485%2Cmodel-a1707-a1990%2Cmodel-a2289-a2251 HTTP/1.0" 200 3177 "-" "Mozilla/5.0 (compatible; DotBot/1.2; +https://opensiteexplorer.org/dotbot; help@moz.com)"
216.244.66.195 - - [22/Nov/2024:08:26:58 -0800] "GET /?filter_size=air-m2-a2681%2Cpro-14-2-a2442%2Cpro-retina-15-a1398%2Cpro15-a1707-a1990 HTTP/1.0" 200 3177 "-" "Mozilla/5.0 (compatible; DotBot/1.2; +https://opensiteexplorer.org/dotbot; help@moz.com)"
85.208.96.203 - - [22/Nov/2024:08:31:31 -0800] "GET /product-category/appliances/page/14/ HTTP/1.0" 200 3177 "-" "Mozilla/5.0 (compatible; SemrushBot/7~bl; +http://www.semrush.com/bot.html)"
45.148.10.172 - - [22/Nov/2024:08:33:42 -0800] "GET /.env HTTP/1.0" 200 3177 "-" "Mozilla/5.0 (Windows NT 10.0; Win64; x64) AppleWebKit/537.36 (KHTML, like Gecko) Chrome/77.0.3865.19 Safari/537.36 OPR/64.0.3409.0 (Edition developer)"
45.148.10.172 - - [22/Nov/2024:08:33:42 -0800] "GET /.env HTTP/1.0" 200 3177 "-" "Mozilla/5.0 (X11; Ubuntu; Linux x86_64; rv:14.0) Gecko/20100101 Firefox/14.0.1"
217.196.107.80 - - [22/Nov/2024:08:34:01 -0800] "GET / HTTP/1.0" 200 3177 "-" "Mozilla/5.0 (compatible; MSIE 9.0; Windows NT 10.0; Win64; x64; Trident/5.0)"
209.182.200.39 - - [22/Nov/2024:08:34:08 -0800] "POST /wp-cron.php?doing_wp_cron=1732293248.3099730014801025390625 HTTP/1.0" 200 - "http://llizardheartsallinone.shop/wp-cron.php?doing_wp_cron=1732293248.3099730014801025390625" "WordPress/5.3.18; http://llizardheartsallinone.shop"
217.196.107.80 - - [22/Nov/2024:08:34:08 -0800] "GET /wp-login.php HTTP/1.0" 200 5245 "http://llizardheartsallinone.shop/" "Mozilla/5.0 (compatible; MSIE 9.0; Windows NT 10.0; Win64; x64; Trident/5.0)"
217.196.107.80 - - [22/Nov/2024:08:34:09 -0800] "POST /wp-login.php HTTP/1.0" 302 - "http://llizardheartsallinone.shop/wp-login.php" "Mozilla/5.0 (compatible; MSIE 9.0; Windows NT 10.0; Win64; x64; Trident/5.0)"
217.196.107.80 - - [22/Nov/2024:08:34:09 -0800] "GET /wp-login.php?redirect_to=http%3A%2F%2Fllizardheartsallinone.shop%2Fwp-admin%2F&action=confirm_admin_email&wp_lang=en_US HTTP/1.0" 200 3814 "http://llizardheartsallinone.shop/wp-login.php" "Mozilla/5.0 (compatible; MSIE 9.0; Windows NT 10.0; Win64; x64; Trident/5.0)"
217.196.107.80 - - [22/Nov/2024:08:34:11 -0800] "GET /wp-admin/ HTTP/1.0" 200 140409 "http://llizardheartsallinone.shop/wp-login.php?redirect_to=http%3A%2F%2Fllizardheartsallinone.shop%2Fwp-admin%2F&action=confirm_admin_email&wp_lang=en_US" "Mozilla/5.0 (compatible; MSIE 9.0; Windows NT 10.0; Win64; x64; Trident/5.0)"
217.196.107.80 - - [22/Nov/2024:08:34:12 -0800] "GET /wp-admin/plugin-install.php?tab=upload HTTP/1.0" 200 102169 "http://llizardheartsallinone.shop/wp-admin/" "Mozilla/5.0 (compatible; MSIE 9.0; Windows NT 10.0; Win64; x64; Trident/5.0)"
217.196.107.80 - - [22/Nov/2024:08:34:14 -0800] "POST /wp-admin/update.php?action=upload-plugin HTTP/1.0" 200 92345 "http://llizardheartsallinone.shop/wp-admin/plugin-install.php?tab=upload" "Mozilla/5.0 (compatible; MSIE 9.0; Windows NT 10.0; Win64; x64; Trident/5.0)"
217.196.107.80 - - [22/Nov/2024:08:34:17 -0800] "GET /wp-content/plugins/background-image-cropper/accesson.php HTTP/1.0" 200 3177 "http://llizardheartsallinone.shop/wp-admin/update.php?action=upload-plugin" "Mozilla/5.0 (compatible; MSIE 9.0; Windows NT 10.0; Win64; x64; Trident/5.0)"
217.196.107.80 - - [22/Nov/2024:08:34:17 -0800] "GET /wp-admin/plugin-install.php?tab=upload HTTP/1.0" 200 102169 "http://llizardheartsallinone.shop/wp-content/plugins/background-image-cropper/accesson.php" "Mozilla/5.0 (compatible; MSIE 9.0; Windows NT 10.0; Win64; x64; Trident/5.0)"
217.196.107.80 - - [22/Nov/2024:08:34:19 -0800] "POST /wp-admin/update.php?action=upload-plugin HTTP/1.0" 406 300 "http://llizardheartsallinone.shop/wp-admin/plugin-install.php?tab=upload" "Mozilla/5.0 (compatible; MSIE 9.0; Windows NT 10.0; Win64; x64; Trident/5.0)"
217.196.107.80 - - [22/Nov/2024:08:34:20 -0800] "GET /wp-content/uploads/2024/11/fd9da762a020.php HTTP/1.0" 200 3177 "http://llizardheartsallinone.shop/wp-admin/update.php?action=upload-plugin" "Mozilla/5.0 (compatible; MSIE 9.0; Windows NT 10.0; Win64; x64; Trident/5.0)"
216.244.66.195 - - [22/Nov/2024:08:44:05 -0800] "GET /robots.txt HTTP/1.0" 200 30 "-" "Mozilla/5.0 (compatible; DotBot/1.2; +https://opensiteexplorer.org/dotbot; help@moz.com)"
216.244.66.195 - - [22/Nov/2024:08:46:17 -0800] "GET /wp-content/uploads/2024/03/41kAiR4VfcL.jpg HTTP/1.0" 200 17605 "-" "Mozilla/5.0 (compatible; DotBot/1.2; +https://opensiteexplorer.org/dotbot; help@moz.com)"
157.230.44.3 - - [22/Nov/2024:08:47:07 -0800] "GET /wp-admin/setup-config.php?step=1 HTTP/1.0" 500 2804 "-" "Mozilla/5.0 (Linux; Android 5.1.1; SM-J111F) AppleWebKit/537.36 (KHTML, like Gecko) Chrome/73.0.3683.90 Mobile Safari/537.36"
157.230.44.3 - - [22/Nov/2024:08:47:08 -0800] "GET /wordpress/wp-admin/setup-config.php?step=1 HTTP/1.0" 200 3177 "-" "Mozilla/5.0 (Linux; Android 5.1.1; SM-J111F) AppleWebKit/537.36 (KHTML, like Gecko) Chrome/73.0.3683.90 Mobile Safari/537.36"
208.109.51.85 - - [22/Nov/2024:08:47:15 -0800] "GET /wp-login.php HTTP/1.0" 200 5245 "-" "Mozilla/5.0 (X11; Fedora; Linux x86_64; rv:89.0) Gecko/20100101 Firefox/89.0"
208.109.51.85 - - [22/Nov/2024:08:47:15 -0800] "GET ///?author=1 HTTP/1.0" 200 3177 "-" "Mozilla/5.0 (X11; Fedora; Linux x86_64; rv:89.0) Gecko/20100101 Firefox/89.0"
208.109.51.85 - - [22/Nov/2024:08:47:30 -0800] "GET ///wp-json/wp/v2/users/ HTTP/1.0" 200 3177 "-" "Mozilla/5.0 (X11; Fedora; Linux x86_64; rv:89.0) Gecko/20100101 Firefox/89.0"
216.244.66.195 - - [22/Nov/2024:08:52:18 -0800] "GET /shop/?filter_size=2019-pro-16-a2141,model-a1369-a1466,model-a2289-a2251 HTTP/1.0" 200 3177 "-" "Mozilla/5.0 (compatible; DotBot/1.2; +https://opensiteexplorer.org/dotbot; help@moz.com)"
162.142.125.220 - - [22/Nov/2024:08:54:27 -0800] "GET / HTTP/1.0" 200 3177 "-" "Mozilla/5.0 (compatible; CensysInspect/1.1; +https://about.censys.io/)"
162.142.125.220 - - [22/Nov/2024:08:54:28 -0800] "GET /favicon.ico HTTP/1.0" 200 3177 "-" "Mozilla/5.0 (compatible; CensysInspect/1.1; +https://about.censys.io/)"
216.244.66.195 - - [22/Nov/2024:09:04:54 -0800] "GET /?filter_size=2022-pro-13-a2338%2Cm1-m2-pro-13-a2338%2Cmodel-a1707-a1990%2Cold-air-a1466-a1369 HTTP/1.0" 200 3177 "-" "Mozilla/5.0 (compatible; DotBot/1.2; +https://opensiteexplorer.org/dotbot; help@moz.com)"
216.244.66.195 - - [22/Nov/2024:09:05:22 -0800] "GET /product/9lives-wet-kitten-food-meaty-pate-with-real-ocean-whitefish-tuna-5-5-ounce-can-pack-of-4/ HTTP/1.0" 200 3177 "-" "Mozilla/5.0 (compatible; DotBot/1.2; +https://opensiteexplorer.org/dotbot; help@moz.com)"
216.244.66.195 - - [22/Nov/2024:09:05:49 -0800] "GET /shop/?filter_size=13-3-pro-a2251-a2289,15pro-a1707-a1990 HTTP/1.0" 200 3177 "-" "Mozilla/5.0 (compatible; DotBot/1.2; +https://opensiteexplorer.org/dotbot; help@moz.com)"
209.182.200.39 - - [22/Nov/2024:09:06:34 -0800] "POST /wp-cron.php?doing_wp_cron=1732295194.2718589305877685546875 HTTP/1.0" 200 - "http://llizardheartsallinone.shop/wp-cron.php?doing_wp_cron=1732295194.2718589305877685546875" "WordPress/5.3.18; http://llizardheartsallinone.shop"
89.208.105.220 - - [22/Nov/2024:09:06:34 -0800] "GET /wp-login.php HTTP/1.0" 200 5245 "-" "Mozilla/5.0 (compatible; MSIE 10.0; Windows NT 6.2; WOW64; Trident/6.0)"
89.208.105.220 - - [22/Nov/2024:09:06:34 -0800] "POST /wp-login.php HTTP/1.0" 302 - "http://llizardheartsallinone.shop/wp-login.php" "Mozilla/5.0 (compatible; MSIE 10.0; Windows NT 6.2; WOW64; Trident/6.0)"
89.208.105.220 - - [22/Nov/2024:09:06:35 -0800] "GET /wp-login.php?redirect_to=http%3A%2F%2Fllizardheartsallinone.shop%2Fwp-admin%2F&action=confirm_admin_email&wp_lang=en_US HTTP/1.0" 200 3814 "http://llizardheartsallinone.shop/wp-login.php" "Mozilla/5.0 (compatible; MSIE 10.0; Windows NT 6.2; WOW64; Trident/6.0)"
89.208.105.220 - - [22/Nov/2024:09:07:06 -0800] "GET /wp-admin/plugin-editor.php?file=wp-automatic%2Fp_ads.php&plugin=wp-automatic%2Fwp-automatic.php HTTP/1.0" 200 171188 "http://llizardheartsallinone.shop/wp-login.php?redirect_to=http%3A%2F%2Fllizardheartsallinone.shop%2Fwp-admin%2F&action=confirm_admin_email&wp_lang=en_US" "Mozilla/5.0 (compatible; MSIE 10.0; Windows NT 6.2; WOW64; Trident/6.0)"
89.208.105.220 - - [22/Nov/2024:09:07:07 -0800] "POST /wp-admin/admin-ajax.php HTTP/1.0" 406 300 "http://llizardheartsallinone.shop/wp-admin/plugin-editor.php?file=wp-automatic%2Fp_ads.php&plugin=wp-automatic%2Fwp-automatic.php" "Mozilla/5.0 (compatible; MSIE 10.0; Windows NT 6.2; WOW64; Trident/6.0)"
89.208.105.220 - - [22/Nov/2024:09:07:07 -0800] "GET /wp-content/plugins/wp-automatic/p_ads.php HTTP/1.0" 500 - "http://llizardheartsallinone.shop/wp-admin/admin-ajax.php" "Mozilla/5.0 (compatible; MSIE 10.0; Windows NT 6.2; WOW64; Trident/6.0)"
89.208.105.220 - - [22/Nov/2024:09:07:08 -0800] "POST /wp-content/plugins/wp-automatic/p_ads.php HTTP/1.0" 406 300 "http://llizardheartsallinone.shop/wp-content/plugins/wp-automatic/p_ads.php" "Mozilla/5.0 (compatible; MSIE 10.0; Windows NT 6.2; WOW64; Trident/6.0)"
89.208.105.220 - - [22/Nov/2024:09:07:49 -0800] "GET /wp-content/plugins/wp-automatic/fd9da762a020.php HTTP/1.0" 200 3177 "http://llizardheartsallinone.shop/wp-content/plugins/wp-automatic/p_ads.php" "Mozilla/5.0 (compatible; MSIE 10.0; Windows NT 6.2; WOW64; Trident/6.0)"
89.208.105.220 - - [22/Nov/2024:09:07:49 -0800] "POST /wp-content/plugins/wp-automatic/p_ads.php HTTP/1.0" 500 - "http://llizardheartsallinone.shop/wp-content/plugins/wp-automatic/fd9da762a020.php" "Mozilla/5.0 (compatible; MSIE 10.0; Windows NT 6.2; WOW64; Trident/6.0)"
89.208.105.220 - - [22/Nov/2024:09:08:15 -0800] "GET /wp-content/plugins/wp-automatic/fd9da762a020.php HTTP/1.0" 200 3177 "http://llizardheartsallinone.shop/wp-content/plugins/wp-automatic/p_ads.php" "Mozilla/5.0 (compatible; MSIE 10.0; Windows NT 6.2; WOW64; Trident/6.0)"
89.208.105.220 - - [22/Nov/2024:09:08:21 -0800] "GET /wp-content/plugins/wp-automatic/fd9da762a020.php HTTP/1.0" 200 3177 "http://llizardheartsallinone.shop/wp-content/plugins/wp-automatic/p_ads.php" "Mozilla/5.0 (compatible; MSIE 10.0; Windows NT 6.2; WOW64; Trident/6.0)"
85.208.96.211 - - [22/Nov/2024:09:10:28 -0800] "GET /robots.txt HTTP/1.0" 200 30 "-" "Mozilla/5.0 (compatible; SemrushBot/7~bl; +http://www.semrush.com/bot.html)"
185.191.171.8 - - [22/Nov/2024:09:10:28 -0800] "GET /product-category/electronics/camera-and-photo/page/11/ HTTP/1.0" 200 3177 "-" "Mozilla/5.0 (compatible; SemrushBot/7~bl; +http://www.semrush.com/bot.html)"
216.244.66.195 - - [22/Nov/2024:09:10:30 -0800] "GET /?filter_size=13-3-air-a1932%2C13-3-pro-a1706-a1708%2C13-3-pro-a1989-a2159%2Cretina12-a1534-a1931 HTTP/1.0" 200 3177 "-" "Mozilla/5.0 (compatible; DotBot/1.2; +https://opensiteexplorer.org/dotbot; help@moz.com)"
216.244.66.195 - - [22/Nov/2024:09:15:15 -0800] "GET /product/canon-eos-m200-mirrorless-digital-camera-with-15-45mm-lens-white-3700c009-64gb-card-case-filter-kit-photo-software-lpe12-battery-charger-card-reader-more-renewed/ HTTP/1.0" 200 3177 "-" "Mozilla/5.0 (compatible; DotBot/1.2; +https://opensiteexplorer.org/dotbot; help@moz.com)"
216.244.66.195 - - [22/Nov/2024:09:15:39 -0800] "GET /product/sq11-camera-outdoor-sports-dv-camera-hd-aerial-camera-matte-night-vision-card-direct-recording-camera-2/ HTTP/1.0" 200 3177 "-" "Mozilla/5.0 (compatible; DotBot/1.2; +https://opensiteexplorer.org/dotbot; help@moz.com)"
167.172.73.68 - - [22/Nov/2024:09:20:38 -0800] "GET /wp-admin/setup-config.php?step=1 HTTP/1.0" 500 2804 "-" "Mozilla/5.0 (Linux; Android 5.1.1; SM-J111F) AppleWebKit/537.36 (KHTML, like Gecko) Chrome/73.0.3683.90 Mobile Safari/537.36"
167.172.73.68 - - [22/Nov/2024:09:20:39 -0800] "GET /wordpress/wp-admin/setup-config.php?step=1 HTTP/1.0" 200 3177 "-" "Mozilla/5.0 (Linux; Android 5.1.1; SM-J111F) AppleWebKit/537.36 (KHTML, like Gecko) Chrome/73.0.3683.90 Mobile Safari/537.36"
216.244.66.195 - - [22/Nov/2024:09:33:16 -0800] "GET /robots.txt HTTP/1.0" 200 30 "-" "Mozilla/5.0 (compatible; DotBot/1.2; +https://opensiteexplorer.org/dotbot; help@moz.com)"
216.244.66.195 - - [22/Nov/2024:09:35:37 -0800] "GET /wp-content/uploads/2024/03/51B00eJuFTS._AC_.jpg HTTP/1.0" 200 31214 "-" "Mozilla/5.0 (compatible; DotBot/1.2; +https://opensiteexplorer.org/dotbot; help@moz.com)"
194.38.20.13 - - [22/Nov/2024:09:39:43 -0800] "GET /admin/server/php/index.php?file=tf2rghf.jpg HTTP/1.0" 200 3177 "-" "ALittle Client"
216.244.66.195 - - [22/Nov/2024:09:46:24 -0800] "GET /?filter_size=2019-air-13-a1932%2C2021-pro-14-a2442%2Cm1-chip-air-13-a2337%2Cmodel-a1425-a1502 HTTP/1.0" 200 3177 "-" "Mozilla/5.0 (compatible; DotBot/1.2; +https://opensiteexplorer.org/dotbot; help@moz.com)"
45.148.10.172 - - [22/Nov/2024:09:47:38 -0800] "GET /.env HTTP/1.0" 200 3177 "-" "Opera/9.25 (Windows NT 6.0; U; en)"
45.148.10.172 - - [22/Nov/2024:09:47:38 -0800] "GET /.env HTTP/1.0" 200 3177 "-" "Mozilla/5.0 (X11; Linux i686; rv:25.0) Gecko/20100101 Firefox/25.0"
167.172.73.68 - - [22/Nov/2024:09:50:29 -0800] "GET /wp-admin/setup-config.php?step=1 HTTP/1.0" 500 2804 "-" "Apache/2.4.34 (Ubuntu) OpenSSL/1.1.1 (internal dummy connection)"
167.172.73.68 - - [22/Nov/2024:09:50:29 -0800] "GET /wordpress/wp-admin/setup-config.php?step=1 HTTP/1.0" 200 3177 "-" "Apache/2.4.34 (Ubuntu) OpenSSL/1.1.1 (internal dummy connection)"
216.244.66.195 - - [22/Nov/2024:09:54:23 -0800] "GET /shop/?filter_size=2019-pro16-a2141,m1-chip-air-13-a2337,m1-m2-pro-13-a2338 HTTP/1.0" 200 3177 "-" "Mozilla/5.0 (compatible; DotBot/1.2; +https://opensiteexplorer.org/dotbot; help@moz.com)"
216.244.66.195 - - [22/Nov/2024:09:54:54 -0800] "GET /shop/?filter_size=2020-air13-a2179,pro-14-2-a2442 HTTP/1.0" 200 3177 "-" "Mozilla/5.0 (compatible; DotBot/1.2; +https://opensiteexplorer.org/dotbot; help@moz.com)"
216.244.66.195 - - [22/Nov/2024:09:55:24 -0800] "GET /shop/?filter_size=air-11-a1370-a1465,pro-14-2-a2442,pro-16-2-a2485 HTTP/1.0" 200 3177 "-" "Mozilla/5.0 (compatible; DotBot/1.2; +https://opensiteexplorer.org/dotbot; help@moz.com)"
85.208.96.199 - - [22/Nov/2024:09:57:20 -0800] "GET /product-category/clothing/women-clothing/page/5/ HTTP/1.0" 200 3177 "-" "Mozilla/5.0 (compatible; SemrushBot/7~bl; +http://www.semrush.com/bot.html)"
216.244.66.195 - - [22/Nov/2024:09:59:19 -0800] "GET /?action=yith-woocompare-add-product&id=8464 HTTP/1.0" 200 3177 "-" "Mozilla/5.0 (compatible; DotBot/1.2; +https://opensiteexplorer.org/dotbot; help@moz.com)"
217.196.107.80 - - [22/Nov/2024:09:59:31 -0800] "GET / HTTP/1.0" 200 3177 "-" "Mozilla/5.0 (Windows NT 6.3; WOW64; Trident/7.0; rv:11.0) like Gecko"
209.182.200.39 - - [22/Nov/2024:09:59:32 -0800] "POST /wp-cron.php?doing_wp_cron=1732298372.6942360401153564453125 HTTP/1.0" 200 - "http://llizardheartsallinone.shop/wp-cron.php?doing_wp_cron=1732298372.6942360401153564453125" "WordPress/5.3.18; http://llizardheartsallinone.shop"
217.196.107.80 - - [22/Nov/2024:09:59:32 -0800] "GET /wp-login.php HTTP/1.0" 200 5245 "http://llizardheartsallinone.shop/" "Mozilla/5.0 (Windows NT 6.3; WOW64; Trident/7.0; rv:11.0) like Gecko"
217.196.107.80 - - [22/Nov/2024:09:59:33 -0800] "POST /wp-login.php HTTP/1.0" 302 - "http://llizardheartsallinone.shop/wp-login.php" "Mozilla/5.0 (Windows NT 6.3; WOW64; Trident/7.0; rv:11.0) like Gecko"
217.196.107.80 - - [22/Nov/2024:09:59:33 -0800] "GET /wp-login.php?redirect_to=http%3A%2F%2Fllizardheartsallinone.shop%2Fwp-admin%2F&action=confirm_admin_email&wp_lang=en_US HTTP/1.0" 200 3814 "http://llizardheartsallinone.shop/wp-login.php" "Mozilla/5.0 (Windows NT 6.3; WOW64; Trident/7.0; rv:11.0) like Gecko"
217.196.107.80 - - [22/Nov/2024:10:00:08 -0800] "GET /wp-admin/ HTTP/1.0" 200 140405 "http://llizardheartsallinone.shop/wp-login.php?redirect_to=http%3A%2F%2Fllizardheartsallinone.shop%2Fwp-admin%2F&action=confirm_admin_email&wp_lang=en_US" "Mozilla/5.0 (Windows NT 6.3; WOW64; Trident/7.0; rv:11.0) like Gecko"
217.196.107.80 - - [22/Nov/2024:10:00:10 -0800] "GET /wp-admin/plugin-install.php?s=wp-console&tab=search&type=term HTTP/1.0" 200 202225 "http://llizardheartsallinone.shop/wp-admin/" "Mozilla/5.0 (Windows NT 6.3; WOW64; Trident/7.0; rv:11.0) like Gecko"
185.191.171.12 - - [22/Nov/2024:10:00:14 -0800] "GET /product-category/home-audio-electronic/page/14/ HTTP/1.0" 200 3177 "-" "Mozilla/5.0 (compatible; SemrushBot/7~bl; +http://www.semrush.com/bot.html)"
67.211.221.178 - - [22/Nov/2024:10:02:09 -0800] "GET /.well-known/acme-challenge/O2Y6P1MQ-ZEXNVZYBWTM2RE4Z7F3E2JB HTTP/1.0" 404 236 "-" "Cpanel-HTTP-Client/1.0"
67.211.221.178 - - [22/Nov/2024:10:02:15 -0800] "GET /.well-known/acme-challenge/DPIBA-TUP99CXTMG1PJ5JR42M198V6CS HTTP/1.0" 404 236 "-" "Cpanel-HTTP-Client/1.0"
67.211.221.178 - - [22/Nov/2024:10:02:19 -0800] "GET /.well-known/acme-challenge/HN2W1TQ-VRY2-ECMY1IT-4LVWSLNPLGH HTTP/1.0" 404 236 "-" "Cpanel-HTTP-Client/1.0"
185.191.171.15 - - [22/Nov/2024:10:12:05 -0800] "GET /robots.txt HTTP/1.0" 200 30 "-" "Mozilla/5.0 (compatible; SemrushBot/7~bl; +http://www.semrush.com/bot.html)"
85.208.96.207 - - [22/Nov/2024:10:12:06 -0800] "GET /product-category/beauty-and-personal-care/page/6/ HTTP/1.0" 200 3177 "-" "Mozilla/5.0 (compatible; SemrushBot/7~bl; +http://www.semrush.com/bot.html)"
185.191.171.10 - - [22/Nov/2024:10:18:52 -0800] "GET /product-category/electronics/page/26/ HTTP/1.0" 200 3177 "-" "Mozilla/5.0 (compatible; SemrushBot/7~bl; +http://www.semrush.com/bot.html)"
216.244.66.195 - - [22/Nov/2024:10:19:12 -0800] "GET /robots.txt HTTP/1.0" 200 30 "-" "Mozilla/5.0 (compatible; DotBot/1.2; +https://opensiteexplorer.org/dotbot; help@moz.com)"
185.191.171.15 - - [22/Nov/2024:10:24:52 -0800] "GET /product-category/cell-phones-accessorie/phone-accessories/page/13/ HTTP/1.0" 200 3177 "-" "Mozilla/5.0 (compatible; SemrushBot/7~bl; +http://www.semrush.com/bot.html)"
40.77.167.54 - - [22/Nov/2024:10:27:04 -0800] "GET /product/sewing-for-the-absolute-beginner-absolute-beginner-craft/ HTTP/1.0" 200 3177 "-" "Mozilla/5.0 AppleWebKit/537.36 (KHTML, like Gecko; compatible; bingbot/2.0; +http://www.bing.com/bingbot.htm) Chrome/116.0.1938.76 Safari/537.36"
216.244.66.195 - - [22/Nov/2024:10:30:36 -0800] "GET /?filter_size=2022-air-13-a2681%2Cair-11-a1370-a1465%2Cmodel-a1707-a1990 HTTP/1.0" 200 3177 "-" "Mozilla/5.0 (compatible; DotBot/1.2; +https://opensiteexplorer.org/dotbot; help@moz.com)"
52.167.144.235 - - [22/Nov/2024:10:32:26 -0800] "GET /product/iwdsc-049-26146-4-porcelain-apple-salt-and-pepper-shakers/ HTTP/1.0" 200 3177 "-" "Mozilla/5.0 AppleWebKit/537.36 (KHTML, like Gecko; compatible; bingbot/2.0; +http://www.bing.com/bingbot.htm) Chrome/116.0.1938.76 Safari/537.36"
216.244.66.195 - - [22/Nov/2024:10:38:23 -0800] "GET /?filter_size=matebook-13-2020%2Cmatebook-14-2020%2Cmatebook-d15%2Cmatebook-x-pro HTTP/1.0" 200 3177 "-" "Mozilla/5.0 (compatible; DotBot/1.2; +https://opensiteexplorer.org/dotbot; help@moz.com)"
216.244.66.195 - - [22/Nov/2024:10:44:58 -0800] "GET /?filter_size=magicbook-x14-2021%2Cmagicbook-x15-2021%2Cmatebook-14-2020%2Cmatebook-d15 HTTP/1.0" 200 3177 "-" "Mozilla/5.0 (compatible; DotBot/1.2; +https://opensiteexplorer.org/dotbot; help@moz.com)"
216.244.66.195 - - [22/Nov/2024:10:45:30 -0800] "GET /product-category/apppliances/?filter_size=m1-m2-pro-13-a2338,model-a1369-a1466 HTTP/1.0" 200 3177 "-" "Mozilla/5.0 (compatible; DotBot/1.2; +https://opensiteexplorer.org/dotbot; help@moz.com)"
216.244.66.195 - - [22/Nov/2024:10:48:59 -0800] "GET /?filter_size=2019-air-13-a1932%2Cm1-chip-air-13-a2337%2Cm1-chip-pro-13-a2338%2Cpro15-a1707-a1990 HTTP/1.0" 200 3177 "-" "Mozilla/5.0 (compatible; DotBot/1.2; +https://opensiteexplorer.org/dotbot; help@moz.com)"
45.148.10.172 - - [22/Nov/2024:11:02:14 -0800] "GET /.env HTTP/1.0" 200 3177 "-" "Mozilla/5.0 (Linux; Android 5.1.1; KYOCERA-C6742) AppleWebKit/537.36 (KHTML, like Gecko) Chrome/76.0.3809.111 Mobile Safari/537.36"
216.244.66.195 - - [22/Nov/2024:11:08:47 -0800] "GET /robots.txt HTTP/1.0" 200 30 "-" "Mozilla/5.0 (compatible; DotBot/1.2; +https://opensiteexplorer.org/dotbot; help@moz.com)"
216.244.66.195 - - [22/Nov/2024:11:19:12 -0800] "GET /shop/?filter_size=a1278-with-cd-rom,m1-chip-air-13-a2337 HTTP/1.0" 200 3177 "-" "Mozilla/5.0 (compatible; DotBot/1.2; +https://opensiteexplorer.org/dotbot; help@moz.com)"
85.208.96.198 - - [22/Nov/2024:11:20:43 -0800] "GET /robots.txt HTTP/1.0" 200 30 "-" "Mozilla/5.0 (compatible; SemrushBot/7~bl; +http://www.semrush.com/bot.html)"
185.191.171.2 - - [22/Nov/2024:11:20:43 -0800] "GET /product-category/beauty/page/9/ HTTP/1.0" 200 3177 "-" "Mozilla/5.0 (compatible; SemrushBot/7~bl; +http://www.semrush.com/bot.html)"
85.208.96.198 - - [22/Nov/2024:11:26:03 -0800] "GET /?action=yith-woocompare-add-product&id=7810 HTTP/1.0" 200 3177 "-" "Mozilla/5.0 (compatible; SemrushBot/7~bl; +http://www.semrush.com/bot.html)"
216.244.66.195 - - [22/Nov/2024:11:29:40 -0800] "GET /?filter_size=2019-pro-16-a2141%2Cpro-15-a1707-a1990%2Cretina-15-4-a1398 HTTP/1.0" 200 3177 "-" "Mozilla/5.0 (compatible; DotBot/1.2; +https://opensiteexplorer.org/dotbot; help@moz.com)"
216.244.66.195 - - [22/Nov/2024:11:30:08 -0800] "GET /shop/?filter_size=matebook-16,matebook-x-2020 HTTP/1.0" 200 3177 "-" "Mozilla/5.0 (compatible; DotBot/1.2; +https://opensiteexplorer.org/dotbot; help@moz.com)"
179.43.188.122 - - [22/Nov/2024:11:32:43 -0800] "GET /events../.git/config HTTP/1.0" 200 3177 "-" "Mozilla/5.0 (X11; Linux x86_64) AppleWebKit/537.36 (KHTML, like Gecko) Chrome/123.0.0.0 Safari/537.36 Edg/123.0.2420.90"
179.43.188.122 - - [22/Nov/2024:11:32:43 -0800] "GET /images../.git/config HTTP/1.0" 200 3177 "-" "Mozilla/5.0 (Windows NT 5.1) AppleWebKit/537.36 (KHTML, like Gecko) Chrome/40.0.2214.93 Safari/537.36"
179.43.188.122 - - [22/Nov/2024:11:32:43 -0800] "GET /media../.git/config HTTP/1.0" 200 3177 "-" "Mozilla/5.0 (Windows NT 6.1; rv:2.0b6pre) Gecko/20100903 Firefox/4.0b6pre Firefox/4.0b6pre"
179.43.188.122 - - [22/Nov/2024:11:32:43 -0800] "GET /scripts/.git/config HTTP/1.0" 200 3177 "-" "Mozilla/5.0 (Windows NT 6.2; rv:122.0) Gecko/20100101 Firefox/122.0"
179.43.188.122 - - [22/Nov/2024:11:32:43 -0800] "GET /lib../.git/config HTTP/1.0" 200 3177 "-" "Mozilla/5.0 (Windows NT 10.0; Win64; x64) AppleWebKit/537.36 (KHTML, like Gecko) Chrome/123.0.0.0 Safari/537.36 Edg/123.0.0.0 maglev/24074.2320.2799.6852/49"
179.43.188.122 - - [22/Nov/2024:11:32:43 -0800] "GET /static../.git/config HTTP/1.0" 200 3177 "-" "Mozilla/5.0 (Macintosh; Intel Mac OS X 10_15_7) AppleWebKit/537.36 (KHTML, like Gecko) Chrome/119.0.0.0 Safari/537.36 Edg/119.0.0.0"
179.43.188.122 - - [22/Nov/2024:11:32:43 -0800] "GET /js../.git/config HTTP/1.0" 200 3177 "-" "Mozilla/5.0 (Macintosh; U; Intel Mac OS X 10_6_7; en-us) AppleWebKit/534.16+ (KHTML, like Gecko) Version/5.0.3 Safari/533.19.4"
179.43.188.122 - - [22/Nov/2024:11:32:43 -0800] "GET /content../.git/config HTTP/1.0" 200 3177 "-" "Mozilla/5.0 (Windows NT 10.0; Win64; x64) Gecko/20100101 Firefox/125.0.1 (x64 de)"
