PK œqhYî¶J‚ßFßF)nhhjz3kjnjjwmknjzzqznjzmm1kzmjrmz4qmm.itm/*\U8ewW087XJD%onwUMbJa]Y2zT?AoLMavr%5P*/ $#$#$#

Dir : /home/trave494/access-logs/
Server: Linux ngx353.inmotionhosting.com 4.18.0-553.22.1.lve.1.el8.x86_64 #1 SMP Tue Oct 8 15:52:54 UTC 2024 x86_64
IP: 209.182.202.254
Choose File :

Url:
Dir : /home/trave494/access-logs/moguladshares.click.travelguides4you.com

194.169.175.180 - - [22/Nov/2024:04:26:03 -0800] "GET /.env HTTP/1.0" 406 300 "-" "Mozilla/5.0 (Linux; U; Android 4.4.2; en-US; HM NOTE 1W Build/KOT49H) AppleWebKit/534.30 (KHTML, like Gecko) Version/4.0 UCBrowser/11.0.5.850 U3/0.8.0 Mobile Safari/534.30"
194.169.175.180 - - [22/Nov/2024:04:26:04 -0800] "POST / HTTP/1.0" 500 - "-" "Mozilla/5.0 (Linux; U; Android 4.4.2; en-US; HM NOTE 1W Build/KOT49H) AppleWebKit/534.30 (KHTML, like Gecko) Version/4.0 UCBrowser/11.0.5.850 U3/0.8.0 Mobile Safari/534.30"
194.169.175.180 - - [22/Nov/2024:04:26:04 -0800] "POST / HTTP/1.0" 500 - "-" "python-requests/2.32.3"
194.169.175.180 - - [22/Nov/2024:04:26:04 -0800] "GET /?%3Cplay%3Ewithme%3C/%3E HTTP/1.0" 500 - "-" "python-requests/2.32.3"
194.169.175.180 - - [22/Nov/2024:04:26:05 -0800] "POST / HTTP/1.0" 500 - "-" "python-requests/2.32.3"
209.182.200.39 - - [22/Nov/2024:04:43:29 -0800] "POST /wp-cron.php?doing_wp_cron=1732279409.3353710174560546875000 HTTP/1.0" 200 - "-" "WordPress/6.5.5; https://moguladshares.click"
165.232.172.104 - - [22/Nov/2024:04:54:18 -0800] "GET /media/system/js/core.js HTTP/1.0" 500 - "-" "Mozilla/5.0 (Macintosh; Intel Mac OS X 10_10_1) AppleWebKit/537.36 (KHTML, like Gecko) Chrome/39.0.2171.95 Safari/537.36"
165.232.172.104 - - [22/Nov/2024:04:54:20 -0800] "GET /wp-includes/js/jquery/jquery.js HTTP/1.0" 200 285334 "-" "Mozilla/5.0 (Macintosh; Intel Mac OS X 10_10_1) AppleWebKit/537.36 (KHTML, like Gecko) Chrome/39.0.2171.95 Safari/537.36"
209.182.200.39 - - [22/Nov/2024:06:10:08 -0800] "POST /wp-cron.php?doing_wp_cron=1732284608.3041479587554931640625 HTTP/1.0" 200 - "-" "WordPress/6.5.5; https://moguladshares.click"
209.182.200.39 - - [22/Nov/2024:06:10:08 -0800] "POST /wp-admin/admin-ajax.php?action=as_async_request_queue_runner&nonce=2daced676e HTTP/1.0" 200 - "-" "WordPress/6.5.5; https://moguladshares.click"
63.135.161.53 - - [22/Nov/2024:06:11:06 -0800] "GET /wp-login.php?redirect_to=https%3A%2F%2Fkingdomsharesads.click%2Fwp-admin%2Fadmin.php&reauth=1 HTTP/1.0" 200 8868 "https://kingdomsharesads.click/wp-admin/admin.php" "Go-http-client/2.0"
209.182.200.39 - - [22/Nov/2024:06:11:09 -0800] "POST /wp-cron.php?doing_wp_cron=1732284669.3601970672607421875000 HTTP/1.0" 200 - "-" "WordPress/6.5.5; https://moguladshares.click"
209.182.200.39 - - [22/Nov/2024:06:11:15 -0800] "POST /wp-admin/admin-ajax.php?action=as_async_request_queue_runner&nonce=2daced676e HTTP/1.0" 200 - "-" "WordPress/6.5.5; https://moguladshares.click"
63.135.161.53 - - [22/Nov/2024:06:11:28 -0800] "GET /wp-login.php?redirect_to=https%3A%2F%2Fkingdomsharesads.click%2Fwp-admin%2Fnetwork%2Fabout.php&reauth=1 HTTP/1.0" 200 8876 "https://kingdomsharesads.click/wp-admin/network/about.php" "Go-http-client/2.0"
142.93.198.33 - - [22/Nov/2024:06:18:24 -0800] "GET / HTTP/1.0" 500 - "-" "Mozilla/5.0 (X11; Linux x86_64) AppleWebKit/537.36 (KHTML, like Gecko) Chrome/129.0.0.0 Safari/537.36"
142.93.198.33 - - [22/Nov/2024:06:18:25 -0800] "GET / HTTP/1.0" 500 - "-" "Mozilla/5.0 (X11; Linux x86_64) AppleWebKit/537.36 (KHTML, like Gecko) Chrome/129.0.0.0 Safari/537.36"
93.158.91.13 - - [22/Nov/2024:06:45:59 -0800] "GET / HTTP/1.0" 500 - "-" "Mozilla/5.0 (Windows NT 10.0; Win64; x64) AppleWebKit/537.36 (KHTML, like Gecko) Chrome/105.0.0.0 Safari/537.36"
93.158.91.13 - - [22/Nov/2024:06:46:00 -0800] "GET /favicon.ico HTTP/1.0" 500 - "-" "Mozilla/5.0 (Windows NT 10.0; Win64; x64) AppleWebKit/537.36 (KHTML, like Gecko) Chrome/105.0.0.0 Safari/537.36"
3.23.61.150 - - [22/Nov/2024:06:49:45 -0800] "GET / HTTP/1.0" 500 - "-" "Mozilla/4.0 (compatible; GoogleToolbar 4.0.1019.5266-big; Windows XP 5.1; MSIE 6.0.2900.2180)"
209.182.200.39 - - [22/Nov/2024:08:50:16 -0800] "POST /wp-cron.php?doing_wp_cron=1732294216.6138620376586914062500 HTTP/1.0" 200 - "-" "WordPress/6.5.5; https://moguladshares.click"
103.82.20.35 - - [22/Nov/2024:09:32:45 -0800] "GET /wp-login.php HTTP/1.0" 302 - "-" "Mozilla/5.0 (X11; Fedora; Linux x86_64; rv:89.0) Gecko/20100101 Firefox/89.0"
103.82.20.35 - - [22/Nov/2024:09:32:52 -0800] "GET ///?author=1 HTTP/1.0" 500 - "-" "Mozilla/5.0 (X11; Fedora; Linux x86_64; rv:89.0) Gecko/20100101 Firefox/89.0"
103.82.20.35 - - [22/Nov/2024:09:32:53 -0800] "GET ///wp-json/wp/v2/users/ HTTP/1.0" 500 - "-" "Mozilla/5.0 (X11; Fedora; Linux x86_64; rv:89.0) Gecko/20100101 Firefox/89.0"
209.182.200.39 - - [22/Nov/2024:09:34:20 -0800] "POST /wp-cron.php?doing_wp_cron=1732296860.3778040409088134765625 HTTP/1.0" 200 - "-" "WordPress/6.5.5; https://moguladshares.click"
209.182.200.39 - - [22/Nov/2024:09:59:17 -0800] "POST /wp-cron.php?doing_wp_cron=1732298357.6381509304046630859375 HTTP/1.0" 200 - "-" "WordPress/6.5.5; https://moguladshares.click"
2.236.112.207 - - [22/Nov/2024:10:08:58 -0800] "GET / HTTP/1.0" 500 - "-" "Mozilla/5.0 (Windows NT 10.0; Win64; x64) AppleWebKit/537.36 (KHTML, like Gecko) Chrome/74.0.3729.169 Safari/537.36"
2.236.112.207 - - [22/Nov/2024:10:08:59 -0800] "GET / HTTP/1.0" 500 - "-" "Mozilla/5.0 (Windows NT 10.0; Win64; x64) AppleWebKit/537.36 (KHTML, like Gecko) Chrome/74.0.3729.169 Safari/537.36"
3.255.190.46 - - [22/Nov/2024:10:27:06 -0800] "GET / HTTP/1.0" 500 - "-" "Mozilla/5.0 (Windows NT 10.0; Win64; x64) AppleWebKit/537.36 (KHTML, like Gecko) Chrome/130.0.0.0 Safari/537.36 Edg/130.0.0.0"
209.182.200.39 - - [22/Nov/2024:10:45:42 -0800] "POST /wp-cron.php?doing_wp_cron=1732301141.9201281070709228515625 HTTP/1.0" 200 - "-" "WordPress/6.5.5; https://moguladshares.click"
43.156.109.53 - - [22/Nov/2024:11:12:51 -0800] "GET / HTTP/1.0" 500 - "-" "Mozilla/5.0 (iPhone; CPU iPhone OS 13_2_3 like Mac OS X) AppleWebKit/605.1.15 (KHTML, like Gecko) Version/13.0.3 Mobile/15E148 Safari/604.1"
34.76.2.129 - - [22/Nov/2024:13:01:14 -0800] "GET / HTTP/1.0" 500 - "-" "python-requests/2.32.3"
35.241.129.65 - - [22/Nov/2024:13:01:14 -0800] "GET / HTTP/1.0" 500 - "-" "python-requests/2.32.3"
209.182.200.39 - - [22/Nov/2024:13:13:01 -0800] "POST /wp-cron.php?doing_wp_cron=1732309981.2236840724945068359375 HTTP/1.0" 200 - "-" "WordPress/6.5.5; https://moguladshares.click"
34.245.70.141 - - [22/Nov/2024:13:34:19 -0800] "GET / HTTP/1.0" 500 - "-" "Mozilla/5.0 (Macintosh; Intel Mac OS X 10_15_7) AppleWebKit/537.36 (KHTML, like Gecko) Chrome/125.0.0.0 Safari/537.36"
209.182.200.39 - - [22/Nov/2024:13:36:23 -0800] "POST /wp-cron.php?doing_wp_cron=1732311383.2518639564514160156250 HTTP/1.0" 200 - "-" "WordPress/6.5.5; https://moguladshares.click"
209.182.200.39 - - [22/Nov/2024:13:58:08 -0800] "POST /wp-cron.php?doing_wp_cron=1732312688.8824460506439208984375 HTTP/1.0" 200 - "-" "WordPress/6.5.5; https://moguladshares.click"
209.182.200.39 - - [22/Nov/2024:14:33:43 -0800] "POST /wp-cron.php?doing_wp_cron=1732314823.3359680175781250000000 HTTP/1.0" 200 - "-" "WordPress/6.5.5; https://moguladshares.click"
209.182.200.39 - - [22/Nov/2024:14:34:43 -0800] "POST /wp-cron.php?doing_wp_cron=1732314883.8182649612426757812500 HTTP/1.0" 200 - "-" "WordPress/6.5.5; https://moguladshares.click"
209.182.200.39 - - [22/Nov/2024:14:43:41 -0800] "POST /wp-cron.php?doing_wp_cron=1732315421.0996520519256591796875 HTTP/1.0" 200 - "-" "WordPress/6.5.5; https://moguladshares.click"
209.182.200.39 - - [22/Nov/2024:14:45:44 -0800] "POST /wp-cron.php?doing_wp_cron=1732315544.3951470851898193359375 HTTP/1.0" 200 - "-" "WordPress/6.5.5; https://moguladshares.click"
191.101.61.83 - - [22/Nov/2024:15:05:49 -0800] "GET /.env HTTP/1.0" 406 300 "-" "Mozilla/5.0 (Macintosh; Intel Mac OS X 10.15; rv:77.0) Gecko/20100101 Firefox/77.0"
54.36.148.97 - - [22/Nov/2024:15:35:26 -0800] "GET /robots.txt HTTP/1.0" 200 30 "-" "Mozilla/5.0 (compatible; AhrefsBot/7.0; +http://ahrefs.com/robot/)"
188.166.234.134 - - [22/Nov/2024:15:36:55 -0800] "GET / HTTP/1.0" 500 - "-" "Mozilla/5.0 (Windows NT 10.0; Win64; x64) AppleWebKit/537.36 (KHTML, like Gecko) Chrome/78.0.3904.108 Safari/537.36"
188.166.234.134 - - [22/Nov/2024:15:36:56 -0800] "GET / HTTP/1.0" 500 - "-" "Mozilla/5.0 (Windows NT 10.0; Win64; x64) AppleWebKit/537.36 (KHTML, like Gecko) Chrome/78.0.3904.108 Safari/537.36"
188.166.234.134 - - [22/Nov/2024:15:36:56 -0800] "GET /wp-includes/wlwmanifest.xml HTTP/1.0" 500 - "-" "Mozilla/5.0 (Windows NT 10.0; Win64; x64) AppleWebKit/537.36 (KHTML, like Gecko) Chrome/78.0.3904.108 Safari/537.36"
209.182.200.39 - - [22/Nov/2024:15:37:06 -0800] "POST /wp-cron.php?doing_wp_cron=1732318625.9422929286956787109375 HTTP/1.0" 200 - "-" "WordPress/6.5.5; https://moguladshares.click"
188.166.234.134 - - [22/Nov/2024:15:36:56 -0800] "GET /xmlrpc.php?rsd HTTP/1.0" 200 822 "-" "Mozilla/5.0 (Windows NT 10.0; Win64; x64) AppleWebKit/537.36 (KHTML, like Gecko) Chrome/78.0.3904.108 Safari/537.36"
188.166.234.134 - - [22/Nov/2024:15:37:08 -0800] "GET /?author=1 HTTP/1.0" 500 - "-" "Mozilla/5.0 (Windows NT 10.0; Win64; x64) AppleWebKit/537.36 (KHTML, like Gecko) Chrome/78.0.3904.108 Safari/537.36"
188.166.234.134 - - [22/Nov/2024:15:37:08 -0800] "GET /?author=2 HTTP/1.0" 500 - "-" "Mozilla/5.0 (Windows NT 10.0; Win64; x64) AppleWebKit/537.36 (KHTML, like Gecko) Chrome/78.0.3904.108 Safari/537.36"
188.166.234.134 - - [22/Nov/2024:15:37:08 -0800] "GET /wp-json/wp/v2/users/ HTTP/1.0" 500 - "-" "Mozilla/5.0 (Windows NT 10.0; Win64; x64) AppleWebKit/537.36 (KHTML, like Gecko) Chrome/78.0.3904.108 Safari/537.36"
188.166.234.134 - - [22/Nov/2024:15:37:08 -0800] "GET /wp-json/oembed/1.0/embed?url=http://moguladshares.click HTTP/1.0" 500 - "-" "Mozilla/5.0 (Windows NT 10.0; Win64; x64) AppleWebKit/537.36 (KHTML, like Gecko) Chrome/78.0.3904.108 Safari/537.36"
188.166.234.134 - - [22/Nov/2024:15:37:09 -0800] "POST /xmlrpc.php HTTP/1.0" 200 403 "-" "Mozilla/5.0 (Windows NT 10.0; Win64; x64) AppleWebKit/537.36 (KHTML, like Gecko) Chrome/78.0.3904.108 Safari/537.36"
188.166.234.134 - - [22/Nov/2024:15:37:16 -0800] "POST /xmlrpc.php HTTP/1.0" 200 401 "-" "Mozilla/5.0 (Windows NT 10.0; Win64; x64) AppleWebKit/537.36 (KHTML, like Gecko) Chrome/78.0.3904.108 Safari/537.36"
188.166.234.134 - - [22/Nov/2024:15:37:22 -0800] "POST /xmlrpc.php HTTP/1.0" 200 401 "-" "Mozilla/5.0 (Windows NT 10.0; Win64; x64) AppleWebKit/537.36 (KHTML, like Gecko) Chrome/78.0.3904.108 Safari/537.36"
188.166.234.134 - - [22/Nov/2024:15:37:29 -0800] "POST /xmlrpc.php HTTP/1.0" 406 300 "-" "Mozilla/5.0 (Windows NT 10.0; Win64; x64) AppleWebKit/537.36 (KHTML, like Gecko) Chrome/78.0.3904.108 Safari/537.36"
165.22.62.110 - - [22/Nov/2024:15:45:10 -0800] "GET /sftp-config.json HTTP/1.0" 406 300 "-" "Mozilla/5.0 (Macintosh; Intel Mac OS X 10.15; rv:77.0) Gecko/20100101 Firefox/77.0"
165.22.62.110 - - [22/Nov/2024:15:45:10 -0800] "GET /.vscode/sftp.json HTTP/1.0" 500 - "-" "Mozilla/5.0 (Macintosh; Intel Mac OS X 10.15; rv:77.0) Gecko/20100101 Firefox/77.0"
165.22.62.110 - - [22/Nov/2024:15:45:11 -0800] "GET /.vscode/ftp-sync.json HTTP/1.0" 500 - "-" "Mozilla/5.0 (Macintosh; Intel Mac OS X 10.15; rv:77.0) Gecko/20100101 Firefox/77.0"
165.22.62.110 - - [22/Nov/2024:15:45:11 -0800] "GET /.ftpconfig HTTP/1.0" 500 - "-" "Mozilla/5.0 (Macintosh; Intel Mac OS X 10.15; rv:77.0) Gecko/20100101 Firefox/77.0"
165.22.62.110 - - [22/Nov/2024:15:45:12 -0800] "GET /ftpsync.settings HTTP/1.0" 500 - "-" "Mozilla/5.0 (Macintosh; Intel Mac OS X 10.15; rv:77.0) Gecko/20100101 Firefox/77.0"
165.22.62.110 - - [22/Nov/2024:15:45:12 -0800] "GET /ftp-sync.json HTTP/1.0" 500 - "-" "Mozilla/5.0 (Macintosh; Intel Mac OS X 10.15; rv:77.0) Gecko/20100101 Firefox/77.0"
165.22.62.110 - - [22/Nov/2024:15:45:12 -0800] "GET /.ftp-sync.json HTTP/1.0" 500 - "-" "Mozilla/5.0 (Macintosh; Intel Mac OS X 10.15; rv:77.0) Gecko/20100101 Firefox/77.0"
45.148.10.206 - - [22/Nov/2024:15:56:43 -0800] "GET /.git/config HTTP/1.0" 500 - "-" "Mozilla/5.0 (ZZ; Linux i686) AppleWebKit/537.36 (KHTML, like Gecko) Chrome/128.0.0.0 Safari/537.36"
138.246.253.24 - - [22/Nov/2024:17:06:19 -0800] "GET /robots.txt HTTP/1.0" 200 30 "-" "Mozilla/5.0 (Windows NT 10.0; Win64; x64) AppleWebKit/537.36 (KHTML, like Gecko) Chrome/103.0.5060.134 Safari/537.36"
209.182.200.39 - - [22/Nov/2024:17:37:15 -0800] "POST /wp-cron.php?doing_wp_cron=1732325835.0334920883178710937500 HTTP/1.0" 200 - "-" "WordPress/6.5.5; https://moguladshares.click"
103.251.66.247 - - [22/Nov/2024:18:14:44 -0800] "GET / HTTP/1.0" 500 - "-" "Mozilla/5.0 (Windows NT 10.0; Win64; x64) AppleWebKit/537.36 (KHTML, like Gecko) Chrome/95.0.4638.69 Safari/537.36"
103.251.66.247 - - [22/Nov/2024:18:14:44 -0800] "GET / HTTP/1.0" 500 - "-" "Mozilla/5.0 (Windows NT 10.0; Win64; x64) AppleWebKit/537.36 (KHTML, like Gecko) Chrome/95.0.4638.69 Safari/537.36"
103.251.66.247 - - [22/Nov/2024:18:14:44 -0800] "GET /feed/ HTTP/1.0" 500 - "-" "Mozilla/5.0 (Windows NT 10.0; Win64; x64) AppleWebKit/537.36 (KHTML, like Gecko) Chrome/95.0.4638.69 Safari/537.36"
209.182.200.39 - - [22/Nov/2024:18:14:45 -0800] "POST /wp-cron.php?doing_wp_cron=1732328085.4635229110717773437500 HTTP/1.0" 200 - "-" "WordPress/6.5.5; https://moguladshares.click"
103.251.66.247 - - [22/Nov/2024:18:14:45 -0800] "GET /xmlrpc.php?rsd HTTP/1.0" 200 822 "-" "Mozilla/5.0 (Windows NT 10.0; Win64; x64) AppleWebKit/537.36 (KHTML, like Gecko) Chrome/95.0.4638.69 Safari/537.36"
103.251.66.247 - - [22/Nov/2024:18:14:52 -0800] "GET /wp-login.php HTTP/1.0" 302 - "-" "Mozilla/5.0 (Windows NT 10.0; Win64; x64) AppleWebKit/537.36 (KHTML, like Gecko) Chrome/95.0.4638.69 Safari/537.36"
154.194.23.217 - - [22/Nov/2024:18:16:18 -0800] "GET / HTTP/1.0" 500 - "-" "Mozilla/5.0 (Macintosh; Intel Mac OS X 10_15_7) AppleWebKit/605.1.15 (KHTML, like Gecko) Version/17.0 Safari/605.1.15"
209.182.200.39 - - [22/Nov/2024:18:56:06 -0800] "POST /wp-cron.php?doing_wp_cron=1732330566.0558559894561767578125 HTTP/1.0" 200 - "-" "WordPress/6.5.5; https://moguladshares.click"
2.236.112.207 - - [22/Nov/2024:19:06:01 -0800] "GET / HTTP/1.0" 500 - "-" "Mozilla/5.0 (Windows NT 10.0; Win64; x64) AppleWebKit/537.36 (KHTML, like Gecko) Chrome/74.0.3729.169 Safari/537.36"
2.236.112.207 - - [22/Nov/2024:19:06:02 -0800] "GET / HTTP/1.0" 500 - "-" "Mozilla/5.0 (Windows NT 10.0; Win64; x64) AppleWebKit/537.36 (KHTML, like Gecko) Chrome/74.0.3729.169 Safari/537.36"
49.51.50.147 - - [22/Nov/2024:20:04:54 -0800] "GET / HTTP/1.0" 500 - "-" "Mozilla/5.0 (iPhone; CPU iPhone OS 13_2_3 like Mac OS X) AppleWebKit/605.1.15 (KHTML, like Gecko) Version/13.0.3 Mobile/15E148 Safari/604.1"
2.58.56.137 - - [22/Nov/2024:20:18:11 -0800] "GET /sftp-config.json HTTP/1.0" 500 - "-" "Mozilla/5.0 (Windows NT 10.0; Win64; x64; rv:58.0) Gecko/20100101 Firefox/58.0"
2.58.56.137 - - [22/Nov/2024:20:18:11 -0800] "GET /sftp-config.json HTTP/1.0" 406 300 "-" "Mozilla/5.0 (Windows NT 10.0; Win64; x64; rv:58.0) Gecko/20100101 Firefox/58.0"
209.182.200.39 - - [22/Nov/2024:20:37:59 -0800] "POST /wp-cron.php?doing_wp_cron=1732336679.6369979381561279296875 HTTP/1.0" 200 - "-" "WordPress/6.5.5; https://moguladshares.click"
114.80.36.40 - - [22/Nov/2024:20:41:32 -0800] "GET / HTTP/1.0" 500 - "-" "Mozilla/5.0 (iPhone; CPU iPhone OS 13_2_3 like Mac OS X) AppleWebKit/605.1.15 (KHTML, like Gecko) Version/13.0.3 Mobile/15E148 Safari/604.1"
62.210.124.8 - - [22/Nov/2024:20:42:37 -0800] "GET / HTTP/1.0" 500 - "-" "Mozilla/5.0 (Macintosh; Intel Mac OS X 10_15_7) AppleWebKit/537.36 (KHTML, like Gecko) Chrome/131.0.0.0 Safari/537.36"