51.68.11.199 - - [22/Nov/2024:10:00:21 -0800] "POST /wp-includes/theme.php?a=1732298418 HTTP/1.0" 200 - "http://www.mogulbureaucratics.click/" "Mozilla/5.0 (iPhone; CPU iPhone OS 17_5_1 like Mac OS X) AppleWebKit/605.1.15 (KHTML, like Gecko) Version/17.5 Mobile/15E148 Safari/604.1"
209.182.200.39 - - [22/Nov/2024:10:34:39 -0800] "POST /wp-cron.php?doing_wp_cron=1732300479.1582269668579101562500 HTTP/1.0" 200 - "-" "WordPress/6.7.1; https://mogulbureaucratics.click"
170.247.222.171 - - [22/Nov/2024:10:34:37 -0800] "GET / HTTP/1.0" 200 377763 "-" "Mozilla/5.0 (Macintosh; Intel Mac OS X 10_15_7) AppleWebKit/537.36 (KHTML, like Gecko) Chrome/118.0.0.0 Safari/537.36"
209.182.200.39 - - [22/Nov/2024:10:39:44 -0800] "POST /wp-cron.php?doing_wp_cron=1732300784.2772970199584960937500 HTTP/1.0" 200 - "-" "WordPress/6.7.1; https://mogulbureaucratics.click"
170.247.221.27 - - [22/Nov/2024:10:39:42 -0800] "GET /feed/?post_type=product HTTP/1.0" 200 14818 "-" "Mozilla/5.0 (Macintosh; Intel Mac OS X 10_15_7) AppleWebKit/537.36 (KHTML, like Gecko) Chrome/112.0.0.0 Safari/537.36"
170.247.221.27 - - [22/Nov/2024:10:39:44 -0800] "GET /product/back-wireless-headphones/ HTTP/1.0" 200 291679 "-" "Mozilla/5.0 (Macintosh; Intel Mac OS X 10_15_7) AppleWebKit/537.36 (KHTML, like Gecko) Chrome/112.0.0.0 Safari/537.36"
209.182.200.39 - - [22/Nov/2024:10:39:47 -0800] "POST /wp-cron.php?doing_wp_cron=1732300787.8571820259094238281250 HTTP/1.0" 200 - "-" "WordPress/6.7.1; https://mogulbureaucratics.click"
170.247.221.27 - - [22/Nov/2024:10:39:46 -0800] "GET /contact-2/ HTTP/1.0" 200 307293 "-" "Mozilla/5.0 (Macintosh; Intel Mac OS X 10_15_7) AppleWebKit/537.36 (KHTML, like Gecko) Chrome/112.0.0.0 Safari/537.36"
170.247.223.173 - - [22/Nov/2024:10:39:49 -0800] "GET /wp-sitemap.xml HTTP/1.0" 200 1789 "-" "Mozilla/5.0 (Macintosh; Intel Mac OS X 10_15_7) AppleWebKit/537.36 (KHTML, like Gecko) Chrome/112.0.0.0 Safari/537.36"
170.247.223.173 - - [22/Nov/2024:10:39:50 -0800] "GET /wp-sitemap-posts-product-1.xml HTTP/1.0" 200 4436 "-" "Mozilla/5.0 (Macintosh; Intel Mac OS X 10_15_7) AppleWebKit/537.36 (KHTML, like Gecko) Chrome/112.0.0.0 Safari/537.36"
170.247.223.173 - - [22/Nov/2024:10:39:52 -0800] "GET /wp-sitemap-taxonomies-product_cat-1.xml HTTP/1.0" 200 1078 "-" "Mozilla/5.0 (Macintosh; Intel Mac OS X 10_15_7) AppleWebKit/537.36 (KHTML, like Gecko) Chrome/112.0.0.0 Safari/537.36"
209.182.200.39 - - [22/Nov/2024:11:14:13 -0800] "POST /wp-cron.php?doing_wp_cron=1732302853.5581800937652587890625 HTTP/1.0" 200 - "-" "WordPress/6.7.1; https://mogulbureaucratics.click"
43.153.123.3 - - [22/Nov/2024:11:14:11 -0800] "GET / HTTP/1.0" 301 - "-" "Mozilla/5.0 (iPhone; CPU iPhone OS 13_2_3 like Mac OS X) AppleWebKit/605.1.15 (KHTML, like Gecko) Version/13.0.3 Mobile/15E148 Safari/604.1"
43.153.123.3 - - [22/Nov/2024:11:14:17 -0800] "GET / HTTP/1.0" 200 377142 "http://mogulbureaucratics.click" "Mozilla/5.0 (iPhone; CPU iPhone OS 13_2_3 like Mac OS X) AppleWebKit/605.1.15 (KHTML, like Gecko) Version/13.0.3 Mobile/15E148 Safari/604.1"
206.189.95.232 - - [22/Nov/2024:11:25:26 -0800] "GET / HTTP/1.0" 301 - "-" "Mozilla/5.0 (Linux; Android 6.0; HTC One M9 Build/MRA421096) AppleWebKit/537.36 (KHTML, like Gecko) Chrome/52.0.3518.98 Mobile Safari/537.3"
206.189.95.232 - - [22/Nov/2024:11:25:24 -0800] "GET / HTTP/1.0" 301 - "-" "-"
206.189.95.232 - - [22/Nov/2024:11:25:28 -0800] "GET /server HTTP/1.0" 301 - "-" "Go-http-client/1.1"
206.189.95.232 - - [22/Nov/2024:11:25:30 -0800] "GET /.vscode/sftp.json HTTP/1.0" 301 - "-" "Go-http-client/1.1"
206.189.95.232 - - [22/Nov/2024:11:25:33 -0800] "GET /about HTTP/1.0" 301 - "-" "Go-http-client/1.1"
206.189.95.232 - - [22/Nov/2024:11:25:35 -0800] "GET /debug/default/view?panel=config HTTP/1.0" 301 - "-" "Go-http-client/1.1"
206.189.95.232 - - [22/Nov/2024:11:25:37 -0800] "GET /v2/_catalog HTTP/1.0" 301 - "-" "Go-http-client/1.1"
206.189.95.232 - - [22/Nov/2024:11:25:39 -0800] "GET /ecp/Current/exporttool/microsoft.exchange.ediscovery.exporttool.application HTTP/1.0" 301 - "-" "Go-http-client/1.1"
206.189.95.232 - - [22/Nov/2024:11:25:42 -0800] "GET /server-status HTTP/1.0" 403 228 "-" "Go-http-client/1.1"
206.189.95.232 - - [22/Nov/2024:11:25:42 -0800] "GET /login.action HTTP/1.0" 301 - "-" "Go-http-client/1.1"
206.189.95.232 - - [22/Nov/2024:11:25:44 -0800] "GET /_all_dbs HTTP/1.0" 301 - "-" "Mozilla/5.0 (l9scan/2.0.435323e2230323e2238313e2930323; +https://leakix.net)"
206.189.95.232 - - [22/Nov/2024:11:25:47 -0800] "GET /.DS_Store HTTP/1.0" 301 - "-" "Go-http-client/1.1"
206.189.95.232 - - [22/Nov/2024:11:25:49 -0800] "GET /.env HTTP/1.0" 301 - "-" "Go-http-client/1.1"
206.189.95.232 - - [22/Nov/2024:11:25:51 -0800] "GET /.git/config HTTP/1.0" 301 - "-" "Go-http-client/1.1"
206.189.95.232 - - [22/Nov/2024:11:25:53 -0800] "GET /s/435323e2230323e2238313e2930323/_/;/META-INF/maven/com.atlassian.jira/jira-webapp-dist/pom.properties HTTP/1.0" 301 - "-" "Go-http-client/1.1"
206.189.95.232 - - [22/Nov/2024:11:25:56 -0800] "GET /config.json HTTP/1.0" 301 - "-" "Go-http-client/1.1"
206.189.95.232 - - [22/Nov/2024:11:25:57 -0800] "GET /telescope/requests HTTP/1.0" 301 - "-" "Go-http-client/1.1"
206.189.95.232 - - [22/Nov/2024:11:26:00 -0800] "GET /?rest_route=/wp/v2/users/ HTTP/1.0" 200 1333 "-" "Go-http-client/1.1"
147.185.132.40 - - [22/Nov/2024:12:19:07 -0800] "GET / HTTP/1.0" 200 16384 "-" "Expanse, a Palo Alto Networks company, searches across the global IPv4 space multiple times per day to identify customers' presences on the Internet. If you would like to be excluded from our scans, please send IP addresses/domains to: scaninfo@paloaltonetworks.com"
209.182.200.39 - - [22/Nov/2024:13:54:13 -0800] "POST /wp-cron.php?doing_wp_cron=1732312453.7640039920806884765625 HTTP/1.0" 200 - "-" "WordPress/6.7.1; https://mogulbureaucratics.click"
193.233.16.52 - - [22/Nov/2024:13:54:11 -0800] "GET / HTTP/1.0" 301 - "-" "Mozilla/5.0 (X11; Linux i686 on x86_64; rv:47.0) Gecko/20100101 Firefox/47.0"
193.233.16.52 - - [22/Nov/2024:13:54:14 -0800] "GET / HTTP/1.0" 200 377663 "-" "Mozilla/5.0 (X11; Linux i686 on x86_64; rv:47.0) Gecko/20100101 Firefox/47.0"
193.233.16.52 - - [22/Nov/2024:13:54:17 -0800] "POST /wp-json/hc/v1/themehunk-import HTTP/1.0" 404 114 "https://mogulbureaucratics.click/" "Mozilla/5.0 (X11; Linux i686 on x86_64; rv:47.0) Gecko/20100101 Firefox/47.0"
193.233.16.52 - - [22/Nov/2024:13:54:20 -0800] "POST /wp-json/hc/v1/themehunk-import HTTP/1.0" 404 114 "https://mogulbureaucratics.click/wp-json/hc/v1/themehunk-import" "Mozilla/5.0 (X11; Linux i686 on x86_64; rv:47.0) Gecko/20100101 Firefox/47.0"
193.233.16.52 - - [22/Nov/2024:13:54:22 -0800] "POST /?rest_route=/wqc/v1/query HTTP/1.0" 404 114 "https://mogulbureaucratics.click/wp-json/hc/v1/themehunk-import" "Mozilla/5.0 (X11; Linux i686 on x86_64; rv:47.0) Gecko/20100101 Firefox/47.0"
193.233.16.52 - - [22/Nov/2024:13:54:23 -0800] "GET /872097366052.php HTTP/1.0" 404 279764 "https://mogulbureaucratics.click/?rest_route=/wqc/v1/query" "Mozilla/5.0 (X11; Linux i686 on x86_64; rv:47.0) Gecko/20100101 Firefox/47.0"
209.182.200.39 - - [22/Nov/2024:13:54:39 -0800] "POST /wp-cron.php?doing_wp_cron=1732312479.3108038902282714843750 HTTP/1.0" 200 - "-" "WordPress/6.7.1; https://mogulbureaucratics.click"
165.227.188.49 - - [22/Nov/2024:13:54:38 -0800] "GET /listings/group-tours/void(0); HTTP/1.0" 301 - "-" "Mozilla/5.0 (Windows NT 10.0; Win64; x64) AppleWebKit/537.36 (KHTML, like Gecko) Chrome/124.0.0.0 Safari/537.36"
209.182.200.39 - - [22/Nov/2024:14:37:38 -0800] "POST /wp-cron.php?doing_wp_cron=1732315058.7208800315856933593750 HTTP/1.0" 200 - "-" "WordPress/6.7.1; https://mogulbureaucratics.click"
138.68.94.159 - - [22/Nov/2024:14:37:36 -0800] "GET /product-category/houses/ HTTP/1.0" 200 286708 "-" "Mozilla/5.0 (Windows NT 10.0; Win64; x64) AppleWebKit/537.36 (KHTML, like Gecko) Chrome/124.0.0.0 Safari/537.36"
209.182.200.39 - - [22/Nov/2024:15:37:07 -0800] "POST /wp-cron.php?doing_wp_cron=1732318627.7378048896789550781250 HTTP/1.0" 200 - "-" "WordPress/6.7.1; https://mogulbureaucratics.click"
188.166.234.134 - - [22/Nov/2024:15:36:55 -0800] "GET / HTTP/1.0" 301 - "-" "Mozilla/5.0 (Windows NT 10.0; Win64; x64) AppleWebKit/537.36 (KHTML, like Gecko) Chrome/78.0.3904.108 Safari/537.36"
188.166.234.134 - - [22/Nov/2024:15:37:09 -0800] "GET / HTTP/1.0" 503 282 "-" "Mozilla/5.0 (Windows NT 10.0; Win64; x64) AppleWebKit/537.36 (KHTML, like Gecko) Chrome/78.0.3904.108 Safari/537.36"
188.166.234.134 - - [22/Nov/2024:15:37:19 -0800] "GET //wp-includes/wlwmanifest.xml HTTP/1.0" 301 - "-" "Mozilla/5.0 (Windows NT 10.0; Win64; x64) AppleWebKit/537.36 (KHTML, like Gecko) Chrome/78.0.3904.108 Safari/537.36"
85.208.96.196 - - [22/Nov/2024:15:37:29 -0800] "GET /robots.txt HTTP/1.0" 200 30 "-" "Mozilla/5.0 (compatible; SemrushBot/7~bl; +http://www.semrush.com/bot.html)"
209.182.200.39 - - [22/Nov/2024:15:37:33 -0800] "POST /wp-cron.php?doing_wp_cron=1732318653.1415960788726806640625 HTTP/1.0" 200 - "-" "WordPress/6.7.1; https://mogulbureaucratics.click"
188.166.234.134 - - [22/Nov/2024:15:37:26 -0800] "GET //xmlrpc.php?rsd HTTP/1.0" 200 858 "-" "Mozilla/5.0 (Windows NT 10.0; Win64; x64) AppleWebKit/537.36 (KHTML, like Gecko) Chrome/78.0.3904.108 Safari/537.36"
185.191.171.18 - - [22/Nov/2024:15:37:30 -0800] "GET /take-me-out-of-country-6/ HTTP/1.0" 503 282 "-" "Mozilla/5.0 (compatible; SemrushBot/7~bl; +http://www.semrush.com/bot.html)"
188.166.234.134 - - [22/Nov/2024:15:37:33 -0800] "GET //?author=1 HTTP/1.0" 301 - "-" "Mozilla/5.0 (Windows NT 10.0; Win64; x64) AppleWebKit/537.36 (KHTML, like Gecko) Chrome/78.0.3904.108 Safari/537.36"
188.166.234.134 - - [22/Nov/2024:15:37:42 -0800] "GET //?author=2 HTTP/1.0" 301 - "-" "Mozilla/5.0 (Windows NT 10.0; Win64; x64) AppleWebKit/537.36 (KHTML, like Gecko) Chrome/78.0.3904.108 Safari/537.36"
209.182.200.39 - - [22/Nov/2024:15:37:48 -0800] "POST /wp-cron.php?doing_wp_cron=1732318667.9867930412292480468750 HTTP/1.0" 200 - "-" "WordPress/6.7.1; https://mogulbureaucratics.click"
188.166.234.134 - - [22/Nov/2024:15:37:45 -0800] "GET //wp-json/wp/v2/users/ HTTP/1.0" 200 1333 "-" "Mozilla/5.0 (Windows NT 10.0; Win64; x64) AppleWebKit/537.36 (KHTML, like Gecko) Chrome/78.0.3904.108 Safari/537.36"
188.166.234.134 - - [22/Nov/2024:15:37:48 -0800] "POST //xmlrpc.php HTTP/1.0" 200 403 "-" "Mozilla/5.0 (Windows NT 10.0; Win64; x64) AppleWebKit/537.36 (KHTML, like Gecko) Chrome/78.0.3904.108 Safari/537.36"
188.166.234.134 - - [22/Nov/2024:15:37:51 -0800] "POST //xmlrpc.php HTTP/1.0" 200 401 "-" "Mozilla/5.0 (Windows NT 10.0; Win64; x64) AppleWebKit/537.36 (KHTML, like Gecko) Chrome/78.0.3904.108 Safari/537.36"
188.166.234.134 - - [22/Nov/2024:15:37:54 -0800] "POST //xmlrpc.php HTTP/1.0" 200 401 "-" "Mozilla/5.0 (Windows NT 10.0; Win64; x64) AppleWebKit/537.36 (KHTML, like Gecko) Chrome/78.0.3904.108 Safari/537.36"
188.166.234.134 - - [22/Nov/2024:15:37:56 -0800] "POST //xmlrpc.php HTTP/1.0" 200 403 "-" "Mozilla/5.0 (Windows NT 10.0; Win64; x64) AppleWebKit/537.36 (KHTML, like Gecko) Chrome/78.0.3904.108 Safari/537.36"
188.166.234.134 - - [22/Nov/2024:15:37:58 -0800] "POST //xmlrpc.php HTTP/1.0" 200 401 "-" "Mozilla/5.0 (Windows NT 10.0; Win64; x64) AppleWebKit/537.36 (KHTML, like Gecko) Chrome/78.0.3904.108 Safari/537.36"
188.166.234.134 - - [22/Nov/2024:15:38:00 -0800] "POST //xmlrpc.php HTTP/1.0" 200 401 "-" "Mozilla/5.0 (Windows NT 10.0; Win64; x64) AppleWebKit/537.36 (KHTML, like Gecko) Chrome/78.0.3904.108 Safari/537.36"
188.166.234.134 - - [22/Nov/2024:15:38:03 -0800] "POST //xmlrpc.php HTTP/1.0" 200 401 "-" "Mozilla/5.0 (Windows NT 10.0; Win64; x64) AppleWebKit/537.36 (KHTML, like Gecko) Chrome/78.0.3904.108 Safari/537.36"
188.166.234.134 - - [22/Nov/2024:15:38:05 -0800] "POST //xmlrpc.php HTTP/1.0" 200 401 "-" "Mozilla/5.0 (Windows NT 10.0; Win64; x64) AppleWebKit/537.36 (KHTML, like Gecko) Chrome/78.0.3904.108 Safari/537.36"
188.166.234.134 - - [22/Nov/2024:15:38:07 -0800] "POST //xmlrpc.php HTTP/1.0" 200 401 "-" "Mozilla/5.0 (Windows NT 10.0; Win64; x64) AppleWebKit/537.36 (KHTML, like Gecko) Chrome/78.0.3904.108 Safari/537.36"
188.166.234.134 - - [22/Nov/2024:15:38:09 -0800] "POST //xmlrpc.php HTTP/1.0" 200 401 "-" "Mozilla/5.0 (Windows NT 10.0; Win64; x64) AppleWebKit/537.36 (KHTML, like Gecko) Chrome/78.0.3904.108 Safari/537.36"
188.166.234.134 - - [22/Nov/2024:15:38:11 -0800] "POST //xmlrpc.php HTTP/1.0" 200 401 "-" "Mozilla/5.0 (Windows NT 10.0; Win64; x64) AppleWebKit/537.36 (KHTML, like Gecko) Chrome/78.0.3904.108 Safari/537.36"
188.166.234.134 - - [22/Nov/2024:15:38:13 -0800] "POST //xmlrpc.php HTTP/1.0" 200 401 "-" "Mozilla/5.0 (Windows NT 10.0; Win64; x64) AppleWebKit/537.36 (KHTML, like Gecko) Chrome/78.0.3904.108 Safari/537.36"
188.166.234.134 - - [22/Nov/2024:15:38:15 -0800] "POST //xmlrpc.php HTTP/1.0" 200 401 "-" "Mozilla/5.0 (Windows NT 10.0; Win64; x64) AppleWebKit/537.36 (KHTML, like Gecko) Chrome/78.0.3904.108 Safari/537.36"
188.166.234.134 - - [22/Nov/2024:15:38:17 -0800] "POST //xmlrpc.php HTTP/1.0" 200 401 "-" "Mozilla/5.0 (Windows NT 10.0; Win64; x64) AppleWebKit/537.36 (KHTML, like Gecko) Chrome/78.0.3904.108 Safari/537.36"
188.166.234.134 - - [22/Nov/2024:15:38:19 -0800] "POST //xmlrpc.php HTTP/1.0" 200 401 "-" "Mozilla/5.0 (Windows NT 10.0; Win64; x64) AppleWebKit/537.36 (KHTML, like Gecko) Chrome/78.0.3904.108 Safari/537.36"
188.166.234.134 - - [22/Nov/2024:15:38:21 -0800] "POST //xmlrpc.php HTTP/1.0" 200 401 "-" "Mozilla/5.0 (Windows NT 10.0; Win64; x64) AppleWebKit/537.36 (KHTML, like Gecko) Chrome/78.0.3904.108 Safari/537.36"
188.166.234.134 - - [22/Nov/2024:15:38:23 -0800] "POST //xmlrpc.php HTTP/1.0" 200 401 "-" "Mozilla/5.0 (Windows NT 10.0; Win64; x64) AppleWebKit/537.36 (KHTML, like Gecko) Chrome/78.0.3904.108 Safari/537.36"
209.182.200.39 - - [22/Nov/2024:15:38:26 -0800] "POST /wp-cron.php?doing_wp_cron=1732318706.6100189685821533203125 HTTP/1.0" 200 - "-" "WordPress/6.7.1; https://mogulbureaucratics.click"
188.166.234.134 - - [22/Nov/2024:15:38:25 -0800] "POST //xmlrpc.php HTTP/1.0" 200 401 "-" "Mozilla/5.0 (Windows NT 10.0; Win64; x64) AppleWebKit/537.36 (KHTML, like Gecko) Chrome/78.0.3904.108 Safari/537.36"
165.22.62.110 - - [22/Nov/2024:15:45:13 -0800] "GET /sftp-config.json HTTP/1.0" 406 300 "-" "Mozilla/5.0 (Macintosh; Intel Mac OS X 10.15; rv:77.0) Gecko/20100101 Firefox/77.0"
209.182.200.39 - - [22/Nov/2024:15:45:16 -0800] "POST /wp-cron.php?doing_wp_cron=1732319116.0357398986816406250000 HTTP/1.0" 200 - "-" "WordPress/6.7.1; https://mogulbureaucratics.click"
165.22.62.110 - - [22/Nov/2024:15:45:14 -0800] "GET /.vscode/sftp.json HTTP/1.0" 404 279457 "-" "Mozilla/5.0 (Macintosh; Intel Mac OS X 10.15; rv:77.0) Gecko/20100101 Firefox/77.0"
165.22.62.110 - - [22/Nov/2024:15:45:17 -0800] "GET /.vscode/ftp-sync.json HTTP/1.0" 404 279461 "-" "Mozilla/5.0 (Macintosh; Intel Mac OS X 10.15; rv:77.0) Gecko/20100101 Firefox/77.0"
165.22.62.110 - - [22/Nov/2024:15:45:19 -0800] "GET /.ftpconfig HTTP/1.0" 404 279450 "-" "Mozilla/5.0 (Macintosh; Intel Mac OS X 10.15; rv:77.0) Gecko/20100101 Firefox/77.0"
165.22.62.110 - - [22/Nov/2024:15:45:22 -0800] "GET /ftpsync.settings HTTP/1.0" 404 279456 "-" "Mozilla/5.0 (Macintosh; Intel Mac OS X 10.15; rv:77.0) Gecko/20100101 Firefox/77.0"
165.22.62.110 - - [22/Nov/2024:15:45:24 -0800] "GET /ftp-sync.json HTTP/1.0" 404 279453 "-" "Mozilla/5.0 (Macintosh; Intel Mac OS X 10.15; rv:77.0) Gecko/20100101 Firefox/77.0"
209.182.200.39 - - [22/Nov/2024:15:45:28 -0800] "POST /wp-cron.php?doing_wp_cron=1732319128.8709781169891357421875 HTTP/1.0" 200 - "-" "WordPress/6.7.1; https://mogulbureaucratics.click"
165.22.62.110 - - [22/Nov/2024:15:45:26 -0800] "GET /.ftp-sync.json HTTP/1.0" 404 279454 "-" "Mozilla/5.0 (Macintosh; Intel Mac OS X 10.15; rv:77.0) Gecko/20100101 Firefox/77.0"
209.182.200.39 - - [22/Nov/2024:15:45:52 -0800] "POST /wp-cron.php?doing_wp_cron=1732319152.8236439228057861328125 HTTP/1.0" 200 - "-" "WordPress/6.7.1; https://mogulbureaucratics.click"
178.156.146.10 - - [22/Nov/2024:15:45:51 -0800] "GET /listings/business-tag/hotels/ HTTP/1.0" 200 285761 "-" "Mozilla/5.0 (Macintosh; Intel Mac OS X 10_15_7) AppleWebKit/537.36 (KHTML, like Gecko) Chrome/124.0.0.0 Safari/537.36"
209.182.200.39 - - [22/Nov/2024:15:51:12 -0800] "POST /wp-cron.php?doing_wp_cron=1732319472.5981938838958740234375 HTTP/1.0" 200 - "-" "WordPress/6.7.1; https://mogulbureaucratics.click"
103.166.185.173 - - [22/Nov/2024:15:51:10 -0800] "POST /?phCnb=pwbWH HTTP/1.0" 200 377152 "http://mogulbureaucratics.click/" "Mozilla/5.0 (Linux; Android 10; K) AppleWebKit/537.36 (KHTML, like Gecko) Chrome/126.0.0.0 Mobile Safari/537.36"
54.37.121.239 - - [22/Nov/2024:15:51:15 -0800] "POST / HTTP/1.0" 200 377104 "http://mogulbureaucratics.click/" "Mozilla/5.0 (Linux; Android 10; K) AppleWebKit/537.36 (KHTML, like Gecko) Chrome/126.0.0.0 Mobile Safari/537.36"
192.185.81.63 - - [22/Nov/2024:15:51:18 -0800] "POST / HTTP/1.0" 200 377132 "http://mogulbureaucratics.click/" "Mozilla/5.0 (Linux; Android 10; K) AppleWebKit/537.36 (KHTML, like Gecko) Chrome/126.0.0.0 Mobile Safari/537.36"
51.255.47.138 - - [22/Nov/2024:15:51:22 -0800] "POST /?oFoq=QQg HTTP/1.0" 200 377163 "http://mogulbureaucratics.click/" "Mozilla/5.0 (iPhone; CPU iPhone OS 17_5_1 like Mac OS X) AppleWebKit/605.1.15 (KHTML, like Gecko) Version/17.5 Mobile/15E148 Safari/604.1"
209.182.200.39 - - [22/Nov/2024:15:51:26 -0800] "POST /wp-cron.php?doing_wp_cron=1732319486.8006188869476318359375 HTTP/1.0" 200 - "-" "WordPress/6.7.1; https://mogulbureaucratics.click"
167.114.158.234 - - [22/Nov/2024:15:51:25 -0800] "POST /?xceAV=wHLA HTTP/1.0" 200 377112 "http://mogulbureaucratics.click/" "Mozilla/5.0 (Linux; Android 10; K) AppleWebKit/537.36 (KHTML, like Gecko) Chrome/126.0.0.0 Mobile Safari/537.36"
62.210.131.80 - - [22/Nov/2024:15:51:27 -0800] "GET / HTTP/1.0" 301 - "-" "Mozilla/5.0 (Windows NT 10.0; Win64; x64) AppleWebKit/537.36 (KHTML, like Gecko) Chrome/126.0.0.0 Safari/537.36"
62.210.131.80 - - [22/Nov/2024:15:51:30 -0800] "GET / HTTP/1.0" 200 377652 "-" "Mozilla/5.0 (Windows NT 10.0; Win64; x64) AppleWebKit/537.36 (KHTML, like Gecko) Chrome/126.0.0.0 Safari/537.36"
151.106.39.195 - - [22/Nov/2024:15:51:32 -0800] "POST /?XAd=vnfOy HTTP/1.0" 200 377165 "http://mogulbureaucratics.click/" "Mozilla/5.0 (iPhone; CPU iPhone OS 17_5_1 like Mac OS X) AppleWebKit/605.1.15 (KHTML, like Gecko) Version/17.5 Mobile/15E148 Safari/604.1"
5.9.238.21 - - [22/Nov/2024:15:51:36 -0800] "POST /index.php?BnaX=FIh HTTP/1.0" 200 377143 "http://mogulbureaucratics.click/" "Mozilla/5.0 (Linux; Android 10; K) AppleWebKit/537.36 (KHTML, like Gecko) Chrome/126.0.0.0 Mobile Safari/537.36"
209.182.200.39 - - [22/Nov/2024:15:56:45 -0800] "POST /wp-cron.php?doing_wp_cron=1732319805.2335319519042968750000 HTTP/1.0" 200 - "-" "WordPress/6.7.1; https://mogulbureaucratics.click"
45.148.10.206 - - [22/Nov/2024:15:56:43 -0800] "GET /.git/config HTTP/1.0" 404 279759 "-" "Mozilla/5.0 (ZZ; Linux x86_64; rv:127.0) Gecko/20100101 Firefox/127.0"
209.182.200.39 - - [22/Nov/2024:16:38:13 -0800] "POST /wp-cron.php?doing_wp_cron=1732322293.1760859489440917968750 HTTP/1.0" 200 - "-" "WordPress/6.7.1; https://mogulbureaucratics.click"
207.46.13.124 - - [22/Nov/2024:16:38:10 -0800] "GET / HTTP/1.0" 200 377662 "-" "Mozilla/5.0 AppleWebKit/537.36 (KHTML, like Gecko; compatible; bingbot/2.0; +http://www.bing.com/bingbot.htm) Chrome/116.0.1938.76 Safari/537.36"
207.46.13.124 - - [22/Nov/2024:16:39:20 -0800] "GET /wp-content/plugins/directorypress-claim-listing/assets/js/scripts.js HTTP/1.0" 200 4498 "-" "Mozilla/5.0 AppleWebKit/537.36 (KHTML, like Gecko; compatible; bingbot/2.0; +http://www.bing.com/bingbot.htm) Chrome/116.0.1938.76 Safari/537.36"
207.46.13.124 - - [22/Nov/2024:16:39:21 -0800] "GET /wp-content/plugins/directorypress-frontend/assets/js/directorypress-frontend-profile.js HTTP/1.0" 200 12503 "-" "Mozilla/5.0 AppleWebKit/537.36 (KHTML, like Gecko; compatible; bingbot/2.0; +http://www.bing.com/bingbot.htm) Chrome/116.0.1938.76 Safari/537.36"
207.46.13.124 - - [22/Nov/2024:16:39:21 -0800] "GET /wp-content/plugins/directorypress/assets/js/directorypress-terms.js HTTP/1.0" 200 28499 "-" "Mozilla/5.0 AppleWebKit/537.36 (KHTML, like Gecko; compatible; bingbot/2.0; +http://www.bing.com/bingbot.htm) Chrome/116.0.1938.76 Safari/537.36"
207.46.13.124 - - [22/Nov/2024:16:39:21 -0800] "GET /wp-content/plugins/directorypress/assets/lib/lightbox/js/lightbox.min.js HTTP/1.0" 200 9372 "-" "Mozilla/5.0 AppleWebKit/537.36 (KHTML, like Gecko; compatible; bingbot/2.0; +http://www.bing.com/bingbot.htm) Chrome/116.0.1938.76 Safari/537.36"
207.46.13.124 - - [22/Nov/2024:16:39:21 -0800] "GET /wp-content/plugins/directorypress/assets/lib/slick-carousel/js/slick-triger.min.js HTTP/1.0" 200 4482 "-" "Mozilla/5.0 AppleWebKit/537.36 (KHTML, like Gecko; compatible; bingbot/2.0; +http://www.bing.com/bingbot.htm) Chrome/116.0.1938.76 Safari/537.36"
207.46.13.124 - - [22/Nov/2024:16:39:22 -0800] "GET /wp-content/plugins/directorypress/assets/lib/lity/js/lity.min.js HTTP/1.0" 200 6630 "-" "Mozilla/5.0 AppleWebKit/537.36 (KHTML, like Gecko; compatible; bingbot/2.0; +http://www.bing.com/bingbot.htm) Chrome/116.0.1938.76 Safari/537.36"
207.46.13.124 - - [22/Nov/2024:16:39:22 -0800] "GET /wp-content/plugins/elementor-pro/assets/js/frontend.min.js HTTP/1.0" 200 20713 "-" "Mozilla/5.0 AppleWebKit/537.36 (KHTML, like Gecko; compatible; bingbot/2.0; +http://www.bing.com/bingbot.htm) Chrome/116.0.1938.76 Safari/537.36"
207.46.13.124 - - [22/Nov/2024:16:39:22 -0800] "GET /wp-content/plugins/directorypress/reviews/js/jquery.raty.js HTTP/1.0" 200 19383 "-" "Mozilla/5.0 AppleWebKit/537.36 (KHTML, like Gecko; compatible; bingbot/2.0; +http://www.bing.com/bingbot.htm) Chrome/116.0.1938.76 Safari/537.36"
207.46.13.124 - - [22/Nov/2024:16:39:23 -0800] "GET /wp-content/plugins/directorypress/assets/js/jquery.cookie.js HTTP/1.0" 200 3121 "-" "Mozilla/5.0 AppleWebKit/537.36 (KHTML, like Gecko; compatible; bingbot/2.0; +http://www.bing.com/bingbot.htm) Chrome/116.0.1938.76 Safari/537.36"
207.46.13.124 - - [22/Nov/2024:16:39:23 -0800] "GET /wp-content/plugins/elementor/assets/js/frontend.min.js HTTP/1.0" 200 44112 "-" "Mozilla/5.0 AppleWebKit/537.36 (KHTML, like Gecko; compatible; bingbot/2.0; +http://www.bing.com/bingbot.htm) Chrome/116.0.1938.76 Safari/537.36"
207.46.13.124 - - [22/Nov/2024:16:39:24 -0800] "GET /wp-content/plugins/elementor-pro/assets/js/preloaded-elements-handlers.min.js HTTP/1.0" 200 132890 "-" "Mozilla/5.0 AppleWebKit/537.36 (KHTML, like Gecko; compatible; bingbot/2.0; +http://www.bing.com/bingbot.htm) Chrome/116.0.1938.76 Safari/537.36"
207.46.13.124 - - [22/Nov/2024:16:39:24 -0800] "GET /wp-content/plugins/elementor/assets/js/frontend-modules.min.js HTTP/1.0" 200 54824 "-" "Mozilla/5.0 AppleWebKit/537.36 (KHTML, like Gecko; compatible; bingbot/2.0; +http://www.bing.com/bingbot.htm) Chrome/116.0.1938.76 Safari/537.36"
207.46.13.124 - - [22/Nov/2024:16:39:25 -0800] "GET /wp-content/plugins/header-footer-builder/assets/public/js/menu.js HTTP/1.0" 200 8154 "-" "Mozilla/5.0 AppleWebKit/537.36 (KHTML, like Gecko; compatible; bingbot/2.0; +http://www.bing.com/bingbot.htm) Chrome/116.0.1938.76 Safari/537.36"
207.46.13.124 - - [22/Nov/2024:16:39:25 -0800] "GET /wp-content/plugins/form-builder-wp/assets/js/js.cookie.min.js HTTP/1.0" 200 1846 "-" "Mozilla/5.0 AppleWebKit/537.36 (KHTML, like Gecko; compatible; bingbot/2.0; +http://www.bing.com/bingbot.htm) Chrome/116.0.1938.76 Safari/537.36"
207.46.13.124 - - [22/Nov/2024:16:39:25 -0800] "GET /wp-content/plugins/woocommerce/assets/js/frontend/woocommerce.min.js HTTP/1.0" 200 3178 "-" "Mozilla/5.0 AppleWebKit/537.36 (KHTML, like Gecko; compatible; bingbot/2.0; +http://www.bing.com/bingbot.htm) Chrome/116.0.1938.76 Safari/537.36"
207.46.13.124 - - [22/Nov/2024:16:39:26 -0800] "GET /wp-content/plugins/revslider/public/assets/js/rs6.min.js HTTP/1.0" 200 414606 "-" "Mozilla/5.0 AppleWebKit/537.36 (KHTML, like Gecko; compatible; bingbot/2.0; +http://www.bing.com/bingbot.htm) Chrome/116.0.1938.76 Safari/537.36"
207.46.13.124 - - [22/Nov/2024:16:39:26 -0800] "GET /wp-content/themes/classiadspro/includes/plugins-config/woocommerce-quantity-increment/assets/js/lib/number-polyfill.min.js HTTP/1.0" 200 8808 "-" "Mozilla/5.0 AppleWebKit/537.36 (KHTML, like Gecko; compatible; bingbot/2.0; +http://www.bing.com/bingbot.htm) Chrome/116.0.1938.76 Safari/537.36"
207.46.13.124 - - [22/Nov/2024:16:39:26 -0800] "GET /wp-content/themes/classiadspro/includes/plugins-config/woocommerce-quantity-increment/assets/js/wc-quantity-increment.min.js HTTP/1.0" 200 706 "-" "Mozilla/5.0 AppleWebKit/537.36 (KHTML, like Gecko; compatible; bingbot/2.0; +http://www.bing.com/bingbot.htm) Chrome/116.0.1938.76 Safari/537.36"
207.46.13.124 - - [22/Nov/2024:16:39:27 -0800] "GET /wp-content/plugins/header-footer-builder/assets/public/js/frontend.js HTTP/1.0" 200 21231 "-" "Mozilla/5.0 AppleWebKit/537.36 (KHTML, like Gecko; compatible; bingbot/2.0; +http://www.bing.com/bingbot.htm) Chrome/116.0.1938.76 Safari/537.36"
207.46.13.124 - - [22/Nov/2024:16:39:27 -0800] "GET /wp-content/themes/classiadspro/js/bootstrap.min.js HTTP/1.0" 200 37051 "-" "Mozilla/5.0 AppleWebKit/537.36 (KHTML, like Gecko; compatible; bingbot/2.0; +http://www.bing.com/bingbot.htm) Chrome/116.0.1938.76 Safari/537.36"
207.46.13.124 - - [22/Nov/2024:16:39:27 -0800] "GET /wp-content/themes/classiadspro/js/triger.min.js HTTP/1.0" 200 2385 "-" "Mozilla/5.0 AppleWebKit/537.36 (KHTML, like Gecko; compatible; bingbot/2.0; +http://www.bing.com/bingbot.htm) Chrome/116.0.1938.76 Safari/537.36"
207.46.13.124 - - [22/Nov/2024:16:39:28 -0800] "GET /wp-content/themes/classiadspro/includes/assets/js/social-icon-widget.js HTTP/1.0" 200 665 "-" "Mozilla/5.0 AppleWebKit/537.36 (KHTML, like Gecko; compatible; bingbot/2.0; +http://www.bing.com/bingbot.htm) Chrome/116.0.1938.76 Safari/537.36"
207.46.13.124 - - [22/Nov/2024:16:39:28 -0800] "GET /wp-content/themes/classiadspro/js/select2.min.js HTTP/1.0" 200 66179 "-" "Mozilla/5.0 AppleWebKit/537.36 (KHTML, like Gecko; compatible; bingbot/2.0; +http://www.bing.com/bingbot.htm) Chrome/116.0.1938.76 Safari/537.36"
207.46.13.124 - - [22/Nov/2024:16:39:29 -0800] "GET /wp-includes/js/clipboard.min.js HTTP/1.0" 200 9009 "-" "Mozilla/5.0 AppleWebKit/537.36 (KHTML, like Gecko; compatible; bingbot/2.0; +http://www.bing.com/bingbot.htm) Chrome/116.0.1938.76 Safari/537.36"
207.46.13.124 - - [22/Nov/2024:16:39:29 -0800] "GET /wp-includes/js/comment-reply.min.js HTTP/1.0" 200 3026 "-" "Mozilla/5.0 AppleWebKit/537.36 (KHTML, like Gecko; compatible; bingbot/2.0; +http://www.bing.com/bingbot.htm) Chrome/116.0.1938.76 Safari/537.36"
207.46.13.124 - - [22/Nov/2024:16:39:29 -0800] "GET /wp-includes/js/dist/a11y.min.js HTTP/1.0" 200 2358 "-" "Mozilla/5.0 AppleWebKit/537.36 (KHTML, like Gecko; compatible; bingbot/2.0; +http://www.bing.com/bingbot.htm) Chrome/116.0.1938.76 Safari/537.36"
207.46.13.124 - - [22/Nov/2024:16:39:29 -0800] "GET /wp-includes/js/dist/dom-ready.min.js HTTP/1.0" 200 457 "-" "Mozilla/5.0 AppleWebKit/537.36 (KHTML, like Gecko; compatible; bingbot/2.0; +http://www.bing.com/bingbot.htm) Chrome/116.0.1938.76 Safari/537.36"
207.46.13.124 - - [22/Nov/2024:16:39:30 -0800] "GET /wp-includes/js/jquery/jquery.min.js HTTP/1.0" 200 87553 "-" "Mozilla/5.0 AppleWebKit/537.36 (KHTML, like Gecko; compatible; bingbot/2.0; +http://www.bing.com/bingbot.htm) Chrome/116.0.1938.76 Safari/537.36"
207.46.13.124 - - [22/Nov/2024:16:39:30 -0800] "GET /wp-includes/js/jquery/ui/core.min.js HTTP/1.0" 200 21464 "-" "Mozilla/5.0 AppleWebKit/537.36 (KHTML, like Gecko; compatible; bingbot/2.0; +http://www.bing.com/bingbot.htm) Chrome/116.0.1938.76 Safari/537.36"
207.46.13.124 - - [22/Nov/2024:16:39:30 -0800] "GET /wp-includes/js/jquery/ui/draggable.min.js HTTP/1.0" 200 18420 "-" "Mozilla/5.0 AppleWebKit/537.36 (KHTML, like Gecko; compatible; bingbot/2.0; +http://www.bing.com/bingbot.htm) Chrome/116.0.1938.76 Safari/537.36"
40.77.167.144 - - [22/Nov/2024:16:39:50 -0800] "GET /wp-content/plugins/AccessPress_Social_Login/js/frontend.js HTTP/1.0" 200 3624 "-" "Mozilla/5.0 AppleWebKit/537.36 (KHTML, like Gecko; compatible; bingbot/2.0; +http://www.bing.com/bingbot.htm) Chrome/116.0.1938.76 Safari/537.36"
40.77.167.144 - - [22/Nov/2024:16:40:20 -0800] "GET /wp-content/plugins/designinvento-elementor-widgets/assets/js/frontend.js HTTP/1.0" 200 24619 "-" "Mozilla/5.0 AppleWebKit/537.36 (KHTML, like Gecko; compatible; bingbot/2.0; +http://www.bing.com/bingbot.htm) Chrome/116.0.1938.76 Safari/537.36"
40.77.167.144 - - [22/Nov/2024:16:40:50 -0800] "GET /wp-content/plugins/directorypress-frontend/assets/js/chart.min.js HTTP/1.0" 200 199561 "-" "Mozilla/5.0 AppleWebKit/537.36 (KHTML, like Gecko; compatible; bingbot/2.0; +http://www.bing.com/bingbot.htm) Chrome/116.0.1938.76 Safari/537.36"
40.77.167.144 - - [22/Nov/2024:16:41:19 -0800] "GET /wp-content/plugins/directorypress-frontend/assets/js/directorypress-frontend-listing.js HTTP/1.0" 200 15411 "-" "Mozilla/5.0 AppleWebKit/537.36 (KHTML, like Gecko; compatible; bingbot/2.0; +http://www.bing.com/bingbot.htm) Chrome/116.0.1938.76 Safari/537.36"
40.77.167.144 - - [22/Nov/2024:16:41:50 -0800] "GET /wp-content/plugins/directorypress-frontend/assets/js/directorypress-frontend-public.js HTTP/1.0" 200 4600 "-" "Mozilla/5.0 AppleWebKit/537.36 (KHTML, like Gecko; compatible; bingbot/2.0; +http://www.bing.com/bingbot.htm) Chrome/116.0.1938.76 Safari/537.36"
40.77.167.144 - - [22/Nov/2024:16:42:21 -0800] "GET /wp-content/plugins/directorypress/assets/js/contact-form.js HTTP/1.0" 200 2384 "-" "Mozilla/5.0 AppleWebKit/537.36 (KHTML, like Gecko; compatible; bingbot/2.0; +http://www.bing.com/bingbot.htm) Chrome/116.0.1938.76 Safari/537.36"
40.77.167.144 - - [22/Nov/2024:16:42:50 -0800] "GET /wp-content/plugins/elkit/assets/js/parallax-admin-scripts.js HTTP/1.0" 200 7465 "-" "Mozilla/5.0 AppleWebKit/537.36 (KHTML, like Gecko; compatible; bingbot/2.0; +http://www.bing.com/bingbot.htm) Chrome/116.0.1938.76 Safari/537.36"
40.77.167.144 - - [22/Nov/2024:16:43:19 -0800] "GET /wp-content/plugins/woocommerce/assets/js/frontend/order-attribution.min.js HTTP/1.0" 200 2356 "-" "Mozilla/5.0 AppleWebKit/537.36 (KHTML, like Gecko; compatible; bingbot/2.0; +http://www.bing.com/bingbot.htm) Chrome/116.0.1938.76 Safari/537.36"
40.77.167.144 - - [22/Nov/2024:16:43:50 -0800] "GET /wp-content/themes/classiadspro/custom.js HTTP/1.0" 200 247 "-" "Mozilla/5.0 AppleWebKit/537.36 (KHTML, like Gecko; compatible; bingbot/2.0; +http://www.bing.com/bingbot.htm) Chrome/116.0.1938.76 Safari/537.36"
40.77.167.144 - - [22/Nov/2024:16:44:20 -0800] "GET /wp-content/themes/classiadspro/js/plugins.min.js HTTP/1.0" 200 107612 "-" "Mozilla/5.0 AppleWebKit/537.36 (KHTML, like Gecko; compatible; bingbot/2.0; +http://www.bing.com/bingbot.htm) Chrome/116.0.1938.76 Safari/537.36"
40.77.167.144 - - [22/Nov/2024:16:44:50 -0800] "GET /wp-content/themes/classiadspro/js/theme-scripts.js HTTP/1.0" 200 155670 "-" "Mozilla/5.0 AppleWebKit/537.36 (KHTML, like Gecko; compatible; bingbot/2.0; +http://www.bing.com/bingbot.htm) Chrome/116.0.1938.76 Safari/537.36"
40.77.167.144 - - [22/Nov/2024:16:45:19 -0800] "GET /wp-includes/js/dist/i18n.min.js HTTP/1.0" 200 9141 "-" "Mozilla/5.0 AppleWebKit/537.36 (KHTML, like Gecko; compatible; bingbot/2.0; +http://www.bing.com/bingbot.htm) Chrome/116.0.1938.76 Safari/537.36"
40.77.167.144 - - [22/Nov/2024:16:45:50 -0800] "GET /wp-includes/js/imagesloaded.min.js HTTP/1.0" 200 5520 "-" "Mozilla/5.0 AppleWebKit/537.36 (KHTML, like Gecko; compatible; bingbot/2.0; +http://www.bing.com/bingbot.htm) Chrome/116.0.1938.76 Safari/537.36"
52.167.144.235 - - [22/Nov/2024:16:46:20 -0800] "GET /wp-includes/js/jquery/ui/button.min.js HTTP/1.0" 200 6154 "-" "Mozilla/5.0 AppleWebKit/537.36 (KHTML, like Gecko; compatible; bingbot/2.0; +http://www.bing.com/bingbot.htm) Chrome/116.0.1938.76 Safari/537.36"
52.167.144.235 - - [22/Nov/2024:16:46:50 -0800] "GET /wp-includes/js/jquery/ui/menu.min.js HTTP/1.0" 200 10199 "-" "Mozilla/5.0 AppleWebKit/537.36 (KHTML, like Gecko; compatible; bingbot/2.0; +http://www.bing.com/bingbot.htm) Chrome/116.0.1938.76 Safari/537.36"
52.167.144.235 - - [22/Nov/2024:16:47:20 -0800] "GET /wp-includes/js/media-audiovideo.min.js HTTP/1.0" 200 12058 "-" "Mozilla/5.0 AppleWebKit/537.36 (KHTML, like Gecko; compatible; bingbot/2.0; +http://www.bing.com/bingbot.htm) Chrome/116.0.1938.76 Safari/537.36"
52.167.144.235 - - [22/Nov/2024:16:47:50 -0800] "GET /wp-includes/js/media-models.min.js HTTP/1.0" 200 13288 "-" "Mozilla/5.0 AppleWebKit/537.36 (KHTML, like Gecko; compatible; bingbot/2.0; +http://www.bing.com/bingbot.htm) Chrome/116.0.1938.76 Safari/537.36"
52.167.144.235 - - [22/Nov/2024:16:48:20 -0800] "GET /wp-includes/js/mediaelement/wp-mediaelement.min.js HTTP/1.0" 200 1107 "-" "Mozilla/5.0 AppleWebKit/537.36 (KHTML, like Gecko; compatible; bingbot/2.0; +http://www.bing.com/bingbot.htm) Chrome/116.0.1938.76 Safari/537.36"
52.167.144.235 - - [22/Nov/2024:16:48:50 -0800] "GET /wp-includes/js/plupload/plupload.min.js HTTP/1.0" 200 15605 "-" "Mozilla/5.0 AppleWebKit/537.36 (KHTML, like Gecko; compatible; bingbot/2.0; +http://www.bing.com/bingbot.htm) Chrome/116.0.1938.76 Safari/537.36"
52.167.144.235 - - [22/Nov/2024:16:49:19 -0800] "GET /wp-includes/js/plupload/moxie.min.js HTTP/1.0" 200 87394 "-" "Mozilla/5.0 AppleWebKit/537.36 (KHTML, like Gecko; compatible; bingbot/2.0; +http://www.bing.com/bingbot.htm) Chrome/116.0.1938.76 Safari/537.36"
52.167.144.156 - - [22/Nov/2024:16:49:49 -0800] "GET /wp-content/plugins/directorypress-frontend-messages/public/js/directorypress-frontend-messages-public.js HTTP/1.0" 200 838 "-" "Mozilla/5.0 AppleWebKit/537.36 (KHTML, like Gecko; compatible; bingbot/2.0; +http://www.bing.com/bingbot.htm) Chrome/116.0.1938.76 Safari/537.36"
52.167.144.235 - - [22/Nov/2024:16:50:20 -0800] "GET /wp-includes/js/wp-util.min.js HTTP/1.0" 200 1426 "-" "Mozilla/5.0 AppleWebKit/537.36 (KHTML, like Gecko; compatible; bingbot/2.0; +http://www.bing.com/bingbot.htm) Chrome/116.0.1938.76 Safari/537.36"
209.182.200.39 - - [22/Nov/2024:16:50:48 -0800] "POST /wp-cron.php?doing_wp_cron=1732323048.9411060810089111328125 HTTP/1.0" 200 - "-" "WordPress/6.7.1; https://mogulbureaucratics.click"
223.88.83.134 - - [22/Nov/2024:16:50:47 -0800] "GET / HTTP/1.0" 301 - "http://mogulbureaucratics.click/" "Mozilla/5.0 (Windows NT 6.1; WOW64) AppleWebKit/537.36 (KHTML, like Gecko) Chrome/50.0.2661.102 Safari/537.36"
52.167.144.156 - - [22/Nov/2024:16:50:50 -0800] "GET /wp-content/plugins/directorypress/assets/lib/select2/js/select2-triger.js HTTP/1.0" 200 189 "-" "Mozilla/5.0 AppleWebKit/537.36 (KHTML, like Gecko; compatible; bingbot/2.0; +http://www.bing.com/bingbot.htm) Chrome/116.0.1938.76 Safari/537.36"
110.85.212.8 - - [22/Nov/2024:16:50:53 -0800] "GET / HTTP/1.0" 200 377747 "https://mogulbureaucratics.click/" "Mozilla/5.0 (Windows NT 6.1; WOW64) AppleWebKit/537.36 (KHTML, like Gecko) Chrome/50.0.2661.102 Safari/537.36"
52.167.144.156 - - [22/Nov/2024:16:51:20 -0800] "GET /wp-content/plugins/directorypress/reviews/js/reviews.js HTTP/1.0" 200 1067 "-" "Mozilla/5.0 AppleWebKit/537.36 (KHTML, like Gecko; compatible; bingbot/2.0; +http://www.bing.com/bingbot.htm) Chrome/116.0.1938.76 Safari/537.36"
157.55.39.9 - - [22/Nov/2024:16:51:50 -0800] "GET /wp-includes/js/jquery/ui/resizable.min.js HTTP/1.0" 200 18824 "-" "Mozilla/5.0 AppleWebKit/537.36 (KHTML, like Gecko; compatible; bingbot/2.0; +http://www.bing.com/bingbot.htm) Chrome/116.0.1938.76 Safari/537.36"
157.55.39.9 - - [22/Nov/2024:16:52:20 -0800] "GET /wp-includes/js/jquery/ui/mouse.min.js HTTP/1.0" 200 3428 "-" "Mozilla/5.0 AppleWebKit/537.36 (KHTML, like Gecko; compatible; bingbot/2.0; +http://www.bing.com/bingbot.htm) Chrome/116.0.1938.76 Safari/537.36"
157.55.39.9 - - [22/Nov/2024:16:52:50 -0800] "GET /wp-includes/js/media-editor.min.js HTTP/1.0" 200 10885 "-" "Mozilla/5.0 AppleWebKit/537.36 (KHTML, like Gecko; compatible; bingbot/2.0; +http://www.bing.com/bingbot.htm) Chrome/116.0.1938.76 Safari/537.36"
157.55.39.9 - - [22/Nov/2024:16:53:20 -0800] "GET /wp-includes/js/mediaelement/mediaelement-migrate.min.js HTTP/1.0" 200 1191 "-" "Mozilla/5.0 AppleWebKit/537.36 (KHTML, like Gecko; compatible; bingbot/2.0; +http://www.bing.com/bingbot.htm) Chrome/116.0.1938.76 Safari/537.36"
157.55.39.9 - - [22/Nov/2024:16:53:49 -0800] "GET /wp-includes/js/media-views.min.js HTTP/1.0" 200 110617 "-" "Mozilla/5.0 AppleWebKit/537.36 (KHTML, like Gecko; compatible; bingbot/2.0; +http://www.bing.com/bingbot.htm) Chrome/116.0.1938.76 Safari/537.36"
40.77.190.141 - - [22/Nov/2024:16:56:01 -0800] "GET /wp-includes/js/utils.min.js HTTP/1.0" 200 1864 "https://mogulbureaucratics.click/" "Mozilla/5.0 AppleWebKit/537.36 (KHTML, like Gecko; compatible; bingbot/2.0; +http://www.bing.com/bingbot.htm) Chrome/112.0.0.0 Safari/537.36"
40.77.190.141 - - [22/Nov/2024:16:56:01 -0800] "GET /wp-includes/js/jquery/jquery-migrate.min.js HTTP/1.0" 200 13577 "https://mogulbureaucratics.click/" "Mozilla/5.0 AppleWebKit/537.36 (KHTML, like Gecko; compatible; bingbot/2.0; +http://www.bing.com/bingbot.htm) Chrome/112.0.0.0 Safari/537.36"
40.77.190.141 - - [22/Nov/2024:16:56:01 -0800] "GET /wp-content/plugins/elkit/assets/js/jarallax.js HTTP/1.0" 200 14759 "https://mogulbureaucratics.click/" "Mozilla/5.0 AppleWebKit/537.36 (KHTML, like Gecko; compatible; bingbot/2.0; +http://www.bing.com/bingbot.htm) Chrome/112.0.0.0 Safari/537.36"
40.77.190.141 - - [22/Nov/2024:16:56:02 -0800] "GET /wp-includes/js/jquery/ui/tabs.min.js HTTP/1.0" 200 12008 "https://mogulbureaucratics.click/" "Mozilla/5.0 AppleWebKit/537.36 (KHTML, like Gecko; compatible; bingbot/2.0; +http://www.bing.com/bingbot.htm) Chrome/112.0.0.0 Safari/537.36"
40.77.190.141 - - [22/Nov/2024:16:56:02 -0800] "GET /wp-includes/js/masonry.min.js HTTP/1.0" 200 24138 "https://mogulbureaucratics.click/" "Mozilla/5.0 AppleWebKit/537.36 (KHTML, like Gecko; compatible; bingbot/2.0; +http://www.bing.com/bingbot.htm) Chrome/112.0.0.0 Safari/537.36"
40.77.190.141 - - [22/Nov/2024:16:56:02 -0800] "GET /wp-includes/js/underscore.min.js HTTP/1.0" 200 18878 "https://mogulbureaucratics.click/" "Mozilla/5.0 AppleWebKit/537.36 (KHTML, like Gecko; compatible; bingbot/2.0; +http://www.bing.com/bingbot.htm) Chrome/112.0.0.0 Safari/537.36"
40.77.190.141 - - [22/Nov/2024:16:56:02 -0800] "GET /wp-includes/js/plupload/wp-plupload.min.js HTTP/1.0" 200 6036 "https://mogulbureaucratics.click/" "Mozilla/5.0 AppleWebKit/537.36 (KHTML, like Gecko; compatible; bingbot/2.0; +http://www.bing.com/bingbot.htm) Chrome/112.0.0.0 Safari/537.36"
40.77.190.141 - - [22/Nov/2024:16:56:02 -0800] "GET /wp-includes/js/wp-backbone.min.js HTTP/1.0" 200 3039 "https://mogulbureaucratics.click/" "Mozilla/5.0 AppleWebKit/537.36 (KHTML, like Gecko; compatible; bingbot/2.0; +http://www.bing.com/bingbot.htm) Chrome/112.0.0.0 Safari/537.36"
40.77.190.141 - - [22/Nov/2024:16:56:02 -0800] "GET /wp-includes/js/mediaelement/mediaelement-and-player.min.js HTTP/1.0" 200 158005 "https://mogulbureaucratics.click/" "Mozilla/5.0 AppleWebKit/537.36 (KHTML, like Gecko; compatible; bingbot/2.0; +http://www.bing.com/bingbot.htm) Chrome/112.0.0.0 Safari/537.36"
40.77.190.141 - - [22/Nov/2024:16:56:02 -0800] "GET /wp-includes/js/api-request.min.js HTTP/1.0" 200 1023 "https://mogulbureaucratics.click/" "Mozilla/5.0 AppleWebKit/537.36 (KHTML, like Gecko; compatible; bingbot/2.0; +http://www.bing.com/bingbot.htm) Chrome/112.0.0.0 Safari/537.36"
40.77.190.141 - - [22/Nov/2024:16:56:02 -0800] "GET /wp-includes/js/dist/hooks.min.js HTTP/1.0" 200 4776 "https://mogulbureaucratics.click/" "Mozilla/5.0 AppleWebKit/537.36 (KHTML, like Gecko; compatible; bingbot/2.0; +http://www.bing.com/bingbot.htm) Chrome/112.0.0.0 Safari/537.36"
40.77.190.141 - - [22/Nov/2024:16:56:02 -0800] "GET /wp-includes/js/jquery/ui/checkboxradio.min.js HTTP/1.0" 200 4348 "https://mogulbureaucratics.click/" "Mozilla/5.0 AppleWebKit/537.36 (KHTML, like Gecko; compatible; bingbot/2.0; +http://www.bing.com/bingbot.htm) Chrome/112.0.0.0 Safari/537.36"
40.77.190.141 - - [22/Nov/2024:16:56:02 -0800] "GET /wp-includes/js/jquery/ui/controlgroup.min.js HTTP/1.0" 200 4402 "https://mogulbureaucratics.click/" "Mozilla/5.0 AppleWebKit/537.36 (KHTML, like Gecko; compatible; bingbot/2.0; +http://www.bing.com/bingbot.htm) Chrome/112.0.0.0 Safari/537.36"
40.77.190.141 - - [22/Nov/2024:16:56:02 -0800] "GET /wp-includes/js/jquery/ui/selectmenu.min.js HTTP/1.0" 200 9502 "https://mogulbureaucratics.click/" "Mozilla/5.0 AppleWebKit/537.36 (KHTML, like Gecko; compatible; bingbot/2.0; +http://www.bing.com/bingbot.htm) Chrome/112.0.0.0 Safari/537.36"
40.77.190.141 - - [22/Nov/2024:16:56:03 -0800] "GET /wp-includes/js/jquery/ui/dialog.min.js HTTP/1.0" 200 13098 "https://mogulbureaucratics.click/" "Mozilla/5.0 AppleWebKit/537.36 (KHTML, like Gecko; compatible; bingbot/2.0; +http://www.bing.com/bingbot.htm) Chrome/112.0.0.0 Safari/537.36"
40.77.190.141 - - [22/Nov/2024:16:56:03 -0800] "GET /wp-includes/js/jquery/ui/autocomplete.min.js HTTP/1.0" 200 8536 "https://mogulbureaucratics.click/" "Mozilla/5.0 AppleWebKit/537.36 (KHTML, like Gecko; compatible; bingbot/2.0; +http://www.bing.com/bingbot.htm) Chrome/112.0.0.0 Safari/537.36"
40.77.190.141 - - [22/Nov/2024:16:56:03 -0800] "GET /wp-content/plugins/woocommerce/assets/js/sourcebuster/sourcebuster.min.js HTTP/1.0" 200 15315 "https://mogulbureaucratics.click/" "Mozilla/5.0 AppleWebKit/537.36 (KHTML, like Gecko; compatible; bingbot/2.0; +http://www.bing.com/bingbot.htm) Chrome/112.0.0.0 Safari/537.36"
40.77.190.141 - - [22/Nov/2024:16:56:03 -0800] "GET /wp-includes/js/jquery/ui/slider.min.js HTTP/1.0" 200 10759 "https://mogulbureaucratics.click/" "Mozilla/5.0 AppleWebKit/537.36 (KHTML, like Gecko; compatible; bingbot/2.0; +http://www.bing.com/bingbot.htm) Chrome/112.0.0.0 Safari/537.36"
40.77.190.141 - - [22/Nov/2024:16:56:03 -0800] "GET /wp-includes/js/jquery/jquery.ui.touch-punch.js HTTP/1.0" 200 1179 "https://mogulbureaucratics.click/" "Mozilla/5.0 AppleWebKit/537.36 (KHTML, like Gecko; compatible; bingbot/2.0; +http://www.bing.com/bingbot.htm) Chrome/112.0.0.0 Safari/537.36"
40.77.190.141 - - [22/Nov/2024:16:56:03 -0800] "GET /wp-content/plugins/elementor-pro/assets/js/webpack-pro.runtime.min.js HTTP/1.0" 200 5125 "https://mogulbureaucratics.click/" "Mozilla/5.0 AppleWebKit/537.36 (KHTML, like Gecko; compatible; bingbot/2.0; +http://www.bing.com/bingbot.htm) Chrome/112.0.0.0 Safari/537.36"
40.77.190.141 - - [22/Nov/2024:16:56:03 -0800] "GET /wp-content/plugins/elementor/assets/js/webpack.runtime.min.js HTTP/1.0" 200 5252 "https://mogulbureaucratics.click/" "Mozilla/5.0 AppleWebKit/537.36 (KHTML, like Gecko; compatible; bingbot/2.0; +http://www.bing.com/bingbot.htm) Chrome/112.0.0.0 Safari/537.36"
40.77.190.141 - - [22/Nov/2024:16:56:03 -0800] "GET /wp-content/plugins/form-builder-wp/assets/js/jquery.blockUI.min.js HTTP/1.0" 200 9566 "https://mogulbureaucratics.click/" "Mozilla/5.0 AppleWebKit/537.36 (KHTML, like Gecko; compatible; bingbot/2.0; +http://www.bing.com/bingbot.htm) Chrome/112.0.0.0 Safari/537.36"
40.77.190.141 - - [22/Nov/2024:16:56:03 -0800] "GET /wp-content/plugins/woocommerce/assets/js/frontend/add-to-cart.min.js HTTP/1.0" 200 3997 "https://mogulbureaucratics.click/" "Mozilla/5.0 AppleWebKit/537.36 (KHTML, like Gecko; compatible; bingbot/2.0; +http://www.bing.com/bingbot.htm) Chrome/112.0.0.0 Safari/537.36"
40.77.190.141 - - [22/Nov/2024:16:56:04 -0800] "GET /wp-content/plugins/revslider/public/assets/js/rbtools.min.js HTTP/1.0" 200 165505 "https://mogulbureaucratics.click/" "Mozilla/5.0 AppleWebKit/537.36 (KHTML, like Gecko; compatible; bingbot/2.0; +http://www.bing.com/bingbot.htm) Chrome/112.0.0.0 Safari/537.36"
40.77.190.141 - - [22/Nov/2024:16:56:06 -0800] "GET /wp-includes/js/shortcode.min.js HTTP/1.0" 200 2643 "https://mogulbureaucratics.click/" "Mozilla/5.0 AppleWebKit/537.36 (KHTML, like Gecko; compatible; bingbot/2.0; +http://www.bing.com/bingbot.htm) Chrome/112.0.0.0 Safari/537.36"
40.77.190.141 - - [22/Nov/2024:16:56:11 -0800] "GET /wp-includes/js/wp-emoji-release.min.js HTTP/1.0" 200 18726 "https://mogulbureaucratics.click/" "Mozilla/5.0 AppleWebKit/537.36 (KHTML, like Gecko; compatible; bingbot/2.0; +http://www.bing.com/bingbot.htm) Chrome/112.0.0.0 Safari/537.36"
209.182.200.39 - - [22/Nov/2024:16:58:23 -0800] "POST /wp-cron.php?doing_wp_cron=1732323503.7390339374542236328125 HTTP/1.0" 200 - "-" "WordPress/6.7.1; https://mogulbureaucratics.click"
5.78.112.51 - - [22/Nov/2024:16:58:21 -0800] "GET /listings/business-place/china/ HTTP/1.0" 200 285762 "-" "Mozilla/5.0 (Macintosh; Intel Mac OS X 10_15_7) AppleWebKit/537.36 (KHTML, like Gecko) Chrome/124.0.0.0 Safari/537.36"
209.182.200.39 - - [22/Nov/2024:17:44:24 -0800] "POST /wp-cron.php?doing_wp_cron=1732326264.7400450706481933593750 HTTP/1.0" 200 - "-" "WordPress/6.7.1; https://mogulbureaucratics.click"
52.195.210.12 - - [22/Nov/2024:17:44:22 -0800] "GET /wp-login.php HTTP/1.0" 302 - "-" "Mozilla/5.0"
52.195.210.12 - - [22/Nov/2024:17:44:25 -0800] "GET /wp-login.php HTTP/1.0" 200 9084 "-" "Mozilla/5.0"
52.195.210.12 - - [22/Nov/2024:17:44:26 -0800] "GET /?author=1 HTTP/1.0" 301 - "-" "Mozilla/5.0"
52.195.210.12 - - [22/Nov/2024:17:44:28 -0800] "GET /?author=2 HTTP/1.0" 200 280154 "-" "Mozilla/5.0"
52.195.210.12 - - [22/Nov/2024:17:44:30 -0800] "GET /?author=3 HTTP/1.0" 200 280148 "-" "Mozilla/5.0"
52.195.210.12 - - [22/Nov/2024:17:44:32 -0800] "GET /?author=4 HTTP/1.0" 200 280244 "-" "Mozilla/5.0"
52.195.210.12 - - [22/Nov/2024:17:44:34 -0800] "GET /?author=5 HTTP/1.0" 200 280220 "-" "Mozilla/5.0"
209.182.200.39 - - [22/Nov/2024:17:45:01 -0800] "POST /wp-cron.php?doing_wp_cron=1732326300.6702818870544433593750 HTTP/1.0" 200 - "-" "WordPress/6.7.1; https://mogulbureaucratics.click"
52.195.210.12 - - [22/Nov/2024:17:44:58 -0800] "GET /?author=6 HTTP/1.0" 404 279757 "-" "Mozilla/5.0"
209.182.200.39 - - [22/Nov/2024:18:14:48 -0800] "POST /wp-cron.php?doing_wp_cron=1732328088.7439188957214355468750 HTTP/1.0" 200 - "-" "WordPress/6.7.1; https://mogulbureaucratics.click"
103.251.66.247 - - [22/Nov/2024:18:14:44 -0800] "GET / HTTP/1.0" 301 - "-" "Mozilla/5.0 (Windows NT 10.0; Win64; x64) AppleWebKit/537.36 (KHTML, like Gecko) Chrome/95.0.4638.69 Safari/537.36"
103.251.66.247 - - [22/Nov/2024:18:14:50 -0800] "GET / HTTP/1.0" 503 282 "-" "Mozilla/5.0 (Windows NT 10.0; Win64; x64) AppleWebKit/537.36 (KHTML, like Gecko) Chrome/95.0.4638.69 Safari/537.36"
103.251.66.247 - - [22/Nov/2024:18:15:02 -0800] "GET //feed/ HTTP/1.0" 301 - "-" "Mozilla/5.0 (Windows NT 10.0; Win64; x64) AppleWebKit/537.36 (KHTML, like Gecko) Chrome/95.0.4638.69 Safari/537.36"
103.251.66.247 - - [22/Nov/2024:18:15:13 -0800] "GET //xmlrpc.php?rsd HTTP/1.0" 200 858 "-" "Mozilla/5.0 (Windows NT 10.0; Win64; x64) AppleWebKit/537.36 (KHTML, like Gecko) Chrome/95.0.4638.69 Safari/537.36"
103.251.66.247 - - [22/Nov/2024:18:15:19 -0800] "GET //wp-login.php HTTP/1.0" 200 9084 "-" "Mozilla/5.0 (Windows NT 10.0; Win64; x64) AppleWebKit/537.36 (KHTML, like Gecko) Chrome/95.0.4638.69 Safari/537.36"
209.182.200.39 - - [22/Nov/2024:18:15:29 -0800] "POST /wp-cron.php?doing_wp_cron=1732328129.8329710960388183593750 HTTP/1.0" 200 - "-" "WordPress/6.7.1; https://mogulbureaucratics.click"
103.251.66.247 - - [22/Nov/2024:18:15:24 -0800] "GET //?author=1 HTTP/1.0" 301 - "-" "Mozilla/5.0 (Windows NT 10.0; Win64; x64) AppleWebKit/537.36 (KHTML, like Gecko) Chrome/95.0.4638.69 Safari/537.36"
103.251.66.247 - - [22/Nov/2024:18:15:30 -0800] "GET //?author=2 HTTP/1.0" 301 - "-" "Mozilla/5.0 (Windows NT 10.0; Win64; x64) AppleWebKit/537.36 (KHTML, like Gecko) Chrome/95.0.4638.69 Safari/537.36"
103.251.66.247 - - [22/Nov/2024:18:15:36 -0800] "GET //wp-json/wp/v2/users/ HTTP/1.0" 200 1333 "-" "Mozilla/5.0 (Windows NT 10.0; Win64; x64) AppleWebKit/537.36 (KHTML, like Gecko) Chrome/95.0.4638.69 Safari/537.36"
209.182.200.39 - - [22/Nov/2024:18:15:47 -0800] "POST /wp-cron.php?doing_wp_cron=1732328147.8315460681915283203125 HTTP/1.0" 200 - "-" "WordPress/6.7.1; https://mogulbureaucratics.click"
103.251.66.247 - - [22/Nov/2024:18:15:42 -0800] "POST //xmlrpc.php HTTP/1.0" 200 403 "-" "Mozilla/5.0 (Windows NT 10.0; Win64; x64) AppleWebKit/537.36 (KHTML, like Gecko) Chrome/95.0.4638.69 Safari/537.36"
103.251.66.247 - - [22/Nov/2024:18:15:48 -0800] "POST //xmlrpc.php HTTP/1.0" 200 401 "-" "Mozilla/5.0 (Windows NT 10.0; Win64; x64) AppleWebKit/537.36 (KHTML, like Gecko) Chrome/95.0.4638.69 Safari/537.36"
103.251.66.247 - - [22/Nov/2024:18:15:54 -0800] "POST //xmlrpc.php HTTP/1.0" 200 401 "-" "Mozilla/5.0 (Windows NT 10.0; Win64; x64) AppleWebKit/537.36 (KHTML, like Gecko) Chrome/95.0.4638.69 Safari/537.36"
103.251.66.247 - - [22/Nov/2024:18:16:01 -0800] "POST //xmlrpc.php HTTP/1.0" 200 403 "-" "Mozilla/5.0 (Windows NT 10.0; Win64; x64) AppleWebKit/537.36 (KHTML, like Gecko) Chrome/95.0.4638.69 Safari/537.36"
103.251.66.247 - - [22/Nov/2024:18:16:07 -0800] "POST //xmlrpc.php HTTP/1.0" 503 282 "-" "Mozilla/5.0 (Windows NT 10.0; Win64; x64) AppleWebKit/537.36 (KHTML, like Gecko) Chrome/95.0.4638.69 Safari/537.36"
103.251.66.247 - - [22/Nov/2024:18:16:11 -0800] "POST //wp-login.php HTTP/1.0" 200 9553 "https://mogulbureaucratics.click//wp-login.php" "Mozilla/5.0 (Windows NT 10.0; Win64; x64) AppleWebKit/537.36 (KHTML, like Gecko) Chrome/95.0.4638.69 Safari/537.36"
209.182.200.39 - - [22/Nov/2024:18:16:27 -0800] "POST /wp-cron.php?doing_wp_cron=1732328187.5303449630737304687500 HTTP/1.0" 200 - "-" "WordPress/6.7.1; https://mogulbureaucratics.click"
198.145.82.119 - - [22/Nov/2024:18:16:18 -0800] "GET / HTTP/1.0" 301 - "-" "Mozilla/5.0 (Macintosh; Intel Mac OS X 10_15_7) AppleWebKit/605.1.15 (KHTML, like Gecko) Version/17.0 Safari/605.1.15"
