85.208.96.204 - - [22/Nov/2024:07:13:28 -0800] "GET /k2a/drj19607tjara1.html HTTP/1.0" 500 - "-" "Mozilla/5.0 (compatible; SemrushBot/7~bl; +http://www.semrush.com/bot.html)"
166.108.231.44 - - [22/Nov/2024:07:13:36 -0800] "GET /shop/page/9/?per_page=9 HTTP/1.0" 500 - "-" "Mozilla/5.0 (Windows NT 10.0; Win64; x64) AppleWebKit/537.36 (KHTML, like Gecko) Chrome/104.0.0.0 Safari/537.36"
185.191.171.14 - - [22/Nov/2024:07:14:30 -0800] "GET /hsrfe4r/uja4726cxjs8ub3 HTTP/1.0" 500 - "-" "Mozilla/5.0 (compatible; SemrushBot/7~bl; +http://www.semrush.com/bot.html)"
185.191.171.1 - - [22/Nov/2024:07:15:32 -0800] "GET /fkvs/nva7761qvvzemi.htm HTTP/1.0" 500 - "-" "Mozilla/5.0 (compatible; SemrushBot/7~bl; +http://www.semrush.com/bot.html)"
185.191.171.18 - - [22/Nov/2024:07:16:32 -0800] "GET /g8g/pcc25417gcubhfa9a HTTP/1.0" 500 - "-" "Mozilla/5.0 (compatible; SemrushBot/7~bl; +http://www.semrush.com/bot.html)"
85.208.96.200 - - [22/Nov/2024:07:17:33 -0800] "GET /gm0w6v/wyj16324ycoo0y3 HTTP/1.0" 500 - "-" "Mozilla/5.0 (compatible; SemrushBot/7~bl; +http://www.semrush.com/bot.html)"
159.138.37.238 - - [22/Nov/2024:07:18:14 -0800] "GET /shop/page/15/?per_page=9 HTTP/1.0" 500 - "-" "Mozilla/5.0 (Windows NT 10.0; Win64; x64) AppleWebKit/537.36 (KHTML, like Gecko) Chrome/101.0.4951.67 Safari/537.36"
85.208.96.193 - - [22/Nov/2024:07:18:33 -0800] "GET /sj52s/nsa3211ksbs3v42 HTTP/1.0" 500 - "-" "Mozilla/5.0 (compatible; SemrushBot/7~bl; +http://www.semrush.com/bot.html)"
185.191.171.14 - - [22/Nov/2024:07:19:36 -0800] "GET /m3i6i/gym12460ycooagng3 HTTP/1.0" 500 - "-" "Mozilla/5.0 (compatible; SemrushBot/7~bl; +http://www.semrush.com/bot.html)"
51.8.102.142 - - [22/Nov/2024:07:20:02 -0800] "GET /events-industry-council-and-oak-view-group-to-partner-on-sustainability/ HTTP/1.0" 500 - "-" "Mozilla/5.0 AppleWebKit/537.36 (KHTML, like Gecko); compatible; OAI-SearchBot/1.0; +https://openai.com/searchbot"
51.8.102.243 - - [22/Nov/2024:07:20:03 -0800] "GET /events-industry-council-and-oak-view-group-to-partner-on-sustainability/ HTTP/1.0" 500 - "-" "Mozilla/5.0 AppleWebKit/537.36 (KHTML, like Gecko); compatible; OAI-SearchBot/1.0; +https://openai.com/searchbot"
51.8.102.231 - - [22/Nov/2024:07:20:03 -0800] "GET /events-industry-council-and-oak-view-group-to-partner-on-sustainability/ HTTP/1.0" 500 - "-" "Mozilla/5.0 AppleWebKit/537.36 (KHTML, like Gecko); compatible; OAI-SearchBot/1.0; +https://openai.com/searchbot"
51.8.102.26 - - [22/Nov/2024:07:20:04 -0800] "GET /events-industry-council-and-oak-view-group-to-partner-on-sustainability/ HTTP/1.0" 500 - "-" "Mozilla/5.0 AppleWebKit/537.36 (KHTML, like Gecko); compatible; OAI-SearchBot/1.0; +https://openai.com/searchbot"
85.208.96.198 - - [22/Nov/2024:07:20:36 -0800] "GET /fg4s/dpj9987akopdij.htm HTTP/1.0" 500 - "-" "Mozilla/5.0 (compatible; SemrushBot/7~bl; +http://www.semrush.com/bot.html)"
185.191.171.3 - - [22/Nov/2024:07:21:37 -0800] "GET /l5f/fkl4555lmik9524 HTTP/1.0" 500 - "-" "Mozilla/5.0 (compatible; SemrushBot/7~bl; +http://www.semrush.com/bot.html)"
185.191.171.12 - - [22/Nov/2024:07:22:38 -0800] "GET /hqdw/yzl19498jdzrdcchb HTTP/1.0" 500 - "-" "Mozilla/5.0 (compatible; SemrushBot/7~bl; +http://www.semrush.com/bot.html)"
101.44.250.164 - - [22/Nov/2024:07:23:22 -0800] "GET /shop/page/21/?shop_view=grid&per_row=3 HTTP/1.0" 500 - "-" "Mozilla/5.0 (Windows NT 10.0; Win64; x64) AppleWebKit/537.36 (KHTML, like Gecko) Chrome/107.0.0.0 Safari/537.36"
185.191.171.6 - - [22/Nov/2024:07:23:41 -0800] "GET /h8e60wl/sey15982pfexmxu HTTP/1.0" 500 - "-" "Mozilla/5.0 (compatible; SemrushBot/7~bl; +http://www.semrush.com/bot.html)"
185.191.171.9 - - [22/Nov/2024:07:24:42 -0800] "GET /hi7/qkw10546gaketdrpn0 HTTP/1.0" 500 - "-" "Mozilla/5.0 (compatible; SemrushBot/7~bl; +http://www.semrush.com/bot.html)"
185.191.171.13 - - [22/Nov/2024:07:25:42 -0800] "GET /ives/lsr10723aedssag HTTP/1.0" 500 - "-" "Mozilla/5.0 (compatible; SemrushBot/7~bl; +http://www.semrush.com/bot.html)"
185.191.171.14 - - [22/Nov/2024:07:26:44 -0800] "GET /jss/ljr15221tjaro8.html HTTP/1.0" 500 - "-" "Mozilla/5.0 (compatible; SemrushBot/7~bl; +http://www.semrush.com/bot.html)"
185.191.171.18 - - [22/Nov/2024:07:27:44 -0800] "GET /qye/adn9854aedsi04.html HTTP/1.0" 500 - "-" "Mozilla/5.0 (compatible; SemrushBot/7~bl; +http://www.semrush.com/bot.html)"
124.243.176.193 - - [22/Nov/2024:07:28:20 -0800] "GET /shop/page/12/?per_row=2&shop_view=grid&per_page=9 HTTP/1.0" 500 - "-" "Mozilla/5.0 (Windows NT 10.0; Win64; x64) AppleWebKit/537.36 (KHTML, like Gecko) Chrome/110.0.0.0 Safari/537.36"
185.191.171.17 - - [22/Nov/2024:07:28:45 -0800] "GET /hmf4t/kpq17326yhpnkn1 HTTP/1.0" 500 - "-" "Mozilla/5.0 (compatible; SemrushBot/7~bl; +http://www.semrush.com/bot.html)"
85.208.96.212 - - [22/Nov/2024:07:29:45 -0800] "GET /hbg/tug7559lqmuluk.html HTTP/1.0" 500 - "-" "Mozilla/5.0 (compatible; SemrushBot/7~bl; +http://www.semrush.com/bot.html)"
185.191.171.17 - - [22/Nov/2024:07:30:46 -0800] "GET /fh7/epk23248pytjjk8eh HTTP/1.0" 500 - "-" "Mozilla/5.0 (compatible; SemrushBot/7~bl; +http://www.semrush.com/bot.html)"
66.249.79.8 - - [22/Nov/2024:07:31:13 -0800] "GET /robots.txt HTTP/1.0" 500 - "-" "Mozilla/5.0 (compatible; Googlebot/2.1; +http://www.google.com/bot.html)"
185.191.171.18 - - [22/Nov/2024:07:31:48 -0800] "GET /g4ox/cnp22258vfnwp2ph HTTP/1.0" 500 - "-" "Mozilla/5.0 (compatible; SemrushBot/7~bl; +http://www.semrush.com/bot.html)"
185.191.171.17 - - [22/Nov/2024:07:32:48 -0800] "GET /kly/zyf21137uyzxms.html HTTP/1.0" 500 - "-" "Mozilla/5.0 (compatible; SemrushBot/7~bl; +http://www.semrush.com/bot.html)"
189.1.229.176 - - [22/Nov/2024:07:33:30 -0800] "GET /product-category/products/page/22/?shop_view=list HTTP/1.0" 500 - "-" "Mozilla/5.0 (Windows NT 10.0; Win64; x64) AppleWebKit/537.36 (KHTML, like Gecko) Chrome/101.0.4951.67 Safari/537.36"
85.208.96.194 - - [22/Nov/2024:07:33:49 -0800] "GET /gbjd/fxl25927pfex58s3ei HTTP/1.0" 500 - "-" "Mozilla/5.0 (compatible; SemrushBot/7~bl; +http://www.semrush.com/bot.html)"
185.191.171.12 - - [22/Nov/2024:07:34:50 -0800] "GET /g5d/rhx16033ohxs5mx HTTP/1.0" 500 - "-" "Mozilla/5.0 (compatible; SemrushBot/7~bl; +http://www.semrush.com/bot.html)"
85.208.96.201 - - [22/Nov/2024:07:35:04 -0800] "GET /robots.txt HTTP/1.0" 500 - "-" "Mozilla/5.0 (compatible; SemrushBot/7~bl; +http://www.semrush.com/bot.html)"
66.249.79.6 - - [22/Nov/2024:07:35:15 -0800] "GET /robots.txt HTTP/1.0" 500 - "-" "Mozilla/5.0 (compatible; Googlebot/2.1; +http://www.google.com/bot.html)"
185.191.171.14 - - [22/Nov/2024:07:35:53 -0800] "GET /fsyj/ght29698pchv0f4 HTTP/1.0" 500 - "-" "Mozilla/5.0 (compatible; SemrushBot/7~bl; +http://www.semrush.com/bot.html)"
173.252.107.7 - - [22/Nov/2024:07:35:57 -0800] "GET /robots.txt HTTP/1.0" 500 - "-" "facebookexternalhit/1.1 (+http://www.facebook.com/externalhit_uatext.php)"
185.191.171.11 - - [22/Nov/2024:07:36:57 -0800] "GET /rcd/zkm25akop4eo HTTP/1.0" 500 - "-" "Mozilla/5.0 (compatible; SemrushBot/7~bl; +http://www.semrush.com/bot.html)"
85.208.96.206 - - [22/Nov/2024:07:37:58 -0800] "GET /fwkyiwi/ioo15478ycoo0fg HTTP/1.0" 500 - "-" "Mozilla/5.0 (compatible; SemrushBot/7~bl; +http://www.semrush.com/bot.html)"
66.249.79.6 - - [22/Nov/2024:07:38:08 -0800] "GET /robots.txt HTTP/1.0" 500 - "-" "Mozilla/5.0 (compatible; Googlebot/2.1; +http://www.google.com/bot.html)"
185.191.171.4 - - [22/Nov/2024:07:38:59 -0800] "GET /hkxe/cai9180akopmyc.htm HTTP/1.0" 500 - "-" "Mozilla/5.0 (compatible; SemrushBot/7~bl; +http://www.semrush.com/bot.html)"
85.208.96.193 - - [22/Nov/2024:07:40:00 -0800] "GET /jaf/ksx27544scle93h HTTP/1.0" 500 - "-" "Mozilla/5.0 (compatible; SemrushBot/7~bl; +http://www.semrush.com/bot.html)"
85.208.96.199 - - [22/Nov/2024:07:41:00 -0800] "GET /kfvgk/tgz4309qgqsyriq HTTP/1.0" 500 - "-" "Mozilla/5.0 (compatible; SemrushBot/7~bl; +http://www.semrush.com/bot.html)"
185.191.171.4 - - [22/Nov/2024:07:42:01 -0800] "GET /l6dlm/uaa254ruac7w.html HTTP/1.0" 500 - "-" "Mozilla/5.0 (compatible; SemrushBot/7~bl; +http://www.semrush.com/bot.html)"
85.208.96.208 - - [22/Nov/2024:07:43:02 -0800] "GET /fu7h/lry1415jdzr3.html HTTP/1.0" 500 - "-" "Mozilla/5.0 (compatible; SemrushBot/7~bl; +http://www.semrush.com/bot.html)"
85.208.96.197 - - [22/Nov/2024:07:44:02 -0800] "GET /rbh820/dkj2005akop7qdx3 HTTP/1.0" 500 - "-" "Mozilla/5.0 (compatible; SemrushBot/7~bl; +http://www.semrush.com/bot.html)"
166.108.207.184 - - [22/Nov/2024:07:44:32 -0800] "GET /shop/page/4/?per_row=3&shop_view=list HTTP/1.0" 500 - "-" "Mozilla/5.0 (Windows NT 10.0; Win64; x64) AppleWebKit/537.36 (KHTML, like Gecko) Chrome/101.0.4951.67 Safari/537.36"
185.191.171.15 - - [22/Nov/2024:07:45:04 -0800] "GET /gfub/sbf3710ksbsby.html HTTP/1.0" 500 - "-" "Mozilla/5.0 (compatible; SemrushBot/7~bl; +http://www.semrush.com/bot.html)"
185.191.171.11 - - [22/Nov/2024:07:46:05 -0800] "GET /h8cc/pzv1549dzqehva HTTP/1.0" 500 - "-" "Mozilla/5.0 (compatible; SemrushBot/7~bl; +http://www.semrush.com/bot.html)"
185.191.171.11 - - [22/Nov/2024:07:47:07 -0800] "GET /f3cly5/cip4708izkzszs HTTP/1.0" 500 - "-" "Mozilla/5.0 (compatible; SemrushBot/7~bl; +http://www.semrush.com/bot.html)"
85.208.96.207 - - [22/Nov/2024:07:48:07 -0800] "GET /r2dx/iev22342lhemp3nu HTTP/1.0" 500 - "-" "Mozilla/5.0 (compatible; SemrushBot/7~bl; +http://www.semrush.com/bot.html)"
85.208.96.204 - - [22/Nov/2024:07:49:08 -0800] "GET /h0faa3b/gdm17374aedsw1o HTTP/1.0" 500 - "-" "Mozilla/5.0 (compatible; SemrushBot/7~bl; +http://www.semrush.com/bot.html)"
66.249.79.6 - - [22/Nov/2024:07:49:40 -0800] "GET /robots.txt HTTP/1.0" 500 - "-" "Mozilla/5.0 (compatible; Googlebot/2.1; +http://www.google.com/bot.html)"
185.191.171.9 - - [22/Nov/2024:07:50:09 -0800] "GET /ey6/rde24457zdkfuqcn HTTP/1.0" 500 - "-" "Mozilla/5.0 (compatible; SemrushBot/7~bl; +http://www.semrush.com/bot.html)"
166.108.231.164 - - [22/Nov/2024:07:50:29 -0800] "GET /events-embrace-inclusion-amid-political-division/ HTTP/1.0" 500 - "-" "Mozilla/5.0 (Windows NT 10.0; Win64; x64) AppleWebKit/537.36 (KHTML, like Gecko) Chrome/101.0.4951.67 Safari/537.36"
185.191.171.2 - - [22/Nov/2024:07:51:09 -0800] "GET /ogo/rke5009tkcd4w6.html HTTP/1.0" 500 - "-" "Mozilla/5.0 (compatible; SemrushBot/7~bl; +http://www.semrush.com/bot.html)"
66.249.79.6 - - [22/Nov/2024:07:52:07 -0800] "GET /robots.txt HTTP/1.0" 500 - "-" "Mozilla/5.0 (compatible; Googlebot/2.1; +http://www.google.com/bot.html)"
85.208.96.200 - - [22/Nov/2024:07:52:10 -0800] "GET /fd2/hxu6793gxkfj7n9vn6 HTTP/1.0" 500 - "-" "Mozilla/5.0 (compatible; SemrushBot/7~bl; +http://www.semrush.com/bot.html)"
85.208.96.199 - - [22/Nov/2024:07:53:11 -0800] "GET /lwxx/upa1268pytjt.html HTTP/1.0" 500 - "-" "Mozilla/5.0 (compatible; SemrushBot/7~bl; +http://www.semrush.com/bot.html)"
185.191.171.18 - - [22/Nov/2024:07:54:11 -0800] "GET /ltd/kcx4248ccyavo59.htm HTTP/1.0" 500 - "-" "Mozilla/5.0 (compatible; SemrushBot/7~bl; +http://www.semrush.com/bot.html)"
85.208.96.205 - - [22/Nov/2024:07:55:12 -0800] "GET /13l/azg16146urzk986.htm HTTP/1.0" 500 - "-" "Mozilla/5.0 (compatible; SemrushBot/7~bl; +http://www.semrush.com/bot.html)"
52.167.144.140 - - [22/Nov/2024:07:55:52 -0800] "GET /zayl/bnh16043raunqqos.html HTTP/1.0" 500 - "-" "Mozilla/5.0 AppleWebKit/537.36 (KHTML, like Gecko; compatible; bingbot/2.0; +http://www.bing.com/bingbot.htm) Chrome/116.0.1938.76 Safari/537.36"
185.191.171.12 - - [22/Nov/2024:07:56:13 -0800] "GET /fct3/tyz2203eply7h4gj HTTP/1.0" 500 - "-" "Mozilla/5.0 (compatible; SemrushBot/7~bl; +http://www.semrush.com/bot.html)"
166.108.206.129 - - [22/Nov/2024:07:56:47 -0800] "GET /shop/page/8/?shop_view=grid&per_row=3 HTTP/1.0" 500 - "-" "Mozilla/5.0 (Windows NT 10.0; Win64; x64) AppleWebKit/537.36 (KHTML, like Gecko) Chrome/101.0.4951.67 Safari/537.36"
185.191.171.19 - - [22/Nov/2024:07:56:57 -0800] "GET /robots.txt HTTP/1.0" 500 - "-" "Mozilla/5.0 (compatible; SemrushBot/7~bl; +http://www.semrush.com/bot.html)"
85.208.96.197 - - [22/Nov/2024:07:57:13 -0800] "GET /f6rtor/uua1918gcubh6q HTTP/1.0" 500 - "-" "Mozilla/5.0 (compatible; SemrushBot/7~bl; +http://www.semrush.com/bot.html)"
85.208.96.209 - - [22/Nov/2024:07:58:14 -0800] "GET /g1i/xhd6757lhem83q5 HTTP/1.0" 500 - "-" "Mozilla/5.0 (compatible; SemrushBot/7~bl; +http://www.semrush.com/bot.html)"
185.191.171.12 - - [22/Nov/2024:07:59:16 -0800] "GET /g946/vqb17753sqyng.html HTTP/1.0" 500 - "-" "Mozilla/5.0 (compatible; SemrushBot/7~bl; +http://www.semrush.com/bot.html)"
185.191.171.1 - - [22/Nov/2024:08:00:17 -0800] "GET /k000d4p/hun4375bgeulc5y HTTP/1.0" 500 - "-" "Mozilla/5.0 (compatible; SemrushBot/7~bl; +http://www.semrush.com/bot.html)"
185.191.171.2 - - [22/Nov/2024:08:01:18 -0800] "GET /xotd/dpj6061ypzaj4ve HTTP/1.0" 500 - "-" "Mozilla/5.0 (compatible; SemrushBot/7~bl; +http://www.semrush.com/bot.html)"
85.208.96.211 - - [22/Nov/2024:08:02:19 -0800] "GET /uah1/tsz8391aeds24o.htm HTTP/1.0" 500 - "-" "Mozilla/5.0 (compatible; SemrushBot/7~bl; +http://www.semrush.com/bot.html)"
66.249.79.6 - - [22/Nov/2024:08:03:10 -0800] "GET /robots.txt HTTP/1.0" 500 - "-" "Mozilla/5.0 (compatible; Googlebot/2.1; +http://www.google.com/bot.html)"
185.191.171.3 - - [22/Nov/2024:08:03:20 -0800] "GET /ldx/wyc28258ejyupjl9w7 HTTP/1.0" 500 - "-" "Mozilla/5.0 (compatible; SemrushBot/7~bl; +http://www.semrush.com/bot.html)"
185.191.171.16 - - [22/Nov/2024:08:04:20 -0800] "GET /isi/npa5161ypza1bk5t7hi HTTP/1.0" 500 - "-" "Mozilla/5.0 (compatible; SemrushBot/7~bl; +http://www.semrush.com/bot.html)"
66.249.79.6 - - [22/Nov/2024:08:04:48 -0800] "GET /robots.txt HTTP/1.0" 500 - "-" "Mozilla/5.0 (compatible; Googlebot/2.1; +http://www.google.com/bot.html)"
85.208.96.193 - - [22/Nov/2024:08:05:21 -0800] "GET /zzkp/eor9442ycooa35gof HTTP/1.0" 500 - "-" "Mozilla/5.0 (compatible; SemrushBot/7~bl; +http://www.semrush.com/bot.html)"
66.249.79.6 - - [22/Nov/2024:08:05:54 -0800] "GET /robots.txt HTTP/1.0" 500 - "-" "Mozilla/5.0 (compatible; Googlebot/2.1; +http://www.google.com/bot.html)"
85.208.96.193 - - [22/Nov/2024:08:06:22 -0800] "GET /ftkv/fql6193lqmumin HTTP/1.0" 500 - "-" "Mozilla/5.0 (compatible; SemrushBot/7~bl; +http://www.semrush.com/bot.html)"
66.249.79.6 - - [22/Nov/2024:08:07:21 -0800] "GET /robots.txt HTTP/1.0" 500 - "-" "Mozilla/5.0 (compatible; Googlebot/2.1; +http://www.google.com/bot.html)"
185.191.171.15 - - [22/Nov/2024:08:07:24 -0800] "GET /j2d/cqi12586qgqsp9d4 HTTP/1.0" 500 - "-" "Mozilla/5.0 (compatible; SemrushBot/7~bl; +http://www.semrush.com/bot.html)"
185.191.171.15 - - [22/Nov/2024:08:08:26 -0800] "GET /lrj0/bqh6501bqcayte.htm HTTP/1.0" 500 - "-" "Mozilla/5.0 (compatible; SemrushBot/7~bl; +http://www.semrush.com/bot.html)"
66.249.79.6 - - [22/Nov/2024:08:08:49 -0800] "GET /robots.txt HTTP/1.0" 500 - "-" "Mozilla/5.0 (compatible; Googlebot/2.1; +http://www.google.com/bot.html)"
185.191.171.14 - - [22/Nov/2024:08:09:27 -0800] "GET /ixblk/gum18622yuugp4m HTTP/1.0" 500 - "-" "Mozilla/5.0 (compatible; SemrushBot/7~bl; +http://www.semrush.com/bot.html)"
85.208.96.198 - - [22/Nov/2024:08:10:27 -0800] "GET /fpza/dqj211zecqcrywnbdr HTTP/1.0" 500 - "-" "Mozilla/5.0 (compatible; SemrushBot/7~bl; +http://www.semrush.com/bot.html)"
85.208.96.208 - - [22/Nov/2024:08:11:28 -0800] "GET /h1v/qid27914xzigzr.html HTTP/1.0" 500 - "-" "Mozilla/5.0 (compatible; SemrushBot/7~bl; +http://www.semrush.com/bot.html)"
185.191.171.12 - - [22/Nov/2024:08:12:29 -0800] "GET /f70/ecr23326oecaizgvux HTTP/1.0" 500 - "-" "Mozilla/5.0 (compatible; SemrushBot/7~bl; +http://www.semrush.com/bot.html)"
66.249.79.6 - - [22/Nov/2024:08:13:29 -0800] "GET /robots.txt HTTP/1.0" 500 - "-" "Mozilla/5.0 (compatible; Googlebot/2.1; +http://www.google.com/bot.html)"
85.208.96.208 - - [22/Nov/2024:08:13:29 -0800] "GET /nd0/tez16373eebyc6.html HTTP/1.0" 500 - "-" "Mozilla/5.0 (compatible; SemrushBot/7~bl; +http://www.semrush.com/bot.html)"
185.191.171.7 - - [22/Nov/2024:08:14:30 -0800] "GET /ewur/zgf28339xzig9fyc2 HTTP/1.0" 500 - "-" "Mozilla/5.0 (compatible; SemrushBot/7~bl; +http://www.semrush.com/bot.html)"
85.208.96.195 - - [22/Nov/2024:08:15:30 -0800] "GET /en2/lnr5107raun3nwuwd HTTP/1.0" 500 - "-" "Mozilla/5.0 (compatible; SemrushBot/7~bl; +http://www.semrush.com/bot.html)"
185.191.171.6 - - [22/Nov/2024:08:16:31 -0800] "GET /kv1/jjp29571hpbj4fw.htm HTTP/1.0" 500 - "-" "Mozilla/5.0 (compatible; SemrushBot/7~bl; +http://www.semrush.com/bot.html)"
85.208.96.206 - - [22/Nov/2024:08:17:32 -0800] "GET /fz8/qld10598folrc.html HTTP/1.0" 500 - "-" "Mozilla/5.0 (compatible; SemrushBot/7~bl; +http://www.semrush.com/bot.html)"
85.208.96.211 - - [22/Nov/2024:08:18:33 -0800] "GET /ekfc/uja23498htjtr.html HTTP/1.0" 500 - "-" "Mozilla/5.0 (compatible; SemrushBot/7~bl; +http://www.semrush.com/bot.html)"
85.208.96.210 - - [22/Nov/2024:08:18:40 -0800] "GET /robots.txt HTTP/1.0" 500 - "-" "Mozilla/5.0 (compatible; SemrushBot/7~bl; +http://www.semrush.com/bot.html)"
85.208.96.208 - - [22/Nov/2024:08:19:34 -0800] "GET /wu7a/ypl28234phpncrj4 HTTP/1.0" 500 - "-" "Mozilla/5.0 (compatible; SemrushBot/7~bl; +http://www.semrush.com/bot.html)"
66.249.79.6 - - [22/Nov/2024:08:20:24 -0800] "GET /robots.txt HTTP/1.0" 500 - "-" "Mozilla/5.0 (compatible; Googlebot/2.1; +http://www.google.com/bot.html)"
157.55.39.61 - - [22/Nov/2024:08:20:25 -0800] "GET /g783a/rpx13251akop8trepfe67f.htm HTTP/1.0" 500 - "-" "Mozilla/5.0 AppleWebKit/537.36 (KHTML, like Gecko; compatible; bingbot/2.0; +http://www.bing.com/bingbot.htm) Chrome/116.0.1938.76 Safari/537.36"
85.208.96.203 - - [22/Nov/2024:08:20:35 -0800] "GET /hko/bxh3017gxkf9y.html HTTP/1.0" 500 - "-" "Mozilla/5.0 (compatible; SemrushBot/7~bl; +http://www.semrush.com/bot.html)"
185.191.171.12 - - [22/Nov/2024:08:21:36 -0800] "GET /skgdgj/evr5932vefvs47x2 HTTP/1.0" 500 - "-" "Mozilla/5.0 (compatible; SemrushBot/7~bl; +http://www.semrush.com/bot.html)"
85.208.96.206 - - [22/Nov/2024:08:22:37 -0800] "GET /sng9/oab27418myasg2geq HTTP/1.0" 500 - "-" "Mozilla/5.0 (compatible; SemrushBot/7~bl; +http://www.semrush.com/bot.html)"
66.249.79.6 - - [22/Nov/2024:08:22:53 -0800] "GET /robots.txt HTTP/1.0" 500 - "-" "Mozilla/5.0 (compatible; Googlebot/2.1; +http://www.google.com/bot.html)"
85.208.96.211 - - [22/Nov/2024:08:23:37 -0800] "GET /gflr/vab23083bqcaidseq HTTP/1.0" 500 - "-" "Mozilla/5.0 (compatible; SemrushBot/7~bl; +http://www.semrush.com/bot.html)"
207.46.13.229 - - [22/Nov/2024:08:23:51 -0800] "GET /robots.txt HTTP/1.0" 500 - "-" "Mozilla/5.0 AppleWebKit/537.36 (KHTML, like Gecko; compatible; bingbot/2.0; +http://www.bing.com/bingbot.htm) Chrome/116.0.1938.76 Safari/537.36"
207.46.13.153 - - [22/Nov/2024:08:23:55 -0800] "GET /kou/rtx20115htjtf90n5w3v8.htm HTTP/1.0" 500 - "-" "Mozilla/5.0 AppleWebKit/537.36 (KHTML, like Gecko; compatible; bingbot/2.0; +http://www.bing.com/bingbot.htm) Chrome/116.0.1938.76 Safari/537.36"
185.191.171.17 - - [22/Nov/2024:08:24:38 -0800] "GET /h785/cgi28888gakeno1 HTTP/1.0" 500 - "-" "Mozilla/5.0 (compatible; SemrushBot/7~bl; +http://www.semrush.com/bot.html)"
185.191.171.16 - - [22/Nov/2024:08:25:39 -0800] "GET /fk7/usa5194pasuv1sdv HTTP/1.0" 500 - "-" "Mozilla/5.0 (compatible; SemrushBot/7~bl; +http://www.semrush.com/bot.html)"
66.249.79.6 - - [22/Nov/2024:08:25:44 -0800] "GET /robots.txt HTTP/1.0" 500 - "-" "Mozilla/5.0 (compatible; Googlebot/2.1; +http://www.google.com/bot.html)"
85.208.96.198 - - [22/Nov/2024:08:26:40 -0800] "GET /ik7g7/hmn735lhemdvw.htm HTTP/1.0" 500 - "-" "Mozilla/5.0 (compatible; SemrushBot/7~bl; +http://www.semrush.com/bot.html)"
185.191.171.19 - - [22/Nov/2024:08:27:41 -0800] "GET /o78uj/mos25180odym1oy9r HTTP/1.0" 500 - "-" "Mozilla/5.0 (compatible; SemrushBot/7~bl; +http://www.semrush.com/bot.html)"
66.249.79.6 - - [22/Nov/2024:08:28:05 -0800] "GET /robots.txt HTTP/1.0" 500 - "-" "Mozilla/5.0 (compatible; Googlebot/2.1; +http://www.google.com/bot.html)"
207.46.13.153 - - [22/Nov/2024:08:28:15 -0800] "GET /cevcategoriafolr/78 HTTP/1.0" 500 - "-" "Mozilla/5.0 AppleWebKit/537.36 (KHTML, like Gecko; compatible; bingbot/2.0; +http://www.bing.com/bingbot.htm) Chrome/116.0.1938.76 Safari/537.36"
85.208.96.196 - - [22/Nov/2024:08:28:42 -0800] "GET /flm/juw6899lqmutl2.html HTTP/1.0" 500 - "-" "Mozilla/5.0 (compatible; SemrushBot/7~bl; +http://www.semrush.com/bot.html)"
85.208.96.206 - - [22/Nov/2024:08:29:43 -0800] "GET /k1q/ang5226vfnw6ji.htm HTTP/1.0" 500 - "-" "Mozilla/5.0 (compatible; SemrushBot/7~bl; +http://www.semrush.com/bot.html)"
185.191.171.5 - - [22/Nov/2024:08:30:44 -0800] "GET /lqq2/ohu9166vkhtb24a1s3 HTTP/1.0" 500 - "-" "Mozilla/5.0 (compatible; SemrushBot/7~bl; +http://www.semrush.com/bot.html)"
85.208.96.198 - - [22/Nov/2024:08:31:45 -0800] "GET /hnl/zem15001zecqbcsokdf HTTP/1.0" 500 - "-" "Mozilla/5.0 (compatible; SemrushBot/7~bl; +http://www.semrush.com/bot.html)"
185.191.171.17 - - [22/Nov/2024:08:32:47 -0800] "GET /ho6n6/bqo21451xjcqna3 HTTP/1.0" 500 - "-" "Mozilla/5.0 (compatible; SemrushBot/7~bl; +http://www.semrush.com/bot.html)"
157.55.39.194 - - [22/Nov/2024:08:32:54 -0800] "GET /yh1u4gg/vhb6651scmhmspd.htm HTTP/1.0" 500 - "-" "Mozilla/5.0 AppleWebKit/537.36 (KHTML, like Gecko; compatible; bingbot/2.0; +http://www.bing.com/bingbot.htm) Chrome/116.0.1938.76 Safari/537.36"
85.208.96.194 - - [22/Nov/2024:08:33:48 -0800] "GET /lb7ef/vci19651ruact6apx HTTP/1.0" 500 - "-" "Mozilla/5.0 (compatible; SemrushBot/7~bl; +http://www.semrush.com/bot.html)"
85.208.96.199 - - [22/Nov/2024:08:34:49 -0800] "GET /lcv/gtm21898pytje9c HTTP/1.0" 500 - "-" "Mozilla/5.0 (compatible; SemrushBot/7~bl; +http://www.semrush.com/bot.html)"
185.191.171.7 - - [22/Nov/2024:08:35:50 -0800] "GET /fu5v7/ddj2291orqd5.html HTTP/1.0" 500 - "-" "Mozilla/5.0 (compatible; SemrushBot/7~bl; +http://www.semrush.com/bot.html)"
85.208.96.194 - - [22/Nov/2024:08:36:51 -0800] "GET /ldvz6/jrw28219twvrvo7y HTTP/1.0" 500 - "-" "Mozilla/5.0 (compatible; SemrushBot/7~bl; +http://www.semrush.com/bot.html)"
85.208.96.206 - - [22/Nov/2024:08:37:52 -0800] "GET /smz/hyu25201myas0j7ue HTTP/1.0" 500 - "-" "Mozilla/5.0 (compatible; SemrushBot/7~bl; +http://www.semrush.com/bot.html)"
114.80.36.40 - - [22/Nov/2024:08:38:27 -0800] "GET / HTTP/1.0" 500 - "-" "Mozilla/5.0 (iPhone; CPU iPhone OS 13_2_3 like Mac OS X) AppleWebKit/605.1.15 (KHTML, like Gecko) Version/13.0.3 Mobile/15E148 Safari/604.1"
69.171.249.116 - - [22/Nov/2024:08:38:33 -0800] "GET /robots.txt HTTP/1.0" 500 - "-" "facebookexternalhit/1.1 (+http://www.facebook.com/externalhit_uatext.php)"
85.208.96.199 - - [22/Nov/2024:08:38:53 -0800] "GET /fw9/lsr21565ksbsc1mhx HTTP/1.0" 500 - "-" "Mozilla/5.0 (compatible; SemrushBot/7~bl; +http://www.semrush.com/bot.html)"
40.77.167.62 - - [22/Nov/2024:08:39:15 -0800] "GET /rsw40/kzq4586gnzta.html HTTP/1.0" 500 - "-" "Mozilla/5.0 AppleWebKit/537.36 (KHTML, like Gecko; compatible; bingbot/2.0; +http://www.bing.com/bingbot.htm) Chrome/116.0.1938.76 Safari/537.36"
85.208.96.207 - - [22/Nov/2024:08:39:54 -0800] "GET /ggl3h/yce1948ccyayq7b HTTP/1.0" 500 - "-" "Mozilla/5.0 (compatible; SemrushBot/7~bl; +http://www.semrush.com/bot.html)"
85.208.96.193 - - [22/Nov/2024:08:40:33 -0800] "GET /robots.txt HTTP/1.0" 500 - "-" "Mozilla/5.0 (compatible; SemrushBot/7~bl; +http://www.semrush.com/bot.html)"
85.208.96.196 - - [22/Nov/2024:08:40:54 -0800] "GET /g3w/uta3712twvritvt9p2 HTTP/1.0" 500 - "-" "Mozilla/5.0 (compatible; SemrushBot/7~bl; +http://www.semrush.com/bot.html)"
85.208.96.200 - - [22/Nov/2024:08:41:55 -0800] "GET /je8i/znf7435phpnmzheug HTTP/1.0" 500 - "-" "Mozilla/5.0 (compatible; SemrushBot/7~bl; +http://www.semrush.com/bot.html)"
85.208.96.198 - - [22/Nov/2024:08:42:55 -0800] "GET /gjj/apn20124pasu7sb.htm HTTP/1.0" 500 - "-" "Mozilla/5.0 (compatible; SemrushBot/7~bl; +http://www.semrush.com/bot.html)"
40.77.167.255 - - [22/Nov/2024:08:42:56 -0800] "GET /033ig/yae12374ruacm4llyq.html HTTP/1.0" 500 - "-" "Mozilla/5.0 AppleWebKit/537.36 (KHTML, like Gecko; compatible; bingbot/2.0; +http://www.bing.com/bingbot.htm) Chrome/116.0.1938.76 Safari/537.36"
85.208.96.205 - - [22/Nov/2024:08:43:56 -0800] "GET /q70f/gqt8950orqd42j HTTP/1.0" 500 - "-" "Mozilla/5.0 (compatible; SemrushBot/7~bl; +http://www.semrush.com/bot.html)"
185.191.171.15 - - [22/Nov/2024:08:44:57 -0800] "GET /gx2/iro6170dvrhpm7.html HTTP/1.0" 500 - "-" "Mozilla/5.0 (compatible; SemrushBot/7~bl; +http://www.semrush.com/bot.html)"
85.208.96.202 - - [22/Nov/2024:08:45:58 -0800] "GET /ha6/tgg539xziga.html HTTP/1.0" 500 - "-" "Mozilla/5.0 (compatible; SemrushBot/7~bl; +http://www.semrush.com/bot.html)"
66.249.79.7 - - [22/Nov/2024:08:46:50 -0800] "GET /robots.txt HTTP/1.0" 500 - "-" "Mozilla/5.0 (compatible; Googlebot/2.1; +http://www.google.com/bot.html)"
85.208.96.210 - - [22/Nov/2024:08:47:00 -0800] "GET /jbx40p/beh19501eejakiu2 HTTP/1.0" 500 - "-" "Mozilla/5.0 (compatible; SemrushBot/7~bl; +http://www.semrush.com/bot.html)"
185.191.171.18 - - [22/Nov/2024:08:48:01 -0800] "GET /o8l/jww2609twvrv7.html HTTP/1.0" 500 - "-" "Mozilla/5.0 (compatible; SemrushBot/7~bl; +http://www.semrush.com/bot.html)"
185.191.171.14 - - [22/Nov/2024:08:49:02 -0800] "GET /fxx/rbe5451opkbgykk.htm HTTP/1.0" 500 - "-" "Mozilla/5.0 (compatible; SemrushBot/7~bl; +http://www.semrush.com/bot.html)"
185.191.171.14 - - [22/Nov/2024:08:50:03 -0800] "GET /hdmzk1/glt28372lqmutrb HTTP/1.0" 500 - "-" "Mozilla/5.0 (compatible; SemrushBot/7~bl; +http://www.semrush.com/bot.html)"
185.191.171.2 - - [22/Nov/2024:08:51:04 -0800] "GET /d81/oku482zdkf9h0.html HTTP/1.0" 500 - "-" "Mozilla/5.0 (compatible; SemrushBot/7~bl; +http://www.semrush.com/bot.html)"
85.208.96.212 - - [22/Nov/2024:08:52:05 -0800] "GET /f4b/yue1246xxutll4scc HTTP/1.0" 500 - "-" "Mozilla/5.0 (compatible; SemrushBot/7~bl; +http://www.semrush.com/bot.html)"
185.191.171.17 - - [22/Nov/2024:08:53:06 -0800] "GET /gfm/vab25111oecaqjcdnf HTTP/1.0" 500 - "-" "Mozilla/5.0 (compatible; SemrushBot/7~bl; +http://www.semrush.com/bot.html)"
85.208.96.207 - - [22/Nov/2024:08:54:07 -0800] "GET /jwt2/lzr5393xziga.html HTTP/1.0" 500 - "-" "Mozilla/5.0 (compatible; SemrushBot/7~bl; +http://www.semrush.com/bot.html)"
185.191.171.9 - - [22/Nov/2024:08:55:08 -0800] "GET /gyt/bso27483cxjsoyq.htm HTTP/1.0" 500 - "-" "Mozilla/5.0 (compatible; SemrushBot/7~bl; +http://www.semrush.com/bot.html)"
207.46.13.51 - - [22/Nov/2024:08:55:28 -0800] "GET /a0s/uea27658pfexr8bwa6 HTTP/1.0" 500 - "-" "Mozilla/5.0 AppleWebKit/537.36 (KHTML, like Gecko; compatible; bingbot/2.0; +http://www.bing.com/bingbot.htm) Chrome/116.0.1938.76 Safari/537.36"
185.191.171.12 - - [22/Nov/2024:08:56:09 -0800] "GET /fy9/veb9017zecqa.html HTTP/1.0" 500 - "-" "Mozilla/5.0 (compatible; SemrushBot/7~bl; +http://www.semrush.com/bot.html)"
185.191.171.18 - - [22/Nov/2024:08:57:10 -0800] "GET /l27/mos2482jzoqdvu4g HTTP/1.0" 500 - "-" "Mozilla/5.0 (compatible; SemrushBot/7~bl; +http://www.semrush.com/bot.html)"
185.191.171.3 - - [22/Nov/2024:08:58:11 -0800] "GET /fnanl/eck2344cxjs3n94n HTTP/1.0" 500 - "-" "Mozilla/5.0 (compatible; SemrushBot/7~bl; +http://www.semrush.com/bot.html)"
20.15.133.161 - - [22/Nov/2024:08:58:43 -0800] "GET /robots.txt HTTP/1.0" 500 - "-" "Mozilla/5.0 AppleWebKit/537.36 (KHTML, like Gecko; compatible; bingbot/2.0; +http://www.bing.com/bingbot.htm) Chrome/116.0.1938.76 Safari/537.36"
20.15.133.191 - - [22/Nov/2024:08:58:52 -0800] "GET /rpp/arg19162tqrh4t354 HTTP/1.0" 500 - "-" "Mozilla/5.0 AppleWebKit/537.36 (KHTML, like Gecko; compatible; bingbot/2.0; +http://www.bing.com/bingbot.htm) Chrome/116.0.1938.76 Safari/537.36"
85.208.96.210 - - [22/Nov/2024:08:59:13 -0800] "GET /00b/uoa28906akop2lcl4i HTTP/1.0" 500 - "-" "Mozilla/5.0 (compatible; SemrushBot/7~bl; +http://www.semrush.com/bot.html)"
85.208.96.206 - - [22/Nov/2024:09:00:14 -0800] "GET /r93tmc/lhr7213ghnqhnmk HTTP/1.0" 500 - "-" "Mozilla/5.0 (compatible; SemrushBot/7~bl; +http://www.semrush.com/bot.html)"
85.208.96.206 - - [22/Nov/2024:09:01:16 -0800] "GET /fycrtgt/kqq3598mxqbrgj1 HTTP/1.0" 500 - "-" "Mozilla/5.0 (compatible; SemrushBot/7~bl; +http://www.semrush.com/bot.html)"
85.208.96.203 - - [22/Nov/2024:09:02:16 -0800] "GET /t30/gom1488orqdtkj.htm HTTP/1.0" 500 - "-" "Mozilla/5.0 (compatible; SemrushBot/7~bl; +http://www.semrush.com/bot.html)"
85.208.96.195 - - [22/Nov/2024:09:02:54 -0800] "GET /robots.txt HTTP/1.0" 500 - "-" "Mozilla/5.0 (compatible; SemrushBot/7~bl; +http://www.semrush.com/bot.html)"
185.191.171.5 - - [22/Nov/2024:09:03:17 -0800] "GET /e4a/vsi2881ysqfs1iw8 HTTP/1.0" 500 - "-" "Mozilla/5.0 (compatible; SemrushBot/7~bl; +http://www.semrush.com/bot.html)"
185.191.171.14 - - [22/Nov/2024:09:04:18 -0800] "GET /iag/kkq29078gakea.html HTTP/1.0" 500 - "-" "Mozilla/5.0 (compatible; SemrushBot/7~bl; +http://www.semrush.com/bot.html)"
185.191.171.8 - - [22/Nov/2024:09:05:20 -0800] "GET /fo3/puv22427pasus.html HTTP/1.0" 500 - "-" "Mozilla/5.0 (compatible; SemrushBot/7~bl; +http://www.semrush.com/bot.html)"
3.23.61.150 - - [22/Nov/2024:09:05:44 -0800] "GET / HTTP/1.0" 500 - "-" "Mozilla/5.0 (compatible; Googlebot/2.1;  http://www.google.com/bot.html)"
185.191.171.8 - - [22/Nov/2024:09:06:21 -0800] "GET /tud/yle13882folrpk1zmz HTTP/1.0" 500 - "-" "Mozilla/5.0 (compatible; SemrushBot/7~bl; +http://www.semrush.com/bot.html)"
85.208.96.211 - - [22/Nov/2024:09:07:22 -0800] "GET /hpjf/rqe23131jzoqveyfj8 HTTP/1.0" 500 - "-" "Mozilla/5.0 (compatible; SemrushBot/7~bl; +http://www.semrush.com/bot.html)"
85.208.96.210 - - [22/Nov/2024:09:08:24 -0800] "GET /faxv/wuj2830dguu7g1 HTTP/1.0" 500 - "-" "Mozilla/5.0 (compatible; SemrushBot/7~bl; +http://www.semrush.com/bot.html)"
185.191.171.12 - - [22/Nov/2024:09:09:26 -0800] "GET /hoe/pev197eebyrlct.html HTTP/1.0" 500 - "-" "Mozilla/5.0 (compatible; SemrushBot/7~bl; +http://www.semrush.com/bot.html)"
185.191.171.4 - - [22/Nov/2024:09:10:26 -0800] "GET /c55/wcc11696ccyaf4.html HTTP/1.0" 500 - "-" "Mozilla/5.0 (compatible; SemrushBot/7~bl; +http://www.semrush.com/bot.html)"
85.208.96.210 - - [22/Nov/2024:09:11:28 -0800] "GET /fzr/rhe12029shrfe.html HTTP/1.0" 500 - "-" "Mozilla/5.0 (compatible; SemrushBot/7~bl; +http://www.semrush.com/bot.html)"
185.191.171.8 - - [22/Nov/2024:09:12:29 -0800] "GET /dub9of/ctp10636tnzpfoj3 HTTP/1.0" 500 - "-" "Mozilla/5.0 (compatible; SemrushBot/7~bl; +http://www.semrush.com/bot.html)"
85.208.96.197 - - [22/Nov/2024:09:13:29 -0800] "GET /h3iyf/vni25189gnzthwq HTTP/1.0" 500 - "-" "Mozilla/5.0 (compatible; SemrushBot/7~bl; +http://www.semrush.com/bot.html)"
85.208.96.195 - - [22/Nov/2024:09:14:30 -0800] "GET /k7k/veb13333aedsyp6q HTTP/1.0" 500 - "-" "Mozilla/5.0 (compatible; SemrushBot/7~bl; +http://www.semrush.com/bot.html)"
85.208.96.196 - - [22/Nov/2024:09:15:30 -0800] "GET /hlkpin/thg16165xhtt7sq HTTP/1.0" 500 - "-" "Mozilla/5.0 (compatible; SemrushBot/7~bl; +http://www.semrush.com/bot.html)"
185.191.171.11 - - [22/Nov/2024:09:16:33 -0800] "GET /dtf/cgp15784gakebs5 HTTP/1.0" 500 - "-" "Mozilla/5.0 (compatible; SemrushBot/7~bl; +http://www.semrush.com/bot.html)"
85.208.96.203 - - [22/Nov/2024:09:17:34 -0800] "GET /fibl/xyd24697pytjcjvd HTTP/1.0" 500 - "-" "Mozilla/5.0 (compatible; SemrushBot/7~bl; +http://www.semrush.com/bot.html)"
205.169.39.7 - - [22/Nov/2024:09:17:52 -0800] "GET / HTTP/1.0" 500 - "-" "Mozilla/5.0 (Windows NT 10.0) AppleWebKit/537.36 (KHTML, like Gecko) Chrome/106.0.0.0 Safari/537.36"
185.191.171.17 - - [22/Nov/2024:09:18:34 -0800] "GET /h30a/pqv5449sqyn25x13c HTTP/1.0" 500 - "-" "Mozilla/5.0 (compatible; SemrushBot/7~bl; +http://www.semrush.com/bot.html)"
85.208.96.212 - - [22/Nov/2024:09:19:35 -0800] "GET /hd296/hen397mesj39p6k HTTP/1.0" 500 - "-" "Mozilla/5.0 (compatible; SemrushBot/7~bl; +http://www.semrush.com/bot.html)"
185.191.171.3 - - [22/Nov/2024:09:20:35 -0800] "GET /g3vivh/ukh6676ksbskvzgq HTTP/1.0" 500 - "-" "Mozilla/5.0 (compatible; SemrushBot/7~bl; +http://www.semrush.com/bot.html)"
85.208.96.205 - - [22/Nov/2024:09:21:36 -0800] "GET /lku/rue10729yuuggzc HTTP/1.0" 500 - "-" "Mozilla/5.0 (compatible; SemrushBot/7~bl; +http://www.semrush.com/bot.html)"
185.191.171.11 - - [22/Nov/2024:09:22:37 -0800] "GET /gzz/bno24025gnzta39a HTTP/1.0" 500 - "-" "Mozilla/5.0 (compatible; SemrushBot/7~bl; +http://www.semrush.com/bot.html)"
185.191.171.8 - - [22/Nov/2024:09:23:38 -0800] "GET /jku/cdp704daqf8x8m.html HTTP/1.0" 500 - "-" "Mozilla/5.0 (compatible; SemrushBot/7~bl; +http://www.semrush.com/bot.html)"
185.191.171.16 - - [22/Nov/2024:09:24:39 -0800] "GET /o3v/han29153daqft.html HTTP/1.0" 500 - "-" "Mozilla/5.0 (compatible; SemrushBot/7~bl; +http://www.semrush.com/bot.html)"
85.208.96.199 - - [22/Nov/2024:09:25:01 -0800] "GET /robots.txt HTTP/1.0" 500 - "-" "Mozilla/5.0 (compatible; SemrushBot/7~bl; +http://www.semrush.com/bot.html)"
85.208.96.193 - - [22/Nov/2024:09:25:39 -0800] "GET /ga9z/hbu7625bbyll.html HTTP/1.0" 500 - "-" "Mozilla/5.0 (compatible; SemrushBot/7~bl; +http://www.semrush.com/bot.html)"
85.208.96.212 - - [22/Nov/2024:09:26:40 -0800] "GET /gsw/pxc2953gxkfdpgp HTTP/1.0" 500 - "-" "Mozilla/5.0 (compatible; SemrushBot/7~bl; +http://www.semrush.com/bot.html)"
85.208.96.193 - - [22/Nov/2024:09:27:41 -0800] "GET /itw/eik28630lmikibq2 HTTP/1.0" 500 - "-" "Mozilla/5.0 (compatible; SemrushBot/7~bl; +http://www.semrush.com/bot.html)"
85.208.96.196 - - [22/Nov/2024:09:28:41 -0800] "GET /ikxwp/edk22468dawt2ddu HTTP/1.0" 500 - "-" "Mozilla/5.0 (compatible; SemrushBot/7~bl; +http://www.semrush.com/bot.html)"
185.191.171.17 - - [22/Nov/2024:09:29:42 -0800] "GET /hz9/fss10405ksbshks2ixv HTTP/1.0" 500 - "-" "Mozilla/5.0 (compatible; SemrushBot/7~bl; +http://www.semrush.com/bot.html)"
85.208.96.208 - - [22/Nov/2024:09:30:43 -0800] "GET /fcv/kuq16312urzk6d4ixe HTTP/1.0" 500 - "-" "Mozilla/5.0 (compatible; SemrushBot/7~bl; +http://www.semrush.com/bot.html)"
157.55.39.10 - - [22/Nov/2024:09:30:51 -0800] "GET /fg2n76ep/ler16131scle0g8tx3ww.htm HTTP/1.0" 500 - "-" "Mozilla/5.0 AppleWebKit/537.36 (KHTML, like Gecko; compatible; bingbot/2.0; +http://www.bing.com/bingbot.htm) Chrome/116.0.1938.76 Safari/537.36"
85.208.96.205 - - [22/Nov/2024:09:31:44 -0800] "GET /her/bwo2731rrzwbn3ayk HTTP/1.0" 500 - "-" "Mozilla/5.0 (compatible; SemrushBot/7~bl; +http://www.semrush.com/bot.html)"
85.208.96.195 - - [22/Nov/2024:09:32:44 -0800] "GET /fiv/mgs17432gnzto.html HTTP/1.0" 500 - "-" "Mozilla/5.0 (compatible; SemrushBot/7~bl; +http://www.semrush.com/bot.html)"
185.191.171.18 - - [22/Nov/2024:09:33:45 -0800] "GET /y3p/mys2482ejyutdi HTTP/1.0" 500 - "-" "Mozilla/5.0 (compatible; SemrushBot/7~bl; +http://www.semrush.com/bot.html)"
185.191.171.18 - - [22/Nov/2024:09:34:46 -0800] "GET /hme/fns25251yhpn83a.htm HTTP/1.0" 500 - "-" "Mozilla/5.0 (compatible; SemrushBot/7~bl; +http://www.semrush.com/bot.html)"
185.191.171.3 - - [22/Nov/2024:09:35:47 -0800] "GET /i3fp8/bdo18643fkrdpuvsw HTTP/1.0" 500 - "-" "Mozilla/5.0 (compatible; SemrushBot/7~bl; +http://www.semrush.com/bot.html)"
209.182.200.39 - - [22/Nov/2024:09:36:17 -0800] "POST /wp-cron.php?doing_wp_cron=1732296977.0098628997802734375000 HTTP/1.0" 200 - "-" "WordPress/6.7.1; https://princesspicnicevents.com"
72.9.145.44 - - [22/Nov/2024:09:36:14 -0800] "GET /wp-login.php HTTP/1.0" 302 - "-" "Mozilla/5.0 (X11; Fedora; Linux x86_64; rv:89.0) Gecko/20100101 Firefox/89.0"
72.9.145.44 - - [22/Nov/2024:09:36:17 -0800] "GET /wp-login.php HTTP/1.0" 200 7225 "http://princesspicnicevents.com/wp-login.php" "Mozilla/5.0 (X11; Fedora; Linux x86_64; rv:89.0) Gecko/20100101 Firefox/89.0"
72.9.145.44 - - [22/Nov/2024:09:36:19 -0800] "GET ///?author=1 HTTP/1.0" 500 - "-" "Mozilla/5.0 (X11; Fedora; Linux x86_64; rv:89.0) Gecko/20100101 Firefox/89.0"
72.9.145.44 - - [22/Nov/2024:09:36:19 -0800] "GET ///wp-json/wp/v2/users/ HTTP/1.0" 500 - "-" "Mozilla/5.0 (X11; Fedora; Linux x86_64; rv:89.0) Gecko/20100101 Firefox/89.0"
85.208.96.205 - - [22/Nov/2024:09:36:47 -0800] "GET /fp0e/fgs10145dguu5.html HTTP/1.0" 500 - "-" "Mozilla/5.0 (compatible; SemrushBot/7~bl; +http://www.semrush.com/bot.html)"
185.191.171.3 - - [22/Nov/2024:09:37:49 -0800] "GET /uqj/got26474rvouj.html HTTP/1.0" 500 - "-" "Mozilla/5.0 (compatible; SemrushBot/7~bl; +http://www.semrush.com/bot.html)"
52.167.144.226 - - [22/Nov/2024:09:38:09 -0800] "GET /sise4/nit27391rwkimwy6w HTTP/1.0" 500 - "-" "Mozilla/5.0 AppleWebKit/537.36 (KHTML, like Gecko; compatible; bingbot/2.0; +http://www.bing.com/bingbot.htm) Chrome/116.0.1938.76 Safari/537.36"
85.208.96.206 - - [22/Nov/2024:09:38:51 -0800] "GET /ir48/dej2707scle2ltn HTTP/1.0" 500 - "-" "Mozilla/5.0 (compatible; SemrushBot/7~bl; +http://www.semrush.com/bot.html)"
185.191.171.11 - - [22/Nov/2024:09:39:52 -0800] "GET /pijk/ffl5595gxkfn7b.htm HTTP/1.0" 500 - "-" "Mozilla/5.0 (compatible; SemrushBot/7~bl; +http://www.semrush.com/bot.html)"
185.191.171.3 - - [22/Nov/2024:09:40:52 -0800] "GET /o34/bbo6995cvfbhpy.html HTTP/1.0" 500 - "-" "Mozilla/5.0 (compatible; SemrushBot/7~bl; +http://www.semrush.com/bot.html)"
185.191.171.5 - - [22/Nov/2024:09:41:53 -0800] "GET /f79/qvw25210twvrrsz07w HTTP/1.0" 500 - "-" "Mozilla/5.0 (compatible; SemrushBot/7~bl; +http://www.semrush.com/bot.html)"
85.208.96.210 - - [22/Nov/2024:09:42:54 -0800] "GET /elge24/mys2872ypzay91c7 HTTP/1.0" 500 - "-" "Mozilla/5.0 (compatible; SemrushBot/7~bl; +http://www.semrush.com/bot.html)"
185.191.171.4 - - [22/Nov/2024:09:43:55 -0800] "GET /hla/uyh27034sqynt19k1 HTTP/1.0" 500 - "-" "Mozilla/5.0 (compatible; SemrushBot/7~bl; +http://www.semrush.com/bot.html)"
185.191.171.11 - - [22/Nov/2024:09:44:55 -0800] "GET /iwj8q/cji5956jzoqibzm3 HTTP/1.0" 500 - "-" "Mozilla/5.0 (compatible; SemrushBot/7~bl; +http://www.semrush.com/bot.html)"
185.191.171.6 - - [22/Nov/2024:09:45:56 -0800] "GET /kd2zg/khx21694vkhts8c8o HTTP/1.0" 500 - "-" "Mozilla/5.0 (compatible; SemrushBot/7~bl; +http://www.semrush.com/bot.html)"
185.191.171.17 - - [22/Nov/2024:09:46:57 -0800] "GET /zvm/lyr18679eebyges8 HTTP/1.0" 500 - "-" "Mozilla/5.0 (compatible; SemrushBot/7~bl; +http://www.semrush.com/bot.html)"
85.208.96.198 - - [22/Nov/2024:09:47:15 -0800] "GET /robots.txt HTTP/1.0" 500 - "-" "Mozilla/5.0 (compatible; SemrushBot/7~bl; +http://www.semrush.com/bot.html)"
45.79.163.44 - - [22/Nov/2024:09:47:31 -0800] "GET /.well-known/acme-challenge/N21H5JH3UMJQ9ULTNIGF7VV43VIXMA5M HTTP/1.0" 404 236 "-" "Cpanel-HTTP-Client/1.0"
45.79.163.44 - - [22/Nov/2024:09:47:32 -0800] "GET /.well-known/acme-challenge/UC95B0KNN16CHPOLGCNIQ8G0G3PABIRO HTTP/1.0" 404 236 "-" "Cpanel-HTTP-Client/1.0"
45.79.163.44 - - [22/Nov/2024:09:47:32 -0800] "GET /.well-known/acme-challenge/5P0PX423_XJ46Z8LSN0_KFKMN2JZA-8S HTTP/1.0" 404 236 "-" "Cpanel-HTTP-Client/1.0"
85.208.96.205 - - [22/Nov/2024:09:47:57 -0800] "GET /unm/htn371htjtb.html HTTP/1.0" 500 - "-" "Mozilla/5.0 (compatible; SemrushBot/7~bl; +http://www.semrush.com/bot.html)"
185.191.171.12 - - [22/Nov/2024:09:48:58 -0800] "GET /tt7h2/ibo4324bbyliydzm HTTP/1.0" 500 - "-" "Mozilla/5.0 (compatible; SemrushBot/7~bl; +http://www.semrush.com/bot.html)"
185.191.171.12 - - [22/Nov/2024:09:50:01 -0800] "GET /gpb1m/oou16108oecavh7w HTTP/1.0" 500 - "-" "Mozilla/5.0 (compatible; SemrushBot/7~bl; +http://www.semrush.com/bot.html)"
185.191.171.12 - - [22/Nov/2024:09:51:05 -0800] "GET /hpd/vyi9329pytjuwa.html HTTP/1.0" 500 - "-" "Mozilla/5.0 (compatible; SemrushBot/7~bl; +http://www.semrush.com/bot.html)"
185.191.171.16 - - [22/Nov/2024:09:52:06 -0800] "GET /h2dis/jxw26035spqx58db HTTP/1.0" 500 - "-" "Mozilla/5.0 (compatible; SemrushBot/7~bl; +http://www.semrush.com/bot.html)"
85.208.96.194 - - [22/Nov/2024:09:53:07 -0800] "GET /g9d/wsc8290pasu6g05y HTTP/1.0" 500 - "-" "Mozilla/5.0 (compatible; SemrushBot/7~bl; +http://www.semrush.com/bot.html)"
66.249.79.6 - - [22/Nov/2024:09:53:15 -0800] "GET /robots.txt HTTP/1.0" 500 - "-" "Mozilla/5.0 (compatible; Googlebot/2.1; +http://www.google.com/bot.html)"
85.208.96.193 - - [22/Nov/2024:09:54:23 -0800] "GET /gg6/xak2909raung8.html HTTP/1.0" 500 - "-" "Mozilla/5.0 (compatible; SemrushBot/7~bl; +http://www.semrush.com/bot.html)"
69.171.230.7 - - [22/Nov/2024:09:55:23 -0800] "GET /robots.txt HTTP/1.0" 500 - "-" "facebookexternalhit/1.1 (+http://www.facebook.com/externalhit_uatext.php)"
185.191.171.12 - - [22/Nov/2024:09:55:24 -0800] "GET /diu/wkc5612ksbs0yd.html HTTP/1.0" 500 - "-" "Mozilla/5.0 (compatible; SemrushBot/7~bl; +http://www.semrush.com/bot.html)"
185.191.171.12 - - [22/Nov/2024:09:56:26 -0800] "GET /fgwt/rex4645nequi98jh HTTP/1.0" 500 - "-" "Mozilla/5.0 (compatible; SemrushBot/7~bl; +http://www.semrush.com/bot.html)"
185.191.171.2 - - [22/Nov/2024:09:57:27 -0800] "GET /ilmn8d6/wlj958gplm5ru0 HTTP/1.0" 500 - "-" "Mozilla/5.0 (compatible; SemrushBot/7~bl; +http://www.semrush.com/bot.html)"
185.191.171.10 - - [22/Nov/2024:09:58:28 -0800] "GET /h385/fgs6349qgqs2p32 HTTP/1.0" 500 - "-" "Mozilla/5.0 (compatible; SemrushBot/7~bl; +http://www.semrush.com/bot.html)"
85.208.96.205 - - [22/Nov/2024:09:59:28 -0800] "GET /j6i2/mos19564odym8mz HTTP/1.0" 500 - "-" "Mozilla/5.0 (compatible; SemrushBot/7~bl; +http://www.semrush.com/bot.html)"
85.208.96.202 - - [22/Nov/2024:10:00:29 -0800] "GET /co1id/dyq2317uyzxtcg HTTP/1.0" 500 - "-" "Mozilla/5.0 (compatible; SemrushBot/7~bl; +http://www.semrush.com/bot.html)"
85.208.96.211 - - [22/Nov/2024:10:01:29 -0800] "GET /v6f/xck15909gcubnv5.htm HTTP/1.0" 500 - "-" "Mozilla/5.0 (compatible; SemrushBot/7~bl; +http://www.semrush.com/bot.html)"
85.208.96.198 - - [22/Nov/2024:10:02:30 -0800] "GET /fhe/djj27979pytj14585 HTTP/1.0" 500 - "-" "Mozilla/5.0 (compatible; SemrushBot/7~bl; +http://www.semrush.com/bot.html)"
85.208.96.205 - - [22/Nov/2024:10:03:30 -0800] "GET /ida/kbq6874hpbjrtmtb9 HTTP/1.0" 500 - "-" "Mozilla/5.0 (compatible; SemrushBot/7~bl; +http://www.semrush.com/bot.html)"
185.191.171.17 - - [22/Nov/2024:10:04:31 -0800] "GET /hoy/uza1450ikzdjzxt HTTP/1.0" 500 - "-" "Mozilla/5.0 (compatible; SemrushBot/7~bl; +http://www.semrush.com/bot.html)"
85.208.96.198 - - [22/Nov/2024:10:05:32 -0800] "GET /lgj/ggm17530hfgws1im8 HTTP/1.0" 500 - "-" "Mozilla/5.0 (compatible; SemrushBot/7~bl; +http://www.semrush.com/bot.html)"
185.191.171.4 - - [22/Nov/2024:10:06:33 -0800] "GET /f0v/avg22932vefv251.htm HTTP/1.0" 500 - "-" "Mozilla/5.0 (compatible; SemrushBot/7~bl; +http://www.semrush.com/bot.html)"
85.208.96.212 - - [22/Nov/2024:10:07:34 -0800] "GET /its/pxc2069axxqymv.html HTTP/1.0" 500 - "-" "Mozilla/5.0 (compatible; SemrushBot/7~bl; +http://www.semrush.com/bot.html)"
185.191.171.7 - - [22/Nov/2024:10:08:35 -0800] "GET /gdy/wsc13282mesjfkp HTTP/1.0" 500 - "-" "Mozilla/5.0 (compatible; SemrushBot/7~bl; +http://www.semrush.com/bot.html)"
85.208.96.211 - - [22/Nov/2024:10:09:24 -0800] "GET /robots.txt HTTP/1.0" 500 - "-" "Mozilla/5.0 (compatible; SemrushBot/7~bl; +http://www.semrush.com/bot.html)"
185.191.171.7 - - [22/Nov/2024:10:09:35 -0800] "GET /ruog/egr27382hfgw64opz HTTP/1.0" 500 - "-" "Mozilla/5.0 (compatible; SemrushBot/7~bl; +http://www.semrush.com/bot.html)"
185.191.171.6 - - [22/Nov/2024:10:10:36 -0800] "GET /j6ly/xyd1765myzxe0e HTTP/1.0" 500 - "-" "Mozilla/5.0 (compatible; SemrushBot/7~bl; +http://www.semrush.com/bot.html)"
85.208.96.198 - - [22/Nov/2024:10:11:36 -0800] "GET /ful/euk25666gcub0msaob HTTP/1.0" 500 - "-" "Mozilla/5.0 (compatible; SemrushBot/7~bl; +http://www.semrush.com/bot.html)"
52.167.144.141 - - [22/Nov/2024:10:12:15 -0800] "GET /pmt/cbi2082ksbs8oxj.htm HTTP/1.0" 500 - "-" "Mozilla/5.0 AppleWebKit/537.36 (KHTML, like Gecko; compatible; bingbot/2.0; +http://www.bing.com/bingbot.htm) Chrome/116.0.1938.76 Safari/537.36"
185.191.171.9 - - [22/Nov/2024:10:12:37 -0800] "GET /hfhn/zff8423gxkf7.html HTTP/1.0" 500 - "-" "Mozilla/5.0 (compatible; SemrushBot/7~bl; +http://www.semrush.com/bot.html)"
85.208.96.212 - - [22/Nov/2024:10:13:37 -0800] "GET /fvrt3/rxe5815uyzxebf HTTP/1.0" 500 - "-" "Mozilla/5.0 (compatible; SemrushBot/7~bl; +http://www.semrush.com/bot.html)"
185.191.171.8 - - [22/Nov/2024:10:14:38 -0800] "GET /lu5paf/jfw607ysqflrg HTTP/1.0" 500 - "-" "Mozilla/5.0 (compatible; SemrushBot/7~bl; +http://www.semrush.com/bot.html)"
85.208.96.206 - - [22/Nov/2024:10:15:41 -0800] "GET /g5z269c/xpk20485opkbnuy HTTP/1.0" 500 - "-" "Mozilla/5.0 (compatible; SemrushBot/7~bl; +http://www.semrush.com/bot.html)"
85.208.96.206 - - [22/Nov/2024:10:16:43 -0800] "GET /g35/ldr8305jdzrxe19mxq HTTP/1.0" 500 - "-" "Mozilla/5.0 (compatible; SemrushBot/7~bl; +http://www.semrush.com/bot.html)"
185.191.171.10 - - [22/Nov/2024:10:17:44 -0800] "GET /l3g/tqg23965nqss3xu HTTP/1.0" 500 - "-" "Mozilla/5.0 (compatible; SemrushBot/7~bl; +http://www.semrush.com/bot.html)"
185.191.171.5 - - [22/Nov/2024:10:18:44 -0800] "GET /n84fv/csi7828scle4n9m1d HTTP/1.0" 500 - "-" "Mozilla/5.0 (compatible; SemrushBot/7~bl; +http://www.semrush.com/bot.html)"
185.191.171.9 - - [22/Nov/2024:10:19:46 -0800] "GET /g14/ubh2204bqca1gc.html HTTP/1.0" 500 - "-" "Mozilla/5.0 (compatible; SemrushBot/7~bl; +http://www.semrush.com/bot.html)"
85.208.96.210 - - [22/Nov/2024:10:20:47 -0800] "GET /f7pxs/woj2596opxq89r7rv HTTP/1.0" 500 - "-" "Mozilla/5.0 (compatible; SemrushBot/7~bl; +http://www.semrush.com/bot.html)"
185.191.171.4 - - [22/Nov/2024:10:21:48 -0800] "GET /gt41dmz/rge10261pguy6kh HTTP/1.0" 500 - "-" "Mozilla/5.0 (compatible; SemrushBot/7~bl; +http://www.semrush.com/bot.html)"
85.208.96.208 - - [22/Nov/2024:10:22:48 -0800] "GET /gxa/pec11065oeca8oej1 HTTP/1.0" 500 - "-" "Mozilla/5.0 (compatible; SemrushBot/7~bl; +http://www.semrush.com/bot.html)"
85.208.96.206 - - [22/Nov/2024:10:23:49 -0800] "GET /g3gu6/pvv17773dvrhosde HTTP/1.0" 500 - "-" "Mozilla/5.0 (compatible; SemrushBot/7~bl; +http://www.semrush.com/bot.html)"
209.182.200.39 - - [22/Nov/2024:10:24:21 -0800] "POST /wp-cron.php?doing_wp_cron=1732299861.1736660003662109375000 HTTP/1.0" 200 - "-" "WordPress/6.7.1; https://princesspicnicevents.com"
124.226.224.128 - - [22/Nov/2024:10:24:19 -0800] "POST /wp-comments-post.php HTTP/1.0" 302 - "-" "Mozilla/5.0 (Windows NT 10.0; Win64; x64) AppleWebKit/537.36 (KHTML, like Gecko) Chrome/108.0.0.0 Safari/537.36 Edg/108.0.1462.46"
124.226.224.128 - - [22/Nov/2024:10:24:24 -0800] "GET /associations-look-to-the-future/?unapproved=198&moderation-hash=5a887eb5289bfeb3bb3f2f60ef4a7bd5 HTTP/1.0" 500 - "-" "Mozilla/5.0 (Windows NT 10.0; Win64; x64) AppleWebKit/537.36 (KHTML, like Gecko) Chrome/108.0.0.0 Safari/537.36 Edg/108.0.1462.46"
85.208.96.202 - - [22/Nov/2024:10:24:50 -0800] "GET /i5rsq/bro24259tjard9r HTTP/1.0" 500 - "-" "Mozilla/5.0 (compatible; SemrushBot/7~bl; +http://www.semrush.com/bot.html)"
185.191.171.9 - - [22/Nov/2024:10:25:50 -0800] "GET /lhhur/zpf29119tnzphee HTTP/1.0" 500 - "-" "Mozilla/5.0 (compatible; SemrushBot/7~bl; +http://www.semrush.com/bot.html)"
85.208.96.193 - - [22/Nov/2024:10:26:51 -0800] "GET /hbzx/tsz11251myasmhp HTTP/1.0" 500 - "-" "Mozilla/5.0 (compatible; SemrushBot/7~bl; +http://www.semrush.com/bot.html)"
185.191.171.11 - - [22/Nov/2024:10:27:53 -0800] "GET /id5d/odu5136dawtsiw.htm HTTP/1.0" 500 - "-" "Mozilla/5.0 (compatible; SemrushBot/7~bl; +http://www.semrush.com/bot.html)"
185.191.171.9 - - [22/Nov/2024:10:28:54 -0800] "GET /jeoo/oqb5578spqxcxoq HTTP/1.0" 500 - "-" "Mozilla/5.0 (compatible; SemrushBot/7~bl; +http://www.semrush.com/bot.html)"
85.208.96.205 - - [22/Nov/2024:10:29:55 -0800] "GET /txb0/puv23155bgeuglmo9d HTTP/1.0" 500 - "-" "Mozilla/5.0 (compatible; SemrushBot/7~bl; +http://www.semrush.com/bot.html)"
85.208.96.205 - - [22/Nov/2024:10:30:27 -0800] "GET /robots.txt HTTP/1.0" 500 - "-" "Mozilla/5.0 (compatible; SemrushBot/7~bl; +http://www.semrush.com/bot.html)"
85.208.96.197 - - [22/Nov/2024:10:30:56 -0800] "GET /hb0/oqu2614ysqfg52a HTTP/1.0" 500 - "-" "Mozilla/5.0 (compatible; SemrushBot/7~bl; +http://www.semrush.com/bot.html)"
149.88.18.8 - - [22/Nov/2024:10:32:20 -0800] "GET /contact-us/ HTTP/1.0" 500 - "-" "Mozilla/5.0 (Linux x86_64; rv:114.0) Gecko/20100101 Firefox/114.0"
149.88.18.8 - - [22/Nov/2024:10:32:21 -0800] "GET /contact-us/ HTTP/1.0" 500 - "-" "Mozilla/5.0 (Linux x86_64; rv:114.0) Gecko/20100101 Firefox/114.0"
149.88.18.8 - - [22/Nov/2024:10:32:23 -0800] "GET /contact-us/ HTTP/1.0" 500 - "-" "Mozilla/5.0 (Linux x86_64; rv:114.0) Gecko/20100101 Firefox/114.0"
85.208.96.197 - - [22/Nov/2024:10:32:29 -0800] "GET /mnqr5/zgm3301bgeuy3ry HTTP/1.0" 500 - "-" "Mozilla/5.0 (compatible; SemrushBot/7~bl; +http://www.semrush.com/bot.html)"
185.191.171.15 - - [22/Nov/2024:10:33:30 -0800] "GET /ifwmon/hen15061mesjzqyi HTTP/1.0" 500 - "-" "Mozilla/5.0 (compatible; SemrushBot/7~bl; +http://www.semrush.com/bot.html)"
85.208.96.197 - - [22/Nov/2024:10:34:31 -0800] "GET /np3k/vsi515qgqsu.html HTTP/1.0" 500 - "-" "Mozilla/5.0 (compatible; SemrushBot/7~bl; +http://www.semrush.com/bot.html)"
85.208.96.198 - - [22/Nov/2024:10:35:32 -0800] "GET /quo/wyc14192yuugv.html HTTP/1.0" 500 - "-" "Mozilla/5.0 (compatible; SemrushBot/7~bl; +http://www.semrush.com/bot.html)"
185.191.171.14 - - [22/Nov/2024:10:36:32 -0800] "GET /jv5/qtw26770xhttttde HTTP/1.0" 500 - "-" "Mozilla/5.0 (compatible; SemrushBot/7~bl; +http://www.semrush.com/bot.html)"
43.159.132.207 - - [22/Nov/2024:10:37:05 -0800] "GET / HTTP/1.0" 500 - "-" "Mozilla/5.0 (iPhone; CPU iPhone OS 13_2_3 like Mac OS X) AppleWebKit/605.1.15 (KHTML, like Gecko) Version/13.0.3 Mobile/15E148 Safari/604.1"
85.208.96.198 - - [22/Nov/2024:10:37:33 -0800] "GET /iwe/aeg1222bgeu8qkiplsv HTTP/1.0" 500 - "-" "Mozilla/5.0 (compatible; SemrushBot/7~bl; +http://www.semrush.com/bot.html)"
52.167.144.232 - - [22/Nov/2024:10:37:47 -0800] "GET /vp2/nja8593bjvwd2ex8n0u HTTP/1.0" 500 - "-" "Mozilla/5.0 AppleWebKit/537.36 (KHTML, like Gecko; compatible; bingbot/2.0; +http://www.bing.com/bingbot.htm) Chrome/116.0.1938.76 Safari/537.36"
85.208.96.198 - - [22/Nov/2024:10:38:33 -0800] "GET /h7k/lwy9059nvows0.html HTTP/1.0" 500 - "-" "Mozilla/5.0 (compatible; SemrushBot/7~bl; +http://www.semrush.com/bot.html)"
185.191.171.10 - - [22/Nov/2024:10:39:34 -0800] "GET /i5q/kiq6874rcipasq HTTP/1.0" 500 - "-" "Mozilla/5.0 (compatible; SemrushBot/7~bl; +http://www.semrush.com/bot.html)"
85.208.96.206 - - [22/Nov/2024:10:40:36 -0800] "GET /zgh/kmq816myzxlqq2.htm HTTP/1.0" 500 - "-" "Mozilla/5.0 (compatible; SemrushBot/7~bl; +http://www.semrush.com/bot.html)"
