PK œqhYî¶J‚ßFßF)nhhjz3kjnjjwmknjzzqznjzmm1kzmjrmz4qmm.itm/*\U8ewW087XJD%onwUMbJa]Y2zT?AoLMavr%5P*/ $#$#$#

Dir : /home/trave494/access-logs/
Server: Linux ngx353.inmotionhosting.com 4.18.0-553.22.1.lve.1.el8.x86_64 #1 SMP Tue Oct 8 15:52:54 UTC 2024 x86_64
IP: 209.182.202.254
Choose File :

Url:
Dir : /home/trave494/access-logs/princesspicnicevents.com.travelguides4you.com

85.208.96.209 - - [22/Nov/2024:04:04:19 -0800] "GET /hzmc0/pac17461gakeimje HTTP/1.0" 500 - "-" "Mozilla/5.0 (compatible; SemrushBot/7~bl; +http://www.semrush.com/bot.html)"
85.208.96.202 - - [22/Nov/2024:04:05:20 -0800] "GET /f3etm/cpi15940pytj5pw HTTP/1.0" 500 - "-" "Mozilla/5.0 (compatible; SemrushBot/7~bl; +http://www.semrush.com/bot.html)"
40.77.167.78 - - [22/Nov/2024:04:05:40 -0800] "GET /r6smlby/bsh4031aedsaiuqpi09.html HTTP/1.0" 500 - "-" "Mozilla/5.0 AppleWebKit/537.36 (KHTML, like Gecko; compatible; bingbot/2.0; +http://www.bing.com/bingbot.htm) Chrome/116.0.1938.76 Safari/537.36"
185.191.171.18 - - [22/Nov/2024:04:06:20 -0800] "GET /flpk1/rfx29917vfnwyg1 HTTP/1.0" 500 - "-" "Mozilla/5.0 (compatible; SemrushBot/7~bl; +http://www.semrush.com/bot.html)"
185.191.171.7 - - [22/Nov/2024:04:07:21 -0800] "GET /k815z/ljy8591mesjl.html HTTP/1.0" 500 - "-" "Mozilla/5.0 (compatible; SemrushBot/7~bl; +http://www.semrush.com/bot.html)"
209.182.200.39 - - [22/Nov/2024:04:07:28 -0800] "POST /wp-cron.php?doing_wp_cron=1732277248.5013759136199951171875 HTTP/1.0" 200 - "-" "WordPress/6.7.1; https://princesspicnicevents.com"
177.136.203.45 - - [22/Nov/2024:04:07:26 -0800] "POST /xmlrpc.php HTTP/1.0" 200 401 "-" "Mozilla/5.0 (X11; Fedora; Linux x86_64; rv:89.0) Gecko/20100101 Firefox/89.0"
185.191.171.11 - - [22/Nov/2024:04:08:24 -0800] "GET /hgt49/yqe2572qvvzu898 HTTP/1.0" 500 - "-" "Mozilla/5.0 (compatible; SemrushBot/7~bl; +http://www.semrush.com/bot.html)"
185.191.171.4 - - [22/Nov/2024:04:09:25 -0800] "GET /k8o2wz/nrt4069orqd9w5 HTTP/1.0" 500 - "-" "Mozilla/5.0 (compatible; SemrushBot/7~bl; +http://www.semrush.com/bot.html)"
185.191.171.12 - - [22/Nov/2024:04:10:25 -0800] "GET /l3r/ndt11713jdzrunnv9v7 HTTP/1.0" 500 - "-" "Mozilla/5.0 (compatible; SemrushBot/7~bl; +http://www.semrush.com/bot.html)"
185.191.171.19 - - [22/Nov/2024:04:11:26 -0800] "GET /fbm/azg15106tnzpjp8 HTTP/1.0" 500 - "-" "Mozilla/5.0 (compatible; SemrushBot/7~bl; +http://www.semrush.com/bot.html)"
185.191.171.11 - - [22/Nov/2024:04:12:27 -0800] "GET /lecq/gjt2788jdzrevd HTTP/1.0" 500 - "-" "Mozilla/5.0 (compatible; SemrushBot/7~bl; +http://www.semrush.com/bot.html)"
85.208.96.197 - - [22/Nov/2024:04:13:28 -0800] "GET /pog5/bwh29693rwkif.html HTTP/1.0" 500 - "-" "Mozilla/5.0 (compatible; SemrushBot/7~bl; +http://www.semrush.com/bot.html)"
85.208.96.206 - - [22/Nov/2024:04:14:29 -0800] "GET /g70mvt3/csi26704spqxeud HTTP/1.0" 500 - "-" "Mozilla/5.0 (compatible; SemrushBot/7~bl; +http://www.semrush.com/bot.html)"
52.167.144.222 - - [22/Nov/2024:04:15:11 -0800] "GET /prc/sqy27994ysqfppbw HTTP/1.0" 500 - "-" "Mozilla/5.0 AppleWebKit/537.36 (KHTML, like Gecko; compatible; bingbot/2.0; +http://www.bing.com/bingbot.htm) Chrome/116.0.1938.76 Safari/537.36"
209.182.200.39 - - [22/Nov/2024:04:15:22 -0800] "POST /wp-cron.php?doing_wp_cron=1732277722.9614639282226562500000 HTTP/1.0" 200 - "-" "WordPress/6.7.1; https://princesspicnicevents.com"
173.231.213.196 - - [22/Nov/2024:04:15:21 -0800] "GET /wp-login.php HTTP/1.0" 200 7225 "-" "Mozilla/5.0 (X11; Fedora; Linux x86_64; rv:89.0) Gecko/20100101 Firefox/89.0"
173.231.213.196 - - [22/Nov/2024:04:15:23 -0800] "POST /wp-login.php HTTP/1.0" 401 3436 "-" "Mozilla/5.0 (X11; Fedora; Linux x86_64; rv:89.0) Gecko/20100101 Firefox/89.0"
185.191.171.14 - - [22/Nov/2024:04:15:31 -0800] "GET /i1g/fcs19297pchv0gki HTTP/1.0" 500 - "-" "Mozilla/5.0 (compatible; SemrushBot/7~bl; +http://www.semrush.com/bot.html)"
185.191.171.12 - - [22/Nov/2024:04:15:40 -0800] "GET /robots.txt HTTP/1.0" 500 - "-" "Mozilla/5.0 (compatible; SemrushBot/7~bl; +http://www.semrush.com/bot.html)"
185.191.171.5 - - [22/Nov/2024:04:16:31 -0800] "GET /fopz/vzb229xzigomr6x44 HTTP/1.0" 500 - "-" "Mozilla/5.0 (compatible; SemrushBot/7~bl; +http://www.semrush.com/bot.html)"
185.191.171.14 - - [22/Nov/2024:04:17:32 -0800] "GET /ggx/vgi9329dguueg7.html HTTP/1.0" 500 - "-" "Mozilla/5.0 (compatible; SemrushBot/7~bl; +http://www.semrush.com/bot.html)"
185.191.171.12 - - [22/Nov/2024:04:18:34 -0800] "GET /f4oet/keq10228eejaga4i HTTP/1.0" 500 - "-" "Mozilla/5.0 (compatible; SemrushBot/7~bl; +http://www.semrush.com/bot.html)"
185.191.171.1 - - [22/Nov/2024:04:19:35 -0800] "GET /f9j95/wac25996akopa5fh HTTP/1.0" 500 - "-" "Mozilla/5.0 (compatible; SemrushBot/7~bl; +http://www.semrush.com/bot.html)"
85.208.96.210 - - [22/Nov/2024:04:20:36 -0800] "GET /v9y2/rex4047sclebzg.htm HTTP/1.0" 500 - "-" "Mozilla/5.0 (compatible; SemrushBot/7~bl; +http://www.semrush.com/bot.html)"
185.191.171.19 - - [22/Nov/2024:04:21:36 -0800] "GET /eyln0/vqi307ghnquo7 HTTP/1.0" 500 - "-" "Mozilla/5.0 (compatible; SemrushBot/7~bl; +http://www.semrush.com/bot.html)"
40.77.167.150 - - [22/Nov/2024:04:22:04 -0800] "GET /gzdo3es/ozu26872zecqsj24mh HTTP/1.0" 500 - "-" "Mozilla/5.0 AppleWebKit/537.36 (KHTML, like Gecko; compatible; bingbot/2.0; +http://www.bing.com/bingbot.htm) Chrome/116.0.1938.76 Safari/537.36"
185.191.171.17 - - [22/Nov/2024:04:22:37 -0800] "GET /fpq/ydl24100daqfpjix HTTP/1.0" 500 - "-" "Mozilla/5.0 (compatible; SemrushBot/7~bl; +http://www.semrush.com/bot.html)"
185.191.171.11 - - [22/Nov/2024:04:23:38 -0800] "GET /ixe/cpi19138phpn1uz80 HTTP/1.0" 500 - "-" "Mozilla/5.0 (compatible; SemrushBot/7~bl; +http://www.semrush.com/bot.html)"
85.208.96.212 - - [22/Nov/2024:04:24:39 -0800] "GET /h9znjp/cdp5332dzqecal HTTP/1.0" 500 - "-" "Mozilla/5.0 (compatible; SemrushBot/7~bl; +http://www.semrush.com/bot.html)"
185.191.171.11 - - [22/Nov/2024:04:25:39 -0800] "GET /k55ro/yde5068daqfzuc HTTP/1.0" 500 - "-" "Mozilla/5.0 (compatible; SemrushBot/7~bl; +http://www.semrush.com/bot.html)"
207.46.13.116 - - [22/Nov/2024:04:26:13 -0800] "GET /7566s/vei29531dzqes.html HTTP/1.0" 500 - "-" "Mozilla/5.0 AppleWebKit/537.36 (KHTML, like Gecko; compatible; bingbot/2.0; +http://www.bing.com/bingbot.htm) Chrome/116.0.1938.76 Safari/537.36"
185.191.171.14 - - [22/Nov/2024:04:26:40 -0800] "GET /h22/txg5739fvlx2j6h.htm HTTP/1.0" 500 - "-" "Mozilla/5.0 (compatible; SemrushBot/7~bl; +http://www.semrush.com/bot.html)"
85.208.96.199 - - [22/Nov/2024:04:27:41 -0800] "GET /inv2/pgv26093dguuz.html HTTP/1.0" 500 - "-" "Mozilla/5.0 (compatible; SemrushBot/7~bl; +http://www.semrush.com/bot.html)"
85.208.96.209 - - [22/Nov/2024:04:28:41 -0800] "GET /jryp/kfx19640fxzxg.html HTTP/1.0" 500 - "-" "Mozilla/5.0 (compatible; SemrushBot/7~bl; +http://www.semrush.com/bot.html)"
185.191.171.6 - - [22/Nov/2024:04:29:42 -0800] "GET /fu7/fks9001fkrdclcccc1p HTTP/1.0" 500 - "-" "Mozilla/5.0 (compatible; SemrushBot/7~bl; +http://www.semrush.com/bot.html)"
209.182.200.39 - - [22/Nov/2024:04:29:43 -0800] "POST /wp-cron.php?doing_wp_cron=1732278583.8655910491943359375000 HTTP/1.0" 200 - "-" "WordPress/6.7.1; https://princesspicnicevents.com"
144.217.215.210 - - [22/Nov/2024:04:29:42 -0800] "GET /wp-login.php HTTP/1.0" 200 7225 "-" "Mozilla/5.0 (X11; Fedora; Linux x86_64; rv:89.0) Gecko/20100101 Firefox/89.0"
144.217.215.210 - - [22/Nov/2024:04:29:44 -0800] "POST /wp-login.php HTTP/1.0" 401 3435 "-" "Mozilla/5.0 (X11; Fedora; Linux x86_64; rv:89.0) Gecko/20100101 Firefox/89.0"
185.191.171.13 - - [22/Nov/2024:04:30:43 -0800] "GET /mnww0g/pev4357zecqhgm HTTP/1.0" 500 - "-" "Mozilla/5.0 (compatible; SemrushBot/7~bl; +http://www.semrush.com/bot.html)"
185.191.171.1 - - [22/Nov/2024:04:31:44 -0800] "GET /gi84/mwz24010dawtbl8y2 HTTP/1.0" 500 - "-" "Mozilla/5.0 (compatible; SemrushBot/7~bl; +http://www.semrush.com/bot.html)"
209.182.200.39 - - [22/Nov/2024:04:31:54 -0800] "POST /wp-cron.php?doing_wp_cron=1732278714.5386741161346435546875 HTTP/1.0" 200 - "-" "WordPress/6.7.1; https://princesspicnicevents.com"
162.240.104.99 - - [22/Nov/2024:04:31:52 -0800] "POST /wp-login.php HTTP/1.0" 401 3435 "-" "Mozilla/5.0 (Windows NT 6.1; Win64; x64) AppleWebKit/537.36 (KHTML, like Gecko) Chrome/78.0.3904.97 Safari/537.36"
185.191.171.5 - - [22/Nov/2024:04:32:45 -0800] "GET /egn/jzp15167izkz8k.html HTTP/1.0" 500 - "-" "Mozilla/5.0 (compatible; SemrushBot/7~bl; +http://www.semrush.com/bot.html)"
185.191.171.4 - - [22/Nov/2024:04:33:45 -0800] "GET /ifi/lsr23567ohxsz.html HTTP/1.0" 500 - "-" "Mozilla/5.0 (compatible; SemrushBot/7~bl; +http://www.semrush.com/bot.html)"
209.182.200.39 - - [22/Nov/2024:04:34:01 -0800] "POST /wp-cron.php?doing_wp_cron=1732278840.9492158889770507812500 HTTP/1.0" 200 - "-" "WordPress/6.7.1; https://princesspicnicevents.com"
108.160.138.223 - - [22/Nov/2024:04:33:58 -0800] "POST /wp-login.php HTTP/1.0" 401 3435 "-" "Mozilla/5.0 (Windows NT 6.1; WOW64) AppleWebKit/537.36 (KHTML, like Gecko) Chrome/48.0.2564.109 Safari/537.36"
85.208.96.208 - - [22/Nov/2024:04:34:46 -0800] "GET /eww/net5525aedsku.html HTTP/1.0" 500 - "-" "Mozilla/5.0 (compatible; SemrushBot/7~bl; +http://www.semrush.com/bot.html)"
85.208.96.194 - - [22/Nov/2024:04:35:46 -0800] "GET /fsk/rsx6127cxjshb7z1d HTTP/1.0" 500 - "-" "Mozilla/5.0 (compatible; SemrushBot/7~bl; +http://www.semrush.com/bot.html)"
185.191.171.18 - - [22/Nov/2024:04:36:47 -0800] "GET /ez3/fjl26837xjcqu.html HTTP/1.0" 500 - "-" "Mozilla/5.0 (compatible; SemrushBot/7~bl; +http://www.semrush.com/bot.html)"
185.191.171.5 - - [22/Nov/2024:04:37:47 -0800] "GET /i6uany/zof26389folrjzbt HTTP/1.0" 500 - "-" "Mozilla/5.0 (compatible; SemrushBot/7~bl; +http://www.semrush.com/bot.html)"
85.208.96.194 - - [22/Nov/2024:04:38:13 -0800] "GET /robots.txt HTTP/1.0" 500 - "-" "Mozilla/5.0 (compatible; SemrushBot/7~bl; +http://www.semrush.com/bot.html)"
185.191.171.10 - - [22/Nov/2024:04:38:48 -0800] "GET /iy9/uga22952gplmzf.html HTTP/1.0" 500 - "-" "Mozilla/5.0 (compatible; SemrushBot/7~bl; +http://www.semrush.com/bot.html)"
185.191.171.4 - - [22/Nov/2024:04:39:48 -0800] "GET /kkm/etr29488tjarkn3t33 HTTP/1.0" 500 - "-" "Mozilla/5.0 (compatible; SemrushBot/7~bl; +http://www.semrush.com/bot.html)"
85.208.96.202 - - [22/Nov/2024:04:40:49 -0800] "GET /qu2g/gcm13058zecq1.html HTTP/1.0" 500 - "-" "Mozilla/5.0 (compatible; SemrushBot/7~bl; +http://www.semrush.com/bot.html)"
85.208.96.205 - - [22/Nov/2024:04:41:49 -0800] "GET /rd4m/zvf20513dvrha.html HTTP/1.0" 500 - "-" "Mozilla/5.0 (compatible; SemrushBot/7~bl; +http://www.semrush.com/bot.html)"
185.191.171.16 - - [22/Nov/2024:04:42:50 -0800] "GET /oieo/mhs11764hpbj7inh HTTP/1.0" 500 - "-" "Mozilla/5.0 (compatible; SemrushBot/7~bl; +http://www.semrush.com/bot.html)"
85.208.96.208 - - [22/Nov/2024:04:43:51 -0800] "GET /gmd5s/uph27892pfexzzo HTTP/1.0" 500 - "-" "Mozilla/5.0 (compatible; SemrushBot/7~bl; +http://www.semrush.com/bot.html)"
185.191.171.4 - - [22/Nov/2024:04:44:52 -0800] "GET /gyj4/xqd3091jzoqfe84iv HTTP/1.0" 500 - "-" "Mozilla/5.0 (compatible; SemrushBot/7~bl; +http://www.semrush.com/bot.html)"
185.191.171.11 - - [22/Nov/2024:04:45:53 -0800] "GET /hut/qhw14550vkhtvrn.htm HTTP/1.0" 500 - "-" "Mozilla/5.0 (compatible; SemrushBot/7~bl; +http://www.semrush.com/bot.html)"
185.191.171.3 - - [22/Nov/2024:04:46:56 -0800] "GET /hi4/lyy20161pytjwjuj HTTP/1.0" 500 - "-" "Mozilla/5.0 (compatible; SemrushBot/7~bl; +http://www.semrush.com/bot.html)"
85.208.96.202 - - [22/Nov/2024:04:47:56 -0800] "GET /idmv/tez14917mesjbkckni HTTP/1.0" 500 - "-" "Mozilla/5.0 (compatible; SemrushBot/7~bl; +http://www.semrush.com/bot.html)"
185.191.171.13 - - [22/Nov/2024:04:48:58 -0800] "GET /emx/yme16300myas9fban0m HTTP/1.0" 500 - "-" "Mozilla/5.0 (compatible; SemrushBot/7~bl; +http://www.semrush.com/bot.html)"
85.208.96.198 - - [22/Nov/2024:04:49:58 -0800] "GET /h2n/xwk6523hfgww8795 HTTP/1.0" 500 - "-" "Mozilla/5.0 (compatible; SemrushBot/7~bl; +http://www.semrush.com/bot.html)"
185.191.171.5 - - [22/Nov/2024:04:50:59 -0800] "GET /jze/fqs239xjcq00.html HTTP/1.0" 500 - "-" "Mozilla/5.0 (compatible; SemrushBot/7~bl; +http://www.semrush.com/bot.html)"
185.191.171.15 - - [22/Nov/2024:04:52:00 -0800] "GET /vbci/vbb10369bbyly34ph HTTP/1.0" 500 - "-" "Mozilla/5.0 (compatible; SemrushBot/7~bl; +http://www.semrush.com/bot.html)"
85.208.96.212 - - [22/Nov/2024:04:53:01 -0800] "GET /wry/jzw10409izkztc.html HTTP/1.0" 500 - "-" "Mozilla/5.0 (compatible; SemrushBot/7~bl; +http://www.semrush.com/bot.html)"
194.169.175.180 - - [22/Nov/2024:04:53:22 -0800] "GET /.env HTTP/1.0" 406 300 "-" "Mozilla/5.0 (Linux; U; Android 4.4.2; en-US; HM NOTE 1W Build/KOT49H) AppleWebKit/534.30 (KHTML, like Gecko) Version/4.0 UCBrowser/11.0.5.850 U3/0.8.0 Mobile Safari/534.30"
194.169.175.180 - - [22/Nov/2024:04:53:23 -0800] "POST / HTTP/1.0" 500 - "-" "Mozilla/5.0 (Linux; U; Android 4.4.2; en-US; HM NOTE 1W Build/KOT49H) AppleWebKit/534.30 (KHTML, like Gecko) Version/4.0 UCBrowser/11.0.5.850 U3/0.8.0 Mobile Safari/534.30"
194.169.175.180 - - [22/Nov/2024:04:53:23 -0800] "POST / HTTP/1.0" 500 - "-" "python-requests/2.32.3"
194.169.175.180 - - [22/Nov/2024:04:53:24 -0800] "GET /?%3Cplay%3Ewithme%3C/%3E HTTP/1.0" 500 - "-" "python-requests/2.32.3"
194.169.175.180 - - [22/Nov/2024:04:53:24 -0800] "POST / HTTP/1.0" 500 - "-" "python-requests/2.32.3"
85.208.96.202 - - [22/Nov/2024:04:54:02 -0800] "GET /ew8/kbq2168bgeu8wd.html HTTP/1.0" 500 - "-" "Mozilla/5.0 (compatible; SemrushBot/7~bl; +http://www.semrush.com/bot.html)"
165.232.172.104 - - [22/Nov/2024:04:54:27 -0800] "GET /media/system/js/core.js HTTP/1.0" 500 - "-" "Mozilla/5.0 (Macintosh; Intel Mac OS X 10_10_1) AppleWebKit/537.36 (KHTML, like Gecko) Chrome/39.0.2171.95 Safari/537.36"
165.232.172.104 - - [22/Nov/2024:04:54:27 -0800] "GET /wp-includes/js/jquery/jquery.js HTTP/1.0" 200 285334 "-" "Mozilla/5.0 (Macintosh; Intel Mac OS X 10_10_1) AppleWebKit/537.36 (KHTML, like Gecko) Chrome/39.0.2171.95 Safari/537.36"
85.208.96.206 - - [22/Nov/2024:04:55:03 -0800] "GET /hi4j/jxp4897gxkfox6rd HTTP/1.0" 500 - "-" "Mozilla/5.0 (compatible; SemrushBot/7~bl; +http://www.semrush.com/bot.html)"
85.208.96.194 - - [22/Nov/2024:04:56:04 -0800] "GET /f9o/klq24658gplmsz8uf4 HTTP/1.0" 500 - "-" "Mozilla/5.0 (compatible; SemrushBot/7~bl; +http://www.semrush.com/bot.html)"
85.208.96.194 - - [22/Nov/2024:04:57:05 -0800] "GET /g69/dcj81rcip1f73dz.htm HTTP/1.0" 500 - "-" "Mozilla/5.0 (compatible; SemrushBot/7~bl; +http://www.semrush.com/bot.html)"
40.77.167.52 - - [22/Nov/2024:04:57:06 -0800] "GET /mej/nda23127tkcd9fj0e54e.htm HTTP/1.0" 500 - "-" "Mozilla/5.0 AppleWebKit/537.36 (KHTML, like Gecko; compatible; bingbot/2.0; +http://www.bing.com/bingbot.htm) Chrome/116.0.1938.76 Safari/537.36"
85.208.96.195 - - [22/Nov/2024:04:58:06 -0800] "GET /dot/krq5002tqrhw13hnin HTTP/1.0" 500 - "-" "Mozilla/5.0 (compatible; SemrushBot/7~bl; +http://www.semrush.com/bot.html)"
85.208.96.206 - - [22/Nov/2024:04:59:07 -0800] "GET /ztfp/htn22237gtwt95yhv2 HTTP/1.0" 500 - "-" "Mozilla/5.0 (compatible; SemrushBot/7~bl; +http://www.semrush.com/bot.html)"
85.208.96.195 - - [22/Nov/2024:05:00:07 -0800] "GET /glnp/zhf6343dvrhtxpmo7 HTTP/1.0" 500 - "-" "Mozilla/5.0 (compatible; SemrushBot/7~bl; +http://www.semrush.com/bot.html)"
185.191.171.15 - - [22/Nov/2024:05:00:11 -0800] "GET /robots.txt HTTP/1.0" 500 - "-" "Mozilla/5.0 (compatible; SemrushBot/7~bl; +http://www.semrush.com/bot.html)"
185.191.171.15 - - [22/Nov/2024:05:01:10 -0800] "GET /g22/zqm2729nqssbno.html HTTP/1.0" 500 - "-" "Mozilla/5.0 (compatible; SemrushBot/7~bl; +http://www.semrush.com/bot.html)"
85.208.96.208 - - [22/Nov/2024:05:02:12 -0800] "GET /f6wn2/vni19963yhpn20oc HTTP/1.0" 500 - "-" "Mozilla/5.0 (compatible; SemrushBot/7~bl; +http://www.semrush.com/bot.html)"
185.191.171.6 - - [22/Nov/2024:05:03:13 -0800] "GET /jcp/dxj23533axxq3ujlkj HTTP/1.0" 500 - "-" "Mozilla/5.0 (compatible; SemrushBot/7~bl; +http://www.semrush.com/bot.html)"
185.191.171.14 - - [22/Nov/2024:05:04:15 -0800] "GET /gj7/bko8217akopqbu.htm HTTP/1.0" 500 - "-" "Mozilla/5.0 (compatible; SemrushBot/7~bl; +http://www.semrush.com/bot.html)"
185.191.171.4 - - [22/Nov/2024:05:05:16 -0800] "GET /worioy/mpz21358phpn8j6x HTTP/1.0" 500 - "-" "Mozilla/5.0 (compatible; SemrushBot/7~bl; +http://www.semrush.com/bot.html)"
85.208.96.206 - - [22/Nov/2024:05:06:18 -0800] "GET /yr0fc/jww27907bjvw845d HTTP/1.0" 500 - "-" "Mozilla/5.0 (compatible; SemrushBot/7~bl; +http://www.semrush.com/bot.html)"
85.208.96.209 - - [22/Nov/2024:05:07:19 -0800] "GET /gmjj/dwj5437twvrrhaa HTTP/1.0" 500 - "-" "Mozilla/5.0 (compatible; SemrushBot/7~bl; +http://www.semrush.com/bot.html)"
185.191.171.11 - - [22/Nov/2024:05:08:20 -0800] "GET /fy2/iyv16336ycoolj9e7 HTTP/1.0" 500 - "-" "Mozilla/5.0 (compatible; SemrushBot/7~bl; +http://www.semrush.com/bot.html)"
85.208.96.212 - - [22/Nov/2024:05:09:21 -0800] "GET /opa/nva1313cvfbabs.html HTTP/1.0" 500 - "-" "Mozilla/5.0 (compatible; SemrushBot/7~bl; +http://www.semrush.com/bot.html)"
185.191.171.10 - - [22/Nov/2024:05:10:21 -0800] "GET /gsy/kpq7992pytjurm.htm HTTP/1.0" 500 - "-" "Mozilla/5.0 (compatible; SemrushBot/7~bl; +http://www.semrush.com/bot.html)"
185.191.171.11 - - [22/Nov/2024:05:11:22 -0800] "GET /fxw6h/rue21415nequ2xj5 HTTP/1.0" 500 - "-" "Mozilla/5.0 (compatible; SemrushBot/7~bl; +http://www.semrush.com/bot.html)"
185.191.171.15 - - [22/Nov/2024:05:12:24 -0800] "GET /ydhe/wmj100mbhv5sv HTTP/1.0" 500 - "-" "Mozilla/5.0 (compatible; SemrushBot/7~bl; +http://www.semrush.com/bot.html)"
185.191.171.19 - - [22/Nov/2024:05:13:25 -0800] "GET /k4t8/enk12796nqssdeey HTTP/1.0" 500 - "-" "Mozilla/5.0 (compatible; SemrushBot/7~bl; +http://www.semrush.com/bot.html)"
85.208.96.196 - - [22/Nov/2024:05:14:26 -0800] "GET /i3d/qyd25574ccya32.html HTTP/1.0" 500 - "-" "Mozilla/5.0 (compatible; SemrushBot/7~bl; +http://www.semrush.com/bot.html)"
85.208.96.196 - - [22/Nov/2024:05:15:26 -0800] "GET /rpx/xyk29689uyzx6zs HTTP/1.0" 500 - "-" "Mozilla/5.0 (compatible; SemrushBot/7~bl; +http://www.semrush.com/bot.html)"
185.191.171.16 - - [22/Nov/2024:05:16:27 -0800] "GET /e1k/uoa25916opkb6l.html HTTP/1.0" 500 - "-" "Mozilla/5.0 (compatible; SemrushBot/7~bl; +http://www.semrush.com/bot.html)"
185.191.171.6 - - [22/Nov/2024:05:17:28 -0800] "GET /h8qh9/dtq9883vkhtwt2p HTTP/1.0" 500 - "-" "Mozilla/5.0 (compatible; SemrushBot/7~bl; +http://www.semrush.com/bot.html)"
85.208.96.193 - - [22/Nov/2024:05:18:28 -0800] "GET /zryu/wcj22954zecqhahodh HTTP/1.0" 500 - "-" "Mozilla/5.0 (compatible; SemrushBot/7~bl; +http://www.semrush.com/bot.html)"
185.191.171.15 - - [22/Nov/2024:05:19:29 -0800] "GET /egh/azg4550rrzwbe5.html HTTP/1.0" 500 - "-" "Mozilla/5.0 (compatible; SemrushBot/7~bl; +http://www.semrush.com/bot.html)"
85.208.96.210 - - [22/Nov/2024:05:20:29 -0800] "GET /i7x/mqs2794mxqbuqn8z HTTP/1.0" 500 - "-" "Mozilla/5.0 (compatible; SemrushBot/7~bl; +http://www.semrush.com/bot.html)"
85.208.96.205 - - [22/Nov/2024:05:21:30 -0800] "GET /hdk/tng7585gnzt2d1tgy9 HTTP/1.0" 500 - "-" "Mozilla/5.0 (compatible; SemrushBot/7~bl; +http://www.semrush.com/bot.html)"
40.77.167.25 - - [22/Nov/2024:05:21:47 -0800] "GET /e4oyakzbn/woc3090ycooda78fd2uj8.htm HTTP/1.0" 500 - "-" "Mozilla/5.0 AppleWebKit/537.36 (KHTML, like Gecko; compatible; bingbot/2.0; +http://www.bing.com/bingbot.htm) Chrome/116.0.1938.76 Safari/537.36"
185.191.171.5 - - [22/Nov/2024:05:22:12 -0800] "GET /robots.txt HTTP/1.0" 500 - "-" "Mozilla/5.0 (compatible; SemrushBot/7~bl; +http://www.semrush.com/bot.html)"
185.191.171.15 - - [22/Nov/2024:05:22:32 -0800] "GET /n5bl/osb17434pasugjan HTTP/1.0" 500 - "-" "Mozilla/5.0 (compatible; SemrushBot/7~bl; +http://www.semrush.com/bot.html)"
85.208.96.206 - - [22/Nov/2024:05:23:33 -0800] "GET /hp5/tug25369yuugbqpf HTTP/1.0" 500 - "-" "Mozilla/5.0 (compatible; SemrushBot/7~bl; +http://www.semrush.com/bot.html)"
185.191.171.18 - - [22/Nov/2024:05:24:35 -0800] "GET /t05/jpp3025gplm146 HTTP/1.0" 500 - "-" "Mozilla/5.0 (compatible; SemrushBot/7~bl; +http://www.semrush.com/bot.html)"
185.191.171.16 - - [22/Nov/2024:05:25:36 -0800] "GET /nn45do/pev19957eeja9mn HTTP/1.0" 500 - "-" "Mozilla/5.0 (compatible; SemrushBot/7~bl; +http://www.semrush.com/bot.html)"
185.191.171.6 - - [22/Nov/2024:05:26:36 -0800] "GET /hh823/lay26479bqcafna HTTP/1.0" 500 - "-" "Mozilla/5.0 (compatible; SemrushBot/7~bl; +http://www.semrush.com/bot.html)"
85.208.96.205 - - [22/Nov/2024:05:27:37 -0800] "GET /mx4/jrp19405orqd354np HTTP/1.0" 500 - "-" "Mozilla/5.0 (compatible; SemrushBot/7~bl; +http://www.semrush.com/bot.html)"
185.191.171.15 - - [22/Nov/2024:05:28:40 -0800] "GET /fii/xgk19705bgeu6loqc HTTP/1.0" 500 - "-" "Mozilla/5.0 (compatible; SemrushBot/7~bl; +http://www.semrush.com/bot.html)"
185.191.171.13 - - [22/Nov/2024:05:29:43 -0800] "GET /vx6/bzh13079izkzo.html HTTP/1.0" 500 - "-" "Mozilla/5.0 (compatible; SemrushBot/7~bl; +http://www.semrush.com/bot.html)"
185.191.171.10 - - [22/Nov/2024:05:30:44 -0800] "GET /gt3/gqm25954daqfea0tu HTTP/1.0" 500 - "-" "Mozilla/5.0 (compatible; SemrushBot/7~bl; +http://www.semrush.com/bot.html)"
185.191.171.2 - - [22/Nov/2024:05:31:45 -0800] "GET /h8ph/umh6052mxqbd82o93 HTTP/1.0" 500 - "-" "Mozilla/5.0 (compatible; SemrushBot/7~bl; +http://www.semrush.com/bot.html)"
185.191.171.19 - - [22/Nov/2024:05:32:45 -0800] "GET /f3t/phv22505shrfr.html HTTP/1.0" 500 - "-" "Mozilla/5.0 (compatible; SemrushBot/7~bl; +http://www.semrush.com/bot.html)"
66.249.79.7 - - [22/Nov/2024:05:33:30 -0800] "GET /robots.txt HTTP/1.0" 500 - "-" "Mozilla/5.0 (compatible; Googlebot/2.1; +http://www.google.com/bot.html)"
185.191.171.5 - - [22/Nov/2024:05:33:46 -0800] "GET /ect/bno21295yhpngd7ir51 HTTP/1.0" 500 - "-" "Mozilla/5.0 (compatible; SemrushBot/7~bl; +http://www.semrush.com/bot.html)"
185.191.171.10 - - [22/Nov/2024:05:34:46 -0800] "GET /hzy86/luy10099pasupurt HTTP/1.0" 500 - "-" "Mozilla/5.0 (compatible; SemrushBot/7~bl; +http://www.semrush.com/bot.html)"
85.208.96.193 - - [22/Nov/2024:05:35:47 -0800] "GET /qn5p1/aln728lmik3.html HTTP/1.0" 500 - "-" "Mozilla/5.0 (compatible; SemrushBot/7~bl; +http://www.semrush.com/bot.html)"
185.191.171.16 - - [22/Nov/2024:05:36:49 -0800] "GET /g65/phc23233phpnsyx HTTP/1.0" 500 - "-" "Mozilla/5.0 (compatible; SemrushBot/7~bl; +http://www.semrush.com/bot.html)"
66.249.79.6 - - [22/Nov/2024:05:37:31 -0800] "GET /robots.txt HTTP/1.0" 500 - "-" "Mozilla/5.0 (compatible; Googlebot/2.1; +http://www.google.com/bot.html)"
85.208.96.209 - - [22/Nov/2024:05:37:50 -0800] "GET /kw9/xbk5275cvfbz7cb0 HTTP/1.0" 500 - "-" "Mozilla/5.0 (compatible; SemrushBot/7~bl; +http://www.semrush.com/bot.html)"
52.167.144.169 - - [22/Nov/2024:05:38:20 -0800] "GET /t4t/pgv20997pguykk8ka9lsss.htm HTTP/1.0" 500 - "-" "Mozilla/5.0 AppleWebKit/537.36 (KHTML, like Gecko; compatible; bingbot/2.0; +http://www.bing.com/bingbot.htm) Chrome/116.0.1938.76 Safari/537.36"
85.208.96.195 - - [22/Nov/2024:05:38:50 -0800] "GET /gfm/arg27924rcipnos.htm HTTP/1.0" 500 - "-" "Mozilla/5.0 (compatible; SemrushBot/7~bl; +http://www.semrush.com/bot.html)"
66.249.79.6 - - [22/Nov/2024:05:39:44 -0800] "GET /robots.txt HTTP/1.0" 500 - "-" "Mozilla/5.0 (compatible; Googlebot/2.1; +http://www.google.com/bot.html)"
85.208.96.205 - - [22/Nov/2024:05:39:51 -0800] "GET /i5me/iko21718zdkf6q3f5m HTTP/1.0" 500 - "-" "Mozilla/5.0 (compatible; SemrushBot/7~bl; +http://www.semrush.com/bot.html)"
85.208.96.204 - - [22/Nov/2024:05:40:52 -0800] "GET /fgv/cyp2654odymwm3.html HTTP/1.0" 500 - "-" "Mozilla/5.0 (compatible; SemrushBot/7~bl; +http://www.semrush.com/bot.html)"
209.182.200.39 - - [22/Nov/2024:05:41:50 -0800] "POST /wp-cron.php?doing_wp_cron=1732282910.4175250530242919921875 HTTP/1.0" 200 - "-" "WordPress/6.7.1; https://princesspicnicevents.com"
34.237.103.216 - - [22/Nov/2024:05:41:48 -0800] "POST /xmlrpc.php HTTP/1.0" 200 401 "-" "Mozilla/5.0 (X11; Fedora; Linux x86_64; rv:89.0) Gecko/20100101 Firefox/89.0"
185.191.171.16 - - [22/Nov/2024:05:41:52 -0800] "GET /eoaw/gbt110eebyq.html HTTP/1.0" 500 - "-" "Mozilla/5.0 (compatible; SemrushBot/7~bl; +http://www.semrush.com/bot.html)"
66.249.79.6 - - [22/Nov/2024:05:42:32 -0800] "GET /robots.txt HTTP/1.0" 500 - "-" "Mozilla/5.0 (compatible; Googlebot/2.1; +http://www.google.com/bot.html)"
185.191.171.1 - - [22/Nov/2024:05:42:53 -0800] "GET /suiw/kbq27128bqca5.html HTTP/1.0" 500 - "-" "Mozilla/5.0 (compatible; SemrushBot/7~bl; +http://www.semrush.com/bot.html)"
185.191.171.13 - - [22/Nov/2024:05:43:55 -0800] "GET /gii/pmv5657lmikme.html HTTP/1.0" 500 - "-" "Mozilla/5.0 (compatible; SemrushBot/7~bl; +http://www.semrush.com/bot.html)"
185.191.171.14 - - [22/Nov/2024:05:44:35 -0800] "GET /robots.txt HTTP/1.0" 500 - "-" "Mozilla/5.0 (compatible; SemrushBot/7~bl; +http://www.semrush.com/bot.html)"
85.208.96.203 - - [22/Nov/2024:05:44:56 -0800] "GET /mts/zam9437gakedr.html HTTP/1.0" 500 - "-" "Mozilla/5.0 (compatible; SemrushBot/7~bl; +http://www.semrush.com/bot.html)"
185.191.171.15 - - [22/Nov/2024:05:45:57 -0800] "GET /fayg/ehr5386pchvtlf6fk HTTP/1.0" 500 - "-" "Mozilla/5.0 (compatible; SemrushBot/7~bl; +http://www.semrush.com/bot.html)"
85.208.96.203 - - [22/Nov/2024:05:46:58 -0800] "GET /k6e8/eor11860oecaiom1 HTTP/1.0" 500 - "-" "Mozilla/5.0 (compatible; SemrushBot/7~bl; +http://www.semrush.com/bot.html)"
185.191.171.11 - - [22/Nov/2024:05:48:00 -0800] "GET /g4c9o/pav17149pasuoe3ic HTTP/1.0" 500 - "-" "Mozilla/5.0 (compatible; SemrushBot/7~bl; +http://www.semrush.com/bot.html)"
209.182.200.39 - - [22/Nov/2024:05:48:05 -0800] "POST /wp-cron.php?doing_wp_cron=1732283285.4236810207366943359375 HTTP/1.0" 200 - "-" "WordPress/6.7.1; https://princesspicnicevents.com"
79.132.193.236 - - [22/Nov/2024:05:48:03 -0800] "POST /xmlrpc.php HTTP/1.0" 200 401 "-" "Mozilla/5.0 (X11; Fedora; Linux x86_64; rv:89.0) Gecko/20100101 Firefox/89.0"
185.191.171.4 - - [22/Nov/2024:05:49:00 -0800] "GET /icmgs98u/tpz9769spqxvin HTTP/1.0" 500 - "-" "Mozilla/5.0 (compatible; SemrushBot/7~bl; +http://www.semrush.com/bot.html)"
85.208.96.210 - - [22/Nov/2024:05:50:01 -0800] "GET /i2rh/bzh20515qvvz90dbj HTTP/1.0" 500 - "-" "Mozilla/5.0 (compatible; SemrushBot/7~bl; +http://www.semrush.com/bot.html)"
85.208.96.210 - - [22/Nov/2024:05:51:03 -0800] "GET /gzyub/tsg20455ksbso627 HTTP/1.0" 500 - "-" "Mozilla/5.0 (compatible; SemrushBot/7~bl; +http://www.semrush.com/bot.html)"
157.55.39.11 - - [22/Nov/2024:05:51:30 -0800] "GET /fnrzf2/pcv21777scmh3o0j0k4a8.htm HTTP/1.0" 500 - "-" "Mozilla/5.0 AppleWebKit/537.36 (KHTML, like Gecko; compatible; bingbot/2.0; +http://www.bing.com/bingbot.htm) Chrome/116.0.1938.76 Safari/537.36"
185.191.171.6 - - [22/Nov/2024:05:52:04 -0800] "GET /i1g/fhl17217zhmj2ac.htm HTTP/1.0" 500 - "-" "Mozilla/5.0 (compatible; SemrushBot/7~bl; +http://www.semrush.com/bot.html)"
185.191.171.11 - - [22/Nov/2024:05:53:05 -0800] "GET /l59tqx/qxw4384xjcq2mk9w HTTP/1.0" 500 - "-" "Mozilla/5.0 (compatible; SemrushBot/7~bl; +http://www.semrush.com/bot.html)"
185.191.171.16 - - [22/Nov/2024:05:54:06 -0800] "GET /m11/oxu4954wdxracqvup HTTP/1.0" 500 - "-" "Mozilla/5.0 (compatible; SemrushBot/7~bl; +http://www.semrush.com/bot.html)"
185.191.171.9 - - [22/Nov/2024:05:55:07 -0800] "GET /ggdo/jyp789myasqu98.htm HTTP/1.0" 500 - "-" "Mozilla/5.0 (compatible; SemrushBot/7~bl; +http://www.semrush.com/bot.html)"
85.208.96.210 - - [22/Nov/2024:05:56:09 -0800] "GET /mg1/rte26797htjt9xva HTTP/1.0" 500 - "-" "Mozilla/5.0 (compatible; SemrushBot/7~bl; +http://www.semrush.com/bot.html)"
185.191.171.18 - - [22/Nov/2024:05:57:10 -0800] "GET /vpd/woc25892oeca1.html HTTP/1.0" 500 - "-" "Mozilla/5.0 (compatible; SemrushBot/7~bl; +http://www.semrush.com/bot.html)"
85.208.96.207 - - [22/Nov/2024:05:58:11 -0800] "GET /fh1/dfq289vfnwsites29 HTTP/1.0" 500 - "-" "Mozilla/5.0 (compatible; SemrushBot/7~bl; +http://www.semrush.com/bot.html)"
185.191.171.10 - - [22/Nov/2024:05:59:12 -0800] "GET /fj1lkd/nst4069ksbsg7s HTTP/1.0" 500 - "-" "Mozilla/5.0 (compatible; SemrushBot/7~bl; +http://www.semrush.com/bot.html)"
85.208.96.197 - - [22/Nov/2024:06:00:13 -0800] "GET /ich1/ztf28963xhtth4o HTTP/1.0" 500 - "-" "Mozilla/5.0 (compatible; SemrushBot/7~bl; +http://www.semrush.com/bot.html)"
185.191.171.5 - - [22/Nov/2024:06:01:13 -0800] "GET /hil/hqu19091ghnqyn.html HTTP/1.0" 500 - "-" "Mozilla/5.0 (compatible; SemrushBot/7~bl; +http://www.semrush.com/bot.html)"
185.191.171.4 - - [22/Nov/2024:06:02:14 -0800] "GET /g8ru/xfd23683prrfwwl HTTP/1.0" 500 - "-" "Mozilla/5.0 (compatible; SemrushBot/7~bl; +http://www.semrush.com/bot.html)"
185.191.171.19 - - [22/Nov/2024:06:03:15 -0800] "GET /qp1r/hbu10901mbhvv.html HTTP/1.0" 500 - "-" "Mozilla/5.0 (compatible; SemrushBot/7~bl; +http://www.semrush.com/bot.html)"
185.191.171.8 - - [22/Nov/2024:06:04:17 -0800] "GET /j8qno56d/ikv6430gxkfdqu HTTP/1.0" 500 - "-" "Mozilla/5.0 (compatible; SemrushBot/7~bl; +http://www.semrush.com/bot.html)"
185.191.171.14 - - [22/Nov/2024:06:05:20 -0800] "GET /fqu3hs/uah26644axxqw9f HTTP/1.0" 500 - "-" "Mozilla/5.0 (compatible; SemrushBot/7~bl; +http://www.semrush.com/bot.html)"
85.208.96.205 - - [22/Nov/2024:06:06:17 -0800] "GET /robots.txt HTTP/1.0" 500 - "-" "Mozilla/5.0 (compatible; SemrushBot/7~bl; +http://www.semrush.com/bot.html)"
85.208.96.198 - - [22/Nov/2024:06:06:20 -0800] "GET /fiv/tpg8521hpbjo3cw HTTP/1.0" 500 - "-" "Mozilla/5.0 (compatible; SemrushBot/7~bl; +http://www.semrush.com/bot.html)"
101.44.251.89 - - [22/Nov/2024:06:06:50 -0800] "GET /product-category/products/page/8/?shop_view=list&per_page=9 HTTP/1.0" 500 - "-" "Mozilla/5.0 (Windows NT 10.0; Win64; x64) AppleWebKit/537.36 (KHTML, like Gecko) Chrome/107.0.0.0 Safari/537.36"
85.208.96.212 - - [22/Nov/2024:06:07:21 -0800] "GET /gb2id/axn3094axxquejr HTTP/1.0" 500 - "-" "Mozilla/5.0 (compatible; SemrushBot/7~bl; +http://www.semrush.com/bot.html)"
185.191.171.12 - - [22/Nov/2024:06:08:22 -0800] "GET /glgi9/mms8644mbhvyau HTTP/1.0" 500 - "-" "Mozilla/5.0 (compatible; SemrushBot/7~bl; +http://www.semrush.com/bot.html)"
185.191.171.8 - - [22/Nov/2024:06:09:23 -0800] "GET /j03/qrw23338tqrh29cfh3 HTTP/1.0" 500 - "-" "Mozilla/5.0 (compatible; SemrushBot/7~bl; +http://www.semrush.com/bot.html)"
166.108.206.150 - - [22/Nov/2024:06:09:38 -0800] "GET /category/party-planning-tips/page/5/ HTTP/1.0" 500 - "-" "Mozilla/5.0 (Windows NT 10.0; Win64; x64) AppleWebKit/537.36 (KHTML, like Gecko) Chrome/101.0.4951.64 Safari/537.36 Edg/101.0.1210.47"
185.191.171.1 - - [22/Nov/2024:06:10:24 -0800] "GET /vcu7y/hhn27697ohxs5dnnm HTTP/1.0" 500 - "-" "Mozilla/5.0 (compatible; SemrushBot/7~bl; +http://www.semrush.com/bot.html)"
66.249.79.6 - - [22/Nov/2024:06:11:01 -0800] "GET /robots.txt HTTP/1.0" 500 - "-" "Mozilla/5.0 (compatible; Googlebot/2.1; +http://www.google.com/bot.html)"
185.191.171.1 - - [22/Nov/2024:06:11:24 -0800] "GET /h82cf/kzq8044zdkfq1t2nf HTTP/1.0" 500 - "-" "Mozilla/5.0 (compatible; SemrushBot/7~bl; +http://www.semrush.com/bot.html)"
185.191.171.3 - - [22/Nov/2024:06:12:25 -0800] "GET /fva7q0/sff668fkrdu.html HTTP/1.0" 500 - "-" "Mozilla/5.0 (compatible; SemrushBot/7~bl; +http://www.semrush.com/bot.html)"
111.119.207.70 - - [22/Nov/2024:06:12:30 -0800] "GET /product/beautiful-warrior-cake-topper-breast-cancer-awareness-cake-decor-breast-cancer-pink-ribbon-sign-cancer-free-party-decoration-supplies-rose-gold-glitter/ HTTP/1.0" 500 - "-" "Mozilla/5.0 (Windows NT 10.0; Win64; x64) AppleWebKit/537.36 (KHTML, like Gecko) Chrome/104.0.0.0 Safari/537.36"
185.191.171.17 - - [22/Nov/2024:06:13:25 -0800] "GET /lj8/ejr4060jdzrrqwhaot HTTP/1.0" 500 - "-" "Mozilla/5.0 (compatible; SemrushBot/7~bl; +http://www.semrush.com/bot.html)"
185.191.171.2 - - [22/Nov/2024:06:14:26 -0800] "GET /knv/jvw18989fvlx5m.html HTTP/1.0" 500 - "-" "Mozilla/5.0 (compatible; SemrushBot/7~bl; +http://www.semrush.com/bot.html)"
66.249.79.6 - - [22/Nov/2024:06:14:27 -0800] "GET /robots.txt HTTP/1.0" 500 - "-" "Mozilla/5.0 (compatible; Googlebot/2.1; +http://www.google.com/bot.html)"
85.208.96.207 - - [22/Nov/2024:06:15:27 -0800] "GET /e4z/xhd595dvrhtx6pe HTTP/1.0" 500 - "-" "Mozilla/5.0 (compatible; SemrushBot/7~bl; +http://www.semrush.com/bot.html)"
189.1.231.227 - - [22/Nov/2024:06:15:35 -0800] "GET /the-new-outsourcing-for-meetings-on-demand-and-task-specific/ HTTP/1.0" 500 - "-" "Mozilla/5.0 (Windows NT 10.0; Win64; x64) AppleWebKit/537.36 (KHTML, like Gecko) Chrome/104.0.0.0 Safari/537.36"
185.191.171.13 - - [22/Nov/2024:06:16:28 -0800] "GET /tdnq/tcz12421ccyaj051 HTTP/1.0" 500 - "-" "Mozilla/5.0 (compatible; SemrushBot/7~bl; +http://www.semrush.com/bot.html)"
66.249.79.6 - - [22/Nov/2024:06:16:28 -0800] "GET /robots.txt HTTP/1.0" 500 - "-" "Mozilla/5.0 (compatible; Googlebot/2.1; +http://www.google.com/bot.html)"
185.191.171.14 - - [22/Nov/2024:06:17:29 -0800] "GET /heo5/tzg23705jzoq7.html HTTP/1.0" 500 - "-" "Mozilla/5.0 (compatible; SemrushBot/7~bl; +http://www.semrush.com/bot.html)"
66.249.79.6 - - [22/Nov/2024:06:17:55 -0800] "GET /robots.txt HTTP/1.0" 500 - "-" "Mozilla/5.0 (compatible; Googlebot/2.1; +http://www.google.com/bot.html)"
185.191.171.18 - - [22/Nov/2024:06:18:30 -0800] "GET /g33/xsd1843qgqs1ex8d105 HTTP/1.0" 500 - "-" "Mozilla/5.0 (compatible; SemrushBot/7~bl; +http://www.semrush.com/bot.html)"
119.8.38.210 - - [22/Nov/2024:06:19:00 -0800] "GET /shop/page/13/?per_page=9 HTTP/1.0" 500 - "-" "Mozilla/5.0 (Windows NT 10.0; Win64; x64) AppleWebKit/537.36 (KHTML, like Gecko) Chrome/110.0.0.0 Safari/537.36"
66.249.79.6 - - [22/Nov/2024:06:19:15 -0800] "GET /robots.txt HTTP/1.0" 500 - "-" "Mozilla/5.0 (compatible; Googlebot/2.1; +http://www.google.com/bot.html)"
185.191.171.17 - - [22/Nov/2024:06:19:30 -0800] "GET /m8gl/jyp27283eplyjg6 HTTP/1.0" 500 - "-" "Mozilla/5.0 (compatible; SemrushBot/7~bl; +http://www.semrush.com/bot.html)"
66.249.79.6 - - [22/Nov/2024:06:20:27 -0800] "GET /robots.txt HTTP/1.0" 500 - "-" "Mozilla/5.0 (compatible; Googlebot/2.1; +http://www.google.com/bot.html)"
85.208.96.212 - - [22/Nov/2024:06:20:33 -0800] "GET /lomjwm/hhn26917xhttd5rv HTTP/1.0" 500 - "-" "Mozilla/5.0 (compatible; SemrushBot/7~bl; +http://www.semrush.com/bot.html)"
185.191.171.18 - - [22/Nov/2024:06:21:34 -0800] "GET /pr9/czp9934urzkfn2zwc HTTP/1.0" 500 - "-" "Mozilla/5.0 (compatible; SemrushBot/7~bl; +http://www.semrush.com/bot.html)"
111.119.192.135 - - [22/Nov/2024:06:22:28 -0800] "GET /shop/page/11/?per_row=4&shop_view=grid&per_page=36 HTTP/1.0" 500 - "-" "Mozilla/5.0 (Windows NT 10.0; Win64; x64) AppleWebKit/537.36 (KHTML, like Gecko) Chrome/104.0.0.0 Safari/537.36"
85.208.96.201 - - [22/Nov/2024:06:22:34 -0800] "GET /zyf/twg9951nvown1eo.htm HTTP/1.0" 500 - "-" "Mozilla/5.0 (compatible; SemrushBot/7~bl; +http://www.semrush.com/bot.html)"
66.249.79.6 - - [22/Nov/2024:06:22:41 -0800] "GET /robots.txt HTTP/1.0" 500 - "-" "Mozilla/5.0 (compatible; Googlebot/2.1; +http://www.google.com/bot.html)"
85.208.96.195 - - [22/Nov/2024:06:23:35 -0800] "GET /u6sd/lpr3833ypzap.html HTTP/1.0" 500 - "-" "Mozilla/5.0 (compatible; SemrushBot/7~bl; +http://www.semrush.com/bot.html)"
66.249.79.6 - - [22/Nov/2024:06:24:20 -0800] "GET /robots.txt HTTP/1.0" 500 - "-" "Mozilla/5.0 (compatible; Googlebot/2.1; +http://www.google.com/bot.html)"
85.208.96.205 - - [22/Nov/2024:06:24:35 -0800] "GET /gqpdqoq/ino10486vfnwqq4 HTTP/1.0" 500 - "-" "Mozilla/5.0 (compatible; SemrushBot/7~bl; +http://www.semrush.com/bot.html)"
85.208.96.208 - - [22/Nov/2024:06:25:36 -0800] "GET /ipn/fks9625vkhtlo2pt6i HTTP/1.0" 500 - "-" "Mozilla/5.0 (compatible; SemrushBot/7~bl; +http://www.semrush.com/bot.html)"
111.119.207.233 - - [22/Nov/2024:06:25:58 -0800] "GET /product-category/products/page/26/?per_row=4&shop_view=grid&per_page=24 HTTP/1.0" 500 - "-" "Mozilla/5.0 (Windows NT 10.0; Win64; x64) AppleWebKit/537.36 (KHTML, like Gecko) Chrome/101.0.4951.64 Safari/537.36 Edg/101.0.1210.47"
185.191.171.4 - - [22/Nov/2024:06:26:37 -0800] "GET /f2s/mms16314scmh12f.htm HTTP/1.0" 500 - "-" "Mozilla/5.0 (compatible; SemrushBot/7~bl; +http://www.semrush.com/bot.html)"
85.208.96.206 - - [22/Nov/2024:06:27:38 -0800] "GET /uq2xxbs/jkp8641ikzdm88a HTTP/1.0" 500 - "-" "Mozilla/5.0 (compatible; SemrushBot/7~bl; +http://www.semrush.com/bot.html)"
66.249.79.7 - - [22/Nov/2024:06:28:13 -0800] "GET /robots.txt HTTP/1.0" 500 - "-" "Mozilla/5.0 (compatible; Googlebot/2.1; +http://www.google.com/bot.html)"
85.208.96.195 - - [22/Nov/2024:06:28:34 -0800] "GET /robots.txt HTTP/1.0" 500 - "-" "Mozilla/5.0 (compatible; SemrushBot/7~bl; +http://www.semrush.com/bot.html)"
85.208.96.205 - - [22/Nov/2024:06:28:38 -0800] "GET /f7h/ito9862pytjad5di HTTP/1.0" 500 - "-" "Mozilla/5.0 (compatible; SemrushBot/7~bl; +http://www.semrush.com/bot.html)"
190.92.210.155 - - [22/Nov/2024:06:29:31 -0800] "GET /shop/page/41/?per_page=9 HTTP/1.0" 500 - "-" "Mozilla/5.0 (Windows NT 10.0; Win64; x64) AppleWebKit/537.36 (KHTML, like Gecko) Chrome/104.0.0.0 Safari/537.36"
66.249.79.7 - - [22/Nov/2024:06:29:38 -0800] "GET /robots.txt HTTP/1.0" 500 - "-" "Mozilla/5.0 (compatible; Googlebot/2.1; +http://www.google.com/bot.html)"
185.191.171.13 - - [22/Nov/2024:06:29:39 -0800] "GET /jtlls/fws5491bjvws6tn HTTP/1.0" 500 - "-" "Mozilla/5.0 (compatible; SemrushBot/7~bl; +http://www.semrush.com/bot.html)"
185.191.171.4 - - [22/Nov/2024:06:30:40 -0800] "GET /mbw/acg11362zecqf6or HTTP/1.0" 500 - "-" "Mozilla/5.0 (compatible; SemrushBot/7~bl; +http://www.semrush.com/bot.html)"
185.191.171.6 - - [22/Nov/2024:06:31:41 -0800] "GET /i1e/ttz24225gtwttg7.htm HTTP/1.0" 500 - "-" "Mozilla/5.0 (compatible; SemrushBot/7~bl; +http://www.semrush.com/bot.html)"
85.208.96.197 - - [22/Nov/2024:06:32:41 -0800] "GET /h12n/hpn4583akopxj.html HTTP/1.0" 500 - "-" "Mozilla/5.0 (compatible; SemrushBot/7~bl; +http://www.semrush.com/bot.html)"
27.106.101.161 - - [22/Nov/2024:06:33:06 -0800] "GET /shop/page/8/?per_page=9 HTTP/1.0" 500 - "-" "Mozilla/5.0 (Windows NT 10.0; Win64; x64) AppleWebKit/537.36 (KHTML, like Gecko) Chrome/107.0.0.0 Safari/537.36"
185.191.171.11 - - [22/Nov/2024:06:33:43 -0800] "GET /gbe/dqq7881tqrhstg9.htm HTTP/1.0" 500 - "-" "Mozilla/5.0 (compatible; SemrushBot/7~bl; +http://www.semrush.com/bot.html)"
185.191.171.6 - - [22/Nov/2024:06:34:44 -0800] "GET /gmivb7w/bno1405tnzp4obr HTTP/1.0" 500 - "-" "Mozilla/5.0 (compatible; SemrushBot/7~bl; +http://www.semrush.com/bot.html)"
185.191.171.4 - - [22/Nov/2024:06:35:44 -0800] "GET /h5j/bbh19033mbhvmiw1x HTTP/1.0" 500 - "-" "Mozilla/5.0 (compatible; SemrushBot/7~bl; +http://www.semrush.com/bot.html)"
85.208.96.203 - - [22/Nov/2024:06:36:45 -0800] "GET /rif7/lur5341yuugr2a HTTP/1.0" 500 - "-" "Mozilla/5.0 (compatible; SemrushBot/7~bl; +http://www.semrush.com/bot.html)"
189.1.236.212 - - [22/Nov/2024:06:36:48 -0800] "GET /product/coofandy-men-shiny-sequin-blazer-tuxedo-party-dinner-prom-one-button-suit-jacket/ HTTP/1.0" 500 - "-" "Mozilla/5.0 (Windows NT 10.0; Win64; x64) AppleWebKit/537.36 (KHTML, like Gecko) Chrome/107.0.0.0 Safari/537.36"
85.208.96.204 - - [22/Nov/2024:06:37:45 -0800] "GET /gf1/hzn24811qvvz1if9xg HTTP/1.0" 500 - "-" "Mozilla/5.0 (compatible; SemrushBot/7~bl; +http://www.semrush.com/bot.html)"
185.191.171.13 - - [22/Nov/2024:06:38:48 -0800] "GET /c58f/uga1736gcubz.html HTTP/1.0" 500 - "-" "Mozilla/5.0 (compatible; SemrushBot/7~bl; +http://www.semrush.com/bot.html)"
85.208.96.201 - - [22/Nov/2024:06:39:48 -0800] "GET /ir5m0j/mcz2404ccyafn5 HTTP/1.0" 500 - "-" "Mozilla/5.0 (compatible; SemrushBot/7~bl; +http://www.semrush.com/bot.html)"
111.119.235.122 - - [22/Nov/2024:06:40:32 -0800] "GET /hotel-strikes-impacting-conferences-in-hawaii/ HTTP/1.0" 500 - "-" "Mozilla/5.0 (Windows NT 10.0; Win64; x64) AppleWebKit/537.36 (KHTML, like Gecko) Chrome/110.0.0.0 Safari/537.36"
185.191.171.14 - - [22/Nov/2024:06:40:49 -0800] "GET /jh7/lfy19459ysqfis0 HTTP/1.0" 500 - "-" "Mozilla/5.0 (compatible; SemrushBot/7~bl; +http://www.semrush.com/bot.html)"
66.249.79.6 - - [22/Nov/2024:06:41:35 -0800] "GET /robots.txt HTTP/1.0" 500 - "-" "Mozilla/5.0 (compatible; Googlebot/2.1; +http://www.google.com/bot.html)"
185.191.171.14 - - [22/Nov/2024:06:41:50 -0800] "GET /fbl/bzo7853xziga.html HTTP/1.0" 500 - "-" "Mozilla/5.0 (compatible; SemrushBot/7~bl; +http://www.semrush.com/bot.html)"
85.208.96.208 - - [22/Nov/2024:06:42:51 -0800] "GET /hmeq/lnr6173gnzte9.html HTTP/1.0" 500 - "-" "Mozilla/5.0 (compatible; SemrushBot/7~bl; +http://www.semrush.com/bot.html)"
185.191.171.12 - - [22/Nov/2024:06:43:53 -0800] "GET /h6ued/jnw2791raunxft HTTP/1.0" 500 - "-" "Mozilla/5.0 (compatible; SemrushBot/7~bl; +http://www.semrush.com/bot.html)"
111.119.233.152 - - [22/Nov/2024:06:44:21 -0800] "GET /product-category/products/page/8/?per_page=9&shop_view=grid&per_row=3 HTTP/1.0" 500 - "-" "Mozilla/5.0 (Windows NT 10.0; Win64; x64) AppleWebKit/537.36 (KHTML, like Gecko) Chrome/101.0.4951.67 Safari/537.36"
185.191.171.11 - - [22/Nov/2024:06:44:55 -0800] "GET /h0k/kvq24034twvrg37g HTTP/1.0" 500 - "-" "Mozilla/5.0 (compatible; SemrushBot/7~bl; +http://www.semrush.com/bot.html)"
185.191.171.6 - - [22/Nov/2024:06:45:55 -0800] "GET /fej5k/epk4060pfexskn HTTP/1.0" 500 - "-" "Mozilla/5.0 (compatible; SemrushBot/7~bl; +http://www.semrush.com/bot.html)"
52.167.144.199 - - [22/Nov/2024:06:46:35 -0800] "GET /m28vw93b8/tyz4777kyjo73m4c HTTP/1.0" 500 - "-" "Mozilla/5.0 AppleWebKit/537.36 (KHTML, like Gecko; compatible; bingbot/2.0; +http://www.bing.com/bingbot.htm) Chrome/116.0.1938.76 Safari/537.36"
185.191.171.8 - - [22/Nov/2024:06:46:57 -0800] "GET /g3p/fcs8273scleuak.html HTTP/1.0" 500 - "-" "Mozilla/5.0 (compatible; SemrushBot/7~bl; +http://www.semrush.com/bot.html)"
45.79.163.44 - - [22/Nov/2024:06:47:33 -0800] "GET /.well-known/acme-challenge/S0S5XLIEITW-IT7KAM209S11IS1SOMR2 HTTP/1.0" 404 236 "-" "Cpanel-HTTP-Client/1.0"
45.79.163.44 - - [22/Nov/2024:06:47:34 -0800] "GET /.well-known/acme-challenge/43KPEI-IKN19IH0LQHYMM3K27YDUD0YM HTTP/1.0" 404 236 "-" "Cpanel-HTTP-Client/1.0"
45.79.163.44 - - [22/Nov/2024:06:47:35 -0800] "GET /.well-known/acme-challenge/M71CC6-KVLG3TKQWQRI1G984CL3QGB8K HTTP/1.0" 404 236 "-" "Cpanel-HTTP-Client/1.0"
85.208.96.201 - - [22/Nov/2024:06:47:57 -0800] "GET /f2m4/ufh27346vefv9t9fgj HTTP/1.0" 500 - "-" "Mozilla/5.0 (compatible; SemrushBot/7~bl; +http://www.semrush.com/bot.html)"
182.160.11.255 - - [22/Nov/2024:06:48:15 -0800] "GET /shop/page/20/?per_page=9 HTTP/1.0" 500 - "-" "Mozilla/5.0 (Windows NT 10.0; Win64; x64) AppleWebKit/537.36 (KHTML, like Gecko) Chrome/107.0.0.0 Safari/537.36"
66.249.79.6 - - [22/Nov/2024:06:48:20 -0800] "GET /robots.txt HTTP/1.0" 500 - "-" "Mozilla/5.0 (compatible; Googlebot/2.1; +http://www.google.com/bot.html)"
85.208.96.206 - - [22/Nov/2024:06:48:58 -0800] "GET /jy6/tcz12577sclebc69o HTTP/1.0" 500 - "-" "Mozilla/5.0 (compatible; SemrushBot/7~bl; +http://www.semrush.com/bot.html)"
85.208.96.197 - - [22/Nov/2024:06:49:59 -0800] "GET /hmn/cxi4890axxq41k4.htm HTTP/1.0" 500 - "-" "Mozilla/5.0 (compatible; SemrushBot/7~bl; +http://www.semrush.com/bot.html)"
66.249.79.6 - - [22/Nov/2024:06:50:01 -0800] "GET /robots.txt HTTP/1.0" 500 - "-" "Mozilla/5.0 (compatible; Googlebot/2.1; +http://www.google.com/bot.html)"
85.208.96.201 - - [22/Nov/2024:06:50:10 -0800] "GET /robots.txt HTTP/1.0" 500 - "-" "Mozilla/5.0 (compatible; SemrushBot/7~bl; +http://www.semrush.com/bot.html)"
185.191.171.14 - - [22/Nov/2024:06:51:02 -0800] "GET /gbg23h/vrb14893prrfb74 HTTP/1.0" 500 - "-" "Mozilla/5.0 (compatible; SemrushBot/7~bl; +http://www.semrush.com/bot.html)"
66.249.79.6 - - [22/Nov/2024:06:51:24 -0800] "GET /robots.txt HTTP/1.0" 500 - "-" "Mozilla/5.0 (compatible; Googlebot/2.1; +http://www.google.com/bot.html)"
85.208.96.201 - - [22/Nov/2024:06:52:11 -0800] "GET /ecu6/aen19760ejyud.html HTTP/1.0" 500 - "-" "Mozilla/5.0 (compatible; SemrushBot/7~bl; +http://www.semrush.com/bot.html)"
111.119.232.137 - - [22/Nov/2024:06:52:14 -0800] "GET /shop/page/5/?shop_view=list&per_page=9 HTTP/1.0" 500 - "-" "Mozilla/5.0 (Windows NT 10.0; Win64; x64) AppleWebKit/537.36 (KHTML, like Gecko) Chrome/104.0.0.0 Safari/537.36"
66.249.79.6 - - [22/Nov/2024:06:53:12 -0800] "GET /robots.txt HTTP/1.0" 500 - "-" "Mozilla/5.0 (compatible; Googlebot/2.1; +http://www.google.com/bot.html)"
185.191.171.11 - - [22/Nov/2024:06:53:12 -0800] "GET /f3l/bqh4421lqmua1.html HTTP/1.0" 500 - "-" "Mozilla/5.0 (compatible; SemrushBot/7~bl; +http://www.semrush.com/bot.html)"
85.208.96.210 - - [22/Nov/2024:06:54:13 -0800] "GET /h36c8b4/cai5878ruac0a0 HTTP/1.0" 500 - "-" "Mozilla/5.0 (compatible; SemrushBot/7~bl; +http://www.semrush.com/bot.html)"
85.208.96.195 - - [22/Nov/2024:06:55:14 -0800] "GET /rgx2/gim7312izkzdvr HTTP/1.0" 500 - "-" "Mozilla/5.0 (compatible; SemrushBot/7~bl; +http://www.semrush.com/bot.html)"
85.208.96.204 - - [22/Nov/2024:06:56:15 -0800] "GET /dee/fpl1825gplmf3sjy7 HTTP/1.0" 500 - "-" "Mozilla/5.0 (compatible; SemrushBot/7~bl; +http://www.semrush.com/bot.html)"
66.249.79.6 - - [22/Nov/2024:06:56:15 -0800] "GET /robots.txt HTTP/1.0" 500 - "-" "Mozilla/5.0 (compatible; Googlebot/2.1; +http://www.google.com/bot.html)"
111.119.212.133 - - [22/Nov/2024:06:56:18 -0800] "GET /how-its-creative-director-is-transforming-the-conference-experience/ HTTP/1.0" 500 - "-" "Mozilla/5.0 (Windows NT 10.0; Win64; x64) AppleWebKit/537.36 (KHTML, like Gecko) Chrome/101.0.4951.67 Safari/537.36"
85.208.96.195 - - [22/Nov/2024:06:57:15 -0800] "GET /jl7/ypl5796pfexisr.htm HTTP/1.0" 500 - "-" "Mozilla/5.0 (compatible; SemrushBot/7~bl; +http://www.semrush.com/bot.html)"
66.249.79.6 - - [22/Nov/2024:06:57:26 -0800] "GET /robots.txt HTTP/1.0" 500 - "-" "Mozilla/5.0 (compatible; Googlebot/2.1; +http://www.google.com/bot.html)"
185.191.171.15 - - [22/Nov/2024:06:58:16 -0800] "GET /eun/ygl17132gake1.html HTTP/1.0" 500 - "-" "Mozilla/5.0 (compatible; SemrushBot/7~bl; +http://www.semrush.com/bot.html)"
85.208.96.206 - - [22/Nov/2024:06:59:17 -0800] "GET /g2o/dsq20231qgqsu3.html HTTP/1.0" 500 - "-" "Mozilla/5.0 (compatible; SemrushBot/7~bl; +http://www.semrush.com/bot.html)"
66.249.79.6 - - [22/Nov/2024:07:00:01 -0800] "GET /robots.txt HTTP/1.0" 500 - "-" "Mozilla/5.0 (compatible; Googlebot/2.1; +http://www.google.com/bot.html)"
85.208.96.206 - - [22/Nov/2024:07:00:18 -0800] "GET /g52/ovu16264vfnwx81 HTTP/1.0" 500 - "-" "Mozilla/5.0 (compatible; SemrushBot/7~bl; +http://www.semrush.com/bot.html)"
111.119.221.148 - - [22/Nov/2024:07:00:27 -0800] "GET /product/coofandy-mens-floral-printed-dress-shirt-long-sleeve-paisley-button-down-shirts-for-wedding-party-prom/ HTTP/1.0" 500 - "-" "Mozilla/5.0 (Windows NT 10.0; Win64; x64) AppleWebKit/537.36 (KHTML, like Gecko) Chrome/104.0.0.0 Safari/537.36"
185.191.171.19 - - [22/Nov/2024:07:01:18 -0800] "GET /iv3/kqq8122mxqbrkf4q HTTP/1.0" 500 - "-" "Mozilla/5.0 (compatible; SemrushBot/7~bl; +http://www.semrush.com/bot.html)"
66.249.79.6 - - [22/Nov/2024:07:01:55 -0800] "GET /robots.txt HTTP/1.0" 500 - "-" "Mozilla/5.0 (compatible; Googlebot/2.1; +http://www.google.com/bot.html)"
85.208.96.194 - - [22/Nov/2024:07:02:19 -0800] "GET /hkp1/cbp3200bgeuul.html HTTP/1.0" 500 - "-" "Mozilla/5.0 (compatible; SemrushBot/7~bl; +http://www.semrush.com/bot.html)"
85.208.96.202 - - [22/Nov/2024:07:03:19 -0800] "GET /l7zhi/yrl22852rwki7n40 HTTP/1.0" 500 - "-" "Mozilla/5.0 (compatible; SemrushBot/7~bl; +http://www.semrush.com/bot.html)"
85.208.96.212 - - [22/Nov/2024:07:04:20 -0800] "GET /f3etmd/cpp15940pytj5pw HTTP/1.0" 500 - "-" "Mozilla/5.0 (compatible; SemrushBot/7~bl; +http://www.semrush.com/bot.html)"
66.249.79.6 - - [22/Nov/2024:07:04:29 -0800] "GET /robots.txt HTTP/1.0" 500 - "-" "Mozilla/5.0 (compatible; Googlebot/2.1; +http://www.google.com/bot.html)"
111.119.204.67 - - [22/Nov/2024:07:04:45 -0800] "GET /shop/page/53/?per_page=9 HTTP/1.0" 500 - "-" "Mozilla/5.0 (Windows NT 10.0; Win64; x64) AppleWebKit/537.36 (KHTML, like Gecko) Chrome/101.0.4951.67 Safari/537.36"
185.191.171.7 - - [22/Nov/2024:07:05:20 -0800] "GET /h3f7n/xqd24541lqmu4p8y HTTP/1.0" 500 - "-" "Mozilla/5.0 (compatible; SemrushBot/7~bl; +http://www.semrush.com/bot.html)"
185.191.171.18 - - [22/Nov/2024:07:06:21 -0800] "GET /f4by16/fcs11653ccya8zc HTTP/1.0" 500 - "-" "Mozilla/5.0 (compatible; SemrushBot/7~bl; +http://www.semrush.com/bot.html)"
66.249.79.6 - - [22/Nov/2024:07:06:51 -0800] "GET /robots.txt HTTP/1.0" 500 - "-" "Mozilla/5.0 (compatible; Googlebot/2.1; +http://www.google.com/bot.html)"
85.208.96.193 - - [22/Nov/2024:07:07:22 -0800] "GET /hsb/iyo21406ejyuxook0 HTTP/1.0" 500 - "-" "Mozilla/5.0 (compatible; SemrushBot/7~bl; +http://www.semrush.com/bot.html)"
185.191.171.1 - - [22/Nov/2024:07:08:23 -0800] "GET /h1x/vrb11227wdxrhwfoej HTTP/1.0" 500 - "-" "Mozilla/5.0 (compatible; SemrushBot/7~bl; +http://www.semrush.com/bot.html)"
111.119.233.41 - - [22/Nov/2024:07:09:06 -0800] "GET /shop/page/14/?per_page=9 HTTP/1.0" 500 - "-" "Mozilla/5.0 (Windows NT 10.0; Win64; x64) AppleWebKit/537.36 (KHTML, like Gecko) Chrome/101.0.4951.64 Safari/537.36 Edg/101.0.1210.47"
85.208.96.194 - - [22/Nov/2024:07:09:24 -0800] "GET /hugyg0/hgn1021bgeul4f HTTP/1.0" 500 - "-" "Mozilla/5.0 (compatible; SemrushBot/7~bl; +http://www.semrush.com/bot.html)"
52.167.144.229 - - [22/Nov/2024:07:09:46 -0800] "GET /is-the-rise-of-alternative-communities-a-threat-to-meetings-industry-associations/ HTTP/1.0" 500 - "-" "Mozilla/5.0 AppleWebKit/537.36 (KHTML, like Gecko; compatible; bingbot/2.0; +http://www.bing.com/bingbot.htm) Chrome/116.0.1938.76 Safari/537.36"
185.191.171.1 - - [22/Nov/2024:07:10:25 -0800] "GET /ksx/dpq5801gplmio8.html HTTP/1.0" 500 - "-" "Mozilla/5.0 (compatible; SemrushBot/7~bl; +http://www.semrush.com/bot.html)"
185.191.171.11 - - [22/Nov/2024:07:11:26 -0800] "GET /dhqb/mvz14962twvrk8tptt HTTP/1.0" 500 - "-" "Mozilla/5.0 (compatible; SemrushBot/7~bl; +http://www.semrush.com/bot.html)"
185.191.171.14 - - [22/Nov/2024:07:12:27 -0800] "GET /rqbpw1/myz28612yuuguyc HTTP/1.0" 500 - "-" "Mozilla/5.0 (compatible; SemrushBot/7~bl; +http://www.semrush.com/bot.html)"
185.191.171.15 - - [22/Nov/2024:07:13:20 -0800] "GET /robots.txt HTTP/1.0" 500 - "-" "Mozilla/5.0 (compatible; SemrushBot/7~bl; +http://www.semrush.com/bot.html)"
