185.191.171.15 - - [22/Nov/2024:14:31:33 -0800] "GET /robots.txt HTTP/1.0" 500 - "-" "Mozilla/5.0 (compatible; SemrushBot/7~bl; +http://www.semrush.com/bot.html)"
185.191.171.16 - - [22/Nov/2024:14:32:26 -0800] "GET /ftv/oru8698fkrd9bkl HTTP/1.0" 500 - "-" "Mozilla/5.0 (compatible; SemrushBot/7~bl; +http://www.semrush.com/bot.html)"
185.191.171.18 - - [22/Nov/2024:14:33:27 -0800] "GET /ed3x/lwr21019vfnw7vl7g HTTP/1.0" 500 - "-" "Mozilla/5.0 (compatible; SemrushBot/7~bl; +http://www.semrush.com/bot.html)"
202.57.63.74 - - [22/Nov/2024:14:34:19 -0800] "GET / HTTP/1.0" 500 - "-" "Mozilla/5.0 (Windows NT 10.0; Win64; x64) AppleWebKit/537.36 (KHTML, like Gecko) Chrome/120.0.0.0 Safari/537.36"
185.191.171.16 - - [22/Nov/2024:14:34:28 -0800] "GET /t05/kpq6874phpnadmf HTTP/1.0" 500 - "-" "Mozilla/5.0 (compatible; SemrushBot/7~bl; +http://www.semrush.com/bot.html)"
185.191.171.17 - - [22/Nov/2024:14:35:28 -0800] "GET /wmb/mus3730gcubbcg HTTP/1.0" 500 - "-" "Mozilla/5.0 (compatible; SemrushBot/7~bl; +http://www.semrush.com/bot.html)"
85.208.96.208 - - [22/Nov/2024:14:36:29 -0800] "GET /gft/ozu3602urzk1.html HTTP/1.0" 500 - "-" "Mozilla/5.0 (compatible; SemrushBot/7~bl; +http://www.semrush.com/bot.html)"
185.191.171.1 - - [22/Nov/2024:14:37:30 -0800] "GET /lzd/oeu23674pfexyj3tm34 HTTP/1.0" 500 - "-" "Mozilla/5.0 (compatible; SemrushBot/7~bl; +http://www.semrush.com/bot.html)"
108.167.189.40 - - [22/Nov/2024:14:38:08 -0800] "POST /wp-cron.php?doing_wp_cron=1732315088.2227931022644042968750 HTTP/1.0" 200 - "-" "WordPress/6.4.3; https://princesspicnicevents.com"
85.208.96.204 - - [22/Nov/2024:14:38:31 -0800] "GET /hqu/wqc9174nequ4n0o.htm HTTP/1.0" 500 - "-" "Mozilla/5.0 (compatible; SemrushBot/7~bl; +http://www.semrush.com/bot.html)"
85.208.96.201 - - [22/Nov/2024:14:39:31 -0800] "GET /iz96/avn8840vkht5.html HTTP/1.0" 500 - "-" "Mozilla/5.0 (compatible; SemrushBot/7~bl; +http://www.semrush.com/bot.html)"
185.191.171.5 - - [22/Nov/2024:14:40:32 -0800] "GET /z8upu/mrz18316ruac7kz HTTP/1.0" 500 - "-" "Mozilla/5.0 (compatible; SemrushBot/7~bl; +http://www.semrush.com/bot.html)"
85.208.96.200 - - [22/Nov/2024:14:41:32 -0800] "GET /u7ttolz/zbf649bbyl6nl HTTP/1.0" 500 - "-" "Mozilla/5.0 (compatible; SemrushBot/7~bl; +http://www.semrush.com/bot.html)"
185.191.171.13 - - [22/Nov/2024:14:42:33 -0800] "GET /frw/dpq23689spqx6ea HTTP/1.0" 500 - "-" "Mozilla/5.0 (compatible; SemrushBot/7~bl; +http://www.semrush.com/bot.html)"
85.208.96.200 - - [22/Nov/2024:14:43:34 -0800] "GET /fm47/vpb4051rciprpy7 HTTP/1.0" 500 - "-" "Mozilla/5.0 (compatible; SemrushBot/7~bl; +http://www.semrush.com/bot.html)"
185.191.171.11 - - [22/Nov/2024:14:44:35 -0800] "GET /iuo/qtw17280tjarffx.htm HTTP/1.0" 500 - "-" "Mozilla/5.0 (compatible; SemrushBot/7~bl; +http://www.semrush.com/bot.html)"
157.55.39.59 - - [22/Nov/2024:14:44:40 -0800] "GET /laskx4m/ehk29566vkht6sx2vjxac HTTP/1.0" 500 - "-" "Mozilla/5.0 AppleWebKit/537.36 (KHTML, like Gecko; compatible; bingbot/2.0; +http://www.bing.com/bingbot.htm) Chrome/116.0.1938.76 Safari/537.36"
185.191.171.13 - - [22/Nov/2024:14:45:36 -0800] "GET /pche/ioo19612opxq5wshht HTTP/1.0" 500 - "-" "Mozilla/5.0 (compatible; SemrushBot/7~bl; +http://www.semrush.com/bot.html)"
85.208.96.210 - - [22/Nov/2024:14:46:38 -0800] "GET /nygi/esr9936scmh53m.htm HTTP/1.0" 500 - "-" "Mozilla/5.0 (compatible; SemrushBot/7~bl; +http://www.semrush.com/bot.html)"
85.208.96.205 - - [22/Nov/2024:14:47:38 -0800] "GET /ywj/iko22862rwkid.html HTTP/1.0" 500 - "-" "Mozilla/5.0 (compatible; SemrushBot/7~bl; +http://www.semrush.com/bot.html)"
85.208.96.198 - - [22/Nov/2024:14:48:39 -0800] "GET /eb3w/cwi29408wdxrn.html HTTP/1.0" 500 - "-" "Mozilla/5.0 (compatible; SemrushBot/7~bl; +http://www.semrush.com/bot.html)"
85.208.96.206 - - [22/Nov/2024:14:49:41 -0800] "GET /fj2/phv11897ohxsr.html HTTP/1.0" 500 - "-" "Mozilla/5.0 (compatible; SemrushBot/7~bl; +http://www.semrush.com/bot.html)"
85.208.96.207 - - [22/Nov/2024:14:50:42 -0800] "GET /07yh4fz/uzh982ikzdmuf HTTP/1.0" 500 - "-" "Mozilla/5.0 (compatible; SemrushBot/7~bl; +http://www.semrush.com/bot.html)"
185.191.171.13 - - [22/Nov/2024:14:51:43 -0800] "GET /ggi/yie15364ikzdtqu7o3z HTTP/1.0" 500 - "-" "Mozilla/5.0 (compatible; SemrushBot/7~bl; +http://www.semrush.com/bot.html)"
185.191.171.3 - - [22/Nov/2024:14:52:43 -0800] "GET /i82un/trz5869prrf1uip HTTP/1.0" 500 - "-" "Mozilla/5.0 (compatible; SemrushBot/7~bl; +http://www.semrush.com/bot.html)"
85.208.96.193 - - [22/Nov/2024:14:52:54 -0800] "GET /robots.txt HTTP/1.0" 500 - "-" "Mozilla/5.0 (compatible; SemrushBot/7~bl; +http://www.semrush.com/bot.html)"
185.191.171.17 - - [22/Nov/2024:14:53:44 -0800] "GET /01umg/jrw11371twvrgmb HTTP/1.0" 500 - "-" "Mozilla/5.0 (compatible; SemrushBot/7~bl; +http://www.semrush.com/bot.html)"
85.208.96.194 - - [22/Nov/2024:14:54:44 -0800] "GET /i5kv899/bwh6943vfnwzqya HTTP/1.0" 500 - "-" "Mozilla/5.0 (compatible; SemrushBot/7~bl; +http://www.semrush.com/bot.html)"
94.247.172.129 - - [22/Nov/2024:14:55:03 -0800] "GET / HTTP/1.0" 500 - "-" "Mozilla/5.0 (Macintosh; Intel Mac OS X 10_9_2)"
157.55.39.56 - - [22/Nov/2024:14:55:22 -0800] "GET /soope/kfq11684folr92.html HTTP/1.0" 500 - "-" "Mozilla/5.0 AppleWebKit/537.36 (KHTML, like Gecko; compatible; bingbot/2.0; +http://www.bing.com/bingbot.htm) Chrome/116.0.1938.76 Safari/537.36"
85.208.96.201 - - [22/Nov/2024:14:55:45 -0800] "GET /l40/jhp21589lhemg12c00 HTTP/1.0" 500 - "-" "Mozilla/5.0 (compatible; SemrushBot/7~bl; +http://www.semrush.com/bot.html)"
85.208.96.201 - - [22/Nov/2024:14:56:46 -0800] "GET /fvnu/slf21442fvlxf07 HTTP/1.0" 500 - "-" "Mozilla/5.0 (compatible; SemrushBot/7~bl; +http://www.semrush.com/bot.html)"
85.208.96.193 - - [22/Nov/2024:14:57:46 -0800] "GET /cs3/slf7064lhemjem.html HTTP/1.0" 500 - "-" "Mozilla/5.0 (compatible; SemrushBot/7~bl; +http://www.semrush.com/bot.html)"
85.208.96.203 - - [22/Nov/2024:14:58:47 -0800] "GET /jk8/vbb12917bbylzv.html HTTP/1.0" 500 - "-" "Mozilla/5.0 (compatible; SemrushBot/7~bl; +http://www.semrush.com/bot.html)"
85.208.96.198 - - [22/Nov/2024:14:59:47 -0800] "GET /lw6/tqz26175axxqxpu.htm HTTP/1.0" 500 - "-" "Mozilla/5.0 (compatible; SemrushBot/7~bl; +http://www.semrush.com/bot.html)"
85.208.96.211 - - [22/Nov/2024:15:00:48 -0800] "GET /guy/nqa19643jzoqx9.html HTTP/1.0" 500 - "-" "Mozilla/5.0 (compatible; SemrushBot/7~bl; +http://www.semrush.com/bot.html)"
85.208.96.203 - - [22/Nov/2024:15:01:48 -0800] "GET /k485wdz/qow6958nvow1t5f HTTP/1.0" 500 - "-" "Mozilla/5.0 (compatible; SemrushBot/7~bl; +http://www.semrush.com/bot.html)"
185.191.171.14 - - [22/Nov/2024:15:02:49 -0800] "GET /fur/ohu12130mbhvpmfeci HTTP/1.0" 500 - "-" "Mozilla/5.0 (compatible; SemrushBot/7~bl; +http://www.semrush.com/bot.html)"
185.191.171.1 - - [22/Nov/2024:15:03:50 -0800] "GET /nr9q3y/hdn23485odymq69 HTTP/1.0" 500 - "-" "Mozilla/5.0 (compatible; SemrushBot/7~bl; +http://www.semrush.com/bot.html)"
85.208.96.209 - - [22/Nov/2024:15:04:50 -0800] "GET /hb3/iso3206nqss2.html HTTP/1.0" 500 - "-" "Mozilla/5.0 (compatible; SemrushBot/7~bl; +http://www.semrush.com/bot.html)"
85.208.96.205 - - [22/Nov/2024:15:05:51 -0800] "GET /xnh6/lqy27935ghnq2.html HTTP/1.0" 500 - "-" "Mozilla/5.0 (compatible; SemrushBot/7~bl; +http://www.semrush.com/bot.html)"
185.191.171.10 - - [22/Nov/2024:15:06:52 -0800] "GET /o35e/lyr22267eplynw3 HTTP/1.0" 500 - "-" "Mozilla/5.0 (compatible; SemrushBot/7~bl; +http://www.semrush.com/bot.html)"
185.191.171.10 - - [22/Nov/2024:15:07:53 -0800] "GET /h2zz/zqf13441lqmu0hp HTTP/1.0" 500 - "-" "Mozilla/5.0 (compatible; SemrushBot/7~bl; +http://www.semrush.com/bot.html)"
185.191.171.11 - - [22/Nov/2024:15:08:54 -0800] "GET /fsug/trz8755twvrmroe HTTP/1.0" 500 - "-" "Mozilla/5.0 (compatible; SemrushBot/7~bl; +http://www.semrush.com/bot.html)"
185.191.171.2 - - [22/Nov/2024:15:09:55 -0800] "GET /etma1/mjs2534htjtu.html HTTP/1.0" 500 - "-" "Mozilla/5.0 (compatible; SemrushBot/7~bl; +http://www.semrush.com/bot.html)"
85.208.96.205 - - [22/Nov/2024:15:10:55 -0800] "GET /fjt9/gyt7910ejyun.html HTTP/1.0" 500 - "-" "Mozilla/5.0 (compatible; SemrushBot/7~bl; +http://www.semrush.com/bot.html)"
85.208.96.210 - - [22/Nov/2024:15:11:57 -0800] "GET /f0pv/gpm24160pasu9m71 HTTP/1.0" 500 - "-" "Mozilla/5.0 (compatible; SemrushBot/7~bl; +http://www.semrush.com/bot.html)"
85.208.96.209 - - [22/Nov/2024:15:12:58 -0800] "GET /c7w/kfx8668fxzxp4t2m2q HTTP/1.0" 500 - "-" "Mozilla/5.0 (compatible; SemrushBot/7~bl; +http://www.semrush.com/bot.html)"
185.191.171.9 - - [22/Nov/2024:15:13:59 -0800] "GET /h1f/qqw28018daqfe6fc HTTP/1.0" 500 - "-" "Mozilla/5.0 (compatible; SemrushBot/7~bl; +http://www.semrush.com/bot.html)"
185.191.171.12 - - [22/Nov/2024:15:14:24 -0800] "GET /robots.txt HTTP/1.0" 500 - "-" "Mozilla/5.0 (compatible; SemrushBot/7~bl; +http://www.semrush.com/bot.html)"
185.191.171.3 - - [22/Nov/2024:15:15:00 -0800] "GET /ja8/tcz9301ycoo58pw HTTP/1.0" 500 - "-" "Mozilla/5.0 (compatible; SemrushBot/7~bl; +http://www.semrush.com/bot.html)"
185.191.171.12 - - [22/Nov/2024:15:16:01 -0800] "GET /gq4t/bch23843ruace.html HTTP/1.0" 500 - "-" "Mozilla/5.0 (compatible; SemrushBot/7~bl; +http://www.semrush.com/bot.html)"
185.191.171.11 - - [22/Nov/2024:15:17:03 -0800] "GET /fpx/xxk5041gxkfwqvul75l HTTP/1.0" 500 - "-" "Mozilla/5.0 (compatible; SemrushBot/7~bl; +http://www.semrush.com/bot.html)"
85.208.96.206 - - [22/Nov/2024:15:18:05 -0800] "GET /g27/gqm8430spqx7ghy.htm HTTP/1.0" 500 - "-" "Mozilla/5.0 (compatible; SemrushBot/7~bl; +http://www.semrush.com/bot.html)"
185.191.171.9 - - [22/Nov/2024:15:19:06 -0800] "GET /kky/zfm28417vfnwnxp HTTP/1.0" 500 - "-" "Mozilla/5.0 (compatible; SemrushBot/7~bl; +http://www.semrush.com/bot.html)"
52.167.144.199 - - [22/Nov/2024:15:19:22 -0800] "GET /blackstone-is-planning-to-sell-clarion-events/ HTTP/1.0" 500 - "-" "Mozilla/5.0 AppleWebKit/537.36 (KHTML, like Gecko; compatible; bingbot/2.0; +http://www.bing.com/bingbot.htm) Chrome/116.0.1938.76 Safari/537.36"
85.208.96.208 - - [22/Nov/2024:15:20:06 -0800] "GET /jai/mrs26402fkrdo.html HTTP/1.0" 500 - "-" "Mozilla/5.0 (compatible; SemrushBot/7~bl; +http://www.semrush.com/bot.html)"
147.185.132.51 - - [22/Nov/2024:15:20:37 -0800] "GET / HTTP/1.0" 500 - "-" "Expanse, a Palo Alto Networks company, searches across the global IPv4 space multiple times per day to identify customers' presences on the Internet. If you would like to be excluded from our scans, please send IP addresses/domains to: scaninfo@paloaltonetworks.com"
85.208.96.201 - - [22/Nov/2024:15:21:07 -0800] "GET /fc1/aag11544akopy2a.htm HTTP/1.0" 500 - "-" "Mozilla/5.0 (compatible; SemrushBot/7~bl; +http://www.semrush.com/bot.html)"
85.208.96.203 - - [22/Nov/2024:15:22:08 -0800] "GET /hb6q/lfr8539zdkf0cgb7x HTTP/1.0" 500 - "-" "Mozilla/5.0 (compatible; SemrushBot/7~bl; +http://www.semrush.com/bot.html)"
85.208.96.199 - - [22/Nov/2024:15:23:08 -0800] "GET /jlo/lpy26713gplmelb0r HTTP/1.0" 500 - "-" "Mozilla/5.0 (compatible; SemrushBot/7~bl; +http://www.semrush.com/bot.html)"
185.191.171.12 - - [22/Nov/2024:15:24:09 -0800] "GET /0bcl/qxw12158opxqw.html HTTP/1.0" 500 - "-" "Mozilla/5.0 (compatible; SemrushBot/7~bl; +http://www.semrush.com/bot.html)"
66.249.79.7 - - [22/Nov/2024:15:25:04 -0800] "GET /robots.txt HTTP/1.0" 500 - "-" "Mozilla/5.0 (compatible; Googlebot/2.1; +http://www.google.com/bot.html)"
66.249.79.8 - - [22/Nov/2024:15:25:04 -0800] "GET /n6e/zof27767kyjovvu3tlsy.html HTTP/1.0" 500 - "-" "Mozilla/5.0 (Linux; Android 6.0.1; Nexus 5X Build/MMB29P) AppleWebKit/537.36 (KHTML, like Gecko) Chrome/131.0.6778.69 Mobile Safari/537.36 (compatible; GoogleOther)"
85.208.96.193 - - [22/Nov/2024:15:25:11 -0800] "GET /m5n/gst16334nqssi.html HTTP/1.0" 500 - "-" "Mozilla/5.0 (compatible; SemrushBot/7~bl; +http://www.semrush.com/bot.html)"
191.101.61.83 - - [22/Nov/2024:15:26:02 -0800] "GET /.env HTTP/1.0" 406 300 "-" "Mozilla/5.0 (Macintosh; Intel Mac OS X 10.15; rv:77.0) Gecko/20100101 Firefox/77.0"
85.208.96.209 - - [22/Nov/2024:15:26:12 -0800] "GET /ih8/vob27919ycoof4le HTTP/1.0" 500 - "-" "Mozilla/5.0 (compatible; SemrushBot/7~bl; +http://www.semrush.com/bot.html)"
185.191.171.13 - - [22/Nov/2024:15:27:12 -0800] "GET /g9g0rs/xhk17599dvrh5rxx HTTP/1.0" 500 - "-" "Mozilla/5.0 (compatible; SemrushBot/7~bl; +http://www.semrush.com/bot.html)"
85.208.96.200 - - [22/Nov/2024:15:28:13 -0800] "GET /cevcategorianvow/66 HTTP/1.0" 500 - "-" "Mozilla/5.0 (compatible; SemrushBot/7~bl; +http://www.semrush.com/bot.html)"
85.208.96.205 - - [22/Nov/2024:15:29:14 -0800] "GET /wk3oth42/tpz1969gplm70p HTTP/1.0" 500 - "-" "Mozilla/5.0 (compatible; SemrushBot/7~bl; +http://www.semrush.com/bot.html)"
157.55.39.195 - - [22/Nov/2024:15:29:55 -0800] "GET /erp/hen19013eeby4mb.html HTTP/1.0" 500 - "-" "Mozilla/5.0 AppleWebKit/537.36 (KHTML, like Gecko; compatible; bingbot/2.0; +http://www.bing.com/bingbot.htm) Chrome/116.0.1938.76 Safari/537.36"
185.191.171.15 - - [22/Nov/2024:15:30:15 -0800] "GET /fwy/akg3562rwkidbvc HTTP/1.0" 500 - "-" "Mozilla/5.0 (compatible; SemrushBot/7~bl; +http://www.semrush.com/bot.html)"
185.191.171.9 - - [22/Nov/2024:15:31:16 -0800] "GET /fnc7/dcj6373gcub0y8 HTTP/1.0" 500 - "-" "Mozilla/5.0 (compatible; SemrushBot/7~bl; +http://www.semrush.com/bot.html)"
185.191.171.17 - - [22/Nov/2024:15:32:16 -0800] "GET /uhj/yhe17314mbhvmqwet5s HTTP/1.0" 500 - "-" "Mozilla/5.0 (compatible; SemrushBot/7~bl; +http://www.semrush.com/bot.html)"
185.191.171.15 - - [22/Nov/2024:15:33:17 -0800] "GET /l3r/fvl9833dvrhlp5.html HTTP/1.0" 500 - "-" "Mozilla/5.0 (compatible; SemrushBot/7~bl; +http://www.semrush.com/bot.html)"
185.191.171.7 - - [22/Nov/2024:15:34:19 -0800] "GET /ksl/oxu29628xhttqtn.htm HTTP/1.0" 500 - "-" "Mozilla/5.0 (compatible; SemrushBot/7~bl; +http://www.semrush.com/bot.html)"
185.191.171.3 - - [22/Nov/2024:15:35:20 -0800] "GET /kfrf3/vfi6131ysqfn.html HTTP/1.0" 500 - "-" "Mozilla/5.0 (compatible; SemrushBot/7~bl; +http://www.semrush.com/bot.html)"
85.208.96.212 - - [22/Nov/2024:15:36:18 -0800] "GET /robots.txt HTTP/1.0" 500 - "-" "Mozilla/5.0 (compatible; SemrushBot/7~bl; +http://www.semrush.com/bot.html)"
85.208.96.212 - - [22/Nov/2024:15:36:20 -0800] "GET /r6wcm/kaq13972akopfnttv HTTP/1.0" 500 - "-" "Mozilla/5.0 (compatible; SemrushBot/7~bl; +http://www.semrush.com/bot.html)"
85.208.96.196 - - [22/Nov/2024:15:37:21 -0800] "GET /h5i0o/tbg19opkbcj78 HTTP/1.0" 500 - "-" "Mozilla/5.0 (compatible; SemrushBot/7~bl; +http://www.semrush.com/bot.html)"
85.208.96.209 - - [22/Nov/2024:15:38:22 -0800] "GET /lidq0aka/qyd6880ycooc46 HTTP/1.0" 500 - "-" "Mozilla/5.0 (compatible; SemrushBot/7~bl; +http://www.semrush.com/bot.html)"
185.191.171.3 - - [22/Nov/2024:15:39:23 -0800] "GET /fs3f/chp860htjtz.html HTTP/1.0" 500 - "-" "Mozilla/5.0 (compatible; SemrushBot/7~bl; +http://www.semrush.com/bot.html)"
185.191.171.8 - - [22/Nov/2024:15:40:23 -0800] "GET /g1fak/enk3358vfnw20x3y HTTP/1.0" 500 - "-" "Mozilla/5.0 (compatible; SemrushBot/7~bl; +http://www.semrush.com/bot.html)"
185.191.171.3 - - [22/Nov/2024:15:41:24 -0800] "GET /ibv/vub21549ruacv9i.htm HTTP/1.0" 500 - "-" "Mozilla/5.0 (compatible; SemrushBot/7~bl; +http://www.semrush.com/bot.html)"
185.191.171.15 - - [22/Nov/2024:15:42:26 -0800] "GET /mkp/aqn6786mxqbww1u.htm HTTP/1.0" 500 - "-" "Mozilla/5.0 (compatible; SemrushBot/7~bl; +http://www.semrush.com/bot.html)"
185.191.171.4 - - [22/Nov/2024:15:43:27 -0800] "GET /hul/xkd19939lmik71jg HTTP/1.0" 500 - "-" "Mozilla/5.0 (compatible; SemrushBot/7~bl; +http://www.semrush.com/bot.html)"
85.208.96.201 - - [22/Nov/2024:15:44:28 -0800] "GET /m0su/xhd26569zhmjm3imn HTTP/1.0" 500 - "-" "Mozilla/5.0 (compatible; SemrushBot/7~bl; +http://www.semrush.com/bot.html)"
185.191.171.6 - - [22/Nov/2024:15:45:28 -0800] "GET /gra/fjs3073bjvw02qgcw9f HTTP/1.0" 500 - "-" "Mozilla/5.0 (compatible; SemrushBot/7~bl; +http://www.semrush.com/bot.html)"
185.191.171.5 - - [22/Nov/2024:15:46:29 -0800] "GET /yxpt4/abn2236bqca4k8gv HTTP/1.0" 500 - "-" "Mozilla/5.0 (compatible; SemrushBot/7~bl; +http://www.semrush.com/bot.html)"
185.191.171.13 - - [22/Nov/2024:15:47:37 -0800] "GET /fj8y/rpx21883akop6kgkm HTTP/1.0" 500 - "-" "Mozilla/5.0 (compatible; SemrushBot/7~bl; +http://www.semrush.com/bot.html)"
45.79.163.44 - - [22/Nov/2024:15:47:39 -0800] "GET /.well-known/acme-challenge/7UPB24D7_TAE34DDSKN1BYDF0R0JEQYU HTTP/1.0" 404 236 "-" "Cpanel-HTTP-Client/1.0"
45.79.163.44 - - [22/Nov/2024:15:47:40 -0800] "GET /.well-known/acme-challenge/Q9-AALA884D4E3Q4LZT6LLAXMMP4RR9Z HTTP/1.0" 404 236 "-" "Cpanel-HTTP-Client/1.0"
45.79.163.44 - - [22/Nov/2024:15:47:40 -0800] "GET /.well-known/acme-challenge/0XLTPZ7UGG29KAGBWBF8R2ZP0HZ86UKE HTTP/1.0" 404 236 "-" "Cpanel-HTTP-Client/1.0"
85.208.96.202 - - [22/Nov/2024:15:48:38 -0800] "GET /k7j3/ueh22354bgeu4le HTTP/1.0" 500 - "-" "Mozilla/5.0 (compatible; SemrushBot/7~bl; +http://www.semrush.com/bot.html)"
185.191.171.13 - - [22/Nov/2024:15:49:39 -0800] "GET /glp/jap15115eeja0i4s7tt HTTP/1.0" 500 - "-" "Mozilla/5.0 (compatible; SemrushBot/7~bl; +http://www.semrush.com/bot.html)"
85.208.96.199 - - [22/Nov/2024:15:50:39 -0800] "GET /jvb/frl21871jdzrvg72os HTTP/1.0" 500 - "-" "Mozilla/5.0 (compatible; SemrushBot/7~bl; +http://www.semrush.com/bot.html)"
185.191.171.19 - - [22/Nov/2024:15:51:40 -0800] "GET /fjwv/dbj22987gcubaoel5w HTTP/1.0" 500 - "-" "Mozilla/5.0 (compatible; SemrushBot/7~bl; +http://www.semrush.com/bot.html)"
85.208.96.205 - - [22/Nov/2024:15:52:41 -0800] "GET /vxhy/rrx16943wdxry.html HTTP/1.0" 500 - "-" "Mozilla/5.0 (compatible; SemrushBot/7~bl; +http://www.semrush.com/bot.html)"
185.191.171.2 - - [22/Nov/2024:15:53:42 -0800] "GET /zdm/cji8036jzoqvh.html HTTP/1.0" 500 - "-" "Mozilla/5.0 (compatible; SemrushBot/7~bl; +http://www.semrush.com/bot.html)"
185.191.171.9 - - [22/Nov/2024:15:54:42 -0800] "GET /f720/hxn20755fxzx93iyl6 HTTP/1.0" 500 - "-" "Mozilla/5.0 (compatible; SemrushBot/7~bl; +http://www.semrush.com/bot.html)"
185.191.171.9 - - [22/Nov/2024:15:55:43 -0800] "GET /f0mx/opu13456phpne9vh HTTP/1.0" 500 - "-" "Mozilla/5.0 (compatible; SemrushBot/7~bl; +http://www.semrush.com/bot.html)"
85.208.96.207 - - [22/Nov/2024:15:56:44 -0800] "GET /gd7/csp18202mesjbv7fx HTTP/1.0" 500 - "-" "Mozilla/5.0 (compatible; SemrushBot/7~bl; +http://www.semrush.com/bot.html)"
185.191.171.10 - - [22/Nov/2024:15:57:15 -0800] "GET /robots.txt HTTP/1.0" 500 - "-" "Mozilla/5.0 (compatible; SemrushBot/7~bl; +http://www.semrush.com/bot.html)"
185.191.171.2 - - [22/Nov/2024:15:57:45 -0800] "GET /fjcw/gqt15346qgqsesvl HTTP/1.0" 500 - "-" "Mozilla/5.0 (compatible; SemrushBot/7~bl; +http://www.semrush.com/bot.html)"
185.191.171.13 - - [22/Nov/2024:15:58:46 -0800] "GET /kn9xg/sif2306xzigr.html HTTP/1.0" 500 - "-" "Mozilla/5.0 (compatible; SemrushBot/7~bl; +http://www.semrush.com/bot.html)"
52.167.144.230 - - [22/Nov/2024:15:58:58 -0800] "GET /bsp/wrc9512rwkis.html HTTP/1.0" 500 - "-" "Mozilla/5.0 AppleWebKit/537.36 (KHTML, like Gecko; compatible; bingbot/2.0; +http://www.bing.com/bingbot.htm) Chrome/116.0.1938.76 Safari/537.36"
85.208.96.201 - - [22/Nov/2024:15:59:47 -0800] "GET /zeiy/tvz18115pchvw863bx HTTP/1.0" 500 - "-" "Mozilla/5.0 (compatible; SemrushBot/7~bl; +http://www.semrush.com/bot.html)"
185.191.171.10 - - [22/Nov/2024:16:01:04 -0800] "GET /vtyh/cai16876aedsni3 HTTP/1.0" 500 - "-" "Mozilla/5.0 (compatible; SemrushBot/7~bl; +http://www.semrush.com/bot.html)"
52.167.144.193 - - [22/Nov/2024:16:01:07 -0800] "GET /pot/mms19720mesjg8eaf HTTP/1.0" 500 - "-" "Mozilla/5.0 AppleWebKit/537.36 (KHTML, like Gecko; compatible; bingbot/2.0; +http://www.bing.com/bingbot.htm) Chrome/116.0.1938.76 Safari/537.36"
185.191.171.12 - - [22/Nov/2024:16:02:04 -0800] "GET /xs8/pjc8881xjcqr50u HTTP/1.0" 500 - "-" "Mozilla/5.0 (compatible; SemrushBot/7~bl; +http://www.semrush.com/bot.html)"
185.191.171.14 - - [22/Nov/2024:16:03:05 -0800] "GET /fyrxi/vfi10525pfex5yy2 HTTP/1.0" 500 - "-" "Mozilla/5.0 (compatible; SemrushBot/7~bl; +http://www.semrush.com/bot.html)"
185.191.171.5 - - [22/Nov/2024:16:04:06 -0800] "GET /ilsf/nqt3367opxqagx282 HTTP/1.0" 500 - "-" "Mozilla/5.0 (compatible; SemrushBot/7~bl; +http://www.semrush.com/bot.html)"
207.46.13.126 - - [22/Nov/2024:16:04:37 -0800] "GET /caesars-is-selling-linq-promenade-in-las-vegas/ HTTP/1.0" 500 - "-" "Mozilla/5.0 AppleWebKit/537.36 (KHTML, like Gecko; compatible; bingbot/2.0; +http://www.bing.com/bingbot.htm) Chrome/116.0.1938.76 Safari/537.36"
85.208.96.207 - - [22/Nov/2024:16:05:07 -0800] "GET /ghzhw/gmm13708myas7grm HTTP/1.0" 500 - "-" "Mozilla/5.0 (compatible; SemrushBot/7~bl; +http://www.semrush.com/bot.html)"
85.208.96.209 - - [22/Nov/2024:16:06:07 -0800] "GET /frcv/xxd2155myzx45v4d HTTP/1.0" 500 - "-" "Mozilla/5.0 (compatible; SemrushBot/7~bl; +http://www.semrush.com/bot.html)"
85.208.96.198 - - [22/Nov/2024:16:07:08 -0800] "GET /htx2ec/tdz9925zdkfsse HTTP/1.0" 500 - "-" "Mozilla/5.0 (compatible; SemrushBot/7~bl; +http://www.semrush.com/bot.html)"
185.191.171.10 - - [22/Nov/2024:16:08:10 -0800] "GET /g3mcx/ldy21019ikzd6rzir HTTP/1.0" 500 - "-" "Mozilla/5.0 (compatible; SemrushBot/7~bl; +http://www.semrush.com/bot.html)"
207.46.13.151 - - [22/Nov/2024:16:08:18 -0800] "GET /imay4xw/fus9469ruacpmam HTTP/1.0" 500 - "-" "Mozilla/5.0 AppleWebKit/537.36 (KHTML, like Gecko; compatible; bingbot/2.0; +http://www.bing.com/bingbot.htm) Chrome/116.0.1938.76 Safari/537.36"
85.208.96.197 - - [22/Nov/2024:16:09:10 -0800] "GET /zz5q/jzp17299izkz6wutp4 HTTP/1.0" 500 - "-" "Mozilla/5.0 (compatible; SemrushBot/7~bl; +http://www.semrush.com/bot.html)"
85.208.96.211 - - [22/Nov/2024:16:10:11 -0800] "GET /gz2b/ezk14356zhmjto4b HTTP/1.0" 500 - "-" "Mozilla/5.0 (compatible; SemrushBot/7~bl; +http://www.semrush.com/bot.html)"
85.208.96.199 - - [22/Nov/2024:16:11:16 -0800] "GET /i2n/bdo15991orqdjl8 HTTP/1.0" 500 - "-" "Mozilla/5.0 (compatible; SemrushBot/7~bl; +http://www.semrush.com/bot.html)"
185.191.171.5 - - [22/Nov/2024:16:12:16 -0800] "GET /schm/liy13375rwkiekv HTTP/1.0" 500 - "-" "Mozilla/5.0 (compatible; SemrushBot/7~bl; +http://www.semrush.com/bot.html)"
85.208.96.197 - - [22/Nov/2024:16:13:17 -0800] "GET /rylk0y/npt12805gplmw9n HTTP/1.0" 500 - "-" "Mozilla/5.0 (compatible; SemrushBot/7~bl; +http://www.semrush.com/bot.html)"
85.208.96.209 - - [22/Nov/2024:16:14:19 -0800] "GET /g9am/bvh6709rvou3oy3sq HTTP/1.0" 500 - "-" "Mozilla/5.0 (compatible; SemrushBot/7~bl; +http://www.semrush.com/bot.html)"
85.208.96.205 - - [22/Nov/2024:16:15:19 -0800] "GET /00n/qyd1550sqynp7.html HTTP/1.0" 500 - "-" "Mozilla/5.0 (compatible; SemrushBot/7~bl; +http://www.semrush.com/bot.html)"
85.208.96.199 - - [22/Nov/2024:16:16:20 -0800] "GET /oqy/tyg409myasaa4 HTTP/1.0" 500 - "-" "Mozilla/5.0 (compatible; SemrushBot/7~bl; +http://www.semrush.com/bot.html)"
185.191.171.13 - - [22/Nov/2024:16:17:21 -0800] "GET /rcmjt/efk3124fvlx7q3 HTTP/1.0" 500 - "-" "Mozilla/5.0 (compatible; SemrushBot/7~bl; +http://www.semrush.com/bot.html)"
185.191.171.12 - - [22/Nov/2024:16:18:22 -0800] "GET /fmh/aqg22594qgqs9cki HTTP/1.0" 500 - "-" "Mozilla/5.0 (compatible; SemrushBot/7~bl; +http://www.semrush.com/bot.html)"
185.191.171.7 - - [22/Nov/2024:16:19:23 -0800] "GET /robots.txt HTTP/1.0" 500 - "-" "Mozilla/5.0 (compatible; SemrushBot/7~bl; +http://www.semrush.com/bot.html)"
185.191.171.15 - - [22/Nov/2024:16:19:24 -0800] "GET /f3piyk7/yze6862jdzroxf HTTP/1.0" 500 - "-" "Mozilla/5.0 (compatible; SemrushBot/7~bl; +http://www.semrush.com/bot.html)"
185.191.171.8 - - [22/Nov/2024:16:20:24 -0800] "GET /iig/lwr16417twvrx8t HTTP/1.0" 500 - "-" "Mozilla/5.0 (compatible; SemrushBot/7~bl; +http://www.semrush.com/bot.html)"
52.167.144.183 - - [22/Nov/2024:16:20:40 -0800] "GET /i1i1a/ldr11425odym618gfux HTTP/1.0" 500 - "-" "Mozilla/5.0 AppleWebKit/537.36 (KHTML, like Gecko; compatible; bingbot/2.0; +http://www.bing.com/bingbot.htm) Chrome/116.0.1938.76 Safari/537.36"
85.208.96.203 - - [22/Nov/2024:16:21:25 -0800] "GET /guv/twz27163hfgw59pdv HTTP/1.0" 500 - "-" "Mozilla/5.0 (compatible; SemrushBot/7~bl; +http://www.semrush.com/bot.html)"
185.191.171.10 - - [22/Nov/2024:16:22:26 -0800] "GET /k54/lxy8669axxqnj.html HTTP/1.0" 500 - "-" "Mozilla/5.0 (compatible; SemrushBot/7~bl; +http://www.semrush.com/bot.html)"
85.208.96.195 - - [22/Nov/2024:16:23:26 -0800] "GET /g9qazz/sky7792kyjolk7jp HTTP/1.0" 500 - "-" "Mozilla/5.0 (compatible; SemrushBot/7~bl; +http://www.semrush.com/bot.html)"
45.148.10.206 - - [22/Nov/2024:16:23:42 -0800] "GET /.git/config HTTP/1.0" 500 - "-" "Mozilla/5.0 (Macintosh; Intel Mac OS X 10_15_7) AppleWebKit/605.1.15 (KHTML, like Gecko) Version/15.6 Safari/605.1.15"
45.148.10.206 - - [22/Nov/2024:16:23:42 -0800] "GET /.git/config HTTP/1.0" 500 - "-" "Mozilla/5.0 (Macintosh; Intel Mac OS X 14.6) AppleWebKit/616.20 (KHTML, like Gecko) Version/17.1.83 Safari/616.20"
185.191.171.16 - - [22/Nov/2024:16:24:28 -0800] "GET /g9kv/got370akop41v5n7e HTTP/1.0" 500 - "-" "Mozilla/5.0 (compatible; SemrushBot/7~bl; +http://www.semrush.com/bot.html)"
185.191.171.16 - - [22/Nov/2024:16:25:30 -0800] "GET /l0e3/zxm27455uyzxm.html HTTP/1.0" 500 - "-" "Mozilla/5.0 (compatible; SemrushBot/7~bl; +http://www.semrush.com/bot.html)"
85.208.96.201 - - [22/Nov/2024:16:26:30 -0800] "GET /mmr/ykl17834rwki9a.html HTTP/1.0" 500 - "-" "Mozilla/5.0 (compatible; SemrushBot/7~bl; +http://www.semrush.com/bot.html)"
85.208.96.198 - - [22/Nov/2024:16:27:31 -0800] "GET /03oa2o/ljr13141ejyuun3 HTTP/1.0" 500 - "-" "Mozilla/5.0 (compatible; SemrushBot/7~bl; +http://www.semrush.com/bot.html)"
185.191.171.17 - - [22/Nov/2024:16:28:32 -0800] "GET /mp49f/jpp8849gplmt.html HTTP/1.0" 500 - "-" "Mozilla/5.0 (compatible; SemrushBot/7~bl; +http://www.semrush.com/bot.html)"
185.191.171.13 - - [22/Nov/2024:16:29:33 -0800] "GET /f75/owu4642dawtqgtaobqk HTTP/1.0" 500 - "-" "Mozilla/5.0 (compatible; SemrushBot/7~bl; +http://www.semrush.com/bot.html)"
185.191.171.14 - - [22/Nov/2024:16:30:34 -0800] "GET /jiyib4/uuh3868uyzxx54 HTTP/1.0" 500 - "-" "Mozilla/5.0 (compatible; SemrushBot/7~bl; +http://www.semrush.com/bot.html)"
185.191.171.7 - - [22/Nov/2024:16:31:36 -0800] "GET /iljs/tqg22951jzoqaba HTTP/1.0" 500 - "-" "Mozilla/5.0 (compatible; SemrushBot/7~bl; +http://www.semrush.com/bot.html)"
185.191.171.17 - - [22/Nov/2024:16:32:37 -0800] "GET /ki03/nht1703scmhgz.html HTTP/1.0" 500 - "-" "Mozilla/5.0 (compatible; SemrushBot/7~bl; +http://www.semrush.com/bot.html)"
85.208.96.202 - - [22/Nov/2024:16:33:38 -0800] "GET /qrz/hvn6325fvlxz9oq5e3 HTTP/1.0" 500 - "-" "Mozilla/5.0 (compatible; SemrushBot/7~bl; +http://www.semrush.com/bot.html)"
185.191.171.13 - - [22/Nov/2024:16:34:38 -0800] "GET /jyh9ne8/hvn553cvfbftt HTTP/1.0" 500 - "-" "Mozilla/5.0 (compatible; SemrushBot/7~bl; +http://www.semrush.com/bot.html)"
85.208.96.201 - - [22/Nov/2024:16:35:39 -0800] "GET /ipc9/bfh7099prrf52l9f HTTP/1.0" 500 - "-" "Mozilla/5.0 (compatible; SemrushBot/7~bl; +http://www.semrush.com/bot.html)"
185.191.171.3 - - [22/Nov/2024:16:36:40 -0800] "GET /hj3/vqb21081lqmun0v.htm HTTP/1.0" 500 - "-" "Mozilla/5.0 (compatible; SemrushBot/7~bl; +http://www.semrush.com/bot.html)"
185.191.171.3 - - [22/Nov/2024:16:37:40 -0800] "GET /pi3vc/yol2546ycoow.html HTTP/1.0" 500 - "-" "Mozilla/5.0 (compatible; SemrushBot/7~bl; +http://www.semrush.com/bot.html)"
185.191.171.2 - - [22/Nov/2024:16:38:42 -0800] "GET /fvuzcca/lby27727opkbqmo HTTP/1.0" 500 - "-" "Mozilla/5.0 (compatible; SemrushBot/7~bl; +http://www.semrush.com/bot.html)"
85.208.96.211 - - [22/Nov/2024:16:39:42 -0800] "GET /f02/pnc587yhpncmr.html HTTP/1.0" 500 - "-" "Mozilla/5.0 (compatible; SemrushBot/7~bl; +http://www.semrush.com/bot.html)"
185.191.171.17 - - [22/Nov/2024:16:40:38 -0800] "GET /robots.txt HTTP/1.0" 500 - "-" "Mozilla/5.0 (compatible; SemrushBot/7~bl; +http://www.semrush.com/bot.html)"
85.208.96.193 - - [22/Nov/2024:16:40:43 -0800] "GET /sc9/buo27613ruac565luoq HTTP/1.0" 500 - "-" "Mozilla/5.0 (compatible; SemrushBot/7~bl; +http://www.semrush.com/bot.html)"
185.191.171.12 - - [22/Nov/2024:16:41:44 -0800] "GET /lek/zhf27429shrf3am.htm HTTP/1.0" 500 - "-" "Mozilla/5.0 (compatible; SemrushBot/7~bl; +http://www.semrush.com/bot.html)"
185.191.171.2 - - [22/Nov/2024:16:42:45 -0800] "GET /gtslk/lsy21643ohxs1kg2 HTTP/1.0" 500 - "-" "Mozilla/5.0 (compatible; SemrushBot/7~bl; +http://www.semrush.com/bot.html)"
185.191.171.8 - - [22/Nov/2024:16:43:46 -0800] "GET /ibbuq6m/wrj23734tqrhq5s HTTP/1.0" 500 - "-" "Mozilla/5.0 (compatible; SemrushBot/7~bl; +http://www.semrush.com/bot.html)"
185.191.171.11 - - [22/Nov/2024:16:44:48 -0800] "GET /ghv7/afn7306vefv6lz48 HTTP/1.0" 500 - "-" "Mozilla/5.0 (compatible; SemrushBot/7~bl; +http://www.semrush.com/bot.html)"
85.208.96.200 - - [22/Nov/2024:16:45:49 -0800] "GET /xpil7l/kkq140kyjo9.html HTTP/1.0" 500 - "-" "Mozilla/5.0 (compatible; SemrushBot/7~bl; +http://www.semrush.com/bot.html)"
85.208.96.206 - - [22/Nov/2024:16:46:51 -0800] "GET /138/byh25247eebyp.html HTTP/1.0" 500 - "-" "Mozilla/5.0 (compatible; SemrushBot/7~bl; +http://www.semrush.com/bot.html)"
85.208.96.212 - - [22/Nov/2024:16:47:51 -0800] "GET /fyy/icv7860cvfbqfwd.htm HTTP/1.0" 500 - "-" "Mozilla/5.0 (compatible; SemrushBot/7~bl; +http://www.semrush.com/bot.html)"
85.208.96.212 - - [22/Nov/2024:16:48:52 -0800] "GET /gqg/kuq3130raunhece5 HTTP/1.0" 500 - "-" "Mozilla/5.0 (compatible; SemrushBot/7~bl; +http://www.semrush.com/bot.html)"
185.191.171.1 - - [22/Nov/2024:16:49:53 -0800] "GET /g3co/iqo11422mxqb1yt HTTP/1.0" 500 - "-" "Mozilla/5.0 (compatible; SemrushBot/7~bl; +http://www.semrush.com/bot.html)"
40.77.167.52 - - [22/Nov/2024:16:49:53 -0800] "GET /bis/klq5938folrsi7y HTTP/1.0" 500 - "-" "Mozilla/5.0 AppleWebKit/537.36 (KHTML, like Gecko; compatible; bingbot/2.0; +http://www.bing.com/bingbot.htm) Chrome/116.0.1938.76 Safari/537.36"
185.191.171.11 - - [22/Nov/2024:16:50:54 -0800] "GET /fe7/ioo268oecaqd859p HTTP/1.0" 500 - "-" "Mozilla/5.0 (compatible; SemrushBot/7~bl; +http://www.semrush.com/bot.html)"
185.191.171.9 - - [22/Nov/2024:16:51:55 -0800] "GET /iknq/tdz4387ikzdanqqgt HTTP/1.0" 500 - "-" "Mozilla/5.0 (compatible; SemrushBot/7~bl; +http://www.semrush.com/bot.html)"
185.191.171.16 - - [22/Nov/2024:16:52:56 -0800] "GET /fuv/swf24744wdxrcuz.htm HTTP/1.0" 500 - "-" "Mozilla/5.0 (compatible; SemrushBot/7~bl; +http://www.semrush.com/bot.html)"
185.191.171.9 - - [22/Nov/2024:16:53:57 -0800] "GET /otl1/mcz19954bqcanvz0 HTTP/1.0" 500 - "-" "Mozilla/5.0 (compatible; SemrushBot/7~bl; +http://www.semrush.com/bot.html)"
157.55.39.50 - - [22/Nov/2024:16:54:23 -0800] "GET /nmjbs0/euk25432urzkkul HTTP/1.0" 500 - "-" "Mozilla/5.0 AppleWebKit/537.36 (KHTML, like Gecko; compatible; bingbot/2.0; +http://www.bing.com/bingbot.htm) Chrome/116.0.1938.76 Safari/537.36"
185.191.171.11 - - [22/Nov/2024:16:54:58 -0800] "GET /une/pfv18995gxkf5n.html HTTP/1.0" 500 - "-" "Mozilla/5.0 (compatible; SemrushBot/7~bl; +http://www.semrush.com/bot.html)"
85.208.96.207 - - [22/Nov/2024:16:56:00 -0800] "GET /jwe/ido3076dzqes1pvxx HTTP/1.0" 500 - "-" "Mozilla/5.0 (compatible; SemrushBot/7~bl; +http://www.semrush.com/bot.html)"
185.191.171.4 - - [22/Nov/2024:16:57:00 -0800] "GET /vls/zqf103zecqcqbhj1k HTTP/1.0" 500 - "-" "Mozilla/5.0 (compatible; SemrushBot/7~bl; +http://www.semrush.com/bot.html)"
185.191.171.9 - - [22/Nov/2024:16:58:01 -0800] "GET /jrlzc/ffl889pfexi8cd HTTP/1.0" 500 - "-" "Mozilla/5.0 (compatible; SemrushBot/7~bl; +http://www.semrush.com/bot.html)"
40.77.167.48 - - [22/Nov/2024:16:58:51 -0800] "GET /uga08/jpp23955tnzpfubg.htm HTTP/1.0" 500 - "-" "Mozilla/5.0 AppleWebKit/537.36 (KHTML, like Gecko; compatible; bingbot/2.0; +http://www.bing.com/bingbot.htm) Chrome/116.0.1938.76 Safari/537.36"
185.191.171.4 - - [22/Nov/2024:16:59:02 -0800] "GET /e60g/qpd23416pytjd94c HTTP/1.0" 500 - "-" "Mozilla/5.0 (compatible; SemrushBot/7~bl; +http://www.semrush.com/bot.html)"
85.208.96.193 - - [22/Nov/2024:17:00:03 -0800] "GET /f3e/iyo27880ypzasr65sy HTTP/1.0" 500 - "-" "Mozilla/5.0 (compatible; SemrushBot/7~bl; +http://www.semrush.com/bot.html)"
85.208.96.200 - - [22/Nov/2024:17:01:04 -0800] "GET /wxxi/akn18226rwkidr2 HTTP/1.0" 500 - "-" "Mozilla/5.0 (compatible; SemrushBot/7~bl; +http://www.semrush.com/bot.html)"
85.208.96.196 - - [22/Nov/2024:17:01:44 -0800] "GET /robots.txt HTTP/1.0" 500 - "-" "Mozilla/5.0 (compatible; SemrushBot/7~bl; +http://www.semrush.com/bot.html)"
85.208.96.194 - - [22/Nov/2024:17:02:04 -0800] "GET /n9b/jcw27673rcipdvei3w0 HTTP/1.0" 500 - "-" "Mozilla/5.0 (compatible; SemrushBot/7~bl; +http://www.semrush.com/bot.html)"
185.191.171.10 - - [22/Nov/2024:17:03:05 -0800] "GET /jcm9/kbx15610eebyw0gmg8 HTTP/1.0" 500 - "-" "Mozilla/5.0 (compatible; SemrushBot/7~bl; +http://www.semrush.com/bot.html)"
185.191.171.7 - - [22/Nov/2024:17:04:06 -0800] "GET /ky3/nqa24479axxqrp.html HTTP/1.0" 500 - "-" "Mozilla/5.0 (compatible; SemrushBot/7~bl; +http://www.semrush.com/bot.html)"
185.191.171.4 - - [22/Nov/2024:17:05:07 -0800] "GET /esh/wkc19210izkz0q3 HTTP/1.0" 500 - "-" "Mozilla/5.0 (compatible; SemrushBot/7~bl; +http://www.semrush.com/bot.html)"
40.77.167.247 - - [22/Nov/2024:17:05:30 -0800] "GET /g4n/thz12707scmh6pm4.html HTTP/1.0" 500 - "-" "Mozilla/5.0 AppleWebKit/537.36 (KHTML, like Gecko; compatible; bingbot/2.0; +http://www.bing.com/bingbot.htm) Chrome/116.0.1938.76 Safari/537.36"
185.191.171.14 - - [22/Nov/2024:17:06:07 -0800] "GET /fvw/vsb5871qgqs2gn.htm HTTP/1.0" 500 - "-" "Mozilla/5.0 (compatible; SemrushBot/7~bl; +http://www.semrush.com/bot.html)"
45.148.10.206 - - [22/Nov/2024:17:07:03 -0800] "GET /.git/config HTTP/1.0" 500 - "-" "Mozilla/5.0 (Windows NT 10.0; Win64; x64; rv:90.0) Gecko/20100101 Firefox/90.0"
185.191.171.11 - - [22/Nov/2024:17:07:08 -0800] "GET /g1npr/rve29371vefvb6h HTTP/1.0" 500 - "-" "Mozilla/5.0 (compatible; SemrushBot/7~bl; +http://www.semrush.com/bot.html)"
40.77.167.14 - - [22/Nov/2024:17:07:25 -0800] "GET /jx2q/atg15366pytjphant10d.htm HTTP/1.0" 500 - "-" "Mozilla/5.0 AppleWebKit/537.36 (KHTML, like Gecko; compatible; bingbot/2.0; +http://www.bing.com/bingbot.htm) Chrome/116.0.1938.76 Safari/537.36"
185.191.171.2 - - [22/Nov/2024:17:08:09 -0800] "GET /gw0e/upa6312pytjz5k.htm HTTP/1.0" 500 - "-" "Mozilla/5.0 (compatible; SemrushBot/7~bl; +http://www.semrush.com/bot.html)"
185.191.171.3 - - [22/Nov/2024:17:09:10 -0800] "GET /fd4i/qod2746ycoo825vb HTTP/1.0" 500 - "-" "Mozilla/5.0 (compatible; SemrushBot/7~bl; +http://www.semrush.com/bot.html)"
185.191.171.8 - - [22/Nov/2024:17:10:11 -0800] "GET /gtm/aun28522dguufn8vu HTTP/1.0" 500 - "-" "Mozilla/5.0 (compatible; SemrushBot/7~bl; +http://www.semrush.com/bot.html)"
185.191.171.16 - - [22/Nov/2024:17:11:13 -0800] "GET /ff4/pjc20009tjar9d.html HTTP/1.0" 500 - "-" "Mozilla/5.0 (compatible; SemrushBot/7~bl; +http://www.semrush.com/bot.html)"
185.191.171.12 - - [22/Nov/2024:17:12:15 -0800] "GET /ocx/doj28343ycoob6.html HTTP/1.0" 500 - "-" "Mozilla/5.0 (compatible; SemrushBot/7~bl; +http://www.semrush.com/bot.html)"
85.208.96.200 - - [22/Nov/2024:17:13:16 -0800] "GET /hzzkr/mpz13012phpnuvnaq HTTP/1.0" 500 - "-" "Mozilla/5.0 (compatible; SemrushBot/7~bl; +http://www.semrush.com/bot.html)"
85.208.96.193 - - [22/Nov/2024:17:14:16 -0800] "GET /fe8/ljr9735zhmjeok.htm HTTP/1.0" 500 - "-" "Mozilla/5.0 (compatible; SemrushBot/7~bl; +http://www.semrush.com/bot.html)"
85.208.96.210 - - [22/Nov/2024:17:15:18 -0800] "GET /gik13u/fml395lhemt.html HTTP/1.0" 500 - "-" "Mozilla/5.0 (compatible; SemrushBot/7~bl; +http://www.semrush.com/bot.html)"
85.208.96.195 - - [22/Nov/2024:17:16:19 -0800] "GET /gxju/vbi17311cvfb7l0s HTTP/1.0" 500 - "-" "Mozilla/5.0 (compatible; SemrushBot/7~bl; +http://www.semrush.com/bot.html)"
85.208.96.208 - - [22/Nov/2024:17:17:19 -0800] "GET /gtz/hbu27151opkb1sjgeag HTTP/1.0" 500 - "-" "Mozilla/5.0 (compatible; SemrushBot/7~bl; +http://www.semrush.com/bot.html)"
185.191.171.4 - - [22/Nov/2024:17:18:20 -0800] "GET /i7cxi/ofu18448fxzx0nma HTTP/1.0" 500 - "-" "Mozilla/5.0 (compatible; SemrushBot/7~bl; +http://www.semrush.com/bot.html)"
85.208.96.211 - - [22/Nov/2024:17:19:21 -0800] "GET /tfxsh/yge29404ghnq5ryg HTTP/1.0" 500 - "-" "Mozilla/5.0 (compatible; SemrushBot/7~bl; +http://www.semrush.com/bot.html)"
185.191.171.11 - - [22/Nov/2024:17:20:22 -0800] "GET /ghs/wzc27790tnzpk00qj2 HTTP/1.0" 500 - "-" "Mozilla/5.0 (compatible; SemrushBot/7~bl; +http://www.semrush.com/bot.html)"
85.208.96.208 - - [22/Nov/2024:17:21:24 -0800] "GET /ge5/rbx7817bbylc.html HTTP/1.0" 500 - "-" "Mozilla/5.0 (compatible; SemrushBot/7~bl; +http://www.semrush.com/bot.html)"
207.46.13.229 - - [22/Nov/2024:17:21:39 -0800] "GET /robots.txt HTTP/1.0" 500 - "-" "Mozilla/5.0 AppleWebKit/537.36 (KHTML, like Gecko; compatible; bingbot/2.0; +http://www.bing.com/bingbot.htm) Chrome/116.0.1938.76 Safari/537.36"
157.55.39.59 - - [22/Nov/2024:17:21:45 -0800] "GET /ssm/xtd3377gtwtna3qqs.html HTTP/1.0" 500 - "-" "Mozilla/5.0 AppleWebKit/537.36 (KHTML, like Gecko; compatible; bingbot/2.0; +http://www.bing.com/bingbot.htm) Chrome/116.0.1938.76 Safari/537.36"
85.208.96.193 - - [22/Nov/2024:17:22:25 -0800] "GET /voz9meo/kgq26374hfgwn92 HTTP/1.0" 500 - "-" "Mozilla/5.0 (compatible; SemrushBot/7~bl; +http://www.semrush.com/bot.html)"
185.191.171.9 - - [22/Nov/2024:17:23:25 -0800] "GET /gyhv/hfn28295gxkfo.html HTTP/1.0" 500 - "-" "Mozilla/5.0 (compatible; SemrushBot/7~bl; +http://www.semrush.com/bot.html)"
85.208.96.202 - - [22/Nov/2024:17:24:00 -0800] "GET /robots.txt HTTP/1.0" 500 - "-" "Mozilla/5.0 (compatible; SemrushBot/7~bl; +http://www.semrush.com/bot.html)"
185.191.171.18 - - [22/Nov/2024:17:24:26 -0800] "GET /tuml02egt/qbw640bqcaea2 HTTP/1.0" 500 - "-" "Mozilla/5.0 (compatible; SemrushBot/7~bl; +http://www.semrush.com/bot.html)"
185.191.171.3 - - [22/Nov/2024:17:25:27 -0800] "GET /cevcategoriacxjs/54 HTTP/1.0" 500 - "-" "Mozilla/5.0 (compatible; SemrushBot/7~bl; +http://www.semrush.com/bot.html)"
185.191.171.10 - - [22/Nov/2024:17:26:28 -0800] "GET /g22/zef11257eeby6n257 HTTP/1.0" 500 - "-" "Mozilla/5.0 (compatible; SemrushBot/7~bl; +http://www.semrush.com/bot.html)"
185.191.171.3 - - [22/Nov/2024:17:27:29 -0800] "GET /tv9/hbn18467mxqby.html HTTP/1.0" 500 - "-" "Mozilla/5.0 (compatible; SemrushBot/7~bl; +http://www.semrush.com/bot.html)"
85.208.96.207 - - [22/Nov/2024:17:28:30 -0800] "GET /tl6/wjc12242kyjox.html HTTP/1.0" 500 - "-" "Mozilla/5.0 (compatible; SemrushBot/7~bl; +http://www.semrush.com/bot.html)"
185.191.171.15 - - [22/Nov/2024:17:29:31 -0800] "GET /ixn/pcc23857scmhcfp3nrp HTTP/1.0" 500 - "-" "Mozilla/5.0 (compatible; SemrushBot/7~bl; +http://www.semrush.com/bot.html)"
85.208.96.193 - - [22/Nov/2024:17:30:32 -0800] "GET /ftd/opu1210yhpnqdqbhbr HTTP/1.0" 500 - "-" "Mozilla/5.0 (compatible; SemrushBot/7~bl; +http://www.semrush.com/bot.html)"
85.208.96.196 - - [22/Nov/2024:17:31:32 -0800] "GET /fz4m/brh8503jdzredcof HTTP/1.0" 500 - "-" "Mozilla/5.0 (compatible; SemrushBot/7~bl; +http://www.semrush.com/bot.html)"
85.208.96.208 - - [22/Nov/2024:17:32:34 -0800] "GET /149/iav28244aedss.html HTTP/1.0" 500 - "-" "Mozilla/5.0 (compatible; SemrushBot/7~bl; +http://www.semrush.com/bot.html)"
185.191.171.3 - - [22/Nov/2024:17:33:35 -0800] "GET /irw/juw24345yuugiuc.htm HTTP/1.0" 500 - "-" "Mozilla/5.0 (compatible; SemrushBot/7~bl; +http://www.semrush.com/bot.html)"
85.208.96.210 - - [22/Nov/2024:17:34:37 -0800] "GET /fx8/nkt7865fkrdkv.html HTTP/1.0" 500 - "-" "Mozilla/5.0 (compatible; SemrushBot/7~bl; +http://www.semrush.com/bot.html)"
66.249.79.7 - - [22/Nov/2024:17:35:17 -0800] "GET /robots.txt HTTP/1.0" 500 - "-" "Mozilla/5.0 (compatible; Googlebot/2.1; +http://www.google.com/bot.html)"
185.191.171.13 - - [22/Nov/2024:17:35:38 -0800] "GET /gfr89/znf26623phpni5i HTTP/1.0" 500 - "-" "Mozilla/5.0 (compatible; SemrushBot/7~bl; +http://www.semrush.com/bot.html)"
66.249.79.7 - - [22/Nov/2024:17:35:43 -0800] "GET /94mj/shy6102mbhvehrbgl9b.htm HTTP/1.0" 500 - "-" "Mozilla/5.0 (Linux; Android 6.0.1; Nexus 5X Build/MMB29P) AppleWebKit/537.36 (KHTML, like Gecko) Chrome/131.0.6778.69 Mobile Safari/537.36 (compatible; Googlebot/2.1; +http://www.google.com/bot.html)"
85.208.96.204 - - [22/Nov/2024:17:36:39 -0800] "GET /qqk/gtm5830pytj9hng HTTP/1.0" 500 - "-" "Mozilla/5.0 (compatible; SemrushBot/7~bl; +http://www.semrush.com/bot.html)"
85.208.96.207 - - [22/Nov/2024:17:37:39 -0800] "GET /jcu/iyo5338ejyum6e9wvcw HTTP/1.0" 500 - "-" "Mozilla/5.0 (compatible; SemrushBot/7~bl; +http://www.semrush.com/bot.html)"
85.208.96.205 - - [22/Nov/2024:17:38:40 -0800] "GET /fw9/fxl8845gxkfscjvtkv HTTP/1.0" 500 - "-" "Mozilla/5.0 (compatible; SemrushBot/7~bl; +http://www.semrush.com/bot.html)"
185.191.171.13 - - [22/Nov/2024:17:39:41 -0800] "GET /kp37/fps3541opxqigsu HTTP/1.0" 500 - "-" "Mozilla/5.0 (compatible; SemrushBot/7~bl; +http://www.semrush.com/bot.html)"
185.191.171.7 - - [22/Nov/2024:17:40:42 -0800] "GET /lj4/ztf17627xhtt0.html HTTP/1.0" 500 - "-" "Mozilla/5.0 (compatible; SemrushBot/7~bl; +http://www.semrush.com/bot.html)"
185.191.171.5 - - [22/Nov/2024:17:41:43 -0800] "GET /fnj/qow29916ohxsd9o.htm HTTP/1.0" 500 - "-" "Mozilla/5.0 (compatible; SemrushBot/7~bl; +http://www.semrush.com/bot.html)"
85.208.96.198 - - [22/Nov/2024:17:42:43 -0800] "GET /bxbz/xak1323ypza1y2.htm HTTP/1.0" 500 - "-" "Mozilla/5.0 (compatible; SemrushBot/7~bl; +http://www.semrush.com/bot.html)"
141.98.7.30 - - [22/Nov/2024:17:43:09 -0800] "GET /wp-content/plugins/really-simple-ssl-pro-multisite/readme.txt HTTP/1.0" 500 - "-" "Mozilla/5.0 (iPhone; CPU iPhone OS 17_2 like Mac OS X) AppleWebKit/605.1.15 (KHTML, like Gecko) Version/17.2 Mobile/15E148 Safari/604.1"
141.98.7.30 - - [22/Nov/2024:17:43:10 -0800] "GET /wp-content/plugins/really-simple-ssl-pro/readme.txt HTTP/1.0" 500 - "-" "Mozilla/5.0 (iPhone; CPU iPhone OS 17_2 like Mac OS X) AppleWebKit/605.1.15 (KHTML, like Gecko) Version/17.2 Mobile/15E148 Safari/604.1"
141.98.7.30 - - [22/Nov/2024:17:43:11 -0800] "GET /wp-content/plugins/wp-membership/languages/wpmembership.pot HTTP/1.0" 500 - "-" "Mozilla/5.0 (iPhone; CPU iPhone OS 17_2 like Mac OS X) AppleWebKit/605.1.15 (KHTML, like Gecko) Version/17.2 Mobile/15E148 Safari/604.1"
141.98.7.30 - - [22/Nov/2024:17:43:11 -0800] "GET /wp-content/themes/wplms/style.css HTTP/1.0" 500 - "-" "Mozilla/5.0 (iPhone; CPU iPhone OS 17_2 like Mac OS X) AppleWebKit/605.1.15 (KHTML, like Gecko) Version/17.2 Mobile/15E148 Safari/604.1"
141.98.7.30 - - [22/Nov/2024:17:43:12 -0800] "GET /wp-content/plugins/wp-jobsearch/admin/css/admin.css HTTP/1.0" 500 - "-" "Mozilla/5.0 (iPhone; CPU iPhone OS 17_2 like Mac OS X) AppleWebKit/605.1.15 (KHTML, like Gecko) Version/17.2 Mobile/15E148 Safari/604.1"
141.98.7.30 - - [22/Nov/2024:17:43:13 -0800] "GET /wp-content/plugins/wp-wc-affiliate-program/languages/rtwwwap-wp-wc-affiliate-program.pot HTTP/1.0" 500 - "-" "Mozilla/5.0 (iPhone; CPU iPhone OS 17_2 like Mac OS X) AppleWebKit/605.1.15 (KHTML, like Gecko) Version/17.2 Mobile/15E148 Safari/604.1"
141.98.7.30 - - [22/Nov/2024:17:43:14 -0800] "GET /wp-content/plugins/Ultimate_AI/assets/css/style.css HTTP/1.0" 500 - "-" "Mozilla/5.0 (iPhone; CPU iPhone OS 17_2 like Mac OS X) AppleWebKit/605.1.15 (KHTML, like Gecko) Version/17.2 Mobile/15E148 Safari/604.1"
141.98.7.30 - - [22/Nov/2024:17:43:15 -0800] "GET /wp-content/plugins/latepoint/readme.txt HTTP/1.0" 500 - "-" "Mozilla/5.0 (iPhone; CPU iPhone OS 17_2 like Mac OS X) AppleWebKit/605.1.15 (KHTML, like Gecko) Version/17.2 Mobile/15E148 Safari/604.1"
185.191.171.9 - - [22/Nov/2024:17:43:44 -0800] "GET /ikz/ynl13258ghnqr5v1 HTTP/1.0" 500 - "-" "Mozilla/5.0 (compatible; SemrushBot/7~bl; +http://www.semrush.com/bot.html)"
185.191.171.11 - - [22/Nov/2024:17:45:02 -0800] "GET /fzb/gzm4322ypzan2l.html HTTP/1.0" 500 - "-" "Mozilla/5.0 (compatible; SemrushBot/7~bl; +http://www.semrush.com/bot.html)"
85.208.96.195 - - [22/Nov/2024:17:45:12 -0800] "GET /robots.txt HTTP/1.0" 500 - "-" "Mozilla/5.0 (compatible; SemrushBot/7~bl; +http://www.semrush.com/bot.html)"
185.191.171.16 - - [22/Nov/2024:17:46:04 -0800] "GET /fxwe/vsb2491myasq7n90 HTTP/1.0" 500 - "-" "Mozilla/5.0 (compatible; SemrushBot/7~bl; +http://www.semrush.com/bot.html)"
85.208.96.207 - - [22/Nov/2024:17:47:06 -0800] "GET /fi6g/qlw1576lqmutofjezu HTTP/1.0" 500 - "-" "Mozilla/5.0 (compatible; SemrushBot/7~bl; +http://www.semrush.com/bot.html)"
85.208.96.194 - - [22/Nov/2024:17:48:06 -0800] "GET /00fjeg/afn9724fvlxr4u HTTP/1.0" 500 - "-" "Mozilla/5.0 (compatible; SemrushBot/7~bl; +http://www.semrush.com/bot.html)"
185.191.171.13 - - [22/Nov/2024:17:49:13 -0800] "GET /gjl/erk7362shrf1vyo.htm HTTP/1.0" 500 - "-" "Mozilla/5.0 (compatible; SemrushBot/7~bl; +http://www.semrush.com/bot.html)"
185.191.171.15 - - [22/Nov/2024:17:50:14 -0800] "GET /enh6/tuz2359lqmu6hz HTTP/1.0" 500 - "-" "Mozilla/5.0 (compatible; SemrushBot/7~bl; +http://www.semrush.com/bot.html)"
185.191.171.15 - - [22/Nov/2024:17:51:16 -0800] "GET /gxssr/lrr895folryy46l6s HTTP/1.0" 500 - "-" "Mozilla/5.0 (compatible; SemrushBot/7~bl; +http://www.semrush.com/bot.html)"
85.208.96.210 - - [22/Nov/2024:17:52:18 -0800] "GET /j03u/stf13252tnzpr3w45 HTTP/1.0" 500 - "-" "Mozilla/5.0 (compatible; SemrushBot/7~bl; +http://www.semrush.com/bot.html)"
85.208.96.210 - - [22/Nov/2024:17:53:19 -0800] "GET /gmgw/oru6124rwki8tmwv0 HTTP/1.0" 500 - "-" "Mozilla/5.0 (compatible; SemrushBot/7~bl; +http://www.semrush.com/bot.html)"
185.191.171.4 - - [22/Nov/2024:17:54:22 -0800] "GET /i6v/pxv18943pfexxjq7g HTTP/1.0" 500 - "-" "Mozilla/5.0 (compatible; SemrushBot/7~bl; +http://www.semrush.com/bot.html)"
185.191.171.3 - - [22/Nov/2024:17:55:25 -0800] "GET /fnp9/puv1133yuugel.html HTTP/1.0" 500 - "-" "Mozilla/5.0 (compatible; SemrushBot/7~bl; +http://www.semrush.com/bot.html)"
185.191.171.11 - - [22/Nov/2024:17:56:27 -0800] "GET /kpk/hwu14281rwki91374m HTTP/1.0" 500 - "-" "Mozilla/5.0 (compatible; SemrushBot/7~bl; +http://www.semrush.com/bot.html)"
185.191.171.11 - - [22/Nov/2024:17:57:27 -0800] "GET /g8pg0k/yze5614ypzagumlt HTTP/1.0" 500 - "-" "Mozilla/5.0 (compatible; SemrushBot/7~bl; +http://www.semrush.com/bot.html)"
85.208.96.206 - - [22/Nov/2024:17:58:28 -0800] "GET /eyrn6wp/gum8014yuugdb8 HTTP/1.0" 500 - "-" "Mozilla/5.0 (compatible; SemrushBot/7~bl; +http://www.semrush.com/bot.html)"
20.197.112.225 - - [22/Nov/2024:17:59:13 -0800] "GET /uga08/jpp23955tnzpfubg.htm HTTP/1.0" 500 - "-" "Mozilla/5.0 (Windows NT 10.0; Win64; x64) AppleWebKit/537.36 (KHTML, like Gecko) Chrome/130.0.0.0 Safari/537.36 Edg/130.0.0.0"
85.208.96.196 - - [22/Nov/2024:17:59:29 -0800] "GET /sir/gbt13526ksbsk.html HTTP/1.0" 500 - "-" "Mozilla/5.0 (compatible; SemrushBot/7~bl; +http://www.semrush.com/bot.html)"
85.208.96.209 - - [22/Nov/2024:18:00:30 -0800] "GET /fzx1e7s/wzc4390ikzd997 HTTP/1.0" 500 - "-" "Mozilla/5.0 (compatible; SemrushBot/7~bl; +http://www.semrush.com/bot.html)"
185.191.171.1 - - [22/Nov/2024:18:01:31 -0800] "GET /ijg/vhi8263dvrhvycs3x HTTP/1.0" 500 - "-" "Mozilla/5.0 (compatible; SemrushBot/7~bl; +http://www.semrush.com/bot.html)"
85.208.96.207 - - [22/Nov/2024:18:02:31 -0800] "GET /ffwhz/xek28207dzqefxe7o HTTP/1.0" 500 - "-" "Mozilla/5.0 (compatible; SemrushBot/7~bl; +http://www.semrush.com/bot.html)"
85.208.96.199 - - [22/Nov/2024:18:03:32 -0800] "GET /hqp/cyi24130bbylov3q6k4 HTTP/1.0" 500 - "-" "Mozilla/5.0 (compatible; SemrushBot/7~bl; +http://www.semrush.com/bot.html)"
85.208.96.202 - - [22/Nov/2024:18:04:32 -0800] "GET /f839x/lhy28819tqrhirf0 HTTP/1.0" 500 - "-" "Mozilla/5.0 (compatible; SemrushBot/7~bl; +http://www.semrush.com/bot.html)"
185.191.171.6 - - [22/Nov/2024:18:05:33 -0800] "GET /lg2m/uqh2698orqdbdtp6w5 HTTP/1.0" 500 - "-" "Mozilla/5.0 (compatible; SemrushBot/7~bl; +http://www.semrush.com/bot.html)"
85.208.96.200 - - [22/Nov/2024:18:06:32 -0800] "GET /robots.txt HTTP/1.0" 500 - "-" "Mozilla/5.0 (compatible; SemrushBot/7~bl; +http://www.semrush.com/bot.html)"
85.208.96.201 - - [22/Nov/2024:18:06:33 -0800] "GET /gf6/hqu28919zecqo.html HTTP/1.0" 500 - "-" "Mozilla/5.0 (compatible; SemrushBot/7~bl; +http://www.semrush.com/bot.html)"
85.208.96.204 - - [22/Nov/2024:18:07:34 -0800] "GET /hxjr/ypl1090yhpn3edgjc HTTP/1.0" 500 - "-" "Mozilla/5.0 (compatible; SemrushBot/7~bl; +http://www.semrush.com/bot.html)"
85.208.96.202 - - [22/Nov/2024:18:08:34 -0800] "GET /v1e/cwi26834gtwtx.html HTTP/1.0" 500 - "-" "Mozilla/5.0 (compatible; SemrushBot/7~bl; +http://www.semrush.com/bot.html)"
66.249.79.7 - - [22/Nov/2024:18:09:29 -0800] "GET /robots.txt HTTP/1.0" 500 - "-" "Mozilla/5.0 (compatible; Googlebot/2.1; +http://www.google.com/bot.html)"
185.191.171.11 - - [22/Nov/2024:18:09:35 -0800] "GET /hzymb/wdc13360daqf121 HTTP/1.0" 500 - "-" "Mozilla/5.0 (compatible; SemrushBot/7~bl; +http://www.semrush.com/bot.html)"
185.191.171.6 - - [22/Nov/2024:18:10:36 -0800] "GET /fhb/ivv1724vkhtpw.html HTTP/1.0" 500 - "-" "Mozilla/5.0 (compatible; SemrushBot/7~bl; +http://www.semrush.com/bot.html)"
66.249.79.8 - - [22/Nov/2024:18:10:57 -0800] "GET /718/alg22412lqmuluz9e.html HTTP/1.0" 500 - "-" "Mozilla/5.0 (Linux; Android 6.0.1; Nexus 5X Build/MMB29P) AppleWebKit/537.36 (KHTML, like Gecko) Chrome/131.0.6778.69 Mobile Safari/537.36 (compatible; Googlebot/2.1; +http://www.google.com/bot.html)"
185.191.171.13 - - [22/Nov/2024:18:11:37 -0800] "GET /murvq/hdu4843ikzd6cw0g HTTP/1.0" 500 - "-" "Mozilla/5.0 (compatible; SemrushBot/7~bl; +http://www.semrush.com/bot.html)"
85.208.96.207 - - [22/Nov/2024:18:12:37 -0800] "GET /tenmy/zuf6239pasu7.html HTTP/1.0" 500 - "-" "Mozilla/5.0 (compatible; SemrushBot/7~bl; +http://www.semrush.com/bot.html)"
185.191.171.3 - - [22/Nov/2024:18:13:39 -0800] "GET /ewx/asg7072sqynw6mpl HTTP/1.0" 500 - "-" "Mozilla/5.0 (compatible; SemrushBot/7~bl; +http://www.semrush.com/bot.html)"
85.208.96.211 - - [22/Nov/2024:18:14:40 -0800] "GET /ljs/bvh14587pchvoyw632 HTTP/1.0" 500 - "-" "Mozilla/5.0 (compatible; SemrushBot/7~bl; +http://www.semrush.com/bot.html)"
185.191.171.14 - - [22/Nov/2024:18:15:41 -0800] "GET /faouk/axg676xjcqwmipqq HTTP/1.0" 500 - "-" "Mozilla/5.0 (compatible; SemrushBot/7~bl; +http://www.semrush.com/bot.html)"
85.208.96.195 - - [22/Nov/2024:18:16:41 -0800] "GET /l6vu/yze9254jdzr6.html HTTP/1.0" 500 - "-" "Mozilla/5.0 (compatible; SemrushBot/7~bl; +http://www.semrush.com/bot.html)"
