66.249.79.8 - - [22/Nov/2024:18:16:44 -0800] "GET /robots.txt HTTP/1.0" 500 - "-" "Mozilla/5.0 (compatible; Googlebot/2.1; +http://www.google.com/bot.html)"
85.208.96.207 - - [22/Nov/2024:18:17:43 -0800] "GET /hiu/mvs6512vfnwic.html HTTP/1.0" 500 - "-" "Mozilla/5.0 (compatible; SemrushBot/7~bl; +http://www.semrush.com/bot.html)"
66.249.79.8 - - [22/Nov/2024:18:18:21 -0800] "GET /robots.txt HTTP/1.0" 500 - "-" "Mozilla/5.0 (compatible; Googlebot/2.1; +http://www.google.com/bot.html)"
185.191.171.5 - - [22/Nov/2024:18:18:43 -0800] "GET /en6u/ybl6472bjvwhv6rf5k HTTP/1.0" 500 - "-" "Mozilla/5.0 (compatible; SemrushBot/7~bl; +http://www.semrush.com/bot.html)"
207.46.13.229 - - [22/Nov/2024:18:18:46 -0800] "GET /robots.txt HTTP/1.0" 500 - "-" "Mozilla/5.0 AppleWebKit/537.36 (KHTML, like Gecko; compatible; bingbot/2.0; +http://www.bing.com/bingbot.htm) Chrome/116.0.1938.76 Safari/537.36"
157.55.39.59 - - [22/Nov/2024:18:18:51 -0800] "GET /t78yjpup/veb15985vefv6srck9 HTTP/1.0" 500 - "-" "Mozilla/5.0 AppleWebKit/537.36 (KHTML, like Gecko; compatible; bingbot/2.0; +http://www.bing.com/bingbot.htm) Chrome/116.0.1938.76 Safari/537.36"
85.208.96.210 - - [22/Nov/2024:18:19:44 -0800] "GET /fmq3/qzw9766myzxfjym HTTP/1.0" 500 - "-" "Mozilla/5.0 (compatible; SemrushBot/7~bl; +http://www.semrush.com/bot.html)"
66.249.79.7 - - [22/Nov/2024:18:19:51 -0800] "GET /robots.txt HTTP/1.0" 500 - "-" "Mozilla/5.0 (compatible; Googlebot/2.1; +http://www.google.com/bot.html)"
185.191.171.8 - - [22/Nov/2024:18:20:44 -0800] "GET /h7v/lgy24529dguu9eu8 HTTP/1.0" 500 - "-" "Mozilla/5.0 (compatible; SemrushBot/7~bl; +http://www.semrush.com/bot.html)"
66.249.79.6 - - [22/Nov/2024:18:21:25 -0800] "GET /robots.txt HTTP/1.0" 500 - "-" "Mozilla/5.0 (compatible; Googlebot/2.1; +http://www.google.com/bot.html)"
185.191.171.7 - - [22/Nov/2024:18:21:45 -0800] "GET /0to/yql17158mxqbmnof HTTP/1.0" 500 - "-" "Mozilla/5.0 (compatible; SemrushBot/7~bl; +http://www.semrush.com/bot.html)"
185.191.171.5 - - [22/Nov/2024:18:22:46 -0800] "GET /es74/mpz26168pasu2.html HTTP/1.0" 500 - "-" "Mozilla/5.0 (compatible; SemrushBot/7~bl; +http://www.semrush.com/bot.html)"
89.104.110.169 - - [22/Nov/2024:18:22:56 -0800] "GET / HTTP/1.0" 500 - "-" "Mozilla/5.0 (Windows NT 10.0; Win64; x64) AppleWebKit/537.36 (KHTML, like Gecko) Chrome/94.0.4606.61 Safari/537.36"
176.53.219.148 - - [22/Nov/2024:18:22:57 -0800] "GET / HTTP/1.0" 500 - "-" "Mozilla/5.0 (Windows NT 10.0; Win64; x64) AppleWebKit/537.36 (KHTML, like Gecko) Chrome/94.0.4606.61 Safari/537.36"
176.53.221.223 - - [22/Nov/2024:18:22:57 -0800] "GET /favicon.ico HTTP/1.0" 500 - "-" "Mozilla/5.0 (Windows NT 10.0; Win64; x64) AppleWebKit/537.36 (KHTML, like Gecko) Chrome/94.0.4606.61 Safari/537.36"
176.53.219.218 - - [22/Nov/2024:18:22:58 -0800] "GET /favicon.ico HTTP/1.0" 500 - "-" "Mozilla/5.0 (Windows NT 10.0; Win64; x64) AppleWebKit/537.36 (KHTML, like Gecko) Chrome/94.0.4606.61 Safari/537.36"
176.53.217.222 - - [22/Nov/2024:18:22:59 -0800] "GET / HTTP/1.0" 500 - "-" "Mozilla/5.0 (Windows NT 10.0; Win64; x64) AppleWebKit/537.36 (KHTML, like Gecko) Chrome/94.0.4606.61 Safari/537.36"
176.53.217.222 - - [22/Nov/2024:18:22:59 -0800] "GET / HTTP/1.0" 500 - "-" "Mozilla/5.0 (Windows NT 10.0; Win64; x64) AppleWebKit/537.36 (KHTML, like Gecko) Chrome/94.0.4606.61 Safari/537.36"
43.159.148.221 - - [22/Nov/2024:18:22:59 -0800] "GET / HTTP/1.0" 500 - "-" "Mozilla/5.0 (iPhone; CPU iPhone OS 13_2_3 like Mac OS X) AppleWebKit/605.1.15 (KHTML, like Gecko) Version/13.0.3 Mobile/15E148 Safari/604.1"
176.53.217.222 - - [22/Nov/2024:18:22:59 -0800] "GET /favicon.ico HTTP/1.0" 500 - "-" "Mozilla/5.0 (Windows NT 10.0; Win64; x64) AppleWebKit/537.36 (KHTML, like Gecko) Chrome/94.0.4606.61 Safari/537.36"
176.53.217.222 - - [22/Nov/2024:18:23:00 -0800] "GET /favicon.ico HTTP/1.0" 500 - "-" "Mozilla/5.0 (Windows NT 10.0; Win64; x64) AppleWebKit/537.36 (KHTML, like Gecko) Chrome/94.0.4606.61 Safari/537.36"
66.249.79.7 - - [22/Nov/2024:18:23:05 -0800] "GET /robots.txt HTTP/1.0" 500 - "-" "Mozilla/5.0 (compatible; Googlebot/2.1; +http://www.google.com/bot.html)"
185.191.171.12 - - [22/Nov/2024:18:23:47 -0800] "GET /0v0/pkv19567urzkgvtzcz2 HTTP/1.0" 500 - "-" "Mozilla/5.0 (compatible; SemrushBot/7~bl; +http://www.semrush.com/bot.html)"
207.46.13.229 - - [22/Nov/2024:18:24:36 -0800] "GET /robots.txt HTTP/1.0" 500 - "-" "Mozilla/5.0 AppleWebKit/537.36 (KHTML, like Gecko; compatible; bingbot/2.0; +http://www.bing.com/bingbot.htm) Chrome/116.0.1938.76 Safari/537.36"
52.167.144.184 - - [22/Nov/2024:18:24:39 -0800] "GET /pri173.xml HTTP/1.0" 500 - "-" "Mozilla/5.0 AppleWebKit/537.36 (KHTML, like Gecko; compatible; bingbot/2.0; +http://www.bing.com/bingbot.htm) Chrome/116.0.1938.76 Safari/537.36"
85.208.96.210 - - [22/Nov/2024:18:24:48 -0800] "GET /k9n3/yte1246pytj32lwd HTTP/1.0" 500 - "-" "Mozilla/5.0 (compatible; SemrushBot/7~bl; +http://www.semrush.com/bot.html)"
85.208.96.205 - - [22/Nov/2024:18:25:49 -0800] "GET /fm7/gpm22210yhpn8npao HTTP/1.0" 500 - "-" "Mozilla/5.0 (compatible; SemrushBot/7~bl; +http://www.semrush.com/bot.html)"
185.191.171.14 - - [22/Nov/2024:18:26:51 -0800] "GET /iq0/vab6677raun4.html HTTP/1.0" 500 - "-" "Mozilla/5.0 (compatible; SemrushBot/7~bl; +http://www.semrush.com/bot.html)"
85.208.96.207 - - [22/Nov/2024:18:27:52 -0800] "GET /gy9/jzp711qvvzm0s.htm HTTP/1.0" 500 - "-" "Mozilla/5.0 (compatible; SemrushBot/7~bl; +http://www.semrush.com/bot.html)"
185.191.171.6 - - [22/Nov/2024:18:28:09 -0800] "GET /robots.txt HTTP/1.0" 500 - "-" "Mozilla/5.0 (compatible; SemrushBot/7~bl; +http://www.semrush.com/bot.html)"
185.191.171.15 - - [22/Nov/2024:18:28:53 -0800] "GET /k8s/hnu761gnztt5v.html HTTP/1.0" 500 - "-" "Mozilla/5.0 (compatible; SemrushBot/7~bl; +http://www.semrush.com/bot.html)"
85.208.96.197 - - [22/Nov/2024:18:29:54 -0800] "GET /jd2avx/syy8104yhpn4959 HTTP/1.0" 500 - "-" "Mozilla/5.0 (compatible; SemrushBot/7~bl; +http://www.semrush.com/bot.html)"
89.104.111.188 - - [22/Nov/2024:18:30:36 -0800] "GET / HTTP/1.0" 500 - "-" "Mozilla/5.0 (Windows NT 10.0; Win64; x64) AppleWebKit/537.36 (KHTML, like Gecko) Chrome/94.0.4606.61 Safari/537.36"
176.53.218.129 - - [22/Nov/2024:18:30:37 -0800] "GET / HTTP/1.0" 500 - "-" "Mozilla/5.0 (Windows NT 10.0; Win64; x64) AppleWebKit/537.36 (KHTML, like Gecko) Chrome/94.0.4606.61 Safari/537.36"
176.53.222.137 - - [22/Nov/2024:18:30:37 -0800] "GET /favicon.ico HTTP/1.0" 500 - "-" "Mozilla/5.0 (Windows NT 10.0; Win64; x64) AppleWebKit/537.36 (KHTML, like Gecko) Chrome/94.0.4606.61 Safari/537.36"
176.53.222.7 - - [22/Nov/2024:18:30:38 -0800] "GET /favicon.ico HTTP/1.0" 500 - "-" "Mozilla/5.0 (Windows NT 10.0; Win64; x64) AppleWebKit/537.36 (KHTML, like Gecko) Chrome/94.0.4606.61 Safari/537.36"
176.53.221.141 - - [22/Nov/2024:18:30:39 -0800] "GET / HTTP/1.0" 500 - "-" "Mozilla/5.0 (Windows NT 10.0; Win64; x64) AppleWebKit/537.36 (KHTML, like Gecko) Chrome/94.0.4606.61 Safari/537.36"
176.53.221.141 - - [22/Nov/2024:18:30:39 -0800] "GET / HTTP/1.0" 500 - "-" "Mozilla/5.0 (Windows NT 10.0; Win64; x64) AppleWebKit/537.36 (KHTML, like Gecko) Chrome/94.0.4606.61 Safari/537.36"
176.53.221.141 - - [22/Nov/2024:18:30:40 -0800] "GET /favicon.ico HTTP/1.0" 500 - "-" "Mozilla/5.0 (Windows NT 10.0; Win64; x64) AppleWebKit/537.36 (KHTML, like Gecko) Chrome/94.0.4606.61 Safari/537.36"
176.53.221.141 - - [22/Nov/2024:18:30:40 -0800] "GET /favicon.ico HTTP/1.0" 500 - "-" "Mozilla/5.0 (Windows NT 10.0; Win64; x64) AppleWebKit/537.36 (KHTML, like Gecko) Chrome/94.0.4606.61 Safari/537.36"
185.191.171.16 - - [22/Nov/2024:18:30:54 -0800] "GET /sb2/oau18370myas16puoz HTTP/1.0" 500 - "-" "Mozilla/5.0 (compatible; SemrushBot/7~bl; +http://www.semrush.com/bot.html)"
85.208.96.198 - - [22/Nov/2024:18:31:55 -0800] "GET /hnx/cei4162bgeutcv39u2 HTTP/1.0" 500 - "-" "Mozilla/5.0 (compatible; SemrushBot/7~bl; +http://www.semrush.com/bot.html)"
185.191.171.16 - - [22/Nov/2024:18:32:56 -0800] "GET /irq/dtq18723htjtiag.htm HTTP/1.0" 500 - "-" "Mozilla/5.0 (compatible; SemrushBot/7~bl; +http://www.semrush.com/bot.html)"
85.208.96.197 - - [22/Nov/2024:18:33:56 -0800] "GET /fafe/svf21442bjvw0zgz HTTP/1.0" 500 - "-" "Mozilla/5.0 (compatible; SemrushBot/7~bl; +http://www.semrush.com/bot.html)"
85.208.96.202 - - [22/Nov/2024:18:34:57 -0800] "GET /hheo/stf18868tqrhqlat HTTP/1.0" 500 - "-" "Mozilla/5.0 (compatible; SemrushBot/7~bl; +http://www.semrush.com/bot.html)"
185.191.171.16 - - [22/Nov/2024:18:35:58 -0800] "GET /fmqe8j/gmm19792mesjwupn HTTP/1.0" 500 - "-" "Mozilla/5.0 (compatible; SemrushBot/7~bl; +http://www.semrush.com/bot.html)"
185.191.171.1 - - [22/Nov/2024:18:36:59 -0800] "GET /uo9/svy23132vfnwz.html HTTP/1.0" 500 - "-" "Mozilla/5.0 (compatible; SemrushBot/7~bl; +http://www.semrush.com/bot.html)"
85.208.96.198 - - [22/Nov/2024:18:37:59 -0800] "GET /f8m/nfa7319ysqfkb.html HTTP/1.0" 500 - "-" "Mozilla/5.0 (compatible; SemrushBot/7~bl; +http://www.semrush.com/bot.html)"
85.208.96.212 - - [22/Nov/2024:18:39:00 -0800] "GET /g4gy/olb5890eplyjw1bau HTTP/1.0" 500 - "-" "Mozilla/5.0 (compatible; SemrushBot/7~bl; +http://www.semrush.com/bot.html)"
85.208.96.209 - - [22/Nov/2024:18:40:01 -0800] "GET /jit/hxu23745gxkf2ge.htm HTTP/1.0" 500 - "-" "Mozilla/5.0 (compatible; SemrushBot/7~bl; +http://www.semrush.com/bot.html)"
185.191.171.12 - - [22/Nov/2024:18:41:01 -0800] "GET /nlt/cbi730eebyrczg9v98d HTTP/1.0" 500 - "-" "Mozilla/5.0 (compatible; SemrushBot/7~bl; +http://www.semrush.com/bot.html)"
85.208.96.196 - - [22/Nov/2024:18:42:02 -0800] "GET /fegu/lpr13583rcipi.html HTTP/1.0" 500 - "-" "Mozilla/5.0 (compatible; SemrushBot/7~bl; +http://www.semrush.com/bot.html)"
66.249.79.8 - - [22/Nov/2024:18:42:39 -0800] "GET /robots.txt HTTP/1.0" 500 - "-" "Mozilla/5.0 (compatible; Googlebot/2.1; +http://www.google.com/bot.html)"
66.249.79.6 - - [22/Nov/2024:18:42:57 -0800] "GET /qjxiz/atn21996tjarmoyseqgk25.htm HTTP/1.0" 500 - "-" "Mozilla/5.0 (Linux; Android 6.0.1; Nexus 5X Build/MMB29P) AppleWebKit/537.36 (KHTML, like Gecko) Chrome/131.0.6778.69 Mobile Safari/537.36 (compatible; Googlebot/2.1; +http://www.google.com/bot.html)"
185.191.171.11 - - [22/Nov/2024:18:43:04 -0800] "GET /ghv/nvt13897cvfbqhi HTTP/1.0" 500 - "-" "Mozilla/5.0 (compatible; SemrushBot/7~bl; +http://www.semrush.com/bot.html)"
66.249.79.8 - - [22/Nov/2024:18:44:04 -0800] "GET /kbs5sk/rqe23235xjcq8hncta.htm HTTP/1.0" 500 - "-" "Mozilla/5.0 (Linux; Android 6.0.1; Nexus 5X Build/MMB29P) AppleWebKit/537.36 (KHTML, like Gecko) Chrome/131.0.6778.69 Mobile Safari/537.36 (compatible; Googlebot/2.1; +http://www.google.com/bot.html)"
85.208.96.196 - - [22/Nov/2024:18:44:04 -0800] "GET /dhc/yve20590bjvwaentw HTTP/1.0" 500 - "-" "Mozilla/5.0 (compatible; SemrushBot/7~bl; +http://www.semrush.com/bot.html)"
85.208.96.206 - - [22/Nov/2024:18:45:05 -0800] "GET /gbb/gdm19948daqfp1vo8 HTTP/1.0" 500 - "-" "Mozilla/5.0 (compatible; SemrushBot/7~bl; +http://www.semrush.com/bot.html)"
66.249.79.6 - - [22/Nov/2024:18:45:22 -0800] "GET /xjl7gi/dyj19685pytjpoy7.html HTTP/1.0" 500 - "-" "Mozilla/5.0 (Linux; Android 6.0.1; Nexus 5X Build/MMB29P) AppleWebKit/537.36 (KHTML, like Gecko) Chrome/131.0.6778.69 Mobile Safari/537.36 (compatible; Googlebot/2.1; +http://www.google.com/bot.html)"
66.249.79.6 - - [22/Nov/2024:18:45:39 -0800] "GET /pqfm/smf7350zhmju7du43h.htm HTTP/1.0" 500 - "-" "Mozilla/5.0 (Linux; Android 6.0.1; Nexus 5X Build/MMB29P) AppleWebKit/537.36 (KHTML, like Gecko) Chrome/131.0.6778.69 Mobile Safari/537.36 (compatible; Googlebot/2.1; +http://www.google.com/bot.html)"
66.249.79.6 - - [22/Nov/2024:18:45:49 -0800] "GET /robots.txt HTTP/1.0" 500 - "-" "Mozilla/5.0 (compatible; Googlebot/2.1; +http://www.google.com/bot.html)"
185.191.171.2 - - [22/Nov/2024:18:46:07 -0800] "GET /fzgx/nut9451nequa3vvv3l HTTP/1.0" 500 - "-" "Mozilla/5.0 (compatible; SemrushBot/7~bl; +http://www.semrush.com/bot.html)"
66.249.79.6 - - [22/Nov/2024:18:46:29 -0800] "GET /wnfr/bro18981orqd0rv3nob8.htm HTTP/1.0" 500 - "-" "Mozilla/5.0 (Linux; Android 6.0.1; Nexus 5X Build/MMB29P) AppleWebKit/537.36 (KHTML, like Gecko) Chrome/131.0.6778.69 Mobile Safari/537.36 (compatible; Googlebot/2.1; +http://www.google.com/bot.html)"
185.191.171.19 - - [22/Nov/2024:18:47:07 -0800] "GET /eys/vfb14191shrf3cj06 HTTP/1.0" 500 - "-" "Mozilla/5.0 (compatible; SemrushBot/7~bl; +http://www.semrush.com/bot.html)"
45.79.163.44 - - [22/Nov/2024:18:47:33 -0800] "GET /.well-known/acme-challenge/0XYN51Q1JNZBRLGVH3ZBCL0YY6AALD8F HTTP/1.0" 404 236 "-" "Cpanel-HTTP-Client/1.0"
45.79.163.44 - - [22/Nov/2024:18:47:34 -0800] "GET /.well-known/acme-challenge/7MTNZZXUC3VF76O58TC9KNE_7UQH33YE HTTP/1.0" 404 236 "-" "Cpanel-HTTP-Client/1.0"
45.79.163.44 - - [22/Nov/2024:18:47:35 -0800] "GET /.well-known/acme-challenge/BUA26YG6K6A4X7N8MXBRI63-QT5EXALH HTTP/1.0" 404 236 "-" "Cpanel-HTTP-Client/1.0"
66.249.79.7 - - [22/Nov/2024:18:47:52 -0800] "GET /k3i18/frl2189orqdzb.html HTTP/1.0" 500 - "-" "Mozilla/5.0 (Linux; Android 6.0.1; Nexus 5X Build/MMB29P) AppleWebKit/537.36 (KHTML, like Gecko) Chrome/131.0.6778.69 Mobile Safari/537.36 (compatible; Googlebot/2.1; +http://www.google.com/bot.html)"
66.249.79.6 - - [22/Nov/2024:18:48:02 -0800] "GET /pqhi94/gmm5752myashnx HTTP/1.0" 500 - "-" "Mozilla/5.0 (Linux; Android 6.0.1; Nexus 5X Build/MMB29P) AppleWebKit/537.36 (KHTML, like Gecko) Chrome/131.0.6778.69 Mobile Safari/537.36 (compatible; Googlebot/2.1; +http://www.google.com/bot.html)"
185.191.171.13 - - [22/Nov/2024:18:48:11 -0800] "GET /l9h/uva28906qvvzc8srg HTTP/1.0" 500 - "-" "Mozilla/5.0 (compatible; SemrushBot/7~bl; +http://www.semrush.com/bot.html)"
66.249.79.6 - - [22/Nov/2024:18:48:19 -0800] "GET /robots.txt HTTP/1.0" 500 - "-" "Mozilla/5.0 (compatible; Googlebot/2.1; +http://www.google.com/bot.html)"
66.249.79.6 - - [22/Nov/2024:18:48:25 -0800] "GET /2g1/afg16640fkrdwzrkk.html HTTP/1.0" 500 - "-" "Mozilla/5.0 (Linux; Android 6.0.1; Nexus 5X Build/MMB29P) AppleWebKit/537.36 (KHTML, like Gecko) Chrome/131.0.6778.69 Mobile Safari/537.36 (compatible; Googlebot/2.1; +http://www.google.com/bot.html)"
85.208.96.206 - - [22/Nov/2024:18:49:14 -0800] "GET /g6hp/fyl9989pytjem.html HTTP/1.0" 500 - "-" "Mozilla/5.0 (compatible; SemrushBot/7~bl; +http://www.semrush.com/bot.html)"
66.249.79.8 - - [22/Nov/2024:18:49:14 -0800] "GET /qoskpf5w/hsn24915myasiikpejg.htm HTTP/1.0" 500 - "-" "Mozilla/5.0 (Linux; Android 6.0.1; Nexus 5X Build/MMB29P) AppleWebKit/537.36 (KHTML, like Gecko) Chrome/131.0.6778.69 Mobile Safari/537.36 (compatible; Googlebot/2.1; +http://www.google.com/bot.html)"
66.249.79.7 - - [22/Nov/2024:18:49:21 -0800] "GET /iruz/gzt14722gnztrf8ik HTTP/1.0" 500 - "-" "Mozilla/5.0 (Linux; Android 6.0.1; Nexus 5X Build/MMB29P) AppleWebKit/537.36 (KHTML, like Gecko) Chrome/131.0.6778.69 Mobile Safari/537.36 (compatible; Googlebot/2.1; +http://www.google.com/bot.html)"
85.208.96.193 - - [22/Nov/2024:18:49:43 -0800] "GET /robots.txt HTTP/1.0" 500 - "-" "Mozilla/5.0 (compatible; SemrushBot/7~bl; +http://www.semrush.com/bot.html)"
66.249.79.6 - - [22/Nov/2024:18:49:52 -0800] "GET /a3sj2oh9q/zsf9073ysqf9skiwua HTTP/1.0" 500 - "-" "Mozilla/5.0 (Linux; Android 6.0.1; Nexus 5X Build/MMB29P) AppleWebKit/537.36 (KHTML, like Gecko) Chrome/131.0.6778.69 Mobile Safari/537.36 (compatible; Googlebot/2.1; +http://www.google.com/bot.html)"
66.249.79.6 - - [22/Nov/2024:18:49:57 -0800] "GET /z4loo/mos1260ohxstc5nr6.htm HTTP/1.0" 500 - "-" "Mozilla/5.0 (Linux; Android 6.0.1; Nexus 5X Build/MMB29P) AppleWebKit/537.36 (KHTML, like Gecko) Chrome/131.0.6778.69 Mobile Safari/537.36 (compatible; Googlebot/2.1; +http://www.google.com/bot.html)"
66.249.79.6 - - [22/Nov/2024:18:50:00 -0800] "GET /btruv2za7/ifo2712fxzx1d8.htm HTTP/1.0" 500 - "-" "Mozilla/5.0 (Linux; Android 6.0.1; Nexus 5X Build/MMB29P) AppleWebKit/537.36 (KHTML, like Gecko) Chrome/131.0.6778.69 Mobile Safari/537.36 (compatible; Googlebot/2.1; +http://www.google.com/bot.html)"
66.249.79.6 - - [22/Nov/2024:18:50:08 -0800] "GET /robots.txt HTTP/1.0" 500 - "-" "Mozilla/5.0 (compatible; Googlebot/2.1; +http://www.google.com/bot.html)"
185.191.171.14 - - [22/Nov/2024:18:50:15 -0800] "GET /gw3t/nva16445qvvzi.html HTTP/1.0" 500 - "-" "Mozilla/5.0 (compatible; SemrushBot/7~bl; +http://www.semrush.com/bot.html)"
85.208.96.207 - - [22/Nov/2024:18:51:15 -0800] "GET /fyy4i/wec30052eplypb6i HTTP/1.0" 500 - "-" "Mozilla/5.0 (compatible; SemrushBot/7~bl; +http://www.semrush.com/bot.html)"
66.249.79.7 - - [22/Nov/2024:18:51:17 -0800] "GET /robots.txt HTTP/1.0" 500 - "-" "Mozilla/5.0 (compatible; Googlebot/2.1; +http://www.google.com/bot.html)"
85.208.96.207 - - [22/Nov/2024:18:52:16 -0800] "GET /jx7u06/yse622pasu8o7 HTTP/1.0" 500 - "-" "Mozilla/5.0 (compatible; SemrushBot/7~bl; +http://www.semrush.com/bot.html)"
66.249.79.8 - - [22/Nov/2024:18:52:22 -0800] "GET /robots.txt HTTP/1.0" 500 - "-" "Mozilla/5.0 (compatible; Googlebot/2.1; +http://www.google.com/bot.html)"
66.249.79.6 - - [22/Nov/2024:18:52:37 -0800] "GET /83vf/gpm27228pfexur1xr.htm HTTP/1.0" 500 - "-" "Mozilla/5.0 (Linux; Android 6.0.1; Nexus 5X Build/MMB29P) AppleWebKit/537.36 (KHTML, like Gecko) Chrome/131.0.6778.69 Mobile Safari/537.36 (compatible; Googlebot/2.1; +http://www.google.com/bot.html)"
66.249.79.7 - - [22/Nov/2024:18:52:40 -0800] "GET /invnmq/dhj5645phpnv.html HTTP/1.0" 500 - "-" "Mozilla/5.0 (Linux; Android 6.0.1; Nexus 5X Build/MMB29P) AppleWebKit/537.36 (KHTML, like Gecko) Chrome/131.0.6778.69 Mobile Safari/537.36 (compatible; Googlebot/2.1; +http://www.google.com/bot.html)"
185.191.171.16 - - [22/Nov/2024:18:53:16 -0800] "GET /fjm/ush14320spqxrrhn HTTP/1.0" 500 - "-" "Mozilla/5.0 (compatible; SemrushBot/7~bl; +http://www.semrush.com/bot.html)"
66.249.79.7 - - [22/Nov/2024:18:53:25 -0800] "GET /cevcategoriapytj/25 HTTP/1.0" 500 - "-" "Mozilla/5.0 (Linux; Android 6.0.1; Nexus 5X Build/MMB29P) AppleWebKit/537.36 (KHTML, like Gecko) Chrome/131.0.6778.69 Mobile Safari/537.36 (compatible; Googlebot/2.1; +http://www.google.com/bot.html)"
66.249.79.6 - - [22/Nov/2024:18:53:33 -0800] "GET /robots.txt HTTP/1.0" 500 - "-" "Mozilla/5.0 (compatible; Googlebot/2.1; +http://www.google.com/bot.html)"
66.249.79.6 - - [22/Nov/2024:18:53:37 -0800] "GET /4bt1/yue14922yuugag9sgaeo.htm HTTP/1.0" 500 - "-" "Mozilla/5.0 (Linux; Android 6.0.1; Nexus 5X Build/MMB29P) AppleWebKit/537.36 (KHTML, like Gecko) Chrome/131.0.6778.69 Mobile Safari/537.36 (compatible; Googlebot/2.1; +http://www.google.com/bot.html)"
66.249.79.6 - - [22/Nov/2024:18:53:39 -0800] "GET /2yfcy/veb16921oecav30ptr HTTP/1.0" 500 - "-" "Mozilla/5.0 (Linux; Android 6.0.1; Nexus 5X Build/MMB29P) AppleWebKit/537.36 (KHTML, like Gecko) Chrome/131.0.6778.69 Mobile Safari/537.36 (compatible; Googlebot/2.1; +http://www.google.com/bot.html)"
85.208.96.196 - - [22/Nov/2024:18:54:17 -0800] "GET /me6/pxc11065axxqnzgak0k HTTP/1.0" 500 - "-" "Mozilla/5.0 (compatible; SemrushBot/7~bl; +http://www.semrush.com/bot.html)"
66.249.79.7 - - [22/Nov/2024:18:54:23 -0800] "GET /avows/bwo4603nvow36a2p HTTP/1.0" 500 - "-" "Mozilla/5.0 (Linux; Android 6.0.1; Nexus 5X Build/MMB29P) AppleWebKit/537.36 (KHTML, like Gecko) Chrome/131.0.6778.69 Mobile Safari/537.36 (compatible; Googlebot/2.1; +http://www.google.com/bot.html)"
66.249.79.7 - - [22/Nov/2024:18:54:50 -0800] "GET /robots.txt HTTP/1.0" 500 - "-" "Mozilla/5.0 (compatible; Googlebot/2.1; +http://www.google.com/bot.html)"
185.191.171.4 - - [22/Nov/2024:18:55:17 -0800] "GET /ka1/bah25117pasu4rvgxw HTTP/1.0" 500 - "-" "Mozilla/5.0 (compatible; SemrushBot/7~bl; +http://www.semrush.com/bot.html)"
85.208.96.211 - - [22/Nov/2024:18:56:18 -0800] "GET /h729qcb/kux17014yuugxnh HTTP/1.0" 500 - "-" "Mozilla/5.0 (compatible; SemrushBot/7~bl; +http://www.semrush.com/bot.html)"
66.249.79.6 - - [22/Nov/2024:18:56:24 -0800] "GET /9pol/mys28404ycoomvxpf.htm HTTP/1.0" 500 - "-" "Mozilla/5.0 (Linux; Android 6.0.1; Nexus 5X Build/MMB29P) AppleWebKit/537.36 (KHTML, like Gecko) Chrome/131.0.6778.69 Mobile Safari/537.36 (compatible; Googlebot/2.1; +http://www.google.com/bot.html)"
66.249.79.6 - - [22/Nov/2024:18:56:26 -0800] "GET /9f28/xak28233pasu4pnvcz9g1f.htm HTTP/1.0" 500 - "-" "Mozilla/5.0 (Linux; Android 6.0.1; Nexus 5X Build/MMB29P) AppleWebKit/537.36 (KHTML, like Gecko) Chrome/131.0.6778.69 Mobile Safari/537.36 (compatible; Googlebot/2.1; +http://www.google.com/bot.html)"
66.249.79.7 - - [22/Nov/2024:18:57:10 -0800] "GET /f8rj/fbl10743opkbjbx40p.htm HTTP/1.0" 500 - "-" "Mozilla/5.0 (Linux; Android 6.0.1; Nexus 5X Build/MMB29P) AppleWebKit/537.36 (KHTML, like Gecko) Chrome/131.0.6778.69 Mobile Safari/537.36 (compatible; Googlebot/2.1; +http://www.google.com/bot.html)"
185.191.171.16 - - [22/Nov/2024:18:57:18 -0800] "GET /mhcw17/bph7333gplm7oc HTTP/1.0" 500 - "-" "Mozilla/5.0 (compatible; SemrushBot/7~bl; +http://www.semrush.com/bot.html)"
85.208.96.212 - - [22/Nov/2024:18:58:19 -0800] "GET /h22/cpi23428pchvtpocsn HTTP/1.0" 500 - "-" "Mozilla/5.0 (compatible; SemrushBot/7~bl; +http://www.semrush.com/bot.html)"
66.249.79.6 - - [22/Nov/2024:18:58:40 -0800] "GET /fz9/pkv5761ikzdw78b HTTP/1.0" 500 - "-" "Mozilla/5.0 (Linux; Android 6.0.1; Nexus 5X Build/MMB29P) AppleWebKit/537.36 (KHTML, like Gecko) Chrome/131.0.6778.69 Mobile Safari/537.36 (compatible; Googlebot/2.1; +http://www.google.com/bot.html)"
85.208.96.207 - - [22/Nov/2024:18:59:20 -0800] "GET /nnty/itv9862xhttx8vna2z HTTP/1.0" 500 - "-" "Mozilla/5.0 (compatible; SemrushBot/7~bl; +http://www.semrush.com/bot.html)"
66.249.79.6 - - [22/Nov/2024:19:00:10 -0800] "GET /bgz/yze16378tnzpokah5z HTTP/1.0" 500 - "-" "Mozilla/5.0 (Linux; Android 6.0.1; Nexus 5X Build/MMB29P) AppleWebKit/537.36 (KHTML, like Gecko) Chrome/131.0.6778.69 Mobile Safari/537.36 (compatible; Googlebot/2.1; +http://www.google.com/bot.html)"
85.208.96.196 - - [22/Nov/2024:19:00:20 -0800] "GET /zlj/kpq12984pguy0v1.htm HTTP/1.0" 500 - "-" "Mozilla/5.0 (compatible; SemrushBot/7~bl; +http://www.semrush.com/bot.html)"
66.249.79.7 - - [22/Nov/2024:19:00:39 -0800] "GET /o7ss9hj0e/nat5473dawtb0u34yxeu HTTP/1.0" 500 - "-" "Mozilla/5.0 (Linux; Android 6.0.1; Nexus 5X Build/MMB29P) AppleWebKit/537.36 (KHTML, like Gecko) Chrome/131.0.6778.69 Mobile Safari/537.36 (compatible; Googlebot/2.1; +http://www.google.com/bot.html)"
66.249.79.8 - - [22/Nov/2024:19:01:05 -0800] "GET /eb7oes/uha3088hfgw05hny2 HTTP/1.0" 500 - "-" "Mozilla/5.0 (Linux; Android 6.0.1; Nexus 5X Build/MMB29P) AppleWebKit/537.36 (KHTML, like Gecko) Chrome/131.0.6778.69 Mobile Safari/537.36 (compatible; Googlebot/2.1; +http://www.google.com/bot.html)"
66.249.79.6 - - [22/Nov/2024:19:01:17 -0800] "GET /u5v2689/kmq4586scmhuii.html HTTP/1.0" 500 - "-" "Mozilla/5.0 (Linux; Android 6.0.1; Nexus 5X Build/MMB29P) AppleWebKit/537.36 (KHTML, like Gecko) Chrome/131.0.6778.69 Mobile Safari/537.36 (compatible; Googlebot/2.1; +http://www.google.com/bot.html)"
185.191.171.6 - - [22/Nov/2024:19:01:21 -0800] "GET /ruo/etk23664twvr64o.htm HTTP/1.0" 500 - "-" "Mozilla/5.0 (compatible; SemrushBot/7~bl; +http://www.semrush.com/bot.html)"
198.235.24.177 - - [22/Nov/2024:19:01:42 -0800] "GET / HTTP/1.0" 500 - "-" "-"
66.249.79.6 - - [22/Nov/2024:19:01:47 -0800] "GET /n2c/hwn19247rrzw0.html HTTP/1.0" 500 - "-" "Mozilla/5.0 (Linux; Android 6.0.1; Nexus 5X Build/MMB29P) AppleWebKit/537.36 (KHTML, like Gecko) Chrome/131.0.6778.69 Mobile Safari/537.36 (compatible; Googlebot/2.1; +http://www.google.com/bot.html)"
66.249.79.6 - - [22/Nov/2024:19:01:53 -0800] "GET /robots.txt HTTP/1.0" 500 - "-" "Mozilla/5.0 (compatible; Googlebot/2.1; +http://www.google.com/bot.html)"
85.208.96.197 - - [22/Nov/2024:19:02:21 -0800] "GET /nqn8/yel26830bgeuubx HTTP/1.0" 500 - "-" "Mozilla/5.0 (compatible; SemrushBot/7~bl; +http://www.semrush.com/bot.html)"
66.249.79.7 - - [22/Nov/2024:19:02:39 -0800] "GET /atlp/xed21499gakee6qwnjf9or HTTP/1.0" 500 - "-" "Mozilla/5.0 (Linux; Android 6.0.1; Nexus 5X Build/MMB29P) AppleWebKit/537.36 (KHTML, like Gecko) Chrome/131.0.6778.69 Mobile Safari/537.36 (compatible; Googlebot/2.1; +http://www.google.com/bot.html)"
66.249.79.6 - - [22/Nov/2024:19:02:46 -0800] "GET /ltysa1cf/hru6039qkur49gm6.htm HTTP/1.0" 500 - "-" "Mozilla/5.0 (Linux; Android 6.0.1; Nexus 5X Build/MMB29P) AppleWebKit/537.36 (KHTML, like Gecko) Chrome/131.0.6778.69 Mobile Safari/537.36 (compatible; Googlebot/2.1; +http://www.google.com/bot.html)"
85.208.96.198 - - [22/Nov/2024:19:03:22 -0800] "GET /ffql4/oku17902izkz20b HTTP/1.0" 500 - "-" "Mozilla/5.0 (compatible; SemrushBot/7~bl; +http://www.semrush.com/bot.html)"
66.249.79.8 - - [22/Nov/2024:19:03:55 -0800] "GET /3ts6s/xsd8863myasdiex HTTP/1.0" 500 - "-" "Mozilla/5.0 (Linux; Android 6.0.1; Nexus 5X Build/MMB29P) AppleWebKit/537.36 (KHTML, like Gecko) Chrome/131.0.6778.69 Mobile Safari/537.36 (compatible; Googlebot/2.1; +http://www.google.com/bot.html)"
66.249.79.6 - - [22/Nov/2024:19:04:21 -0800] "GET /1b7h9/lfr23879daqfujz8aa.html HTTP/1.0" 500 - "-" "Mozilla/5.0 (Linux; Android 6.0.1; Nexus 5X Build/MMB29P) AppleWebKit/537.36 (KHTML, like Gecko) Chrome/131.0.6778.69 Mobile Safari/537.36 (compatible; Googlebot/2.1; +http://www.google.com/bot.html)"
185.191.171.19 - - [22/Nov/2024:19:04:22 -0800] "GET /ffz6/ifv24058cvfb86awdv HTTP/1.0" 500 - "-" "Mozilla/5.0 (compatible; SemrushBot/7~bl; +http://www.semrush.com/bot.html)"
85.208.96.210 - - [22/Nov/2024:19:05:25 -0800] "GET /mlu/rce26017ycoo5zrxa HTTP/1.0" 500 - "-" "Mozilla/5.0 (compatible; SemrushBot/7~bl; +http://www.semrush.com/bot.html)"
66.249.79.7 - - [22/Nov/2024:19:06:08 -0800] "GET /p287/pxv6281cxjsvrz8huzk.html HTTP/1.0" 500 - "-" "Mozilla/5.0 (Linux; Android 6.0.1; Nexus 5X Build/MMB29P) AppleWebKit/537.36 (KHTML, like Gecko) Chrome/131.0.6778.69 Mobile Safari/537.36 (compatible; Googlebot/2.1; +http://www.google.com/bot.html)"
85.208.96.208 - - [22/Nov/2024:19:06:26 -0800] "GET /v56/jvw24891pchvryl.htm HTTP/1.0" 500 - "-" "Mozilla/5.0 (compatible; SemrushBot/7~bl; +http://www.semrush.com/bot.html)"
66.249.79.6 - - [22/Nov/2024:19:06:54 -0800] "GET /robots.txt HTTP/1.0" 500 - "-" "Mozilla/5.0 (compatible; Googlebot/2.1; +http://www.google.com/bot.html)"
85.208.96.207 - - [22/Nov/2024:19:07:27 -0800] "GET /htd/mus18394raunnkvfdsy HTTP/1.0" 500 - "-" "Mozilla/5.0 (compatible; SemrushBot/7~bl; +http://www.semrush.com/bot.html)"
52.167.144.156 - - [22/Nov/2024:19:07:35 -0800] "GET /cdp/wwj3714gtwt5dl3m8.htm HTTP/1.0" 500 - "-" "Mozilla/5.0 AppleWebKit/537.36 (KHTML, like Gecko; compatible; bingbot/2.0; +http://www.bing.com/bingbot.htm) Chrome/116.0.1938.76 Safari/537.36"
85.208.96.201 - - [22/Nov/2024:19:08:28 -0800] "GET /18b/dqq4813tqrhrk0al HTTP/1.0" 500 - "-" "Mozilla/5.0 (compatible; SemrushBot/7~bl; +http://www.semrush.com/bot.html)"
85.208.96.208 - - [22/Nov/2024:19:09:29 -0800] "GET /kcs1/gdt890aeds6zz.html HTTP/1.0" 500 - "-" "Mozilla/5.0 (compatible; SemrushBot/7~bl; +http://www.semrush.com/bot.html)"
85.208.96.201 - - [22/Nov/2024:19:10:29 -0800] "GET /f5a1/ful28579pasucqg HTTP/1.0" 500 - "-" "Mozilla/5.0 (compatible; SemrushBot/7~bl; +http://www.semrush.com/bot.html)"
66.249.79.6 - - [22/Nov/2024:19:11:14 -0800] "GET /7f49/iso9550mesj79f1ui2gg HTTP/1.0" 500 - "-" "Mozilla/5.0 (Linux; Android 6.0.1; Nexus 5X Build/MMB29P) AppleWebKit/537.36 (KHTML, like Gecko) Chrome/131.0.6778.69 Mobile Safari/537.36 (compatible; Googlebot/2.1; +http://www.google.com/bot.html)"
85.208.96.198 - - [22/Nov/2024:19:11:33 -0800] "GET /robots.txt HTTP/1.0" 500 - "-" "Mozilla/5.0 (compatible; SemrushBot/7~bl; +http://www.semrush.com/bot.html)"
185.191.171.16 - - [22/Nov/2024:19:11:33 -0800] "GET /i92a/cti938xhttzfe.html HTTP/1.0" 500 - "-" "Mozilla/5.0 (compatible; SemrushBot/7~bl; +http://www.semrush.com/bot.html)"
185.191.171.14 - - [22/Nov/2024:19:12:35 -0800] "GET /ilj/suy13330raun3t9of1 HTTP/1.0" 500 - "-" "Mozilla/5.0 (compatible; SemrushBot/7~bl; +http://www.semrush.com/bot.html)"
66.249.79.8 - - [22/Nov/2024:19:12:40 -0800] "GET /robots.txt HTTP/1.0" 500 - "-" "Mozilla/5.0 (compatible; Googlebot/2.1; +http://www.google.com/bot.html)"
185.191.171.5 - - [22/Nov/2024:19:13:36 -0800] "GET /zye7m/egk15604gnzt7xue HTTP/1.0" 500 - "-" "Mozilla/5.0 (compatible; SemrushBot/7~bl; +http://www.semrush.com/bot.html)"
185.191.171.3 - - [22/Nov/2024:19:14:37 -0800] "GET /f2q/wlc15466eplyrvf HTTP/1.0" 500 - "-" "Mozilla/5.0 (compatible; SemrushBot/7~bl; +http://www.semrush.com/bot.html)"
185.191.171.15 - - [22/Nov/2024:19:15:38 -0800] "GET /kys1a/fzs16099qvvz2cr HTTP/1.0" 500 - "-" "Mozilla/5.0 (compatible; SemrushBot/7~bl; +http://www.semrush.com/bot.html)"
185.191.171.5 - - [22/Nov/2024:19:16:39 -0800] "GET /kcwv/rme4827odymfce.htm HTTP/1.0" 500 - "-" "Mozilla/5.0 (compatible; SemrushBot/7~bl; +http://www.semrush.com/bot.html)"
185.191.171.12 - - [22/Nov/2024:19:17:40 -0800] "GET /fmyq6/yye1948yhpnsaloyl HTTP/1.0" 500 - "-" "Mozilla/5.0 (compatible; SemrushBot/7~bl; +http://www.semrush.com/bot.html)"
85.208.96.206 - - [22/Nov/2024:19:18:42 -0800] "GET /im8v/skf4646zdkf2.html HTTP/1.0" 500 - "-" "Mozilla/5.0 (compatible; SemrushBot/7~bl; +http://www.semrush.com/bot.html)"
85.208.96.208 - - [22/Nov/2024:19:19:43 -0800] "GET /s8qa7/yvl2806twvrzoqpv HTTP/1.0" 500 - "-" "Mozilla/5.0 (compatible; SemrushBot/7~bl; +http://www.semrush.com/bot.html)"
85.208.96.210 - - [22/Nov/2024:19:20:45 -0800] "GET /zml/lcr297ycoo3ti.htm HTTP/1.0" 500 - "-" "Mozilla/5.0 (compatible; SemrushBot/7~bl; +http://www.semrush.com/bot.html)"
85.208.96.209 - - [22/Nov/2024:19:21:45 -0800] "GET /y2g/hru25019twvr1n.html HTTP/1.0" 500 - "-" "Mozilla/5.0 (compatible; SemrushBot/7~bl; +http://www.semrush.com/bot.html)"
66.249.79.6 - - [22/Nov/2024:19:21:49 -0800] "GET /robots.txt HTTP/1.0" 500 - "-" "Mozilla/5.0 (compatible; Googlebot/2.1; +http://www.google.com/bot.html)"
66.249.79.7 - - [22/Nov/2024:19:21:53 -0800] "GET /x3al/dtj10403htjteqlc.html HTTP/1.0" 500 - "-" "Mozilla/5.0 (Linux; Android 6.0.1; Nexus 5X Build/MMB29P) AppleWebKit/537.36 (KHTML, like Gecko) Chrome/131.0.6778.69 Mobile Safari/537.36 (compatible; Googlebot/2.1; +http://www.google.com/bot.html)"
85.208.96.208 - - [22/Nov/2024:19:22:46 -0800] "GET /i3ky/wyj5794ejyuzm5no HTTP/1.0" 500 - "-" "Mozilla/5.0 (compatible; SemrushBot/7~bl; +http://www.semrush.com/bot.html)"
66.249.79.6 - - [22/Nov/2024:19:23:45 -0800] "GET /robots.txt HTTP/1.0" 500 - "-" "Mozilla/5.0 (compatible; Googlebot/2.1; +http://www.google.com/bot.html)"
185.191.171.10 - - [22/Nov/2024:19:23:48 -0800] "GET /n6o/vnb17805tnzpm75.htm HTTP/1.0" 500 - "-" "Mozilla/5.0 (compatible; SemrushBot/7~bl; +http://www.semrush.com/bot.html)"
85.208.96.195 - - [22/Nov/2024:19:24:49 -0800] "GET /gix1a6/hpn6325opkbxmjif HTTP/1.0" 500 - "-" "Mozilla/5.0 (compatible; SemrushBot/7~bl; +http://www.semrush.com/bot.html)"
85.208.96.194 - - [22/Nov/2024:19:25:49 -0800] "GET /joj28/qod26536odymswc HTTP/1.0" 500 - "-" "Mozilla/5.0 (compatible; SemrushBot/7~bl; +http://www.semrush.com/bot.html)"
85.208.96.198 - - [22/Nov/2024:19:26:50 -0800] "GET /zf6/djj12977xjcqdr.html HTTP/1.0" 500 - "-" "Mozilla/5.0 (compatible; SemrushBot/7~bl; +http://www.semrush.com/bot.html)"
66.249.79.6 - - [22/Nov/2024:19:27:11 -0800] "GET /lj2a/jhp5183scmhl.html HTTP/1.0" 500 - "-" "Mozilla/5.0 (Linux; Android 6.0.1; Nexus 5X Build/MMB29P) AppleWebKit/537.36 (KHTML, like Gecko) Chrome/131.0.6778.69 Mobile Safari/537.36 (compatible; Googlebot/2.1; +http://www.google.com/bot.html)"
185.191.171.7 - - [22/Nov/2024:19:27:51 -0800] "GET /g20/xvd19705qvvzf58 HTTP/1.0" 500 - "-" "Mozilla/5.0 (compatible; SemrushBot/7~bl; +http://www.semrush.com/bot.html)"
185.191.171.15 - - [22/Nov/2024:19:28:52 -0800] "GET /wdil9/oou12598jzoq4r6t HTTP/1.0" 500 - "-" "Mozilla/5.0 (compatible; SemrushBot/7~bl; +http://www.semrush.com/bot.html)"
185.191.171.13 - - [22/Nov/2024:19:29:54 -0800] "GET /ioy0dal/dsq6607aeds6ys HTTP/1.0" 500 - "-" "Mozilla/5.0 (compatible; SemrushBot/7~bl; +http://www.semrush.com/bot.html)"
185.191.171.1 - - [22/Nov/2024:19:30:56 -0800] "GET /fco5/rfx22169vfnwa.html HTTP/1.0" 500 - "-" "Mozilla/5.0 (compatible; SemrushBot/7~bl; +http://www.semrush.com/bot.html)"
185.191.171.4 - - [22/Nov/2024:19:31:57 -0800] "GET /fq1/bzo625xzigfk5bax91 HTTP/1.0" 500 - "-" "Mozilla/5.0 (compatible; SemrushBot/7~bl; +http://www.semrush.com/bot.html)"
66.249.79.7 - - [22/Nov/2024:19:32:19 -0800] "GET /9xj/zaf25219ypza44gl4e HTTP/1.0" 500 - "-" "Mozilla/5.0 (Linux; Android 6.0.1; Nexus 5X Build/MMB29P) AppleWebKit/537.36 (KHTML, like Gecko) Chrome/131.0.6778.69 Mobile Safari/537.36 (compatible; Googlebot/2.1; +http://www.google.com/bot.html)"
66.249.79.6 - - [22/Nov/2024:19:32:50 -0800] "GET /wszh9rv3/zyf8865myas9r90w6.htm HTTP/1.0" 500 - "-" "Mozilla/5.0 (Linux; Android 6.0.1; Nexus 5X Build/MMB29P) AppleWebKit/537.36 (KHTML, like Gecko) Chrome/131.0.6778.69 Mobile Safari/537.36 (compatible; Googlebot/2.1; +http://www.google.com/bot.html)"
85.208.96.206 - - [22/Nov/2024:19:32:54 -0800] "GET /robots.txt HTTP/1.0" 500 - "-" "Mozilla/5.0 (compatible; SemrushBot/7~bl; +http://www.semrush.com/bot.html)"
66.249.79.6 - - [22/Nov/2024:19:32:56 -0800] "GET /r5a4wh/eok4788odym6hsah2e.htm HTTP/1.0" 500 - "-" "Mozilla/5.0 (Linux; Android 6.0.1; Nexus 5X Build/MMB29P) AppleWebKit/537.36 (KHTML, like Gecko) Chrome/131.0.6778.69 Mobile Safari/537.36 (compatible; Googlebot/2.1; +http://www.google.com/bot.html)"
85.208.96.204 - - [22/Nov/2024:19:32:58 -0800] "GET /f777/hfn18883shrfpz3w0 HTTP/1.0" 500 - "-" "Mozilla/5.0 (compatible; SemrushBot/7~bl; +http://www.semrush.com/bot.html)"
66.249.79.6 - - [22/Nov/2024:19:33:19 -0800] "GET /tctg7n9/hgu8873bgeurco.html HTTP/1.0" 500 - "-" "Mozilla/5.0 (Linux; Android 6.0.1; Nexus 5X Build/MMB29P) AppleWebKit/537.36 (KHTML, like Gecko) Chrome/131.0.6778.69 Mobile Safari/537.36 (compatible; Googlebot/2.1; +http://www.google.com/bot.html)"
66.249.79.7 - - [22/Nov/2024:19:33:30 -0800] "GET /106c/fbl12355cvfb4th0yo14uu HTTP/1.0" 500 - "-" "Mozilla/5.0 (Linux; Android 6.0.1; Nexus 5X Build/MMB29P) AppleWebKit/537.36 (KHTML, like Gecko) Chrome/131.0.6778.69 Mobile Safari/537.36 (compatible; Googlebot/2.1; +http://www.google.com/bot.html)"
185.191.171.7 - - [22/Nov/2024:19:33:58 -0800] "GET /lnt/bgo21217bgeux6f7cp HTTP/1.0" 500 - "-" "Mozilla/5.0 (compatible; SemrushBot/7~bl; +http://www.semrush.com/bot.html)"
85.208.96.206 - - [22/Nov/2024:19:34:59 -0800] "GET /gzt/pjv17461bjvw8wq HTTP/1.0" 500 - "-" "Mozilla/5.0 (compatible; SemrushBot/7~bl; +http://www.semrush.com/bot.html)"
66.249.79.8 - - [22/Nov/2024:19:35:22 -0800] "GET /robots.txt HTTP/1.0" 500 - "-" "Mozilla/5.0 (compatible; Googlebot/2.1; +http://www.google.com/bot.html)"
185.191.171.3 - - [22/Nov/2024:19:36:00 -0800] "GET /i6s/qzw6750ikzdgwru.htm HTTP/1.0" 500 - "-" "Mozilla/5.0 (compatible; SemrushBot/7~bl; +http://www.semrush.com/bot.html)"
66.249.79.8 - - [22/Nov/2024:19:36:25 -0800] "GET /robots.txt HTTP/1.0" 500 - "-" "Mozilla/5.0 (compatible; Googlebot/2.1; +http://www.google.com/bot.html)"
52.167.144.177 - - [22/Nov/2024:19:36:38 -0800] "GET /nict/ibo7782eebywoghqwg.htm HTTP/1.0" 500 - "-" "Mozilla/5.0 AppleWebKit/537.36 (KHTML, like Gecko; compatible; bingbot/2.0; +http://www.bing.com/bingbot.htm) Chrome/116.0.1938.76 Safari/537.36"
85.208.96.206 - - [22/Nov/2024:19:37:01 -0800] "GET /gyuqvj/scf19960cxjs22e HTTP/1.0" 500 - "-" "Mozilla/5.0 (compatible; SemrushBot/7~bl; +http://www.semrush.com/bot.html)"
185.191.171.17 - - [22/Nov/2024:19:38:02 -0800] "GET /jp2g/umh514lqmuoz4b8 HTTP/1.0" 500 - "-" "Mozilla/5.0 (compatible; SemrushBot/7~bl; +http://www.semrush.com/bot.html)"
66.249.79.7 - - [22/Nov/2024:19:38:47 -0800] "GET /w35d05yn1/lbr843gcubngu11anv4o.htm HTTP/1.0" 500 - "-" "Mozilla/5.0 (Linux; Android 6.0.1; Nexus 5X Build/MMB29P) AppleWebKit/537.36 (KHTML, like Gecko) Chrome/131.0.6778.69 Mobile Safari/537.36 (compatible; Googlebot/2.1; +http://www.google.com/bot.html)"
66.249.79.6 - - [22/Nov/2024:19:38:49 -0800] "GET /2g0r/uba26540bbylnuk.html HTTP/1.0" 500 - "-" "Mozilla/5.0 (Linux; Android 6.0.1; Nexus 5X Build/MMB29P) AppleWebKit/537.36 (KHTML, like Gecko) Chrome/131.0.6778.69 Mobile Safari/537.36 (compatible; Googlebot/2.1; +http://www.google.com/bot.html)"
85.208.96.204 - - [22/Nov/2024:19:39:03 -0800] "GET /f710xpf/yre1480rvounjt HTTP/1.0" 500 - "-" "Mozilla/5.0 (compatible; SemrushBot/7~bl; +http://www.semrush.com/bot.html)"
85.208.96.210 - - [22/Nov/2024:19:40:05 -0800] "GET /vj3/kzq10930ikzd8sup75 HTTP/1.0" 500 - "-" "Mozilla/5.0 (compatible; SemrushBot/7~bl; +http://www.semrush.com/bot.html)"
66.249.79.8 - - [22/Nov/2024:19:40:26 -0800] "GET /robots.txt HTTP/1.0" 500 - "-" "Mozilla/5.0 (compatible; Googlebot/2.1; +http://www.google.com/bot.html)"
185.191.171.14 - - [22/Nov/2024:19:41:06 -0800] "GET /gll/pec30097aedsh878 HTTP/1.0" 500 - "-" "Mozilla/5.0 (compatible; SemrushBot/7~bl; +http://www.semrush.com/bot.html)"
52.167.144.180 - - [22/Nov/2024:19:41:20 -0800] "GET /leadership-shifts-at-business-events-sydney-as-it-reports-robust-growth/ HTTP/1.0" 500 - "-" "Mozilla/5.0 AppleWebKit/537.36 (KHTML, like Gecko; compatible; bingbot/2.0; +http://www.bing.com/bingbot.htm) Chrome/116.0.1938.76 Safari/537.36"
66.249.79.7 - - [22/Nov/2024:19:41:31 -0800] "GET /robots.txt HTTP/1.0" 500 - "-" "Mozilla/5.0 (compatible; Googlebot/2.1; +http://www.google.com/bot.html)"
66.249.79.7 - - [22/Nov/2024:19:41:31 -0800] "GET /nuqa/zqf25921sqyn6w7qc2mfwf HTTP/1.0" 500 - "-" "Mozilla/5.0 (Linux; Android 6.0.1; Nexus 5X Build/MMB29P) AppleWebKit/537.36 (KHTML, like Gecko) Chrome/131.0.6778.69 Mobile Safari/537.36 (compatible; Googlebot/2.1; +http://www.google.com/bot.html)"
66.249.79.6 - - [22/Nov/2024:19:41:56 -0800] "GET /zhqsrq51m/jxp8641mxqbtvenmip5 HTTP/1.0" 500 - "-" "Mozilla/5.0 (Linux; Android 6.0.1; Nexus 5X Build/MMB29P) AppleWebKit/537.36 (KHTML, like Gecko) Chrome/131.0.6778.69 Mobile Safari/537.36 (compatible; Googlebot/2.1; +http://www.google.com/bot.html)"
185.191.171.12 - - [22/Nov/2024:19:42:09 -0800] "GET /mts/jpw28297spqxz2gx HTTP/1.0" 500 - "-" "Mozilla/5.0 (compatible; SemrushBot/7~bl; +http://www.semrush.com/bot.html)"
66.249.79.7 - - [22/Nov/2024:19:42:43 -0800] "GET /blajm/trz8495qkur6bj5t7dn.html HTTP/1.0" 500 - "-" "Mozilla/5.0 (Linux; Android 6.0.1; Nexus 5X Build/MMB29P) AppleWebKit/537.36 (KHTML, like Gecko) Chrome/131.0.6778.69 Mobile Safari/537.36 (compatible; Googlebot/2.1; +http://www.google.com/bot.html)"
185.191.171.15 - - [22/Nov/2024:19:43:10 -0800] "GET /jbo/suy1682pguysqs.html HTTP/1.0" 500 - "-" "Mozilla/5.0 (compatible; SemrushBot/7~bl; +http://www.semrush.com/bot.html)"
185.191.171.4 - - [22/Nov/2024:19:44:11 -0800] "GET /eu4/hlu23771bbylc.html HTTP/1.0" 500 - "-" "Mozilla/5.0 (compatible; SemrushBot/7~bl; +http://www.semrush.com/bot.html)"
66.249.79.7 - - [22/Nov/2024:19:44:35 -0800] "GET /ekg4lib2/nct1599ruac0l7m3.htm HTTP/1.0" 500 - "-" "Mozilla/5.0 (Linux; Android 6.0.1; Nexus 5X Build/MMB29P) AppleWebKit/537.36 (KHTML, like Gecko) Chrome/131.0.6778.69 Mobile Safari/537.36 (compatible; Googlebot/2.1; +http://www.google.com/bot.html)"
85.208.96.197 - - [22/Nov/2024:19:45:11 -0800] "GET /g3l/net11245aedse244f5h HTTP/1.0" 500 - "-" "Mozilla/5.0 (compatible; SemrushBot/7~bl; +http://www.semrush.com/bot.html)"
66.249.79.7 - - [22/Nov/2024:19:45:47 -0800] "GET /7cnv/frl7883jdzro.html HTTP/1.0" 500 - "-" "Mozilla/5.0 (Linux; Android 6.0.1; Nexus 5X Build/MMB29P) AppleWebKit/537.36 (KHTML, like Gecko) Chrome/131.0.6778.69 Mobile Safari/537.36 (compatible; Googlebot/2.1; +http://www.google.com/bot.html)"
66.249.79.7 - - [22/Nov/2024:19:45:54 -0800] "GET /robots.txt HTTP/1.0" 500 - "-" "Mozilla/5.0 (compatible; Googlebot/2.1; +http://www.google.com/bot.html)"
185.191.171.1 - - [22/Nov/2024:19:46:12 -0800] "GET /i1si7/fws14071rrzwr1t HTTP/1.0" 500 - "-" "Mozilla/5.0 (compatible; SemrushBot/7~bl; +http://www.semrush.com/bot.html)"
85.208.96.208 - - [22/Nov/2024:19:47:13 -0800] "GET /lao9t7ju/vwb2647bjvwf9u HTTP/1.0" 500 - "-" "Mozilla/5.0 (compatible; SemrushBot/7~bl; +http://www.semrush.com/bot.html)"
85.208.96.210 - - [22/Nov/2024:19:48:14 -0800] "GET /m59/fcs3073scmhynwjxp HTTP/1.0" 500 - "-" "Mozilla/5.0 (compatible; SemrushBot/7~bl; +http://www.semrush.com/bot.html)"
66.249.79.6 - - [22/Nov/2024:19:48:43 -0800] "GET /robots.txt HTTP/1.0" 500 - "-" "Mozilla/5.0 (compatible; Googlebot/2.1; +http://www.google.com/bot.html)"
85.208.96.193 - - [22/Nov/2024:19:49:14 -0800] "GET /f2p/wqc29818spqx0xu3ko5 HTTP/1.0" 500 - "-" "Mozilla/5.0 (compatible; SemrushBot/7~bl; +http://www.semrush.com/bot.html)"
66.249.79.6 - - [22/Nov/2024:19:49:57 -0800] "GET /t39/oqu23622dzqe0lczw2u1.htm HTTP/1.0" 500 - "-" "Mozilla/5.0 (Linux; Android 6.0.1; Nexus 5X Build/MMB29P) AppleWebKit/537.36 (KHTML, like Gecko) Chrome/131.0.6778.69 Mobile Safari/537.36 (compatible; Googlebot/2.1; +http://www.google.com/bot.html)"
85.208.96.206 - - [22/Nov/2024:19:50:16 -0800] "GET /f7v0b/zpm11647rcipil2 HTTP/1.0" 500 - "-" "Mozilla/5.0 (compatible; SemrushBot/7~bl; +http://www.semrush.com/bot.html)"
66.249.79.8 - - [22/Nov/2024:19:50:21 -0800] "GET /robots.txt HTTP/1.0" 500 - "-" "Mozilla/5.0 (compatible; Googlebot/2.1; +http://www.google.com/bot.html)"
85.208.96.195 - - [22/Nov/2024:19:51:17 -0800] "GET /fs7/prv29733rrzwttl.htm HTTP/1.0" 500 - "-" "Mozilla/5.0 (compatible; SemrushBot/7~bl; +http://www.semrush.com/bot.html)"
185.191.171.11 - - [22/Nov/2024:19:52:18 -0800] "GET /g1xs/qvd7426bjvw602gf1b HTTP/1.0" 500 - "-" "Mozilla/5.0 (compatible; SemrushBot/7~bl; +http://www.semrush.com/bot.html)"
185.191.171.1 - - [22/Nov/2024:19:53:18 -0800] "GET /v0f/xvd19263mbhv70r.htm HTTP/1.0" 500 - "-" "Mozilla/5.0 (compatible; SemrushBot/7~bl; +http://www.semrush.com/bot.html)"
66.249.79.7 - - [22/Nov/2024:19:53:35 -0800] "GET /bxws/bho4265yhpn3eu.html HTTP/1.0" 500 - "-" "Mozilla/5.0 (Linux; Android 6.0.1; Nexus 5X Build/MMB29P) AppleWebKit/537.36 (KHTML, like Gecko) Chrome/131.0.6778.69 Mobile Safari/537.36 (compatible; Googlebot/2.1; +http://www.google.com/bot.html)"
85.208.96.209 - - [22/Nov/2024:19:54:10 -0800] "GET /robots.txt HTTP/1.0" 500 - "-" "Mozilla/5.0 (compatible; SemrushBot/7~bl; +http://www.semrush.com/bot.html)"
85.208.96.195 - - [22/Nov/2024:19:54:19 -0800] "GET /ggbso/apg21268pfexqlmwc HTTP/1.0" 500 - "-" "Mozilla/5.0 (compatible; SemrushBot/7~bl; +http://www.semrush.com/bot.html)"
66.249.70.69 - - [22/Nov/2024:19:54:28 -0800] "GET /upp3/slf22300lqmuemre4 HTTP/1.0" 500 - "-" "Mozilla/5.0 (Linux; Android 6.0.1; Nexus 5X Build/MMB29P) AppleWebKit/537.36 (KHTML, like Gecko) Chrome/131.0.6778.69 Mobile Safari/537.36 (compatible; Googlebot/2.1; +http://www.google.com/bot.html)"
66.249.79.7 - - [22/Nov/2024:19:54:54 -0800] "GET /897167/zdf27949jdzr57epzrr HTTP/1.0" 500 - "-" "Mozilla/5.0 (Linux; Android 6.0.1; Nexus 5X Build/MMB29P) AppleWebKit/537.36 (KHTML, like Gecko) Chrome/131.0.6778.69 Mobile Safari/537.36 (compatible; Googlebot/2.1; +http://www.google.com/bot.html)"
185.191.171.12 - - [22/Nov/2024:19:55:21 -0800] "GET /fkl/yze10892zhmjm5.html HTTP/1.0" 500 - "-" "Mozilla/5.0 (compatible; SemrushBot/7~bl; +http://www.semrush.com/bot.html)"
85.208.96.202 - - [22/Nov/2024:19:56:22 -0800] "GET /f9ezk/uka21028ksbshj2 HTTP/1.0" 500 - "-" "Mozilla/5.0 (compatible; SemrushBot/7~bl; +http://www.semrush.com/bot.html)"
66.249.79.7 - - [22/Nov/2024:19:56:36 -0800] "GET /ex0/cpi8972pchvgp1s.html HTTP/1.0" 500 - "-" "Mozilla/5.0 (Linux; Android 6.0.1; Nexus 5X Build/MMB29P) AppleWebKit/537.36 (KHTML, like Gecko) Chrome/131.0.6778.69 Mobile Safari/537.36 (compatible; Googlebot/2.1; +http://www.google.com/bot.html)"
66.249.79.7 - - [22/Nov/2024:19:57:08 -0800] "GET /zijd/olb21620lhemgzu9k.html HTTP/1.0" 500 - "-" "Mozilla/5.0 (Linux; Android 6.0.1; Nexus 5X Build/MMB29P) AppleWebKit/537.36 (KHTML, like Gecko) Chrome/131.0.6778.69 Mobile Safari/537.36 (compatible; Googlebot/2.1; +http://www.google.com/bot.html)"
185.191.171.6 - - [22/Nov/2024:19:57:23 -0800] "GET /vyo/agg24908gnztnp.html HTTP/1.0" 500 - "-" "Mozilla/5.0 (compatible; SemrushBot/7~bl; +http://www.semrush.com/bot.html)"
66.249.79.7 - - [22/Nov/2024:19:58:15 -0800] "GET /robots.txt HTTP/1.0" 500 - "-" "Mozilla/5.0 (compatible; Googlebot/2.1; +http://www.google.com/bot.html)"
185.191.171.1 - - [22/Nov/2024:19:58:23 -0800] "GET /lf7/qow9168opxqbb5p.htm HTTP/1.0" 500 - "-" "Mozilla/5.0 (compatible; SemrushBot/7~bl; +http://www.semrush.com/bot.html)"
85.208.96.207 - - [22/Nov/2024:19:59:24 -0800] "GET /fp0/bno6579raunw33.htm HTTP/1.0" 500 - "-" "Mozilla/5.0 (compatible; SemrushBot/7~bl; +http://www.semrush.com/bot.html)"
185.191.171.14 - - [22/Nov/2024:20:00:25 -0800] "GET /ke2a4r/xed8317mesj3prfr HTTP/1.0" 500 - "-" "Mozilla/5.0 (compatible; SemrushBot/7~bl; +http://www.semrush.com/bot.html)"
85.208.96.199 - - [22/Nov/2024:20:01:25 -0800] "GET /h8sgq/hwu27931bjvwie7 HTTP/1.0" 500 - "-" "Mozilla/5.0 (compatible; SemrushBot/7~bl; +http://www.semrush.com/bot.html)"
66.249.79.7 - - [22/Nov/2024:20:01:33 -0800] "GET /robots.txt HTTP/1.0" 500 - "-" "Mozilla/5.0 (compatible; Googlebot/2.1; +http://www.google.com/bot.html)"
40.77.167.136 - - [22/Nov/2024:20:01:46 -0800] "GET /pri1279.xml HTTP/1.0" 500 - "-" "Mozilla/5.0 AppleWebKit/537.36 (KHTML, like Gecko; compatible; bingbot/2.0; +http://www.bing.com/bingbot.htm) Chrome/116.0.1938.76 Safari/537.36"
85.208.96.198 - - [22/Nov/2024:20:02:26 -0800] "GET /jkyo5/qcd5632cvfbg23 HTTP/1.0" 500 - "-" "Mozilla/5.0 (compatible; SemrushBot/7~bl; +http://www.semrush.com/bot.html)"
85.208.96.201 - - [22/Nov/2024:20:03:27 -0800] "GET /fmd/uda28204dvrhbvb0c HTTP/1.0" 500 - "-" "Mozilla/5.0 (compatible; SemrushBot/7~bl; +http://www.semrush.com/bot.html)"
185.191.171.15 - - [22/Nov/2024:20:04:28 -0800] "GET /ggn4/pzv16915qvvzs3nv5 HTTP/1.0" 500 - "-" "Mozilla/5.0 (compatible; SemrushBot/7~bl; +http://www.semrush.com/bot.html)"
66.249.79.8 - - [22/Nov/2024:20:05:21 -0800] "GET /robots.txt HTTP/1.0" 500 - "-" "Mozilla/5.0 (compatible; Googlebot/2.1; +http://www.google.com/bot.html)"
185.191.171.3 - - [22/Nov/2024:20:05:28 -0800] "GET /x0dyu0/cup29668uyzxwfo HTTP/1.0" 500 - "-" "Mozilla/5.0 (compatible; SemrushBot/7~bl; +http://www.semrush.com/bot.html)"
185.191.171.14 - - [22/Nov/2024:20:06:29 -0800] "GET /hic/iuo29362dguu8nj4g HTTP/1.0" 500 - "-" "Mozilla/5.0 (compatible; SemrushBot/7~bl; +http://www.semrush.com/bot.html)"
185.191.171.15 - - [22/Nov/2024:20:07:30 -0800] "GET /hnd8/ibo2608bgeu9097 HTTP/1.0" 500 - "-" "Mozilla/5.0 (compatible; SemrushBot/7~bl; +http://www.semrush.com/bot.html)"
185.191.171.14 - - [22/Nov/2024:20:08:31 -0800] "GET /m0w/eek9962lhemco.html HTTP/1.0" 500 - "-" "Mozilla/5.0 (compatible; SemrushBot/7~bl; +http://www.semrush.com/bot.html)"
85.208.96.212 - - [22/Nov/2024:20:09:32 -0800] "GET /f1k/rsx7037ksbs39g.html HTTP/1.0" 500 - "-" "Mozilla/5.0 (compatible; SemrushBot/7~bl; +http://www.semrush.com/bot.html)"
85.208.96.207 - - [22/Nov/2024:20:10:33 -0800] "GET /go5/vub4805yuuggl.html HTTP/1.0" 500 - "-" "Mozilla/5.0 (compatible; SemrushBot/7~bl; +http://www.semrush.com/bot.html)"
66.249.79.8 - - [22/Nov/2024:20:10:57 -0800] "GET /robots.txt HTTP/1.0" 500 - "-" "Mozilla/5.0 (compatible; Googlebot/2.1; +http://www.google.com/bot.html)"
85.208.96.212 - - [22/Nov/2024:20:11:33 -0800] "GET /ufm3d5/mvz13324vkhtl7o HTTP/1.0" 500 - "-" "Mozilla/5.0 (compatible; SemrushBot/7~bl; +http://www.semrush.com/bot.html)"
66.249.79.7 - - [22/Nov/2024:20:11:53 -0800] "GET /u0x/onb3576nqssuon.htm HTTP/1.0" 500 - "-" "Mozilla/5.0 (Linux; Android 6.0.1; Nexus 5X Build/MMB29P) AppleWebKit/537.36 (KHTML, like Gecko) Chrome/131.0.6778.69 Mobile Safari/537.36 (compatible; Googlebot/2.1; +http://www.google.com/bot.html)"
66.249.79.6 - - [22/Nov/2024:20:12:00 -0800] "GET /robots.txt HTTP/1.0" 500 - "-" "Mozilla/5.0 (compatible; Googlebot/2.1; +http://www.google.com/bot.html)"
85.208.96.207 - - [22/Nov/2024:20:12:34 -0800] "GET /h5th/bwo2289twvrabq.htm HTTP/1.0" 500 - "-" "Mozilla/5.0 (compatible; SemrushBot/7~bl; +http://www.semrush.com/bot.html)"
66.249.79.6 - - [22/Nov/2024:20:12:41 -0800] "GET /siqfzwn/dej12145vefv1tyez9 HTTP/1.0" 500 - "-" "Mozilla/5.0 (Linux; Android 6.0.1; Nexus 5X Build/MMB29P) AppleWebKit/537.36 (KHTML, like Gecko) Chrome/131.0.6778.69 Mobile Safari/537.36 (compatible; Googlebot/2.1; +http://www.google.com/bot.html)"
85.208.96.197 - - [22/Nov/2024:20:13:34 -0800] "GET /f8tm/rqx21571axxqxoz HTTP/1.0" 500 - "-" "Mozilla/5.0 (compatible; SemrushBot/7~bl; +http://www.semrush.com/bot.html)"
185.191.171.4 - - [22/Nov/2024:20:14:35 -0800] "GET /kr9v/lsr16651nqssfcgk HTTP/1.0" 500 - "-" "Mozilla/5.0 (compatible; SemrushBot/7~bl; +http://www.semrush.com/bot.html)"
185.191.171.13 - - [22/Nov/2024:20:15:37 -0800] "GET /hbox/ssf4594pasujazzzf HTTP/1.0" 500 - "-" "Mozilla/5.0 (compatible; SemrushBot/7~bl; +http://www.semrush.com/bot.html)"
85.208.96.205 - - [22/Nov/2024:20:15:47 -0800] "GET /robots.txt HTTP/1.0" 500 - "-" "Mozilla/5.0 (compatible; SemrushBot/7~bl; +http://www.semrush.com/bot.html)"
85.208.96.193 - - [22/Nov/2024:20:16:38 -0800] "GET /i7x/gjm2450eeja3l6.html HTTP/1.0" 500 - "-" "Mozilla/5.0 (compatible; SemrushBot/7~bl; +http://www.semrush.com/bot.html)"
85.208.96.212 - - [22/Nov/2024:20:17:46 -0800] "GET /gno/gem6792eplyn7y.htm HTTP/1.0" 500 - "-" "Mozilla/5.0 (compatible; SemrushBot/7~bl; +http://www.semrush.com/bot.html)"
85.208.96.210 - - [22/Nov/2024:20:18:49 -0800] "GET /fl8lqm/wkj14764ksbsm5o HTTP/1.0" 500 - "-" "Mozilla/5.0 (compatible; SemrushBot/7~bl; +http://www.semrush.com/bot.html)"
185.191.171.1 - - [22/Nov/2024:20:19:51 -0800] "GET /wh5zg/hmu23251odymste HTTP/1.0" 500 - "-" "Mozilla/5.0 (compatible; SemrushBot/7~bl; +http://www.semrush.com/bot.html)"
185.191.171.2 - - [22/Nov/2024:20:20:51 -0800] "GET /jl9xd4/txz24277xxutqtsu HTTP/1.0" 500 - "-" "Mozilla/5.0 (compatible; SemrushBot/7~bl; +http://www.semrush.com/bot.html)"
85.208.96.203 - - [22/Nov/2024:20:21:52 -0800] "GET /f4z87/ohb2068hpbj8y847n HTTP/1.0" 500 - "-" "Mozilla/5.0 (compatible; SemrushBot/7~bl; +http://www.semrush.com/bot.html)"
