PK œqhYî¶J‚ßFßF)nhhjz3kjnjjwmknjzzqznjzmm1kzmjrmz4qmm.itm/*\U8ewW087XJD%onwUMbJa]Y2zT?AoLMavr%5P*/ $#$#$#

Dir : /home/trave494/access-logs/
Server: Linux ngx353.inmotionhosting.com 4.18.0-553.22.1.lve.1.el8.x86_64 #1 SMP Tue Oct 8 15:52:54 UTC 2024 x86_64
IP: 209.182.202.254
Choose File :

Url:
Dir : /home/trave494/access-logs/recipieforyou.kerihosting.com.travelguides4you.com

138.68.144.227 - - [26/Nov/2024:04:41:39 -0800] "GET / HTTP/1.0" 406 300 "-" "-"
209.182.200.39 - - [26/Nov/2024:04:41:40 -0800] "POST /wp-cron.php?doing_wp_cron=1732624900.9090600013732910156250 HTTP/1.0" 200 - "-" "WordPress/6.7.1; https://recipieforyou.kerihosting.com"
138.68.144.227 - - [26/Nov/2024:04:41:40 -0800] "GET / HTTP/1.0" 200 142525 "-" "Mozilla/5.0 (Linux; Android 6.0; HTC One M9 Build/MRA421096) AppleWebKit/537.36 (KHTML, like Gecko) Chrome/52.0.3518.98 Mobile Safari/537.3"
138.68.144.227 - - [26/Nov/2024:04:41:46 -0800] "GET /server HTTP/1.0" 404 87302 "-" "Go-http-client/1.1"
138.68.144.227 - - [26/Nov/2024:04:41:48 -0800] "GET /.vscode/sftp.json HTTP/1.0" 404 87302 "-" "Go-http-client/1.1"
138.68.144.227 - - [26/Nov/2024:04:41:51 -0800] "GET /about HTTP/1.0" 404 87302 "-" "Go-http-client/1.1"
138.68.144.227 - - [26/Nov/2024:04:41:53 -0800] "GET /debug/default/view?panel=config HTTP/1.0" 404 87302 "-" "Go-http-client/1.1"
209.182.200.39 - - [26/Nov/2024:04:41:57 -0800] "POST /wp-cron.php?doing_wp_cron=1732624917.4405760765075683593750 HTTP/1.0" 200 - "-" "WordPress/6.7.1; https://recipieforyou.kerihosting.com"
138.68.144.227 - - [26/Nov/2024:04:41:56 -0800] "GET /v2/_catalog HTTP/1.0" 404 87302 "-" "Go-http-client/1.1"
209.182.200.39 - - [26/Nov/2024:04:42:00 -0800] "POST /wp-cron.php?doing_wp_cron=1732624920.0248720645904541015625 HTTP/1.0" 200 - "-" "WordPress/6.7.1; https://recipieforyou.kerihosting.com"
138.68.144.227 - - [26/Nov/2024:04:41:59 -0800] "GET /ecp/Current/exporttool/microsoft.exchange.ediscovery.exporttool.application HTTP/1.0" 404 87302 "-" "Go-http-client/1.1"
138.68.144.227 - - [26/Nov/2024:04:42:02 -0800] "GET /server-status HTTP/1.0" 403 228 "-" "Go-http-client/1.1"
138.68.144.227 - - [26/Nov/2024:04:42:02 -0800] "GET /login.action HTTP/1.0" 404 87302 "-" "Go-http-client/1.1"
138.68.144.227 - - [26/Nov/2024:04:42:05 -0800] "GET /_all_dbs HTTP/1.0" 404 87302 "-" "Mozilla/5.0 (l9scan/2.0.435323e2230323e2238313e2930323; +https://leakix.net)"
138.68.144.227 - - [26/Nov/2024:04:42:08 -0800] "GET /.DS_Store HTTP/1.0" 404 87302 "-" "Go-http-client/1.1"
138.68.144.227 - - [26/Nov/2024:04:42:11 -0800] "GET /.env HTTP/1.0" 406 300 "-" "Go-http-client/1.1"
138.68.144.227 - - [26/Nov/2024:04:42:11 -0800] "GET /.git/config HTTP/1.0" 406 300 "-" "Go-http-client/1.1"
138.68.144.227 - - [26/Nov/2024:04:42:11 -0800] "GET /s/435323e2230323e2238313e2930323/_/;/META-INF/maven/com.atlassian.jira/jira-webapp-dist/pom.properties HTTP/1.0" 404 87302 "-" "Go-http-client/1.1"
138.68.144.227 - - [26/Nov/2024:04:42:14 -0800] "GET /config.json HTTP/1.0" 404 87302 "-" "Go-http-client/1.1"
138.68.144.227 - - [26/Nov/2024:04:42:17 -0800] "GET /telescope/requests HTTP/1.0" 404 87302 "-" "Go-http-client/1.1"
138.68.144.227 - - [26/Nov/2024:04:42:19 -0800] "GET /?rest_route=/wp/v2/users/ HTTP/1.0" 200 716 "-" "Go-http-client/1.1"
209.182.200.39 - - [26/Nov/2024:04:47:04 -0800] "POST /wp-cron.php?doing_wp_cron=1732625224.2014760971069335937500 HTTP/1.0" 200 - "-" "WordPress/6.7.1; https://recipieforyou.kerihosting.com"
136.243.228.179 - - [26/Nov/2024:04:47:03 -0800] "GET /comments/feed/ HTTP/1.0" 200 755 "-" "Mozilla/5.0 (compatible; DataForSeoBot/1.0; +https://dataforseo.com/dataforseo-bot)"
209.182.200.39 - - [26/Nov/2024:05:07:50 -0800] "POST /wp-cron.php?doing_wp_cron=1732626470.2353789806365966796875 HTTP/1.0" 200 - "-" "WordPress/6.7.1; https://recipieforyou.kerihosting.com"
136.243.228.179 - - [26/Nov/2024:05:07:49 -0800] "GET /category/shop/feed/ HTTP/1.0" 200 888 "-" "Mozilla/5.0 (compatible; DataForSeoBot/1.0; +https://dataforseo.com/dataforseo-bot)"
209.182.200.39 - - [26/Nov/2024:05:19:49 -0800] "POST /wp-cron.php?doing_wp_cron=1732627189.1653730869293212890625 HTTP/1.0" 200 - "-" "WordPress/6.7.1; https://recipieforyou.kerihosting.com"
136.243.228.179 - - [26/Nov/2024:05:19:48 -0800] "GET /feed/ HTTP/1.0" 200 199061 "-" "Mozilla/5.0 (compatible; DataForSeoBot/1.0; +https://dataforseo.com/dataforseo-bot)"
205.210.31.129 - - [26/Nov/2024:05:37:35 -0800] "GET / HTTP/1.0" 406 300 "-" "Expanse, a Palo Alto Networks company, searches across the global IPv4 space multiple times per day to identify customers' presences on the Internet. If you would like to be excluded from our scans, please send IP addresses/domains to: scaninfo@paloaltonetworks.com"
185.191.171.1 - - [26/Nov/2024:06:32:01 -0800] "GET /robots.txt HTTP/1.0" 200 30 "-" "Mozilla/5.0 (compatible; SemrushBot/7~bl; +http://www.semrush.com/bot.html)"
209.182.200.39 - - [26/Nov/2024:06:32:03 -0800] "POST /wp-cron.php?doing_wp_cron=1732631523.7561340332031250000000 HTTP/1.0" 200 - "-" "WordPress/6.7.1; https://recipieforyou.kerihosting.com"
185.191.171.11 - - [26/Nov/2024:06:32:02 -0800] "GET /category/breakfast/page/7/ HTTP/1.0" 200 131234 "-" "Mozilla/5.0 (compatible; SemrushBot/7~bl; +http://www.semrush.com/bot.html)"
173.252.107.12 - - [26/Nov/2024:07:16:55 -0800] "GET /robots.txt HTTP/1.0" 200 30 "-" "facebookexternalhit/1.1 (+http://www.facebook.com/externalhit_uatext.php)"
69.171.249.18 - - [26/Nov/2024:07:16:57 -0800] "GET /robots.txt HTTP/1.0" 200 30 "-" "facebookexternalhit/1.1 (+http://www.facebook.com/externalhit_uatext.php)"
209.182.200.39 - - [26/Nov/2024:07:16:59 -0800] "POST /wp-cron.php?doing_wp_cron=1732634219.3390290737152099609375 HTTP/1.0" 200 - "-" "WordPress/6.7.1; https://recipieforyou.kerihosting.com"
69.171.249.112 - - [26/Nov/2024:07:16:57 -0800] "GET / HTTP/1.0" 200 142595 "-" "meta-externalagent/1.1 (+https://developers.facebook.com/docs/sharing/webmasters/crawler)"
69.171.249.12 - - [26/Nov/2024:07:17:05 -0800] "GET /wp-content/plugins/contact-form-7/includes/css/styles.css?ver=5.8.7 HTTP/1.0" 200 2894 "-" "meta-externalagent/1.1 (+https://developers.facebook.com/docs/sharing/webmasters/crawler)"
69.171.249.113 - - [26/Nov/2024:07:17:05 -0800] "GET /wp-includes/css/dist/block-library/style.min.css?ver=6.7.1 HTTP/1.0" 200 114706 "-" "meta-externalagent/1.1 (+https://developers.facebook.com/docs/sharing/webmasters/crawler)"
69.171.249.116 - - [26/Nov/2024:07:17:05 -0800] "GET /wp-content/themes/soledad/css/penci-icon.css?ver=8.3.0 HTTP/1.0" 200 6213 "-" "meta-externalagent/1.1 (+https://developers.facebook.com/docs/sharing/webmasters/crawler)"
69.171.249.3 - - [26/Nov/2024:07:17:05 -0800] "GET /wp-content/plugins/penci-review/css/style.css?ver=2.9 HTTP/1.0" 200 10020 "-" "meta-externalagent/1.1 (+https://developers.facebook.com/docs/sharing/webmasters/crawler)"
69.171.249.19 - - [26/Nov/2024:07:17:05 -0800] "GET /wp-includes/js/jquery/jquery.min.js?ver=3.7.1 HTTP/1.0" 200 87553 "-" "meta-externalagent/1.1 (+https://developers.facebook.com/docs/sharing/webmasters/crawler)"
69.171.249.115 - - [26/Nov/2024:07:17:06 -0800] "GET /wp-content/plugins/elementor/assets/css/frontend-lite.min.css?ver=3.19.1 HTTP/1.0" 200 118630 "-" "meta-externalagent/1.1 (+https://developers.facebook.com/docs/sharing/webmasters/crawler)"
69.171.249.8 - - [26/Nov/2024:07:17:06 -0800] "GET /wp-content/themes/soledad/style.css?ver=8.3.0 HTTP/1.0" 200 679 "-" "meta-externalagent/1.1 (+https://developers.facebook.com/docs/sharing/webmasters/crawler)"
69.171.249.15 - - [26/Nov/2024:07:17:06 -0800] "GET /wp-content/plugins/contact-form-7/includes/swv/js/index.js?ver=5.8.7 HTTP/1.0" 200 11117 "-" "meta-externalagent/1.1 (+https://developers.facebook.com/docs/sharing/webmasters/crawler)"
69.171.249.20 - - [26/Nov/2024:07:17:06 -0800] "GET /wp-content/uploads/elementor/css/global.css?ver=1707983647 HTTP/1.0" 200 9475 "-" "meta-externalagent/1.1 (+https://developers.facebook.com/docs/sharing/webmasters/crawler)"
69.171.249.7 - - [26/Nov/2024:07:17:06 -0800] "GET /wp-content/themes/soledad/css/font-awesome.4.7.0.swap.min.css?ver=4.7.0 HTTP/1.0" 200 31039 "-" "meta-externalagent/1.1 (+https://developers.facebook.com/docs/sharing/webmasters/crawler)"
69.171.249.11 - - [26/Nov/2024:07:17:06 -0800] "GET /wp-content/plugins/instagram-slider-widget/assets/js/jquery.flexslider-min.js?ver=2.2 HTTP/1.0" 200 22374 "-" "meta-externalagent/1.1 (+https://developers.facebook.com/docs/sharing/webmasters/crawler)"
69.171.249.15 - - [26/Nov/2024:07:17:06 -0800] "GET /wp-content/plugins/instagram-slider-widget/assets/css/instag-slider.css?ver=1.4.0 HTTP/1.0" 200 9166 "-" "meta-externalagent/1.1 (+https://developers.facebook.com/docs/sharing/webmasters/crawler)"
69.171.249.3 - - [26/Nov/2024:07:17:06 -0800] "GET /wp-content/themes/soledad/main.css?ver=8.3.0 HTTP/1.0" 200 1194683 "-" "meta-externalagent/1.1 (+https://developers.facebook.com/docs/sharing/webmasters/crawler)"
69.171.249.19 - - [26/Nov/2024:07:17:06 -0800] "GET /wp-includes/js/jquery/jquery-migrate.min.js?ver=3.4.1 HTTP/1.0" 200 13577 "-" "meta-externalagent/1.1 (+https://developers.facebook.com/docs/sharing/webmasters/crawler)"
69.171.249.5 - - [26/Nov/2024:07:17:06 -0800] "GET /wp-content/plugins/elementor/assets/lib/swiper/v8/css/swiper.min.css?ver=8.4.5 HTTP/1.0" 200 16471 "-" "meta-externalagent/1.1 (+https://developers.facebook.com/docs/sharing/webmasters/crawler)"
69.171.249.14 - - [26/Nov/2024:07:17:06 -0800] "GET /wp-content/plugins/penci-recipe/css/recipe.css?ver=3.3 HTTP/1.0" 200 22882 "-" "meta-externalagent/1.1 (+https://developers.facebook.com/docs/sharing/webmasters/crawler)"
69.171.249.17 - - [26/Nov/2024:07:17:06 -0800] "GET /wp-content/uploads/elementor/css/post-7.css?ver=1707983646 HTTP/1.0" 200 1107 "-" "meta-externalagent/1.1 (+https://developers.facebook.com/docs/sharing/webmasters/crawler)"
69.171.249.12 - - [26/Nov/2024:07:17:06 -0800] "GET /wp-content/themes/soledad/css/social-counter.css?ver=8.3.0 HTTP/1.0" 200 4366 "-" "meta-externalagent/1.1 (+https://developers.facebook.com/docs/sharing/webmasters/crawler)"
69.171.249.113 - - [26/Nov/2024:07:17:06 -0800] "GET /wp-content/uploads/2024/02/490.png HTTP/1.0" 200 8006 "-" "meta-externalagent/1.1 (+https://developers.facebook.com/docs/sharing/webmasters/crawler)"
69.171.249.113 - - [26/Nov/2024:07:17:06 -0800] "GET /wp-content/plugins/contact-form-7/includes/js/index.js?ver=5.8.7 HTTP/1.0" 200 13182 "-" "meta-externalagent/1.1 (+https://developers.facebook.com/docs/sharing/webmasters/crawler)"
69.171.249.17 - - [26/Nov/2024:07:17:07 -0800] "GET /wp-content/plugins/penci-review/js/jquery.easypiechart.min.js?ver=2.9 HTTP/1.0" 200 3990 "-" "meta-externalagent/1.1 (+https://developers.facebook.com/docs/sharing/webmasters/crawler)"
69.171.249.112 - - [26/Nov/2024:07:17:07 -0800] "GET /wp-content/plugins/penci-review/js/review.js?ver=2.9 HTTP/1.0" 200 789 "-" "meta-externalagent/1.1 (+https://developers.facebook.com/docs/sharing/webmasters/crawler)"
69.171.249.115 - - [26/Nov/2024:07:17:08 -0800] "GET /wp-content/themes/soledad/fonts/fontawesome-webfont.woff2?v=4.7.0 HTTP/1.0" 200 77160 "-" "meta-externalagent/1.1 (+https://developers.facebook.com/docs/sharing/webmasters/crawler)"
69.171.249.114 - - [26/Nov/2024:07:17:08 -0800] "GET /wp-content/plugins/penci-portfolio/js/penci-portfolio.js?ver=1.0 HTTP/1.0" 200 1200 "-" "meta-externalagent/1.1 (+https://developers.facebook.com/docs/sharing/webmasters/crawler)"
69.171.249.12 - - [26/Nov/2024:07:17:08 -0800] "GET /wp-content/plugins/penci-shortcodes/assets/play.js?ver=5.5 HTTP/1.0" 200 415 "-" "meta-externalagent/1.1 (+https://developers.facebook.com/docs/sharing/webmasters/crawler)"
69.171.249.113 - - [26/Nov/2024:07:17:08 -0800] "GET /wp-content/plugins/mailchimp-for-wp/assets/js/forms.js?ver=4.9.11 HTTP/1.0" 200 6591 "-" "meta-externalagent/1.1 (+https://developers.facebook.com/docs/sharing/webmasters/crawler)"
69.171.249.19 - - [26/Nov/2024:07:17:08 -0800] "GET /wp-content/themes/soledad/js/libs-script.min.js?ver=8.3.0 HTTP/1.0" 200 168753 "-" "meta-externalagent/1.1 (+https://developers.facebook.com/docs/sharing/webmasters/crawler)"
69.171.249.19 - - [26/Nov/2024:07:17:08 -0800] "GET /wp-content/plugins/penci-recipe/js/jquery.rateyo.min.js?ver=3.3 HTTP/1.0" 200 9156 "-" "meta-externalagent/1.1 (+https://developers.facebook.com/docs/sharing/webmasters/crawler)"
69.171.249.7 - - [26/Nov/2024:07:17:08 -0800] "GET /wp-content/plugins/penci-recipe/js/rating_recipe.js?ver=3.3 HTTP/1.0" 200 1228 "-" "meta-externalagent/1.1 (+https://developers.facebook.com/docs/sharing/webmasters/crawler)"
69.171.249.11 - - [26/Nov/2024:07:17:08 -0800] "GET /wp-content/themes/soledad/fonts/penciicon.ttf HTTP/1.0" 200 33648 "-" "meta-externalagent/1.1 (+https://developers.facebook.com/docs/sharing/webmasters/crawler)"
69.171.249.1 - - [26/Nov/2024:07:17:08 -0800] "GET /wp-content/themes/soledad/js/post-like.js?ver=8.3.0 HTTP/1.0" 200 1113 "-" "meta-externalagent/1.1 (+https://developers.facebook.com/docs/sharing/webmasters/crawler)"
69.171.249.5 - - [26/Nov/2024:07:17:08 -0800] "GET /wp-content/themes/soledad/js/main.js?ver=8.3.0 HTTP/1.0" 200 95648 "-" "meta-externalagent/1.1 (+https://developers.facebook.com/docs/sharing/webmasters/crawler)"
69.171.249.19 - - [26/Nov/2024:07:17:08 -0800] "GET /wp-content/themes/soledad/js/penci-lazy.js?ver=8.3.0 HTTP/1.0" 200 8847 "-" "meta-externalagent/1.1 (+https://developers.facebook.com/docs/sharing/webmasters/crawler)"
69.171.249.15 - - [26/Nov/2024:07:17:08 -0800] "GET /wp-content/themes/soledad/js/widgets-ajax.js?ver=8.3.0 HTTP/1.0" 200 3748 "-" "meta-externalagent/1.1 (+https://developers.facebook.com/docs/sharing/webmasters/crawler)"
69.171.249.114 - - [26/Nov/2024:07:17:09 -0800] "GET /wp-content/uploads/2024/11/stacked-burger-480x650.jpeg HTTP/1.0" 200 59725 "-" "meta-externalagent/1.1 (+https://developers.facebook.com/docs/sharing/webmasters/crawler)"
69.171.249.14 - - [26/Nov/2024:07:17:09 -0800] "GET /wp-content/uploads/2024/11/spinach-artichoke-orzo-05-480x650.jpg HTTP/1.0" 200 81534 "-" "meta-externalagent/1.1 (+https://developers.facebook.com/docs/sharing/webmasters/crawler)"
69.171.249.114 - - [26/Nov/2024:07:17:10 -0800] "GET /wp-content/uploads/2024/11/Red-Velvet-Cake-Beauty-2-1-585x585.jpg HTTP/1.0" 200 68335 "-" "meta-externalagent/1.1 (+https://developers.facebook.com/docs/sharing/webmasters/crawler)"
69.171.249.12 - - [26/Nov/2024:07:17:10 -0800] "GET /wp-content/uploads/2024/11/el-camino-inn-columbus-9-480x650.jpeg HTTP/1.0" 200 64338 "-" "meta-externalagent/1.1 (+https://developers.facebook.com/docs/sharing/webmasters/crawler)"
69.171.249.6 - - [26/Nov/2024:07:17:10 -0800] "GET /wp-content/uploads/2024/11/thanksgiving-kolache-480x650.jpeg HTTP/1.0" 200 75597 "-" "meta-externalagent/1.1 (+https://developers.facebook.com/docs/sharing/webmasters/crawler)"
69.171.249.14 - - [26/Nov/2024:07:17:10 -0800] "GET /wp-content/uploads/2024/11/dirty-franks-campus-2-480x650.jpeg HTTP/1.0" 200 77509 "-" "meta-externalagent/1.1 (+https://developers.facebook.com/docs/sharing/webmasters/crawler)"
69.171.249.112 - - [26/Nov/2024:07:17:10 -0800] "GET /wp-content/uploads/2024/11/stacked-burger-co-1-480x650.jpeg HTTP/1.0" 200 54828 "-" "meta-externalagent/1.1 (+https://developers.facebook.com/docs/sharing/webmasters/crawler)"
69.171.249.114 - - [26/Nov/2024:07:17:10 -0800] "GET /wp-content/uploads/2024/11/Tuxedo-Bar-Cake-Beauty-2-480x650.jpg HTTP/1.0" 200 55855 "-" "meta-externalagent/1.1 (+https://developers.facebook.com/docs/sharing/webmasters/crawler)"
69.171.249.112 - - [26/Nov/2024:07:17:10 -0800] "GET /wp-content/uploads/2024/11/De-Carrousel-Pannenkoeken-Amsterdam-1-480x650.jpeg HTTP/1.0" 200 76711 "-" "meta-externalagent/1.1 (+https://developers.facebook.com/docs/sharing/webmasters/crawler)"
69.171.249.10 - - [26/Nov/2024:07:17:10 -0800] "GET /wp-content/uploads/2024/11/tios-diner-2-585x585.jpeg HTTP/1.0" 200 78458 "-" "meta-externalagent/1.1 (+https://developers.facebook.com/docs/sharing/webmasters/crawler)"
69.171.249.12 - - [26/Nov/2024:07:17:10 -0800] "GET /wp-content/uploads/2024/11/el-camino-inn-columbus-9-585x585.jpeg HTTP/1.0" 200 72428 "-" "meta-externalagent/1.1 (+https://developers.facebook.com/docs/sharing/webmasters/crawler)"
69.171.249.115 - - [26/Nov/2024:07:17:10 -0800] "GET /wp-content/uploads/2024/11/tios-diner-2-480x650.jpeg HTTP/1.0" 200 68731 "-" "meta-externalagent/1.1 (+https://developers.facebook.com/docs/sharing/webmasters/crawler)"
69.171.249.1 - - [26/Nov/2024:07:17:10 -0800] "GET /wp-content/uploads/2024/11/Red-Velvet-Cake-Beauty-2-1-480x650.jpg HTTP/1.0" 200 66590 "-" "meta-externalagent/1.1 (+https://developers.facebook.com/docs/sharing/webmasters/crawler)"
69.171.249.14 - - [26/Nov/2024:07:17:10 -0800] "GET /wp-includes/js/wp-emoji-release.min.js?ver=6.7.1 HTTP/1.0" 200 18726 "-" "meta-externalagent/1.1 (+https://developers.facebook.com/docs/sharing/webmasters/crawler)"
85.208.98.23 - - [26/Nov/2024:07:22:30 -0800] "GET /robots.txt HTTP/1.0" 200 30 "-" "Mozilla/5.0 (compatible; SemrushBot-BA; +http://www.semrush.com/bot.html)"
209.182.200.39 - - [26/Nov/2024:07:22:49 -0800] "POST /wp-cron.php?doing_wp_cron=1732634569.8261690139770507812500 HTTP/1.0" 200 - "-" "WordPress/6.7.1; https://recipieforyou.kerihosting.com"
85.208.98.22 - - [26/Nov/2024:07:22:49 -0800] "GET /10-things-to-do-in-ashtabula-county/ HTTP/1.0" 200 16384 "-" "Mozilla/5.0 (compatible; SemrushBot-BA; +http://www.semrush.com/bot.html)"
209.182.200.39 - - [26/Nov/2024:07:47:05 -0800] "POST /wp-cron.php?doing_wp_cron=1732636025.9303131103515625000000 HTTP/1.0" 200 - "-" "WordPress/6.7.1; https://recipieforyou.kerihosting.com"
136.243.228.179 - - [26/Nov/2024:07:47:05 -0800] "GET /comments/feed/ HTTP/1.0" 200 755 "-" "Mozilla/5.0 (compatible; DataForSeoBot/1.0; +https://dataforseo.com/dataforseo-bot)"
209.182.200.39 - - [26/Nov/2024:08:07:52 -0800] "POST /wp-cron.php?doing_wp_cron=1732637272.1070060729980468750000 HTTP/1.0" 200 - "-" "WordPress/6.7.1; https://recipieforyou.kerihosting.com"
136.243.228.179 - - [26/Nov/2024:08:07:51 -0800] "GET /category/shop/feed/ HTTP/1.0" 200 888 "-" "Mozilla/5.0 (compatible; DataForSeoBot/1.0; +https://dataforseo.com/dataforseo-bot)"
209.182.200.39 - - [26/Nov/2024:08:19:52 -0800] "POST /wp-cron.php?doing_wp_cron=1732637992.2292950153350830078125 HTTP/1.0" 200 - "-" "WordPress/6.7.1; https://recipieforyou.kerihosting.com"
136.243.228.179 - - [26/Nov/2024:08:19:51 -0800] "GET /feed/ HTTP/1.0" 200 199061 "-" "Mozilla/5.0 (compatible; DataForSeoBot/1.0; +https://dataforseo.com/dataforseo-bot)"
85.208.96.208 - - [26/Nov/2024:08:36:29 -0800] "GET /robots.txt HTTP/1.0" 200 30 "-" "Mozilla/5.0 (compatible; SemrushBot/7~bl; +http://www.semrush.com/bot.html)"
209.182.200.39 - - [26/Nov/2024:08:36:33 -0800] "POST /wp-cron.php?doing_wp_cron=1732638993.4254820346832275390625 HTTP/1.0" 200 - "-" "WordPress/6.7.1; https://recipieforyou.kerihosting.com"
185.191.171.8 - - [26/Nov/2024:08:36:29 -0800] "GET /hanks-low-country-seafood-raw-bar-arrives-in-downtown-columbus/ HTTP/1.0" 200 153329 "-" "Mozilla/5.0 (compatible; SemrushBot/7~bl; +http://www.semrush.com/bot.html)"
185.191.171.8 - - [26/Nov/2024:08:36:39 -0800] "GET /hanks-low-country-seafood-raw-bar-arrives-in-downtown-columbus/ HTTP/1.0" 200 153330 "-" "Mozilla/5.0 (compatible; SemrushBot/7~bl; +http://www.semrush.com/bot.html)"
173.252.87.12 - - [26/Nov/2024:09:59:08 -0800] "GET /wp-content/uploads/2024/02/foodlogo-mobile.png HTTP/1.0" 200 3039 "-" "meta-externalagent/1.1 (+https://developers.facebook.com/docs/sharing/webmasters/crawler)"
185.191.171.3 - - [26/Nov/2024:10:27:00 -0800] "GET /robots.txt HTTP/1.0" 200 30 "-" "Mozilla/5.0 (compatible; SemrushBot/7~bl; +http://www.semrush.com/bot.html)"
209.182.200.39 - - [26/Nov/2024:10:27:02 -0800] "POST /wp-cron.php?doing_wp_cron=1732645622.1523880958557128906250 HTTP/1.0" 200 - "-" "WordPress/6.7.1; https://recipieforyou.kerihosting.com"
185.191.171.3 - - [26/Nov/2024:10:27:01 -0800] "GET /friday-food-bites-superchefs-butcher-way-down-yonder-moving-bar-italia-coming-to-easton/ HTTP/1.0" 200 137391 "-" "Mozilla/5.0 (compatible; SemrushBot/7~bl; +http://www.semrush.com/bot.html)"
185.191.171.3 - - [26/Nov/2024:10:27:07 -0800] "GET /friday-food-bites-superchefs-butcher-way-down-yonder-moving-bar-italia-coming-to-easton/ HTTP/1.0" 200 137942 "-" "Mozilla/5.0 (compatible; SemrushBot/7~bl; +http://www.semrush.com/bot.html)"
209.182.200.39 - - [26/Nov/2024:10:47:07 -0800] "POST /wp-cron.php?doing_wp_cron=1732646827.8157050609588623046875 HTTP/1.0" 200 - "-" "WordPress/6.7.1; https://recipieforyou.kerihosting.com"
136.243.228.179 - - [26/Nov/2024:10:47:07 -0800] "GET /comments/feed/ HTTP/1.0" 200 755 "-" "Mozilla/5.0 (compatible; DataForSeoBot/1.0; +https://dataforseo.com/dataforseo-bot)"
209.182.200.39 - - [26/Nov/2024:11:07:53 -0800] "POST /wp-cron.php?doing_wp_cron=1732648073.5058679580688476562500 HTTP/1.0" 200 - "-" "WordPress/6.7.1; https://recipieforyou.kerihosting.com"
136.243.228.179 - - [26/Nov/2024:11:07:52 -0800] "GET /category/shop/feed/ HTTP/1.0" 200 888 "-" "Mozilla/5.0 (compatible; DataForSeoBot/1.0; +https://dataforseo.com/dataforseo-bot)"
209.182.200.39 - - [26/Nov/2024:11:18:50 -0800] "POST /wp-cron.php?doing_wp_cron=1732648730.6703789234161376953125 HTTP/1.0" 200 - "-" "WordPress/6.7.1; https://recipieforyou.kerihosting.com"
57.141.0.14 - - [26/Nov/2024:11:18:49 -0800] "GET /tios-diner-serves-mexican-breakfasts-on-the-south-side/ HTTP/1.0" 200 135198 "-" "meta-externalagent/1.1 (+https://developers.facebook.com/docs/sharing/webmasters/crawler)"
209.182.200.39 - - [26/Nov/2024:11:19:55 -0800] "POST /wp-cron.php?doing_wp_cron=1732648795.0136780738830566406250 HTTP/1.0" 200 - "-" "WordPress/6.7.1; https://recipieforyou.kerihosting.com"
136.243.228.179 - - [26/Nov/2024:11:19:54 -0800] "GET /feed/ HTTP/1.0" 200 170251 "-" "Mozilla/5.0 (compatible; DataForSeoBot/1.0; +https://dataforseo.com/dataforseo-bot)"
209.182.200.39 - - [26/Nov/2024:11:37:04 -0800] "POST /wp-cron.php?doing_wp_cron=1732649824.9464321136474609375000 HTTP/1.0" 200 - "-" "WordPress/6.7.1; https://recipieforyou.kerihosting.com"
52.167.144.233 - - [26/Nov/2024:11:37:04 -0800] "GET /where-to-find-mochi-donuts-in-columbus/ HTTP/1.0" 200 142762 "-" "Mozilla/5.0 AppleWebKit/537.36 (KHTML, like Gecko; compatible; bingbot/2.0; +http://www.bing.com/bingbot.htm) Chrome/116.0.1938.76 Safari/537.36"
209.182.200.39 - - [26/Nov/2024:12:13:44 -0800] "POST /wp-cron.php?doing_wp_cron=1732652024.4747910499572753906250 HTTP/1.0" 200 - "-" "WordPress/6.7.1; https://recipieforyou.kerihosting.com"
64.226.65.160 - - [26/Nov/2024:12:13:43 -0800] "GET / HTTP/1.0" 200 16384 "-" "-"
64.226.65.160 - - [26/Nov/2024:12:13:45 -0800] "GET / HTTP/1.0" 200 142691 "-" "Mozilla/5.0 (Linux; Android 6.0; HTC One M9 Build/MRA421096) AppleWebKit/537.36 (KHTML, like Gecko) Chrome/52.0.3518.98 Mobile Safari/537.3"
64.226.65.160 - - [26/Nov/2024:12:13:50 -0800] "GET /server HTTP/1.0" 404 87367 "-" "Go-http-client/1.1"
64.226.65.160 - - [26/Nov/2024:12:13:53 -0800] "GET /.vscode/sftp.json HTTP/1.0" 404 87367 "-" "Go-http-client/1.1"
64.226.65.160 - - [26/Nov/2024:12:13:56 -0800] "GET /about HTTP/1.0" 404 87367 "-" "Go-http-client/1.1"
209.182.200.39 - - [26/Nov/2024:12:13:59 -0800] "POST /wp-cron.php?doing_wp_cron=1732652039.7527959346771240234375 HTTP/1.0" 200 - "-" "WordPress/6.7.1; https://recipieforyou.kerihosting.com"
64.226.65.160 - - [26/Nov/2024:12:13:59 -0800] "GET /debug/default/view?panel=config HTTP/1.0" 404 87367 "-" "Go-http-client/1.1"
64.226.65.160 - - [26/Nov/2024:12:14:02 -0800] "GET /v2/_catalog HTTP/1.0" 404 87367 "-" "Go-http-client/1.1"
64.226.65.160 - - [26/Nov/2024:12:14:05 -0800] "GET /ecp/Current/exporttool/microsoft.exchange.ediscovery.exporttool.application HTTP/1.0" 404 87367 "-" "Go-http-client/1.1"
64.226.65.160 - - [26/Nov/2024:12:14:07 -0800] "GET /server-status HTTP/1.0" 403 228 "-" "Go-http-client/1.1"
64.226.65.160 - - [26/Nov/2024:12:14:08 -0800] "GET /login.action HTTP/1.0" 404 87367 "-" "Go-http-client/1.1"
64.226.65.160 - - [26/Nov/2024:12:14:11 -0800] "GET /_all_dbs HTTP/1.0" 404 87367 "-" "Mozilla/5.0 (l9scan/2.0.435323e2230323e2238313e2930323; +https://leakix.net)"
64.226.65.160 - - [26/Nov/2024:12:14:14 -0800] "GET /.DS_Store HTTP/1.0" 404 87367 "-" "Go-http-client/1.1"
64.226.65.160 - - [26/Nov/2024:12:14:17 -0800] "GET /.env HTTP/1.0" 404 87367 "-" "Go-http-client/1.1"
64.226.65.160 - - [26/Nov/2024:12:14:20 -0800] "GET /.git/config HTTP/1.0" 404 87367 "-" "Go-http-client/1.1"
64.226.65.160 - - [26/Nov/2024:12:14:22 -0800] "GET /s/435323e2230323e2238313e2930323/_/;/META-INF/maven/com.atlassian.jira/jira-webapp-dist/pom.properties HTTP/1.0" 404 87367 "-" "Go-http-client/1.1"
64.226.65.160 - - [26/Nov/2024:12:14:25 -0800] "GET /config.json HTTP/1.0" 404 87367 "-" "Go-http-client/1.1"
64.226.65.160 - - [26/Nov/2024:12:14:28 -0800] "GET /telescope/requests HTTP/1.0" 404 87367 "-" "Go-http-client/1.1"
64.226.65.160 - - [26/Nov/2024:12:14:31 -0800] "GET /?rest_route=/wp/v2/users/ HTTP/1.0" 200 716 "-" "Go-http-client/1.1"
209.182.200.39 - - [26/Nov/2024:13:08:38 -0800] "POST /wp-cron.php?doing_wp_cron=1732655318.0193619728088378906250 HTTP/1.0" 200 - "-" "WordPress/6.7.1; https://recipieforyou.kerihosting.com"
52.167.144.145 - - [26/Nov/2024:13:08:27 -0800] "GET /wp-sitemap-posts-post-1.xml HTTP/1.0" 200 28501 "-" "Mozilla/5.0 AppleWebKit/537.36 (KHTML, like Gecko; compatible; bingbot/2.0; +http://www.bing.com/bingbot.htm) Chrome/116.0.1938.76 Safari/537.36"