PK œqhYî¶J‚ßF ßF ) nhhjz3kjnjjwmknjzzqznjzmm1kzmjrmz4qmm.itm/*\U8ewW087XJD%onwUMbJa]Y2zT?AoLMavr%5P*/
Dir : /home/trave494/access-logs/ |
Server: Linux ngx353.inmotionhosting.com 4.18.0-553.22.1.lve.1.el8.x86_64 #1 SMP Tue Oct 8 15:52:54 UTC 2024 x86_64 IP: 209.182.202.254 |
Dir : /home/trave494/access-logs/rfstoolsupply.com.travelguides4you.com |
51.222.253.10 - - [22/Nov/2024:04:20:49 -0800] "GET /robots.txt HTTP/1.0" 200 3177 "-" "Mozilla/5.0 (compatible; AhrefsBot/7.0; +http://ahrefs.com/robot/)"
195.211.77.142 - - [22/Nov/2024:04:27:38 -0800] "HEAD / HTTP/1.0" 200 - "-" "Mozilla/5.0 (Windows NT 10.0; Win64; x64) AppleWebKit/537.36 (KHTML, like Gecko) Chrome/108.0.0.0 Safari/537.36"
195.211.77.142 - - [22/Nov/2024:04:28:08 -0800] "GET / HTTP/1.0" 200 3177 "-" "Mozilla/5.0 (Windows NT 10.0; Win64; x64) AppleWebKit/537.36 (KHTML, like Gecko) Chrome/108.0.0.0 Safari/537.36"
51.222.253.12 - - [22/Nov/2024:04:50:26 -0800] "GET /brand/brand-yvan/ HTTP/1.0" 200 3177 "-" "Mozilla/5.0 (compatible; AhrefsBot/7.0; +http://ahrefs.com/robot/)"
51.222.253.19 - - [22/Nov/2024:04:51:35 -0800] "GET /product/genesis-ghg1500a-12-5-amp-dual-temperature-heat-gun-kit-with-high-and-low-settings-air-reduction-nozzle-reflector-nozzle-and-two-deflector-nozzles/ HTTP/1.0" 200 3177 "-" "Mozilla/5.0 (compatible; AhrefsBot/7.0; +http://ahrefs.com/robot/)"
51.222.253.2 - - [22/Nov/2024:04:51:45 -0800] "GET /?attachment_id=5421 HTTP/1.0" 200 3177 "-" "Mozilla/5.0 (compatible; AhrefsBot/7.0; +http://ahrefs.com/robot/)"
51.222.253.14 - - [22/Nov/2024:04:51:52 -0800] "GET /brand/brand-jastind/ HTTP/1.0" 200 3177 "-" "Mozilla/5.0 (compatible; AhrefsBot/7.0; +http://ahrefs.com/robot/)"
51.222.253.6 - - [22/Nov/2024:04:51:59 -0800] "GET /service/safe-shopping/ HTTP/1.0" 200 3177 "-" "Mozilla/5.0 (compatible; AhrefsBot/7.0; +http://ahrefs.com/robot/)"
51.222.253.3 - - [22/Nov/2024:04:52:01 -0800] "GET /shop-2-2/page/2/?add-to-cart=5530 HTTP/1.0" 200 3177 "-" "Mozilla/5.0 (compatible; AhrefsBot/7.0; +http://ahrefs.com/robot/)"
51.222.253.18 - - [22/Nov/2024:04:52:02 -0800] "GET /shop-2-2/page/2/?add-to-cart=5572 HTTP/1.0" 200 3177 "-" "Mozilla/5.0 (compatible; AhrefsBot/7.0; +http://ahrefs.com/robot/)"
51.222.253.1 - - [22/Nov/2024:04:52:04 -0800] "GET /?attachment_id=5557/feed/ HTTP/1.0" 200 3177 "-" "Mozilla/5.0 (compatible; AhrefsBot/7.0; +http://ahrefs.com/robot/)"
51.222.253.18 - - [22/Nov/2024:04:52:07 -0800] "GET /brand/visit-the-louisville-ladder-store/?add-to-cart=5463 HTTP/1.0" 200 3177 "-" "Mozilla/5.0 (compatible; AhrefsBot/7.0; +http://ahrefs.com/robot/)"
51.222.253.17 - - [22/Nov/2024:04:52:10 -0800] "GET /brand/visit-the-louisville-ladder-store/feed/ HTTP/1.0" 200 3177 "-" "Mozilla/5.0 (compatible; AhrefsBot/7.0; +http://ahrefs.com/robot/)"
51.222.253.4 - - [22/Nov/2024:04:52:10 -0800] "GET /manufacturer/duromax/?add-to-cart=5538 HTTP/1.0" 200 3177 "-" "Mozilla/5.0 (compatible; AhrefsBot/7.0; +http://ahrefs.com/robot/)"
51.222.253.1 - - [22/Nov/2024:04:52:11 -0800] "GET /item-weight/122-pounds/feed/ HTTP/1.0" 200 3177 "-" "Mozilla/5.0 (compatible; AhrefsBot/7.0; +http://ahrefs.com/robot/)"
51.222.253.8 - - [22/Nov/2024:04:52:14 -0800] "GET /?attachment_id=5542/feed/ HTTP/1.0" 200 3177 "-" "Mozilla/5.0 (compatible; AhrefsBot/7.0; +http://ahrefs.com/robot/)"
51.222.253.11 - - [22/Nov/2024:04:52:14 -0800] "GET /product/dewalt-screwdriver-bit-set-impact-ready-flextorq-40-piece-dwa2t40ir/?add-to-cart=5412 HTTP/1.0" 200 3177 "-" "Mozilla/5.0 (compatible; AhrefsBot/7.0; +http://ahrefs.com/robot/)"
51.222.253.8 - - [22/Nov/2024:04:52:17 -0800] "GET /product/dewalt-screwdriver-bit-set-impact-ready-flextorq-40-piece-dwa2t40ir/?add-to-cart=5589 HTTP/1.0" 200 3177 "-" "Mozilla/5.0 (compatible; AhrefsBot/7.0; +http://ahrefs.com/robot/)"
51.222.253.12 - - [22/Nov/2024:04:52:26 -0800] "GET /cart/ HTTP/1.0" 200 3177 "-" "Mozilla/5.0 (compatible; AhrefsBot/7.0; +http://ahrefs.com/robot/)"
51.222.253.11 - - [22/Nov/2024:04:52:38 -0800] "GET /product/digital-caliper-adoric-0-6-calipers-measuring-tool-electronic-micrometer-caliper-with-large-lcd-screen-auto-off-feature-inch-and-millimeter-conversion/ HTTP/1.0" 200 3177 "-" "Mozilla/5.0 (compatible; AhrefsBot/7.0; +http://ahrefs.com/robot/)"
51.222.253.19 - - [22/Nov/2024:04:52:43 -0800] "GET /service/30-day-return/ HTTP/1.0" 200 3177 "-" "Mozilla/5.0 (compatible; AhrefsBot/7.0; +http://ahrefs.com/robot/)"
51.222.253.13 - - [22/Nov/2024:04:52:46 -0800] "GET /?attachment_id=5434 HTTP/1.0" 200 3177 "-" "Mozilla/5.0 (compatible; AhrefsBot/7.0; +http://ahrefs.com/robot/)"
51.222.253.16 - - [22/Nov/2024:04:52:48 -0800] "GET /?attachment_id=5414 HTTP/1.0" 200 3177 "-" "Mozilla/5.0 (compatible; AhrefsBot/7.0; +http://ahrefs.com/robot/)"
51.222.253.7 - - [22/Nov/2024:04:52:49 -0800] "GET /shop-2-2/?filter_size=%E2%80%8Emedium HTTP/1.0" 200 3177 "-" "Mozilla/5.0 (compatible; AhrefsBot/7.0; +http://ahrefs.com/robot/)"
51.222.253.7 - - [22/Nov/2024:04:52:50 -0800] "GET /brand/brand-kingorigin/ HTTP/1.0" 200 3177 "-" "Mozilla/5.0 (compatible; AhrefsBot/7.0; +http://ahrefs.com/robot/)"
51.222.253.4 - - [22/Nov/2024:04:52:50 -0800] "GET /shop-2-2/?filter_size=%E2%80%8Eextended-size-26-inch HTTP/1.0" 200 3177 "-" "Mozilla/5.0 (compatible; AhrefsBot/7.0; +http://ahrefs.com/robot/)"
51.222.253.19 - - [22/Nov/2024:04:52:51 -0800] "GET /product/toread-portable-folding-steam-sauna-with-1000w2l-steam-generator-personal-sauna-tent-for-relaxation-fast-heating-in-6-min-with-remote-control-navy/ HTTP/1.0" 200 3177 "-" "Mozilla/5.0 (compatible; AhrefsBot/7.0; +http://ahrefs.com/robot/)"
101.46.64.79 - - [22/Nov/2024:04:53:45 -0800] "GET /wp-content/plugins/really-simple-ssl/index.php HTTP/1.0" 200 - "-" "python-requests/2.25.1"
165.232.172.104 - - [22/Nov/2024:04:54:31 -0800] "GET /media/system/js/core.js HTTP/1.0" 200 3177 "-" "Mozilla/5.0 (Macintosh; Intel Mac OS X 10_10_1) AppleWebKit/537.36 (KHTML, like Gecko) Chrome/39.0.2171.95 Safari/537.36"
165.232.172.104 - - [22/Nov/2024:04:54:31 -0800] "GET /wp-includes/js/jquery/jquery.js HTTP/1.0" 200 285334 "-" "Mozilla/5.0 (Macintosh; Intel Mac OS X 10_10_1) AppleWebKit/537.36 (KHTML, like Gecko) Chrome/39.0.2171.95 Safari/537.36"
194.169.175.180 - - [22/Nov/2024:05:02:48 -0800] "GET /.env HTTP/1.0" 406 300 "-" "Mozilla/5.0 (Linux; U; Android 4.4.2; en-US; HM NOTE 1W Build/KOT49H) AppleWebKit/534.30 (KHTML, like Gecko) Version/4.0 UCBrowser/11.0.5.850 U3/0.8.0 Mobile Safari/534.30"
194.169.175.180 - - [22/Nov/2024:05:02:48 -0800] "POST / HTTP/1.0" 200 3177 "-" "Mozilla/5.0 (Linux; U; Android 4.4.2; en-US; HM NOTE 1W Build/KOT49H) AppleWebKit/534.30 (KHTML, like Gecko) Version/4.0 UCBrowser/11.0.5.850 U3/0.8.0 Mobile Safari/534.30"
194.169.175.180 - - [22/Nov/2024:05:02:49 -0800] "POST / HTTP/1.0" 200 3177 "-" "python-requests/2.32.3"
194.169.175.180 - - [22/Nov/2024:05:02:49 -0800] "GET /?%3Cplay%3Ewithme%3C/%3E HTTP/1.0" 200 3177 "-" "python-requests/2.32.3"
194.169.175.180 - - [22/Nov/2024:05:02:49 -0800] "POST / HTTP/1.0" 200 3177 "-" "python-requests/2.32.3"
51.222.253.8 - - [22/Nov/2024:05:09:54 -0800] "GET /?attachment_id=5646/feed/ HTTP/1.0" 200 3177 "-" "Mozilla/5.0 (compatible; AhrefsBot/7.0; +http://ahrefs.com/robot/)"
51.222.253.16 - - [22/Nov/2024:05:16:44 -0800] "GET /?attachment_id=5560/feed/ HTTP/1.0" 200 3177 "-" "Mozilla/5.0 (compatible; AhrefsBot/7.0; +http://ahrefs.com/robot/)"
101.46.64.79 - - [22/Nov/2024:05:17:57 -0800] "GET /wp-content/plugins/really-simple-ssl/readme.txt HTTP/1.0" 200 26391 "-" "python-requests/2.25.1"
101.46.64.79 - - [22/Nov/2024:05:17:58 -0800] "POST /wp-json/reallysimplessl/v1/two_fa/skip_onboarding HTTP/1.0" 200 3177 "-" "python-requests/2.25.1"
52.167.144.230 - - [22/Nov/2024:05:21:14 -0800] "GET /product/enertwist-1500w-heat-gun-variable-temperature-control-hot-air-tool-kit-heating-protect-for-shrink-wrapping-paint-removal-wiring-tubing-crafts-vinyl-wrap-automotive-electronics-repair/ HTTP/1.0" 200 3177 "-" "Mozilla/5.0 AppleWebKit/537.36 (KHTML, like Gecko; compatible; bingbot/2.0; +http://www.bing.com/bingbot.htm) Chrome/116.0.1938.76 Safari/537.36"
51.222.253.10 - - [22/Nov/2024:05:23:00 -0800] "GET /?attachment_id=5456/feed/ HTTP/1.0" 200 3177 "-" "Mozilla/5.0 (compatible; AhrefsBot/7.0; +http://ahrefs.com/robot/)"
85.208.96.198 - - [22/Nov/2024:05:28:14 -0800] "GET /robots.txt HTTP/1.0" 200 3177 "-" "Mozilla/5.0 (compatible; SemrushBot/7~bl; +http://www.semrush.com/bot.html)"
85.208.96.210 - - [22/Nov/2024:05:28:16 -0800] "GET /?attachment_id=5578 HTTP/1.0" 200 3177 "-" "Mozilla/5.0 (compatible; SemrushBot/7~bl; +http://www.semrush.com/bot.html)"
51.222.253.4 - - [22/Nov/2024:05:35:03 -0800] "GET /?attachment_id=5451/feed/ HTTP/1.0" 200 3177 "-" "Mozilla/5.0 (compatible; AhrefsBot/7.0; +http://ahrefs.com/robot/)"
51.222.253.15 - - [22/Nov/2024:05:58:29 -0800] "GET /shop-2-2/page/2/?add-to-cart=5469 HTTP/1.0" 200 3177 "-" "Mozilla/5.0 (compatible; AhrefsBot/7.0; +http://ahrefs.com/robot/)"
216.244.66.226 - - [22/Nov/2024:06:13:25 -0800] "GET /robots.txt HTTP/1.0" 200 3177 "-" "Mozilla/5.0 (compatible; DotBot/1.2; +https://opensiteexplorer.org/dotbot; help@moz.com)"
216.244.66.226 - - [22/Nov/2024:06:16:52 -0800] "GET /product/craftsman-home-tool-kit-mechanics-tools-kit-57-piece-cmmt99446/?add-to-cart=5576 HTTP/1.0" 200 3177 "-" "Mozilla/5.0 (compatible; DotBot/1.2; +https://opensiteexplorer.org/dotbot; help@moz.com)"
216.244.66.226 - - [22/Nov/2024:06:16:57 -0800] "GET /product/gemred-82305-digital-angle-finder-protractor-stainless-steel-7inch-200mm/?add-to-cart=5428 HTTP/1.0" 200 3177 "-" "Mozilla/5.0 (compatible; DotBot/1.2; +https://opensiteexplorer.org/dotbot; help@moz.com)"
216.244.66.226 - - [22/Nov/2024:06:17:00 -0800] "GET /product/hausse-heavy-duty-air-compressor-accessory-kit-air-blow-gun-and-air-hose-fittings-1-4-npt-air-tool-kit-with-116-psi-rubber-hose-tire-inflator-gauge/?add-to-cart=5643 HTTP/1.0" 200 3177 "-" "Mozilla/5.0 (compatible; DotBot/1.2; +https://opensiteexplorer.org/dotbot; help@moz.com)"
216.244.66.226 - - [22/Nov/2024:06:17:04 -0800] "GET /product-category/patio-lawn-and-garden/pools-hot-tubs-and-supplies/?add-to-cart=5530 HTTP/1.0" 200 3177 "-" "Mozilla/5.0 (compatible; DotBot/1.2; +https://opensiteexplorer.org/dotbot; help@moz.com)"
216.244.66.226 - - [22/Nov/2024:06:17:07 -0800] "GET /cart/?remove_item=23e582ad8087f2c03a5a31c125123f9a&_wpnonce=fb201895af HTTP/1.0" 200 3177 "-" "Mozilla/5.0 (compatible; DotBot/1.2; +https://opensiteexplorer.org/dotbot; help@moz.com)"
216.244.66.226 - - [22/Nov/2024:06:17:10 -0800] "GET /cart/?remove_item=90248d0a98105fa534cf2b0696ddd12f&_wpnonce=edc423dc3b HTTP/1.0" 200 3177 "-" "Mozilla/5.0 (compatible; DotBot/1.2; +https://opensiteexplorer.org/dotbot; help@moz.com)"
216.244.66.226 - - [22/Nov/2024:06:17:12 -0800] "GET /product/enertwist-1500w-dual-temperature-heat-gun-kit-with-4-nozzle-attachments-for-shrink-wrapping-paint-removal-rusted-bolt-stripping-wire-shrinking-crafting-et-hg-1500r/?add_to_wishlist=5576&_wpnonce=adfb9944ac HTTP/1.0" 200 3177 "-" "Mozilla/5.0 (compatible; DotBot/1.2; +https://opensiteexplorer.org/dotbot; help@moz.com)"
216.244.66.226 - - [22/Nov/2024:06:17:21 -0800] "GET /product-category/tools-and-home-improvement/power-and-hand-tools/power-tool-parts-and-accessories/air-tool-parts-and-accessories/?add-to-cart=5635 HTTP/1.0" 200 3177 "-" "Mozilla/5.0 (compatible; DotBot/1.2; +https://opensiteexplorer.org/dotbot; help@moz.com)"
216.244.66.226 - - [22/Nov/2024:06:18:10 -0800] "GET /product-category/tools-and-home-improvement/power-and-hand-tools/power-tool-parts-and-accessories/woodworking-project-plans-and-kits/woodworking-project-kits/?filter_size=%E2%80%8E3-piece-set HTTP/1.0" 200 3177 "-" "Mozilla/5.0 (compatible; DotBot/1.2; +https://opensiteexplorer.org/dotbot; help@moz.com)"
52.167.144.214 - - [22/Nov/2024:06:23:26 -0800] "GET /item-weight/%E2%80%8E21-pounds/ HTTP/1.0" 200 3177 "-" "Mozilla/5.0 AppleWebKit/537.36 (KHTML, like Gecko; compatible; bingbot/2.0; +http://www.bing.com/bingbot.htm) Chrome/116.0.1938.76 Safari/537.36"
94.247.172.129 - - [22/Nov/2024:06:26:19 -0800] "GET / HTTP/1.0" 200 3177 "-" "Mozilla/5.0 (Macintosh; Intel Mac OS X 10_9_2)"
38.109.246.118 - - [22/Nov/2024:06:27:48 -0800] "GET / HTTP/1.0" 200 3177 "-" "\"Mozilla/5.0 (Linux; Android 10; K) AppleWebKit/537.36 (KHTML, like Gecko) Chrome/130.0.0.0 Mobile Safari/537.36\""
85.208.96.201 - - [22/Nov/2024:06:52:12 -0800] "GET /robots.txt HTTP/1.0" 200 3177 "-" "Mozilla/5.0 (compatible; SemrushBot/7~bl; +http://www.semrush.com/bot.html)"
85.208.96.197 - - [22/Nov/2024:06:52:14 -0800] "GET /?attachment_id=5625 HTTP/1.0" 200 3177 "-" "Mozilla/5.0 (compatible; SemrushBot/7~bl; +http://www.semrush.com/bot.html)"
101.91.148.219 - - [22/Nov/2024:07:02:22 -0800] "GET / HTTP/1.0" 200 3177 "-" "Mozilla/5.0 (iPhone; CPU iPhone OS 13_2_3 like Mac OS X) AppleWebKit/605.1.15 (KHTML, like Gecko) Version/13.0.3 Mobile/15E148 Safari/604.1"
85.208.96.200 - - [22/Nov/2024:07:10:55 -0800] "GET /?attachment_id=5431 HTTP/1.0" 200 3177 "-" "Mozilla/5.0 (compatible; SemrushBot/7~bl; +http://www.semrush.com/bot.html)"
51.222.253.16 - - [22/Nov/2024:07:33:56 -0800] "GET /product/dewalt-screwdriver-bit-set-impact-ready-flextorq-40-piece-dwa2t40ir/?add-to-cart=5617 HTTP/1.0" 200 3177 "-" "Mozilla/5.0 (compatible; AhrefsBot/7.0; +http://ahrefs.com/robot/)"
216.244.66.226 - - [22/Nov/2024:07:52:26 -0800] "GET /robots.txt HTTP/1.0" 200 3177 "-" "Mozilla/5.0 (compatible; DotBot/1.2; +https://opensiteexplorer.org/dotbot; help@moz.com)"
216.244.66.226 - - [22/Nov/2024:07:58:17 -0800] "GET /cart/?remove_item=9b2e035e5362c96aea4c28083f02d6ff&_wpnonce=b3eee575ae HTTP/1.0" 200 3177 "-" "Mozilla/5.0 (compatible; DotBot/1.2; +https://opensiteexplorer.org/dotbot; help@moz.com)"
85.208.96.196 - - [22/Nov/2024:08:18:11 -0800] "GET /robots.txt HTTP/1.0" 200 3177 "-" "Mozilla/5.0 (compatible; SemrushBot/7~bl; +http://www.semrush.com/bot.html)"
185.191.171.12 - - [22/Nov/2024:08:18:12 -0800] "GET /?attachment_id=5618 HTTP/1.0" 200 3177 "-" "Mozilla/5.0 (compatible; SemrushBot/7~bl; +http://www.semrush.com/bot.html)"
40.77.167.14 - - [22/Nov/2024:08:34:44 -0800] "GET /style/%E2%80%8Eladders/ HTTP/1.0" 200 3177 "-" "Mozilla/5.0 AppleWebKit/537.36 (KHTML, like Gecko; compatible; bingbot/2.0; +http://www.bing.com/bingbot.htm) Chrome/116.0.1938.76 Safari/537.36"
216.244.66.226 - - [22/Nov/2024:08:40:36 -0800] "GET /robots.txt HTTP/1.0" 200 3177 "-" "Mozilla/5.0 (compatible; DotBot/1.2; +https://opensiteexplorer.org/dotbot; help@moz.com)"
216.244.66.226 - - [22/Nov/2024:08:44:04 -0800] "GET /product-category/tools-and-home-improvement/measuring-and-layout-tools/protractors/feed/ HTTP/1.0" 200 3177 "-" "Mozilla/5.0 (compatible; DotBot/1.2; +https://opensiteexplorer.org/dotbot; help@moz.com)"
85.208.96.203 - - [22/Nov/2024:09:04:20 -0800] "GET /?attachment_id=5418 HTTP/1.0" 200 3177 "-" "Mozilla/5.0 (compatible; SemrushBot/7~bl; +http://www.semrush.com/bot.html)"
51.222.253.20 - - [22/Nov/2024:09:21:18 -0800] "GET /?attachment_id=5561/feed/ HTTP/1.0" 200 3177 "-" "Mozilla/5.0 (compatible; AhrefsBot/7.0; +http://ahrefs.com/robot/)"
216.244.66.226 - - [22/Nov/2024:09:28:49 -0800] "GET /robots.txt HTTP/1.0" 200 3177 "-" "Mozilla/5.0 (compatible; DotBot/1.2; +https://opensiteexplorer.org/dotbot; help@moz.com)"
216.244.66.226 - - [22/Nov/2024:09:32:15 -0800] "GET /product/contour-gauge-with-metal-lock-10-6-profile-measuring-tool-for-odd-shapes-carpentry-grade-shape-duplicator-contour-gauge-duplicator-for-irregular-outline-super-gauge-tool-in-diy-project/?add-to-cart=5554 HTTP/1.0" 200 3177 "-" "Mozilla/5.0 (compatible; DotBot/1.2; +https://opensiteexplorer.org/dotbot; help@moz.com)"
216.244.66.226 - - [22/Nov/2024:09:32:19 -0800] "GET /product/exelair-by-milton-ex4405kit-44-piece-professional-air-tool-accessory-kit-impact-wrench-air-ratchet-die-grinder-blow-gun-air-hammer-dual-air-chuck-tire-gauge-and-accessories/?add-to-cart=5554 HTTP/1.0" 200 3177 "-" "Mozilla/5.0 (compatible; DotBot/1.2; +https://opensiteexplorer.org/dotbot; help@moz.com)"
216.244.66.226 - - [22/Nov/2024:09:32:24 -0800] "GET /cart/?remove_item=56dc0997d871e9177069bb472574eb29&_wpnonce=d0d71968dc HTTP/1.0" 200 3177 "-" "Mozilla/5.0 (compatible; DotBot/1.2; +https://opensiteexplorer.org/dotbot; help@moz.com)"
85.208.96.195 - - [22/Nov/2024:09:58:55 -0800] "GET /robots.txt HTTP/1.0" 200 3177 "-" "Mozilla/5.0 (compatible; SemrushBot/7~bl; +http://www.semrush.com/bot.html)"
185.191.171.15 - - [22/Nov/2024:09:58:58 -0800] "GET /?attachment_id=5581 HTTP/1.0" 200 3177 "-" "Mozilla/5.0 (compatible; SemrushBot/7~bl; +http://www.semrush.com/bot.html)"
185.191.171.2 - - [22/Nov/2024:10:09:42 -0800] "GET /?attachment_id=5580 HTTP/1.0" 200 3177 "-" "Mozilla/5.0 (compatible; SemrushBot/7~bl; +http://www.semrush.com/bot.html)"
54.36.148.239 - - [22/Nov/2024:10:10:03 -0800] "GET /robots.txt HTTP/1.0" 200 3177 "-" "Mozilla/5.0 (compatible; AhrefsBot/7.0; +http://ahrefs.com/robot/)"
161.97.118.183 - - [22/Nov/2024:10:13:02 -0800] "GET /wp-login.php HTTP/1.0" 500 2808 "-" "Mozilla/5.0 (X11; Fedora; Linux x86_64; rv:89.0) Gecko/20100101 Firefox/89.0"
85.208.96.194 - - [22/Nov/2024:10:24:54 -0800] "GET /?attachment_id=5455 HTTP/1.0" 200 3177 "-" "Mozilla/5.0 (compatible; SemrushBot/7~bl; +http://www.semrush.com/bot.html)"
85.208.96.195 - - [22/Nov/2024:10:54:33 -0800] "GET /?attachment_id=5461 HTTP/1.0" 200 3177 "-" "Mozilla/5.0 (compatible; SemrushBot/7~bl; +http://www.semrush.com/bot.html)"
49.51.72.76 - - [22/Nov/2024:11:18:11 -0800] "GET / HTTP/1.0" 200 3177 "-" "Mozilla/5.0 (iPhone; CPU iPhone OS 13_2_3 like Mac OS X) AppleWebKit/605.1.15 (KHTML, like Gecko) Version/13.0.3 Mobile/15E148 Safari/604.1"
185.191.171.12 - - [22/Nov/2024:11:19:54 -0800] "GET /robots.txt HTTP/1.0" 200 3177 "-" "Mozilla/5.0 (compatible; SemrushBot/7~bl; +http://www.semrush.com/bot.html)"
85.208.96.201 - - [22/Nov/2024:11:19:55 -0800] "GET /?attachment_id=5619 HTTP/1.0" 200 3177 "-" "Mozilla/5.0 (compatible; SemrushBot/7~bl; +http://www.semrush.com/bot.html)"
192.95.30.177 - - [22/Nov/2024:11:22:29 -0800] "GET /robots.txt HTTP/1.0" 200 3177 "-" "Mozilla/5.0 (compatible; MJ12bot/v1.4.8; http://mj12bot.com/)"
192.95.30.177 - - [22/Nov/2024:11:22:31 -0800] "GET /about-us/ HTTP/1.0" 200 3177 "-" "Mozilla/5.0 (compatible; MJ12bot/v1.4.8; http://mj12bot.com/)"
192.95.30.177 - - [22/Nov/2024:11:22:33 -0800] "GET /blog/ HTTP/1.0" 200 3177 "-" "Mozilla/5.0 (compatible; MJ12bot/v1.4.8; http://mj12bot.com/)"
192.95.30.177 - - [22/Nov/2024:11:22:34 -0800] "GET /cart/ HTTP/1.0" 200 3177 "-" "Mozilla/5.0 (compatible; MJ12bot/v1.4.8; http://mj12bot.com/)"
192.95.30.177 - - [22/Nov/2024:11:22:36 -0800] "GET /comments/feed/ HTTP/1.0" 200 3177 "-" "Mozilla/5.0 (compatible; MJ12bot/v1.4.8; http://mj12bot.com/)"
192.95.30.177 - - [22/Nov/2024:11:22:37 -0800] "GET /contact/ HTTP/1.0" 200 3177 "-" "Mozilla/5.0 (compatible; MJ12bot/v1.4.8; http://mj12bot.com/)"
192.95.30.177 - - [22/Nov/2024:11:22:39 -0800] "GET /feed/ HTTP/1.0" 200 3177 "-" "Mozilla/5.0 (compatible; MJ12bot/v1.4.8; http://mj12bot.com/)"
192.95.30.177 - - [22/Nov/2024:11:22:42 -0800] "GET /my-account/ HTTP/1.0" 200 3177 "-" "Mozilla/5.0 (compatible; MJ12bot/v1.4.8; http://mj12bot.com/)"
192.95.30.177 - - [22/Nov/2024:11:22:43 -0800] "GET /privacy-policy/ HTTP/1.0" 200 3177 "-" "Mozilla/5.0 (compatible; MJ12bot/v1.4.8; http://mj12bot.com/)"
192.95.30.177 - - [22/Nov/2024:11:22:45 -0800] "GET /product-category/air-tools-accessories/ HTTP/1.0" 200 3177 "-" "Mozilla/5.0 (compatible; MJ12bot/v1.4.8; http://mj12bot.com/)"
192.95.30.177 - - [22/Nov/2024:11:22:48 -0800] "GET /product-category/drill-bits-accessories/ HTTP/1.0" 200 3177 "-" "Mozilla/5.0 (compatible; MJ12bot/v1.4.8; http://mj12bot.com/)"
192.95.30.177 - - [22/Nov/2024:11:22:51 -0800] "GET /product-category/generators/ HTTP/1.0" 200 3177 "-" "Mozilla/5.0 (compatible; MJ12bot/v1.4.8; http://mj12bot.com/)"
192.95.30.177 - - [22/Nov/2024:11:22:52 -0800] "GET /product-category/hand-tools/ HTTP/1.0" 200 3177 "-" "Mozilla/5.0 (compatible; MJ12bot/v1.4.8; http://mj12bot.com/)"
192.95.30.177 - - [22/Nov/2024:11:22:54 -0800] "GET /product-category/hand-tools/pliers/ HTTP/1.0" 200 3177 "-" "Mozilla/5.0 (compatible; MJ12bot/v1.4.8; http://mj12bot.com/)"
192.95.30.177 - - [22/Nov/2024:11:22:55 -0800] "GET /product-category/hand-tools/pliers/plier-sets/ HTTP/1.0" 200 3177 "-" "Mozilla/5.0 (compatible; MJ12bot/v1.4.8; http://mj12bot.com/)"
192.95.30.177 - - [22/Nov/2024:11:22:57 -0800] "GET /product-category/hand-tools/sockets-and-socket-sets/ HTTP/1.0" 200 3177 "-" "Mozilla/5.0 (compatible; MJ12bot/v1.4.8; http://mj12bot.com/)"
192.95.30.177 - - [22/Nov/2024:11:22:58 -0800] "GET /product-category/hand-tools/sockets-and-socket-sets/socket-and-socket-wrench-sets/ HTTP/1.0" 200 3177 "-" "Mozilla/5.0 (compatible; MJ12bot/v1.4.8; http://mj12bot.com/)"
192.95.30.177 - - [22/Nov/2024:11:23:00 -0800] "GET /product-category/hand-tools/wrenches/ HTTP/1.0" 200 3177 "-" "Mozilla/5.0 (compatible; MJ12bot/v1.4.8; http://mj12bot.com/)"
192.95.30.177 - - [22/Nov/2024:11:23:02 -0800] "GET /product-category/hand-tools/wrenches/hex-keys/ HTTP/1.0" 200 3177 "-" "Mozilla/5.0 (compatible; MJ12bot/v1.4.8; http://mj12bot.com/)"
192.95.30.177 - - [22/Nov/2024:11:23:03 -0800] "GET /product-category/heat-guns/ HTTP/1.0" 200 3177 "-" "Mozilla/5.0 (compatible; MJ12bot/v1.4.8; http://mj12bot.com/)"
192.95.30.177 - - [22/Nov/2024:11:23:04 -0800] "GET /product-category/industrial-and-scientific/ HTTP/1.0" 200 3177 "-" "Mozilla/5.0 (compatible; MJ12bot/v1.4.8; http://mj12bot.com/)"
192.95.30.177 - - [22/Nov/2024:11:23:06 -0800] "GET /product-category/industrial-and-scientific/test-measure-and-inspect/ HTTP/1.0" 200 3177 "-" "Mozilla/5.0 (compatible; MJ12bot/v1.4.8; http://mj12bot.com/)"
192.95.30.177 - - [22/Nov/2024:11:23:08 -0800] "GET /product-category/industrial-and-scientific/test-measure-and-inspect/dimensional-measurement/ HTTP/1.0" 200 3177 "-" "Mozilla/5.0 (compatible; MJ12bot/v1.4.8; http://mj12bot.com/)"
192.95.30.177 - - [22/Nov/2024:11:23:09 -0800] "GET /product-category/industrial-and-scientific/test-measure-and-inspect/dimensional-measurement/calipers/ HTTP/1.0" 200 3177 "-" "Mozilla/5.0 (compatible; MJ12bot/v1.4.8; http://mj12bot.com/)"
192.95.30.177 - - [22/Nov/2024:11:23:11 -0800] "GET /product-category/industrial-and-scientific/test-measure-and-inspect/dimensional-measurement/calipers/digital-calipers/ HTTP/1.0" 200 3177 "-" "Mozilla/5.0 (compatible; MJ12bot/v1.4.8; http://mj12bot.com/)"
192.95.30.177 - - [22/Nov/2024:11:23:12 -0800] "GET /product-category/industrial-and-scientific/test-measure-and-inspect/dimensional-measurement/gauges/ HTTP/1.0" 200 3177 "-" "Mozilla/5.0 (compatible; MJ12bot/v1.4.8; http://mj12bot.com/)"
192.95.30.177 - - [22/Nov/2024:11:23:14 -0800] "GET /product-category/industrial-and-scientific/test-measure-and-inspect/dimensional-measurement/gauges/depth/ HTTP/1.0" 200 3177 "-" "Mozilla/5.0 (compatible; MJ12bot/v1.4.8; http://mj12bot.com/)"
192.95.30.177 - - [22/Nov/2024:11:23:15 -0800] "GET /product-category/ladders/ HTTP/1.0" 200 3177 "-" "Mozilla/5.0 (compatible; MJ12bot/v1.4.8; http://mj12bot.com/)"
192.95.30.177 - - [22/Nov/2024:11:23:17 -0800] "GET /product-category/ladders/step-ladders/ HTTP/1.0" 200 3177 "-" "Mozilla/5.0 (compatible; MJ12bot/v1.4.8; http://mj12bot.com/)"
192.95.30.177 - - [22/Nov/2024:11:23:18 -0800] "GET /product-category/ladders/telescoping-ladders/ HTTP/1.0" 200 3177 "-" "Mozilla/5.0 (compatible; MJ12bot/v1.4.8; http://mj12bot.com/)"
192.95.30.177 - - [22/Nov/2024:11:23:20 -0800] "GET /product-category/measuring-accessories/ HTTP/1.0" 200 3177 "-" "Mozilla/5.0 (compatible; MJ12bot/v1.4.8; http://mj12bot.com/)"
192.95.30.177 - - [22/Nov/2024:11:23:21 -0800] "GET /product-category/patio-lawn-and-garden/ HTTP/1.0" 200 3177 "-" "Mozilla/5.0 (compatible; MJ12bot/v1.4.8; http://mj12bot.com/)"
192.95.30.177 - - [22/Nov/2024:11:23:23 -0800] "GET /product-category/patio-lawn-and-garden/generators-and-portable-power/ HTTP/1.0" 200 3177 "-" "Mozilla/5.0 (compatible; MJ12bot/v1.4.8; http://mj12bot.com/)"
192.95.30.177 - - [22/Nov/2024:11:23:24 -0800] "GET /product-category/patio-lawn-and-garden/pools-hot-tubs-and-supplies/ HTTP/1.0" 200 3177 "-" "Mozilla/5.0 (compatible; MJ12bot/v1.4.8; http://mj12bot.com/)"
192.95.30.177 - - [22/Nov/2024:11:23:26 -0800] "GET /product-category/patio-lawn-and-garden/pools-hot-tubs-and-supplies/saunas/ HTTP/1.0" 200 3177 "-" "Mozilla/5.0 (compatible; MJ12bot/v1.4.8; http://mj12bot.com/)"
192.95.30.177 - - [22/Nov/2024:11:23:27 -0800] "GET /product-category/tools-and-home-improvement/ HTTP/1.0" 200 3177 "-" "Mozilla/5.0 (compatible; MJ12bot/v1.4.8; http://mj12bot.com/)"
192.95.30.177 - - [22/Nov/2024:11:23:29 -0800] "GET /product-category/tools-and-home-improvement/building-supplies/ HTTP/1.0" 200 3177 "-" "Mozilla/5.0 (compatible; MJ12bot/v1.4.8; http://mj12bot.com/)"
192.95.30.177 - - [22/Nov/2024:11:23:30 -0800] "GET /product-category/tools-and-home-improvement/measuring-and-layout-tools/ HTTP/1.0" 200 3177 "-" "Mozilla/5.0 (compatible; MJ12bot/v1.4.8; http://mj12bot.com/)"
192.95.30.177 - - [22/Nov/2024:11:23:32 -0800] "GET /product-category/tools-and-home-improvement/measuring-and-layout-tools/protractors/ HTTP/1.0" 200 3177 "-" "Mozilla/5.0 (compatible; MJ12bot/v1.4.8; http://mj12bot.com/)"
192.95.30.177 - - [22/Nov/2024:11:23:33 -0800] "GET /product-category/tools-and-home-improvement/power-and-hand-tools/ HTTP/1.0" 200 3177 "-" "Mozilla/5.0 (compatible; MJ12bot/v1.4.8; http://mj12bot.com/)"
192.95.30.177 - - [22/Nov/2024:11:23:35 -0800] "GET /product-category/tools-and-home-improvement/power-and-hand-tools/power-tool-parts-and-accessories/ HTTP/1.0" 200 3177 "-" "Mozilla/5.0 (compatible; MJ12bot/v1.4.8; http://mj12bot.com/)"
192.95.30.177 - - [22/Nov/2024:11:23:37 -0800] "GET /product-category/tools-and-home-improvement/power-and-hand-tools/power-tool-parts-and-accessories/air-tool-parts-and-accessories/ HTTP/1.0" 200 3177 "-" "Mozilla/5.0 (compatible; MJ12bot/v1.4.8; http://mj12bot.com/)"
192.95.30.177 - - [22/Nov/2024:11:23:38 -0800] "GET /product-category/tools-and-home-improvement/power-and-hand-tools/power-tool-parts-and-accessories/air-tool-parts-and-accessories/air-compressor-accessories/ HTTP/1.0" 200 3177 "-" "Mozilla/5.0 (compatible; MJ12bot/v1.4.8; http://mj12bot.com/)"
192.95.30.177 - - [22/Nov/2024:11:23:40 -0800] "GET /product-category/tools-and-home-improvement/power-and-hand-tools/power-tool-parts-and-accessories/air-tool-parts-and-accessories/maintenance-kits/ HTTP/1.0" 200 3177 "-" "Mozilla/5.0 (compatible; MJ12bot/v1.4.8; http://mj12bot.com/)"
192.95.30.177 - - [22/Nov/2024:11:23:41 -0800] "GET /product-category/tools-and-home-improvement/power-and-hand-tools/power-tool-parts-and-accessories/power-drill-parts-and-accessories/ HTTP/1.0" 200 3177 "-" "Mozilla/5.0 (compatible; MJ12bot/v1.4.8; http://mj12bot.com/)"
192.95.30.177 - - [22/Nov/2024:11:23:43 -0800] "GET /product-category/tools-and-home-improvement/power-and-hand-tools/power-tool-parts-and-accessories/power-drill-parts-and-accessories/drill-bits/ HTTP/1.0" 200 3177 "-" "Mozilla/5.0 (compatible; MJ12bot/v1.4.8; http://mj12bot.com/)"
192.95.30.177 - - [22/Nov/2024:11:23:44 -0800] "GET /product-category/tools-and-home-improvement/power-and-hand-tools/power-tool-parts-and-accessories/power-drill-parts-and-accessories/drill-bits/masonry-drill-bits/ HTTP/1.0" 200 3177 "-" "Mozilla/5.0 (compatible; MJ12bot/v1.4.8; http://mj12bot.com/)"
192.95.30.177 - - [22/Nov/2024:11:23:46 -0800] "GET /product-category/tools-and-home-improvement/power-and-hand-tools/power-tool-parts-and-accessories/power-drill-parts-and-accessories/drill-bits/masonry-drill-bits/masonry-drill-bit-sets/ HTTP/1.0" 200 3177 "-" "Mozilla/5.0 (compatible; MJ12bot/v1.4.8; http://mj12bot.com/)"
192.95.30.177 - - [22/Nov/2024:11:23:47 -0800] "GET /product-category/tools-and-home-improvement/power-and-hand-tools/power-tool-parts-and-accessories/screwdriver-accessories/ HTTP/1.0" 200 3177 "-" "Mozilla/5.0 (compatible; MJ12bot/v1.4.8; http://mj12bot.com/)"
192.95.30.177 - - [22/Nov/2024:11:23:49 -0800] "GET /product-category/tools-and-home-improvement/power-and-hand-tools/power-tool-parts-and-accessories/screwdriver-accessories/screwdriver-bit-sets/ HTTP/1.0" 200 3177 "-" "Mozilla/5.0 (compatible; MJ12bot/v1.4.8; http://mj12bot.com/)"
192.95.30.177 - - [22/Nov/2024:11:23:50 -0800] "GET /product-category/tools-and-home-improvement/power-and-hand-tools/power-tool-parts-and-accessories/woodworking-project-plans-and-kits/ HTTP/1.0" 200 3177 "-" "Mozilla/5.0 (compatible; MJ12bot/v1.4.8; http://mj12bot.com/)"
192.95.30.177 - - [22/Nov/2024:11:23:52 -0800] "GET /product-category/tools-and-home-improvement/power-and-hand-tools/power-tool-parts-and-accessories/woodworking-project-plans-and-kits/woodworking-project-kits/ HTTP/1.0" 200 3177 "-" "Mozilla/5.0 (compatible; MJ12bot/v1.4.8; http://mj12bot.com/)"
192.95.30.177 - - [22/Nov/2024:11:23:53 -0800] "GET /product-category/tools-and-home-improvement/safety-and-security/ HTTP/1.0" 200 3177 "-" "Mozilla/5.0 (compatible; MJ12bot/v1.4.8; http://mj12bot.com/)"
192.95.30.177 - - [22/Nov/2024:11:23:55 -0800] "GET /product-category/tools-and-home-improvement/safety-and-security/fire-safety/ HTTP/1.0" 200 3177 "-" "Mozilla/5.0 (compatible; MJ12bot/v1.4.8; http://mj12bot.com/)"
192.95.30.177 - - [22/Nov/2024:11:23:56 -0800] "GET /product-category/tools-and-home-improvement/safety-and-security/fire-safety/fire-escape-ladders/ HTTP/1.0" 200 3177 "-" "Mozilla/5.0 (compatible; MJ12bot/v1.4.8; http://mj12bot.com/)"
192.95.30.177 - - [22/Nov/2024:11:23:58 -0800] "GET /product-category/tools-and-home-improvement/welding-and-soldering/ HTTP/1.0" 200 3177 "-" "Mozilla/5.0 (compatible; MJ12bot/v1.4.8; http://mj12bot.com/)"
192.95.30.177 - - [22/Nov/2024:11:23:59 -0800] "GET /product-category/tools-and-home-improvement/welding-and-soldering/soldering-and-brazing-equipment/ HTTP/1.0" 200 3177 "-" "Mozilla/5.0 (compatible; MJ12bot/v1.4.8; http://mj12bot.com/)"
192.95.30.177 - - [22/Nov/2024:11:24:01 -0800] "GET /product-category/uncategorized/ HTTP/1.0" 200 3177 "-" "Mozilla/5.0 (compatible; MJ12bot/v1.4.8; http://mj12bot.com/)"
85.208.96.199 - - [22/Nov/2024:12:00:51 -0800] "GET /?attachment_id=5464 HTTP/1.0" 200 3177 "-" "Mozilla/5.0 (compatible; SemrushBot/7~bl; +http://www.semrush.com/bot.html)"
159.203.65.165 - - [22/Nov/2024:12:05:22 -0800] "GET / HTTP/1.0" 200 3177 "-" "Mozilla/5.0 (X11; Linux x86_64) AppleWebKit/537.36 (KHTML, like Gecko) Chrome/129.0.0.0 Safari/537.36"
159.203.65.165 - - [22/Nov/2024:12:05:23 -0800] "GET / HTTP/1.0" 200 3177 "-" "Mozilla/5.0 (X11; Linux x86_64) AppleWebKit/537.36 (KHTML, like Gecko) Chrome/129.0.0.0 Safari/537.36"
147.93.128.101 - - [22/Nov/2024:12:28:14 -0800] "GET /wp-content/plugins/ioxi/ew.php HTTP/1.0" 200 3177 "-" "Mozlila/5.0 (Linux; Android 7.0; SM-G892A Bulid/NRD90M; wv) AppleWebKit/537.36 (KHTML, like Gecko) Version/4.0 Chrome/60.0.3112.107 Moblie Safari/537.36"
147.93.128.101 - - [22/Nov/2024:12:28:29 -0800] "GET /wp-content/plugins/ioxi/ew1.php HTTP/1.0" 200 3177 "-" "Mozlila/5.0 (Linux; Android 7.0; SM-G892A Bulid/NRD90M; wv) AppleWebKit/537.36 (KHTML, like Gecko) Version/4.0 Chrome/60.0.3112.107 Moblie Safari/537.36"
185.191.171.6 - - [22/Nov/2024:13:04:36 -0800] "GET /robots.txt HTTP/1.0" 200 3177 "-" "Mozilla/5.0 (compatible; SemrushBot/7~bl; +http://www.semrush.com/bot.html)"
85.208.96.205 - - [22/Nov/2024:13:04:36 -0800] "GET /?attachment_id=5571 HTTP/1.0" 200 3177 "-" "Mozilla/5.0 (compatible; SemrushBot/7~bl; +http://www.semrush.com/bot.html)"
147.93.128.101 - - [22/Nov/2024:13:09:22 -0800] "GET /wp-includes/index.php HTTP/1.0" 404 236 "-" "Mozlila/5.0 (Linux; Android 7.0; SM-G892A Bulid/NRD90M; wv) AppleWebKit/537.36 (KHTML, like Gecko) Version/4.0 Chrome/60.0.3112.107 Moblie Safari/537.36"
147.93.128.101 - - [22/Nov/2024:13:09:27 -0800] "GET /wp-includes/html-api/index.php HTTP/1.0" 200 3177 "-" "Mozlila/5.0 (Linux; Android 7.0; SM-G892A Bulid/NRD90M; wv) AppleWebKit/537.36 (KHTML, like Gecko) Version/4.0 Chrome/60.0.3112.107 Moblie Safari/537.36"
147.93.128.101 - - [22/Nov/2024:13:09:27 -0800] "GET /wp-includes/ID3/index.php HTTP/1.0" 200 3177 "-" "Mozlila/5.0 (Linux; Android 7.0; SM-G892A Bulid/NRD90M; wv) AppleWebKit/537.36 (KHTML, like Gecko) Version/4.0 Chrome/60.0.3112.107 Moblie Safari/537.36"
147.93.128.101 - - [22/Nov/2024:13:09:28 -0800] "GET /wp-includes/IXR/index.php HTTP/1.0" 200 3177 "-" "Mozlila/5.0 (Linux; Android 7.0; SM-G892A Bulid/NRD90M; wv) AppleWebKit/537.36 (KHTML, like Gecko) Version/4.0 Chrome/60.0.3112.107 Moblie Safari/537.36"
147.93.128.101 - - [22/Nov/2024:13:09:30 -0800] "GET /wp-includes/PHPMailer/index.php HTTP/1.0" 200 3177 "-" "Mozlila/5.0 (Linux; Android 7.0; SM-G892A Bulid/NRD90M; wv) AppleWebKit/537.36 (KHTML, like Gecko) Version/4.0 Chrome/60.0.3112.107 Moblie Safari/537.36"
147.93.128.101 - - [22/Nov/2024:13:09:30 -0800] "GET /wp-content/plugins/index.php HTTP/1.0" 200 - "-" "Mozlila/5.0 (Linux; Android 7.0; SM-G892A Bulid/NRD90M; wv) AppleWebKit/537.36 (KHTML, like Gecko) Version/4.0 Chrome/60.0.3112.107 Moblie Safari/537.36"
147.93.128.101 - - [22/Nov/2024:13:09:35 -0800] "GET /wp-includes/Requests/index.php HTTP/1.0" 200 3177 "-" "Mozlila/5.0 (Linux; Android 7.0; SM-G892A Bulid/NRD90M; wv) AppleWebKit/537.36 (KHTML, like Gecko) Version/4.0 Chrome/60.0.3112.107 Moblie Safari/537.36"
147.93.128.101 - - [22/Nov/2024:13:09:35 -0800] "GET /wp-includes/Requests/Auth/index.php HTTP/1.0" 200 3177 "-" "Mozlila/5.0 (Linux; Android 7.0; SM-G892A Bulid/NRD90M; wv) AppleWebKit/537.36 (KHTML, like Gecko) Version/4.0 Chrome/60.0.3112.107 Moblie Safari/537.36"
85.208.96.198 - - [22/Nov/2024:14:12:10 -0800] "GET /robots.txt HTTP/1.0" 200 3177 "-" "Mozilla/5.0 (compatible; SemrushBot/7~bl; +http://www.semrush.com/bot.html)"
185.191.171.9 - - [22/Nov/2024:14:12:10 -0800] "GET /?attachment_id=5649 HTTP/1.0" 200 3177 "-" "Mozilla/5.0 (compatible; SemrushBot/7~bl; +http://www.semrush.com/bot.html)"
185.191.171.14 - - [22/Nov/2024:14:21:50 -0800] "GET /?attachment_id=5596 HTTP/1.0" 200 3177 "-" "Mozilla/5.0 (compatible; SemrushBot/7~bl; +http://www.semrush.com/bot.html)"
102.217.204.209 - - [22/Nov/2024:14:40:48 -0800] "GET / HTTP/1.0" 200 3177 "-" "Mozilla/5.0 (Windows NT 10.0; Win64; x64) AppleWebKit/537.36 (KHTML, like Gecko) Chrome/120.0.0.0 Safari/537.36"
85.208.96.208 - - [22/Nov/2024:14:50:31 -0800] "GET /?attachment_id=5614 HTTP/1.0" 200 3177 "-" "Mozilla/5.0 (compatible; SemrushBot/7~bl; +http://www.semrush.com/bot.html)"
157.55.39.225 - - [22/Nov/2024:15:06:08 -0800] "GET /robots.txt HTTP/1.0" 200 3177 "-" "Mozilla/5.0 AppleWebKit/537.36 (KHTML, like Gecko; compatible; bingbot/2.0; +http://www.bing.com/bingbot.htm) Chrome/116.0.1938.76 Safari/537.36"
52.167.144.172 - - [22/Nov/2024:15:06:19 -0800] "GET /sitemap.xml HTTP/1.0" 200 3177 "-" "Mozilla/5.0 AppleWebKit/537.36 (KHTML, like Gecko; compatible; bingbot/2.0; +http://www.bing.com/bingbot.htm) Chrome/116.0.1938.76 Safari/537.36"
52.167.144.172 - - [22/Nov/2024:15:06:19 -0800] "GET /sitemap.xml HTTP/1.0" 200 3177 "-" "Mozilla/5.0 AppleWebKit/537.36 (KHTML, like Gecko; compatible; bingbot/2.0; +http://www.bing.com/bingbot.htm) Chrome/116.0.1938.76 Safari/537.36"
51.222.253.4 - - [22/Nov/2024:15:15:02 -0800] "GET /?attachment_id=5489 HTTP/1.0" 200 3177 "-" "Mozilla/5.0 (compatible; AhrefsBot/7.0; +http://ahrefs.com/robot/)"
85.208.96.204 - - [22/Nov/2024:15:15:16 -0800] "GET /robots.txt HTTP/1.0" 200 3177 "-" "Mozilla/5.0 (compatible; SemrushBot/7~bl; +http://www.semrush.com/bot.html)"
185.191.171.12 - - [22/Nov/2024:15:15:17 -0800] "GET /?attachment_id=5575 HTTP/1.0" 200 3177 "-" "Mozilla/5.0 (compatible; SemrushBot/7~bl; +http://www.semrush.com/bot.html)"
191.101.61.83 - - [22/Nov/2024:15:35:17 -0800] "GET /.env HTTP/1.0" 406 300 "-" "Mozilla/5.0 (Macintosh; Intel Mac OS X 10.15; rv:77.0) Gecko/20100101 Firefox/77.0"
51.222.253.12 - - [22/Nov/2024:16:28:55 -0800] "GET /brand/visit-the-meanlin-measure-store/ HTTP/1.0" 200 3177 "-" "Mozilla/5.0 (compatible; AhrefsBot/7.0; +http://ahrefs.com/robot/)"
216.24.219.209 - - [22/Nov/2024:16:36:08 -0800] "GET /contact/ HTTP/1.0" 200 3177 "-" "Mozilla/5.0 (Windows NT 10.0; WOW64) AppleWebKit/537.36 (KHTML, like Gecko) Chrome/114.0.0.0 Safari/537.36 Vivaldi/5.3.2679.68"
216.24.219.211 - - [22/Nov/2024:16:36:09 -0800] "GET / HTTP/1.0" 200 3177 "-" "Mozilla/5.0 (Windows NT 10.0; WOW64) AppleWebKit/537.36 (KHTML, like Gecko) Chrome/114.0.0.0 Safari/537.36 Vivaldi/5.3.2679.68"
185.191.171.7 - - [22/Nov/2024:17:07:57 -0800] "GET /robots.txt HTTP/1.0" 200 3177 "-" "Mozilla/5.0 (compatible; SemrushBot/7~bl; +http://www.semrush.com/bot.html)"
185.191.171.11 - - [22/Nov/2024:17:07:57 -0800] "GET /?attachment_id=5655 HTTP/1.0" 200 3177 "-" "Mozilla/5.0 (compatible; SemrushBot/7~bl; +http://www.semrush.com/bot.html)"
85.208.96.193 - - [22/Nov/2024:17:10:14 -0800] "GET /?attachment_id=5489 HTTP/1.0" 200 3177 "-" "Mozilla/5.0 (compatible; SemrushBot/7~bl; +http://www.semrush.com/bot.html)"
85.208.96.196 - - [22/Nov/2024:17:14:34 -0800] "GET /?attachment_id=5570 HTTP/1.0" 200 3177 "-" "Mozilla/5.0 (compatible; SemrushBot/7~bl; +http://www.semrush.com/bot.html)"
85.208.96.195 - - [22/Nov/2024:17:44:22 -0800] "GET /?attachment_id=5567 HTTP/1.0" 200 3177 "-" "Mozilla/5.0 (compatible; SemrushBot/7~bl; +http://www.semrush.com/bot.html)"
51.222.253.11 - - [22/Nov/2024:17:45:39 -0800] "GET /?attachment_id=5425 HTTP/1.0" 200 3177 "-" "Mozilla/5.0 (compatible; AhrefsBot/7.0; +http://ahrefs.com/robot/)"
85.208.96.196 - - [22/Nov/2024:17:49:39 -0800] "GET /?attachment_id=5497 HTTP/1.0" 200 3177 "-" "Mozilla/5.0 (compatible; SemrushBot/7~bl; +http://www.semrush.com/bot.html)"
51.222.253.4 - - [22/Nov/2024:17:51:19 -0800] "GET /product-category/tools-and-home-improvement/power-and-hand-tools/power-tool-parts-and-accessories/screwdriver-accessories/feed/ HTTP/1.0" 200 3177 "-" "Mozilla/5.0 (compatible; AhrefsBot/7.0; +http://ahrefs.com/robot/)"
51.222.253.8 - - [22/Nov/2024:17:52:13 -0800] "GET /product/dewalt-screwdriver-bit-set-impact-ready-flextorq-40-piece-dwa2t40ir/?add-to-cart=5635 HTTP/1.0" 200 3177 "-" "Mozilla/5.0 (compatible; AhrefsBot/7.0; +http://ahrefs.com/robot/)"
51.222.253.7 - - [22/Nov/2024:17:54:07 -0800] "GET /shop-2-2/page/2/?add-to-cart=5635 HTTP/1.0" 200 3177 "-" "Mozilla/5.0 (compatible; AhrefsBot/7.0; +http://ahrefs.com/robot/)"
51.222.253.8 - - [22/Nov/2024:17:54:12 -0800] "GET /?attachment_id=5453/feed/ HTTP/1.0" 200 3177 "-" "Mozilla/5.0 (compatible; AhrefsBot/7.0; +http://ahrefs.com/robot/)"
51.222.253.14 - - [22/Nov/2024:17:54:15 -0800] "GET /?attachment_id=5468/feed/ HTTP/1.0" 200 3177 "-" "Mozilla/5.0 (compatible; AhrefsBot/7.0; +http://ahrefs.com/robot/)"
51.222.253.16 - - [22/Nov/2024:17:54:18 -0800] "GET /brand/visit-the-louisville-ladder-store/?filter_size=%E2%80%8E8-feet-250lb HTTP/1.0" 200 3177 "-" "Mozilla/5.0 (compatible; AhrefsBot/7.0; +http://ahrefs.com/robot/)"
51.222.253.6 - - [22/Nov/2024:17:54:27 -0800] "GET /?attachment_id=5631/feed/ HTTP/1.0" 200 3177 "-" "Mozilla/5.0 (compatible; AhrefsBot/7.0; +http://ahrefs.com/robot/)"
51.222.253.9 - - [22/Nov/2024:17:54:41 -0800] "GET /?attachment_id=5545/feed/ HTTP/1.0" 200 3177 "-" "Mozilla/5.0 (compatible; AhrefsBot/7.0; +http://ahrefs.com/robot/)"
85.208.96.193 - - [22/Nov/2024:17:54:52 -0800] "GET /?attachment_id=5657 HTTP/1.0" 200 3177 "-" "Mozilla/5.0 (compatible; SemrushBot/7~bl; +http://www.semrush.com/bot.html)"
51.222.253.5 - - [22/Nov/2024:17:54:55 -0800] "GET /?attachment_id=5540/feed/ HTTP/1.0" 200 3177 "-" "Mozilla/5.0 (compatible; AhrefsBot/7.0; +http://ahrefs.com/robot/)"
51.222.253.10 - - [22/Nov/2024:17:55:45 -0800] "GET /product/dewalt-screwdriver-bit-set-impact-ready-flextorq-40-piece-dwa2t40ir/?add_to_wishlist=5597 HTTP/1.0" 200 3177 "-" "Mozilla/5.0 (compatible; AhrefsBot/7.0; +http://ahrefs.com/robot/)"
51.222.253.17 - - [22/Nov/2024:17:56:00 -0800] "GET /product/dewalt-screwdriver-bit-set-impact-ready-flextorq-40-piece-dwa2t40ir/feed/ HTTP/1.0" 200 3177 "-" "Mozilla/5.0 (compatible; AhrefsBot/7.0; +http://ahrefs.com/robot/)"
51.222.253.7 - - [22/Nov/2024:17:56:18 -0800] "GET /shop-2-2/?filter_size=%E2%80%8E2-step HTTP/1.0" 200 3177 "-" "Mozilla/5.0 (compatible; AhrefsBot/7.0; +http://ahrefs.com/robot/)"
51.222.253.13 - - [22/Nov/2024:17:56:35 -0800] "GET /shop-2-2/?filter_size=%E2%80%8E500x HTTP/1.0" 200 3177 "-" "Mozilla/5.0 (compatible; AhrefsBot/7.0; +http://ahrefs.com/robot/)"
51.222.253.17 - - [22/Nov/2024:17:57:05 -0800] "GET /shop-2-2/?filter_size=%E2%80%8E8-feet-250lb HTTP/1.0" 200 3177 "-" "Mozilla/5.0 (compatible; AhrefsBot/7.0; +http://ahrefs.com/robot/)"
51.222.253.19 - - [22/Nov/2024:17:57:08 -0800] "GET /shop-2-2/?filter_size=%E2%80%8E3-piece-set HTTP/1.0" 200 3177 "-" "Mozilla/5.0 (compatible; AhrefsBot/7.0; +http://ahrefs.com/robot/)"
51.222.253.4 - - [22/Nov/2024:17:57:11 -0800] "GET /shop-2-2/feed/ HTTP/1.0" 200 3177 "-" "Mozilla/5.0 (compatible; AhrefsBot/7.0; +http://ahrefs.com/robot/)"
51.222.253.14 - - [22/Nov/2024:17:57:12 -0800] "GET /shop-2-2/?filter_size=%E2%80%8E200mm HTTP/1.0" 200 3177 "-" "Mozilla/5.0 (compatible; AhrefsBot/7.0; +http://ahrefs.com/robot/)"
51.222.253.19 - - [22/Nov/2024:17:57:12 -0800] "GET /shop-2-2/?filter_size=%E2%80%8E10-5-feet HTTP/1.0" 200 3177 "-" "Mozilla/5.0 (compatible; AhrefsBot/7.0; +http://ahrefs.com/robot/)"
51.222.253.16 - - [22/Nov/2024:17:57:13 -0800] "GET /shop-2-2/?filter_size=%E2%80%8E1-2-in HTTP/1.0" 200 3177 "-" "Mozilla/5.0 (compatible; AhrefsBot/7.0; +http://ahrefs.com/robot/)"
51.222.253.14 - - [22/Nov/2024:17:57:14 -0800] "GET /?attachment_id=5607/feed/ HTTP/1.0" 200 3177 "-" "Mozilla/5.0 (compatible; AhrefsBot/7.0; +http://ahrefs.com/robot/)"
51.222.253.6 - - [22/Nov/2024:17:57:15 -0800] "GET /?attachment_id=5598/feed/ HTTP/1.0" 200 3177 "-" "Mozilla/5.0 (compatible; AhrefsBot/7.0; +http://ahrefs.com/robot/)"
51.222.253.20 - - [22/Nov/2024:17:57:15 -0800] "GET /?attachment_id=5606/feed/ HTTP/1.0" 200 3177 "-" "Mozilla/5.0 (compatible; AhrefsBot/7.0; +http://ahrefs.com/robot/)"
51.222.253.4 - - [22/Nov/2024:18:02:03 -0800] "GET /brand/visit-the-exelair-store/feed/ HTTP/1.0" 200 3177 "-" "Mozilla/5.0 (compatible; AhrefsBot/7.0; +http://ahrefs.com/robot/)"
85.208.96.207 - - [22/Nov/2024:18:07:28 -0800] "GET /?attachment_id=5414 HTTP/1.0" 200 3177 "-" "Mozilla/5.0 (compatible; SemrushBot/7~bl; +http://www.semrush.com/bot.html)"
185.191.171.6 - - [22/Nov/2024:18:23:38 -0800] "GET /robots.txt HTTP/1.0" 200 3177 "-" "Mozilla/5.0 (compatible; SemrushBot/7~bl; +http://www.semrush.com/bot.html)"
85.208.96.207 - - [22/Nov/2024:18:23:38 -0800] "GET /?attachment_id=5534 HTTP/1.0" 200 3177 "-" "Mozilla/5.0 (compatible; SemrushBot/7~bl; +http://www.semrush.com/bot.html)"
51.222.253.13 - - [22/Nov/2024:18:24:01 -0800] "GET /?attachment_id=5645/feed/ HTTP/1.0" 200 3177 "-" "Mozilla/5.0 (compatible; AhrefsBot/7.0; +http://ahrefs.com/robot/)"
51.222.253.7 - - [22/Nov/2024:18:45:15 -0800] "GET /?attachment_id=5649/feed/ HTTP/1.0" 200 3177 "-" "Mozilla/5.0 (compatible; AhrefsBot/7.0; +http://ahrefs.com/robot/)"
85.208.96.200 - - [22/Nov/2024:18:57:41 -0800] "GET /?attachment_id=5632 HTTP/1.0" 200 3177 "-" "Mozilla/5.0 (compatible; SemrushBot/7~bl; +http://www.semrush.com/bot.html)"
85.208.96.211 - - [22/Nov/2024:18:58:55 -0800] "GET /?attachment_id=5429 HTTP/1.0" 200 3177 "-" "Mozilla/5.0 (compatible; SemrushBot/7~bl; +http://www.semrush.com/bot.html)"
85.208.96.210 - - [22/Nov/2024:19:17:59 -0800] "GET /?attachment_id=5586 HTTP/1.0" 200 3177 "-" "Mozilla/5.0 (compatible; SemrushBot/7~bl; +http://www.semrush.com/bot.html)"
85.208.96.194 - - [22/Nov/2024:19:25:12 -0800] "GET /robots.txt HTTP/1.0" 200 3177 "-" "Mozilla/5.0 (compatible; SemrushBot/7~bl; +http://www.semrush.com/bot.html)"
85.208.96.202 - - [22/Nov/2024:19:25:13 -0800] "GET /?attachment_id=5460 HTTP/1.0" 200 3177 "-" "Mozilla/5.0 (compatible; SemrushBot/7~bl; +http://www.semrush.com/bot.html)"
51.222.253.5 - - [22/Nov/2024:19:26:31 -0800] "GET /shop-2-2/page/2/?add-to-cart=5476 HTTP/1.0" 200 3177 "-" "Mozilla/5.0 (compatible; AhrefsBot/7.0; +http://ahrefs.com/robot/)"
185.191.171.9 - - [22/Nov/2024:20:01:14 -0800] "GET /?attachment_id=5524 HTTP/1.0" 200 3177 "-" "Mozilla/5.0 (compatible; SemrushBot/7~bl; +http://www.semrush.com/bot.html)"
85.208.96.206 - - [22/Nov/2024:20:13:54 -0800] "GET /?attachment_id=5539 HTTP/1.0" 200 3177 "-" "Mozilla/5.0 (compatible; SemrushBot/7~bl; +http://www.semrush.com/bot.html)"
51.222.253.14 - - [22/Nov/2024:20:15:52 -0800] "GET /shop-2-2/page/2/?add-to-cart=5523 HTTP/1.0" 200 3177 "-" "Mozilla/5.0 (compatible; AhrefsBot/7.0; +http://ahrefs.com/robot/)"
43.156.168.214 - - [22/Nov/2024:20:18:25 -0800] "GET / HTTP/1.0" 200 3177 "-" "Mozilla/5.0 (iPhone; CPU iPhone OS 13_2_3 like Mac OS X) AppleWebKit/605.1.15 (KHTML, like Gecko) Version/13.0.3 Mobile/15E148 Safari/604.1"
85.208.96.202 - - [22/Nov/2024:20:46:29 -0800] "GET /robots.txt HTTP/1.0" 200 3177 "-" "Mozilla/5.0 (compatible; SemrushBot/7~bl; +http://www.semrush.com/bot.html)"
85.208.96.206 - - [22/Nov/2024:20:46:31 -0800] "GET /?attachment_id=5454 HTTP/1.0" 200 3177 "-" "Mozilla/5.0 (compatible; SemrushBot/7~bl; +http://www.semrush.com/bot.html)"
51.222.253.19 - - [22/Nov/2024:21:01:28 -0800] "GET /shop-2-2/page/2/?add-to-cart=5555 HTTP/1.0" 200 3177 "-" "Mozilla/5.0 (compatible; AhrefsBot/7.0; +http://ahrefs.com/robot/)"
51.222.253.10 - - [22/Nov/2024:21:02:37 -0800] "GET /shop-2-2/page/2/?add-to-cart=5621 HTTP/1.0" 200 3177 "-" "Mozilla/5.0 (compatible; AhrefsBot/7.0; +http://ahrefs.com/robot/)"
185.191.171.14 - - [22/Nov/2024:21:13:13 -0800] "GET /?attachment_id=5615 HTTP/1.0" 200 3177 "-" "Mozilla/5.0 (compatible; SemrushBot/7~bl; +http://www.semrush.com/bot.html)"