209.182.200.39 - - [22/Nov/2024:10:57:36 -0800] "POST /wp-cron.php?doing_wp_cron=1732301856.8342089653015136718750 HTTP/1.0" 200 - "-" "WordPress/6.6.2; http://sizabil.sk"
209.182.200.39 - - [22/Nov/2024:10:57:36 -0800] "POST /wp-cron.php?doing_wp_cron=1732301856.7491290569305419921875 HTTP/1.0" 200 - "-" "WordPress/6.6.2; http://sizabil.sk"
104.197.69.115 - - [22/Nov/2024:10:57:35 -0800] "POST /wp-admin/admin-ajax.php HTTP/1.0" 200 419 "http://sizabil.sk/" "Mozilla/5.0 (X11; Linux x86_64) AppleWebKit/537.36 (KHTML, like Gecko) HeadlessChrome/125.0.6422.60 Safari/537.36"
209.182.200.39 - - [22/Nov/2024:10:57:36 -0800] "POST /wp-cron.php?doing_wp_cron=1732301856.7491290569305419921875 HTTP/1.0" 200 - "-" "WordPress/6.6.2; http://sizabil.sk"
104.197.69.115 - - [22/Nov/2024:10:57:39 -0800] "GET /wp-content/plugins/layered-popups/images/spinner.gif HTTP/1.0" 200 5583 "http://sizabil.sk/wp-content/plugins/layered-popups/css/style.min.css?ver=6.46" "Mozilla/5.0 (X11; Linux x86_64) AppleWebKit/537.36 (KHTML, like Gecko) HeadlessChrome/125.0.6422.60 Safari/537.36"
34.72.176.129 - - [22/Nov/2024:10:57:39 -0800] "POST /wp-admin/admin-ajax.php HTTP/1.0" 200 7529 "http://sizabil.sk/" "Mozilla/5.0 (X11; Linux x86_64) AppleWebKit/537.36 (KHTML, like Gecko) HeadlessChrome/125.0.6422.60 Safari/537.36"
34.72.176.129 - - [22/Nov/2024:10:57:40 -0800] "POST /wp-admin/admin-ajax.php HTTP/1.0" 200 15 "http://sizabil.sk/" "Mozilla/5.0 (X11; Linux x86_64) AppleWebKit/537.36 (KHTML, like Gecko) HeadlessChrome/125.0.6422.60 Safari/537.36"
216.244.66.203 - - [22/Nov/2024:11:09:14 -0800] "GET /robots.txt HTTP/1.0" 200 30 "-" "Mozilla/5.0 (compatible; DotBot/1.2; +https://opensiteexplorer.org/dotbot; help@moz.com)"
216.244.66.203 - - [22/Nov/2024:11:10:17 -0800] "GET /mirage-imports-jumbo-15-slot-machine-coin-bank-casino-toy-slots-piggy-bank-flashing-lights-and-jackpot-sounds/ HTTP/1.0" 200 87935 "-" "Mozilla/5.0 (compatible; DotBot/1.2; +https://opensiteexplorer.org/dotbot; help@moz.com)"
216.244.66.203 - - [22/Nov/2024:11:10:28 -0800] "GET /category/casino-shop/page/3/ HTTP/1.0" 200 89051 "-" "Mozilla/5.0 (compatible; DotBot/1.2; +https://opensiteexplorer.org/dotbot; help@moz.com)"
51.222.253.2 - - [22/Nov/2024:11:41:40 -0800] "GET /robots.txt HTTP/1.0" 200 30 "-" "Mozilla/5.0 (compatible; AhrefsBot/7.0; +http://ahrefs.com/robot/)"
198.235.24.45 - - [22/Nov/2024:11:42:26 -0800] "GET / HTTP/1.0" 200 139086 "-" "Expanse, a Palo Alto Networks company, searches across the global IPv4 space multiple times per day to identify customers' presences on the Internet. If you would like to be excluded from our scans, please send IP addresses/domains to: scaninfo@paloaltonetworks.com"
216.244.66.203 - - [22/Nov/2024:11:58:20 -0800] "GET /robots.txt HTTP/1.0" 200 30 "-" "Mozilla/5.0 (compatible; DotBot/1.2; +https://opensiteexplorer.org/dotbot; help@moz.com)"
216.244.66.203 - - [22/Nov/2024:11:59:16 -0800] "GET /unniweei-automatic-card-shuffler-1-2-4-6-decks-electric-battery-operated-shuffler-casino-card-game-for-poker-home-card-game-uno-phase10-texas-holdem-blackjack-home-party-club-game/ HTTP/1.0" 200 84083 "-" "Mozilla/5.0 (compatible; DotBot/1.2; +https://opensiteexplorer.org/dotbot; help@moz.com)"
77.75.76.165 - - [22/Nov/2024:12:12:24 -0800] "GET /robots.txt HTTP/1.0" 200 30 "-" "Mozilla/5.0 (compatible; SeznamBot/4.0; +http://napoveda.seznam.cz/seznambot-intro/)"
77.75.76.165 - - [22/Nov/2024:12:12:24 -0800] "GET /news/ HTTP/1.0" 304 - "-" "Mozilla/5.0 (compatible; SeznamBot/4.0; +http://napoveda.seznam.cz/seznambot-intro/)"
216.244.66.203 - - [22/Nov/2024:12:49:44 -0800] "GET /robots.txt HTTP/1.0" 200 30 "-" "Mozilla/5.0 (compatible; DotBot/1.2; +https://opensiteexplorer.org/dotbot; help@moz.com)"
209.182.200.39 - - [22/Nov/2024:12:50:49 -0800] "POST /wp-cron.php?doing_wp_cron=1732308649.6603620052337646484375 HTTP/1.0" 200 - "-" "WordPress/6.6.2; http://sizabil.sk"
216.244.66.203 - - [22/Nov/2024:12:50:48 -0800] "GET /game/funny-casino-brilliant-hot/feed/ HTTP/1.0" 200 866 "-" "Mozilla/5.0 (compatible; DotBot/1.2; +https://opensiteexplorer.org/dotbot; help@moz.com)"
194.145.183.60 - - [22/Nov/2024:14:13:19 -0800] "GET /robots.txt HTTP/1.0" 200 30 "-" "FirmoGraph (+https://firmograph.io)"
194.145.183.60 - - [22/Nov/2024:14:13:20 -0800] "GET / HTTP/1.0" 200 139086 "-" "FirmoGraph (+https://firmograph.io)"
216.244.66.203 - - [22/Nov/2024:14:27:25 -0800] "GET /robots.txt HTTP/1.0" 200 30 "-" "Mozilla/5.0 (compatible; DotBot/1.2; +https://opensiteexplorer.org/dotbot; help@moz.com)"
216.244.66.203 - - [22/Nov/2024:14:28:17 -0800] "GET /brybelly-casino-night-4-in-1-complete-game-set-with-felts-wheel-100-chips-dice-cards-for-blackjack-craps-roulette-texas-holdem-green-felt-double-sided-casino-tabletop-gaming-mat/ HTTP/1.0" 200 88120 "-" "Mozilla/5.0 (compatible; DotBot/1.2; +https://opensiteexplorer.org/dotbot; help@moz.com)"
216.244.66.203 - - [22/Nov/2024:14:28:49 -0800] "GET /casino-theme-party-photo-door-banner-backdrop-props-poker-photo-props-banner-supplies-casino-nigh-party-decorations-las-vegas-theme-photo-door-banner-for-game-night-birthday-party-supplies-favors-2/ HTTP/1.0" 200 84681 "-" "Mozilla/5.0 (compatible; DotBot/1.2; +https://opensiteexplorer.org/dotbot; help@moz.com)"
45.55.241.136 - - [22/Nov/2024:15:00:13 -0800] "GET / HTTP/1.0" 200 139086 "-" "Mozilla/5.0 (Windows NT 10.0; Win64; x64) AppleWebKit/537.36 (KHTML, like Gecko) Chrome/80.0.3987.149 Safari/537.36"
45.55.241.136 - - [22/Nov/2024:15:00:14 -0800] "GET / HTTP/1.0" 200 139086 "-" "Mozilla/5.0 (Windows NT 10.0; Win64; x64) AppleWebKit/537.36 (KHTML, like Gecko) Chrome/80.0.3987.149 Safari/537.36"
209.182.200.39 - - [22/Nov/2024:15:00:15 -0800] "POST /wp-cron.php?doing_wp_cron=1732316415.3658690452575683593750 HTTP/1.0" 200 - "-" "WordPress/6.6.2; http://sizabil.sk"
45.55.241.136 - - [22/Nov/2024:15:00:14 -0800] "GET /wp-includes/wlwmanifest.xml HTTP/1.0" 404 59369 "-" "Mozilla/5.0 (Windows NT 10.0; Win64; x64) AppleWebKit/537.36 (KHTML, like Gecko) Chrome/80.0.3987.149 Safari/537.36"
45.55.241.136 - - [22/Nov/2024:15:00:15 -0800] "GET /?author=1 HTTP/1.0" 301 - "-" "Mozilla/5.0 (Windows NT 10.0; Win64; x64) AppleWebKit/537.36 (KHTML, like Gecko) Chrome/80.0.3987.149 Safari/537.36"
45.55.241.136 - - [22/Nov/2024:15:00:16 -0800] "GET /?author=2 HTTP/1.0" 200 60004 "-" "Mozilla/5.0 (Windows NT 10.0; Win64; x64) AppleWebKit/537.36 (KHTML, like Gecko) Chrome/80.0.3987.149 Safari/537.36"
45.55.241.136 - - [22/Nov/2024:15:00:17 -0800] "GET /wp-json/wp/v2/users/ HTTP/1.0" 200 7089 "-" "Mozilla/5.0 (Windows NT 10.0; Win64; x64) AppleWebKit/537.36 (KHTML, like Gecko) Chrome/80.0.3987.149 Safari/537.36"
45.55.241.136 - - [22/Nov/2024:15:00:18 -0800] "GET /wp-json/oembed/1.0/embed?url=http://sizabil.sk HTTP/1.0" 200 2096 "-" "Mozilla/5.0 (Windows NT 10.0; Win64; x64) AppleWebKit/537.36 (KHTML, like Gecko) Chrome/80.0.3987.149 Safari/537.36"
45.55.241.136 - - [22/Nov/2024:15:00:19 -0800] "POST /xmlrpc.php HTTP/1.0" 200 403 "-" "Mozilla/5.0 (Windows NT 10.0; Win64; x64) AppleWebKit/537.36 (KHTML, like Gecko) Chrome/80.0.3987.149 Safari/537.36"
45.55.241.136 - - [22/Nov/2024:15:00:19 -0800] "POST /xmlrpc.php HTTP/1.0" 200 401 "-" "Mozilla/5.0 (Windows NT 10.0; Win64; x64) AppleWebKit/537.36 (KHTML, like Gecko) Chrome/80.0.3987.149 Safari/537.36"
45.55.241.136 - - [22/Nov/2024:15:00:20 -0800] "POST /xmlrpc.php HTTP/1.0" 200 403 "-" "Mozilla/5.0 (Windows NT 10.0; Win64; x64) AppleWebKit/537.36 (KHTML, like Gecko) Chrome/80.0.3987.149 Safari/537.36"
45.55.241.136 - - [22/Nov/2024:15:00:21 -0800] "POST /xmlrpc.php HTTP/1.0" 406 300 "-" "Mozilla/5.0 (Windows NT 10.0; Win64; x64) AppleWebKit/537.36 (KHTML, like Gecko) Chrome/80.0.3987.149 Safari/537.36"
216.244.66.203 - - [22/Nov/2024:15:14:31 -0800] "GET /robots.txt HTTP/1.0" 200 30 "-" "Mozilla/5.0 (compatible; DotBot/1.2; +https://opensiteexplorer.org/dotbot; help@moz.com)"
216.244.66.203 - - [22/Nov/2024:15:15:32 -0800] "GET /bonus-category/cashback-bonus/feed/ HTTP/1.0" 200 23812 "-" "Mozilla/5.0 (compatible; DotBot/1.2; +https://opensiteexplorer.org/dotbot; help@moz.com)"
216.244.66.203 - - [22/Nov/2024:15:17:02 -0800] "GET /author/hugolopessilva/page/13/ HTTP/1.0" 200 66488 "-" "Mozilla/5.0 (compatible; DotBot/1.2; +https://opensiteexplorer.org/dotbot; help@moz.com)"
34.122.147.229 - - [22/Nov/2024:15:40:48 -0800] "GET / HTTP/1.0" 200 139086 "-" "Mozilla/5.0 (X11; Linux x86_64) AppleWebKit/537.36 (KHTML, like Gecko) HeadlessChrome/125.0.6422.60 Safari/537.36"
34.122.147.229 - - [22/Nov/2024:15:40:49 -0800] "GET /wp-includes/css/dist/block-library/style.min.css?ver=6.6.2 HTTP/1.0" 200 112427 "http://sizabil.sk/" "Mozilla/5.0 (X11; Linux x86_64) AppleWebKit/537.36 (KHTML, like Gecko) HeadlessChrome/125.0.6422.60 Safari/537.36"
104.197.69.115 - - [22/Nov/2024:15:40:49 -0800] "GET /wp-content/themes/mercury/css/owl.carousel.min.css?ver=2.3.4 HTTP/1.0" 200 3356 "http://sizabil.sk/" "Mozilla/5.0 (X11; Linux x86_64) AppleWebKit/537.36 (KHTML, like Gecko) HeadlessChrome/125.0.6422.60 Safari/537.36"
34.72.176.129 - - [22/Nov/2024:15:40:49 -0800] "GET /wp-content/themes/mercury/css/animate.css?ver=2.3.4 HTTP/1.0" 200 73029 "http://sizabil.sk/" "Mozilla/5.0 (X11; Linux x86_64) AppleWebKit/537.36 (KHTML, like Gecko) HeadlessChrome/125.0.6422.60 Safari/537.36"
104.197.69.115 - - [22/Nov/2024:15:40:49 -0800] "GET /wp-content/plugins/revslider/public/assets/css/settings.css?ver=5.4.3.2 HTTP/1.0" 200 29789 "http://sizabil.sk/" "Mozilla/5.0 (X11; Linux x86_64) AppleWebKit/537.36 (KHTML, like Gecko) HeadlessChrome/125.0.6422.60 Safari/537.36"
34.72.176.129 - - [22/Nov/2024:15:40:49 -0800] "GET /wp-content/themes/mercury/style.css?ver=3.3.1 HTTP/1.0" 200 159008 "http://sizabil.sk/" "Mozilla/5.0 (X11; Linux x86_64) AppleWebKit/537.36 (KHTML, like Gecko) HeadlessChrome/125.0.6422.60 Safari/537.36"
104.197.69.115 - - [22/Nov/2024:15:40:49 -0800] "GET /wp-content/plugins/preloader-plus/assets/css/preloader-plus.min.css?ver=2.2.1 HTTP/1.0" 200 1440 "http://sizabil.sk/" "Mozilla/5.0 (X11; Linux x86_64) AppleWebKit/537.36 (KHTML, like Gecko) HeadlessChrome/125.0.6422.60 Safari/537.36"
34.122.147.229 - - [22/Nov/2024:15:40:49 -0800] "GET /wp-content/themes/mercury/css/media.css?ver=3.3.1 HTTP/1.0" 200 57603 "http://sizabil.sk/" "Mozilla/5.0 (X11; Linux x86_64) AppleWebKit/537.36 (KHTML, like Gecko) HeadlessChrome/125.0.6422.60 Safari/537.36"
34.122.147.229 - - [22/Nov/2024:15:40:49 -0800] "GET /wp-content/plugins/layered-popups/css/style.min.css?ver=6.46 HTTP/1.0" 200 10840 "http://sizabil.sk/" "Mozilla/5.0 (X11; Linux x86_64) AppleWebKit/537.36 (KHTML, like Gecko) HeadlessChrome/125.0.6422.60 Safari/537.36"
34.122.147.229 - - [22/Nov/2024:15:40:49 -0800] "GET /wp-content/plugins/layered-popups/css/link-buttons.min.css?ver=6.46 HTTP/1.0" 200 5665 "http://sizabil.sk/" "Mozilla/5.0 (X11; Linux x86_64) AppleWebKit/537.36 (KHTML, like Gecko) HeadlessChrome/125.0.6422.60 Safari/537.36"
34.122.147.229 - - [22/Nov/2024:15:40:49 -0800] "GET /wp-content/plugins/layered-popups/css/animate.min.css?ver=6.46 HTTP/1.0" 200 59749 "http://sizabil.sk/" "Mozilla/5.0 (X11; Linux x86_64) AppleWebKit/537.36 (KHTML, like Gecko) HeadlessChrome/125.0.6422.60 Safari/537.36"
34.122.147.229 - - [22/Nov/2024:15:40:49 -0800] "GET /wp-content/plugins/layered-popups/css/spinkit.min.css?ver=6.46 HTTP/1.0" 200 16896 "http://sizabil.sk/" "Mozilla/5.0 (X11; Linux x86_64) AppleWebKit/537.36 (KHTML, like Gecko) HeadlessChrome/125.0.6422.60 Safari/537.36"
34.122.147.229 - - [22/Nov/2024:15:40:49 -0800] "GET /wp-includes/js/jquery/jquery.min.js?ver=3.7.1 HTTP/1.0" 200 87553 "http://sizabil.sk/" "Mozilla/5.0 (X11; Linux x86_64) AppleWebKit/537.36 (KHTML, like Gecko) HeadlessChrome/125.0.6422.60 Safari/537.36"
34.72.176.129 - - [22/Nov/2024:15:40:50 -0800] "GET /wp-includes/js/jquery/jquery-migrate.min.js?ver=3.4.1 HTTP/1.0" 200 13577 "http://sizabil.sk/" "Mozilla/5.0 (X11; Linux x86_64) AppleWebKit/537.36 (KHTML, like Gecko) HeadlessChrome/125.0.6422.60 Safari/537.36"
34.122.147.229 - - [22/Nov/2024:15:40:50 -0800] "GET /wp-content/plugins/preloader-plus//assets/js/preloader-plus.min.js?ver=2.2.1 HTTP/1.0" 200 1164 "http://sizabil.sk/" "Mozilla/5.0 (X11; Linux x86_64) AppleWebKit/537.36 (KHTML, like Gecko) HeadlessChrome/125.0.6422.60 Safari/537.36"
34.72.176.129 - - [22/Nov/2024:15:40:50 -0800] "GET /wp-content/plugins/revslider/public/assets/js/jquery.themepunch.tools.min.js?ver=5.4.3.2 HTTP/1.0" 200 110563 "http://sizabil.sk/" "Mozilla/5.0 (X11; Linux x86_64) AppleWebKit/537.36 (KHTML, like Gecko) HeadlessChrome/125.0.6422.60 Safari/537.36"
34.122.147.229 - - [22/Nov/2024:15:40:50 -0800] "GET /wp-content/plugins/revslider/public/assets/js/jquery.themepunch.revolution.min.js?ver=5.4.3.2 HTTP/1.0" 200 64750 "http://sizabil.sk/" "Mozilla/5.0 (X11; Linux x86_64) AppleWebKit/537.36 (KHTML, like Gecko) HeadlessChrome/125.0.6422.60 Safari/537.36"
34.72.176.129 - - [22/Nov/2024:15:40:50 -0800] "GET /wp-content/plugins/revslider/admin/assets/images/dummy.png HTTP/1.0" 200 73 "http://sizabil.sk/" "Mozilla/5.0 (X11; Linux x86_64) AppleWebKit/537.36 (KHTML, like Gecko) HeadlessChrome/125.0.6422.60 Safari/537.36"
34.72.176.129 - - [22/Nov/2024:15:40:50 -0800] "GET /wp-content/uploads/2020/07/logo-footer-126x40.png HTTP/1.0" 200 6849 "http://sizabil.sk/" "Mozilla/5.0 (X11; Linux x86_64) AppleWebKit/537.36 (KHTML, like Gecko) HeadlessChrome/125.0.6422.60 Safari/537.36"
34.122.147.229 - - [22/Nov/2024:15:40:50 -0800] "GET /wp-content/uploads/2020/07/icon.png HTTP/1.0" 200 5284 "http://sizabil.sk/" "Mozilla/5.0 (X11; Linux x86_64) AppleWebKit/537.36 (KHTML, like Gecko) HeadlessChrome/125.0.6422.60 Safari/537.36"
34.72.176.129 - - [22/Nov/2024:15:40:50 -0800] "GET /wp-content/themes/mercury/js/theia-sticky-sidebar.min.js?ver=1.7.0 HTTP/1.0" 200 5433 "http://sizabil.sk/" "Mozilla/5.0 (X11; Linux x86_64) AppleWebKit/537.36 (KHTML, like Gecko) HeadlessChrome/125.0.6422.60 Safari/537.36"
34.122.147.229 - - [22/Nov/2024:15:40:50 -0800] "GET /wp-content/themes/mercury/js/enable-sticky-sidebar.js?ver=3.3.1 HTTP/1.0" 200 163 "http://sizabil.sk/" "Mozilla/5.0 (X11; Linux x86_64) AppleWebKit/537.36 (KHTML, like Gecko) HeadlessChrome/125.0.6422.60 Safari/537.36"
34.122.147.229 - - [22/Nov/2024:15:40:50 -0800] "GET /wp-content/themes/mercury/js/floating-header.js?ver=3.3.1 HTTP/1.0" 200 415 "http://sizabil.sk/" "Mozilla/5.0 (X11; Linux x86_64) AppleWebKit/537.36 (KHTML, like Gecko) HeadlessChrome/125.0.6422.60 Safari/537.36"
34.72.176.129 - - [22/Nov/2024:15:40:50 -0800] "GET /wp-content/themes/mercury/js/owl.carousel.min.js?ver=2.3.4 HTTP/1.0" 200 44348 "http://sizabil.sk/" "Mozilla/5.0 (X11; Linux x86_64) AppleWebKit/537.36 (KHTML, like Gecko) HeadlessChrome/125.0.6422.60 Safari/537.36"
34.122.147.229 - - [22/Nov/2024:15:40:50 -0800] "GET /wp-content/themes/mercury/js/scripts.js?ver=3.3.1 HTTP/1.0" 200 3189 "http://sizabil.sk/" "Mozilla/5.0 (X11; Linux x86_64) AppleWebKit/537.36 (KHTML, like Gecko) HeadlessChrome/125.0.6422.60 Safari/537.36"
34.72.176.129 - - [22/Nov/2024:15:40:50 -0800] "GET /wp-content/plugins/layered-popups/js/script.min.js?ver=6.46 HTTP/1.0" 200 50869 "http://sizabil.sk/" "Mozilla/5.0 (X11; Linux x86_64) AppleWebKit/537.36 (KHTML, like Gecko) HeadlessChrome/125.0.6422.60 Safari/537.36"
34.122.147.229 - - [22/Nov/2024:15:40:50 -0800] "GET /wp-content/plugins/layered-popups/js/ads.js?ver=6.46 HTTP/1.0" 200 22 "http://sizabil.sk/" "Mozilla/5.0 (X11; Linux x86_64) AppleWebKit/537.36 (KHTML, like Gecko) HeadlessChrome/125.0.6422.60 Safari/537.36"
104.197.69.115 - - [22/Nov/2024:15:40:51 -0800] "GET /wp-content/uploads/2020/07/550e6e21e4.png HTTP/1.0" 200 3610 "http://sizabil.sk/" "Mozilla/5.0 (X11; Linux x86_64) AppleWebKit/537.36 (KHTML, like Gecko) HeadlessChrome/125.0.6422.60 Safari/537.36"
104.197.69.115 - - [22/Nov/2024:15:40:51 -0800] "GET /wp-content/uploads/2019/05/loki-casino-bonus-code-allbonuscodes2.png HTTP/1.0" 200 4284 "http://sizabil.sk/" "Mozilla/5.0 (X11; Linux x86_64) AppleWebKit/537.36 (KHTML, like Gecko) HeadlessChrome/125.0.6422.60 Safari/537.36"
104.197.69.115 - - [22/Nov/2024:15:40:51 -0800] "GET /wp-content/uploads/2019/05/Regent_Logo_Animation_4_golden_circle.png HTTP/1.0" 200 3784 "http://sizabil.sk/" "Mozilla/5.0 (X11; Linux x86_64) AppleWebKit/537.36 (KHTML, like Gecko) HeadlessChrome/125.0.6422.60 Safari/537.36"
34.122.147.229 - - [22/Nov/2024:15:40:51 -0800] "GET /wp-content/uploads/2019/05/mars-casino-2.png HTTP/1.0" 200 3267 "http://sizabil.sk/" "Mozilla/5.0 (X11; Linux x86_64) AppleWebKit/537.36 (KHTML, like Gecko) HeadlessChrome/125.0.6422.60 Safari/537.36"
34.72.176.129 - - [22/Nov/2024:15:40:51 -0800] "GET /wp-content/uploads/2024/03/11.jpg HTTP/1.0" 200 25889 "http://sizabil.sk/" "Mozilla/5.0 (X11; Linux x86_64) AppleWebKit/537.36 (KHTML, like Gecko) HeadlessChrome/125.0.6422.60 Safari/537.36"
34.72.176.129 - - [22/Nov/2024:15:40:51 -0800] "GET /wp-content/uploads/2024/03/13.jpg HTTP/1.0" 200 28265 "http://sizabil.sk/" "Mozilla/5.0 (X11; Linux x86_64) AppleWebKit/537.36 (KHTML, like Gecko) HeadlessChrome/125.0.6422.60 Safari/537.36"
104.197.69.115 - - [22/Nov/2024:15:40:51 -0800] "GET /wp-content/uploads/2024/03/bigjoker.png HTTP/1.0" 200 171455 "http://sizabil.sk/" "Mozilla/5.0 (X11; Linux x86_64) AppleWebKit/537.36 (KHTML, like Gecko) HeadlessChrome/125.0.6422.60 Safari/537.36"
34.122.147.229 - - [22/Nov/2024:15:40:51 -0800] "GET /wp-content/uploads/2024/03/51StxCr-UOL._AC_-450x317.jpg HTTP/1.0" 200 39263 "http://sizabil.sk/" "Mozilla/5.0 (X11; Linux x86_64) AppleWebKit/537.36 (KHTML, like Gecko) HeadlessChrome/125.0.6422.60 Safari/537.36"
104.197.69.115 - - [22/Nov/2024:15:40:51 -0800] "GET /wp-content/uploads/2020/07/roulette-2246562_1920-450x317.jpg HTTP/1.0" 200 31175 "http://sizabil.sk/" "Mozilla/5.0 (X11; Linux x86_64) AppleWebKit/537.36 (KHTML, like Gecko) HeadlessChrome/125.0.6422.60 Safari/537.36"
104.197.69.115 - - [22/Nov/2024:15:40:51 -0800] "GET /wp-content/uploads/2020/07/image_2020_07_09T21_55_46_353Z-450x300.png HTTP/1.0" 200 203027 "http://sizabil.sk/" "Mozilla/5.0 (X11; Linux x86_64) AppleWebKit/537.36 (KHTML, like Gecko) HeadlessChrome/125.0.6422.60 Safari/537.36"
34.72.176.129 - - [22/Nov/2024:15:40:52 -0800] "GET /wp-content/uploads/2020/07/image_2020_07_09T21_56_47_289Z-450x317.png HTTP/1.0" 200 241312 "http://sizabil.sk/" "Mozilla/5.0 (X11; Linux x86_64) AppleWebKit/537.36 (KHTML, like Gecko) HeadlessChrome/125.0.6422.60 Safari/537.36"
34.122.147.229 - - [22/Nov/2024:15:40:52 -0800] "GET /wp-content/uploads/2019/05/cards-casino-chance-chip-269630-450x317.jpg HTTP/1.0" 200 31032 "http://sizabil.sk/" "Mozilla/5.0 (X11; Linux x86_64) AppleWebKit/537.36 (KHTML, like Gecko) HeadlessChrome/125.0.6422.60 Safari/537.36"
104.197.69.115 - - [22/Nov/2024:15:40:52 -0800] "GET /wp-content/uploads/2020/07/gunsbet-casino.png HTTP/1.0" 200 3120 "http://sizabil.sk/" "Mozilla/5.0 (X11; Linux x86_64) AppleWebKit/537.36 (KHTML, like Gecko) HeadlessChrome/125.0.6422.60 Safari/537.36"
34.122.147.229 - - [22/Nov/2024:15:40:52 -0800] "GET /wp-content/uploads/2020/07/logo.png HTTP/1.0" 200 6680 "http://sizabil.sk/" "Mozilla/5.0 (X11; Linux x86_64) AppleWebKit/537.36 (KHTML, like Gecko) HeadlessChrome/125.0.6422.60 Safari/537.36"
104.197.69.115 - - [22/Nov/2024:15:40:52 -0800] "GET /wp-content/uploads/2019/05/golden-star-lg-1-1.png HTTP/1.0" 200 5360 "http://sizabil.sk/" "Mozilla/5.0 (X11; Linux x86_64) AppleWebKit/537.36 (KHTML, like Gecko) HeadlessChrome/125.0.6422.60 Safari/537.36"
34.122.147.229 - - [22/Nov/2024:15:40:52 -0800] "GET /wp-content/uploads/2019/05/7bit_logo.png HTTP/1.0" 200 4187 "http://sizabil.sk/" "Mozilla/5.0 (X11; Linux x86_64) AppleWebKit/537.36 (KHTML, like Gecko) HeadlessChrome/125.0.6422.60 Safari/537.36"
104.197.69.115 - - [22/Nov/2024:15:40:52 -0800] "GET /wp-content/uploads/2020/07/EU_Slot.png HTTP/1.0" 200 3162 "http://sizabil.sk/" "Mozilla/5.0 (X11; Linux x86_64) AppleWebKit/537.36 (KHTML, like Gecko) HeadlessChrome/125.0.6422.60 Safari/537.36"
34.72.176.129 - - [22/Nov/2024:15:40:52 -0800] "GET /wp-content/uploads/2024/03/13-50x50.jpg HTTP/1.0" 200 1690 "http://sizabil.sk/" "Mozilla/5.0 (X11; Linux x86_64) AppleWebKit/537.36 (KHTML, like Gecko) HeadlessChrome/125.0.6422.60 Safari/537.36"
104.197.69.115 - - [22/Nov/2024:15:40:52 -0800] "GET /wp-content/uploads/2024/03/11-50x50.jpg HTTP/1.0" 200 1832 "http://sizabil.sk/" "Mozilla/5.0 (X11; Linux x86_64) AppleWebKit/537.36 (KHTML, like Gecko) HeadlessChrome/125.0.6422.60 Safari/537.36"
34.72.176.129 - - [22/Nov/2024:15:40:52 -0800] "GET /wp-content/uploads/2024/03/bigjoker-50x50.png HTTP/1.0" 200 6273 "http://sizabil.sk/" "Mozilla/5.0 (X11; Linux x86_64) AppleWebKit/537.36 (KHTML, like Gecko) HeadlessChrome/125.0.6422.60 Safari/537.36"
104.197.69.115 - - [22/Nov/2024:15:40:52 -0800] "GET /wp-content/uploads/2024/03/51StxCr-UOL._AC_-50x50.jpg HTTP/1.0" 200 1694 "http://sizabil.sk/" "Mozilla/5.0 (X11; Linux x86_64) AppleWebKit/537.36 (KHTML, like Gecko) HeadlessChrome/125.0.6422.60 Safari/537.36"
34.72.176.129 - - [22/Nov/2024:15:40:52 -0800] "GET /wp-content/uploads/2020/07/roulette-2246562_1920-50x50.jpg HTTP/1.0" 200 1934 "http://sizabil.sk/" "Mozilla/5.0 (X11; Linux x86_64) AppleWebKit/537.36 (KHTML, like Gecko) HeadlessChrome/125.0.6422.60 Safari/537.36"
104.197.69.115 - - [22/Nov/2024:15:40:52 -0800] "GET /wp-content/plugins/gtranslate/js/float.js?ver=6.6.2 HTTP/1.0" 200 22878 "http://sizabil.sk/" "Mozilla/5.0 (X11; Linux x86_64) AppleWebKit/537.36 (KHTML, like Gecko) HeadlessChrome/125.0.6422.60 Safari/537.36"
104.197.69.115 - - [22/Nov/2024:15:40:52 -0800] "GET /wp-content/plugins/revslider/public/assets/js/extensions/revolution.extension.slideanims.min.js?version=5.4.4 HTTP/1.0" 200 28235 "http://sizabil.sk/" "Mozilla/5.0 (X11; Linux x86_64) AppleWebKit/537.36 (KHTML, like Gecko) HeadlessChrome/125.0.6422.60 Safari/537.36"
34.72.176.129 - - [22/Nov/2024:15:40:52 -0800] "GET /wp-content/plugins/revslider/public/assets/js/extensions/revolution.extension.layeranimation.min.js?version=5.4.4 HTTP/1.0" 200 55158 "http://sizabil.sk/" "Mozilla/5.0 (X11; Linux x86_64) AppleWebKit/537.36 (KHTML, like Gecko) HeadlessChrome/125.0.6422.60 Safari/537.36"
104.197.69.115 - - [22/Nov/2024:15:40:52 -0800] "GET /wp-content/plugins/revslider/public/assets/js/extensions/revolution.extension.navigation.min.js?version=5.4.4 HTTP/1.0" 200 26101 "http://sizabil.sk/" "Mozilla/5.0 (X11; Linux x86_64) AppleWebKit/537.36 (KHTML, like Gecko) HeadlessChrome/125.0.6422.60 Safari/537.36"
34.72.176.129 - - [22/Nov/2024:15:40:52 -0800] "GET /wp-content/plugins/revslider/public/assets/js/extensions/revolution.extension.parallax.min.js?version=5.4.4 HTTP/1.0" 200 10861 "http://sizabil.sk/" "Mozilla/5.0 (X11; Linux x86_64) AppleWebKit/537.36 (KHTML, like Gecko) HeadlessChrome/125.0.6422.60 Safari/537.36"
104.197.69.115 - - [22/Nov/2024:15:40:53 -0800] "GET /wp-content/plugins/gtranslate/flags/svg/en.svg HTTP/1.0" 200 862 "http://sizabil.sk/" "Mozilla/5.0 (X11; Linux x86_64) AppleWebKit/537.36 (KHTML, like Gecko) HeadlessChrome/125.0.6422.60 Safari/537.36"
34.72.176.129 - - [22/Nov/2024:15:40:53 -0800] "GET /wp-includes/js/wp-emoji-release.min.js?ver=6.6.2 HTTP/1.0" 200 18726 "http://sizabil.sk/" "Mozilla/5.0 (X11; Linux x86_64) AppleWebKit/537.36 (KHTML, like Gecko) HeadlessChrome/125.0.6422.60 Safari/537.36"
34.72.176.129 - - [22/Nov/2024:15:40:53 -0800] "GET /wp-content/plugins/revslider/public/assets/fonts/revicons/revicons.woff?5510888 HTTP/1.0" 200 7536 "http://sizabil.sk/wp-content/plugins/revslider/public/assets/css/settings.css?ver=5.4.3.2" "Mozilla/5.0 (X11; Linux x86_64) AppleWebKit/537.36 (KHTML, like Gecko) HeadlessChrome/125.0.6422.60 Safari/537.36"
104.197.69.115 - - [22/Nov/2024:15:40:53 -0800] "GET /wp-content/uploads/2020/07/1.jpg HTTP/1.0" 200 421511 "http://sizabil.sk/" "Mozilla/5.0 (X11; Linux x86_64) AppleWebKit/537.36 (KHTML, like Gecko) HeadlessChrome/125.0.6422.60 Safari/537.36"
34.72.176.129 - - [22/Nov/2024:15:40:53 -0800] "GET /wp-content/uploads/2020/07/3.jpg HTTP/1.0" 200 251248 "http://sizabil.sk/" "Mozilla/5.0 (X11; Linux x86_64) AppleWebKit/537.36 (KHTML, like Gecko) HeadlessChrome/125.0.6422.60 Safari/537.36"
34.72.176.129 - - [22/Nov/2024:15:40:53 -0800] "GET /wp-content/uploads/2020/07/2.jpg HTTP/1.0" 200 209991 "http://sizabil.sk/" "Mozilla/5.0 (X11; Linux x86_64) AppleWebKit/537.36 (KHTML, like Gecko) HeadlessChrome/125.0.6422.60 Safari/537.36"
34.122.147.229 - - [22/Nov/2024:15:40:52 -0800] "GET /wp-content/uploads/2024/03/51lpGm4L8KL._AC_-450x450.jpg HTTP/1.0" 404 59397 "http://sizabil.sk/" "Mozilla/5.0 (X11; Linux x86_64) AppleWebKit/537.36 (KHTML, like Gecko) HeadlessChrome/125.0.6422.60 Safari/537.36"
104.197.69.115 - - [22/Nov/2024:15:40:52 -0800] "GET /wp-content/uploads/2024/03/5155huIm3LL-395x450.jpg HTTP/1.0" 404 59392 "http://sizabil.sk/" "Mozilla/5.0 (X11; Linux x86_64) AppleWebKit/537.36 (KHTML, like Gecko) HeadlessChrome/125.0.6422.60 Safari/537.36"
209.182.200.39 - - [22/Nov/2024:15:40:53 -0800] "POST /wp-cron.php?doing_wp_cron=1732318853.3368771076202392578125 HTTP/1.0" 200 - "-" "WordPress/6.6.2; http://sizabil.sk"
209.182.200.39 - - [22/Nov/2024:15:40:53 -0800] "POST /wp-cron.php?doing_wp_cron=1732318853.2495529651641845703125 HTTP/1.0" 200 - "-" "WordPress/6.6.2; http://sizabil.sk"
34.72.176.129 - - [22/Nov/2024:15:40:52 -0800] "POST /wp-admin/admin-ajax.php HTTP/1.0" 200 419 "http://sizabil.sk/" "Mozilla/5.0 (X11; Linux x86_64) AppleWebKit/537.36 (KHTML, like Gecko) HeadlessChrome/125.0.6422.60 Safari/537.36"
209.182.200.39 - - [22/Nov/2024:15:40:53 -0800] "POST /wp-cron.php?doing_wp_cron=1732318853.2485361099243164062500 HTTP/1.0" 200 - "-" "WordPress/6.6.2; http://sizabil.sk"
104.197.69.115 - - [22/Nov/2024:15:40:52 -0800] "GET /wp-content/uploads/2024/03/61Zu4Yb36ML._AC_-450x450.jpg HTTP/1.0" 404 59397 "http://sizabil.sk/" "Mozilla/5.0 (X11; Linux x86_64) AppleWebKit/537.36 (KHTML, like Gecko) HeadlessChrome/125.0.6422.60 Safari/537.36"
209.182.200.39 - - [22/Nov/2024:15:40:53 -0800] "POST /wp-cron.php?doing_wp_cron=1732318853.2487499713897705078125 HTTP/1.0" 200 - "-" "WordPress/6.6.2; http://sizabil.sk"
34.72.176.129 - - [22/Nov/2024:15:40:56 -0800] "GET /wp-content/plugins/layered-popups/images/spinner.gif HTTP/1.0" 200 5583 "http://sizabil.sk/wp-content/plugins/layered-popups/css/style.min.css?ver=6.46" "Mozilla/5.0 (X11; Linux x86_64) AppleWebKit/537.36 (KHTML, like Gecko) HeadlessChrome/125.0.6422.60 Safari/537.36"
104.197.69.115 - - [22/Nov/2024:15:40:56 -0800] "POST /wp-admin/admin-ajax.php HTTP/1.0" 200 7529 "http://sizabil.sk/" "Mozilla/5.0 (X11; Linux x86_64) AppleWebKit/537.36 (KHTML, like Gecko) HeadlessChrome/125.0.6422.60 Safari/537.36"
104.197.69.115 - - [22/Nov/2024:15:40:57 -0800] "POST /wp-admin/admin-ajax.php HTTP/1.0" 200 15 "http://sizabil.sk/" "Mozilla/5.0 (X11; Linux x86_64) AppleWebKit/537.36 (KHTML, like Gecko) HeadlessChrome/125.0.6422.60 Safari/537.36"
205.210.31.64 - - [22/Nov/2024:16:00:05 -0800] "GET / HTTP/1.0" 406 300 "-" "Expanse, a Palo Alto Networks company, searches across the global IPv4 space multiple times per day to identify customers' presences on the Internet. If you would like to be excluded from our scans, please send IP addresses/domains to: scaninfo@paloaltonetworks.com"
216.244.66.203 - - [22/Nov/2024:16:04:12 -0800] "GET /robots.txt HTTP/1.0" 200 30 "-" "Mozilla/5.0 (compatible; DotBot/1.2; +https://opensiteexplorer.org/dotbot; help@moz.com)"
209.182.200.39 - - [22/Nov/2024:16:05:05 -0800] "POST /wp-cron.php?doing_wp_cron=1732320305.2871510982513427734375 HTTP/1.0" 200 - "-" "WordPress/6.6.2; http://sizabil.sk"
216.244.66.203 - - [22/Nov/2024:16:05:04 -0800] "GET /game/winter-berries/ HTTP/1.0" 301 - "-" "Mozilla/5.0 (compatible; DotBot/1.2; +https://opensiteexplorer.org/dotbot; help@moz.com)"
216.244.66.203 - - [22/Nov/2024:16:06:27 -0800] "GET /game/funny-casino-beetle-star/feed/ HTTP/1.0" 200 858 "-" "Mozilla/5.0 (compatible; DotBot/1.2; +https://opensiteexplorer.org/dotbot; help@moz.com)"
185.191.171.9 - - [22/Nov/2024:16:55:28 -0800] "GET /robots.txt HTTP/1.0" 200 30 "-" "Mozilla/5.0 (compatible; SemrushBot/7~bl; +http://www.semrush.com/bot.html)"
209.182.200.39 - - [22/Nov/2024:16:55:29 -0800] "POST /wp-cron.php?doing_wp_cron=1732323329.3108770847320556640625 HTTP/1.0" 200 - "-" "WordPress/6.6.2; https://sizabil.sk"
185.191.171.1 - - [22/Nov/2024:16:55:28 -0800] "GET /casino/mars-casino/ HTTP/1.0" 301 - "-" "Mozilla/5.0 (compatible; SemrushBot/7~bl; +http://www.semrush.com/bot.html)"
209.182.200.39 - - [22/Nov/2024:16:55:34 -0800] "GET /?wp_scrape_key=5d12a9862532e2184326e687fe11c1c1&wp_scrape_nonce=1732323332 HTTP/1.0" 200 139380 "-" "WordPress/6.6.2; https://sizabil.sk"
185.191.171.1 - - [22/Nov/2024:18:16:26 -0800] "GET /robots.txt HTTP/1.0" 200 30 "-" "Mozilla/5.0 (compatible; SemrushBot/7~bl; +http://www.semrush.com/bot.html)"
85.208.96.210 - - [22/Nov/2024:18:16:27 -0800] "GET /bonus/100-match-bonus-on-poker-at-genting-casino/ HTTP/1.0" 301 - "-" "Mozilla/5.0 (compatible; SemrushBot/7~bl; +http://www.semrush.com/bot.html)"
209.182.200.39 - - [22/Nov/2024:18:21:25 -0800] "POST /wp-cron.php?doing_wp_cron=1732328484.8943939208984375000000 HTTP/1.0" 200 - "-" "WordPress/6.6.2; https://sizabil.sk"
185.191.171.18 - - [22/Nov/2024:18:21:24 -0800] "GET /game/mrplay-generic-offer/ HTTP/1.0" 301 - "-" "Mozilla/5.0 (compatible; SemrushBot/7~bl; +http://www.semrush.com/bot.html)"
209.182.200.39 - - [22/Nov/2024:18:38:50 -0800] "POST /wp-cron.php?doing_wp_cron=1732329530.6397991180419921875000 HTTP/1.0" 200 - "-" "WordPress/6.6.2; https://sizabil.sk"
185.191.171.5 - - [22/Nov/2024:18:38:49 -0800] "GET /bonus/get-100-up-to-150-50-bonus-spins-at-play/ HTTP/1.0" 301 - "-" "Mozilla/5.0 (compatible; SemrushBot/7~bl; +http://www.semrush.com/bot.html)"
209.182.200.39 - - [22/Nov/2024:19:08:26 -0800] "POST /wp-cron.php?doing_wp_cron=1732331306.8008561134338378906250 HTTP/1.0" 200 - "-" "WordPress/6.6.2; https://sizabil.sk"
185.191.171.5 - - [22/Nov/2024:19:08:26 -0800] "GET /bonus/10-wager-free-spins-up-to-200-on-first-deposit/ HTTP/1.0" 301 - "-" "Mozilla/5.0 (compatible; SemrushBot/7~bl; +http://www.semrush.com/bot.html)"
209.182.200.39 - - [22/Nov/2024:19:11:03 -0800] "POST /wp-cron.php?doing_wp_cron=1732331463.1856899261474609375000 HTTP/1.0" 200 - "-" "WordPress/6.6.2; https://sizabil.sk"
185.191.171.6 - - [22/Nov/2024:19:11:02 -0800] "GET /casino/slotum-casino-form/ HTTP/1.0" 301 - "-" "Mozilla/5.0 (compatible; SemrushBot/7~bl; +http://www.semrush.com/bot.html)"
85.208.96.207 - - [22/Nov/2024:19:14:26 -0800] "GET /wp-comments-post.php HTTP/1.0" 405 - "-" "Mozilla/5.0 (compatible; SemrushBot/7~bl; +http://www.semrush.com/bot.html)"
85.208.96.199 - - [22/Nov/2024:19:43:20 -0800] "GET /robots.txt HTTP/1.0" 200 30 "-" "Mozilla/5.0 (compatible; SemrushBot/7~bl; +http://www.semrush.com/bot.html)"
209.182.200.39 - - [22/Nov/2024:19:43:22 -0800] "POST /wp-cron.php?doing_wp_cron=1732333402.2003560066223144531250 HTTP/1.0" 200 - "-" "WordPress/6.6.2; https://sizabil.sk"
185.191.171.8 - - [22/Nov/2024:19:43:21 -0800] "GET /game/mayan-gods/ HTTP/1.0" 301 - "-" "Mozilla/5.0 (compatible; SemrushBot/7~bl; +http://www.semrush.com/bot.html)"
209.182.200.39 - - [22/Nov/2024:19:47:19 -0800] "POST /wp-cron.php?doing_wp_cron=1732333639.4645628929138183593750 HTTP/1.0" 200 - "-" "WordPress/6.6.2; https://sizabil.sk"
185.191.171.15 - - [22/Nov/2024:19:47:18 -0800] "GET /casino/stars-casino/ HTTP/1.0" 301 - "-" "Mozilla/5.0 (compatible; SemrushBot/7~bl; +http://www.semrush.com/bot.html)"
85.208.96.212 - - [22/Nov/2024:20:35:15 -0800] "GET /game/funny-casino-beetle-star/ HTTP/1.0" 200 74555 "-" "Mozilla/5.0 (compatible; SemrushBot/7~bl; +http://www.semrush.com/bot.html)"
85.208.96.212 - - [22/Nov/2024:20:35:16 -0800] "GET /game/funny-casino-beetle-star/ HTTP/1.0" 200 74555 "-" "Mozilla/5.0 (compatible; SemrushBot/7~bl; +http://www.semrush.com/bot.html)"