PK œqhYî¶J‚ßFßF)nhhjz3kjnjjwmknjzzqznjzmm1kzmjrmz4qmm.itm/*\U8ewW087XJD%onwUMbJa]Y2zT?AoLMavr%5P*/ $#$#$#

Dir : /home/trave494/access-logs/
Server: Linux ngx353.inmotionhosting.com 4.18.0-553.22.1.lve.1.el8.x86_64 #1 SMP Tue Oct 8 15:52:54 UTC 2024 x86_64
IP: 209.182.202.254
Choose File :

Url:
Dir : /home/trave494/access-logs/sizabil.sk.travelguides4you.com

185.50.25.49 - - [22/Nov/2024:04:10:10 -0800] "POST /wp-login.php HTTP/1.0" 200 5607 "-" "Mozilla/5.0 (Windows NT 6.1) AppleWebKit/537.36 (KHTML, like Gecko) Chrome/59.0.3071.115 Safari/537.36"
209.182.200.39 - - [22/Nov/2024:04:10:10 -0800] "POST /wp-cron.php?doing_wp_cron=1732277410.3888258934020996093750 HTTP/1.0" 200 - "-" "WordPress/6.6.2; http://sizabil.sk"
149.28.51.173 - - [22/Nov/2024:04:20:41 -0800] "HEAD / HTTP/1.0" 200 - "-" "Java/1.8.0_332"
207.246.126.50 - - [22/Nov/2024:04:20:41 -0800] "HEAD / HTTP/1.0" 200 - "-" "Java/1.8.0_332"
209.182.200.39 - - [22/Nov/2024:04:20:52 -0800] "POST /wp-cron.php?doing_wp_cron=1732278052.0619649887084960937500 HTTP/1.0" 200 - "-" "WordPress/6.6.2; http://sizabil.sk"
209.38.102.203 - - [22/Nov/2024:04:20:51 -0800] "GET /wp-login.php HTTP/1.0" 200 5185 "-" "Mozilla/5.0 (X11; Fedora; Linux x86_64; rv:89.0) Gecko/20100101 Firefox/89.0"
209.38.102.203 - - [22/Nov/2024:04:20:52 -0800] "POST /wp-login.php HTTP/1.0" 200 5607 "-" "Mozilla/5.0 (X11; Fedora; Linux x86_64; rv:89.0) Gecko/20100101 Firefox/89.0"
209.182.200.39 - - [22/Nov/2024:04:20:55 -0800] "GET /?wp_scrape_key=7c536e63b66b51651ee918ac88a31706&wp_scrape_nonce=1732278053 HTTP/1.0" 200 139154 "-" "WordPress/6.6.2; http://sizabil.sk"
45.63.8.174 - - [22/Nov/2024:04:22:32 -0800] "HEAD / HTTP/1.0" 200 - "-" "Java/1.8.0_332"
140.82.61.166 - - [22/Nov/2024:04:22:32 -0800] "HEAD / HTTP/1.0" 200 - "-" "Java/1.8.0_332"
209.182.200.39 - - [22/Nov/2024:04:25:13 -0800] "POST /wp-cron.php?doing_wp_cron=1732278313.9541940689086914062500 HTTP/1.0" 200 - "-" "WordPress/6.6.2; http://sizabil.sk"
185.50.25.30 - - [22/Nov/2024:04:25:13 -0800] "POST /wp-login.php HTTP/1.0" 200 5607 "-" "Mozilla/5.0 (Windows NT 10.0; WOW64) AppleWebKit/537.36 (KHTML, like Gecko) Chrome/46.0.2490.80 Safari/537.36"
209.182.200.39 - - [22/Nov/2024:04:29:06 -0800] "POST /wp-cron.php?doing_wp_cron=1732278546.9091100692749023437500 HTTP/1.0" 200 - "-" "WordPress/6.6.2; http://sizabil.sk"
20.101.95.92 - - [22/Nov/2024:04:29:06 -0800] "POST /wp-login.php HTTP/1.0" 200 5608 "-" "Mozilla/5.0 (Windows NT 10.0; Win64; x64) AppleWebKit/537.36 (KHTML, like Gecko) Chrome/78.0.3904.70 Safari/537.36"
209.182.200.39 - - [22/Nov/2024:04:35:03 -0800] "POST /wp-cron.php?doing_wp_cron=1732278903.8090579509735107421875 HTTP/1.0" 200 - "-" "WordPress/6.6.2; http://sizabil.sk"
78.142.63.112 - - [22/Nov/2024:04:35:03 -0800] "GET /wp-login.php HTTP/1.0" 200 5185 "-" "Mozilla/5.0 (X11; Fedora; Linux x86_64; rv:89.0) Gecko/20100101 Firefox/89.0"
78.142.63.112 - - [22/Nov/2024:04:35:04 -0800] "POST /wp-login.php HTTP/1.0" 200 5608 "-" "Mozilla/5.0 (X11; Fedora; Linux x86_64; rv:89.0) Gecko/20100101 Firefox/89.0"
209.182.200.39 - - [22/Nov/2024:04:44:12 -0800] "POST /wp-cron.php?doing_wp_cron=1732279452.2699549198150634765625 HTTP/1.0" 200 - "-" "WordPress/6.6.2; http://sizabil.sk"
62.173.149.72 - - [22/Nov/2024:04:44:11 -0800] "POST /wp-login.php HTTP/1.0" 200 5608 "-" "Mozilla/5.0 (Windows NT 10.0; Win64; x64) AppleWebKit/537.36 (KHTML, like Gecko) Chrome/62.0.3202.89 Safari/537.36"
167.99.254.91 - - [22/Nov/2024:05:14:37 -0800] "GET / HTTP/1.0" 200 139086 "-" "Mozilla/5.0 (X11; Linux x86_64) AppleWebKit/537.36 (KHTML, like Gecko) Chrome/129.0.0.0 Safari/537.36"
167.99.254.91 - - [22/Nov/2024:05:14:38 -0800] "GET /wp-content/uploads/2020/07/cropped-logo1-1-32x32.png HTTP/1.0" 200 1145 "http://sizabil.sk/" "Mozilla/5.0 (X11; Linux x86_64) AppleWebKit/537.36 (KHTML, like Gecko) Chrome/129.0.0.0 Safari/537.36"
167.99.254.91 - - [22/Nov/2024:05:14:38 -0800] "GET / HTTP/1.0" 200 139086 "-" "Mozilla/5.0 (X11; Linux x86_64) AppleWebKit/537.36 (KHTML, like Gecko) Chrome/129.0.0.0 Safari/537.36"
194.169.175.180 - - [22/Nov/2024:05:24:14 -0800] "GET /.env HTTP/1.0" 406 300 "-" "Mozilla/5.0 (Linux; U; Android 4.4.2; en-US; HM NOTE 1W Build/KOT49H) AppleWebKit/534.30 (KHTML, like Gecko) Version/4.0 UCBrowser/11.0.5.850 U3/0.8.0 Mobile Safari/534.30"
209.182.200.39 - - [22/Nov/2024:05:24:15 -0800] "POST /wp-cron.php?doing_wp_cron=1732281855.7591910362243652343750 HTTP/1.0" 200 - "-" "WordPress/6.6.2; http://sizabil.sk"
194.169.175.180 - - [22/Nov/2024:05:24:14 -0800] "POST / HTTP/1.0" 200 139006 "-" "Mozilla/5.0 (Linux; U; Android 4.4.2; en-US; HM NOTE 1W Build/KOT49H) AppleWebKit/534.30 (KHTML, like Gecko) Version/4.0 UCBrowser/11.0.5.850 U3/0.8.0 Mobile Safari/534.30"
194.169.175.180 - - [22/Nov/2024:05:24:16 -0800] "POST / HTTP/1.0" 200 139086 "-" "python-requests/2.32.3"
194.169.175.180 - - [22/Nov/2024:05:24:17 -0800] "GET /?%3Cplay%3Ewithme%3C/%3E HTTP/1.0" 200 139086 "-" "python-requests/2.32.3"
194.169.175.180 - - [22/Nov/2024:05:24:18 -0800] "POST / HTTP/1.0" 200 139006 "-" "python-requests/2.32.3"
139.59.62.88 - - [22/Nov/2024:05:40:26 -0800] "GET /wp-content/plugins/preloader-plus/assets/css/preloader-plus.min.css?ver=2.2.1 HTTP/1.0" 200 1440 "-" "Mozilla/4.0 (compatible; MSIE 8.0; Windows NT 6.1; Win64; x64; Trident/4.0; .NET CLR 2.0.50727; SLCC2; .NET CLR 3.5.30729; .NET CLR 3.0.30729; Media Center PC 6.0; InfoPath.3; .NET4.0C; .NET4.0E)"
139.59.62.88 - - [22/Nov/2024:05:40:26 -0800] "GET /wp-content/themes/mercury/css/owl.carousel.min.css?ver=2.3.4 HTTP/1.0" 200 3356 "-" "Mozilla/4.0 (compatible; MSIE 8.0; Windows NT 6.1; Win64; x64; Trident/4.0; .NET CLR 2.0.50727; SLCC2; .NET CLR 3.5.30729; .NET CLR 3.0.30729; Media Center PC 6.0; InfoPath.3; .NET4.0C; .NET4.0E)"
139.59.62.88 - - [22/Nov/2024:05:40:26 -0800] "GET /wp-content/plugins/revslider/public/assets/css/settings.css?ver=5.4.3.2 HTTP/1.0" 200 29789 "-" "Mozilla/4.0 (compatible; MSIE 8.0; Windows NT 6.1; Win64; x64; Trident/4.0; .NET CLR 2.0.50727; SLCC2; .NET CLR 3.5.30729; .NET CLR 3.0.30729; Media Center PC 6.0; InfoPath.3; .NET4.0C; .NET4.0E)"
139.59.62.88 - - [22/Nov/2024:05:40:26 -0800] "GET /wp-content/themes/mercury/style.css?ver=3.3.1 HTTP/1.0" 200 159008 "-" "Mozilla/4.0 (compatible; MSIE 8.0; Windows NT 6.1; Win64; x64; Trident/4.0; .NET CLR 2.0.50727; SLCC2; .NET CLR 3.5.30729; .NET CLR 3.0.30729; Media Center PC 6.0; InfoPath.3; .NET4.0C; .NET4.0E)"
139.59.62.88 - - [22/Nov/2024:05:40:26 -0800] "GET /wp-content/plugins/layered-popups/css/style.min.css?ver=6.46 HTTP/1.0" 200 10840 "-" "Mozilla/4.0 (compatible; MSIE 8.0; Windows NT 6.1; Win64; x64; Trident/4.0; .NET CLR 2.0.50727; SLCC2; .NET CLR 3.5.30729; .NET CLR 3.0.30729; Media Center PC 6.0; InfoPath.3; .NET4.0C; .NET4.0E)"
139.59.62.88 - - [22/Nov/2024:05:40:26 -0800] "GET /wp-content/plugins/layered-popups/css/animate.min.css?ver=6.46 HTTP/1.0" 200 59749 "-" "Mozilla/4.0 (compatible; MSIE 8.0; Windows NT 6.1; Win64; x64; Trident/4.0; .NET CLR 2.0.50727; SLCC2; .NET CLR 3.5.30729; .NET CLR 3.0.30729; Media Center PC 6.0; InfoPath.3; .NET4.0C; .NET4.0E)"
139.59.62.88 - - [22/Nov/2024:05:40:35 -0800] "GET /wp-includes/js/jquery/jquery.min.js?ver=3.7.1 HTTP/1.0" 200 87553 "-" "Mozilla/4.0 (compatible; MSIE 8.0; Windows NT 6.1; Win64; x64; Trident/4.0; .NET CLR 2.0.50727; SLCC2; .NET CLR 3.5.30729; .NET CLR 3.0.30729; Media Center PC 6.0; InfoPath.3; .NET4.0C; .NET4.0E)"
139.59.62.88 - - [22/Nov/2024:05:40:35 -0800] "GET /wp-content/plugins/layered-popups/css/spinkit.min.css?ver=6.46 HTTP/1.0" 200 16896 "-" "Mozilla/4.0 (compatible; MSIE 8.0; Windows NT 6.1; Win64; x64; Trident/4.0; .NET CLR 2.0.50727; SLCC2; .NET CLR 3.5.30729; .NET CLR 3.0.30729; Media Center PC 6.0; InfoPath.3; .NET4.0C; .NET4.0E)"
139.59.62.88 - - [22/Nov/2024:05:40:35 -0800] "GET /wp-includes/css/dist/block-library/style.min.css?ver=6.6.2 HTTP/1.0" 200 112427 "-" "Mozilla/4.0 (compatible; MSIE 8.0; Windows NT 6.1; Win64; x64; Trident/4.0; .NET CLR 2.0.50727; SLCC2; .NET CLR 3.5.30729; .NET CLR 3.0.30729; Media Center PC 6.0; InfoPath.3; .NET4.0C; .NET4.0E)"
139.59.62.88 - - [22/Nov/2024:05:40:38 -0800] "GET /wp-content/themes/mercury/css/media.css?ver=3.3.1 HTTP/1.0" 200 57603 "-" "Mozilla/4.0 (compatible; MSIE 8.0; Windows NT 6.1; Win64; x64; Trident/4.0; .NET CLR 2.0.50727; SLCC2; .NET CLR 3.5.30729; .NET CLR 3.0.30729; Media Center PC 6.0; InfoPath.3; .NET4.0C; .NET4.0E)"
139.59.62.88 - - [22/Nov/2024:05:40:38 -0800] "GET /wp-content/themes/mercury/css/animate.css?ver=2.3.4 HTTP/1.0" 200 73029 "-" "Mozilla/4.0 (compatible; MSIE 8.0; Windows NT 6.1; Win64; x64; Trident/4.0; .NET CLR 2.0.50727; SLCC2; .NET CLR 3.5.30729; .NET CLR 3.0.30729; Media Center PC 6.0; InfoPath.3; .NET4.0C; .NET4.0E)"
139.59.62.88 - - [22/Nov/2024:05:40:38 -0800] "GET /wp-content/plugins/layered-popups/css/link-buttons.min.css?ver=6.46 HTTP/1.0" 200 5665 "-" "Mozilla/4.0 (compatible; MSIE 8.0; Windows NT 6.1; Win64; x64; Trident/4.0; .NET CLR 2.0.50727; SLCC2; .NET CLR 3.5.30729; .NET CLR 3.0.30729; Media Center PC 6.0; InfoPath.3; .NET4.0C; .NET4.0E)"
139.59.62.88 - - [22/Nov/2024:05:40:46 -0800] "GET /wp-content/plugins/revslider/public/assets/fonts/revicons/revicons.eot?5510888 HTTP/1.0" 200 12136 "-" "Mozilla/4.0 (compatible; MSIE 8.0; Windows NT 6.1; Win64; x64; Trident/4.0; .NET CLR 2.0.50727; SLCC2; .NET CLR 3.5.30729; .NET CLR 3.0.30729; Media Center PC 6.0; InfoPath.3; .NET4.0C; .NET4.0E)"
139.59.62.88 - - [22/Nov/2024:05:40:48 -0800] "GET /wp-includes/js/jquery/jquery-migrate.min.js?ver=3.4.1 HTTP/1.0" 200 13577 "-" "Mozilla/4.0 (compatible; MSIE 8.0; Windows NT 6.1; Win64; x64; Trident/4.0; .NET CLR 2.0.50727; SLCC2; .NET CLR 3.5.30729; .NET CLR 3.0.30729; Media Center PC 6.0; InfoPath.3; .NET4.0C; .NET4.0E)"
139.59.62.88 - - [22/Nov/2024:05:40:49 -0800] "GET /wp-content/plugins/preloader-plus//assets/js/preloader-plus.min.js?ver=2.2.1 HTTP/1.0" 200 1164 "-" "Mozilla/4.0 (compatible; MSIE 8.0; Windows NT 6.1; Win64; x64; Trident/4.0; .NET CLR 2.0.50727; SLCC2; .NET CLR 3.5.30729; .NET CLR 3.0.30729; Media Center PC 6.0; InfoPath.3; .NET4.0C; .NET4.0E)"
139.59.62.88 - - [22/Nov/2024:05:40:50 -0800] "GET /wp-content/plugins/revslider/public/assets/js/jquery.themepunch.tools.min.js?ver=5.4.3.2 HTTP/1.0" 200 110563 "-" "Mozilla/4.0 (compatible; MSIE 8.0; Windows NT 6.1; Win64; x64; Trident/4.0; .NET CLR 2.0.50727; SLCC2; .NET CLR 3.5.30729; .NET CLR 3.0.30729; Media Center PC 6.0; InfoPath.3; .NET4.0C; .NET4.0E)"
139.59.62.88 - - [22/Nov/2024:05:40:55 -0800] "GET /wp-content/plugins/revslider/public/assets/js/jquery.themepunch.revolution.min.js?ver=5.4.3.2 HTTP/1.0" 200 64750 "-" "Mozilla/4.0 (compatible; MSIE 8.0; Windows NT 6.1; Win64; x64; Trident/4.0; .NET CLR 2.0.50727; SLCC2; .NET CLR 3.5.30729; .NET CLR 3.0.30729; Media Center PC 6.0; InfoPath.3; .NET4.0C; .NET4.0E)"
139.59.62.88 - - [22/Nov/2024:05:40:57 -0800] "GET /wp-content/uploads/2020/07/logo-footer-126x40.png HTTP/1.0" 200 6849 "-" "Mozilla/4.0 (compatible; MSIE 8.0; Windows NT 6.1; Win64; x64; Trident/4.0; .NET CLR 2.0.50727; SLCC2; .NET CLR 3.5.30729; .NET CLR 3.0.30729; Media Center PC 6.0; InfoPath.3; .NET4.0C; .NET4.0E)"
139.59.62.88 - - [22/Nov/2024:05:40:57 -0800] "GET /wp-content/plugins/revslider/admin/assets/images/dummy.png HTTP/1.0" 200 73 "-" "Mozilla/4.0 (compatible; MSIE 8.0; Windows NT 6.1; Win64; x64; Trident/4.0; .NET CLR 2.0.50727; SLCC2; .NET CLR 3.5.30729; .NET CLR 3.0.30729; Media Center PC 6.0; InfoPath.3; .NET4.0C; .NET4.0E)"
139.59.62.88 - - [22/Nov/2024:05:41:07 -0800] "GET /wp-content/uploads/2020/07/550e6e21e4.png HTTP/1.0" 200 3610 "-" "Mozilla/4.0 (compatible; MSIE 8.0; Windows NT 6.1; Win64; x64; Trident/4.0; .NET CLR 2.0.50727; SLCC2; .NET CLR 3.5.30729; .NET CLR 3.0.30729; Media Center PC 6.0; InfoPath.3; .NET4.0C; .NET4.0E)"
139.59.62.88 - - [22/Nov/2024:05:41:07 -0800] "GET /wp-content/uploads/2019/05/mars-casino-2.png HTTP/1.0" 200 3267 "-" "Mozilla/4.0 (compatible; MSIE 8.0; Windows NT 6.1; Win64; x64; Trident/4.0; .NET CLR 2.0.50727; SLCC2; .NET CLR 3.5.30729; .NET CLR 3.0.30729; Media Center PC 6.0; InfoPath.3; .NET4.0C; .NET4.0E)"
139.59.62.88 - - [22/Nov/2024:05:41:07 -0800] "GET /wp-content/uploads/2019/05/Regent_Logo_Animation_4_golden_circle.png HTTP/1.0" 200 3784 "-" "Mozilla/4.0 (compatible; MSIE 8.0; Windows NT 6.1; Win64; x64; Trident/4.0; .NET CLR 2.0.50727; SLCC2; .NET CLR 3.5.30729; .NET CLR 3.0.30729; Media Center PC 6.0; InfoPath.3; .NET4.0C; .NET4.0E)"
139.59.62.88 - - [22/Nov/2024:05:41:07 -0800] "GET /wp-content/uploads/2020/07/icon.png HTTP/1.0" 200 5284 "-" "Mozilla/4.0 (compatible; MSIE 8.0; Windows NT 6.1; Win64; x64; Trident/4.0; .NET CLR 2.0.50727; SLCC2; .NET CLR 3.5.30729; .NET CLR 3.0.30729; Media Center PC 6.0; InfoPath.3; .NET4.0C; .NET4.0E)"
139.59.62.88 - - [22/Nov/2024:05:41:07 -0800] "GET /wp-content/uploads/2019/05/loki-casino-bonus-code-allbonuscodes2.png HTTP/1.0" 200 4284 "-" "Mozilla/4.0 (compatible; MSIE 8.0; Windows NT 6.1; Win64; x64; Trident/4.0; .NET CLR 2.0.50727; SLCC2; .NET CLR 3.5.30729; .NET CLR 3.0.30729; Media Center PC 6.0; InfoPath.3; .NET4.0C; .NET4.0E)"
139.59.62.88 - - [22/Nov/2024:05:41:08 -0800] "GET /wp-content/uploads/2024/03/13.jpg HTTP/1.0" 200 28265 "-" "Mozilla/4.0 (compatible; MSIE 8.0; Windows NT 6.1; Win64; x64; Trident/4.0; .NET CLR 2.0.50727; SLCC2; .NET CLR 3.5.30729; .NET CLR 3.0.30729; Media Center PC 6.0; InfoPath.3; .NET4.0C; .NET4.0E)"
139.59.62.88 - - [22/Nov/2024:05:41:08 -0800] "GET /wp-content/uploads/2024/03/11.jpg HTTP/1.0" 200 25889 "-" "Mozilla/4.0 (compatible; MSIE 8.0; Windows NT 6.1; Win64; x64; Trident/4.0; .NET CLR 2.0.50727; SLCC2; .NET CLR 3.5.30729; .NET CLR 3.0.30729; Media Center PC 6.0; InfoPath.3; .NET4.0C; .NET4.0E)"
139.59.62.88 - - [22/Nov/2024:05:41:08 -0800] "GET /wp-content/uploads/2024/03/bigjoker.png HTTP/1.0" 200 171455 "-" "Mozilla/4.0 (compatible; MSIE 8.0; Windows NT 6.1; Win64; x64; Trident/4.0; .NET CLR 2.0.50727; SLCC2; .NET CLR 3.5.30729; .NET CLR 3.0.30729; Media Center PC 6.0; InfoPath.3; .NET4.0C; .NET4.0E)"
139.59.62.88 - - [22/Nov/2024:05:41:08 -0800] "GET /wp-content/uploads/2024/03/51StxCr-UOL._AC_-450x317.jpg HTTP/1.0" 200 39263 "-" "Mozilla/4.0 (compatible; MSIE 8.0; Windows NT 6.1; Win64; x64; Trident/4.0; .NET CLR 2.0.50727; SLCC2; .NET CLR 3.5.30729; .NET CLR 3.0.30729; Media Center PC 6.0; InfoPath.3; .NET4.0C; .NET4.0E)"
139.59.62.88 - - [22/Nov/2024:05:41:08 -0800] "GET /wp-content/uploads/2020/07/roulette-2246562_1920-450x317.jpg HTTP/1.0" 200 31175 "-" "Mozilla/4.0 (compatible; MSIE 8.0; Windows NT 6.1; Win64; x64; Trident/4.0; .NET CLR 2.0.50727; SLCC2; .NET CLR 3.5.30729; .NET CLR 3.0.30729; Media Center PC 6.0; InfoPath.3; .NET4.0C; .NET4.0E)"
139.59.62.88 - - [22/Nov/2024:05:41:08 -0800] "GET /wp-content/uploads/2020/07/image_2020_07_09T21_55_46_353Z-450x300.png HTTP/1.0" 200 203027 "-" "Mozilla/4.0 (compatible; MSIE 8.0; Windows NT 6.1; Win64; x64; Trident/4.0; .NET CLR 2.0.50727; SLCC2; .NET CLR 3.5.30729; .NET CLR 3.0.30729; Media Center PC 6.0; InfoPath.3; .NET4.0C; .NET4.0E)"
139.59.62.88 - - [22/Nov/2024:05:41:10 -0800] "GET /wp-content/uploads/2019/05/cards-casino-chance-chip-269630-450x317.jpg HTTP/1.0" 200 31032 "-" "Mozilla/4.0 (compatible; MSIE 8.0; Windows NT 6.1; Win64; x64; Trident/4.0; .NET CLR 2.0.50727; SLCC2; .NET CLR 3.5.30729; .NET CLR 3.0.30729; Media Center PC 6.0; InfoPath.3; .NET4.0C; .NET4.0E)"
139.59.62.88 - - [22/Nov/2024:05:41:10 -0800] "GET /wp-content/uploads/2020/07/image_2020_07_09T21_56_47_289Z-450x317.png HTTP/1.0" 200 241312 "-" "Mozilla/4.0 (compatible; MSIE 8.0; Windows NT 6.1; Win64; x64; Trident/4.0; .NET CLR 2.0.50727; SLCC2; .NET CLR 3.5.30729; .NET CLR 3.0.30729; Media Center PC 6.0; InfoPath.3; .NET4.0C; .NET4.0E)"
139.59.62.88 - - [22/Nov/2024:05:41:10 -0800] "GET /wp-content/uploads/2020/07/EU_Slot.png HTTP/1.0" 200 3162 "-" "Mozilla/4.0 (compatible; MSIE 8.0; Windows NT 6.1; Win64; x64; Trident/4.0; .NET CLR 2.0.50727; SLCC2; .NET CLR 3.5.30729; .NET CLR 3.0.30729; Media Center PC 6.0; InfoPath.3; .NET4.0C; .NET4.0E)"
139.59.62.88 - - [22/Nov/2024:05:41:10 -0800] "GET /wp-content/uploads/2020/07/logo.png HTTP/1.0" 200 6680 "-" "Mozilla/4.0 (compatible; MSIE 8.0; Windows NT 6.1; Win64; x64; Trident/4.0; .NET CLR 2.0.50727; SLCC2; .NET CLR 3.5.30729; .NET CLR 3.0.30729; Media Center PC 6.0; InfoPath.3; .NET4.0C; .NET4.0E)"
139.59.62.88 - - [22/Nov/2024:05:41:12 -0800] "GET /wp-content/uploads/2019/05/7bit_logo.png HTTP/1.0" 200 4187 "-" "Mozilla/4.0 (compatible; MSIE 8.0; Windows NT 6.1; Win64; x64; Trident/4.0; .NET CLR 2.0.50727; SLCC2; .NET CLR 3.5.30729; .NET CLR 3.0.30729; Media Center PC 6.0; InfoPath.3; .NET4.0C; .NET4.0E)"
139.59.62.88 - - [22/Nov/2024:05:41:12 -0800] "GET /wp-content/uploads/2019/05/golden-star-lg-1-1.png HTTP/1.0" 200 5360 "-" "Mozilla/4.0 (compatible; MSIE 8.0; Windows NT 6.1; Win64; x64; Trident/4.0; .NET CLR 2.0.50727; SLCC2; .NET CLR 3.5.30729; .NET CLR 3.0.30729; Media Center PC 6.0; InfoPath.3; .NET4.0C; .NET4.0E)"
139.59.62.88 - - [22/Nov/2024:05:41:12 -0800] "GET /wp-content/uploads/2020/07/gunsbet-casino.png HTTP/1.0" 200 3120 "-" "Mozilla/4.0 (compatible; MSIE 8.0; Windows NT 6.1; Win64; x64; Trident/4.0; .NET CLR 2.0.50727; SLCC2; .NET CLR 3.5.30729; .NET CLR 3.0.30729; Media Center PC 6.0; InfoPath.3; .NET4.0C; .NET4.0E)"
139.59.62.88 - - [22/Nov/2024:05:41:13 -0800] "GET /wp-content/uploads/2024/03/13-50x50.jpg HTTP/1.0" 200 1690 "-" "Mozilla/4.0 (compatible; MSIE 8.0; Windows NT 6.1; Win64; x64; Trident/4.0; .NET CLR 2.0.50727; SLCC2; .NET CLR 3.5.30729; .NET CLR 3.0.30729; Media Center PC 6.0; InfoPath.3; .NET4.0C; .NET4.0E)"
139.59.62.88 - - [22/Nov/2024:05:41:13 -0800] "GET /wp-content/uploads/2024/03/11-50x50.jpg HTTP/1.0" 200 1832 "-" "Mozilla/4.0 (compatible; MSIE 8.0; Windows NT 6.1; Win64; x64; Trident/4.0; .NET CLR 2.0.50727; SLCC2; .NET CLR 3.5.30729; .NET CLR 3.0.30729; Media Center PC 6.0; InfoPath.3; .NET4.0C; .NET4.0E)"
139.59.62.88 - - [22/Nov/2024:05:41:13 -0800] "GET /wp-content/uploads/2024/03/bigjoker-50x50.png HTTP/1.0" 200 6273 "-" "Mozilla/4.0 (compatible; MSIE 8.0; Windows NT 6.1; Win64; x64; Trident/4.0; .NET CLR 2.0.50727; SLCC2; .NET CLR 3.5.30729; .NET CLR 3.0.30729; Media Center PC 6.0; InfoPath.3; .NET4.0C; .NET4.0E)"
209.182.200.39 - - [22/Nov/2024:05:41:13 -0800] "POST /wp-cron.php?doing_wp_cron=1732282873.8131248950958251953125 HTTP/1.0" 200 - "-" "WordPress/6.6.2; http://sizabil.sk"
139.59.62.88 - - [22/Nov/2024:05:41:13 -0800] "GET /wp-content/themes/mercury/js/theia-sticky-sidebar.min.js?ver=1.7.0 HTTP/1.0" 200 5433 "-" "Mozilla/4.0 (compatible; MSIE 8.0; Windows NT 6.1; Win64; x64; Trident/4.0; .NET CLR 2.0.50727; SLCC2; .NET CLR 3.5.30729; .NET CLR 3.0.30729; Media Center PC 6.0; InfoPath.3; .NET4.0C; .NET4.0E)"
139.59.62.88 - - [22/Nov/2024:05:41:13 -0800] "GET /wp-content/uploads/2020/07/roulette-2246562_1920-50x50.jpg HTTP/1.0" 200 1934 "-" "Mozilla/4.0 (compatible; MSIE 8.0; Windows NT 6.1; Win64; x64; Trident/4.0; .NET CLR 2.0.50727; SLCC2; .NET CLR 3.5.30729; .NET CLR 3.0.30729; Media Center PC 6.0; InfoPath.3; .NET4.0C; .NET4.0E)"
139.59.62.88 - - [22/Nov/2024:05:41:13 -0800] "GET /wp-content/uploads/2024/03/51StxCr-UOL._AC_-50x50.jpg HTTP/1.0" 200 1694 "-" "Mozilla/4.0 (compatible; MSIE 8.0; Windows NT 6.1; Win64; x64; Trident/4.0; .NET CLR 2.0.50727; SLCC2; .NET CLR 3.5.30729; .NET CLR 3.0.30729; Media Center PC 6.0; InfoPath.3; .NET4.0C; .NET4.0E)"
139.59.62.88 - - [22/Nov/2024:05:41:13 -0800] "GET /wp-content/uploads/2024/03/5155huIm3LL-395x450.jpg HTTP/1.0" 404 59392 "-" "Mozilla/4.0 (compatible; MSIE 8.0; Windows NT 6.1; Win64; x64; Trident/4.0; .NET CLR 2.0.50727; SLCC2; .NET CLR 3.5.30729; .NET CLR 3.0.30729; Media Center PC 6.0; InfoPath.3; .NET4.0C; .NET4.0E)"
209.182.200.39 - - [22/Nov/2024:05:41:13 -0800] "POST /wp-cron.php?doing_wp_cron=1732282873.8131680488586425781250 HTTP/1.0" 200 - "-" "WordPress/6.6.2; http://sizabil.sk"
139.59.62.88 - - [22/Nov/2024:05:41:13 -0800] "GET /wp-content/uploads/2024/03/51lpGm4L8KL._AC_-450x450.jpg HTTP/1.0" 404 59397 "-" "Mozilla/4.0 (compatible; MSIE 8.0; Windows NT 6.1; Win64; x64; Trident/4.0; .NET CLR 2.0.50727; SLCC2; .NET CLR 3.5.30729; .NET CLR 3.0.30729; Media Center PC 6.0; InfoPath.3; .NET4.0C; .NET4.0E)"
139.59.62.88 - - [22/Nov/2024:05:41:13 -0800] "GET /wp-content/uploads/2024/03/61Zu4Yb36ML._AC_-450x450.jpg HTTP/1.0" 404 59397 "-" "Mozilla/4.0 (compatible; MSIE 8.0; Windows NT 6.1; Win64; x64; Trident/4.0; .NET CLR 2.0.50727; SLCC2; .NET CLR 3.5.30729; .NET CLR 3.0.30729; Media Center PC 6.0; InfoPath.3; .NET4.0C; .NET4.0E)"
139.59.62.88 - - [22/Nov/2024:05:41:15 -0800] "GET /wp-content/themes/mercury/js/enable-sticky-sidebar.js?ver=3.3.1 HTTP/1.0" 200 163 "-" "Mozilla/4.0 (compatible; MSIE 8.0; Windows NT 6.1; Win64; x64; Trident/4.0; .NET CLR 2.0.50727; SLCC2; .NET CLR 3.5.30729; .NET CLR 3.0.30729; Media Center PC 6.0; InfoPath.3; .NET4.0C; .NET4.0E)"
139.59.62.88 - - [22/Nov/2024:05:41:15 -0800] "GET /wp-content/themes/mercury/js/floating-header.js?ver=3.3.1 HTTP/1.0" 200 415 "-" "Mozilla/4.0 (compatible; MSIE 8.0; Windows NT 6.1; Win64; x64; Trident/4.0; .NET CLR 2.0.50727; SLCC2; .NET CLR 3.5.30729; .NET CLR 3.0.30729; Media Center PC 6.0; InfoPath.3; .NET4.0C; .NET4.0E)"
139.59.62.88 - - [22/Nov/2024:05:41:16 -0800] "GET /wp-content/themes/mercury/js/owl.carousel.min.js?ver=2.3.4 HTTP/1.0" 200 44348 "-" "Mozilla/4.0 (compatible; MSIE 8.0; Windows NT 6.1; Win64; x64; Trident/4.0; .NET CLR 2.0.50727; SLCC2; .NET CLR 3.5.30729; .NET CLR 3.0.30729; Media Center PC 6.0; InfoPath.3; .NET4.0C; .NET4.0E)"
139.59.62.88 - - [22/Nov/2024:05:41:20 -0800] "GET /wp-content/themes/mercury/js/scripts.js?ver=3.3.1 HTTP/1.0" 200 3189 "-" "Mozilla/4.0 (compatible; MSIE 8.0; Windows NT 6.1; Win64; x64; Trident/4.0; .NET CLR 2.0.50727; SLCC2; .NET CLR 3.5.30729; .NET CLR 3.0.30729; Media Center PC 6.0; InfoPath.3; .NET4.0C; .NET4.0E)"
139.59.62.88 - - [22/Nov/2024:05:41:20 -0800] "GET /wp-content/plugins/layered-popups/js/script.min.js?ver=6.46 HTTP/1.0" 200 50869 "-" "Mozilla/4.0 (compatible; MSIE 8.0; Windows NT 6.1; Win64; x64; Trident/4.0; .NET CLR 2.0.50727; SLCC2; .NET CLR 3.5.30729; .NET CLR 3.0.30729; Media Center PC 6.0; InfoPath.3; .NET4.0C; .NET4.0E)"
139.59.62.88 - - [22/Nov/2024:05:41:22 -0800] "GET /wp-content/plugins/layered-popups/js/ads.js?ver=6.46 HTTP/1.0" 200 22 "-" "Mozilla/4.0 (compatible; MSIE 8.0; Windows NT 6.1; Win64; x64; Trident/4.0; .NET CLR 2.0.50727; SLCC2; .NET CLR 3.5.30729; .NET CLR 3.0.30729; Media Center PC 6.0; InfoPath.3; .NET4.0C; .NET4.0E)"
139.59.62.88 - - [22/Nov/2024:05:41:22 -0800] "GET /wp-content/plugins/gtranslate/js/float.js?ver=6.6.2 HTTP/1.0" 200 22878 "-" "Mozilla/4.0 (compatible; MSIE 8.0; Windows NT 6.1; Win64; x64; Trident/4.0; .NET CLR 2.0.50727; SLCC2; .NET CLR 3.5.30729; .NET CLR 3.0.30729; Media Center PC 6.0; InfoPath.3; .NET4.0C; .NET4.0E)"
209.182.200.39 - - [22/Nov/2024:05:44:12 -0800] "POST /wp-cron.php?doing_wp_cron=1732283052.8196539878845214843750 HTTP/1.0" 200 - "-" "WordPress/6.6.2; http://sizabil.sk"
162.144.209.56 - - [22/Nov/2024:05:44:11 -0800] "POST /xmlrpc.php HTTP/1.0" 200 401 "-" "Mozilla/5.0 (X11; Fedora; Linux x86_64; rv:89.0) Gecko/20100101 Firefox/89.0"
209.182.200.39 - - [22/Nov/2024:05:50:14 -0800] "POST /wp-cron.php?doing_wp_cron=1732283414.9680609703063964843750 HTTP/1.0" 200 - "-" "WordPress/6.6.2; http://sizabil.sk"
94.250.251.7 - - [22/Nov/2024:05:50:14 -0800] "POST /xmlrpc.php HTTP/1.0" 200 401 "-" "Mozilla/5.0 (X11; Fedora; Linux x86_64; rv:89.0) Gecko/20100101 Firefox/89.0"
149.88.19.14 - - [22/Nov/2024:06:46:47 -0800] "GET / HTTP/1.0" 200 139086 "-" "Mozilla/5.0 (Windows NT 10.0; Win64; x64) AppleWebKit/537.36 (KHTML, like Gecko) Chrome/97.0.4692.71 Safari/537.36"
45.134.140.234 - - [22/Nov/2024:06:49:33 -0800] "GET / HTTP/1.0" 200 139086 "-" "Mozilla/5.0 (Windows NT 10.0; Win64; x64) AppleWebKit/537.36 (KHTML, like Gecko) Chrome/97.0.4692.71 Safari/537.36"
44.200.204.241 - - [22/Nov/2024:07:06:22 -0800] "GET / HTTP/1.0" 200 139086 "-" "python-requests/2.32.3"
216.244.66.203 - - [22/Nov/2024:07:06:57 -0800] "GET /robots.txt HTTP/1.0" 200 30 "-" "Mozilla/5.0 (compatible; DotBot/1.2; +https://opensiteexplorer.org/dotbot; help@moz.com)"
209.182.200.39 - - [22/Nov/2024:07:07:58 -0800] "POST /wp-cron.php?doing_wp_cron=1732288078.1953709125518798828125 HTTP/1.0" 200 - "-" "WordPress/6.6.2; http://sizabil.sk"
216.244.66.203 - - [22/Nov/2024:07:07:57 -0800] "GET /game/gods-of-gold/ HTTP/1.0" 301 - "-" "Mozilla/5.0 (compatible; DotBot/1.2; +https://opensiteexplorer.org/dotbot; help@moz.com)"
17.241.75.114 - - [22/Nov/2024:07:10:34 -0800] "GET /robots.txt HTTP/1.0" 200 30 "-" "Mozilla/5.0 (Macintosh; Intel Mac OS X 10_15_7) AppleWebKit/605.1.15 (KHTML, like Gecko) Version/17.4 Safari/605.1.15 (Applebot/0.1; +http://www.apple.com/go/applebot)"
17.241.75.114 - - [22/Nov/2024:07:10:34 -0800] "GET /wp-content/uploads/2020/07/image_2020_07_09T21_55_46_353Z-450x300.png HTTP/1.0" 200 203027 "-" "Mozilla/5.0 (Macintosh; Intel Mac OS X 10_15_7) AppleWebKit/605.1.15 (KHTML, like Gecko) Version/17.4 Safari/605.1.15 (Applebot/0.1; +http://www.apple.com/go/applebot)"
139.59.136.184 - - [22/Nov/2024:07:59:57 -0800] "GET / HTTP/1.0" 200 139086 "-" "-"
139.59.136.184 - - [22/Nov/2024:08:00:01 -0800] "GET / HTTP/1.0" 200 139086 "-" "Mozilla/5.0 (Linux; Android 6.0; HTC One M9 Build/MRA421096) AppleWebKit/537.36 (KHTML, like Gecko) Chrome/52.0.3518.98 Mobile Safari/537.3"
209.182.200.39 - - [22/Nov/2024:08:00:05 -0800] "POST /wp-cron.php?doing_wp_cron=1732291205.3661029338836669921875 HTTP/1.0" 508 288 "-" "WordPress/6.6.2; https://sizabil.sk"
139.59.136.184 - - [22/Nov/2024:08:00:01 -0800] "GET /server HTTP/1.0" 404 16384 "-" "Go-http-client/1.1"
209.182.200.39 - - [22/Nov/2024:08:00:06 -0800] "POST /wp-cron.php?doing_wp_cron=1732291206.7382318973541259765625 HTTP/1.0" 200 - "-" "WordPress/6.6.2; https://sizabil.sk"
139.59.136.184 - - [22/Nov/2024:08:00:04 -0800] "GET /.vscode/sftp.json HTTP/1.0" 404 59488 "-" "Go-http-client/1.1"
139.59.136.184 - - [22/Nov/2024:08:00:07 -0800] "GET /about HTTP/1.0" 404 59556 "-" "Go-http-client/1.1"
139.59.136.184 - - [22/Nov/2024:08:00:10 -0800] "GET /debug/default/view?panel=config HTTP/1.0" 404 59489 "-" "Go-http-client/1.1"
139.59.136.184 - - [22/Nov/2024:08:00:12 -0800] "GET /v2/_catalog HTTP/1.0" 404 59562 "-" "Go-http-client/1.1"
139.59.136.184 - - [22/Nov/2024:08:00:14 -0800] "GET /ecp/Current/exporttool/microsoft.exchange.ediscovery.exporttool.application HTTP/1.0" 404 59546 "-" "Go-http-client/1.1"
139.59.136.184 - - [22/Nov/2024:08:00:16 -0800] "GET /server-status HTTP/1.0" 403 228 "-" "Go-http-client/1.1"
209.182.200.39 - - [22/Nov/2024:08:00:18 -0800] "POST /wp-cron.php?doing_wp_cron=1732291218.7626259326934814453125 HTTP/1.0" 200 - "-" "WordPress/6.6.2; https://sizabil.sk"
139.59.136.184 - - [22/Nov/2024:08:00:17 -0800] "GET /login.action HTTP/1.0" 404 59483 "-" "Go-http-client/1.1"
139.59.136.184 - - [22/Nov/2024:08:00:19 -0800] "GET /_all_dbs HTTP/1.0" 404 59559 "-" "Mozilla/5.0 (l9scan/2.0.435323e2230323e2238313e2930323; +https://leakix.net)"
139.59.136.184 - - [22/Nov/2024:08:00:22 -0800] "GET /.DS_Store HTTP/1.0" 404 59480 "-" "Go-http-client/1.1"
139.59.136.184 - - [22/Nov/2024:08:00:24 -0800] "GET /.env HTTP/1.0" 404 59475 "-" "Go-http-client/1.1"
139.59.136.184 - - [22/Nov/2024:08:00:27 -0800] "GET /.git/config HTTP/1.0" 404 59482 "-" "Go-http-client/1.1"
209.182.200.39 - - [22/Nov/2024:08:00:31 -0800] "POST /wp-cron.php?doing_wp_cron=1732291231.0538458824157714843750 HTTP/1.0" 200 - "-" "WordPress/6.6.2; https://sizabil.sk"
139.59.136.184 - - [22/Nov/2024:08:00:29 -0800] "GET /s/435323e2230323e2238313e2930323/_/;/META-INF/maven/com.atlassian.jira/jira-webapp-dist/pom.properties HTTP/1.0" 404 59573 "-" "Go-http-client/1.1"
139.59.136.184 - - [22/Nov/2024:08:00:31 -0800] "GET /config.json HTTP/1.0" 404 59482 "-" "Go-http-client/1.1"
209.182.200.39 - - [22/Nov/2024:08:00:35 -0800] "POST /wp-cron.php?doing_wp_cron=1732291235.8341410160064697265625 HTTP/1.0" 200 - "-" "WordPress/6.6.2; https://sizabil.sk"
139.59.136.184 - - [22/Nov/2024:08:00:34 -0800] "GET /telescope/requests HTTP/1.0" 404 59569 "-" "Go-http-client/1.1"
139.59.136.184 - - [22/Nov/2024:08:00:37 -0800] "GET /?rest_route=/wp/v2/users/ HTTP/1.0" 200 7138 "-" "Go-http-client/1.1"
54.36.149.84 - - [22/Nov/2024:08:05:25 -0800] "GET /robots.txt HTTP/1.0" 200 30 "-" "Mozilla/5.0 (compatible; AhrefsBot/7.0; +http://ahrefs.com/robot/)"
172.105.158.219 - - [22/Nov/2024:08:25:55 -0800] "GET / HTTP/1.0" 200 139086 "-" "-"
172.105.158.219 - - [22/Nov/2024:08:25:56 -0800] "GET / HTTP/1.0" 200 139086 "-" "Mozilla/5.0 (Linux; Android 6.0; HTC One M9 Build/MRA421096) AppleWebKit/537.36 (KHTML, like Gecko) Chrome/52.0.3518.98 Mobile Safari/537.3"
209.182.200.39 - - [22/Nov/2024:08:25:58 -0800] "POST /wp-cron.php?doing_wp_cron=1732292758.0043909549713134765625 HTTP/1.0" 200 - "-" "WordPress/6.6.2; https://sizabil.sk"
172.105.158.219 - - [22/Nov/2024:08:25:57 -0800] "GET /server HTTP/1.0" 404 59429 "-" "Go-http-client/1.1"
172.105.158.219 - - [22/Nov/2024:08:25:58 -0800] "GET /.vscode/sftp.json HTTP/1.0" 404 59440 "-" "Go-http-client/1.1"
172.105.158.219 - - [22/Nov/2024:08:25:59 -0800] "GET /about HTTP/1.0" 404 59428 "-" "Go-http-client/1.1"
172.105.158.219 - - [22/Nov/2024:08:26:00 -0800] "GET /debug/default/view?panel=config HTTP/1.0" 404 59441 "-" "Go-http-client/1.1"
172.105.158.219 - - [22/Nov/2024:08:26:01 -0800] "GET /v2/_catalog HTTP/1.0" 404 59434 "-" "Go-http-client/1.1"
172.105.158.219 - - [22/Nov/2024:08:26:01 -0800] "GET /ecp/Current/exporttool/microsoft.exchange.ediscovery.exporttool.application HTTP/1.0" 404 59498 "-" "Go-http-client/1.1"
172.105.158.219 - - [22/Nov/2024:08:26:02 -0800] "GET /server-status HTTP/1.0" 403 228 "-" "Go-http-client/1.1"
172.105.158.219 - - [22/Nov/2024:08:26:02 -0800] "GET /login.action HTTP/1.0" 404 59435 "-" "Go-http-client/1.1"
172.105.158.219 - - [22/Nov/2024:08:26:03 -0800] "GET /_all_dbs HTTP/1.0" 404 59431 "-" "Mozilla/5.0 (l9scan/2.0.435323e2230323e2238313e2930323; +https://leakix.net)"
172.105.158.219 - - [22/Nov/2024:08:26:04 -0800] "GET /.DS_Store HTTP/1.0" 404 59432 "-" "Go-http-client/1.1"
172.105.158.219 - - [22/Nov/2024:08:26:05 -0800] "GET /.env HTTP/1.0" 404 59427 "-" "Go-http-client/1.1"
172.105.158.219 - - [22/Nov/2024:08:26:06 -0800] "GET /.git/config HTTP/1.0" 404 59434 "-" "Go-http-client/1.1"
172.105.158.219 - - [22/Nov/2024:08:26:07 -0800] "GET /s/435323e2230323e2238313e2930323/_/;/META-INF/maven/com.atlassian.jira/jira-webapp-dist/pom.properties HTTP/1.0" 404 59525 "-" "Go-http-client/1.1"
172.105.158.219 - - [22/Nov/2024:08:26:07 -0800] "GET /config.json HTTP/1.0" 404 59434 "-" "Go-http-client/1.1"
172.105.158.219 - - [22/Nov/2024:08:26:08 -0800] "GET /telescope/requests HTTP/1.0" 404 59441 "-" "Go-http-client/1.1"
172.105.158.219 - - [22/Nov/2024:08:26:09 -0800] "GET /?rest_route=/wp/v2/users/ HTTP/1.0" 200 7138 "-" "Go-http-client/1.1"
17.241.227.239 - - [22/Nov/2024:08:41:04 -0800] "GET /game/funny-casino-brilliant-hot/ HTTP/1.0" 200 74666 "-" "Mozilla/5.0 (Macintosh; Intel Mac OS X 10_15_7) AppleWebKit/605.1.15 (KHTML, like Gecko) Version/17.4 Safari/605.1.15 (Applebot/0.1; +http://www.apple.com/go/applebot)"
17.241.75.107 - - [22/Nov/2024:08:44:16 -0800] "GET /wp-content/uploads/2024/03/bigjoker.png HTTP/1.0" 200 171455 "-" "Mozilla/5.0 (Macintosh; Intel Mac OS X 10_15_7) AppleWebKit/605.1.15 (KHTML, like Gecko) Version/17.4 Safari/605.1.15 (Applebot/0.1; +http://www.apple.com/go/applebot)"
17.241.227.200 - - [22/Nov/2024:08:47:44 -0800] "GET /wp-content/uploads/2019/05/loki-casino-bonus-code-allbonuscodes2.png HTTP/1.0" 200 4284 "-" "Mozilla/5.0 (Macintosh; Intel Mac OS X 10_15_7) AppleWebKit/605.1.15 (KHTML, like Gecko) Version/17.4 Safari/605.1.15 (Applebot/0.1; +http://www.apple.com/go/applebot)"
17.241.75.73 - - [22/Nov/2024:09:25:02 -0800] "GET /wp-content/uploads/2020/07/image_2020_07_09T21_56_47_289Z-450x317.png HTTP/1.0" 200 241312 "-" "Mozilla/5.0 (Macintosh; Intel Mac OS X 10_15_7) AppleWebKit/605.1.15 (KHTML, like Gecko) Version/17.4 Safari/605.1.15 (Applebot/0.1; +http://www.apple.com/go/applebot)"
216.244.66.203 - - [22/Nov/2024:10:19:12 -0800] "GET /robots.txt HTTP/1.0" 200 30 "-" "Mozilla/5.0 (compatible; DotBot/1.2; +https://opensiteexplorer.org/dotbot; help@moz.com)"
216.244.66.203 - - [22/Nov/2024:10:20:41 -0800] "GET /casino/ HTTP/1.0" 200 61073 "-" "Mozilla/5.0 (compatible; DotBot/1.2; +https://opensiteexplorer.org/dotbot; help@moz.com)"
216.244.66.203 - - [22/Nov/2024:10:21:12 -0800] "GET /game/funny-casino-banana-party/feed/ HTTP/1.0" 200 862 "-" "Mozilla/5.0 (compatible; DotBot/1.2; +https://opensiteexplorer.org/dotbot; help@moz.com)"
104.197.69.115 - - [22/Nov/2024:10:57:32 -0800] "GET / HTTP/1.0" 200 139086 "-" "Mozilla/5.0 (X11; Linux x86_64) AppleWebKit/537.36 (KHTML, like Gecko) HeadlessChrome/125.0.6422.60 Safari/537.36"
34.72.176.129 - - [22/Nov/2024:10:57:33 -0800] "GET /wp-content/themes/mercury/css/animate.css?ver=2.3.4 HTTP/1.0" 200 73029 "http://sizabil.sk/" "Mozilla/5.0 (X11; Linux x86_64) AppleWebKit/537.36 (KHTML, like Gecko) HeadlessChrome/125.0.6422.60 Safari/537.36"
34.72.176.129 - - [22/Nov/2024:10:57:33 -0800] "GET /wp-content/themes/mercury/style.css?ver=3.3.1 HTTP/1.0" 200 159008 "http://sizabil.sk/" "Mozilla/5.0 (X11; Linux x86_64) AppleWebKit/537.36 (KHTML, like Gecko) HeadlessChrome/125.0.6422.60 Safari/537.36"
34.122.147.229 - - [22/Nov/2024:10:57:33 -0800] "GET /wp-content/plugins/revslider/public/assets/css/settings.css?ver=5.4.3.2 HTTP/1.0" 200 29789 "http://sizabil.sk/" "Mozilla/5.0 (X11; Linux x86_64) AppleWebKit/537.36 (KHTML, like Gecko) HeadlessChrome/125.0.6422.60 Safari/537.36"
104.197.69.115 - - [22/Nov/2024:10:57:33 -0800] "GET /wp-content/themes/mercury/css/owl.carousel.min.css?ver=2.3.4 HTTP/1.0" 200 3356 "http://sizabil.sk/" "Mozilla/5.0 (X11; Linux x86_64) AppleWebKit/537.36 (KHTML, like Gecko) HeadlessChrome/125.0.6422.60 Safari/537.36"
104.197.69.115 - - [22/Nov/2024:10:57:33 -0800] "GET /wp-content/plugins/preloader-plus/assets/css/preloader-plus.min.css?ver=2.2.1 HTTP/1.0" 200 1440 "http://sizabil.sk/" "Mozilla/5.0 (X11; Linux x86_64) AppleWebKit/537.36 (KHTML, like Gecko) HeadlessChrome/125.0.6422.60 Safari/537.36"
104.197.69.115 - - [22/Nov/2024:10:57:33 -0800] "GET /wp-includes/css/dist/block-library/style.min.css?ver=6.6.2 HTTP/1.0" 200 112427 "http://sizabil.sk/" "Mozilla/5.0 (X11; Linux x86_64) AppleWebKit/537.36 (KHTML, like Gecko) HeadlessChrome/125.0.6422.60 Safari/537.36"
104.197.69.115 - - [22/Nov/2024:10:57:33 -0800] "GET /wp-content/themes/mercury/css/media.css?ver=3.3.1 HTTP/1.0" 200 57603 "http://sizabil.sk/" "Mozilla/5.0 (X11; Linux x86_64) AppleWebKit/537.36 (KHTML, like Gecko) HeadlessChrome/125.0.6422.60 Safari/537.36"
104.197.69.115 - - [22/Nov/2024:10:57:33 -0800] "GET /wp-content/plugins/layered-popups/css/style.min.css?ver=6.46 HTTP/1.0" 200 10840 "http://sizabil.sk/" "Mozilla/5.0 (X11; Linux x86_64) AppleWebKit/537.36 (KHTML, like Gecko) HeadlessChrome/125.0.6422.60 Safari/537.36"
104.197.69.115 - - [22/Nov/2024:10:57:33 -0800] "GET /wp-content/plugins/layered-popups/css/link-buttons.min.css?ver=6.46 HTTP/1.0" 200 5665 "http://sizabil.sk/" "Mozilla/5.0 (X11; Linux x86_64) AppleWebKit/537.36 (KHTML, like Gecko) HeadlessChrome/125.0.6422.60 Safari/537.36"
104.197.69.115 - - [22/Nov/2024:10:57:33 -0800] "GET /wp-content/plugins/layered-popups/css/animate.min.css?ver=6.46 HTTP/1.0" 200 59749 "http://sizabil.sk/" "Mozilla/5.0 (X11; Linux x86_64) AppleWebKit/537.36 (KHTML, like Gecko) HeadlessChrome/125.0.6422.60 Safari/537.36"
104.197.69.115 - - [22/Nov/2024:10:57:33 -0800] "GET /wp-content/plugins/layered-popups/css/spinkit.min.css?ver=6.46 HTTP/1.0" 200 16896 "http://sizabil.sk/" "Mozilla/5.0 (X11; Linux x86_64) AppleWebKit/537.36 (KHTML, like Gecko) HeadlessChrome/125.0.6422.60 Safari/537.36"
104.197.69.115 - - [22/Nov/2024:10:57:33 -0800] "GET /wp-includes/js/jquery/jquery.min.js?ver=3.7.1 HTTP/1.0" 200 87553 "http://sizabil.sk/" "Mozilla/5.0 (X11; Linux x86_64) AppleWebKit/537.36 (KHTML, like Gecko) HeadlessChrome/125.0.6422.60 Safari/537.36"
104.197.69.115 - - [22/Nov/2024:10:57:33 -0800] "GET /wp-includes/js/jquery/jquery-migrate.min.js?ver=3.4.1 HTTP/1.0" 200 13577 "http://sizabil.sk/" "Mozilla/5.0 (X11; Linux x86_64) AppleWebKit/537.36 (KHTML, like Gecko) HeadlessChrome/125.0.6422.60 Safari/537.36"
104.197.69.115 - - [22/Nov/2024:10:57:33 -0800] "GET /wp-content/plugins/preloader-plus//assets/js/preloader-plus.min.js?ver=2.2.1 HTTP/1.0" 200 1164 "http://sizabil.sk/" "Mozilla/5.0 (X11; Linux x86_64) AppleWebKit/537.36 (KHTML, like Gecko) HeadlessChrome/125.0.6422.60 Safari/537.36"
104.197.69.115 - - [22/Nov/2024:10:57:33 -0800] "GET /wp-content/plugins/revslider/public/assets/js/jquery.themepunch.tools.min.js?ver=5.4.3.2 HTTP/1.0" 200 110563 "http://sizabil.sk/" "Mozilla/5.0 (X11; Linux x86_64) AppleWebKit/537.36 (KHTML, like Gecko) HeadlessChrome/125.0.6422.60 Safari/537.36"
104.197.69.115 - - [22/Nov/2024:10:57:33 -0800] "GET /wp-content/plugins/revslider/public/assets/js/jquery.themepunch.revolution.min.js?ver=5.4.3.2 HTTP/1.0" 200 64750 "http://sizabil.sk/" "Mozilla/5.0 (X11; Linux x86_64) AppleWebKit/537.36 (KHTML, like Gecko) HeadlessChrome/125.0.6422.60 Safari/537.36"
104.197.69.115 - - [22/Nov/2024:10:57:33 -0800] "GET /wp-content/plugins/revslider/admin/assets/images/dummy.png HTTP/1.0" 200 73 "http://sizabil.sk/" "Mozilla/5.0 (X11; Linux x86_64) AppleWebKit/537.36 (KHTML, like Gecko) HeadlessChrome/125.0.6422.60 Safari/537.36"
104.197.69.115 - - [22/Nov/2024:10:57:34 -0800] "GET /wp-content/uploads/2020/07/logo-footer-126x40.png HTTP/1.0" 200 6849 "http://sizabil.sk/" "Mozilla/5.0 (X11; Linux x86_64) AppleWebKit/537.36 (KHTML, like Gecko) HeadlessChrome/125.0.6422.60 Safari/537.36"
104.197.69.115 - - [22/Nov/2024:10:57:34 -0800] "GET /wp-content/uploads/2020/07/icon.png HTTP/1.0" 200 5284 "http://sizabil.sk/" "Mozilla/5.0 (X11; Linux x86_64) AppleWebKit/537.36 (KHTML, like Gecko) HeadlessChrome/125.0.6422.60 Safari/537.36"
104.197.69.115 - - [22/Nov/2024:10:57:34 -0800] "GET /wp-content/themes/mercury/js/theia-sticky-sidebar.min.js?ver=1.7.0 HTTP/1.0" 200 5433 "http://sizabil.sk/" "Mozilla/5.0 (X11; Linux x86_64) AppleWebKit/537.36 (KHTML, like Gecko) HeadlessChrome/125.0.6422.60 Safari/537.36"
104.197.69.115 - - [22/Nov/2024:10:57:34 -0800] "GET /wp-content/themes/mercury/js/enable-sticky-sidebar.js?ver=3.3.1 HTTP/1.0" 200 163 "http://sizabil.sk/" "Mozilla/5.0 (X11; Linux x86_64) AppleWebKit/537.36 (KHTML, like Gecko) HeadlessChrome/125.0.6422.60 Safari/537.36"
104.197.69.115 - - [22/Nov/2024:10:57:34 -0800] "GET /wp-content/themes/mercury/js/floating-header.js?ver=3.3.1 HTTP/1.0" 200 415 "http://sizabil.sk/" "Mozilla/5.0 (X11; Linux x86_64) AppleWebKit/537.36 (KHTML, like Gecko) HeadlessChrome/125.0.6422.60 Safari/537.36"
34.122.147.229 - - [22/Nov/2024:10:57:34 -0800] "GET /wp-content/themes/mercury/js/owl.carousel.min.js?ver=2.3.4 HTTP/1.0" 200 44348 "http://sizabil.sk/" "Mozilla/5.0 (X11; Linux x86_64) AppleWebKit/537.36 (KHTML, like Gecko) HeadlessChrome/125.0.6422.60 Safari/537.36"
104.197.69.115 - - [22/Nov/2024:10:57:34 -0800] "GET /wp-content/themes/mercury/js/scripts.js?ver=3.3.1 HTTP/1.0" 200 3189 "http://sizabil.sk/" "Mozilla/5.0 (X11; Linux x86_64) AppleWebKit/537.36 (KHTML, like Gecko) HeadlessChrome/125.0.6422.60 Safari/537.36"
104.197.69.115 - - [22/Nov/2024:10:57:34 -0800] "GET /wp-content/plugins/layered-popups/js/script.min.js?ver=6.46 HTTP/1.0" 200 50869 "http://sizabil.sk/" "Mozilla/5.0 (X11; Linux x86_64) AppleWebKit/537.36 (KHTML, like Gecko) HeadlessChrome/125.0.6422.60 Safari/537.36"
34.122.147.229 - - [22/Nov/2024:10:57:34 -0800] "GET /wp-content/plugins/layered-popups/js/ads.js?ver=6.46 HTTP/1.0" 200 22 "http://sizabil.sk/" "Mozilla/5.0 (X11; Linux x86_64) AppleWebKit/537.36 (KHTML, like Gecko) HeadlessChrome/125.0.6422.60 Safari/537.36"
34.72.176.129 - - [22/Nov/2024:10:57:34 -0800] "GET /wp-content/uploads/2020/07/550e6e21e4.png HTTP/1.0" 200 3610 "http://sizabil.sk/" "Mozilla/5.0 (X11; Linux x86_64) AppleWebKit/537.36 (KHTML, like Gecko) HeadlessChrome/125.0.6422.60 Safari/537.36"
104.197.69.115 - - [22/Nov/2024:10:57:35 -0800] "GET /wp-content/uploads/2019/05/mars-casino-2.png HTTP/1.0" 200 3267 "http://sizabil.sk/" "Mozilla/5.0 (X11; Linux x86_64) AppleWebKit/537.36 (KHTML, like Gecko) HeadlessChrome/125.0.6422.60 Safari/537.36"
104.197.69.115 - - [22/Nov/2024:10:57:35 -0800] "GET /wp-content/uploads/2024/03/13.jpg HTTP/1.0" 200 28265 "http://sizabil.sk/" "Mozilla/5.0 (X11; Linux x86_64) AppleWebKit/537.36 (KHTML, like Gecko) HeadlessChrome/125.0.6422.60 Safari/537.36"
34.122.147.229 - - [22/Nov/2024:10:57:35 -0800] "GET /wp-content/uploads/2019/05/Regent_Logo_Animation_4_golden_circle.png HTTP/1.0" 200 3784 "http://sizabil.sk/" "Mozilla/5.0 (X11; Linux x86_64) AppleWebKit/537.36 (KHTML, like Gecko) HeadlessChrome/125.0.6422.60 Safari/537.36"
104.197.69.115 - - [22/Nov/2024:10:57:35 -0800] "GET /wp-content/uploads/2024/03/11.jpg HTTP/1.0" 200 25889 "http://sizabil.sk/" "Mozilla/5.0 (X11; Linux x86_64) AppleWebKit/537.36 (KHTML, like Gecko) HeadlessChrome/125.0.6422.60 Safari/537.36"
34.72.176.129 - - [22/Nov/2024:10:57:35 -0800] "GET /wp-content/uploads/2019/05/loki-casino-bonus-code-allbonuscodes2.png HTTP/1.0" 200 4284 "http://sizabil.sk/" "Mozilla/5.0 (X11; Linux x86_64) AppleWebKit/537.36 (KHTML, like Gecko) HeadlessChrome/125.0.6422.60 Safari/537.36"
34.72.176.129 - - [22/Nov/2024:10:57:35 -0800] "GET /wp-content/uploads/2024/03/bigjoker.png HTTP/1.0" 200 171455 "http://sizabil.sk/" "Mozilla/5.0 (X11; Linux x86_64) AppleWebKit/537.36 (KHTML, like Gecko) HeadlessChrome/125.0.6422.60 Safari/537.36"
104.197.69.115 - - [22/Nov/2024:10:57:35 -0800] "GET /wp-content/uploads/2024/03/51StxCr-UOL._AC_-450x317.jpg HTTP/1.0" 200 39263 "http://sizabil.sk/" "Mozilla/5.0 (X11; Linux x86_64) AppleWebKit/537.36 (KHTML, like Gecko) HeadlessChrome/125.0.6422.60 Safari/537.36"
34.72.176.129 - - [22/Nov/2024:10:57:35 -0800] "GET /wp-content/uploads/2020/07/roulette-2246562_1920-450x317.jpg HTTP/1.0" 200 31175 "http://sizabil.sk/" "Mozilla/5.0 (X11; Linux x86_64) AppleWebKit/537.36 (KHTML, like Gecko) HeadlessChrome/125.0.6422.60 Safari/537.36"
34.122.147.229 - - [22/Nov/2024:10:57:35 -0800] "GET /wp-content/uploads/2020/07/image_2020_07_09T21_55_46_353Z-450x300.png HTTP/1.0" 200 203027 "http://sizabil.sk/" "Mozilla/5.0 (X11; Linux x86_64) AppleWebKit/537.36 (KHTML, like Gecko) HeadlessChrome/125.0.6422.60 Safari/537.36"
104.197.69.115 - - [22/Nov/2024:10:57:35 -0800] "GET /wp-content/uploads/2020/07/image_2020_07_09T21_56_47_289Z-450x317.png HTTP/1.0" 200 241312 "http://sizabil.sk/" "Mozilla/5.0 (X11; Linux x86_64) AppleWebKit/537.36 (KHTML, like Gecko) HeadlessChrome/125.0.6422.60 Safari/537.36"
104.197.69.115 - - [22/Nov/2024:10:57:35 -0800] "GET /wp-content/uploads/2019/05/cards-casino-chance-chip-269630-450x317.jpg HTTP/1.0" 200 31032 "http://sizabil.sk/" "Mozilla/5.0 (X11; Linux x86_64) AppleWebKit/537.36 (KHTML, like Gecko) HeadlessChrome/125.0.6422.60 Safari/537.36"
104.197.69.115 - - [22/Nov/2024:10:57:35 -0800] "GET /wp-content/uploads/2020/07/gunsbet-casino.png HTTP/1.0" 200 3120 "http://sizabil.sk/" "Mozilla/5.0 (X11; Linux x86_64) AppleWebKit/537.36 (KHTML, like Gecko) HeadlessChrome/125.0.6422.60 Safari/537.36"
34.72.176.129 - - [22/Nov/2024:10:57:35 -0800] "GET /wp-content/uploads/2020/07/logo.png HTTP/1.0" 200 6680 "http://sizabil.sk/" "Mozilla/5.0 (X11; Linux x86_64) AppleWebKit/537.36 (KHTML, like Gecko) HeadlessChrome/125.0.6422.60 Safari/537.36"
104.197.69.115 - - [22/Nov/2024:10:57:35 -0800] "GET /wp-content/uploads/2019/05/golden-star-lg-1-1.png HTTP/1.0" 200 5360 "http://sizabil.sk/" "Mozilla/5.0 (X11; Linux x86_64) AppleWebKit/537.36 (KHTML, like Gecko) HeadlessChrome/125.0.6422.60 Safari/537.36"
104.197.69.115 - - [22/Nov/2024:10:57:35 -0800] "GET /wp-content/uploads/2019/05/7bit_logo.png HTTP/1.0" 200 4187 "http://sizabil.sk/" "Mozilla/5.0 (X11; Linux x86_64) AppleWebKit/537.36 (KHTML, like Gecko) HeadlessChrome/125.0.6422.60 Safari/537.36"
104.197.69.115 - - [22/Nov/2024:10:57:35 -0800] "GET /wp-content/uploads/2020/07/EU_Slot.png HTTP/1.0" 200 3162 "http://sizabil.sk/" "Mozilla/5.0 (X11; Linux x86_64) AppleWebKit/537.36 (KHTML, like Gecko) HeadlessChrome/125.0.6422.60 Safari/537.36"
34.72.176.129 - - [22/Nov/2024:10:57:35 -0800] "GET /wp-content/uploads/2024/03/13-50x50.jpg HTTP/1.0" 200 1690 "http://sizabil.sk/" "Mozilla/5.0 (X11; Linux x86_64) AppleWebKit/537.36 (KHTML, like Gecko) HeadlessChrome/125.0.6422.60 Safari/537.36"
34.72.176.129 - - [22/Nov/2024:10:57:35 -0800] "GET /wp-content/uploads/2024/03/11-50x50.jpg HTTP/1.0" 200 1832 "http://sizabil.sk/" "Mozilla/5.0 (X11; Linux x86_64) AppleWebKit/537.36 (KHTML, like Gecko) HeadlessChrome/125.0.6422.60 Safari/537.36"
34.72.176.129 - - [22/Nov/2024:10:57:35 -0800] "GET /wp-content/uploads/2024/03/bigjoker-50x50.png HTTP/1.0" 200 6273 "http://sizabil.sk/" "Mozilla/5.0 (X11; Linux x86_64) AppleWebKit/537.36 (KHTML, like Gecko) HeadlessChrome/125.0.6422.60 Safari/537.36"
34.72.176.129 - - [22/Nov/2024:10:57:35 -0800] "GET /wp-content/uploads/2024/03/51StxCr-UOL._AC_-50x50.jpg HTTP/1.0" 200 1694 "http://sizabil.sk/" "Mozilla/5.0 (X11; Linux x86_64) AppleWebKit/537.36 (KHTML, like Gecko) HeadlessChrome/125.0.6422.60 Safari/537.36"
34.122.147.229 - - [22/Nov/2024:10:57:35 -0800] "GET /wp-content/uploads/2020/07/roulette-2246562_1920-50x50.jpg HTTP/1.0" 200 1934 "http://sizabil.sk/" "Mozilla/5.0 (X11; Linux x86_64) AppleWebKit/537.36 (KHTML, like Gecko) HeadlessChrome/125.0.6422.60 Safari/537.36"
34.122.147.229 - - [22/Nov/2024:10:57:35 -0800] "GET /wp-content/plugins/gtranslate/js/float.js?ver=6.6.2 HTTP/1.0" 200 22878 "http://sizabil.sk/" "Mozilla/5.0 (X11; Linux x86_64) AppleWebKit/537.36 (KHTML, like Gecko) HeadlessChrome/125.0.6422.60 Safari/537.36"
34.72.176.129 - - [22/Nov/2024:10:57:36 -0800] "GET /wp-includes/js/wp-emoji-release.min.js?ver=6.6.2 HTTP/1.0" 200 18726 "http://sizabil.sk/" "Mozilla/5.0 (X11; Linux x86_64) AppleWebKit/537.36 (KHTML, like Gecko) HeadlessChrome/125.0.6422.60 Safari/537.36"
34.122.147.229 - - [22/Nov/2024:10:57:36 -0800] "GET /wp-content/plugins/gtranslate/flags/svg/en.svg HTTP/1.0" 200 862 "http://sizabil.sk/" "Mozilla/5.0 (X11; Linux x86_64) AppleWebKit/537.36 (KHTML, like Gecko) HeadlessChrome/125.0.6422.60 Safari/537.36"
34.72.176.129 - - [22/Nov/2024:10:57:36 -0800] "GET /wp-content/plugins/revslider/public/assets/js/extensions/revolution.extension.slideanims.min.js?version=5.4.4 HTTP/1.0" 200 28235 "http://sizabil.sk/" "Mozilla/5.0 (X11; Linux x86_64) AppleWebKit/537.36 (KHTML, like Gecko) HeadlessChrome/125.0.6422.60 Safari/537.36"
34.122.147.229 - - [22/Nov/2024:10:57:36 -0800] "GET /wp-content/plugins/revslider/public/assets/js/extensions/revolution.extension.layeranimation.min.js?version=5.4.4 HTTP/1.0" 200 55158 "http://sizabil.sk/" "Mozilla/5.0 (X11; Linux x86_64) AppleWebKit/537.36 (KHTML, like Gecko) HeadlessChrome/125.0.6422.60 Safari/537.36"
34.72.176.129 - - [22/Nov/2024:10:57:36 -0800] "GET /wp-content/plugins/revslider/public/assets/js/extensions/revolution.extension.navigation.min.js?version=5.4.4 HTTP/1.0" 200 26101 "http://sizabil.sk/" "Mozilla/5.0 (X11; Linux x86_64) AppleWebKit/537.36 (KHTML, like Gecko) HeadlessChrome/125.0.6422.60 Safari/537.36"
34.122.147.229 - - [22/Nov/2024:10:57:36 -0800] "GET /wp-content/plugins/revslider/public/assets/js/extensions/revolution.extension.parallax.min.js?version=5.4.4 HTTP/1.0" 200 10861 "http://sizabil.sk/" "Mozilla/5.0 (X11; Linux x86_64) AppleWebKit/537.36 (KHTML, like Gecko) HeadlessChrome/125.0.6422.60 Safari/537.36"
34.122.147.229 - - [22/Nov/2024:10:57:36 -0800] "GET /wp-content/plugins/revslider/public/assets/fonts/revicons/revicons.woff?5510888 HTTP/1.0" 200 7536 "http://sizabil.sk/wp-content/plugins/revslider/public/assets/css/settings.css?ver=5.4.3.2" "Mozilla/5.0 (X11; Linux x86_64) AppleWebKit/537.36 (KHTML, like Gecko) HeadlessChrome/125.0.6422.60 Safari/537.36"
34.72.176.129 - - [22/Nov/2024:10:57:36 -0800] "GET /wp-content/uploads/2020/07/1.jpg HTTP/1.0" 200 421511 "http://sizabil.sk/" "Mozilla/5.0 (X11; Linux x86_64) AppleWebKit/537.36 (KHTML, like Gecko) HeadlessChrome/125.0.6422.60 Safari/537.36"
34.122.147.229 - - [22/Nov/2024:10:57:36 -0800] "GET /wp-content/uploads/2020/07/3.jpg HTTP/1.0" 200 251248 "http://sizabil.sk/" "Mozilla/5.0 (X11; Linux x86_64) AppleWebKit/537.36 (KHTML, like Gecko) HeadlessChrome/125.0.6422.60 Safari/537.36"
34.122.147.229 - - [22/Nov/2024:10:57:37 -0800] "GET /wp-content/uploads/2020/07/2.jpg HTTP/1.0" 200 209991 "http://sizabil.sk/" "Mozilla/5.0 (X11; Linux x86_64) AppleWebKit/537.36 (KHTML, like Gecko) HeadlessChrome/125.0.6422.60 Safari/537.36"
104.197.69.115 - - [22/Nov/2024:10:57:35 -0800] "GET /wp-content/uploads/2024/03/61Zu4Yb36ML._AC_-450x450.jpg HTTP/1.0" 404 59397 "http://sizabil.sk/" "Mozilla/5.0 (X11; Linux x86_64) AppleWebKit/537.36 (KHTML, like Gecko) HeadlessChrome/125.0.6422.60 Safari/537.36"
34.72.176.129 - - [22/Nov/2024:10:57:35 -0800] "GET /wp-content/uploads/2024/03/51lpGm4L8KL._AC_-450x450.jpg HTTP/1.0" 404 59397 "http://sizabil.sk/" "Mozilla/5.0 (X11; Linux x86_64) AppleWebKit/537.36 (KHTML, like Gecko) HeadlessChrome/125.0.6422.60 Safari/537.36"
104.197.69.115 - - [22/Nov/2024:10:57:35 -0800] "GET /wp-content/uploads/2024/03/5155huIm3LL-395x450.jpg HTTP/1.0" 404 59392 "http://sizabil.sk/" "Mozilla/5.0 (X11; Linux x86_64) AppleWebKit/537.36 (KHTML, like Gecko) HeadlessChrome/125.0.6422.60 Safari/537.36"
209.182.200.39 - - [22/Nov/2024:10:57:36 -0800] "POST /wp-cron.php?doing_wp_cron=1732301856.7486159801483154296875 HTTP/1.0" 200 - "-" "WordPress/6.6.2; http://sizabil.sk"
