88.90.248.233 - - [22/Nov/2024:18:28:01 -0800] "GET /product/850mhz-cdma-cell-phone-signal-booster-amplifier-mobile-repeater-for-home-signal/?add_to_wishlist=5654&_wpnonce=49123e2122 HTTP/1.0" 200 3177 "-" "Mozilla/5.0 (compatible; MJ12bot/v1.4.8; http://mj12bot.com/)"
88.90.248.233 - - [22/Nov/2024:18:28:03 -0800] "GET /product/900mhz-2g-3g-4g-cell-phone-signal-booster-mobile-repeater-kit-at-t-verizon-us/?add_to_wishlist=5648&_wpnonce=49123e2122 HTTP/1.0" 200 3177 "-" "Mozilla/5.0 (compatible; MJ12bot/v1.4.8; http://mj12bot.com/)"
88.90.248.233 - - [22/Nov/2024:18:28:04 -0800] "GET /product/a1-smart-watch-bluetooth-camera-gsm-sim-for-android-ios-phones-sport-tracker/?add_to_wishlist=5819&_wpnonce=49123e2122 HTTP/1.0" 200 3177 "-" "Mozilla/5.0 (compatible; MJ12bot/v1.4.8; http://mj12bot.com/)"
88.90.248.233 - - [22/Nov/2024:18:28:06 -0800] "GET /product/alcatel-1-16gb-5-0-full-view-display-removable-battery-fm-radio-dual-sim-gsm-unlocked-us-global-4g-lte-international-version-5033e-bluish-black/?add_to_wishlist=6924&_wpnonce=49123e2122 HTTP/1.0" 200 3177 "-" "Mozilla/5.0 (compatible; MJ12bot/v1.4.8; http://mj12bot.com/)"
88.90.248.233 - - [22/Nov/2024:18:28:08 -0800] "GET /product/alcatel-7-32gb-gsm-unlocked-worldwide-new/?add-to-cart=5972 HTTP/1.0" 200 3177 "-" "Mozilla/5.0 (compatible; MJ12bot/v1.4.8; http://mj12bot.com/)"
88.90.248.233 - - [22/Nov/2024:18:28:09 -0800] "GET /product/amazfit-bip-lite-a1915-smart-watch-3-atm-water-resistant-bluetooth-4-1/?add-to-cart=5608 HTTP/1.0" 200 3177 "-" "Mozilla/5.0 (compatible; MJ12bot/v1.4.8; http://mj12bot.com/)"
88.90.248.233 - - [22/Nov/2024:18:28:11 -0800] "GET /product/amazfit-bip-lite-a1915-smart-watch-3-atm-water-resistant-bluetooth-4-1/?add-to-cart=5612 HTTP/1.0" 200 3177 "-" "Mozilla/5.0 (compatible; MJ12bot/v1.4.8; http://mj12bot.com/)"
88.90.248.233 - - [22/Nov/2024:18:28:13 -0800] "GET /product/amazfit-bip-lite-a1915-smart-watch-3-atm-water-resistant-bluetooth-4-1/?add-to-cart=5690 HTTP/1.0" 200 3177 "-" "Mozilla/5.0 (compatible; MJ12bot/v1.4.8; http://mj12bot.com/)"
88.90.248.233 - - [22/Nov/2024:18:28:14 -0800] "GET /product/amazfit-bip-lite-a1915-smart-watch-3-atm-water-resistant-bluetooth-4-1/?add-to-cart=5702 HTTP/1.0" 200 3177 "-" "Mozilla/5.0 (compatible; MJ12bot/v1.4.8; http://mj12bot.com/)"
88.90.248.233 - - [22/Nov/2024:18:28:16 -0800] "GET /product/amazfit-bip-lite-a1915-smart-watch-3-atm-water-resistant-bluetooth-4-1/?add-to-cart=5713 HTTP/1.0" 200 3177 "-" "Mozilla/5.0 (compatible; MJ12bot/v1.4.8; http://mj12bot.com/)"
88.90.248.233 - - [22/Nov/2024:18:28:18 -0800] "GET /product/amazfit-bip-lite-a1915-smart-watch-3-atm-water-resistant-bluetooth-4-1/?add-to-cart=5726 HTTP/1.0" 200 3177 "-" "Mozilla/5.0 (compatible; MJ12bot/v1.4.8; http://mj12bot.com/)"
88.90.248.233 - - [22/Nov/2024:18:28:19 -0800] "GET /product/amazfit-bip-lite-a1915-smart-watch-3-atm-water-resistant-bluetooth-4-1/?add-to-cart=5796 HTTP/1.0" 200 3177 "-" "Mozilla/5.0 (compatible; MJ12bot/v1.4.8; http://mj12bot.com/)"
88.90.248.233 - - [22/Nov/2024:18:28:21 -0800] "GET /product/amazfit-bip-lite-a1915-smart-watch-3-atm-water-resistant-bluetooth-4-1/?add-to-cart=5856 HTTP/1.0" 200 3177 "-" "Mozilla/5.0 (compatible; MJ12bot/v1.4.8; http://mj12bot.com/)"
88.90.248.233 - - [22/Nov/2024:18:28:23 -0800] "GET /product/amazfit-bip-lite-a1915-smart-watch-3-atm-water-resistant-bluetooth-4-1/?add-to-cart=5869 HTTP/1.0" 200 3177 "-" "Mozilla/5.0 (compatible; MJ12bot/v1.4.8; http://mj12bot.com/)"
88.90.248.233 - - [22/Nov/2024:18:28:24 -0800] "GET /product/anti-peep-magnetic-double-side-tempered-glass-phone-case-for-iphone-11-pro-max-x/?add-to-cart=5638 HTTP/1.0" 200 3177 "-" "Mozilla/5.0 (compatible; MJ12bot/v1.4.8; http://mj12bot.com/)"
88.90.248.233 - - [22/Nov/2024:18:28:26 -0800] "GET /product/anti-peep-magnetic-double-side-tempered-glass-phone-case-for-iphone-11-pro-max-x/?add-to-cart=6024 HTTP/1.0" 200 3177 "-" "Mozilla/5.0 (compatible; MJ12bot/v1.4.8; http://mj12bot.com/)"
88.90.248.233 - - [22/Nov/2024:18:28:28 -0800] "GET /product/anti-peep-magnetic-double-side-tempered-glass-phone-case-for-iphone-11-pro-max-x/?add-to-cart=6032 HTTP/1.0" 200 3177 "-" "Mozilla/5.0 (compatible; MJ12bot/v1.4.8; http://mj12bot.com/)"
88.90.248.233 - - [22/Nov/2024:18:28:29 -0800] "GET /product/anti-peep-magnetic-double-side-tempered-glass-phone-case-for-iphone-11-pro-max-x/?add-to-cart=6046 HTTP/1.0" 200 3177 "-" "Mozilla/5.0 (compatible; MJ12bot/v1.4.8; http://mj12bot.com/)"
88.90.248.233 - - [22/Nov/2024:18:28:31 -0800] "GET /product/anti-peep-magnetic-double-side-tempered-glass-phone-case-for-iphone-11-pro-max-x/?add-to-cart=6048 HTTP/1.0" 200 3177 "-" "Mozilla/5.0 (compatible; MJ12bot/v1.4.8; http://mj12bot.com/)"
88.90.248.233 - - [22/Nov/2024:18:28:33 -0800] "GET /product/anti-peep-magnetic-double-side-tempered-glass-phone-case-for-iphone-11-pro-max-x/?add-to-cart=6060 HTTP/1.0" 200 3177 "-" "Mozilla/5.0 (compatible; MJ12bot/v1.4.8; http://mj12bot.com/)"
88.90.248.233 - - [22/Nov/2024:18:28:34 -0800] "GET /product/anti-peep-magnetic-double-side-tempered-glass-phone-case-for-iphone-11-pro-max-x/?add-to-cart=6070 HTTP/1.0" 200 3177 "-" "Mozilla/5.0 (compatible; MJ12bot/v1.4.8; http://mj12bot.com/)"
88.90.248.233 - - [22/Nov/2024:18:28:36 -0800] "GET /product/anti-spy-rf-signal-bug-finder-bh-03-hidden-camera-microphone-cell-phone-hunter/?add-to-cart=5930 HTTP/1.0" 200 3177 "-" "Mozilla/5.0 (compatible; MJ12bot/v1.4.8; http://mj12bot.com/)"
88.90.248.233 - - [22/Nov/2024:18:28:37 -0800] "GET /product/anti-spy-rf-signal-bug-finder-bh-03-hidden-camera-microphone-cell-phone-hunter/?add-to-cart=5948 HTTP/1.0" 200 3177 "-" "Mozilla/5.0 (compatible; MJ12bot/v1.4.8; http://mj12bot.com/)"
88.90.248.233 - - [22/Nov/2024:18:28:39 -0800] "GET /product/anti-spy-rf-signal-bug-finder-bh-03-hidden-camera-microphone-cell-phone-hunter/?add_to_wishlist=6008&_wpnonce=49123e2122 HTTP/1.0" 200 3177 "-" "Mozilla/5.0 (compatible; MJ12bot/v1.4.8; http://mj12bot.com/)"
88.90.248.233 - - [22/Nov/2024:18:28:41 -0800] "GET /product/apple-watch-series-4-40-44mm-aluminum-gps-gsm-cellular-smartwatch-w-sport-band/?add_to_wishlist=5734&_wpnonce=49123e2122 HTTP/1.0" 200 3177 "-" "Mozilla/5.0 (compatible; MJ12bot/v1.4.8; http://mj12bot.com/)"
88.90.248.233 - - [22/Nov/2024:18:28:42 -0800] "GET /product/armband-case-sports-gym-running-jogging-exercise-arm-band-phone-holder-key-bag/?add_to_wishlist=5556&_wpnonce=49123e2122 HTTP/1.0" 200 3177 "-" "Mozilla/5.0 (compatible; MJ12bot/v1.4.8; http://mj12bot.com/)"
88.90.248.233 - - [22/Nov/2024:18:28:44 -0800] "GET /product/armband-gym-belt-case-stretch-arm-band-sport-cell-phone-cover-run-holder-bag-usa/?add_to_wishlist=5552&_wpnonce=49123e2122 HTTP/1.0" 200 3177 "-" "Mozilla/5.0 (compatible; MJ12bot/v1.4.8; http://mj12bot.com/)"
88.90.248.233 - - [22/Nov/2024:18:28:46 -0800] "GET /product/att-signal-booster-cell-phone-booster-repeater-att-4g-lte-700mhz-host-band12-17/?add_to_wishlist=6112&_wpnonce=49123e2122 HTTP/1.0" 200 3177 "-" "Mozilla/5.0 (compatible; MJ12bot/v1.4.8; http://mj12bot.com/)"
88.90.248.233 - - [22/Nov/2024:18:28:47 -0800] "GET /product/att-verizon-700mhz-4g-lte-cell-phone-voice-data-signal-booster-kit-car-rv-truck/?add-to-cart=5650 HTTP/1.0" 200 3177 "-" "Mozilla/5.0 (compatible; MJ12bot/v1.4.8; http://mj12bot.com/)"
88.90.248.233 - - [22/Nov/2024:18:28:49 -0800] "GET /product/att-verizon-700mhz-4g-lte-cell-phone-voice-data-signal-booster-kit-car-rv-truck/?add-to-cart=5654 HTTP/1.0" 200 3177 "-" "Mozilla/5.0 (compatible; MJ12bot/v1.4.8; http://mj12bot.com/)"
88.90.248.233 - - [22/Nov/2024:18:28:51 -0800] "GET /product/att-verizon-700mhz-4g-lte-cell-phone-voice-data-signal-booster-kit-car-rv-truck/?add-to-cart=5660 HTTP/1.0" 200 3177 "-" "Mozilla/5.0 (compatible; MJ12bot/v1.4.8; http://mj12bot.com/)"
88.90.248.233 - - [22/Nov/2024:18:28:52 -0800] "GET /product/att-verizon-700mhz-4g-lte-cell-phone-voice-data-signal-booster-kit-car-rv-truck/?add-to-cart=6088 HTTP/1.0" 200 3177 "-" "Mozilla/5.0 (compatible; MJ12bot/v1.4.8; http://mj12bot.com/)"
88.90.248.233 - - [22/Nov/2024:18:28:54 -0800] "GET /product/att-verizon-700mhz-4g-lte-cell-phone-voice-data-signal-booster-kit-car-rv-truck/?add-to-cart=6096 HTTP/1.0" 200 3177 "-" "Mozilla/5.0 (compatible; MJ12bot/v1.4.8; http://mj12bot.com/)"
88.90.248.233 - - [22/Nov/2024:18:28:56 -0800] "GET /product/att-verizon-700mhz-4g-lte-cell-phone-voice-data-signal-booster-kit-car-rv-truck/?add-to-cart=6102 HTTP/1.0" 200 3177 "-" "Mozilla/5.0 (compatible; MJ12bot/v1.4.8; http://mj12bot.com/)"
88.90.248.233 - - [22/Nov/2024:18:28:57 -0800] "GET /product/att-verizon-700mhz-4g-lte-cell-phone-voice-data-signal-booster-kit-car-rv-truck/?add-to-cart=6106 HTTP/1.0" 200 3177 "-" "Mozilla/5.0 (compatible; MJ12bot/v1.4.8; http://mj12bot.com/)"
88.90.248.233 - - [22/Nov/2024:18:28:59 -0800] "GET /product/baby-musical-crib-mobile-bed-bell-toys-hanging-rattles-light-flash-projection-us/?add-to-cart=5726 HTTP/1.0" 200 3177 "-" "Mozilla/5.0 (compatible; MJ12bot/v1.4.8; http://mj12bot.com/)"
88.90.248.233 - - [22/Nov/2024:18:29:01 -0800] "GET /product/baseus-gravity-car-phone-holder-air-vent-cd-slot-for-iphone-11-pro-samsung-s10/?add-to-cart=5624 HTTP/1.0" 200 3177 "-" "Mozilla/5.0 (compatible; MJ12bot/v1.4.8; http://mj12bot.com/)"
88.90.248.233 - - [22/Nov/2024:18:29:02 -0800] "GET /product/baseus-gravity-car-phone-holder-air-vent-cd-slot-for-iphone-11-pro-samsung-s10/?add-to-cart=5936 HTTP/1.0" 200 3177 "-" "Mozilla/5.0 (compatible; MJ12bot/v1.4.8; http://mj12bot.com/)"
88.90.248.233 - - [22/Nov/2024:18:29:04 -0800] "GET /product/baseus-gravity-car-phone-holder-air-vent-cd-slot-for-iphone-11-pro-samsung-s10/?add-to-cart=5942 HTTP/1.0" 200 3177 "-" "Mozilla/5.0 (compatible; MJ12bot/v1.4.8; http://mj12bot.com/)"
88.90.248.233 - - [22/Nov/2024:18:29:05 -0800] "GET /product/baseus-gravity-car-phone-holder-air-vent-cd-slot-for-iphone-11-pro-samsung-s10/?add-to-cart=5946 HTTP/1.0" 200 3177 "-" "Mozilla/5.0 (compatible; MJ12bot/v1.4.8; http://mj12bot.com/)"
88.90.248.233 - - [22/Nov/2024:18:29:07 -0800] "GET /product/baseus-gravity-car-phone-holder-air-vent-cd-slot-for-iphone-11-pro-samsung-s10/?add-to-cart=5962 HTTP/1.0" 200 3177 "-" "Mozilla/5.0 (compatible; MJ12bot/v1.4.8; http://mj12bot.com/)"
88.90.248.233 - - [22/Nov/2024:18:29:09 -0800] "GET /product/baseus-gravity-car-phone-holder-air-vent-cd-slot-for-iphone-11-pro-samsung-s10/?add-to-cart=5964 HTTP/1.0" 200 3177 "-" "Mozilla/5.0 (compatible; MJ12bot/v1.4.8; http://mj12bot.com/)"
88.90.248.233 - - [22/Nov/2024:18:29:10 -0800] "GET /product/baseus-gravity-car-phone-holder-air-vent-cd-slot-for-iphone-11-pro-samsung-s10/?add-to-cart=5966 HTTP/1.0" 200 3177 "-" "Mozilla/5.0 (compatible; MJ12bot/v1.4.8; http://mj12bot.com/)"
88.90.248.233 - - [22/Nov/2024:18:29:12 -0800] "GET /product/baseus-gravity-car-phone-holder-stand-air-vent-mount-for-iphone-11-samsung-s10/?add-to-cart=5624 HTTP/1.0" 200 3177 "-" "Mozilla/5.0 (compatible; MJ12bot/v1.4.8; http://mj12bot.com/)"
88.90.248.233 - - [22/Nov/2024:18:29:14 -0800] "GET /product/baseus-gravity-car-phone-holder-stand-air-vent-mount-for-iphone-11-samsung-s10/?add-to-cart=5626 HTTP/1.0" 200 3177 "-" "Mozilla/5.0 (compatible; MJ12bot/v1.4.8; http://mj12bot.com/)"
88.90.248.233 - - [22/Nov/2024:18:29:15 -0800] "GET /product/baseus-gravity-car-phone-holder-stand-air-vent-mount-for-iphone-11-samsung-s10/?add-to-cart=5636 HTTP/1.0" 200 3177 "-" "Mozilla/5.0 (compatible; MJ12bot/v1.4.8; http://mj12bot.com/)"
88.90.248.233 - - [22/Nov/2024:18:29:17 -0800] "GET /product/baseus-gravity-car-phone-holder-stand-air-vent-mount-for-iphone-11-samsung-s10/?add-to-cart=5930 HTTP/1.0" 200 3177 "-" "Mozilla/5.0 (compatible; MJ12bot/v1.4.8; http://mj12bot.com/)"
88.90.248.233 - - [22/Nov/2024:18:29:19 -0800] "GET /product/baseus-gravity-car-phone-holder-stand-air-vent-mount-for-iphone-11-samsung-s10/?add-to-cart=5934 HTTP/1.0" 200 3177 "-" "Mozilla/5.0 (compatible; MJ12bot/v1.4.8; http://mj12bot.com/)"
88.90.248.233 - - [22/Nov/2024:18:29:20 -0800] "GET /product/baseus-gravity-car-phone-holder-stand-air-vent-mount-for-iphone-11-samsung-s10/?add-to-cart=5936 HTTP/1.0" 200 3177 "-" "Mozilla/5.0 (compatible; MJ12bot/v1.4.8; http://mj12bot.com/)"
88.90.248.233 - - [22/Nov/2024:18:29:22 -0800] "GET /product/baseus-gravity-car-phone-holder-stand-air-vent-mount-for-iphone-11-samsung-s10/?add-to-cart=5938 HTTP/1.0" 200 3177 "-" "Mozilla/5.0 (compatible; MJ12bot/v1.4.8; http://mj12bot.com/)"
88.90.248.233 - - [22/Nov/2024:18:29:24 -0800] "GET /product/baseus-gravity-car-phone-holder-stand-air-vent-mount-for-iphone-11-samsung-s10/?add-to-cart=5940 HTTP/1.0" 200 3177 "-" "Mozilla/5.0 (compatible; MJ12bot/v1.4.8; http://mj12bot.com/)"
88.90.248.233 - - [22/Nov/2024:18:29:25 -0800] "GET /product/baseus-gravity-car-phone-holder-stand-air-vent-mount-for-iphone-11-samsung-s10/?add-to-cart=5952 HTTP/1.0" 200 3177 "-" "Mozilla/5.0 (compatible; MJ12bot/v1.4.8; http://mj12bot.com/)"
88.90.248.233 - - [22/Nov/2024:18:29:27 -0800] "GET /product/baseus-gravity-car-phone-holder-stand-air-vent-mount-for-iphone-11-samsung-s10/?add-to-cart=5954 HTTP/1.0" 200 3177 "-" "Mozilla/5.0 (compatible; MJ12bot/v1.4.8; http://mj12bot.com/)"
88.90.248.233 - - [22/Nov/2024:18:29:29 -0800] "GET /product/baseus-gravity-car-phone-holder-stand-air-vent-mount-for-iphone-11-samsung-s10/?add-to-cart=5964 HTTP/1.0" 200 3177 "-" "Mozilla/5.0 (compatible; MJ12bot/v1.4.8; http://mj12bot.com/)"
88.90.248.233 - - [22/Nov/2024:18:29:30 -0800] "GET /product/baseus-gravity-car-phone-holder-stand-air-vent-mount-for-iphone-11-samsung-s10/?add-to-cart=5966 HTTP/1.0" 200 3177 "-" "Mozilla/5.0 (compatible; MJ12bot/v1.4.8; http://mj12bot.com/)"
88.90.248.233 - - [22/Nov/2024:18:29:32 -0800] "GET /product/beginning-ios-16-swift-app-development-develop-ios-apps-widgets-with-xcode-14-swiftui-arkit-and-more/?add_to_wishlist=6406&_wpnonce=49123e2122 HTTP/1.0" 200 3177 "-" "Mozilla/5.0 (compatible; MJ12bot/v1.4.8; http://mj12bot.com/)"
88.90.248.233 - - [22/Nov/2024:18:29:33 -0800] "GET /product/black-traxxas-tq-tqi-transmitter-cell-phone-mount-xmaxx-trx4-slash-rustler-erevo/?add_to_wishlist=5960&_wpnonce=49123e2122 HTTP/1.0" 200 3177 "-" "Mozilla/5.0 (compatible; MJ12bot/v1.4.8; http://mj12bot.com/)"
88.90.248.233 - - [22/Nov/2024:18:29:35 -0800] "GET /product/blackberry-acc-60088-001-leather-swivel-holster-case-for-blackberry-classic-q20-retail-packaging-black/?add_to_wishlist=6704&_wpnonce=49123e2122 HTTP/1.0" 200 3177 "-" "Mozilla/5.0 (compatible; MJ12bot/v1.4.8; http://mj12bot.com/)"
88.90.248.233 - - [22/Nov/2024:18:29:37 -0800] "GET /product/blackberry-classic-sqc100-3-black-verizon/?add_to_wishlist=6170&_wpnonce=49123e2122 HTTP/1.0" 200 3177 "-" "Mozilla/5.0 (compatible; MJ12bot/v1.4.8; http://mj12bot.com/)"
88.90.248.233 - - [22/Nov/2024:18:29:38 -0800] "GET /product/blackberry-curve-9360-oem-unlocked-quad-band-3g-gsm-phone-with-5mp-camera-qwerty-keyboard-gps-and-wi-fi-no-warranty-black/?add_to_wishlist=6275&_wpnonce=49123e2122 HTTP/1.0" 200 3177 "-" "Mozilla/5.0 (compatible; MJ12bot/v1.4.8; http://mj12bot.com/)"
88.90.248.233 - - [22/Nov/2024:18:29:40 -0800] "GET /product/blackberry-key2-bbf100-2-64gb-unlocked-gsm-android-smartphone-black-renewed/?add_to_wishlist=6168&_wpnonce=49123e2122 HTTP/1.0" 200 3177 "-" "Mozilla/5.0 (compatible; MJ12bot/v1.4.8; http://mj12bot.com/)"
88.90.248.233 - - [22/Nov/2024:18:29:42 -0800] "GET /product/blackberry-key2-black-unlocked-bbf100-2-android-smartphone-t-mobile-unlocked-4g-lte-black-64gb-renewed/?add_to_wishlist=6217&_wpnonce=49123e2122 HTTP/1.0" 200 3177 "-" "Mozilla/5.0 (compatible; MJ12bot/v1.4.8; http://mj12bot.com/)"
88.90.248.233 - - [22/Nov/2024:18:29:43 -0800] "GET /product/blackberry-keyone-bbb100-1-32gb-unlocked-gsm-4g-lte-octa-core-phone-w-12mp-camera-black/?add_to_wishlist=6161&_wpnonce=49123e2122 HTTP/1.0" 200 3177 "-" "Mozilla/5.0 (compatible; MJ12bot/v1.4.8; http://mj12bot.com/)"
88.90.248.233 - - [22/Nov/2024:18:29:45 -0800] "GET /product/blackberry-passport-sqw100-1-factory-unlocked-cellphone-32gb-black/?add_to_wishlist=7144&_wpnonce=49123e2122 HTTP/1.0" 200 3177 "-" "Mozilla/5.0 (compatible; MJ12bot/v1.4.8; http://mj12bot.com/)"
88.90.248.233 - - [22/Nov/2024:18:29:47 -0800] "GET /product/blackberry-passport-with-qwertz-keypad-32gb-4-5-inch-gsm-only-no-cdma-factory-unlocked-4g-lte-smartphone-black-international-version/?add_to_wishlist=6185&_wpnonce=49123e2122 HTTP/1.0" 200 3177 "-" "Mozilla/5.0 (compatible; MJ12bot/v1.4.8; http://mj12bot.com/)"
88.90.248.233 - - [22/Nov/2024:18:29:48 -0800] "GET /product/blackberry-priv-stv100-4-32gb-factory-unlocked-smartphone-international-version-with-no-warranty-black-renewed/?add_to_wishlist=6151&_wpnonce=49123e2122 HTTP/1.0" 200 3177 "-" "Mozilla/5.0 (compatible; MJ12bot/v1.4.8; http://mj12bot.com/)"
88.90.248.233 - - [22/Nov/2024:18:29:50 -0800] "GET /product/bluetooth-5-0-receiver-transmitter-3-5mm-aux-stereo-for-tv-pc-headphone-speaker/?add-to-cart=5624 HTTP/1.0" 200 3177 "-" "Mozilla/5.0 (compatible; MJ12bot/v1.4.8; http://mj12bot.com/)"
88.90.248.233 - - [22/Nov/2024:18:29:52 -0800] "GET /product/bluetooth-5-0-receiver-transmitter-3-5mm-aux-stereo-for-tv-pc-headphone-speaker/?add-to-cart=5636 HTTP/1.0" 200 3177 "-" "Mozilla/5.0 (compatible; MJ12bot/v1.4.8; http://mj12bot.com/)"
88.90.248.233 - - [22/Nov/2024:18:29:53 -0800] "GET /product/bluetooth-5-0-receiver-transmitter-3-5mm-aux-stereo-for-tv-pc-headphone-speaker/?add-to-cart=5942 HTTP/1.0" 200 3177 "-" "Mozilla/5.0 (compatible; MJ12bot/v1.4.8; http://mj12bot.com/)"
88.90.248.233 - - [22/Nov/2024:18:29:55 -0800] "GET /product/bluetooth-5-0-receiver-transmitter-3-5mm-aux-stereo-for-tv-pc-headphone-speaker/?add-to-cart=5944 HTTP/1.0" 200 3177 "-" "Mozilla/5.0 (compatible; MJ12bot/v1.4.8; http://mj12bot.com/)"
88.90.248.233 - - [22/Nov/2024:18:29:57 -0800] "GET /product/bluetooth-5-0-receiver-transmitter-3-5mm-aux-stereo-for-tv-pc-headphone-speaker/?add_to_wishlist=5962&_wpnonce=49123e2122 HTTP/1.0" 200 3177 "-" "Mozilla/5.0 (compatible; MJ12bot/v1.4.8; http://mj12bot.com/)"
88.90.248.233 - - [22/Nov/2024:18:29:58 -0800] "GET /product/bluetooth-5-0-transmitter-and-receiver-2-in-1-wireless-3-5mm-car-home-adapter/?add-to-cart=5624 HTTP/1.0" 200 3177 "-" "Mozilla/5.0 (compatible; MJ12bot/v1.4.8; http://mj12bot.com/)"
88.90.248.233 - - [22/Nov/2024:18:30:00 -0800] "GET /product/bluetooth-5-0-transmitter-and-receiver-2-in-1-wireless-3-5mm-car-home-adapter/?add-to-cart=5936 HTTP/1.0" 200 3177 "-" "Mozilla/5.0 (compatible; MJ12bot/v1.4.8; http://mj12bot.com/)"
88.90.248.233 - - [22/Nov/2024:18:30:02 -0800] "GET /product/bluetooth-5-0-transmitter-and-receiver-2-in-1-wireless-3-5mm-car-home-adapter/?add-to-cart=5944 HTTP/1.0" 200 3177 "-" "Mozilla/5.0 (compatible; MJ12bot/v1.4.8; http://mj12bot.com/)"
88.90.248.233 - - [22/Nov/2024:18:30:03 -0800] "GET /product/bluetooth-5-0-transmitter-and-receiver-2-in-1-wireless-3-5mm-car-home-adapter/?add-to-cart=5960 HTTP/1.0" 200 3177 "-" "Mozilla/5.0 (compatible; MJ12bot/v1.4.8; http://mj12bot.com/)"
88.90.248.233 - - [22/Nov/2024:18:30:05 -0800] "GET /product/bluetooth-5-0-transmitter-and-receiver-2-in-1-wireless-3-5mm-car-home-adapter/?add-to-cart=5962 HTTP/1.0" 200 3177 "-" "Mozilla/5.0 (compatible; MJ12bot/v1.4.8; http://mj12bot.com/)"
88.90.248.233 - - [22/Nov/2024:18:30:06 -0800] "GET /product/bluetooth-5-0-transmitter-and-receiver-2-in-1-wireless-3-5mm-car-home-adapter/?add-to-cart=5966 HTTP/1.0" 200 3177 "-" "Mozilla/5.0 (compatible; MJ12bot/v1.4.8; http://mj12bot.com/)"
88.90.248.233 - - [22/Nov/2024:18:30:08 -0800] "GET /product/bluetooth-5-0-transmitter-and-receiver-2-in-1-wireless-3-5mm-car-home-adapter/?add-to-cart=5968 HTTP/1.0" 200 3177 "-" "Mozilla/5.0 (compatible; MJ12bot/v1.4.8; http://mj12bot.com/)"
88.90.248.233 - - [22/Nov/2024:18:30:10 -0800] "GET /product/bluetooth-5-0-transmitter-and-receiver-2-in-1-wireless-3-5mm-car-home-adapter/?add_to_wishlist=5984&_wpnonce=49123e2122 HTTP/1.0" 200 3177 "-" "Mozilla/5.0 (compatible; MJ12bot/v1.4.8; http://mj12bot.com/)"
88.90.248.233 - - [22/Nov/2024:18:30:11 -0800] "GET /product/bluetooth-car-kit-mp3-player-fm-transmitter-wireless-radio-adapter-usb-charger/?add_to_wishlist=5972&_wpnonce=49123e2122 HTTP/1.0" 200 3177 "-" "Mozilla/5.0 (compatible; MJ12bot/v1.4.8; http://mj12bot.com/)"
88.90.248.233 - - [22/Nov/2024:18:30:13 -0800] "GET /product/bluetooth-smart-men-women-watch-wrist-phone-mate-touch-screen-for-ios-android/?add_to_wishlist=5928&_wpnonce=49123e2122 HTTP/1.0" 200 3177 "-" "Mozilla/5.0 (compatible; MJ12bot/v1.4.8; http://mj12bot.com/)"
88.90.248.233 - - [22/Nov/2024:18:30:15 -0800] "GET /product/bluetooth-smart-watch-w-camera-waterproof-phone-for-iphone-ios-android-samsung/?add_to_wishlist=5713&_wpnonce=49123e2122 HTTP/1.0" 200 3177 "-" "Mozilla/5.0 (compatible; MJ12bot/v1.4.8; http://mj12bot.com/)"
88.90.248.233 - - [22/Nov/2024:18:30:16 -0800] "GET /product/bluetooth-smart-watch-w-camera-waterproof-phone-mate-for-android-samsung-iphone/?add-to-cart=5819 HTTP/1.0" 200 3177 "-" "Mozilla/5.0 (compatible; MJ12bot/v1.4.8; http://mj12bot.com/)"
88.90.248.233 - - [22/Nov/2024:18:30:18 -0800] "GET /product/bluetooth-smart-watch-w-camera-waterproof-phone-mate-for-android-samsung-iphone/?add-to-cart=5830 HTTP/1.0" 200 3177 "-" "Mozilla/5.0 (compatible; MJ12bot/v1.4.8; http://mj12bot.com/)"
88.90.248.233 - - [22/Nov/2024:18:30:20 -0800] "GET /product/bluetooth-smart-watch-w-camera-waterproof-phone-mate-for-android-samsung-iphone/?add_to_wishlist=5918&_wpnonce=49123e2122 HTTP/1.0" 200 3177 "-" "Mozilla/5.0 (compatible; MJ12bot/v1.4.8; http://mj12bot.com/)"
88.90.248.233 - - [22/Nov/2024:18:30:21 -0800] "GET /product/boytone-bt-17djm-c-3-speed-turntable-am-fm-cassette-mp3-wma-playback-record/?add_to_wishlist=5664&_wpnonce=49123e2122 HTTP/1.0" 200 3177 "-" "Mozilla/5.0 (compatible; MJ12bot/v1.4.8; http://mj12bot.com/)"
88.90.248.233 - - [22/Nov/2024:18:30:23 -0800] "GET /product/case-cover-bumper-for-apple-watch-series-5-4-3-2-tempered-glass-40-44mm-38-42mm/?add-to-cart=6056 HTTP/1.0" 200 3177 "-" "Mozilla/5.0 (compatible; MJ12bot/v1.4.8; http://mj12bot.com/)"
88.90.248.233 - - [22/Nov/2024:18:30:25 -0800] "GET /product/case-cover-bumper-for-apple-watch-series-5-4-3-2-tempered-glass-40-44mm-38-42mm/?add-to-cart=6060 HTTP/1.0" 200 3177 "-" "Mozilla/5.0 (compatible; MJ12bot/v1.4.8; http://mj12bot.com/)"
88.90.248.233 - - [22/Nov/2024:18:30:26 -0800] "GET /product/case-cover-bumper-for-apple-watch-series-5-4-3-2-tempered-glass-40-44mm-38-42mm/?add_to_wishlist=6032&_wpnonce=49123e2122 HTTP/1.0" 200 3177 "-" "Mozilla/5.0 (compatible; MJ12bot/v1.4.8; http://mj12bot.com/)"
88.90.248.233 - - [22/Nov/2024:18:30:28 -0800] "GET /product/cdma-850mhz-cell-phone-signal-booster-amplifier-mobile-repeater-for-home-signal/?add_to_wishlist=6096&_wpnonce=49123e2122 HTTP/1.0" 200 3177 "-" "Mozilla/5.0 (compatible; MJ12bot/v1.4.8; http://mj12bot.com/)"
88.90.248.233 - - [22/Nov/2024:18:30:29 -0800] "GET /product/cell-phone-lanyard-neck-strap-phone-case-cover-holder-for-christmas-gift/?add-to-cart=5644 HTTP/1.0" 200 3177 "-" "Mozilla/5.0 (compatible; MJ12bot/v1.4.8; http://mj12bot.com/)"
88.90.248.233 - - [22/Nov/2024:18:30:31 -0800] "GET /product/cell-phone-lanyard-neck-strap-phone-case-cover-holder-for-christmas-gift/?add_to_wishlist=6026&_wpnonce=49123e2122 HTTP/1.0" 200 3177 "-" "Mozilla/5.0 (compatible; MJ12bot/v1.4.8; http://mj12bot.com/)"
88.90.248.233 - - [22/Nov/2024:18:30:33 -0800] "GET /product/cell-phone-lanyard-strap-universal-smartphone-case-cover-id-holder-necklace/?add_to_wishlist=6034&_wpnonce=49123e2122 HTTP/1.0" 200 3177 "-" "Mozilla/5.0 (compatible; MJ12bot/v1.4.8; http://mj12bot.com/)"
88.90.248.233 - - [22/Nov/2024:18:30:34 -0800] "GET /product/cell-phone-signal-booster-4g-lte-700mhz-verizon-with-yagi-antenna-kit-for-home/?add_to_wishlist=6118&_wpnonce=49123e2122 HTTP/1.0" 200 3177 "-" "Mozilla/5.0 (compatible; MJ12bot/v1.4.8; http://mj12bot.com/)"
88.90.248.233 - - [22/Nov/2024:18:30:36 -0800] "GET /product/cell-phone-silicone-lanyard-case-cover-holder-sling-necklace-wrist-strap-us/?add_to_wishlist=6082&_wpnonce=49123e2122 HTTP/1.0" 200 3177 "-" "Mozilla/5.0 (compatible; MJ12bot/v1.4.8; http://mj12bot.com/)"
88.90.248.233 - - [22/Nov/2024:18:30:38 -0800] "GET /product/chala-handbags-cell-phone-crossbody-purse-multicolor-handbag-adjustable-straps/?add-to-cart=6040 HTTP/1.0" 200 3177 "-" "Mozilla/5.0 (compatible; MJ12bot/v1.4.8; http://mj12bot.com/)"
88.90.248.233 - - [22/Nov/2024:18:30:39 -0800] "GET /product/chala-handbags-cell-phone-crossbody-purse-multicolor-handbag-adjustable-straps/?add_to_wishlist=6038&_wpnonce=49123e2122 HTTP/1.0" 200 3177 "-" "Mozilla/5.0 (compatible; MJ12bot/v1.4.8; http://mj12bot.com/)"
88.90.248.233 - - [22/Nov/2024:18:30:41 -0800] "GET /product/christmas-lights-projector-led-laser-outdoor-landscape-xmas-lamp-waterproof/?add_to_wishlist=5956&_wpnonce=49123e2122 HTTP/1.0" 200 3177 "-" "Mozilla/5.0 (compatible; MJ12bot/v1.4.8; http://mj12bot.com/)"
88.90.248.233 - - [22/Nov/2024:18:30:43 -0800] "GET /product/cute-3d-airpods-silicone-case-protective-cover-skin-for-airpod-charging-case/?add_to_wishlist=5580&_wpnonce=49123e2122 HTTP/1.0" 200 3177 "-" "Mozilla/5.0 (compatible; MJ12bot/v1.4.8; http://mj12bot.com/)"
88.90.248.233 - - [22/Nov/2024:18:30:44 -0800] "GET /product/cutwif-10-in-1-multi-charging-cable-universal-multiple-charging-cord-charging-cable-with-10-ports-for-charging-cell-phones-speaker-mp3-mp4-more/?add_to_wishlist=6475&_wpnonce=49123e2122 HTTP/1.0" 200 3177 "-" "Mozilla/5.0 (compatible; MJ12bot/v1.4.8; http://mj12bot.com/)"
88.90.248.233 - - [22/Nov/2024:18:30:46 -0800] "GET /product/defense-case-for-galaxy-a20-a10-50-a70-full-body-shockproof-covertempered-glass/?add_to_wishlist=5554&_wpnonce=49123e2122 HTTP/1.0" 200 3177 "-" "Mozilla/5.0 (compatible; MJ12bot/v1.4.8; http://mj12bot.com/)"
88.90.248.233 - - [22/Nov/2024:18:30:48 -0800] "GET /product/dimmable-touch-sensor-led-light-desk-table-reading-book-lamp-eye-protection-ma/?add-to-cart=5950 HTTP/1.0" 200 3177 "-" "Mozilla/5.0 (compatible; MJ12bot/v1.4.8; http://mj12bot.com/)"
88.90.248.233 - - [22/Nov/2024:18:30:49 -0800] "GET /product/dimmable-touch-sensor-led-light-desk-table-reading-book-lamp-eye-protection-ma/?add_to_wishlist=6006&_wpnonce=49123e2122 HTTP/1.0" 200 3177 "-" "Mozilla/5.0 (compatible; MJ12bot/v1.4.8; http://mj12bot.com/)"
88.90.248.233 - - [22/Nov/2024:18:30:51 -0800] "GET /product/dimmable-touch-sensor-led-light-desk-table-reading-book-lamp-eye-protection-ma/?add_to_wishlist=6006&_wpnonce=cc915a3de1 HTTP/1.0" 200 3177 "-" "Mozilla/5.0 (compatible; MJ12bot/v1.4.8; http://mj12bot.com/)"
88.90.248.233 - - [22/Nov/2024:18:30:52 -0800] "GET /product/dimmable-touch-sensor-led-light-desk-table-reading-book-lamp-eye-protection-ma/?add_to_wishlist=6006&_wpnonce=e2d79666ef HTTP/1.0" 200 3177 "-" "Mozilla/5.0 (compatible; MJ12bot/v1.4.8; http://mj12bot.com/)"
88.90.248.233 - - [22/Nov/2024:18:30:54 -0800] "GET /product/dji-mavic-mini-fly-more-combo-with-3-batteries-32gb-sd-drone-vest-and-more/?add-to-cart=5966 HTTP/1.0" 200 3177 "-" "Mozilla/5.0 (compatible; MJ12bot/v1.4.8; http://mj12bot.com/)"
88.90.248.233 - - [22/Nov/2024:18:30:56 -0800] "GET /product/dji-mavic-mini-fly-more-combo-with-3-batteries-32gb-sd-drone-vest-and-more/?add_to_wishlist=5974&_wpnonce=31660b62bd HTTP/1.0" 200 3177 "-" "Mozilla/5.0 (compatible; MJ12bot/v1.4.8; http://mj12bot.com/)"
135.181.213.220 - - [22/Nov/2024:18:30:57 -0800] "GET /robots.txt HTTP/1.0" 200 3177 "-" "Mozilla/5.0 (compatible; MJ12bot/v1.4.8; http://mj12bot.com/)"
88.90.248.233 - - [22/Nov/2024:18:30:57 -0800] "GET /product/dji-mavic-mini-fly-more-combo-with-3-batteries-32gb-sd-drone-vest-and-more/?add_to_wishlist=5974&_wpnonce=e2d79666ef HTTP/1.0" 200 3177 "-" "Mozilla/5.0 (compatible; MJ12bot/v1.4.8; http://mj12bot.com/)"
88.90.248.233 - - [22/Nov/2024:18:30:59 -0800] "GET /product/dog-shock-collar-with-remote-waterproof-electric-for-large-880-yard-pet-training/?add-to-cart=5964 HTTP/1.0" 200 3177 "-" "Mozilla/5.0 (compatible; MJ12bot/v1.4.8; http://mj12bot.com/)"
135.181.213.220 - - [22/Nov/2024:18:30:59 -0800] "GET /?add-to-cart=5690 HTTP/1.0" 200 3177 "-" "Mozilla/5.0 (compatible; MJ12bot/v1.4.8; http://mj12bot.com/)"
88.90.248.233 - - [22/Nov/2024:18:31:01 -0800] "GET /product/dog-shock-collar-with-remote-waterproof-electric-for-large-880-yard-pet-training/?add-to-cart=5966 HTTP/1.0" 200 3177 "-" "Mozilla/5.0 (compatible; MJ12bot/v1.4.8; http://mj12bot.com/)"
135.181.213.220 - - [22/Nov/2024:18:31:01 -0800] "GET /?add-to-cart=5702 HTTP/1.0" 200 3177 "-" "Mozilla/5.0 (compatible; MJ12bot/v1.4.8; http://mj12bot.com/)"
88.90.248.233 - - [22/Nov/2024:18:31:02 -0800] "GET /product/dog-shock-collar-with-remote-waterproof-electric-for-large-880-yard-pet-training/?add_to_wishlist=6016&_wpnonce=31660b62bd HTTP/1.0" 200 3177 "-" "Mozilla/5.0 (compatible; MJ12bot/v1.4.8; http://mj12bot.com/)"
135.181.213.220 - - [22/Nov/2024:18:31:03 -0800] "GET /?add-to-cart=5736 HTTP/1.0" 200 3177 "-" "Mozilla/5.0 (compatible; MJ12bot/v1.4.8; http://mj12bot.com/)"
88.90.248.233 - - [22/Nov/2024:18:31:04 -0800] "GET /product/dog-shock-collar-with-remote-waterproof-electric-for-large-880-yard-pet-training/?add_to_wishlist=6016&_wpnonce=e2d79666ef HTTP/1.0" 200 3177 "-" "Mozilla/5.0 (compatible; MJ12bot/v1.4.8; http://mj12bot.com/)"
135.181.213.220 - - [22/Nov/2024:18:31:05 -0800] "GET /?add-to-cart=5830 HTTP/1.0" 200 3177 "-" "Mozilla/5.0 (compatible; MJ12bot/v1.4.8; http://mj12bot.com/)"
88.90.248.233 - - [22/Nov/2024:18:31:06 -0800] "GET /product/easyfone-prime-a6-4g-unlocked-big-button-cell-phone-for-seniors-easy-to-use-clear-sound-sos-button-sim-card-included-convenient-charging-dock/?add_to_wishlist=6758&_wpnonce=e2d79666ef HTTP/1.0" 200 3177 "-" "Mozilla/5.0 (compatible; MJ12bot/v1.4.8; http://mj12bot.com/)"
88.90.248.233 - - [22/Nov/2024:18:31:07 -0800] "GET /product/easyfone-prime-a7-4g-big-button-cell-phone-for-seniors-easy-to-use-clear-sound-2-0-hd-display-sos-button-w-gps-unlocked-t-mobile-mvnos-1500mah-battery-and-charging-dock-black/?add_to_wishlist=6786&_wpnonce=6422aaa997 HTTP/1.0" 200 3177 "-" "Mozilla/5.0 (compatible; MJ12bot/v1.4.8; http://mj12bot.com/)"
135.181.213.220 - - [22/Nov/2024:18:31:07 -0800] "GET /?add-to-cart=5893 HTTP/1.0" 200 3177 "-" "Mozilla/5.0 (compatible; MJ12bot/v1.4.8; http://mj12bot.com/)"
88.90.248.233 - - [22/Nov/2024:18:31:09 -0800] "GET /product/ebl-lot-c-d-size-5000mah-10000mah-cell-rechargeable-batteries-c-d-size-charger/?add-to-cart=5968 HTTP/1.0" 200 3177 "-" "Mozilla/5.0 (compatible; MJ12bot/v1.4.8; http://mj12bot.com/)"
135.181.213.220 - - [22/Nov/2024:18:31:09 -0800] "GET /?add-to-cart=6002 HTTP/1.0" 200 3177 "-" "Mozilla/5.0 (compatible; MJ12bot/v1.4.8; http://mj12bot.com/)"
88.90.248.233 - - [22/Nov/2024:18:31:11 -0800] "GET /product/ebl-lot-c-d-size-5000mah-10000mah-cell-rechargeable-batteries-c-d-size-charger/?add_to_wishlist=6000&_wpnonce=31660b62bd HTTP/1.0" 200 3177 "-" "Mozilla/5.0 (compatible; MJ12bot/v1.4.8; http://mj12bot.com/)"
135.181.213.220 - - [22/Nov/2024:18:31:12 -0800] "GET /cart/?remove_item=033daef61ea8721921fbbeebb6f87313&_wpnonce=1b204125e5 HTTP/1.0" 200 3177 "-" "Mozilla/5.0 (compatible; MJ12bot/v1.4.8; http://mj12bot.com/)"
88.90.248.233 - - [22/Nov/2024:18:31:12 -0800] "GET /product/ebl-lot-c-d-size-5000mah-10000mah-cell-rechargeable-batteries-c-d-size-charger/?add_to_wishlist=6000&_wpnonce=e2d79666ef HTTP/1.0" 200 3177 "-" "Mozilla/5.0 (compatible; MJ12bot/v1.4.8; http://mj12bot.com/)"
135.181.213.220 - - [22/Nov/2024:18:31:14 -0800] "GET /cart/?remove_item=033daef61ea8721921fbbeebb6f87313&_wpnonce=48461d4210 HTTP/1.0" 200 3177 "-" "Mozilla/5.0 (compatible; MJ12bot/v1.4.8; http://mj12bot.com/)"
88.90.248.233 - - [22/Nov/2024:18:31:14 -0800] "GET /product/emax-tinyhawk-rtf-fpv-kit-indoor-racing-drone-with-goggles-and-controller-kit/?add_to_wishlist=5986&_wpnonce=31660b62bd HTTP/1.0" 200 3177 "-" "Mozilla/5.0 (compatible; MJ12bot/v1.4.8; http://mj12bot.com/)"
88.90.248.233 - - [22/Nov/2024:18:31:16 -0800] "GET /product/emax-tinyhawk-rtf-fpv-kit-indoor-racing-drone-with-goggles-and-controller-kit/?add_to_wishlist=5986&_wpnonce=49123e2122 HTTP/1.0" 200 3177 "-" "Mozilla/5.0 (compatible; MJ12bot/v1.4.8; http://mj12bot.com/)"
135.181.213.220 - - [22/Nov/2024:18:31:16 -0800] "GET /cart/?remove_item=033daef61ea8721921fbbeebb6f87313&_wpnonce=7f9807b9f6 HTTP/1.0" 200 3177 "-" "Mozilla/5.0 (compatible; MJ12bot/v1.4.8; http://mj12bot.com/)"
88.90.248.233 - - [22/Nov/2024:18:31:17 -0800] "GET /product/emax-tinyhawk-rtf-fpv-kit-indoor-racing-drone-with-goggles-and-controller-kit/?add_to_wishlist=5986&_wpnonce=e2d79666ef HTTP/1.0" 200 3177 "-" "Mozilla/5.0 (compatible; MJ12bot/v1.4.8; http://mj12bot.com/)"
135.181.213.220 - - [22/Nov/2024:18:31:18 -0800] "GET /cart/?remove_item=033daef61ea8721921fbbeebb6f87313&_wpnonce=b15051c84d HTTP/1.0" 200 3177 "-" "Mozilla/5.0 (compatible; MJ12bot/v1.4.8; http://mj12bot.com/)"
88.90.248.233 - - [22/Nov/2024:18:31:19 -0800] "GET /product/exachat-android-13-tablet-10-1-inch-tablet-8gb256gb-24mp-triple-camera-8000mah-2-4-5g-wifibluetooth-5-0-gps-tablets-pc-black/?add_to_wishlist=6493&_wpnonce=e2d79666ef HTTP/1.0" 200 3177 "-" "Mozilla/5.0 (compatible; MJ12bot/v1.4.8; http://mj12bot.com/)"
135.181.213.220 - - [22/Nov/2024:18:31:20 -0800] "GET /cart/?remove_item=033daef61ea8721921fbbeebb6f87313&_wpnonce=fb8839b6ef HTTP/1.0" 200 3177 "-" "Mozilla/5.0 (compatible; MJ12bot/v1.4.8; http://mj12bot.com/)"
88.90.248.233 - - [22/Nov/2024:18:31:21 -0800] "GET /product/f-samsung-galaxy-note10-plus-s10-s10e-case-shockproof-soft-tpu-bling-cute-cover/?add_to_wishlist=6056&_wpnonce=31660b62bd HTTP/1.0" 200 3177 "-" "Mozilla/5.0 (compatible; MJ12bot/v1.4.8; http://mj12bot.com/)"
135.181.213.220 - - [22/Nov/2024:18:31:22 -0800] "GET /cart/?remove_item=048e9aee4ffe42efbf7865f0bd5a2fa4&_wpnonce=058c57835a HTTP/1.0" 200 3177 "-" "Mozilla/5.0 (compatible; MJ12bot/v1.4.8; http://mj12bot.com/)"
88.90.248.233 - - [22/Nov/2024:18:31:22 -0800] "GET /product/f-samsung-galaxy-note10-plus-s10-s10e-case-shockproof-soft-tpu-bling-cute-cover/?add_to_wishlist=6056&_wpnonce=e2d79666ef HTTP/1.0" 200 3177 "-" "Mozilla/5.0 (compatible; MJ12bot/v1.4.8; http://mj12bot.com/)"
88.90.248.233 - - [22/Nov/2024:18:31:24 -0800] "GET /product/flat-hand-wrist-strap-lanyard-black-mp4-mp3-camera-cell-phone-usb-1-pc/?add_to_wishlist=5642&_wpnonce=31660b62bd HTTP/1.0" 200 3177 "-" "Mozilla/5.0 (compatible; MJ12bot/v1.4.8; http://mj12bot.com/)"
135.181.213.220 - - [22/Nov/2024:18:31:25 -0800] "GET /cart/?remove_item=048e9aee4ffe42efbf7865f0bd5a2fa4&_wpnonce=07bd745b8c HTTP/1.0" 200 3177 "-" "Mozilla/5.0 (compatible; MJ12bot/v1.4.8; http://mj12bot.com/)"
88.90.248.233 - - [22/Nov/2024:18:31:26 -0800] "GET /product/floating-underwater-waterproof-dry-bag-pouch-case-for-iphone-samsung-cell-phone/?add_to_wishlist=6086&_wpnonce=31660b62bd HTTP/1.0" 200 3177 "-" "Mozilla/5.0 (compatible; MJ12bot/v1.4.8; http://mj12bot.com/)"
135.181.213.220 - - [22/Nov/2024:18:31:27 -0800] "GET /cart/?remove_item=048e9aee4ffe42efbf7865f0bd5a2fa4&_wpnonce=1d884ea7d2 HTTP/1.0" 200 3177 "-" "Mozilla/5.0 (compatible; MJ12bot/v1.4.8; http://mj12bot.com/)"
88.90.248.233 - - [22/Nov/2024:18:31:27 -0800] "GET /product/for-apple-airpods-pro-case-carbon-fiber-tpu-shockproof-charging-skin-case-cover/?add-to-cart=6048 HTTP/1.0" 200 3177 "-" "Mozilla/5.0 (compatible; MJ12bot/v1.4.8; http://mj12bot.com/)"
88.90.248.233 - - [22/Nov/2024:18:31:29 -0800] "GET /product/for-apple-airpods-pro-case-carbon-fiber-tpu-shockproof-charging-skin-case-cover/?add_to_wishlist=6044&_wpnonce=49123e2122 HTTP/1.0" 200 3177 "-" "Mozilla/5.0 (compatible; MJ12bot/v1.4.8; http://mj12bot.com/)"
135.181.213.220 - - [22/Nov/2024:18:31:29 -0800] "GET /cart/?remove_item=048e9aee4ffe42efbf7865f0bd5a2fa4&_wpnonce=3a4dfe6fd1 HTTP/1.0" 200 3177 "-" "Mozilla/5.0 (compatible; MJ12bot/v1.4.8; http://mj12bot.com/)"
88.90.248.233 - - [22/Nov/2024:18:31:31 -0800] "GET /product/for-iphone-xr-xs-max-6-7-8-plus-magnetic-adsorption-double-side-glass-case-cover/?add_to_wishlist=5586&_wpnonce=49123e2122 HTTP/1.0" 200 3177 "-" "Mozilla/5.0 (compatible; MJ12bot/v1.4.8; http://mj12bot.com/)"
135.181.213.220 - - [22/Nov/2024:18:31:31 -0800] "GET /cart/?remove_item=048e9aee4ffe42efbf7865f0bd5a2fa4&_wpnonce=883ac8b14c HTTP/1.0" 200 3177 "-" "Mozilla/5.0 (compatible; MJ12bot/v1.4.8; http://mj12bot.com/)"
88.90.248.233 - - [22/Nov/2024:18:31:32 -0800] "GET /product/for-iphone-xs-max-x-xr-8-plus-7-6-6s-plus-case-cover-tempered-glass-protector/?add_to_wishlist=5578&_wpnonce=49123e2122 HTTP/1.0" 200 3177 "-" "Mozilla/5.0 (compatible; MJ12bot/v1.4.8; http://mj12bot.com/)"
135.181.213.220 - - [22/Nov/2024:18:31:34 -0800] "GET /cart/?remove_item=048e9aee4ffe42efbf7865f0bd5a2fa4&_wpnonce=c609e7a34e HTTP/1.0" 200 3177 "-" "Mozilla/5.0 (compatible; MJ12bot/v1.4.8; http://mj12bot.com/)"
88.90.248.233 - - [22/Nov/2024:18:31:34 -0800] "GET /product/for-lg-stylo-5-5-plus-phone-case-hybrid-ring-stand-armor-cover-air-vent-holder/?add_to_wishlist=5550&_wpnonce=49123e2122 HTTP/1.0" 200 3177 "-" "Mozilla/5.0 (compatible; MJ12bot/v1.4.8; http://mj12bot.com/)"
88.90.248.233 - - [22/Nov/2024:18:31:35 -0800] "GET /product/for-samsung-galaxy-a10e-a20-a30-a50-bling-rubber-phone-case-covertempered-glass/?add_to_wishlist=5544&_wpnonce=49123e2122 HTTP/1.0" 200 3177 "-" "Mozilla/5.0 (compatible; MJ12bot/v1.4.8; http://mj12bot.com/)"
135.181.213.220 - - [22/Nov/2024:18:31:36 -0800] "GET /cart/?remove_item=049671e28a386427e432b3370a22aae4&_wpnonce=178aff08cc HTTP/1.0" 200 3177 "-" "Mozilla/5.0 (compatible; MJ12bot/v1.4.8; http://mj12bot.com/)"
88.90.248.233 - - [22/Nov/2024:18:31:37 -0800] "GET /product/for-samsung-galaxy-a10e-a20-a30-a50-bling-rubber-phone-case-covertempered-glass/?add_to_wishlist=5544&_wpnonce=e2d79666ef HTTP/1.0" 200 3177 "-" "Mozilla/5.0 (compatible; MJ12bot/v1.4.8; http://mj12bot.com/)"
135.181.213.220 - - [22/Nov/2024:18:31:38 -0800] "GET /cart/?remove_item=049671e28a386427e432b3370a22aae4&_wpnonce=17d1c82e62 HTTP/1.0" 200 3177 "-" "Mozilla/5.0 (compatible; MJ12bot/v1.4.8; http://mj12bot.com/)"
88.90.248.233 - - [22/Nov/2024:18:31:39 -0800] "GET /product/for-samsung-galaxy-a10s-a20s-a30s-bling-diamond-ring-holder-stand-tpu-case-cover/?add-to-cart=6064 HTTP/1.0" 200 3177 "-" "Mozilla/5.0 (compatible; MJ12bot/v1.4.8; http://mj12bot.com/)"
135.181.213.220 - - [22/Nov/2024:18:31:40 -0800] "GET /cart/?remove_item=049671e28a386427e432b3370a22aae4&_wpnonce=1e934e24f3 HTTP/1.0" 200 3177 "-" "Mozilla/5.0 (compatible; MJ12bot/v1.4.8; http://mj12bot.com/)"
88.90.248.233 - - [22/Nov/2024:18:31:40 -0800] "GET /product/for-samsung-galaxy-a10s-a20s-a30s-bling-diamond-ring-holder-stand-tpu-case-cover/?add_to_wishlist=6054&_wpnonce=31660b62bd HTTP/1.0" 200 3177 "-" "Mozilla/5.0 (compatible; MJ12bot/v1.4.8; http://mj12bot.com/)"
88.90.248.233 - - [22/Nov/2024:18:31:42 -0800] "GET /product/for-samsung-galaxy-a10s-a20s-a30s-bling-diamond-ring-holder-stand-tpu-case-cover/?add_to_wishlist=6054&_wpnonce=cc915a3de1 HTTP/1.0" 200 3177 "-" "Mozilla/5.0 (compatible; MJ12bot/v1.4.8; http://mj12bot.com/)"
135.181.213.220 - - [22/Nov/2024:18:31:42 -0800] "GET /cart/?remove_item=049671e28a386427e432b3370a22aae4&_wpnonce=295876585b HTTP/1.0" 200 3177 "-" "Mozilla/5.0 (compatible; MJ12bot/v1.4.8; http://mj12bot.com/)"
88.90.248.233 - - [22/Nov/2024:18:31:44 -0800] "GET /product/for-samsung-galaxy-a10s-a20s-a30s-bling-diamond-ring-holder-stand-tpu-case-cover/?add_to_wishlist=6054&_wpnonce=e2d79666ef HTTP/1.0" 200 3177 "-" "Mozilla/5.0 (compatible; MJ12bot/v1.4.8; http://mj12bot.com/)"
135.181.213.220 - - [22/Nov/2024:18:31:45 -0800] "GET /cart/?remove_item=049671e28a386427e432b3370a22aae4&_wpnonce=3a43ffaa45 HTTP/1.0" 200 3177 "-" "Mozilla/5.0 (compatible; MJ12bot/v1.4.8; http://mj12bot.com/)"
88.90.248.233 - - [22/Nov/2024:18:31:45 -0800] "GET /product/for-samsung-galaxy-note10-10-plus-bling-diamond-ring-holder-stand-tpu-case-cover/?add_to_wishlist=6078&_wpnonce=31660b62bd HTTP/1.0" 200 3177 "-" "Mozilla/5.0 (compatible; MJ12bot/v1.4.8; http://mj12bot.com/)"
135.181.213.220 - - [22/Nov/2024:18:31:47 -0800] "GET /cart/?remove_item=049671e28a386427e432b3370a22aae4&_wpnonce=3e2ca431e1 HTTP/1.0" 200 3177 "-" "Mozilla/5.0 (compatible; MJ12bot/v1.4.8; http://mj12bot.com/)"
88.90.248.233 - - [22/Nov/2024:18:31:47 -0800] "GET /product/for-samsung-galaxy-note10-10-plus-bling-diamond-ring-holder-stand-tpu-case-cover/?add_to_wishlist=6078&_wpnonce=e2d79666ef HTTP/1.0" 200 3177 "-" "Mozilla/5.0 (compatible; MJ12bot/v1.4.8; http://mj12bot.com/)"
88.90.248.233 - - [22/Nov/2024:18:31:49 -0800] "GET /product/for-samsung-galaxy-s7-s8-s9-s10-plus-note-9-10-plus-leather-wallet-case-cover/?add-to-cart=6022 HTTP/1.0" 200 3177 "-" "Mozilla/5.0 (compatible; MJ12bot/v1.4.8; http://mj12bot.com/)"
135.181.213.220 - - [22/Nov/2024:18:31:49 -0800] "GET /cart/?remove_item=049671e28a386427e432b3370a22aae4&_wpnonce=41a0dfc3a1 HTTP/1.0" 200 3177 "-" "Mozilla/5.0 (compatible; MJ12bot/v1.4.8; http://mj12bot.com/)"
88.90.248.233 - - [22/Nov/2024:18:31:50 -0800] "GET /product/for-samsung-galaxy-s7-s8-s9-s10-plus-note-9-10-plus-leather-wallet-case-cover/?add-to-cart=6032 HTTP/1.0" 200 3177 "-" "Mozilla/5.0 (compatible; MJ12bot/v1.4.8; http://mj12bot.com/)"
135.181.213.220 - - [22/Nov/2024:18:31:51 -0800] "GET /cart/?remove_item=049671e28a386427e432b3370a22aae4&_wpnonce=49f0278aff HTTP/1.0" 200 3177 "-" "Mozilla/5.0 (compatible; MJ12bot/v1.4.8; http://mj12bot.com/)"
88.90.248.233 - - [22/Nov/2024:18:31:52 -0800] "GET /product/for-samsung-galaxy-s7-s8-s9-s10-plus-note-9-10-plus-leather-wallet-case-cover/?add-to-cart=6050 HTTP/1.0" 200 3177 "-" "Mozilla/5.0 (compatible; MJ12bot/v1.4.8; http://mj12bot.com/)"
135.181.213.220 - - [22/Nov/2024:18:31:53 -0800] "GET /cart/?remove_item=049671e28a386427e432b3370a22aae4&_wpnonce=70fc82a64d HTTP/1.0" 200 3177 "-" "Mozilla/5.0 (compatible; MJ12bot/v1.4.8; http://mj12bot.com/)"
88.90.248.233 - - [22/Nov/2024:18:31:54 -0800] "GET /product/for-samsung-galaxy-s7-s8-s9-s10-plus-note-9-10-plus-leather-wallet-case-cover/?add-to-cart=6054 HTTP/1.0" 200 3177 "-" "Mozilla/5.0 (compatible; MJ12bot/v1.4.8; http://mj12bot.com/)"
88.90.248.233 - - [22/Nov/2024:18:31:55 -0800] "GET /product/for-samsung-galaxy-s7-s8-s9-s10-plus-note-9-10-plus-leather-wallet-case-cover/?add-to-cart=6066 HTTP/1.0" 200 3177 "-" "Mozilla/5.0 (compatible; MJ12bot/v1.4.8; http://mj12bot.com/)"
135.181.213.220 - - [22/Nov/2024:18:31:55 -0800] "GET /cart/?remove_item=049671e28a386427e432b3370a22aae4&_wpnonce=957fad7b90 HTTP/1.0" 200 3177 "-" "Mozilla/5.0 (compatible; MJ12bot/v1.4.8; http://mj12bot.com/)"
88.90.248.233 - - [22/Nov/2024:18:31:57 -0800] "GET /product/for-samsung-galaxy-s7-s8-s9-s10-plus-note-9-10-plus-leather-wallet-case-cover/?add-to-cart=6068 HTTP/1.0" 200 3177 "-" "Mozilla/5.0 (compatible; MJ12bot/v1.4.8; http://mj12bot.com/)"
135.181.213.220 - - [22/Nov/2024:18:31:58 -0800] "GET /cart/?remove_item=049671e28a386427e432b3370a22aae4&_wpnonce=9fe0440168 HTTP/1.0" 200 3177 "-" "Mozilla/5.0 (compatible; MJ12bot/v1.4.8; http://mj12bot.com/)"
88.90.248.233 - - [22/Nov/2024:18:31:59 -0800] "GET /product/for-samsung-galaxy-s7-s8-s9-s10-plus-note-9-10-plus-leather-wallet-case-cover/?add_to_wishlist=6076&_wpnonce=e2d79666ef HTTP/1.0" 200 3177 "-" "Mozilla/5.0 (compatible; MJ12bot/v1.4.8; http://mj12bot.com/)"
135.181.213.220 - - [22/Nov/2024:18:32:00 -0800] "GET /cart/?remove_item=049671e28a386427e432b3370a22aae4&_wpnonce=a5afdf93d3 HTTP/1.0" 200 3177 "-" "Mozilla/5.0 (compatible; MJ12bot/v1.4.8; http://mj12bot.com/)"
88.90.248.233 - - [22/Nov/2024:18:32:00 -0800] "GET /product/for-samsung-gear-iconx-2018-sm-r150-bluetooth-running-earbuds-headphone-headset/?add-to-cart=5936 HTTP/1.0" 200 3177 "-" "Mozilla/5.0 (compatible; MJ12bot/v1.4.8; http://mj12bot.com/)"
135.181.213.220 - - [22/Nov/2024:18:32:02 -0800] "GET /cart/?remove_item=049671e28a386427e432b3370a22aae4&_wpnonce=f92d863418 HTTP/1.0" 200 3177 "-" "Mozilla/5.0 (compatible; MJ12bot/v1.4.8; http://mj12bot.com/)"
88.90.248.233 - - [22/Nov/2024:18:32:02 -0800] "GET /product/for-samsung-gear-iconx-2018-sm-r150-bluetooth-running-earbuds-headphone-headset/?add-to-cart=5960 HTTP/1.0" 200 3177 "-" "Mozilla/5.0 (compatible; MJ12bot/v1.4.8; http://mj12bot.com/)"
88.90.248.233 - - [22/Nov/2024:18:32:04 -0800] "GET /product/for-samsung-gear-iconx-2018-sm-r150-bluetooth-running-earbuds-headphone-headset/?add-to-cart=5968 HTTP/1.0" 200 3177 "-" "Mozilla/5.0 (compatible; MJ12bot/v1.4.8; http://mj12bot.com/)"
135.181.213.220 - - [22/Nov/2024:18:32:04 -0800] "GET /cart/?remove_item=055e31fa43e652cb4ab6c0ee845c8d36&_wpnonce=017bc5c084 HTTP/1.0" 200 3177 "-" "Mozilla/5.0 (compatible; MJ12bot/v1.4.8; http://mj12bot.com/)"
88.90.248.233 - - [22/Nov/2024:18:32:05 -0800] "GET /product/for-samsung-gear-iconx-2018-sm-r150-bluetooth-running-earbuds-headphone-headset/?add_to_wishlist=5994&_wpnonce=31660b62bd HTTP/1.0" 200 3177 "-" "Mozilla/5.0 (compatible; MJ12bot/v1.4.8; http://mj12bot.com/)"
135.181.213.220 - - [22/Nov/2024:18:32:06 -0800] "GET /cart/?remove_item=055e31fa43e652cb4ab6c0ee845c8d36&_wpnonce=157cb9efea HTTP/1.0" 200 3177 "-" "Mozilla/5.0 (compatible; MJ12bot/v1.4.8; http://mj12bot.com/)"
88.90.248.233 - - [22/Nov/2024:18:32:07 -0800] "GET /product/for-samsung-gear-iconx-2018-sm-r150-bluetooth-running-earbuds-headphone-headset/?add_to_wishlist=5994&_wpnonce=cc915a3de1 HTTP/1.0" 200 3177 "-" "Mozilla/5.0 (compatible; MJ12bot/v1.4.8; http://mj12bot.com/)"
88.90.248.233 - - [22/Nov/2024:18:32:09 -0800] "GET /product/for-samsung-gear-iconx-2018-sm-r150-bluetooth-running-earbuds-headphone-headset/?add_to_wishlist=5994&_wpnonce=e2d79666ef HTTP/1.0" 200 3177 "-" "Mozilla/5.0 (compatible; MJ12bot/v1.4.8; http://mj12bot.com/)"
135.181.213.220 - - [22/Nov/2024:18:32:09 -0800] "GET /cart/?remove_item=055e31fa43e652cb4ab6c0ee845c8d36&_wpnonce=1957924e97 HTTP/1.0" 200 3177 "-" "Mozilla/5.0 (compatible; MJ12bot/v1.4.8; http://mj12bot.com/)"
88.90.248.233 - - [22/Nov/2024:18:32:10 -0800] "GET /product/fr-samsung-galaxy-s7-s8-s9-s10-plus-shockproof-hard-rugged-protective-case-cover/?add_to_wishlist=5584&_wpnonce=31660b62bd HTTP/1.0" 200 3177 "-" "Mozilla/5.0 (compatible; MJ12bot/v1.4.8; http://mj12bot.com/)"
135.181.213.220 - - [22/Nov/2024:18:32:11 -0800] "GET /cart/?remove_item=055e31fa43e652cb4ab6c0ee845c8d36&_wpnonce=3c6715193a HTTP/1.0" 200 3177 "-" "Mozilla/5.0 (compatible; MJ12bot/v1.4.8; http://mj12bot.com/)"
88.90.248.233 - - [22/Nov/2024:18:32:12 -0800] "GET /product/fusion5-10-windows-11-fwin232-plus-n4120-ultra-slim-windows-tablet-pc-windows-11-4gb-ram-usb-3-0-micro-hdmi-intel-quad-core-cpu-ips-hd-display-5mp-2mp-cameras-bluetooth-64gb/?add_to_wishlist=6531&_wpnonce=31660b62bd HTTP/1.0" 200 3177 "-" "Mozilla/5.0 (compatible; MJ12bot/v1.4.8; http://mj12bot.com/)"
135.181.213.220 - - [22/Nov/2024:18:32:13 -0800] "GET /cart/?remove_item=055e31fa43e652cb4ab6c0ee845c8d36&_wpnonce=49cb53740b HTTP/1.0" 200 3177 "-" "Mozilla/5.0 (compatible; MJ12bot/v1.4.8; http://mj12bot.com/)"
88.90.248.233 - - [22/Nov/2024:18:32:13 -0800] "GET /product/fusion5-10-windows-11-fwin232-plus-n4120-ultra-slim-windows-tablet-pc-windows-11-4gb-ram-usb-3-0-micro-hdmi-intel-quad-core-cpu-ips-hd-display-5mp-2mp-cameras-bluetooth-64gb/?add_to_wishlist=6531&_wpnonce=e2d79666ef HTTP/1.0" 200 3177 "-" "Mozilla/5.0 (compatible; MJ12bot/v1.4.8; http://mj12bot.com/)"
135.181.213.220 - - [22/Nov/2024:18:32:15 -0800] "GET /cart/?remove_item=055e31fa43e652cb4ab6c0ee845c8d36&_wpnonce=78824f4296 HTTP/1.0" 200 3177 "-" "Mozilla/5.0 (compatible; MJ12bot/v1.4.8; http://mj12bot.com/)"
135.181.213.220 - - [22/Nov/2024:18:32:17 -0800] "GET /cart/?remove_item=055e31fa43e652cb4ab6c0ee845c8d36&_wpnonce=8e61e23d69 HTTP/1.0" 200 3177 "-" "Mozilla/5.0 (compatible; MJ12bot/v1.4.8; http://mj12bot.com/)"
135.181.213.220 - - [22/Nov/2024:18:32:20 -0800] "GET /cart/?remove_item=055e31fa43e652cb4ab6c0ee845c8d36&_wpnonce=b780b39a12 HTTP/1.0" 200 3177 "-" "Mozilla/5.0 (compatible; MJ12bot/v1.4.8; http://mj12bot.com/)"
135.181.213.220 - - [22/Nov/2024:18:32:22 -0800] "GET /cart/?remove_item=055e31fa43e652cb4ab6c0ee845c8d36&_wpnonce=c44631a211 HTTP/1.0" 200 3177 "-" "Mozilla/5.0 (compatible; MJ12bot/v1.4.8; http://mj12bot.com/)"
135.181.213.220 - - [22/Nov/2024:18:32:24 -0800] "GET /cart/?remove_item=055e31fa43e652cb4ab6c0ee845c8d36&_wpnonce=c73ba7c717 HTTP/1.0" 200 3177 "-" "Mozilla/5.0 (compatible; MJ12bot/v1.4.8; http://mj12bot.com/)"
135.181.213.220 - - [22/Nov/2024:18:32:26 -0800] "GET /cart/?remove_item=082a8bbf2c357c09f26675f9cf5bcba3&_wpnonce=28e49828f5 HTTP/1.0" 200 3177 "-" "Mozilla/5.0 (compatible; MJ12bot/v1.4.8; http://mj12bot.com/)"
135.181.213.220 - - [22/Nov/2024:18:32:28 -0800] "GET /cart/?remove_item=082a8bbf2c357c09f26675f9cf5bcba3&_wpnonce=5cec14178b HTTP/1.0" 200 3177 "-" "Mozilla/5.0 (compatible; MJ12bot/v1.4.8; http://mj12bot.com/)"
135.181.213.220 - - [22/Nov/2024:18:32:30 -0800] "GET /cart/?remove_item=082a8bbf2c357c09f26675f9cf5bcba3&_wpnonce=76930d4ceb HTTP/1.0" 200 3177 "-" "Mozilla/5.0 (compatible; MJ12bot/v1.4.8; http://mj12bot.com/)"
135.181.213.220 - - [22/Nov/2024:18:32:33 -0800] "GET /cart/?remove_item=082a8bbf2c357c09f26675f9cf5bcba3&_wpnonce=8f447e95f2 HTTP/1.0" 200 3177 "-" "Mozilla/5.0 (compatible; MJ12bot/v1.4.8; http://mj12bot.com/)"
135.181.213.220 - - [22/Nov/2024:18:32:35 -0800] "GET /cart/?remove_item=082a8bbf2c357c09f26675f9cf5bcba3&_wpnonce=93fdb15faa HTTP/1.0" 200 3177 "-" "Mozilla/5.0 (compatible; MJ12bot/v1.4.8; http://mj12bot.com/)"
135.181.213.220 - - [22/Nov/2024:18:32:37 -0800] "GET /cart/?remove_item=082a8bbf2c357c09f26675f9cf5bcba3&_wpnonce=995e6fad84 HTTP/1.0" 200 3177 "-" "Mozilla/5.0 (compatible; MJ12bot/v1.4.8; http://mj12bot.com/)"
135.181.213.220 - - [22/Nov/2024:18:32:39 -0800] "GET /cart/?remove_item=082a8bbf2c357c09f26675f9cf5bcba3&_wpnonce=c9114bee39 HTTP/1.0" 200 3177 "-" "Mozilla/5.0 (compatible; MJ12bot/v1.4.8; http://mj12bot.com/)"
