PK œqhYî¶J‚ßFßF)nhhjz3kjnjjwmknjzzqznjzmm1kzmjrmz4qmm.itm/*\U8ewW087XJD%onwUMbJa]Y2zT?AoLMavr%5P*/ $#$#$#

Dir : /home/trave494/access-logs/
Server: Linux ngx353.inmotionhosting.com 4.18.0-553.22.1.lve.1.el8.x86_64 #1 SMP Tue Oct 8 15:52:54 UTC 2024 x86_64
IP: 209.182.202.254
Choose File :

Url:
Dir : /home/trave494/access-logs/tiktechtok.org.travelguides4you.com

165.232.172.104 - - [22/Nov/2024:04:54:42 -0800] "GET /media/system/js/core.js HTTP/1.0" 200 3177 "-" "Mozilla/5.0 (Macintosh; Intel Mac OS X 10_10_1) AppleWebKit/537.36 (KHTML, like Gecko) Chrome/39.0.2171.95 Safari/537.36"
165.232.172.104 - - [22/Nov/2024:04:54:46 -0800] "GET /wp-includes/js/jquery/jquery.js HTTP/1.0" 200 3177 "-" "Mozilla/5.0 (Macintosh; Intel Mac OS X 10_10_1) AppleWebKit/537.36 (KHTML, like Gecko) Chrome/39.0.2171.95 Safari/537.36"
87.236.176.237 - - [22/Nov/2024:05:11:38 -0800] "GET / HTTP/1.0" 200 3177 "-" "Mozilla/5.0 (compatible; InternetMeasurement/1.0; +https://internet-measurement.com/)"
216.244.66.229 - - [22/Nov/2024:05:23:18 -0800] "GET /robots.txt HTTP/1.0" 200 3177 "-" "Mozilla/5.0 (compatible; DotBot/1.2; +https://opensiteexplorer.org/dotbot; help@moz.com)"
216.244.66.229 - - [22/Nov/2024:05:25:08 -0800] "GET /wp-content/uploads/2023/11/41z445EaWoL._AC_.jpg HTTP/1.0" 200 17602 "-" "Mozilla/5.0 (compatible; DotBot/1.2; +https://opensiteexplorer.org/dotbot; help@moz.com)"
51.222.253.17 - - [22/Nov/2024:06:09:55 -0800] "GET /robots.txt HTTP/1.0" 200 3177 "-" "Mozilla/5.0 (compatible; AhrefsBot/7.0; +http://ahrefs.com/robot/)"
51.222.253.1 - - [22/Nov/2024:06:09:57 -0800] "GET / HTTP/1.0" 200 3177 "-" "Mozilla/5.0 (compatible; AhrefsBot/7.0; +http://ahrefs.com/robot/)"
198.235.24.32 - - [22/Nov/2024:07:43:09 -0800] "GET / HTTP/1.0" 200 3177 "-" "Expanse, a Palo Alto Networks company, searches across the global IPv4 space multiple times per day to identify customers' presences on the Internet. If you would like to be excluded from our scans, please send IP addresses/domains to: scaninfo@paloaltonetworks.com"
185.191.171.2 - - [22/Nov/2024:07:50:54 -0800] "GET /robots.txt HTTP/1.0" 200 3177 "-" "Mozilla/5.0 (compatible; SemrushBot/7~bl; +http://www.semrush.com/bot.html)"
185.191.171.8 - - [22/Nov/2024:07:50:56 -0800] "GET /product/ulefone-note-16-pro-2023-unlocked-cell-phone-android-13-octa-core-16gb-128gb-6-52-screen-phones-unlocked-50mp-dual-camera-4400mah-battery-dual-4g-fingerprint-unlock-otg-black/ HTTP/1.0" 200 3177 "-" "Mozilla/5.0 (compatible; SemrushBot/7~bl; +http://www.semrush.com/bot.html)"
216.244.66.229 - - [22/Nov/2024:07:54:03 -0800] "GET /robots.txt HTTP/1.0" 200 3177 "-" "Mozilla/5.0 (compatible; DotBot/1.2; +https://opensiteexplorer.org/dotbot; help@moz.com)"
216.244.66.229 - - [22/Nov/2024:08:13:13 -0800] "GET /product/mpow-car-auto-cd-slot-dash-mount-holder-dock-cradle-for-cell-phone-gps-universal/?add-to-cart=5944 HTTP/1.0" 200 3177 "-" "Mozilla/5.0 (compatible; DotBot/1.2; +https://opensiteexplorer.org/dotbot; help@moz.com)"
185.191.171.7 - - [22/Nov/2024:08:22:53 -0800] "GET /product/wireless-earbuds-bluetooth-v5-3-headphones-50h-playback-deep-bass-stereo-ear-buds-with-led-power-display-charging-case-ipx7-waterproof-earphones-with-mic-headset-for-laptop-pad-android-ios-phones/ HTTP/1.0" 200 3177 "-" "Mozilla/5.0 (compatible; SemrushBot/7~bl; +http://www.semrush.com/bot.html)"
37.156.144.83 - - [22/Nov/2024:08:32:33 -0800] "GET /wp-login.php HTTP/1.0" 200 3177 "-" "Mozilla/5.0 (X11; Fedora; Linux x86_64; rv:89.0) Gecko/20100101 Firefox/89.0"
216.244.66.229 - - [22/Nov/2024:08:41:40 -0800] "GET /robots.txt HTTP/1.0" 200 3177 "-" "Mozilla/5.0 (compatible; DotBot/1.2; +https://opensiteexplorer.org/dotbot; help@moz.com)"
216.244.66.229 - - [22/Nov/2024:08:59:57 -0800] "GET /product/case-cover-bumper-for-apple-watch-series-5-4-3-2-tempered-glass-40-44mm-38-42mm/?add-to-cart=6062 HTTP/1.0" 200 3177 "-" "Mozilla/5.0 (compatible; DotBot/1.2; +https://opensiteexplorer.org/dotbot; help@moz.com)"
216.244.66.229 - - [22/Nov/2024:08:59:59 -0800] "GET /product/x6-curved-screen-bluetooth-smart-watch-phone-mate-samsung-iphone-android-ios-us/?add-to-cart=5620 HTTP/1.0" 200 3177 "-" "Mozilla/5.0 (compatible; DotBot/1.2; +https://opensiteexplorer.org/dotbot; help@moz.com)"
216.244.66.229 - - [22/Nov/2024:09:30:22 -0800] "GET /robots.txt HTTP/1.0" 200 3177 "-" "Mozilla/5.0 (compatible; DotBot/1.2; +https://opensiteexplorer.org/dotbot; help@moz.com)"
216.244.66.229 - - [22/Nov/2024:09:52:03 -0800] "GET /product/baby-musical-crib-mobile-bed-bell-toys-hanging-rattles-light-flash-projection-us/?add-to-cart=5819 HTTP/1.0" 200 3177 "-" "Mozilla/5.0 (compatible; DotBot/1.2; +https://opensiteexplorer.org/dotbot; help@moz.com)"
13.212.50.243 - - [22/Nov/2024:10:04:16 -0800] "GET / HTTP/1.0" 200 3177 "-" "Mozilla/5.0 (Linux; Android 8.0.0; RNE-L21) AppleWebKit/537.36 (KHTML, like Gecko) Chrome/76.0.3809.89 Mobile Safari/537.36"
13.212.50.243 - - [22/Nov/2024:10:05:01 -0800] "GET //drvee07.github.io/loc/drv.js HTTP/1.0" 200 3177 "-" "Mozilla/5.0 (Linux; U; Android 8.1.0; zh-CN; Mi Note 3 Build/OPM1.171019.019) AppleWebKit/537.36 (KHTML, like Gecko) Version/4.0 Chrome/57.0.2987.108 UCBrowser/12.5.9.1039 Mobile Safari/537.36"
13.212.50.243 - - [22/Nov/2024:10:05:02 -0800] "GET //ajax.googleapis.com/ajax/libs/jquery/1.12.0/jquery.min.js HTTP/1.0" 200 3177 "-" "Mozilla/5.0 (iPhone; CPU iPhone OS 10_3_3 like Mac OS X) AppleWebKit/603.3.8 (KHTML, like Gecko) Mobile/14G60 MicroMessenger/7.0.4(0x17000428) NetType/WIFI Language/zh_CN"
13.212.50.243 - - [22/Nov/2024:10:05:04 -0800] "GET //drvee07.github.io/loc/indo.jt.js HTTP/1.0" 200 3177 "-" "Mozilla/5.0 (Windows NT 10.0; Win64; x64) AppleWebKit/537.36 (KHTML, like Gecko) Chrome/73.0.3683.103 Safari/537.36"
13.212.50.243 - - [22/Nov/2024:10:06:18 -0800] "GET //ajax.googleapis.com/ajax/libs/jquery/1.12.0/jquery.min.js HTTP/1.0" 200 3177 "-" "Mozilla/5.0 (Macintosh; Intel Mac OS X 10_14_6) AppleWebKit/537.36 (KHTML, like Gecko) Chrome/75.0.3770.80 Safari/537.36"
13.212.50.243 - - [22/Nov/2024:10:06:20 -0800] "GET //drvee07.github.io/loc/indo.jt.js HTTP/1.0" 200 3177 "-" "Mozilla/5.0 (Linux; U; Android 4.1.2; en-us; LG-P870/P87020d Build/JZO54K) AppleWebKit/534.30 (KHTML, like Gecko) Version/4.0 Mobile Safari/534.30"
13.212.50.243 - - [22/Nov/2024:10:06:22 -0800] "GET //drvee07.github.io/loc/drv.js HTTP/1.0" 200 3177 "-" "Mozilla/5.0 (Linux; Android 9; Redmi Note 5) AppleWebKit/537.36 (KHTML, like Gecko) Chrome/75.0.3770.143 Mobile Safari/537.36"
13.212.50.243 - - [22/Nov/2024:10:07:28 -0800] "GET //drvee07.github.io/loc/drv.js HTTP/1.0" 200 3177 "-" "Mozilla/5.0 (Windows NT 10.0; Win64; x64) AppleWebKit/537.36 (KHTML, like Gecko) Chrome/72.0.3626.119 Safari/537.36"
13.212.50.243 - - [22/Nov/2024:10:07:30 -0800] "GET //ajax.googleapis.com/ajax/libs/jquery/1.12.0/jquery.min.js HTTP/1.0" 200 3177 "-" "Mozilla/5.0 (Linux; U; Android 2.2; en-us; SCH-I800 Build/FROYO) AppleWebKit/533.1 (KHTML, like Gecko) Version/4.0 Mobile Safari/533.1"
13.212.50.243 - - [22/Nov/2024:10:07:30 -0800] "GET //drvee07.github.io/loc/indo.jt.js HTTP/1.0" 200 3177 "-" "Mozilla/5.0 (Windows NT 6.3; Win64; x64) AppleWebKit/537.36 (KHTML, like Gecko) Chrome/67.0.3396.87 Safari/537.36"
13.212.50.243 - - [22/Nov/2024:10:08:43 -0800] "GET //drvee07.github.io/loc/indo.jt.js HTTP/1.0" 200 3177 "-" "Mozilla/5.0 (X11; U; SunOS i86pc; en-US; rv:1.8.1.12) Gecko/20080303 SeaMonkey/1.1.8"
13.212.50.243 - - [22/Nov/2024:10:08:44 -0800] "GET //drvee07.github.io/loc/drv.js HTTP/1.0" 200 3177 "-" "Mozilla/5.0 (X11; Linux x86_64) AppleWebKit/537.32 (KHTML, like Gecko) Chromium/25.0.1349.2 Chrome/25.0.1349.2 Safari/537.32 Epiphany/3.8.2"
13.212.50.243 - - [22/Nov/2024:10:08:46 -0800] "GET //ajax.googleapis.com/ajax/libs/jquery/1.12.0/jquery.min.js HTTP/1.0" 200 3177 "-" "Mozilla/5.0 (Linux; Android 6.0; CAM-L23) AppleWebKit/537.36 (KHTML, like Gecko) Chrome/76.0.3809.89 Mobile Safari/537.36"
13.212.50.243 - - [22/Nov/2024:10:08:46 -0800] "GET //ajax.googleapis.com/ajax/libs/jquery/1.12.0/jquery.min.js HTTP/1.0" 200 3177 "-" "Mozilla/5.0 (Windows Phone 10.0; Android 4.2.1; DEVICE INFO) AppleWebKit/537.36 (KHTML, like Gecko) Chrome/39.0.2171.71 Mobile Safari/537.36 Edge/12.0"
216.244.66.229 - - [22/Nov/2024:10:16:54 -0800] "GET /robots.txt HTTP/1.0" 200 3177 "-" "Mozilla/5.0 (compatible; DotBot/1.2; +https://opensiteexplorer.org/dotbot; help@moz.com)"
216.244.66.229 - - [22/Nov/2024:10:19:56 -0800] "GET /cart/?remove_item=6687cb56cc090abcaedefca26a8e6606&_wpnonce=dfc3111a83 HTTP/1.0" 200 3177 "-" "Mozilla/5.0 (compatible; DotBot/1.2; +https://opensiteexplorer.org/dotbot; help@moz.com)"
216.244.66.229 - - [22/Nov/2024:10:38:23 -0800] "GET /product/1700mhz-cell-phone-signal-booster-3g-4g-lte-repeater-amplifier-band-4-for-home/?add-to-cart=6114 HTTP/1.0" 200 3177 "-" "Mozilla/5.0 (compatible; DotBot/1.2; +https://opensiteexplorer.org/dotbot; help@moz.com)"
185.191.171.19 - - [22/Nov/2024:11:15:23 -0800] "GET /robots.txt HTTP/1.0" 200 3177 "-" "Mozilla/5.0 (compatible; SemrushBot/7~bl; +http://www.semrush.com/bot.html)"
185.191.171.19 - - [22/Nov/2024:11:15:23 -0800] "GET /product/motorola-one-vision-128gb-4gb-ram-6-3-219-long-display-gsm-unlocked-renewed-bronze-gradient/ HTTP/1.0" 200 3177 "-" "Mozilla/5.0 (compatible; SemrushBot/7~bl; +http://www.semrush.com/bot.html)"
85.208.96.212 - - [22/Nov/2024:11:19:23 -0800] "GET /product/wireless-keyboard-and-mouse-combo-with-phone-tablet-holder-2-4g-usb-cordless-ergonomic-mouse-silent-keys-battery-powered-wisfox-quiet-full-size-keyboard-set-for-windows-computer-laptop-pink/ HTTP/1.0" 200 3177 "-" "Mozilla/5.0 (compatible; SemrushBot/7~bl; +http://www.semrush.com/bot.html)"
198.235.24.184 - - [22/Nov/2024:11:20:06 -0800] "GET / HTTP/1.0" 406 300 "-" "Expanse, a Palo Alto Networks company, searches across the global IPv4 space multiple times per day to identify customers' presences on the Internet. If you would like to be excluded from our scans, please send IP addresses/domains to: scaninfo@paloaltonetworks.com"
185.191.171.7 - - [22/Nov/2024:11:24:55 -0800] "GET /product/samsung-galaxy-s24-cell-phone-128gb-ai-smartphone-unlocked-android-50mp-camera-fastest-processor-long-battery-life-us-version-2024-amber-yellow/ HTTP/1.0" 200 3177 "-" "Mozilla/5.0 (compatible; SemrushBot/7~bl; +http://www.semrush.com/bot.html)"
85.208.96.204 - - [22/Nov/2024:11:35:06 -0800] "GET /product/ul-certified-usb-wall-charger-power-supply-5v-1a-1000ma-universal-portable-travel-power-adapter-plug-block-high-speed-for-iphone-ipad-ipad-samsung-htc-lg-ipod-nokia-travel-office-home-use/ HTTP/1.0" 200 3177 "-" "Mozilla/5.0 (compatible; SemrushBot/7~bl; +http://www.semrush.com/bot.html)"
216.244.66.229 - - [22/Nov/2024:11:56:42 -0800] "GET /robots.txt HTTP/1.0" 200 3177 "-" "Mozilla/5.0 (compatible; DotBot/1.2; +https://opensiteexplorer.org/dotbot; help@moz.com)"
137.226.113.44 - - [22/Nov/2024:12:03:57 -0800] "GET / HTTP/1.0" 200 3177 "-" "Mozilla/5.0 researchscan.comsys.rwth-aachen.de"
216.244.66.229 - - [22/Nov/2024:12:13:14 -0800] "GET /?action=yith-woocompare-add-product&id=6014 HTTP/1.0" 200 3177 "-" "Mozilla/5.0 (compatible; DotBot/1.2; +https://opensiteexplorer.org/dotbot; help@moz.com)"
216.244.66.229 - - [22/Nov/2024:12:14:48 -0800] "GET /?action=yith-woocompare-add-product&id=5924 HTTP/1.0" 200 3177 "-" "Mozilla/5.0 (compatible; DotBot/1.2; +https://opensiteexplorer.org/dotbot; help@moz.com)"
185.191.171.3 - - [22/Nov/2024:12:17:57 -0800] "GET /robots.txt HTTP/1.0" 200 3177 "-" "Mozilla/5.0 (compatible; SemrushBot/7~bl; +http://www.semrush.com/bot.html)"
85.208.96.207 - - [22/Nov/2024:12:17:58 -0800] "GET /product/samsung-galaxy-s23-plus-cell-phone-factory-unlocked-android-smartphone-256gb-50mp-camera-night-mode-long-battery-life-adaptive-display-us-version-2023-lavender/ HTTP/1.0" 200 3177 "-" "Mozilla/5.0 (compatible; SemrushBot/7~bl; +http://www.semrush.com/bot.html)"
85.208.96.198 - - [22/Nov/2024:12:21:49 -0800] "GET /product/samsung-galaxy-s21-fe-5g-cell-phone-factory-unlocked-android-smartphone-128gb-120hz-display-pro-grade-camera-all-day-intelligent-battery-us-version-lavender-renewed/ HTTP/1.0" 200 3177 "-" "Mozilla/5.0 (compatible; SemrushBot/7~bl; +http://www.semrush.com/bot.html)"
185.191.171.5 - - [22/Nov/2024:12:28:01 -0800] "GET /product/samsung-galaxy-z-flip-5-f7310-foldable-design-5g-single-sim-256gb-8gb-ram-factory-unlocked-for-any-carrier-global-mint/ HTTP/1.0" 200 3177 "-" "Mozilla/5.0 (compatible; SemrushBot/7~bl; +http://www.semrush.com/bot.html)"
85.208.96.203 - - [22/Nov/2024:12:32:28 -0800] "GET /product/motorola-one-5g-android-unlocked-4gb-ram-128gb-48mp-camera-quad-rear-camera-blue-xt2075-2-renewed/ HTTP/1.0" 200 3177 "-" "Mozilla/5.0 (compatible; SemrushBot/7~bl; +http://www.semrush.com/bot.html)"
106.119.167.146 - - [22/Nov/2024:12:34:40 -0800] "GET / HTTP/1.0" 200 3177 "-" "Mozilla/5.0 (iPhone; CPU iPhone OS 13_2_3 like Mac OS X) AppleWebKit/605.1.15 (KHTML, like Gecko) Version/13.0.3 Mobile/15E148 Safari/604.1"
147.93.128.101 - - [22/Nov/2024:12:40:25 -0800] "GET /wp-content/plugins/ioxi/ew.php HTTP/1.0" 200 3177 "-" "Mozlila/5.0 (Linux; Android 7.0; SM-G892A Bulid/NRD90M; wv) AppleWebKit/537.36 (KHTML, like Gecko) Version/4.0 Chrome/60.0.3112.107 Moblie Safari/537.36"
147.93.128.101 - - [22/Nov/2024:12:40:26 -0800] "GET /wp-content/plugins/ioxi/ew1.php HTTP/1.0" 200 3177 "-" "Mozlila/5.0 (Linux; Android 7.0; SM-G892A Bulid/NRD90M; wv) AppleWebKit/537.36 (KHTML, like Gecko) Version/4.0 Chrome/60.0.3112.107 Moblie Safari/537.36"
85.208.96.202 - - [22/Nov/2024:12:42:16 -0800] "GET /product/wisfox-2-pack-wireless-keyboard-and-mouse-combo-pink-wireless-keyboard-with-phone-tablet-holder-ultra-slim-compact-keyboard-for-computer-laptop-windows/ HTTP/1.0" 200 3177 "-" "Mozilla/5.0 (compatible; SemrushBot/7~bl; +http://www.semrush.com/bot.html)"
85.208.96.208 - - [22/Nov/2024:12:45:50 -0800] "GET /product/unihertz-titan-slim-the-new-sleek-qwerty-4g-smartphone-android-11-unlocked-nfc-smart-phone-support-t-mobile-verizon-only/ HTTP/1.0" 200 3177 "-" "Mozilla/5.0 (compatible; SemrushBot/7~bl; +http://www.semrush.com/bot.html)"
216.244.66.229 - - [22/Nov/2024:12:48:42 -0800] "GET /robots.txt HTTP/1.0" 200 3177 "-" "Mozilla/5.0 (compatible; DotBot/1.2; +https://opensiteexplorer.org/dotbot; help@moz.com)"
85.208.96.208 - - [22/Nov/2024:12:54:32 -0800] "GET /product/sxhyf-rear-view-mirror-phone-holder-2023-rotatable-and-retractable-car-phone-holder-universal-car-phone-holder-mount-cell-phone-holder-car-fit-for-iphone-11-12-13-14-pro-max-samsung-all-phone/ HTTP/1.0" 200 3177 "-" "Mozilla/5.0 (compatible; SemrushBot/7~bl; +http://www.semrush.com/bot.html)"
216.244.66.229 - - [22/Nov/2024:12:57:46 -0800] "GET /product/moto-g-stylus-2021-2-day-battery-unlocked-made-for-us-by-motorola-4-128gb-48mp-camera-black/feed/ HTTP/1.0" 200 3177 "-" "Mozilla/5.0 (compatible; DotBot/1.2; +https://opensiteexplorer.org/dotbot; help@moz.com)"
147.93.128.101 - - [22/Nov/2024:12:59:00 -0800] "GET /wp-includes/index.php HTTP/1.0" 200 3177 "-" "Mozlila/5.0 (Linux; Android 7.0; SM-G892A Bulid/NRD90M; wv) AppleWebKit/537.36 (KHTML, like Gecko) Version/4.0 Chrome/60.0.3112.107 Moblie Safari/537.36"
147.93.128.101 - - [22/Nov/2024:12:59:08 -0800] "GET /wp-includes/html-api/index.php HTTP/1.0" 200 3177 "-" "Mozlila/5.0 (Linux; Android 7.0; SM-G892A Bulid/NRD90M; wv) AppleWebKit/537.36 (KHTML, like Gecko) Version/4.0 Chrome/60.0.3112.107 Moblie Safari/537.36"
147.93.128.101 - - [22/Nov/2024:12:59:14 -0800] "GET /wp-includes/ID3/index.php HTTP/1.0" 200 3177 "-" "Mozlila/5.0 (Linux; Android 7.0; SM-G892A Bulid/NRD90M; wv) AppleWebKit/537.36 (KHTML, like Gecko) Version/4.0 Chrome/60.0.3112.107 Moblie Safari/537.36"
147.93.128.101 - - [22/Nov/2024:12:59:19 -0800] "GET /wp-includes/IXR/index.php HTTP/1.0" 200 3177 "-" "Mozlila/5.0 (Linux; Android 7.0; SM-G892A Bulid/NRD90M; wv) AppleWebKit/537.36 (KHTML, like Gecko) Version/4.0 Chrome/60.0.3112.107 Moblie Safari/537.36"
147.93.128.101 - - [22/Nov/2024:12:59:23 -0800] "GET /wp-includes/PHPMailer/index.php HTTP/1.0" 200 3177 "-" "Mozlila/5.0 (Linux; Android 7.0; SM-G892A Bulid/NRD90M; wv) AppleWebKit/537.36 (KHTML, like Gecko) Version/4.0 Chrome/60.0.3112.107 Moblie Safari/537.36"
147.93.128.101 - - [22/Nov/2024:12:59:31 -0800] "GET /wp-content/plugins/index.php HTTP/1.0" 200 - "-" "Mozlila/5.0 (Linux; Android 7.0; SM-G892A Bulid/NRD90M; wv) AppleWebKit/537.36 (KHTML, like Gecko) Version/4.0 Chrome/60.0.3112.107 Moblie Safari/537.36"
147.93.128.101 - - [22/Nov/2024:12:59:34 -0800] "GET /wp-includes/Requests/index.php HTTP/1.0" 200 3177 "-" "Mozlila/5.0 (Linux; Android 7.0; SM-G892A Bulid/NRD90M; wv) AppleWebKit/537.36 (KHTML, like Gecko) Version/4.0 Chrome/60.0.3112.107 Moblie Safari/537.36"
147.93.128.101 - - [22/Nov/2024:12:59:40 -0800] "GET /wp-includes/Requests/Auth/index.php HTTP/1.0" 200 3177 "-" "Mozlila/5.0 (Linux; Android 7.0; SM-G892A Bulid/NRD90M; wv) AppleWebKit/537.36 (KHTML, like Gecko) Version/4.0 Chrome/60.0.3112.107 Moblie Safari/537.36"
147.93.128.101 - - [22/Nov/2024:12:59:42 -0800] "GET /wp-includes/Requests/Cookie/index.php HTTP/1.0" 200 3177 "-" "Mozlila/5.0 (Linux; Android 7.0; SM-G892A Bulid/NRD90M; wv) AppleWebKit/537.36 (KHTML, like Gecko) Version/4.0 Chrome/60.0.3112.107 Moblie Safari/537.36"
147.93.128.101 - - [22/Nov/2024:12:59:50 -0800] "GET /wp-includes/Requests/Exception/index.php HTTP/1.0" 200 3177 "-" "Mozlila/5.0 (Linux; Android 7.0; SM-G892A Bulid/NRD90M; wv) AppleWebKit/537.36 (KHTML, like Gecko) Version/4.0 Chrome/60.0.3112.107 Moblie Safari/537.36"
147.93.128.101 - - [22/Nov/2024:12:59:54 -0800] "GET /wp-includes/Requests/Exception/HTTP/index.php HTTP/1.0" 200 3177 "-" "Mozlila/5.0 (Linux; Android 7.0; SM-G892A Bulid/NRD90M; wv) AppleWebKit/537.36 (KHTML, like Gecko) Version/4.0 Chrome/60.0.3112.107 Moblie Safari/537.36"
147.93.128.101 - - [22/Nov/2024:13:00:01 -0800] "GET /wp-includes/Requests/Exception/Transport/index.php HTTP/1.0" 200 3177 "-" "Mozlila/5.0 (Linux; Android 7.0; SM-G892A Bulid/NRD90M; wv) AppleWebKit/537.36 (KHTML, like Gecko) Version/4.0 Chrome/60.0.3112.107 Moblie Safari/537.36"
85.208.96.202 - - [22/Nov/2024:13:03:10 -0800] "GET /product/zte-blade-a5-2020-32gb-2gb-6-09-hd-edge-to-edge-display-3200mah-battery-dual-sim-gsm-unlocked-us-4g-lte-t-mobile-att-metro-straight-talk-international-model-black/ HTTP/1.0" 200 3177 "-" "Mozilla/5.0 (compatible; SemrushBot/7~bl; +http://www.semrush.com/bot.html)"
43.159.143.187 - - [22/Nov/2024:13:03:41 -0800] "GET / HTTP/1.0" 200 3177 "-" "Mozilla/5.0 (iPhone; CPU iPhone OS 13_2_3 like Mac OS X) AppleWebKit/605.1.15 (KHTML, like Gecko) Version/13.0.3 Mobile/15E148 Safari/604.1"
85.208.96.197 - - [22/Nov/2024:13:05:33 -0800] "GET /product/motorola-moto-g84-5g-gsm-unlocked-international-version-256gb-12gb-ram-dual-sim-android-13-smartphone-marshmallow-blue/ HTTP/1.0" 200 3177 "-" "Mozilla/5.0 (compatible; SemrushBot/7~bl; +http://www.semrush.com/bot.html)"
185.191.171.3 - - [22/Nov/2024:13:22:53 -0800] "GET /robots.txt HTTP/1.0" 200 3177 "-" "Mozilla/5.0 (compatible; SemrushBot/7~bl; +http://www.semrush.com/bot.html)"
85.208.96.209 - - [22/Nov/2024:13:22:54 -0800] "GET /product/motorola-moto-g31-dual-sim-128gb-4gb-6-4-full-hd-amoled-50mp-triple-camera-4g-lte-international-model-gsm-unlocked-for-t-mobile-att-global-xt2173-2-w-fast-car-charger-meteorite-grey/ HTTP/1.0" 200 3177 "-" "Mozilla/5.0 (compatible; SemrushBot/7~bl; +http://www.semrush.com/bot.html)"
216.244.66.229 - - [22/Nov/2024:13:36:26 -0800] "GET /robots.txt HTTP/1.0" 200 3177 "-" "Mozilla/5.0 (compatible; DotBot/1.2; +https://opensiteexplorer.org/dotbot; help@moz.com)"
216.244.66.229 - - [22/Nov/2024:13:44:36 -0800] "GET /privacy-policy/ HTTP/1.0" 200 3177 "-" "Mozilla/5.0 (compatible; DotBot/1.2; +https://opensiteexplorer.org/dotbot; help@moz.com)"
216.244.66.229 - - [22/Nov/2024:13:48:57 -0800] "GET /cart/?remove_item=48000647b315f6f00f913caa757a70b3&_wpnonce=f7add1517e HTTP/1.0" 200 3177 "-" "Mozilla/5.0 (compatible; DotBot/1.2; +https://opensiteexplorer.org/dotbot; help@moz.com)"
216.244.66.229 - - [22/Nov/2024:13:49:28 -0800] "GET /?action=yith-woocompare-add-product&id=6102 HTTP/1.0" 200 3177 "-" "Mozilla/5.0 (compatible; DotBot/1.2; +https://opensiteexplorer.org/dotbot; help@moz.com)"
216.244.66.229 - - [22/Nov/2024:13:52:51 -0800] "GET /?action=yith-woocompare-add-product&id=5922 HTTP/1.0" 200 3177 "-" "Mozilla/5.0 (compatible; DotBot/1.2; +https://opensiteexplorer.org/dotbot; help@moz.com)"
216.244.66.229 - - [22/Nov/2024:13:54:42 -0800] "GET /?action=yith-woocompare-add-product&id=8017 HTTP/1.0" 200 3177 "-" "Mozilla/5.0 (compatible; DotBot/1.2; +https://opensiteexplorer.org/dotbot; help@moz.com)"
216.244.66.229 - - [22/Nov/2024:13:57:49 -0800] "GET /?add-to-cart=6116 HTTP/1.0" 200 3177 "-" "Mozilla/5.0 (compatible; DotBot/1.2; +https://opensiteexplorer.org/dotbot; help@moz.com)"
216.244.66.229 - - [22/Nov/2024:14:25:57 -0800] "GET /robots.txt HTTP/1.0" 200 3177 "-" "Mozilla/5.0 (compatible; DotBot/1.2; +https://opensiteexplorer.org/dotbot; help@moz.com)"
216.244.66.229 - - [22/Nov/2024:14:48:54 -0800] "GET /?add-to-cart=6012 HTTP/1.0" 200 3177 "-" "Mozilla/5.0 (compatible; DotBot/1.2; +https://opensiteexplorer.org/dotbot; help@moz.com)"
216.244.66.229 - - [22/Nov/2024:15:13:25 -0800] "GET /robots.txt HTTP/1.0" 200 3177 "-" "Mozilla/5.0 (compatible; DotBot/1.2; +https://opensiteexplorer.org/dotbot; help@moz.com)"
185.191.171.16 - - [22/Nov/2024:15:21:28 -0800] "GET /robots.txt HTTP/1.0" 200 3177 "-" "Mozilla/5.0 (compatible; SemrushBot/7~bl; +http://www.semrush.com/bot.html)"
85.208.96.194 - - [22/Nov/2024:15:21:33 -0800] "GET /product/unihertz-titan-pocket-small-qwerty-smartphone-android-11-unlocked-nfc-smart-phone-support-t-mobile-verizon-only/ HTTP/1.0" 200 3177 "-" "Mozilla/5.0 (compatible; SemrushBot/7~bl; +http://www.semrush.com/bot.html)"
216.244.66.229 - - [22/Nov/2024:15:29:56 -0800] "GET /?action=yith-woocompare-add-product&id=8128 HTTP/1.0" 200 3177 "-" "Mozilla/5.0 (compatible; DotBot/1.2; +https://opensiteexplorer.org/dotbot; help@moz.com)"
216.244.66.229 - - [22/Nov/2024:15:33:37 -0800] "GET /?add-to-cart=5618 HTTP/1.0" 200 3177 "-" "Mozilla/5.0 (compatible; DotBot/1.2; +https://opensiteexplorer.org/dotbot; help@moz.com)"
85.208.96.211 - - [22/Nov/2024:15:47:43 -0800] "GET /product/ilight-mini-smartphone-11-pro-the-worlds-smallest-11-pro-android-mobile-phone-super-small-micro-2-5-touch-screen-global-unlocked-great-for-kids-1gb-ram-8gb-rom-tiny-iphone-xi-pro-look-alike/ HTTP/1.0" 200 3177 "-" "Mozilla/5.0 (compatible; SemrushBot/7~bl; +http://www.semrush.com/bot.html)"
85.208.96.194 - - [22/Nov/2024:15:55:55 -0800] "GET /product-category/motorola/page/3/ HTTP/1.0" 200 3177 "-" "Mozilla/5.0 (compatible; SemrushBot/7~bl; +http://www.semrush.com/bot.html)"
216.244.66.229 - - [22/Nov/2024:16:02:19 -0800] "GET /robots.txt HTTP/1.0" 200 3177 "-" "Mozilla/5.0 (compatible; DotBot/1.2; +https://opensiteexplorer.org/dotbot; help@moz.com)"
191.101.61.83 - - [22/Nov/2024:16:05:19 -0800] "GET /.env HTTP/1.0" 406 300 "-" "Mozilla/5.0 (Macintosh; Intel Mac OS X 10.15; rv:77.0) Gecko/20100101 Firefox/77.0"
216.244.66.229 - - [22/Nov/2024:16:11:02 -0800] "GET /?action=yith-woocompare-add-product&id=5612 HTTP/1.0" 200 3177 "-" "Mozilla/5.0 (compatible; DotBot/1.2; +https://opensiteexplorer.org/dotbot; help@moz.com)"
85.208.96.195 - - [22/Nov/2024:16:14:00 -0800] "GET /product/sxhyf-rear-view-mirror-phone-holder-2023-rotatable-and-retractable-universal-mount-cell-car-fit-for-iphone-11-12-13-14-pro-max-samsung-all-phone/ HTTP/1.0" 200 3177 "-" "Mozilla/5.0 (compatible; SemrushBot/7~bl; +http://www.semrush.com/bot.html)"
85.208.96.199 - - [22/Nov/2024:16:17:41 -0800] "GET /product/panasonic-ergofit-wired-earbuds-in-ear-headphones-with-dynamic-crystal-clear-sound-and-ergonomic-custom-fit-earpieces-s-m-l-3-5mm-jack-for-phones-and-laptops-no-mic-rp-hje120-k-black/ HTTP/1.0" 200 3177 "-" "Mozilla/5.0 (compatible; SemrushBot/7~bl; +http://www.semrush.com/bot.html)"
216.244.66.229 - - [22/Nov/2024:16:19:33 -0800] "GET /home-2/feed/ HTTP/1.0" 200 3177 "-" "Mozilla/5.0 (compatible; DotBot/1.2; +https://opensiteexplorer.org/dotbot; help@moz.com)"
85.208.96.197 - - [22/Nov/2024:16:22:00 -0800] "GET /robots.txt HTTP/1.0" 200 3177 "-" "Mozilla/5.0 (compatible; SemrushBot/7~bl; +http://www.semrush.com/bot.html)"
185.191.171.19 - - [22/Nov/2024:16:22:01 -0800] "GET /product/motorola-moto-g-stylus-5g-2021-2-day-battery-gsm-unlocked-made-for-us-4-128gb-48mp-camera-cosmic-emerald-renewed/ HTTP/1.0" 200 3177 "-" "Mozilla/5.0 (compatible; SemrushBot/7~bl; +http://www.semrush.com/bot.html)"
185.191.171.8 - - [22/Nov/2024:16:36:19 -0800] "GET /product-category/motorola/page/4/ HTTP/1.0" 200 3177 "-" "Mozilla/5.0 (compatible; SemrushBot/7~bl; +http://www.semrush.com/bot.html)"
216.244.66.229 - - [22/Nov/2024:16:49:04 -0800] "GET /robots.txt HTTP/1.0" 200 3177 "-" "Mozilla/5.0 (compatible; DotBot/1.2; +https://opensiteexplorer.org/dotbot; help@moz.com)"
85.208.96.194 - - [22/Nov/2024:16:55:09 -0800] "GET /product/anhome-cell-phone-stand-holder-for-desk-cellphone-stands-holders-desktop-360-rotatable-height-adjustable-foldable-phone-stand-for-recording-charger-compatible-with-iphone-samsung-and-other-phone/ HTTP/1.0" 200 3177 "-" "Mozilla/5.0 (compatible; SemrushBot/7~bl; +http://www.semrush.com/bot.html)"
85.208.96.208 - - [22/Nov/2024:16:56:31 -0800] "GET /product/nokia-t10-android-12-8-inch-screen-tablet-us-version-4-64gb-8mp-camera-ocean-blue/ HTTP/1.0" 200 3177 "-" "Mozilla/5.0 (compatible; SemrushBot/7~bl; +http://www.semrush.com/bot.html)"
17.241.219.87 - - [22/Nov/2024:17:01:01 -0800] "GET /robots.txt HTTP/1.0" 200 3177 "-" "Mozilla/5.0 (Macintosh; Intel Mac OS X 10_15_7) AppleWebKit/605.1.15 (KHTML, like Gecko) Version/17.4 Safari/605.1.15 (Applebot/0.1; +http://www.apple.com/go/applebot)"
17.241.219.87 - - [22/Nov/2024:17:01:02 -0800] "GET /product/moto-e-unlocked-renewed/ HTTP/1.0" 200 3177 "-" "Mozilla/5.0 (Macintosh; Intel Mac OS X 10_15_7) AppleWebKit/605.1.15 (KHTML, like Gecko) Version/17.4 Safari/605.1.15 (Applebot/0.1; +http://www.apple.com/go/applebot)"
216.244.66.229 - - [22/Nov/2024:17:01:23 -0800] "GET /?action=yith-woocompare-add-product&id=5590 HTTP/1.0" 200 3177 "-" "Mozilla/5.0 (compatible; DotBot/1.2; +https://opensiteexplorer.org/dotbot; help@moz.com)"
216.244.66.229 - - [22/Nov/2024:17:01:54 -0800] "GET /product/att-signal-booster-cell-phone-booster-repeater-att-4g-lte-700mhz-host-band12-17/ HTTP/1.0" 200 3177 "-" "Mozilla/5.0 (compatible; DotBot/1.2; +https://opensiteexplorer.org/dotbot; help@moz.com)"
85.208.96.204 - - [22/Nov/2024:17:04:07 -0800] "GET /product/anker-nano-power-bank-with-built-in-lightning-connector-portable-charger-5000mah-mfi-certified-12w-compatible-with-iphone-14-14-pro-14-plus-14-pro-max-iphone-13-and-12-series-black/ HTTP/1.0" 200 3177 "-" "Mozilla/5.0 (compatible; SemrushBot/7~bl; +http://www.semrush.com/bot.html)"
85.208.96.210 - - [22/Nov/2024:17:04:11 -0800] "GET /product/s%E2%80%91g8800-unlocked-senior-cell-phone-4-sim-card-2g-retro-phone-large-button-gsm-mobile-phone-for-senior-2400mahlight-blue/ HTTP/1.0" 200 3177 "-" "Mozilla/5.0 (compatible; SemrushBot/7~bl; +http://www.semrush.com/bot.html)"
216.244.66.229 - - [22/Nov/2024:17:04:23 -0800] "GET /?action=yith-woocompare-add-product&id=7861 HTTP/1.0" 200 3177 "-" "Mozilla/5.0 (compatible; DotBot/1.2; +https://opensiteexplorer.org/dotbot; help@moz.com)"
128.199.29.77 - - [22/Nov/2024:17:38:20 -0800] "GET / HTTP/1.0" 200 3177 "-" "Mozilla/5.0 (X11; Linux x86_64) AppleWebKit/537.36 (KHTML, like Gecko) Chrome/129.0.0.0 Safari/537.36"
128.199.29.77 - - [22/Nov/2024:17:38:21 -0800] "GET / HTTP/1.0" 200 3177 "-" "Mozilla/5.0 (X11; Linux x86_64) AppleWebKit/537.36 (KHTML, like Gecko) Chrome/129.0.0.0 Safari/537.36"
216.244.66.229 - - [22/Nov/2024:17:38:28 -0800] "GET /robots.txt HTTP/1.0" 200 3177 "-" "Mozilla/5.0 (compatible; DotBot/1.2; +https://opensiteexplorer.org/dotbot; help@moz.com)"
193.70.81.99 - - [22/Nov/2024:17:38:51 -0800] "GET /robots.txt HTTP/1.0" 200 3177 "-" "Mozilla/5.0 (compatible; MJ12bot/v1.4.8; http://mj12bot.com/)"
193.70.81.99 - - [22/Nov/2024:17:39:00 -0800] "GET /product/new-samsung-galaxy-note-4-sm-n910-battery-replacement-eb-bn910bbu-eb-bn910bbe/?add-to-cart=5524 HTTP/1.0" 200 3177 "-" "Mozilla/5.0 (compatible; MJ12bot/v1.4.8; http://mj12bot.com/)"
193.70.81.99 - - [22/Nov/2024:17:39:05 -0800] "GET /product/new-samsung-galaxy-note-4-sm-n910-battery-replacement-eb-bn910bbu-eb-bn910bbe/?add-to-cart=5528 HTTP/1.0" 200 3177 "-" "Mozilla/5.0 (compatible; MJ12bot/v1.4.8; http://mj12bot.com/)"
193.70.81.99 - - [22/Nov/2024:17:39:09 -0800] "GET /product/new-samsung-galaxy-note-4-sm-n910-battery-replacement-eb-bn910bbu-eb-bn910bbe/?add-to-cart=5530 HTTP/1.0" 200 3177 "-" "Mozilla/5.0 (compatible; MJ12bot/v1.4.8; http://mj12bot.com/)"
193.70.81.99 - - [22/Nov/2024:17:39:17 -0800] "GET /product/new-samsung-galaxy-note-4-sm-n910-battery-replacement-eb-bn910bbu-eb-bn910bbe/?add-to-cart=5532 HTTP/1.0" 200 3177 "-" "Mozilla/5.0 (compatible; MJ12bot/v1.4.8; http://mj12bot.com/)"
193.70.81.99 - - [22/Nov/2024:17:39:27 -0800] "GET /product/new-samsung-galaxy-note-4-sm-n910-battery-replacement-eb-bn910bbu-eb-bn910bbe/?add-to-cart=5534 HTTP/1.0" 200 3177 "-" "Mozilla/5.0 (compatible; MJ12bot/v1.4.8; http://mj12bot.com/)"
193.70.81.99 - - [22/Nov/2024:17:39:34 -0800] "GET /product/new-samsung-galaxy-note-4-sm-n910-battery-replacement-eb-bn910bbu-eb-bn910bbe/?add-to-cart=5536 HTTP/1.0" 200 3177 "-" "Mozilla/5.0 (compatible; MJ12bot/v1.4.8; http://mj12bot.com/)"
193.70.81.99 - - [22/Nov/2024:17:39:42 -0800] "GET /product/new-samsung-galaxy-note-4-sm-n910-battery-replacement-eb-bn910bbu-eb-bn910bbe/?add-to-cart=5538 HTTP/1.0" 200 3177 "-" "Mozilla/5.0 (compatible; MJ12bot/v1.4.8; http://mj12bot.com/)"
193.70.81.99 - - [22/Nov/2024:17:39:46 -0800] "GET /product/new-samsung-galaxy-note-4-sm-n910-battery-replacement-eb-bn910bbu-eb-bn910bbe/?add_to_wishlist=5526&_wpnonce=9a29de81c4 HTTP/1.0" 200 3177 "-" "Mozilla/5.0 (compatible; MJ12bot/v1.4.8; http://mj12bot.com/)"
193.70.81.99 - - [22/Nov/2024:17:39:57 -0800] "GET /product/nokia-105-4g-gsm-unlocked-mobile-phone-volte-black-international-version-not-att-cricket-verizon-compatible/?add_to_wishlist=6423&_wpnonce=771e3561f6 HTTP/1.0" 200 3177 "-" "Mozilla/5.0 (compatible; MJ12bot/v1.4.8; http://mj12bot.com/)"
193.70.81.99 - - [22/Nov/2024:17:40:04 -0800] "GET /product/nokia-105-4g-gsm-unlocked-mobile-phone-volte-black-international-version-not-att-cricket-verizon-compatible/?add_to_wishlist=6423&_wpnonce=9a29de81c4 HTTP/1.0" 200 3177 "-" "Mozilla/5.0 (compatible; MJ12bot/v1.4.8; http://mj12bot.com/)"
149.202.86.190 - - [22/Nov/2024:17:41:46 -0800] "GET /robots.txt HTTP/1.0" 200 3177 "-" "Mozilla/5.0 (compatible; MJ12bot/v1.4.8; http://mj12bot.com/)"
149.202.86.190 - - [22/Nov/2024:17:41:54 -0800] "GET /product/fusion5-10-windows-11-pro-fwin232-plus-s1-ultra-slim-windows-tablet-pc-4gb-ram-usb-3-0-micro-hdmi-intel-quad-core-cpu-ips-hd-display-5mp-and-2mp-cameras-bluetooth-4-0-windows-11-64gb/?add_to_wishlist=6986&_wpnonce=31660b62bd HTTP/1.0" 200 3177 "-" "Mozilla/5.0 (compatible; MJ12bot/v1.4.8; http://mj12bot.com/)"
149.202.86.190 - - [22/Nov/2024:17:42:01 -0800] "GET /product/fusion5-10-windows-11-pro-fwin232-plus-s1-ultra-slim-windows-tablet-pc-4gb-ram-usb-3-0-micro-hdmi-intel-quad-core-cpu-ips-hd-display-5mp-and-2mp-cameras-bluetooth-4-0-windows-11-64gb/?add_to_wishlist=6986&_wpnonce=e2d79666ef HTTP/1.0" 200 3177 "-" "Mozilla/5.0 (compatible; MJ12bot/v1.4.8; http://mj12bot.com/)"
149.202.86.190 - - [22/Nov/2024:17:42:08 -0800] "GET /product/garmin-astro-430-t-5-gps-dog-tracking-bundle/?add_to_wishlist=5990&_wpnonce=31660b62bd HTTP/1.0" 200 3177 "-" "Mozilla/5.0 (compatible; MJ12bot/v1.4.8; http://mj12bot.com/)"
149.202.86.190 - - [22/Nov/2024:17:42:13 -0800] "GET /product/google-pixel-6-5g-android-phone-unlocked-smartphone-with-wide-and-ultrawide-lens-256gb-stormy-black/?add_to_wishlist=6827&_wpnonce=31660b62bd HTTP/1.0" 200 3177 "-" "Mozilla/5.0 (compatible; MJ12bot/v1.4.8; http://mj12bot.com/)"
149.202.86.190 - - [22/Nov/2024:17:42:24 -0800] "GET /product/google-pixel-7-pro-5g-android-phone-unlocked-smartphone-with-telephoto-wide-angle-lens-and-24-hour-battery-128gb-snow/?add_to_wishlist=6602&_wpnonce=31660b62bd HTTP/1.0" 200 3177 "-" "Mozilla/5.0 (compatible; MJ12bot/v1.4.8; http://mj12bot.com/)"
149.202.86.190 - - [22/Nov/2024:17:42:33 -0800] "GET /product/google-pixel-7a-unlocked-android-cell-phone-smartphone-with-wide-angle-lens-and-24-hour-battery-128-gb-charcoal/?add_to_wishlist=6448&_wpnonce=49123e2122 HTTP/1.0" 200 3177 "-" "Mozilla/5.0 (compatible; MJ12bot/v1.4.8; http://mj12bot.com/)"
149.202.86.190 - - [22/Nov/2024:17:42:43 -0800] "GET /product/gpd-micro-pc-256gb-m-2-ssd-version-6-inches-mini-industry-laptop-latest-hw-update-cpu-celeron-processor-n4120-portable-laptop-computer-notebook-os-win-10-proubuntu-mate-18-108gb-ram/?add_to_wishlist=7066&_wpnonce=49123e2122 HTTP/1.0" 200 3177 "-" "Mozilla/5.0 (compatible; MJ12bot/v1.4.8; http://mj12bot.com/)"
149.202.86.190 - - [22/Nov/2024:17:42:51 -0800] "GET /product/gsm-cdma-3g-850mhz-cell-phone-signal-booster-repeater-amplifier-antennas-kit/?add-to-cart=5654 HTTP/1.0" 200 3177 "-" "Mozilla/5.0 (compatible; MJ12bot/v1.4.8; http://mj12bot.com/)"
149.202.86.190 - - [22/Nov/2024:17:43:00 -0800] "GET /product/gsm-cdma-3g-850mhz-cell-phone-signal-booster-repeater-amplifier-antennas-kit/?add-to-cart=5656 HTTP/1.0" 200 3177 "-" "Mozilla/5.0 (compatible; MJ12bot/v1.4.8; http://mj12bot.com/)"
149.202.86.190 - - [22/Nov/2024:17:43:05 -0800] "GET /product/gsm-cdma-3g-850mhz-cell-phone-signal-booster-repeater-amplifier-antennas-kit/?add-to-cart=5658 HTTP/1.0" 200 3177 "-" "Mozilla/5.0 (compatible; MJ12bot/v1.4.8; http://mj12bot.com/)"
149.202.86.190 - - [22/Nov/2024:17:43:17 -0800] "GET /product/gsm-cdma-3g-850mhz-cell-phone-signal-booster-repeater-amplifier-antennas-kit/?add-to-cart=5660 HTTP/1.0" 200 3177 "-" "Mozilla/5.0 (compatible; MJ12bot/v1.4.8; http://mj12bot.com/)"
149.202.86.190 - - [22/Nov/2024:17:43:25 -0800] "GET /product/gsm-cdma-3g-850mhz-cell-phone-signal-booster-repeater-amplifier-antennas-kit/?add-to-cart=6092 HTTP/1.0" 200 3177 "-" "Mozilla/5.0 (compatible; MJ12bot/v1.4.8; http://mj12bot.com/)"
149.202.86.190 - - [22/Nov/2024:17:43:34 -0800] "GET /product/gsm-cdma-3g-850mhz-cell-phone-signal-booster-repeater-amplifier-antennas-kit/?add-to-cart=6104 HTTP/1.0" 200 3177 "-" "Mozilla/5.0 (compatible; MJ12bot/v1.4.8; http://mj12bot.com/)"
149.202.86.190 - - [22/Nov/2024:17:43:46 -0800] "GET /product/gsm-cdma-3g-850mhz-cell-phone-signal-booster-repeater-amplifier-antennas-kit/?add-to-cart=6110 HTTP/1.0" 200 3177 "-" "Mozilla/5.0 (compatible; MJ12bot/v1.4.8; http://mj12bot.com/)"
149.202.86.190 - - [22/Nov/2024:17:43:54 -0800] "GET /product/gsm-cdma-3g-850mhz-cell-phone-signal-booster-repeater-amplifier-antennas-kit/?add-to-cart=6116 HTTP/1.0" 200 3177 "-" "Mozilla/5.0 (compatible; MJ12bot/v1.4.8; http://mj12bot.com/)"
149.202.86.190 - - [22/Nov/2024:17:44:01 -0800] "GET /product/gsm-cdma-3g-850mhz-cell-phone-signal-booster-repeater-amplifier-antennas-kit/?add_to_wishlist=6102&_wpnonce=49123e2122 HTTP/1.0" 200 3177 "-" "Mozilla/5.0 (compatible; MJ12bot/v1.4.8; http://mj12bot.com/)"
149.202.86.190 - - [22/Nov/2024:17:44:08 -0800] "GET /product/gsm-cdma-3g-850mhz-cell-phone-signal-booster-repeater-amplifier-antennas-kit/?add_to_wishlist=6102&_wpnonce=cc915a3de1 HTTP/1.0" 200 3177 "-" "Mozilla/5.0 (compatible; MJ12bot/v1.4.8; http://mj12bot.com/)"
149.202.86.190 - - [22/Nov/2024:17:44:17 -0800] "GET /product/home-4g-lte-cell-phone-signal-booster-for-verizonattstraight-talkus-cellular/?add_to_wishlist=5652&_wpnonce=49123e2122 HTTP/1.0" 200 3177 "-" "Mozilla/5.0 (compatible; MJ12bot/v1.4.8; http://mj12bot.com/)"
149.202.86.190 - - [22/Nov/2024:17:44:25 -0800] "GET /product/htc-8x-black-16gb-verizon-wireless/?add_to_wishlist=6332&_wpnonce=49123e2122 HTTP/1.0" 200 3177 "-" "Mozilla/5.0 (compatible; MJ12bot/v1.4.8; http://mj12bot.com/)"
149.202.86.190 - - [22/Nov/2024:17:44:59 -0800] "GET /product/hybrid-belt-clip-holster-with-stand-hard-phone-case-for-samsung-galaxy-note-9-8/?add-to-cart=5638 HTTP/1.0" 200 3177 "-" "Mozilla/5.0 (compatible; MJ12bot/v1.4.8; http://mj12bot.com/)"
85.208.96.209 - - [22/Nov/2024:17:45:00 -0800] "GET /robots.txt HTTP/1.0" 200 3177 "-" "Mozilla/5.0 (compatible; SemrushBot/7~bl; +http://www.semrush.com/bot.html)"
85.208.96.203 - - [22/Nov/2024:17:45:02 -0800] "GET /product/motorola-moto-g31-dual-sim-128gb-rom-4gb-ram-gsm-only-no-cdma-factory-unlocked-4g-lte-smartphone-mineral-grey-international-version/ HTTP/1.0" 200 3177 "-" "Mozilla/5.0 (compatible; SemrushBot/7~bl; +http://www.semrush.com/bot.html)"
149.202.86.190 - - [22/Nov/2024:17:45:09 -0800] "GET /product/hybrid-belt-clip-holster-with-stand-hard-phone-case-for-samsung-galaxy-note-9-8/?add-to-cart=5644 HTTP/1.0" 200 3177 "-" "Mozilla/5.0 (compatible; MJ12bot/v1.4.8; http://mj12bot.com/)"
149.202.86.190 - - [22/Nov/2024:17:45:39 -0800] "GET /product/hybrid-belt-clip-holster-with-stand-hard-phone-case-for-samsung-galaxy-note-9-8/?add-to-cart=6022 HTTP/1.0" 200 3177 "-" "Mozilla/5.0 (compatible; MJ12bot/v1.4.8; http://mj12bot.com/)"
149.202.86.190 - - [22/Nov/2024:17:45:55 -0800] "GET /product/hybrid-belt-clip-holster-with-stand-hard-phone-case-for-samsung-galaxy-note-9-8/?add-to-cart=6034 HTTP/1.0" 200 3177 "-" "Mozilla/5.0 (compatible; MJ12bot/v1.4.8; http://mj12bot.com/)"
149.202.86.190 - - [22/Nov/2024:17:46:08 -0800] "GET /product/hybrid-belt-clip-holster-with-stand-hard-phone-case-for-samsung-galaxy-note-9-8/?add-to-cart=6038 HTTP/1.0" 200 3177 "-" "Mozilla/5.0 (compatible; MJ12bot/v1.4.8; http://mj12bot.com/)"
149.202.86.190 - - [22/Nov/2024:17:46:26 -0800] "GET /product/hybrid-belt-clip-holster-with-stand-hard-phone-case-for-samsung-galaxy-note-9-8/?add-to-cart=6044 HTTP/1.0" 200 3177 "-" "Mozilla/5.0 (compatible; MJ12bot/v1.4.8; http://mj12bot.com/)"
149.202.86.190 - - [22/Nov/2024:17:46:40 -0800] "GET /product/hybrid-belt-clip-holster-with-stand-hard-phone-case-for-samsung-galaxy-note-9-8/?add-to-cart=6046 HTTP/1.0" 200 3177 "-" "Mozilla/5.0 (compatible; MJ12bot/v1.4.8; http://mj12bot.com/)"
149.202.86.190 - - [22/Nov/2024:17:46:52 -0800] "GET /product/hybrid-belt-clip-holster-with-stand-hard-phone-case-for-samsung-galaxy-note-9-8/?add-to-cart=6058 HTTP/1.0" 200 3177 "-" "Mozilla/5.0 (compatible; MJ12bot/v1.4.8; http://mj12bot.com/)"
149.202.86.190 - - [22/Nov/2024:17:47:02 -0800] "GET /product/hybrid-belt-clip-holster-with-stand-hard-phone-case-for-samsung-galaxy-note-9-8/?add-to-cart=6060 HTTP/1.0" 200 3177 "-" "Mozilla/5.0 (compatible; MJ12bot/v1.4.8; http://mj12bot.com/)"
149.202.86.190 - - [22/Nov/2024:17:47:10 -0800] "GET /product/ios-hackers-handbook/?add_to_wishlist=6527&_wpnonce=49123e2122 HTTP/1.0" 200 3177 "-" "Mozilla/5.0 (compatible; MJ12bot/v1.4.8; http://mj12bot.com/)"
149.202.86.190 - - [22/Nov/2024:17:47:17 -0800] "GET /product/ios-programming-the-big-nerd-ranch-guide/?add_to_wishlist=6488&_wpnonce=49123e2122 HTTP/1.0" 200 3177 "-" "Mozilla/5.0 (compatible; MJ12bot/v1.4.8; http://mj12bot.com/)"
149.202.86.190 - - [22/Nov/2024:17:47:29 -0800] "GET /product/iphone-11-pro-max-xs-max-7-8-plus-xr-shockproof-rose-cute-girls-phone-cover-case/?add-to-cart=5640 HTTP/1.0" 200 3177 "-" "Mozilla/5.0 (compatible; MJ12bot/v1.4.8; http://mj12bot.com/)"
149.202.86.190 - - [22/Nov/2024:17:47:37 -0800] "GET /product/iphone-11-pro-max-xs-max-7-8-plus-xr-shockproof-rose-cute-girls-phone-cover-case/?add-to-cart=5642 HTTP/1.0" 200 3177 "-" "Mozilla/5.0 (compatible; MJ12bot/v1.4.8; http://mj12bot.com/)"
149.202.86.190 - - [22/Nov/2024:17:47:48 -0800] "GET /product/iphone-11-pro-max-xs-max-7-8-plus-xr-shockproof-rose-cute-girls-phone-cover-case/?add-to-cart=6026 HTTP/1.0" 200 3177 "-" "Mozilla/5.0 (compatible; MJ12bot/v1.4.8; http://mj12bot.com/)"
149.202.86.190 - - [22/Nov/2024:17:47:56 -0800] "GET /product/iphone-11-pro-max-xs-max-7-8-plus-xr-shockproof-rose-cute-girls-phone-cover-case/?add-to-cart=6042 HTTP/1.0" 200 3177 "-" "Mozilla/5.0 (compatible; MJ12bot/v1.4.8; http://mj12bot.com/)"
149.202.86.190 - - [22/Nov/2024:17:48:06 -0800] "GET /product/iphone-11-pro-max-xs-max-7-8-plus-xr-shockproof-rose-cute-girls-phone-cover-case/?add-to-cart=6044 HTTP/1.0" 200 3177 "-" "Mozilla/5.0 (compatible; MJ12bot/v1.4.8; http://mj12bot.com/)"
149.202.86.190 - - [22/Nov/2024:17:48:16 -0800] "GET /product/iphone-11-pro-max-xs-max-7-8-plus-xr-shockproof-rose-cute-girls-phone-cover-case/?add-to-cart=6046 HTTP/1.0" 200 3177 "-" "Mozilla/5.0 (compatible; MJ12bot/v1.4.8; http://mj12bot.com/)"
149.202.86.190 - - [22/Nov/2024:17:48:24 -0800] "GET /product/iphone-11-pro-max-xs-max-7-8-plus-xr-shockproof-rose-cute-girls-phone-cover-case/?add-to-cart=6052 HTTP/1.0" 200 3177 "-" "Mozilla/5.0 (compatible; MJ12bot/v1.4.8; http://mj12bot.com/)"
149.202.86.190 - - [22/Nov/2024:17:48:33 -0800] "GET /product/iphone-11-pro-max-xs-max-7-8-plus-xr-shockproof-rose-cute-girls-phone-cover-case/?add-to-cart=6060 HTTP/1.0" 200 3177 "-" "Mozilla/5.0 (compatible; MJ12bot/v1.4.8; http://mj12bot.com/)"
85.208.96.198 - - [22/Nov/2024:17:48:33 -0800] "GET /product/tcl-40xl-2023-unlocked-cell-phone-6gb-256gb-6-75-inch-90hz-display-mobile-phone-smartphone-android-13-50mp-ai-camera-5000-mah-4g-lte-us-version-dark-gray/ HTTP/1.0" 200 3177 "-" "Mozilla/5.0 (compatible; SemrushBot/7~bl; +http://www.semrush.com/bot.html)"
149.202.86.190 - - [22/Nov/2024:17:48:44 -0800] "GET /product/iphone-11-pro-max-xs-max-7-8-plus-xr-shockproof-rose-cute-girls-phone-cover-case/?add-to-cart=6062 HTTP/1.0" 200 3177 "-" "Mozilla/5.0 (compatible; MJ12bot/v1.4.8; http://mj12bot.com/)"
149.202.86.190 - - [22/Nov/2024:17:48:50 -0800] "GET /product/iphone-11-pro-max-xs-max-7-8-plus-xr-shockproof-rose-cute-girls-phone-cover-case/?add_to_wishlist=6050&_wpnonce=cc915a3de1 HTTP/1.0" 200 3177 "-" "Mozilla/5.0 (compatible; MJ12bot/v1.4.8; http://mj12bot.com/)"
149.202.86.190 - - [22/Nov/2024:17:48:57 -0800] "GET /product/iphone-xr-7-8-plus-xs-x-11-pro-max-case-crystal-clear-shockproof-hybrid-cover/?add-to-cart=6044 HTTP/1.0" 200 3177 "-" "Mozilla/5.0 (compatible; MJ12bot/v1.4.8; http://mj12bot.com/)"
149.202.86.190 - - [22/Nov/2024:17:49:04 -0800] "GET /product/iphone-xr-7-8-plus-xs-x-11-pro-max-case-crystal-clear-shockproof-hybrid-cover/?add-to-cart=6054 HTTP/1.0" 200 3177 "-" "Mozilla/5.0 (compatible; MJ12bot/v1.4.8; http://mj12bot.com/)"
149.202.86.190 - - [22/Nov/2024:17:49:11 -0800] "GET /product/iphone-xr-7-8-plus-xs-x-11-pro-max-case-crystal-clear-shockproof-hybrid-cover/?add-to-cart=6066 HTTP/1.0" 200 3177 "-" "Mozilla/5.0 (compatible; MJ12bot/v1.4.8; http://mj12bot.com/)"
149.202.86.190 - - [22/Nov/2024:17:49:20 -0800] "GET /product/izengate-id-cell-phone-folio-wallet-case-flip-cover-pu-leather-with-card-slots/?add-to-cart=6030 HTTP/1.0" 200 3177 "-" "Mozilla/5.0 (compatible; MJ12bot/v1.4.8; http://mj12bot.com/)"
149.202.86.190 - - [22/Nov/2024:17:49:27 -0800] "GET /product/izengate-id-cell-phone-folio-wallet-case-flip-cover-pu-leather-with-card-slots/?add-to-cart=6036 HTTP/1.0" 200 3177 "-" "Mozilla/5.0 (compatible; MJ12bot/v1.4.8; http://mj12bot.com/)"
149.202.86.190 - - [22/Nov/2024:17:49:35 -0800] "GET /product/izengate-id-cell-phone-folio-wallet-case-flip-cover-pu-leather-with-card-slots/?add-to-cart=6040 HTTP/1.0" 200 3177 "-" "Mozilla/5.0 (compatible; MJ12bot/v1.4.8; http://mj12bot.com/)"
149.202.86.190 - - [22/Nov/2024:17:49:43 -0800] "GET /product/izengate-id-cell-phone-folio-wallet-case-flip-cover-pu-leather-with-card-slots/?add-to-cart=6070 HTTP/1.0" 200 3177 "-" "Mozilla/5.0 (compatible; MJ12bot/v1.4.8; http://mj12bot.com/)"
149.202.86.190 - - [22/Nov/2024:17:49:49 -0800] "GET /product/izengate-id-cell-phone-folio-wallet-case-flip-cover-pu-leather-with-card-slots/?add_to_wishlist=6042&_wpnonce=cc915a3de1 HTTP/1.0" 200 3177 "-" "Mozilla/5.0 (compatible; MJ12bot/v1.4.8; http://mj12bot.com/)"
149.202.86.190 - - [22/Nov/2024:17:49:55 -0800] "GET /product/joby-griptight-pov-kit-selfie-image-stabilizer-mount-bluetooth-remote-for-phone/?add_to_wishlist=5612&_wpnonce=49123e2122 HTTP/1.0" 200 3177 "-" "Mozilla/5.0 (compatible; MJ12bot/v1.4.8; http://mj12bot.com/)"
149.202.86.190 - - [22/Nov/2024:17:50:02 -0800] "GET /product/kids-digital-electronic-watch-waterproof-children-boys-girls-sports-led-watches/?add_to_wishlist=6004&_wpnonce=49123e2122 HTTP/1.0" 200 3177 "-" "Mozilla/5.0 (compatible; MJ12bot/v1.4.8; http://mj12bot.com/)"
149.202.86.190 - - [22/Nov/2024:17:50:08 -0800] "GET /product/ktele-compatible-with-iphone-15-pro-max-case-upgraded-ab-grade-liquid-silicone-casecamera-all-round-protection-soft-lining-anti-scratch-shockproof-protective-case-klein-blue/?add_to_wishlist=6931&_wpnonce=49123e2122 HTTP/1.0" 200 3177 "-" "Mozilla/5.0 (compatible; MJ12bot/v1.4.8; http://mj12bot.com/)"
149.202.86.190 - - [22/Nov/2024:17:50:15 -0800] "GET /product/kwmobile-case-compatible-with-blackberry-keyone-key1-case-soft-slim-protective-tpu-silicone-cover-black-matte/?add_to_wishlist=6312&_wpnonce=49123e2122 HTTP/1.0" 200 3177 "-" "Mozilla/5.0 (compatible; MJ12bot/v1.4.8; http://mj12bot.com/)"
149.202.86.190 - - [22/Nov/2024:17:50:22 -0800] "GET /product/latest-19-gt08-bluetooth-smart-watch-phone-wrist-watch-for-android-and-ios-us/?add-to-cart=5610 HTTP/1.0" 200 3177 "-" "Mozilla/5.0 (compatible; MJ12bot/v1.4.8; http://mj12bot.com/)"
149.202.86.190 - - [22/Nov/2024:17:50:27 -0800] "GET /product/latest-19-gt08-bluetooth-smart-watch-phone-wrist-watch-for-android-and-ios-us/?add-to-cart=5690 HTTP/1.0" 200 3177 "-" "Mozilla/5.0 (compatible; MJ12bot/v1.4.8; http://mj12bot.com/)"
149.202.86.190 - - [22/Nov/2024:17:50:32 -0800] "GET /product/latest-19-gt08-bluetooth-smart-watch-phone-wrist-watch-for-android-and-ios-us/?add-to-cart=5736 HTTP/1.0" 200 3177 "-" "Mozilla/5.0 (compatible; MJ12bot/v1.4.8; http://mj12bot.com/)"
149.202.86.190 - - [22/Nov/2024:17:50:40 -0800] "GET /product/latest-19-gt08-bluetooth-smart-watch-phone-wrist-watch-for-android-and-ios-us/?add-to-cart=5796 HTTP/1.0" 200 3177 "-" "Mozilla/5.0 (compatible; MJ12bot/v1.4.8; http://mj12bot.com/)"
149.202.86.190 - - [22/Nov/2024:17:50:46 -0800] "GET /product/latest-19-gt08-bluetooth-smart-watch-phone-wrist-watch-for-android-and-ios-us/?add-to-cart=5809 HTTP/1.0" 200 3177 "-" "Mozilla/5.0 (compatible; MJ12bot/v1.4.8; http://mj12bot.com/)"
149.202.86.190 - - [22/Nov/2024:17:50:53 -0800] "GET /product/latest-19-gt08-bluetooth-smart-watch-phone-wrist-watch-for-android-and-ios-us/?add-to-cart=5880 HTTP/1.0" 200 3177 "-" "Mozilla/5.0 (compatible; MJ12bot/v1.4.8; http://mj12bot.com/)"
149.202.86.190 - - [22/Nov/2024:17:50:59 -0800] "GET /product/latest-19-gt08-bluetooth-smart-watch-phone-wrist-watch-for-android-and-ios-us/?add_to_wishlist=5757&_wpnonce=31660b62bd HTTP/1.0" 200 3177 "-" "Mozilla/5.0 (compatible; MJ12bot/v1.4.8; http://mj12bot.com/)"
149.202.86.190 - - [22/Nov/2024:17:51:03 -0800] "GET /product/latest-bluetooth-smart-watch-phone-mate-gps-touch-screen-for-ios-android-iphone/?add-to-cart=5612 HTTP/1.0" 200 3177 "-" "Mozilla/5.0 (compatible; MJ12bot/v1.4.8; http://mj12bot.com/)"
149.202.86.190 - - [22/Nov/2024:17:51:10 -0800] "GET /product/latest-bluetooth-smart-watch-phone-mate-gps-touch-screen-for-ios-android-iphone/?add-to-cart=5702 HTTP/1.0" 200 3177 "-" "Mozilla/5.0 (compatible; MJ12bot/v1.4.8; http://mj12bot.com/)"
149.202.86.190 - - [22/Nov/2024:17:51:17 -0800] "GET /product/latest-bluetooth-smart-watch-phone-mate-gps-touch-screen-for-ios-android-iphone/?add-to-cart=5736 HTTP/1.0" 200 3177 "-" "Mozilla/5.0 (compatible; MJ12bot/v1.4.8; http://mj12bot.com/)"
149.202.86.190 - - [22/Nov/2024:17:51:24 -0800] "GET /product/latest-bluetooth-smart-watch-phone-mate-gps-touch-screen-for-ios-android-iphone/?add-to-cart=5796 HTTP/1.0" 200 3177 "-" "Mozilla/5.0 (compatible; MJ12bot/v1.4.8; http://mj12bot.com/)"
149.202.86.190 - - [22/Nov/2024:17:51:29 -0800] "GET /product/latest-bluetooth-smart-watch-phone-mate-gps-touch-screen-for-ios-android-iphone/?add-to-cart=5828 HTTP/1.0" 200 3177 "-" "Mozilla/5.0 (compatible; MJ12bot/v1.4.8; http://mj12bot.com/)"
149.202.86.190 - - [22/Nov/2024:17:51:35 -0800] "GET /product/latest-bluetooth-smart-watch-phone-mate-gps-touch-screen-for-ios-android-iphone/?add-to-cart=5843 HTTP/1.0" 200 3177 "-" "Mozilla/5.0 (compatible; MJ12bot/v1.4.8; http://mj12bot.com/)"
149.202.86.190 - - [22/Nov/2024:17:51:40 -0800] "GET /product/latest-bluetooth-smart-watch-phone-mate-gps-touch-screen-for-ios-android-iphone/?add-to-cart=5856 HTTP/1.0" 200 3177 "-" "Mozilla/5.0 (compatible; MJ12bot/v1.4.8; http://mj12bot.com/)"
149.202.86.190 - - [22/Nov/2024:17:51:47 -0800] "GET /product/latest-bluetooth-smart-watch-phone-mate-gps-touch-screen-for-ios-android-iphone/?add_to_wishlist=5893&_wpnonce=31660b62bd HTTP/1.0" 200 3177 "-" "Mozilla/5.0 (compatible; MJ12bot/v1.4.8; http://mj12bot.com/)"
149.202.86.190 - - [22/Nov/2024:17:51:52 -0800] "GET /product/latest-bluetooth-smart-watch-phone-mate-gps-touch-screen-for-ios-android-iphone/?add_to_wishlist=5893&_wpnonce=49123e2122 HTTP/1.0" 200 3177 "-" "Mozilla/5.0 (compatible; MJ12bot/v1.4.8; http://mj12bot.com/)"
149.202.86.190 - - [22/Nov/2024:17:51:57 -0800] "GET /product/latest-bluetooth-smart-watch-phone-mate-gps-touch-screen-for-ios-android-iphone/?add_to_wishlist=5893&_wpnonce=da0fae66ea HTTP/1.0" 200 3177 "-" "Mozilla/5.0 (compatible; MJ12bot/v1.4.8; http://mj12bot.com/)"
149.202.86.190 - - [22/Nov/2024:17:52:02 -0800] "GET /product/latest-bluetooth-smart-watch-phone-mate-gps-touch-screen-for-ios-android-iphone/?add_to_wishlist=5893&_wpnonce=e2d79666ef HTTP/1.0" 200 3177 "-" "Mozilla/5.0 (compatible; MJ12bot/v1.4.8; http://mj12bot.com/)"
