85.208.96.196 - - [22/Nov/2024:15:31:11 -0800] "GET /22980383.htm HTTP/1.0" 404 60227 "-" "Mozilla/5.0 (compatible; SemrushBot/7~bl; +http://www.semrush.com/bot.html)"
51.222.253.10 - - [22/Nov/2024:15:31:20 -0800] "GET /travel-bag-with-shoe-pouchweekender-overnight-bag-waterproof-leather-large-carry-on-bag-travel-tote-duffel-bag/ HTTP/1.0" 200 68097 "-" "Mozilla/5.0 (compatible; AhrefsBot/7.0; +http://ahrefs.com/robot/)"
185.191.171.11 - - [22/Nov/2024:15:32:23 -0800] "GET /189507113.htm HTTP/1.0" 404 60227 "-" "Mozilla/5.0 (compatible; SemrushBot/7~bl; +http://www.semrush.com/bot.html)"
51.222.253.20 - - [22/Nov/2024:15:32:35 -0800] "GET /sechunk-duffle-bag-canvas-leather-large-outdoor-shoulder-bag-2/feed/ HTTP/1.0" 200 900 "-" "Mozilla/5.0 (compatible; AhrefsBot/7.0; +http://ahrefs.com/robot/)"
51.222.253.6 - - [22/Nov/2024:15:33:48 -0800] "GET /new-orleans-on-parade-tourism-and-the-transformation-of-the-crescent-city-making-the-modern-south/feed/ HTTP/1.0" 200 1010 "-" "Mozilla/5.0 (compatible; AhrefsBot/7.0; +http://ahrefs.com/robot/)"
3.142.49.182 - - [22/Nov/2024:15:34:10 -0800] "POST /wp-login.php HTTP/1.0" 200 7316 "-" "Mozilla/5.0"
85.208.96.209 - - [22/Nov/2024:15:35:58 -0800] "GET /230507458.htm HTTP/1.0" 404 60227 "-" "Mozilla/5.0 (compatible; SemrushBot/7~bl; +http://www.semrush.com/bot.html)"
51.222.253.4 - - [22/Nov/2024:15:35:58 -0800] "GET /inventing-new-england-regional-tourism-in-the-nineteenth-century/ HTTP/1.0" 200 67593 "-" "Mozilla/5.0 (compatible; AhrefsBot/7.0; +http://ahrefs.com/robot/)"
185.191.171.18 - - [22/Nov/2024:15:36:44 -0800] "GET /56155798.htm HTTP/1.0" 404 60227 "-" "Mozilla/5.0 (compatible; SemrushBot/7~bl; +http://www.semrush.com/bot.html)"
51.222.253.1 - - [22/Nov/2024:15:37:30 -0800] "GET /gym-bag-for-women-with-shoe-compartment-waterproof-sports-duffle-bag-for-travel-duffel-weekender-carry-on-beach-yoga-overnight-luggage-mommy-maternity-hospital-bag-black-17-5-inch/ HTTP/1.0" 200 77039 "-" "Mozilla/5.0 (compatible; AhrefsBot/7.0; +http://ahrefs.com/robot/)"
51.222.253.12 - - [22/Nov/2024:15:38:56 -0800] "GET /small-makeup-bag-travel-makeup-bag-small-cosmetic-bags-for-women-fashion-geometric-clutch-waterproof-cosmetic-bag-with-zipper-and-detachable-strap-make-up-bag-for-travelling-black/ HTTP/1.0" 200 69784 "-" "Mozilla/5.0 (compatible; AhrefsBot/7.0; +http://ahrefs.com/robot/)"
209.182.200.39 - - [22/Nov/2024:15:40:17 -0800] "POST /wp-cron.php?doing_wp_cron=1732318817.3033330440521240234375 HTTP/1.0" 200 - "-" "WordPress/6.7.1; https://travellertube.com"
51.222.253.6 - - [22/Nov/2024:15:40:17 -0800] "GET /nova-medical-products-extra-large-carry-travel-bag-for-rollator-walkers-transport-chairs-black-1-count/ HTTP/1.0" 200 69131 "-" "Mozilla/5.0 (compatible; AhrefsBot/7.0; +http://ahrefs.com/robot/)"
85.208.96.210 - - [22/Nov/2024:15:41:05 -0800] "GET /81189488.htm HTTP/1.0" 404 60227 "-" "Mozilla/5.0 (compatible; SemrushBot/7~bl; +http://www.semrush.com/bot.html)"
51.222.253.5 - - [22/Nov/2024:15:41:39 -0800] "GET /long-keeper-mini-sling-bag-men-women-small-waterproof-crossbody-bag-casual-phone-chest-bag-for-travelling-hiking/feed/ HTTP/1.0" 200 1062 "-" "Mozilla/5.0 (compatible; AhrefsBot/7.0; +http://ahrefs.com/robot/)"
185.191.171.11 - - [22/Nov/2024:15:41:42 -0800] "GET /117235013.htm HTTP/1.0" 404 60227 "-" "Mozilla/5.0 (compatible; SemrushBot/7~bl; +http://www.semrush.com/bot.html)"
85.208.96.206 - - [22/Nov/2024:15:42:00 -0800] "GET /220932038.htm HTTP/1.0" 404 60227 "-" "Mozilla/5.0 (compatible; SemrushBot/7~bl; +http://www.semrush.com/bot.html)"
51.222.253.18 - - [22/Nov/2024:15:42:22 -0800] "GET /makeup-bag-corduroy-makeup-bags-for-girls-women-large-makeup-pouch-with-metal-zipper-cosmetic-bag-for-travelling-preppy-stuffbeige/feed/ HTTP/1.0" 200 1110 "-" "Mozilla/5.0 (compatible; AhrefsBot/7.0; +http://ahrefs.com/robot/)"
3.142.49.182 - - [22/Nov/2024:15:43:24 -0800] "POST /wp-login.php HTTP/1.0" 200 7337 "-" "Mozilla/5.0"
51.222.253.20 - - [22/Nov/2024:15:43:35 -0800] "GET /travelon-anti-theft-metro-waistpack/ HTTP/1.0" 200 67915 "-" "Mozilla/5.0 (compatible; AhrefsBot/7.0; +http://ahrefs.com/robot/)"
51.222.253.1 - - [22/Nov/2024:15:44:07 -0800] "GET /wei-long-jewelry-rolltravel-jewelry-roll-bagsilk-embroidery-brocade-jewelry-organizer-case-with-tie-closebambooblack/ HTTP/1.0" 200 74373 "-" "Mozilla/5.0 (compatible; AhrefsBot/7.0; +http://ahrefs.com/robot/)"
51.222.253.16 - - [22/Nov/2024:15:44:46 -0800] "GET /hubbell-trading-post/ HTTP/1.0" 200 67957 "-" "Mozilla/5.0 (compatible; AhrefsBot/7.0; +http://ahrefs.com/robot/)"
51.222.253.16 - - [22/Nov/2024:15:45:21 -0800] "GET /swissgear-sion-softside-expandable-roller-luggage-dark-grey-carry-on-21-inch/ HTTP/1.0" 200 67738 "-" "Mozilla/5.0 (compatible; AhrefsBot/7.0; +http://ahrefs.com/robot/)"
85.208.96.196 - - [22/Nov/2024:15:45:22 -0800] "GET /154825158.htm HTTP/1.0" 404 60227 "-" "Mozilla/5.0 (compatible; SemrushBot/7~bl; +http://www.semrush.com/bot.html)"
85.208.96.196 - - [22/Nov/2024:15:46:01 -0800] "GET /65113098.htm HTTP/1.0" 404 60227 "-" "Mozilla/5.0 (compatible; SemrushBot/7~bl; +http://www.semrush.com/bot.html)"
51.222.253.4 - - [22/Nov/2024:15:46:29 -0800] "GET /belt-bag-with-adjustable-strap-crossbody-waist-bag-for-workout-shopping-travelling-hiking-brown/feed/ HTTP/1.0" 200 1005 "-" "Mozilla/5.0 (compatible; AhrefsBot/7.0; +http://ahrefs.com/robot/)"
51.222.253.19 - - [22/Nov/2024:15:47:09 -0800] "GET /samsonite-foldaway-packable-duffel-bag-black-medium/feed/ HTTP/1.0" 200 873 "-" "Mozilla/5.0 (compatible; AhrefsBot/7.0; +http://ahrefs.com/robot/)"
209.182.200.39 - - [22/Nov/2024:15:49:47 -0800] "POST /wp-cron.php?doing_wp_cron=1732319387.2807788848876953125000 HTTP/1.0" 200 - "-" "WordPress/6.7.1; https://travellertube.com"
185.191.171.14 - - [22/Nov/2024:15:49:47 -0800] "GET /260878723.htm HTTP/1.0" 404 60227 "-" "Mozilla/5.0 (compatible; SemrushBot/7~bl; +http://www.semrush.com/bot.html)"
85.208.96.204 - - [22/Nov/2024:15:51:42 -0800] "GET /142015743.htm HTTP/1.0" 404 60227 "-" "Mozilla/5.0 (compatible; SemrushBot/7~bl; +http://www.semrush.com/bot.html)"
85.208.96.212 - - [22/Nov/2024:15:52:47 -0800] "GET /203708913.htm HTTP/1.0" 404 60227 "-" "Mozilla/5.0 (compatible; SemrushBot/7~bl; +http://www.semrush.com/bot.html)"
85.208.96.212 - - [22/Nov/2024:15:54:08 -0800] "GET /213589483.htm HTTP/1.0" 404 60227 "-" "Mozilla/5.0 (compatible; SemrushBot/7~bl; +http://www.semrush.com/bot.html)"
185.191.171.19 - - [22/Nov/2024:15:56:22 -0800] "GET /114105568.htm HTTP/1.0" 404 60227 "-" "Mozilla/5.0 (compatible; SemrushBot/7~bl; +http://www.semrush.com/bot.html)"
185.191.171.16 - - [22/Nov/2024:15:59:01 -0800] "GET /232080893.htm HTTP/1.0" 404 60227 "-" "Mozilla/5.0 (compatible; SemrushBot/7~bl; +http://www.semrush.com/bot.html)"
85.208.96.205 - - [22/Nov/2024:16:01:03 -0800] "GET /90124178.htm HTTP/1.0" 404 60227 "-" "Mozilla/5.0 (compatible; SemrushBot/7~bl; +http://www.semrush.com/bot.html)"
209.182.200.39 - - [22/Nov/2024:16:03:59 -0800] "POST /wp-cron.php?doing_wp_cron=1732320239.2866289615631103515625 HTTP/1.0" 200 - "-" "WordPress/6.7.1; https://travellertube.com"
85.208.96.193 - - [22/Nov/2024:16:03:58 -0800] "GET /27495498.htm HTTP/1.0" 404 60227 "-" "Mozilla/5.0 (compatible; SemrushBot/7~bl; +http://www.semrush.com/bot.html)"
3.142.49.182 - - [22/Nov/2024:16:04:44 -0800] "POST /wp-login.php HTTP/1.0" 200 7316 "-" "Mozilla/5.0"
85.208.96.194 - - [22/Nov/2024:16:06:31 -0800] "GET /robots.txt HTTP/1.0" 200 71 "-" "Mozilla/5.0 (compatible; SemrushBot/7~bl; +http://www.semrush.com/bot.html)"
185.191.171.14 - - [22/Nov/2024:16:06:32 -0800] "GET /227528973.htm HTTP/1.0" 404 60227 "-" "Mozilla/5.0 (compatible; SemrushBot/7~bl; +http://www.semrush.com/bot.html)"
185.191.171.13 - - [22/Nov/2024:16:08:53 -0800] "GET /187222993.htm HTTP/1.0" 404 60227 "-" "Mozilla/5.0 (compatible; SemrushBot/7~bl; +http://www.semrush.com/bot.html)"
191.101.61.83 - - [22/Nov/2024:16:08:57 -0800] "GET /.env HTTP/1.0" 406 300 "-" "Mozilla/5.0 (Macintosh; Intel Mac OS X 10.15; rv:77.0) Gecko/20100101 Firefox/77.0"
85.208.96.207 - - [22/Nov/2024:16:10:38 -0800] "GET /49250483.htm HTTP/1.0" 404 60227 "-" "Mozilla/5.0 (compatible; SemrushBot/7~bl; +http://www.semrush.com/bot.html)"
45.148.10.172 - - [22/Nov/2024:16:11:52 -0800] "GET /.env HTTP/1.0" 404 60280 "-" "MOTORIZR-Z8/46.00.00 Mozilla/4.0 (compatible; MSIE 6.0; Symbian OS; 356) Opera 8.65 [it] UP.Link/6.3.0.0.0"
185.191.171.1 - - [22/Nov/2024:16:12:36 -0800] "GET /122006403.htm HTTP/1.0" 404 60227 "-" "Mozilla/5.0 (compatible; SemrushBot/7~bl; +http://www.semrush.com/bot.html)"
3.142.49.182 - - [22/Nov/2024:16:14:03 -0800] "POST /wp-login.php HTTP/1.0" 200 7337 "-" "Mozilla/5.0"
185.191.171.6 - - [22/Nov/2024:16:14:53 -0800] "GET /74549968.htm HTTP/1.0" 404 60227 "-" "Mozilla/5.0 (compatible; SemrushBot/7~bl; +http://www.semrush.com/bot.html)"
85.208.96.207 - - [22/Nov/2024:16:15:52 -0800] "GET /142437853.htm HTTP/1.0" 404 60227 "-" "Mozilla/5.0 (compatible; SemrushBot/7~bl; +http://www.semrush.com/bot.html)"
85.208.96.198 - - [22/Nov/2024:16:16:59 -0800] "GET /16003753.htm HTTP/1.0" 404 60227 "-" "Mozilla/5.0 (compatible; SemrushBot/7~bl; +http://www.semrush.com/bot.html)"
185.191.171.10 - - [22/Nov/2024:16:21:15 -0800] "GET /258253073.htm HTTP/1.0" 404 60227 "-" "Mozilla/5.0 (compatible; SemrushBot/7~bl; +http://www.semrush.com/bot.html)"
185.191.171.10 - - [22/Nov/2024:16:21:25 -0800] "GET /222090758.htm HTTP/1.0" 404 60227 "-" "Mozilla/5.0 (compatible; SemrushBot/7~bl; +http://www.semrush.com/bot.html)"
85.208.96.204 - - [22/Nov/2024:16:26:01 -0800] "GET /116774313.htm HTTP/1.0" 404 60227 "-" "Mozilla/5.0 (compatible; SemrushBot/7~bl; +http://www.semrush.com/bot.html)"
85.208.96.194 - - [22/Nov/2024:16:26:17 -0800] "GET /211643918.htm HTTP/1.0" 404 60227 "-" "Mozilla/5.0 (compatible; SemrushBot/7~bl; +http://www.semrush.com/bot.html)"
85.208.96.208 - - [22/Nov/2024:16:29:54 -0800] "GET /112716243.htm HTTP/1.0" 404 60227 "-" "Mozilla/5.0 (compatible; SemrushBot/7~bl; +http://www.semrush.com/bot.html)"
185.191.171.14 - - [22/Nov/2024:16:30:41 -0800] "GET /204782378.htm HTTP/1.0" 404 60227 "-" "Mozilla/5.0 (compatible; SemrushBot/7~bl; +http://www.semrush.com/bot.html)"
51.222.253.4 - - [22/Nov/2024:16:30:48 -0800] "GET /samsonite-womens-mobile-solution-spinner-mobile-office-telescoping-handles-black/feed/ HTTP/1.0" 200 967 "-" "Mozilla/5.0 (compatible; AhrefsBot/7.0; +http://ahrefs.com/robot/)"
85.208.96.211 - - [22/Nov/2024:16:33:27 -0800] "GET /the-beatles-liverpool-london-travel-and-tourism-guide/ HTTP/1.0" 200 69442 "-" "Mozilla/5.0 (compatible; SemrushBot/7~bl; +http://www.semrush.com/bot.html)"
85.208.96.211 - - [22/Nov/2024:16:33:28 -0800] "GET /the-beatles-liverpool-london-travel-and-tourism-guide/ HTTP/1.0" 200 69442 "-" "Mozilla/5.0 (compatible; SemrushBot/7~bl; +http://www.semrush.com/bot.html)"
185.191.171.7 - - [22/Nov/2024:16:35:27 -0800] "GET /207488183.htm HTTP/1.0" 404 60227 "-" "Mozilla/5.0 (compatible; SemrushBot/7~bl; +http://www.semrush.com/bot.html)"
3.142.49.182 - - [22/Nov/2024:16:35:34 -0800] "POST /wp-login.php HTTP/1.0" 200 7316 "-" "Mozilla/5.0"
185.191.171.7 - - [22/Nov/2024:16:35:38 -0800] "GET /176393313.htm HTTP/1.0" 404 60227 "-" "Mozilla/5.0 (compatible; SemrushBot/7~bl; +http://www.semrush.com/bot.html)"
51.222.253.14 - - [22/Nov/2024:16:36:36 -0800] "GET /travelon-anti-theft-metro-waistpack/feed/ HTTP/1.0" 200 823 "-" "Mozilla/5.0 (compatible; AhrefsBot/7.0; +http://ahrefs.com/robot/)"
40.77.167.46 - - [22/Nov/2024:16:37:12 -0800] "GET /win-a-trip-for-two-to-new-york-with-expedia-apple-pay/ HTTP/1.0" 200 462993 "-" "Mozilla/5.0 AppleWebKit/537.36 (KHTML, like Gecko; compatible; bingbot/2.0; +http://www.bing.com/bingbot.htm) Chrome/116.0.1938.76 Safari/537.36"
209.182.200.39 - - [22/Nov/2024:16:39:51 -0800] "POST /wp-cron.php?doing_wp_cron=1732322390.9546079635620117187500 HTTP/1.0" 200 - "-" "WordPress/6.7.1; https://travellertube.com"
51.222.253.7 - - [22/Nov/2024:16:39:50 -0800] "GET /wei-long-jewelry-rolltravel-jewelry-roll-bagsilk-embroidery-brocade-jewelry-organizer-case-with-tie-closebambooblack/feed/ HTTP/1.0" 200 1072 "-" "Mozilla/5.0 (compatible; AhrefsBot/7.0; +http://ahrefs.com/robot/)"
185.191.171.7 - - [22/Nov/2024:16:40:10 -0800] "GET /138700233.htm HTTP/1.0" 404 60227 "-" "Mozilla/5.0 (compatible; SemrushBot/7~bl; +http://www.semrush.com/bot.html)"
185.191.171.13 - - [22/Nov/2024:16:40:38 -0800] "GET /112992493.htm HTTP/1.0" 404 60227 "-" "Mozilla/5.0 (compatible; SemrushBot/7~bl; +http://www.semrush.com/bot.html)"
51.222.253.2 - - [22/Nov/2024:16:42:50 -0800] "GET /category/store/page/64/ HTTP/1.0" 200 70438 "-" "Mozilla/5.0 (compatible; AhrefsBot/7.0; +http://ahrefs.com/robot/)"
185.191.171.14 - - [22/Nov/2024:16:43:44 -0800] "GET /259009658.htm HTTP/1.0" 404 60227 "-" "Mozilla/5.0 (compatible; SemrushBot/7~bl; +http://www.semrush.com/bot.html)"
85.208.96.210 - - [22/Nov/2024:16:44:48 -0800] "GET /115382863.htm HTTP/1.0" 404 60227 "-" "Mozilla/5.0 (compatible; SemrushBot/7~bl; +http://www.semrush.com/bot.html)"
3.142.49.182 - - [22/Nov/2024:16:44:50 -0800] "POST /wp-login.php HTTP/1.0" 200 7337 "-" "Mozilla/5.0"
85.208.96.194 - - [22/Nov/2024:16:45:30 -0800] "GET /143542173.htm HTTP/1.0" 404 60227 "-" "Mozilla/5.0 (compatible; SemrushBot/7~bl; +http://www.semrush.com/bot.html)"
51.222.253.19 - - [22/Nov/2024:16:45:47 -0800] "GET /presents-for-mimi-only-the-best-moms-get-promoted-to-mimi-mothers-day-gifts-for-her-girls-friends-wife-aunt-appreciation-gifts-for-coworkers-bag-with-zipper-for-purse-make-up-bag-for-travelling/ HTTP/1.0" 200 68971 "-" "Mozilla/5.0 (compatible; AhrefsBot/7.0; +http://ahrefs.com/robot/)"
185.191.171.14 - - [22/Nov/2024:16:47:22 -0800] "GET /97651523.htm HTTP/1.0" 404 60227 "-" "Mozilla/5.0 (compatible; SemrushBot/7~bl; +http://www.semrush.com/bot.html)"
209.182.200.39 - - [22/Nov/2024:16:48:41 -0800] "POST /wp-cron.php?doing_wp_cron=1732322921.8991661071777343750000 HTTP/1.0" 200 - "-" "WordPress/6.7.1; http://travellertube.com"
51.222.253.19 - - [22/Nov/2024:16:48:41 -0800] "GET /author/admin-2-2/page/62/ HTTP/1.0" 200 69150 "-" "Mozilla/5.0 (compatible; AhrefsBot/7.0; +http://ahrefs.com/robot/)"
198.235.24.162 - - [22/Nov/2024:16:50:10 -0800] "GET / HTTP/1.0" 200 101160 "-" "Expanse, a Palo Alto Networks company, searches across the global IPv4 space multiple times per day to identify customers' presences on the Internet. If you would like to be excluded from our scans, please send IP addresses/domains to: scaninfo@paloaltonetworks.com"
85.208.96.199 - - [22/Nov/2024:16:50:33 -0800] "GET /73480498.htm HTTP/1.0" 404 60227 "-" "Mozilla/5.0 (compatible; SemrushBot/7~bl; +http://www.semrush.com/bot.html)"
51.222.253.3 - - [22/Nov/2024:16:54:37 -0800] "GET /inventing-new-england-regional-tourism-in-the-nineteenth-century/feed/ HTTP/1.0" 200 909 "-" "Mozilla/5.0 (compatible; AhrefsBot/7.0; +http://ahrefs.com/robot/)"
185.191.171.13 - - [22/Nov/2024:16:55:19 -0800] "GET /15008743.htm HTTP/1.0" 404 60227 "-" "Mozilla/5.0 (compatible; SemrushBot/7~bl; +http://www.semrush.com/bot.html)"
51.222.253.12 - - [22/Nov/2024:16:57:51 -0800] "GET /travel-bag-with-shoe-pouchweekender-overnight-bag-waterproof-leather-large-carry-on-bag-travel-tote-duffel-bag/feed/ HTTP/1.0" 200 1047 "-" "Mozilla/5.0 (compatible; AhrefsBot/7.0; +http://ahrefs.com/robot/)"
185.191.171.7 - - [22/Nov/2024:17:00:22 -0800] "GET /208270948.htm HTTP/1.0" 404 60227 "-" "Mozilla/5.0 (compatible; SemrushBot/7~bl; +http://www.semrush.com/bot.html)"
185.191.171.6 - - [22/Nov/2024:17:00:24 -0800] "GET /premium-compressed-towel-tablets-disposable-towel-55-1-in-x-27-5-in-large-bath-towel-travel-towel-reusable-for-hotel-camping-mountaineering-sports-hiking-beach-swimming-vacation-5-pack/ HTTP/1.0" 200 73667 "-" "Mozilla/5.0 (compatible; SemrushBot/7~bl; +http://www.semrush.com/bot.html)"
185.191.171.6 - - [22/Nov/2024:17:00:25 -0800] "GET /premium-compressed-towel-tablets-disposable-towel-55-1-in-x-27-5-in-large-bath-towel-travel-towel-reusable-for-hotel-camping-mountaineering-sports-hiking-beach-swimming-vacation-5-pack/ HTTP/1.0" 200 73667 "-" "Mozilla/5.0 (compatible; SemrushBot/7~bl; +http://www.semrush.com/bot.html)"
85.208.96.194 - - [22/Nov/2024:17:03:24 -0800] "GET /193244988.htm HTTP/1.0" 404 60227 "-" "Mozilla/5.0 (compatible; SemrushBot/7~bl; +http://www.semrush.com/bot.html)"
51.222.253.9 - - [22/Nov/2024:17:03:44 -0800] "GET /swissgear-sion-softside-expandable-roller-luggage-dark-grey-carry-on-21-inch/feed/ HTTP/1.0" 200 946 "-" "Mozilla/5.0 (compatible; AhrefsBot/7.0; +http://ahrefs.com/robot/)"
185.191.171.19 - - [22/Nov/2024:17:04:41 -0800] "GET /190219243.htm HTTP/1.0" 404 60227 "-" "Mozilla/5.0 (compatible; SemrushBot/7~bl; +http://www.semrush.com/bot.html)"
185.191.171.2 - - [22/Nov/2024:17:05:09 -0800] "GET /146591038.htm HTTP/1.0" 404 60227 "-" "Mozilla/5.0 (compatible; SemrushBot/7~bl; +http://www.semrush.com/bot.html)"
185.191.171.12 - - [22/Nov/2024:17:05:19 -0800] "GET /242268313.htm HTTP/1.0" 404 60227 "-" "Mozilla/5.0 (compatible; SemrushBot/7~bl; +http://www.semrush.com/bot.html)"
3.142.49.182 - - [22/Nov/2024:17:06:15 -0800] "POST /wp-login.php HTTP/1.0" 200 7316 "-" "Mozilla/5.0"
51.222.253.12 - - [22/Nov/2024:17:07:26 -0800] "GET /travel-duffel-bag-sports-tote-gym-bag-shoulder-weekender-overnight-bag-for-women-2/feed/ HTTP/1.0" 200 964 "-" "Mozilla/5.0 (compatible; AhrefsBot/7.0; +http://ahrefs.com/robot/)"
185.191.171.7 - - [22/Nov/2024:17:08:08 -0800] "GET /robots.txt HTTP/1.0" 200 71 "-" "Mozilla/5.0 (compatible; SemrushBot/7~bl; +http://www.semrush.com/bot.html)"
85.208.96.208 - - [22/Nov/2024:17:08:08 -0800] "GET /242074938.htm HTTP/1.0" 404 60227 "-" "Mozilla/5.0 (compatible; SemrushBot/7~bl; +http://www.semrush.com/bot.html)"
185.191.171.8 - - [22/Nov/2024:17:08:22 -0800] "GET /115062413.htm HTTP/1.0" 404 60227 "-" "Mozilla/5.0 (compatible; SemrushBot/7~bl; +http://www.semrush.com/bot.html)"
185.191.171.2 - - [22/Nov/2024:17:10:16 -0800] "GET /124587513.htm HTTP/1.0" 404 60227 "-" "Mozilla/5.0 (compatible; SemrushBot/7~bl; +http://www.semrush.com/bot.html)"
51.222.253.4 - - [22/Nov/2024:17:10:18 -0800] "GET /hubbell-trading-post/feed/ HTTP/1.0" 200 776 "-" "Mozilla/5.0 (compatible; AhrefsBot/7.0; +http://ahrefs.com/robot/)"
85.208.96.209 - - [22/Nov/2024:17:12:45 -0800] "GET /244899658.htm HTTP/1.0" 404 60227 "-" "Mozilla/5.0 (compatible; SemrushBot/7~bl; +http://www.semrush.com/bot.html)"
51.222.253.4 - - [22/Nov/2024:17:13:12 -0800] "GET /sechunk-duffle-bag-canvas-leather-large-outdoor-shoulder-bag/ HTTP/1.0" 200 67665 "-" "Mozilla/5.0 (compatible; AhrefsBot/7.0; +http://ahrefs.com/robot/)"
185.191.171.18 - - [22/Nov/2024:17:15:01 -0800] "GET /177539623.htm HTTP/1.0" 404 60227 "-" "Mozilla/5.0 (compatible; SemrushBot/7~bl; +http://www.semrush.com/bot.html)"
3.142.49.182 - - [22/Nov/2024:17:15:41 -0800] "POST /wp-login.php HTTP/1.0" 200 7337 "-" "Mozilla/5.0"
51.222.253.7 - - [22/Nov/2024:17:16:10 -0800] "GET /travel-duffel-bag-personal-item-bag-for-spirit-airlines-foldable-sports-tote-gym-bag-carry-on-luggage-shoulder-bag-weekender-overnight-bag-for-women-and-men-black/ HTTP/1.0" 200 71202 "-" "Mozilla/5.0 (compatible; AhrefsBot/7.0; +http://ahrefs.com/robot/)"
85.208.96.194 - - [22/Nov/2024:17:16:26 -0800] "GET /64553883.htm HTTP/1.0" 404 60227 "-" "Mozilla/5.0 (compatible; SemrushBot/7~bl; +http://www.semrush.com/bot.html)"
40.77.167.70 - - [22/Nov/2024:17:17:55 -0800] "GET /xtw183877275/ HTTP/1.0" 200 472202 "-" "Mozilla/5.0 AppleWebKit/537.36 (KHTML, like Gecko; compatible; bingbot/2.0; +http://www.bing.com/bingbot.htm) Chrome/116.0.1938.76 Safari/537.36"
51.222.253.8 - - [22/Nov/2024:17:19:14 -0800] "GET /dimj-makeup-bag-and-jewelry-bag-for-women-large-make-up-bag-organizer-with-compartments-waterproof-makeup-bag-and-jewelry-bag-for-women-black/feed/ HTTP/1.0" 200 1144 "-" "Mozilla/5.0 (compatible; AhrefsBot/7.0; +http://ahrefs.com/robot/)"
85.208.96.205 - - [22/Nov/2024:17:19:51 -0800] "GET /45225308.htm HTTP/1.0" 404 60227 "-" "Mozilla/5.0 (compatible; SemrushBot/7~bl; +http://www.semrush.com/bot.html)"
51.222.253.19 - - [22/Nov/2024:17:22:00 -0800] "GET /fanny-packs-for-women-fashion-waist-packs-bag-with-adjustable-strap-and-4-zipper-pockets-waterproof-everywhere-crossbody-belt-bag-for-workout-running-travellingsmall-rose/feed/ HTTP/1.0" 200 1230 "-" "Mozilla/5.0 (compatible; AhrefsBot/7.0; +http://ahrefs.com/robot/)"
51.222.253.15 - - [22/Nov/2024:17:24:56 -0800] "GET /missnine-expandable-weekender-bag-for-women-travel-duffel-bag-50l-carry-on-overnight-bag-with-shoes-compartment-for-travel-gym-labor-and-delivery-mom-hospital-bags/feed/ HTTP/1.0" 200 1212 "-" "Mozilla/5.0 (compatible; AhrefsBot/7.0; +http://ahrefs.com/robot/)"
185.191.171.11 - - [22/Nov/2024:17:25:06 -0800] "GET /102258693.htm HTTP/1.0" 404 60227 "-" "Mozilla/5.0 (compatible; SemrushBot/7~bl; +http://www.semrush.com/bot.html)"
51.222.253.2 - - [22/Nov/2024:17:27:36 -0800] "GET /wildroad-50l-travel-duffel-bag-expandable-canvas-genuine-leather-duffle-bag-upgraded-overnight-weekender-bag-carry-on-bag/feed/ HTTP/1.0" 200 1082 "-" "Mozilla/5.0 (compatible; AhrefsBot/7.0; +http://ahrefs.com/robot/)"
85.208.96.194 - - [22/Nov/2024:17:30:03 -0800] "GET /135321398.htm HTTP/1.0" 404 60227 "-" "Mozilla/5.0 (compatible; SemrushBot/7~bl; +http://www.semrush.com/bot.html)"
51.222.253.8 - - [22/Nov/2024:17:30:27 -0800] "GET /sports-duffel-bags-with-cosmetic-gym-bag-for-women-men-travelling-waterproof-bag-with-wet-pocket-and-shoe-compartment/feed/ HTTP/1.0" 200 1069 "-" "Mozilla/5.0 (compatible; AhrefsBot/7.0; +http://ahrefs.com/robot/)"
185.191.171.11 - - [22/Nov/2024:17:32:30 -0800] "GET /146639828.htm HTTP/1.0" 404 60227 "-" "Mozilla/5.0 (compatible; SemrushBot/7~bl; +http://www.semrush.com/bot.html)"
185.191.171.4 - - [22/Nov/2024:17:34:56 -0800] "GET /168602723.htm HTTP/1.0" 404 60227 "-" "Mozilla/5.0 (compatible; SemrushBot/7~bl; +http://www.semrush.com/bot.html)"
51.222.253.20 - - [22/Nov/2024:17:35:51 -0800] "GET /bostanten-genuine-leather-travel-weekender-overnight-duffel-bag-gym-sports-luggage-tote-duffle-bags-for-men/feed/ HTTP/1.0" 200 1037 "-" "Mozilla/5.0 (compatible; AhrefsBot/7.0; +http://ahrefs.com/robot/)"
185.191.171.10 - - [22/Nov/2024:17:36:50 -0800] "GET /217613723.htm HTTP/1.0" 404 60227 "-" "Mozilla/5.0 (compatible; SemrushBot/7~bl; +http://www.semrush.com/bot.html)"
3.142.49.182 - - [22/Nov/2024:17:37:31 -0800] "POST /wp-login.php HTTP/1.0" 200 7316 "-" "Mozilla/5.0"
51.222.253.14 - - [22/Nov/2024:17:37:58 -0800] "GET /felipe-varela-premium-canvas-leather-duffle-bag-for-men-versatile-weekender-bag-for-travel-daily-use-large-capacity-durable-2/feed/ HTTP/1.0" 200 1111 "-" "Mozilla/5.0 (compatible; AhrefsBot/7.0; +http://ahrefs.com/robot/)"
209.182.200.39 - - [22/Nov/2024:17:39:03 -0800] "POST /wp-cron.php?doing_wp_cron=1732325943.3200409412384033203125 HTTP/1.0" 200 - "-" "WordPress/6.7.1; http://travellertube.com"
89.208.105.220 - - [22/Nov/2024:17:39:03 -0800] "GET / HTTP/1.0" 200 100820 "-" "Mozilla/5.0 (X11; Linux i686) AppleWebKit/537.36 (KHTML, like Gecko) Chrome/56.0.2930.13 Safari/537.36"
89.208.105.220 - - [22/Nov/2024:17:39:04 -0800] "POST /wp-content/plugins/wp-automatic/inc/csv.php HTTP/1.0" 406 300 "http://travellertube.com/" "Mozilla/5.0 (X11; Linux i686) AppleWebKit/537.36 (KHTML, like Gecko) Chrome/56.0.2930.13 Safari/537.36"
89.208.105.220 - - [22/Nov/2024:17:39:16 -0800] "POST /wp-content/plugins/wp-automatic/inc/csv.php HTTP/1.0" 404 59998 "http://travellertube.com/wp-content/plugins/wp-automatic/inc/csv.php" "Mozilla/5.0 (X11; Linux i686) AppleWebKit/537.36 (KHTML, like Gecko) Chrome/56.0.2930.13 Safari/537.36"
89.208.105.220 - - [22/Nov/2024:17:39:16 -0800] "POST /wp-content/plugins/wp-automatic/inc/csv.php HTTP/1.0" 404 59998 "http://travellertube.com/wp-content/plugins/wp-automatic/inc/csv.php" "Mozilla/5.0 (X11; Linux i686) AppleWebKit/537.36 (KHTML, like Gecko) Chrome/56.0.2930.13 Safari/537.36"
89.208.105.220 - - [22/Nov/2024:17:39:18 -0800] "POST /wp-content/plugins/wp-automatic/inc/csv.php HTTP/1.0" 404 59998 "http://travellertube.com/wp-content/plugins/wp-automatic/inc/csv.php" "Mozilla/5.0 (X11; Linux i686) AppleWebKit/537.36 (KHTML, like Gecko) Chrome/56.0.2930.13 Safari/537.36"
89.208.105.220 - - [22/Nov/2024:17:39:18 -0800] "POST /wp-content/plugins/wp-automatic/inc/csv.php HTTP/1.0" 404 59998 "http://travellertube.com/wp-content/plugins/wp-automatic/inc/csv.php" "Mozilla/5.0 (X11; Linux i686) AppleWebKit/537.36 (KHTML, like Gecko) Chrome/56.0.2930.13 Safari/537.36"
89.208.105.220 - - [22/Nov/2024:17:39:20 -0800] "POST /wp-content/plugins/wp-automatic/inc/csv.phpd0a5754684d6.php HTTP/1.0" 406 300 "http://travellertube.com/wp-content/plugins/wp-automatic/inc/csv.php" "Mozilla/5.0 (X11; Linux i686) AppleWebKit/537.36 (KHTML, like Gecko) Chrome/56.0.2930.13 Safari/537.36"
89.208.105.220 - - [22/Nov/2024:17:39:20 -0800] "POST /wp-content/plugins/wp-automatic/inc/csv.phpd0a5754684d6.php HTTP/1.0" 200 26 "http://travellertube.com/wp-content/plugins/wp-automatic/inc/csv.phpd0a5754684d6.php" "Mozilla/5.0 (X11; Linux i686) AppleWebKit/537.36 (KHTML, like Gecko) Chrome/56.0.2930.13 Safari/537.36"
89.208.105.220 - - [22/Nov/2024:17:39:21 -0800] "POST /wp-content/plugins/wp-automatic/inc/csv.phpd0a5754684d6.php HTTP/1.0" 200 26 "http://travellertube.com/wp-content/plugins/wp-automatic/inc/csv.phpd0a5754684d6.php" "Mozilla/5.0 (X11; Linux i686) AppleWebKit/537.36 (KHTML, like Gecko) Chrome/56.0.2930.13 Safari/537.36"
51.222.253.2 - - [22/Nov/2024:17:39:21 -0800] "GET /weekender-bags-for-women-large-travel-duffel-bag-waterproof-overnight-weekend-carry-on-shoulder-bag-sports-gym-tote-bag-with-wet-pocket-luggage-sleeve-flight-approved/feed/ HTTP/1.0" 200 1224 "-" "Mozilla/5.0 (compatible; AhrefsBot/7.0; +http://ahrefs.com/robot/)"
89.208.105.220 - - [22/Nov/2024:17:39:21 -0800] "POST /wp-content/plugins/wp-automatic/inc/csv.phpd0a5754684d6.php HTTP/1.0" 200 52 "http://travellertube.com/wp-content/plugins/wp-automatic/inc/csv.phpd0a5754684d6.php" "Mozilla/5.0 (X11; Linux i686) AppleWebKit/537.36 (KHTML, like Gecko) Chrome/56.0.2930.13 Safari/537.36"
89.208.105.220 - - [22/Nov/2024:17:39:22 -0800] "POST /wp-content/plugins/wp-automatic/inc/csv.phpd0a5754684d6.php HTTP/1.0" 200 52 "http://travellertube.com/wp-content/plugins/wp-automatic/inc/csv.phpd0a5754684d6.php" "Mozilla/5.0 (X11; Linux i686) AppleWebKit/537.36 (KHTML, like Gecko) Chrome/56.0.2930.13 Safari/537.36"
89.208.105.220 - - [22/Nov/2024:17:39:22 -0800] "GET /wp-login.php HTTP/1.0" 200 6892 "http://travellertube.com/wp-content/plugins/wp-automatic/inc/csv.phpd0a5754684d6.php" "Mozilla/5.0 (X11; Linux i686) AppleWebKit/537.36 (KHTML, like Gecko) Chrome/56.0.2930.13 Safari/537.36"
89.208.105.220 - - [22/Nov/2024:17:39:40 -0800] "POST /wp-login.php HTTP/1.0" 302 - "http://travellertube.com/wp-login.php" "Mozilla/5.0 (X11; Linux i686) AppleWebKit/537.36 (KHTML, like Gecko) Chrome/56.0.2930.13 Safari/537.36"
89.208.105.220 - - [22/Nov/2024:17:39:40 -0800] "GET /wp-login.php?redirect_to=http%3A%2F%2Ftravellertube.com%2Fwp-admin%2F&action=confirm_admin_email&wp_lang=en_US HTTP/1.0" 200 5205 "http://travellertube.com/wp-login.php" "Mozilla/5.0 (X11; Linux i686) AppleWebKit/537.36 (KHTML, like Gecko) Chrome/56.0.2930.13 Safari/537.36"
89.208.105.220 - - [22/Nov/2024:17:39:40 -0800] "GET /wp-admin/plugins.php HTTP/1.0" 200 97275 "http://travellertube.com/wp-login.php?redirect_to=http%3A%2F%2Ftravellertube.com%2Fwp-admin%2F&action=confirm_admin_email&wp_lang=en_US" "Mozilla/5.0 (X11; Linux i686) AppleWebKit/537.36 (KHTML, like Gecko) Chrome/56.0.2930.13 Safari/537.36"
89.208.105.220 - - [22/Nov/2024:17:39:42 -0800] "GET /wp-admin/plugin-install.php HTTP/1.0" 200 86818 "http://travellertube.com/wp-admin/plugins.php" "Mozilla/5.0 (X11; Linux i686) AppleWebKit/537.36 (KHTML, like Gecko) Chrome/56.0.2930.13 Safari/537.36"
89.208.105.220 - - [22/Nov/2024:17:39:44 -0800] "POST /wp-admin/update.php?action=upload-plugin HTTP/1.0" 406 300 "http://travellertube.com/wp-admin/plugin-install.php" "Mozilla/5.0 (X11; Linux i686) AppleWebKit/537.36 (KHTML, like Gecko) Chrome/56.0.2930.13 Safari/537.36"
89.208.105.220 - - [22/Nov/2024:17:39:44 -0800] "GET /wp-content/uploads/2024/11/d0a5754684d6.php HTTP/1.0" 403 228 "http://travellertube.com/wp-admin/update.php?action=upload-plugin" "Mozilla/5.0 (X11; Linux i686) AppleWebKit/537.36 (KHTML, like Gecko) Chrome/56.0.2930.13 Safari/537.36"
89.208.105.220 - - [22/Nov/2024:17:39:48 -0800] "GET /wp-admin/plugins.php HTTP/1.0" 200 97275 "http://travellertube.com/wp-content/uploads/2024/11/d0a5754684d6.php" "Mozilla/5.0 (X11; Linux i686) AppleWebKit/537.36 (KHTML, like Gecko) Chrome/56.0.2930.13 Safari/537.36"
185.191.171.12 - - [22/Nov/2024:17:39:53 -0800] "GET /30188468.htm HTTP/1.0" 404 60227 "-" "Mozilla/5.0 (compatible; SemrushBot/7~bl; +http://www.semrush.com/bot.html)"
185.191.171.4 - - [22/Nov/2024:17:40:29 -0800] "GET /44146063.htm HTTP/1.0" 404 60227 "-" "Mozilla/5.0 (compatible; SemrushBot/7~bl; +http://www.semrush.com/bot.html)"
185.191.171.18 - - [22/Nov/2024:17:40:35 -0800] "GET /156613048.htm HTTP/1.0" 404 60227 "-" "Mozilla/5.0 (compatible; SemrushBot/7~bl; +http://www.semrush.com/bot.html)"
51.222.253.15 - - [22/Nov/2024:17:40:43 -0800] "GET /kono-travel-duffel-bag-48l-large-carry-on-bag-sports-tote-gym-bag-weekender-overnight-bags-for-men-women-21-65x13-78x9-84-gray/feed/ HTTP/1.0" 200 1115 "-" "Mozilla/5.0 (compatible; AhrefsBot/7.0; +http://ahrefs.com/robot/)"
95.217.195.123 - - [22/Nov/2024:17:41:10 -0800] "GET /robots.txt HTTP/1.0" 200 71 "-" "Mozilla/5.0 (compatible; MJ12bot/v1.4.8; http://mj12bot.com/)"
95.217.195.123 - - [22/Nov/2024:17:41:16 -0800] "GET /10-facts-about-iceland-independence-day/ HTTP/1.0" 200 72442 "-" "Mozilla/5.0 (compatible; MJ12bot/v1.4.8; http://mj12bot.com/)"
95.217.195.123 - - [22/Nov/2024:17:41:26 -0800] "GET /10-facts-about-iceland-independence-day/feed/ HTTP/1.0" 200 835 "-" "Mozilla/5.0 (compatible; MJ12bot/v1.4.8; http://mj12bot.com/)"
95.217.195.123 - - [22/Nov/2024:17:41:36 -0800] "GET /10pcs-elastic-sleeves-for-leak-proofing-travel-silicone-leak-proof-bottle-covers-and-clear-toiletry-bag-for-travelling-travel-toiletries-accessory-essential-for-women-men/ HTTP/1.0" 200 72622 "-" "Mozilla/5.0 (compatible; MJ12bot/v1.4.8; http://mj12bot.com/)"
95.217.195.123 - - [22/Nov/2024:17:41:47 -0800] "GET /10pcs-elastic-sleeves-for-leak-proofing-travel-silicone-leak-proof-bottle-covers-and-clear-toiletry-bag-for-travelling-travel-toiletries-accessory-essential-for-women-men/feed/ HTTP/1.0" 200 1230 "-" "Mozilla/5.0 (compatible; MJ12bot/v1.4.8; http://mj12bot.com/)"
95.217.195.123 - - [22/Nov/2024:17:41:53 -0800] "GET /20-compression-travel-bags-space-saver-bags-for-travelling-10-large-10-medium-wevac/ HTTP/1.0" 200 73362 "-" "Mozilla/5.0 (compatible; MJ12bot/v1.4.8; http://mj12bot.com/)"
95.217.195.123 - - [22/Nov/2024:17:42:04 -0800] "GET /20-compression-travel-bags-space-saver-bags-for-travelling-10-large-10-medium-wevac/feed/ HTTP/1.0" 200 979 "-" "Mozilla/5.0 (compatible; MJ12bot/v1.4.8; http://mj12bot.com/)"
51.222.253.9 - - [22/Nov/2024:17:42:07 -0800] "GET /author/admin-2-2/feed/ HTTP/1.0" 200 62637 "-" "Mozilla/5.0 (compatible; AhrefsBot/7.0; +http://ahrefs.com/robot/)"
95.217.195.123 - - [22/Nov/2024:17:42:13 -0800] "GET /20-coolest-hotel-pools-in-the-us/ HTTP/1.0" 200 65625 "-" "Mozilla/5.0 (compatible; MJ12bot/v1.4.8; http://mj12bot.com/)"
95.217.195.123 - - [22/Nov/2024:17:42:26 -0800] "GET /20-coolest-hotel-pools-in-the-us/feed/ HTTP/1.0" 200 814 "-" "Mozilla/5.0 (compatible; MJ12bot/v1.4.8; http://mj12bot.com/)"
95.217.195.123 - - [22/Nov/2024:17:42:35 -0800] "GET /20-for-20-top-20-things-to-do/ HTTP/1.0" 200 65687 "-" "Mozilla/5.0 (compatible; MJ12bot/v1.4.8; http://mj12bot.com/)"
95.217.195.123 - - [22/Nov/2024:17:42:46 -0800] "GET /20-must-visit-outdoor-spots-in-socal/ HTTP/1.0" 200 65705 "-" "Mozilla/5.0 (compatible; MJ12bot/v1.4.8; http://mj12bot.com/)"
95.217.195.123 - - [22/Nov/2024:17:42:56 -0800] "GET /20-must-visit-outdoor-spots-in-socal/feed/ HTTP/1.0" 200 826 "-" "Mozilla/5.0 (compatible; MJ12bot/v1.4.8; http://mj12bot.com/)"
95.217.195.123 - - [22/Nov/2024:17:43:09 -0800] "GET /20-pack-vacuum-storage-bags-4-jumbo-4-large-4-medium-4-small-4-roll-space-saver-rapid-vacuum-double-zip-seal-special-clip-stopper-ideal-for-clothes-blankets-compression-and-travelling/ HTTP/1.0" 200 74441 "-" "Mozilla/5.0 (compatible; MJ12bot/v1.4.8; http://mj12bot.com/)"
95.217.195.123 - - [22/Nov/2024:17:43:19 -0800] "GET /20-pack-vacuum-storage-bags-4-jumbo-4-large-4-medium-4-small-4-roll-space-saver-rapid-vacuum-double-zip-seal-special-clip-stopper-ideal-for-clothes-blankets-compression-and-travelling/feed/ HTTP/1.0" 200 1305 "-" "Mozilla/5.0 (compatible; MJ12bot/v1.4.8; http://mj12bot.com/)"
51.222.253.12 - - [22/Nov/2024:17:43:26 -0800] "GET /patikil-shoe-bags-for-travel-2-pack-waterproof-shoe-storage-organizer-bags-set-with-zipper-for-travelling-outdoor-green-pink/feed/ HTTP/1.0" 200 1092 "-" "Mozilla/5.0 (compatible; AhrefsBot/7.0; +http://ahrefs.com/robot/)"
95.217.195.123 - - [22/Nov/2024:17:43:27 -0800] "GET /2023-new-gpmsign-travel-bag-high-capacity-double-layer-wet-separation-travelling-bag-light-pink/ HTTP/1.0" 200 74235 "-" "Mozilla/5.0 (compatible; MJ12bot/v1.4.8; http://mj12bot.com/)"
95.217.195.123 - - [22/Nov/2024:17:43:38 -0800] "GET /2023-new-gpmsign-travel-bag-high-capacity-double-layer-wet-separation-travelling-bag-light-pink/feed/ HTTP/1.0" 200 1006 "-" "Mozilla/5.0 (compatible; MJ12bot/v1.4.8; http://mj12bot.com/)"
95.217.195.123 - - [22/Nov/2024:17:43:47 -0800] "GET /2023-new-large-capacity-travel-cosmetic-bag-pu-leather-waterproof-portable-cosmetic-bag-with-handle-and-divider-travelling-makeup-bag-travel-toiletry-bag-black/ HTTP/1.0" 200 70102 "-" "Mozilla/5.0 (compatible; MJ12bot/v1.4.8; http://mj12bot.com/)"
95.217.195.123 - - [22/Nov/2024:17:43:54 -0800] "GET /21-of-the-best-mexican-restaurants-in-socal/ HTTP/1.0" 200 65736 "-" "Mozilla/5.0 (compatible; MJ12bot/v1.4.8; http://mj12bot.com/)"
185.191.171.19 - - [22/Nov/2024:17:43:57 -0800] "GET /205971868.htm HTTP/1.0" 404 60227 "-" "Mozilla/5.0 (compatible; SemrushBot/7~bl; +http://www.semrush.com/bot.html)"
95.217.195.123 - - [22/Nov/2024:17:44:02 -0800] "GET /21-of-the-best-mexican-restaurants-in-socal/feed/ HTTP/1.0" 200 847 "-" "Mozilla/5.0 (compatible; MJ12bot/v1.4.8; http://mj12bot.com/)"
95.217.195.123 - - [22/Nov/2024:17:44:10 -0800] "GET /30-best-things-to-do-in-the-u-s-before-youre-30/feed/ HTTP/1.0" 200 863 "-" "Mozilla/5.0 (compatible; MJ12bot/v1.4.8; http://mj12bot.com/)"
17.241.219.125 - - [22/Nov/2024:17:44:17 -0800] "GET / HTTP/1.0" 200 101163 "-" "Mozilla/5.0 (Macintosh; Intel Mac OS X 10_15_7) AppleWebKit/605.1.15 (KHTML, like Gecko) Version/17.4 Safari/605.1.15 (Applebot/0.1; +http://www.apple.com/go/applebot)"
95.217.195.123 - - [22/Nov/2024:17:44:18 -0800] "GET /6-most-awesome-places-to-capture-pokemon/ HTTP/1.0" 200 65691 "-" "Mozilla/5.0 (compatible; MJ12bot/v1.4.8; http://mj12bot.com/)"
95.217.195.123 - - [22/Nov/2024:17:44:27 -0800] "GET /6-most-awesome-places-to-capture-pokemon/feed/ HTTP/1.0" 200 839 "-" "Mozilla/5.0 (compatible; MJ12bot/v1.4.8; http://mj12bot.com/)"
95.217.195.123 - - [22/Nov/2024:17:44:32 -0800] "GET /6-places-in-yosemite-the-president-should-see/ HTTP/1.0" 200 65523 "-" "Mozilla/5.0 (compatible; MJ12bot/v1.4.8; http://mj12bot.com/)"
95.217.195.123 - - [22/Nov/2024:17:44:59 -0800] "GET /6-places-in-yosemite-the-president-should-see/feed/ HTTP/1.0" 200 853 "-" "Mozilla/5.0 (compatible; MJ12bot/v1.4.8; http://mj12bot.com/)"
95.217.195.123 - - [22/Nov/2024:17:45:04 -0800] "GET /9-perfect-cities-to-tour-like-a-local/ HTTP/1.0" 200 65658 "-" "Mozilla/5.0 (compatible; MJ12bot/v1.4.8; http://mj12bot.com/)"
95.217.195.123 - - [22/Nov/2024:17:45:14 -0800] "GET /9-perfect-cities-to-tour-like-a-local/feed/ HTTP/1.0" 200 829 "-" "Mozilla/5.0 (compatible; MJ12bot/v1.4.8; http://mj12bot.com/)"
95.217.195.123 - - [22/Nov/2024:17:45:39 -0800] "GET /a-year-later-changing-course-with-cuba/feed/ HTTP/1.0" 200 833 "-" "Mozilla/5.0 (compatible; MJ12bot/v1.4.8; http://mj12bot.com/)"
95.217.195.123 - - [22/Nov/2024:17:45:45 -0800] "GET /ailouis-36-inch-extra-large-expandable-lightweight-luggage-rolling-duffel-bag-xxl-with-wheels-travelling-foldable-suitcase-black/ HTTP/1.0" 200 72166 "-" "Mozilla/5.0 (compatible; MJ12bot/v1.4.8; http://mj12bot.com/)"
95.217.195.123 - - [22/Nov/2024:17:45:52 -0800] "GET /ailouis-36-inch-extra-large-expandable-lightweight-luggage-rolling-duffel-bag-xxl-with-wheels-travelling-foldable-suitcase-black/feed/ HTTP/1.0" 200 1105 "-" "Mozilla/5.0 (compatible; MJ12bot/v1.4.8; http://mj12bot.com/)"
17.241.227.27 - - [22/Nov/2024:17:45:54 -0800] "GET /wp-content/themes/Divi/style.css HTTP/1.0" 200 447315 "https://travellertube.com/" "Mozilla/5.0 (Macintosh; Intel Mac OS X 10_15_7) AppleWebKit/605.1.15 (KHTML, like Gecko) Version/17.4 Safari/605.1.15 (Applebot/0.1; +http://www.apple.com/go/applebot)"
17.241.227.62 - - [22/Nov/2024:17:45:54 -0800] "GET /wp-includes/css/dashicons.min.css HTTP/1.0" 200 59016 "https://travellertube.com/" "Mozilla/5.0 (Macintosh; Intel Mac OS X 10_15_7) AppleWebKit/605.1.15 (KHTML, like Gecko) Version/17.4 Safari/605.1.15 (Applebot/0.1; +http://www.apple.com/go/applebot)"
17.241.227.129 - - [22/Nov/2024:17:45:55 -0800] "GET /wp-content/cache/et/global/et-divi-customizer-global-17303847626306.min.css HTTP/1.0" 200 13883 "https://travellertube.com/" "Mozilla/5.0 (Macintosh; Intel Mac OS X 10_15_7) AppleWebKit/605.1.15 (KHTML, like Gecko) Version/17.4 Safari/605.1.15 (Applebot/0.1; +http://www.apple.com/go/applebot)"
17.241.227.170 - - [22/Nov/2024:17:45:55 -0800] "GET /wp-includes/js/jquery/jquery-migrate.min.js HTTP/1.0" 200 13577 "https://travellertube.com/" "Mozilla/5.0 (Macintosh; Intel Mac OS X 10_15_7) AppleWebKit/605.1.15 (KHTML, like Gecko) Version/17.4 Safari/605.1.15 (Applebot/0.1; +http://www.apple.com/go/applebot)"
51.222.253.1 - - [22/Nov/2024:17:45:55 -0800] "GET /staging-indigeneity-salvage-tourism-and-the-performance-of-native-american-history/ HTTP/1.0" 200 68121 "-" "Mozilla/5.0 (compatible; AhrefsBot/7.0; +http://ahrefs.com/robot/)"
17.241.227.61 - - [22/Nov/2024:17:45:56 -0800] "GET /wp-includes/js/jquery/jquery.min.js HTTP/1.0" 200 87553 "https://travellertube.com/" "Mozilla/5.0 (Macintosh; Intel Mac OS X 10_15_7) AppleWebKit/605.1.15 (KHTML, like Gecko) Version/17.4 Safari/605.1.15 (Applebot/0.1; +http://www.apple.com/go/applebot)"
17.241.75.153 - - [22/Nov/2024:17:45:56 -0800] "GET /wp-includes/css/dist/block-library/style.min.css HTTP/1.0" 200 114706 "https://travellertube.com/" "Mozilla/5.0 (Macintosh; Intel Mac OS X 10_15_7) AppleWebKit/605.1.15 (KHTML, like Gecko) Version/17.4 Safari/605.1.15 (Applebot/0.1; +http://www.apple.com/go/applebot)"
17.241.227.27 - - [22/Nov/2024:17:45:56 -0800] "GET /wp-content/themes/Divi/js/custom.min.js HTTP/1.0" 200 244315 "https://travellertube.com/" "Mozilla/5.0 (Macintosh; Intel Mac OS X 10_15_7) AppleWebKit/605.1.15 (KHTML, like Gecko) Version/17.4 Safari/605.1.15 (Applebot/0.1; +http://www.apple.com/go/applebot)"
17.241.219.166 - - [22/Nov/2024:17:45:57 -0800] "GET /wp-includes/js/comment-reply.min.js HTTP/1.0" 200 3026 "https://travellertube.com/" "Mozilla/5.0 (Macintosh; Intel Mac OS X 10_15_7) AppleWebKit/605.1.15 (KHTML, like Gecko) Version/17.4 Safari/605.1.15 (Applebot/0.1; +http://www.apple.com/go/applebot)"
17.241.219.228 - - [22/Nov/2024:17:45:57 -0800] "GET /wp-includes/js/wp-emoji-release.min.js HTTP/1.0" 200 18726 "https://travellertube.com/" "Mozilla/5.0 (Macintosh; Intel Mac OS X 10_15_7) AppleWebKit/605.1.15 (KHTML, like Gecko) Version/17.4 Safari/605.1.15 (Applebot/0.1; +http://www.apple.com/go/applebot)"
95.217.195.123 - - [22/Nov/2024:17:45:59 -0800] "GET /an-introduction-to-the-geography-of-tourism-exploring-geography/ HTTP/1.0" 200 67262 "-" "Mozilla/5.0 (compatible; MJ12bot/v1.4.8; http://mj12bot.com/)"
95.217.195.123 - - [22/Nov/2024:17:46:04 -0800] "GET /an-introduction-to-the-geography-of-tourism-exploring-geography/feed/ HTTP/1.0" 200 909 "-" "Mozilla/5.0 (compatible; MJ12bot/v1.4.8; http://mj12bot.com/)"
95.217.195.123 - - [22/Nov/2024:17:46:12 -0800] "GET /author/admin-2-2/page/18/ HTTP/1.0" 200 66731 "-" "Mozilla/5.0 (compatible; MJ12bot/v1.4.8; http://mj12bot.com/)"
95.217.195.123 - - [22/Nov/2024:17:46:18 -0800] "GET /author/admin-2-2/page/19/ HTTP/1.0" 200 67888 "-" "Mozilla/5.0 (compatible; MJ12bot/v1.4.8; http://mj12bot.com/)"
95.217.195.123 - - [22/Nov/2024:17:46:23 -0800] "GET /author/admin-2-2/page/20/ HTTP/1.0" 200 68661 "-" "Mozilla/5.0 (compatible; MJ12bot/v1.4.8; http://mj12bot.com/)"
95.217.195.123 - - [22/Nov/2024:17:46:29 -0800] "GET /author/admin-2-2/page/21/ HTTP/1.0" 200 67243 "-" "Mozilla/5.0 (compatible; MJ12bot/v1.4.8; http://mj12bot.com/)"
95.217.195.123 - - [22/Nov/2024:17:46:33 -0800] "GET /baggallini-overnight-expandable-laptop-tote-lightweight-travel-bag-for-women/ HTTP/1.0" 200 68174 "-" "Mozilla/5.0 (compatible; MJ12bot/v1.4.8; http://mj12bot.com/)"
95.217.195.123 - - [22/Nov/2024:17:46:39 -0800] "GET /baggallini-overnight-expandable-laptop-tote-lightweight-travel-bag-for-women/feed/ HTTP/1.0" 200 954 "-" "Mozilla/5.0 (compatible; MJ12bot/v1.4.8; http://mj12bot.com/)"
95.217.195.123 - - [22/Nov/2024:17:46:43 -0800] "GET /best-game-of-thrones-inspired-u-s-destinations/ HTTP/1.0" 200 65806 "-" "Mozilla/5.0 (compatible; MJ12bot/v1.4.8; http://mj12bot.com/)"
95.217.195.123 - - [22/Nov/2024:17:46:48 -0800] "GET /best-game-of-thrones-inspired-u-s-destinations/feed/ HTTP/1.0" 200 857 "-" "Mozilla/5.0 (compatible; MJ12bot/v1.4.8; http://mj12bot.com/)"
95.217.195.123 - - [22/Nov/2024:17:46:51 -0800] "GET /black-large-travel-toiletry-bag-for-women-large-hanging-toiletry-bags-for-travelling-women-large-cosmetic-bags-for-women-travel-large-toiletries-bag-hygiene-bag-bathroom-bag/ HTTP/1.0" 200 71630 "-" "Mozilla/5.0 (compatible; MJ12bot/v1.4.8; http://mj12bot.com/)"
3.142.49.182 - - [22/Nov/2024:17:46:54 -0800] "POST /wp-login.php HTTP/1.0" 200 7337 "-" "Mozilla/5.0"
95.217.195.123 - - [22/Nov/2024:17:46:56 -0800] "GET /black-large-travel-toiletry-bag-for-women-large-hanging-toiletry-bags-for-travelling-women-large-cosmetic-bags-for-women-travel-large-toiletries-bag-hygiene-bag-bathroom-bag/feed/ HTTP/1.0" 200 1240 "-" "Mozilla/5.0 (compatible; MJ12bot/v1.4.8; http://mj12bot.com/)"
95.217.195.123 - - [22/Nov/2024:17:46:59 -0800] "GET /brewery-tour-6-pack/feed/ HTTP/1.0" 200 775 "-" "Mozilla/5.0 (compatible; MJ12bot/v1.4.8; http://mj12bot.com/)"
95.217.195.123 - - [22/Nov/2024:17:47:02 -0800] "GET /capstone-projects-with-seattle-university/ HTTP/1.0" 200 65651 "-" "Mozilla/5.0 (compatible; MJ12bot/v1.4.8; http://mj12bot.com/)"
95.217.195.123 - - [22/Nov/2024:17:47:04 -0800] "GET /casebot-water-bottle-carrier-bag-for-stanley-40oz-tumbler-with-handle-neoprene-water-bottle-holder-with-adjustable-shoulder-hand-strap-and-2-pockets-for-hiking-camping-travelling-emerald-illusions/ HTTP/1.0" 200 73666 "-" "Mozilla/5.0 (compatible; MJ12bot/v1.4.8; http://mj12bot.com/)"
95.217.195.123 - - [22/Nov/2024:17:47:08 -0800] "GET /category/blog/page/18/ HTTP/1.0" 200 65900 "-" "Mozilla/5.0 (compatible; MJ12bot/v1.4.8; http://mj12bot.com/)"
95.217.195.123 - - [22/Nov/2024:17:47:11 -0800] "GET /category/blog/page/19/ HTTP/1.0" 200 66306 "-" "Mozilla/5.0 (compatible; MJ12bot/v1.4.8; http://mj12bot.com/)"
95.217.195.123 - - [22/Nov/2024:17:47:14 -0800] "GET /category/blog/page/20/ HTTP/1.0" 200 66021 "-" "Mozilla/5.0 (compatible; MJ12bot/v1.4.8; http://mj12bot.com/)"
95.217.195.123 - - [22/Nov/2024:17:47:16 -0800] "GET /category/blog/page/21/ HTTP/1.0" 200 65707 "-" "Mozilla/5.0 (compatible; MJ12bot/v1.4.8; http://mj12bot.com/)"
95.217.195.123 - - [22/Nov/2024:17:47:18 -0800] "GET /category/store/page/19/ HTTP/1.0" 200 69457 "-" "Mozilla/5.0 (compatible; MJ12bot/v1.4.8; http://mj12bot.com/)"
85.208.96.207 - - [22/Nov/2024:17:47:59 -0800] "GET /90056858.htm HTTP/1.0" 404 60227 "-" "Mozilla/5.0 (compatible; SemrushBot/7~bl; +http://www.semrush.com/bot.html)"
209.182.200.39 - - [22/Nov/2024:17:48:21 -0800] "POST /wp-cron.php?doing_wp_cron=1732326501.6030321121215820312500 HTTP/1.0" 200 - "-" "WordPress/6.7.1; http://travellertube.com"
51.222.253.16 - - [22/Nov/2024:17:48:21 -0800] "GET /the-ultimate-travel-guide-to-alaska-2024-explore-the-last-frontiers-a-journey-beyond-the-ordinary-with-insider-tips-and-maps/ HTTP/1.0" 200 70018 "-" "Mozilla/5.0 (compatible; AhrefsBot/7.0; +http://ahrefs.com/robot/)"
51.222.253.14 - - [22/Nov/2024:17:49:25 -0800] "GET /swissgear-sion-softside-expandable-roller-luggage-black-carry-on-21-inch/ HTTP/1.0" 200 67814 "-" "Mozilla/5.0 (compatible; AhrefsBot/7.0; +http://ahrefs.com/robot/)"
51.222.253.13 - - [22/Nov/2024:17:50:30 -0800] "GET /2-pack-laundry-bag-large-travel-laundry-bags-with-drawstring-closure-dirty-clothes-travel-bag-for-dorm-camp-travelling-storage/feed/ HTTP/1.0" 200 1104 "-" "Mozilla/5.0 (compatible; AhrefsBot/7.0; +http://ahrefs.com/robot/)"
185.191.171.11 - - [22/Nov/2024:17:50:44 -0800] "GET /91200618.htm HTTP/1.0" 404 60227 "-" "Mozilla/5.0 (compatible; SemrushBot/7~bl; +http://www.semrush.com/bot.html)"
185.191.171.15 - - [22/Nov/2024:17:51:15 -0800] "GET /203403508.htm HTTP/1.0" 404 60227 "-" "Mozilla/5.0 (compatible; SemrushBot/7~bl; +http://www.semrush.com/bot.html)"
51.222.253.14 - - [22/Nov/2024:17:51:41 -0800] "GET /123-pcs-hazbin-hotel-cartoon-stickers-pack-cool-funny-graffiti-stickers-vinyl-waterproof-scrapbookjournalinglaptopbumperskateboardwater-bottlescomputerphonecartoonhard-hatcar-stickers/ HTTP/1.0" 200 69336 "-" "Mozilla/5.0 (compatible; AhrefsBot/7.0; +http://ahrefs.com/robot/)"
85.208.96.205 - - [22/Nov/2024:17:52:53 -0800] "GET /210228413.htm HTTP/1.0" 404 60227 "-" "Mozilla/5.0 (compatible; SemrushBot/7~bl; +http://www.semrush.com/bot.html)"
51.222.253.9 - - [22/Nov/2024:17:53:01 -0800] "GET /fanny-pack-belt-bag-for-women-fashionable-crossbody-bags-cute-waist-pack-for-running-travelling-workout-hiking-grey/feed/ HTTP/1.0" 200 1065 "-" "Mozilla/5.0 (compatible; AhrefsBot/7.0; +http://ahrefs.com/robot/)"
185.191.171.3 - - [22/Nov/2024:17:54:44 -0800] "GET /246222598.htm HTTP/1.0" 404 60227 "-" "Mozilla/5.0 (compatible; SemrushBot/7~bl; +http://www.semrush.com/bot.html)"
185.191.171.17 - - [22/Nov/2024:17:55:17 -0800] "GET /184592413.htm HTTP/1.0" 404 60227 "-" "Mozilla/5.0 (compatible; SemrushBot/7~bl; +http://www.semrush.com/bot.html)"
85.208.96.196 - - [22/Nov/2024:17:57:46 -0800] "GET /116620718.htm HTTP/1.0" 404 60227 "-" "Mozilla/5.0 (compatible; SemrushBot/7~bl; +http://www.semrush.com/bot.html)"
51.222.253.15 - - [22/Nov/2024:17:58:12 -0800] "GET /duffle-bag-for-travel-large-canvas-duffel-bag-for-travelling-overnight-weekender-bag-carry-on-bag-for-men-women-black/feed/ HTTP/1.0" 200 1070 "-" "Mozilla/5.0 (compatible; AhrefsBot/7.0; +http://ahrefs.com/robot/)"
51.222.253.18 - - [22/Nov/2024:18:01:13 -0800] "GET /category/store/page/65/ HTTP/1.0" 200 70444 "-" "Mozilla/5.0 (compatible; AhrefsBot/7.0; +http://ahrefs.com/robot/)"
185.191.171.13 - - [22/Nov/2024:18:01:54 -0800] "GET /124732353.htm HTTP/1.0" 404 60227 "-" "Mozilla/5.0 (compatible; SemrushBot/7~bl; +http://www.semrush.com/bot.html)"
45.148.10.172 - - [22/Nov/2024:18:03:13 -0800] "GET /.env HTTP/1.0" 404 60230 "-" "Mozilla/5.0 (Macintosh; Intel Mac OS X 10_12_1) AppleWebKit/537.36 (KHTML, like Gecko) Chrome/76.0.3809.100 Safari/537.36"
45.148.10.172 - - [22/Nov/2024:18:03:13 -0800] "GET /.env HTTP/1.0" 404 60289 "-" "Mozilla/5.0 (Windows NT 10.0; Win64; x64) AppleWebKit/537.36 (KHTML, like Gecko) Chrome/73.0.3683.75 Safari/537.36"
51.222.253.16 - - [22/Nov/2024:18:04:14 -0800] "GET /water-bottle-carrier-holder-bag-for-stanley-40oz-simple-modern-tumbler-with-phone-pockets-carrier-bag-with-adjustable-strap-carabiner-for-stanley-cup-accessories-for-hiking-travelling-camping/ HTTP/1.0" 200 72051 "-" "Mozilla/5.0 (compatible; AhrefsBot/7.0; +http://ahrefs.com/robot/)"
185.42.12.42 - - [22/Nov/2024:18:06:16 -0800] "HEAD /wp-content/plugins/wordpress/readme.txt HTTP/1.0" 404 - "-" "Mozilla/5.0 (X11; Linux x86_64; rv:124.0) Gecko/20100101 Firefox/124.0"
185.42.12.42 - - [22/Nov/2024:18:06:17 -0800] "HEAD /wp-content/plugins/really-simple-ssl/readme.txt HTTP/1.0" 200 - "-" "Mozilla/5.0 (X11; Linux x86_64; rv:124.0) Gecko/20100101 Firefox/124.0"
185.42.12.42 - - [22/Nov/2024:18:06:18 -0800] "GET /wp-content/plugins/really-simple-ssl/readme.txt HTTP/1.0" 200 23010 "-" "Mozilla/5.0 (X11; Linux x86_64; rv:124.0) Gecko/20100101 Firefox/124.0"
51.222.253.8 - - [22/Nov/2024:18:07:12 -0800] "GET /author/admin-2-2/page/63/ HTTP/1.0" 200 68183 "-" "Mozilla/5.0 (compatible; AhrefsBot/7.0; +http://ahrefs.com/robot/)"
85.208.96.202 - - [22/Nov/2024:18:07:20 -0800] "GET /123327303.htm HTTP/1.0" 404 60227 "-" "Mozilla/5.0 (compatible; SemrushBot/7~bl; +http://www.semrush.com/bot.html)"
3.142.49.182 - - [22/Nov/2024:18:08:38 -0800] "POST /wp-login.php HTTP/1.0" 200 7316 "-" "Mozilla/5.0"
89.208.105.220 - - [22/Nov/2024:18:08:43 -0800] "GET /wp-login.php HTTP/1.0" 200 6892 "-" "Mozilla/5.0 (Windows NT 6.3; Trident/7.0; rv:11.0) like Gecko"
89.208.105.220 - - [22/Nov/2024:18:08:44 -0800] "POST /wp-login.php HTTP/1.0" 302 - "http://travellertube.com/wp-login.php" "Mozilla/5.0 (Windows NT 6.3; Trident/7.0; rv:11.0) like Gecko"
89.208.105.220 - - [22/Nov/2024:18:08:44 -0800] "GET /wp-login.php?redirect_to=http%3A%2F%2Ftravellertube.com%2Fwp-admin%2F&action=confirm_admin_email&wp_lang=en_US HTTP/1.0" 200 5205 "http://travellertube.com/wp-login.php" "Mozilla/5.0 (Windows NT 6.3; Trident/7.0; rv:11.0) like Gecko"
