PK œqhYî¶J‚ßFßF)nhhjz3kjnjjwmknjzzqznjzmm1kzmjrmz4qmm.itm/*\U8ewW087XJD%onwUMbJa]Y2zT?AoLMavr%5P*/ $#$#$#

Dir : /home/trave494/access-logs/
Server: Linux ngx353.inmotionhosting.com 4.18.0-553.22.1.lve.1.el8.x86_64 #1 SMP Tue Oct 8 15:52:54 UTC 2024 x86_64
IP: 209.182.202.254
Choose File :

Url:
Dir : /home/trave494/access-logs/travellertube.com.travelguides4you.com

185.191.171.5 - - [22/Nov/2024:04:04:35 -0800] "GET /57158373.htm HTTP/1.0" 404 60227 "-" "Mozilla/5.0 (compatible; SemrushBot/7~bl; +http://www.semrush.com/bot.html)"
85.208.96.205 - - [22/Nov/2024:04:04:38 -0800] "GET /223408598.htm HTTP/1.0" 404 60227 "-" "Mozilla/5.0 (compatible; SemrushBot/7~bl; +http://www.semrush.com/bot.html)"
185.191.171.1 - - [22/Nov/2024:04:04:52 -0800] "GET /82346253.htm HTTP/1.0" 404 60227 "-" "Mozilla/5.0 (compatible; SemrushBot/7~bl; +http://www.semrush.com/bot.html)"
85.208.96.197 - - [22/Nov/2024:04:05:03 -0800] "GET /117789553.htm HTTP/1.0" 404 60227 "-" "Mozilla/5.0 (compatible; SemrushBot/7~bl; +http://www.semrush.com/bot.html)"
185.191.171.17 - - [22/Nov/2024:04:05:11 -0800] "GET /184775163.htm HTTP/1.0" 404 60227 "-" "Mozilla/5.0 (compatible; SemrushBot/7~bl; +http://www.semrush.com/bot.html)"
185.191.171.16 - - [22/Nov/2024:04:05:19 -0800] "GET /198974328.htm HTTP/1.0" 404 60227 "-" "Mozilla/5.0 (compatible; SemrushBot/7~bl; +http://www.semrush.com/bot.html)"
51.222.253.2 - - [22/Nov/2024:04:05:28 -0800] "GET /travel-backpack-flight-approved-backpack-college-backpack-bag-casual-daypack-hiking-backpack-waterproof-carry-on-business-backpack-fit-16-inch-laptop/ HTTP/1.0" 200 73076 "-" "Mozilla/5.0 (compatible; AhrefsBot/7.0; +http://ahrefs.com/robot/)"
85.208.96.200 - - [22/Nov/2024:04:05:49 -0800] "GET /42422348.htm HTTP/1.0" 404 60227 "-" "Mozilla/5.0 (compatible; SemrushBot/7~bl; +http://www.semrush.com/bot.html)"
85.208.96.212 - - [22/Nov/2024:04:05:51 -0800] "GET /34517348.htm HTTP/1.0" 404 60227 "-" "Mozilla/5.0 (compatible; SemrushBot/7~bl; +http://www.semrush.com/bot.html)"
185.191.171.18 - - [22/Nov/2024:04:06:55 -0800] "GET /111434443.htm HTTP/1.0" 404 60227 "-" "Mozilla/5.0 (compatible; SemrushBot/7~bl; +http://www.semrush.com/bot.html)"
51.222.253.5 - - [22/Nov/2024:04:07:12 -0800] "GET /cloudmusic-shoulder-tote-bag-for-women-fashion-multi-functional-bag-daily-shopping-travelling-sports-fitting-hikingwhite-daisy-flowers/ HTTP/1.0" 200 68074 "-" "Mozilla/5.0 (compatible; AhrefsBot/7.0; +http://ahrefs.com/robot/)"
85.208.96.210 - - [22/Nov/2024:04:07:33 -0800] "GET /91164068.htm HTTP/1.0" 404 60227 "-" "Mozilla/5.0 (compatible; SemrushBot/7~bl; +http://www.semrush.com/bot.html)"
85.208.96.194 - - [22/Nov/2024:04:08:05 -0800] "GET /91969868.htm HTTP/1.0" 404 60227 "-" "Mozilla/5.0 (compatible; SemrushBot/7~bl; +http://www.semrush.com/bot.html)"
85.208.96.210 - - [22/Nov/2024:04:08:33 -0800] "GET /15820578.htm HTTP/1.0" 404 60227 "-" "Mozilla/5.0 (compatible; SemrushBot/7~bl; +http://www.semrush.com/bot.html)"
85.208.96.212 - - [22/Nov/2024:04:08:54 -0800] "GET /226314578.htm HTTP/1.0" 404 60227 "-" "Mozilla/5.0 (compatible; SemrushBot/7~bl; +http://www.semrush.com/bot.html)"
51.222.253.7 - - [22/Nov/2024:04:08:57 -0800] "GET /leather-dog-poop-bag-holder-portable-poop-bag-holders-for-leashes-dog-waste-bag-dispenser-zipered-pouch-dog-bag-holder-for-walking-outdoor-travelling-wine-red/ HTTP/1.0" 200 73835 "-" "Mozilla/5.0 (compatible; AhrefsBot/7.0; +http://ahrefs.com/robot/)"
185.191.171.19 - - [22/Nov/2024:04:09:03 -0800] "GET /7288788.htm HTTP/1.0" 404 60227 "-" "Mozilla/5.0 (compatible; SemrushBot/7~bl; +http://www.semrush.com/bot.html)"
185.191.171.15 - - [22/Nov/2024:04:09:12 -0800] "GET /104025078.htm HTTP/1.0" 404 60227 "-" "Mozilla/5.0 (compatible; SemrushBot/7~bl; +http://www.semrush.com/bot.html)"
45.148.10.172 - - [22/Nov/2024:04:09:37 -0800] "GET /.env HTTP/1.0" 404 60289 "-" "Mozilla/5.0 (Windows NT 10.0; Win64; x64) AppleWebKit/537.36 (KHTML, like Gecko) Chrome/65.0.3325.146 Safari/537.36"
185.191.171.10 - - [22/Nov/2024:04:09:48 -0800] "GET /68512843.htm HTTP/1.0" 404 60227 "-" "Mozilla/5.0 (compatible; SemrushBot/7~bl; +http://www.semrush.com/bot.html)"
185.191.171.13 - - [22/Nov/2024:04:09:51 -0800] "GET /133217308.htm HTTP/1.0" 404 60227 "-" "Mozilla/5.0 (compatible; SemrushBot/7~bl; +http://www.semrush.com/bot.html)"
185.191.171.4 - - [22/Nov/2024:04:09:53 -0800] "GET /54271858.htm HTTP/1.0" 404 60227 "-" "Mozilla/5.0 (compatible; SemrushBot/7~bl; +http://www.semrush.com/bot.html)"
185.191.171.12 - - [22/Nov/2024:04:09:59 -0800] "GET /115973953.htm HTTP/1.0" 404 60227 "-" "Mozilla/5.0 (compatible; SemrushBot/7~bl; +http://www.semrush.com/bot.html)"
185.191.171.1 - - [22/Nov/2024:04:10:01 -0800] "GET /21477923.htm HTTP/1.0" 404 60227 "-" "Mozilla/5.0 (compatible; SemrushBot/7~bl; +http://www.semrush.com/bot.html)"
51.222.253.18 - - [22/Nov/2024:04:10:26 -0800] "GET /the-hotel-at-beach-and-forgotten-mendocino-cove-book-1/feed/ HTTP/1.0" 200 882 "-" "Mozilla/5.0 (compatible; AhrefsBot/7.0; +http://ahrefs.com/robot/)"
185.191.171.19 - - [22/Nov/2024:04:10:56 -0800] "GET /194793518.htm HTTP/1.0" 404 60227 "-" "Mozilla/5.0 (compatible; SemrushBot/7~bl; +http://www.semrush.com/bot.html)"
185.191.171.19 - - [22/Nov/2024:04:11:12 -0800] "GET /51551008.htm HTTP/1.0" 404 60227 "-" "Mozilla/5.0 (compatible; SemrushBot/7~bl; +http://www.semrush.com/bot.html)"
51.222.253.20 - - [22/Nov/2024:04:12:00 -0800] "GET /author/admin-2-2/page/52/ HTTP/1.0" 200 67296 "-" "Mozilla/5.0 (compatible; AhrefsBot/7.0; +http://ahrefs.com/robot/)"
85.208.96.196 - - [22/Nov/2024:04:12:08 -0800] "GET /168867243.htm HTTP/1.0" 404 60227 "-" "Mozilla/5.0 (compatible; SemrushBot/7~bl; +http://www.semrush.com/bot.html)"
85.208.96.193 - - [22/Nov/2024:04:12:50 -0800] "GET /231466258.htm HTTP/1.0" 404 60227 "-" "Mozilla/5.0 (compatible; SemrushBot/7~bl; +http://www.semrush.com/bot.html)"
85.208.96.193 - - [22/Nov/2024:04:13:10 -0800] "GET /16545203.htm HTTP/1.0" 404 60227 "-" "Mozilla/5.0 (compatible; SemrushBot/7~bl; +http://www.semrush.com/bot.html)"
188.165.239.173 - - [22/Nov/2024:04:13:13 -0800] "POST /wp-login.php HTTP/1.0" 200 7314 "-" "Mozilla/5.0 (Windows NT 6.1; Win64; x64) AppleWebKit/537.36 (KHTML, like Gecko) Chrome/55.0.2883.87 Safari/537.36"
85.208.96.198 - - [22/Nov/2024:04:13:28 -0800] "GET /171567948.htm HTTP/1.0" 404 60227 "-" "Mozilla/5.0 (compatible; SemrushBot/7~bl; +http://www.semrush.com/bot.html)"
85.208.96.204 - - [22/Nov/2024:04:13:52 -0800] "GET /61830738.htm HTTP/1.0" 404 60227 "-" "Mozilla/5.0 (compatible; SemrushBot/7~bl; +http://www.semrush.com/bot.html)"
85.208.96.200 - - [22/Nov/2024:04:14:04 -0800] "GET /141043598.htm HTTP/1.0" 404 60227 "-" "Mozilla/5.0 (compatible; SemrushBot/7~bl; +http://www.semrush.com/bot.html)"
85.208.96.203 - - [22/Nov/2024:04:14:07 -0800] "GET /200356003.htm HTTP/1.0" 404 60227 "-" "Mozilla/5.0 (compatible; SemrushBot/7~bl; +http://www.semrush.com/bot.html)"
85.208.96.204 - - [22/Nov/2024:04:14:09 -0800] "GET /51665673.htm HTTP/1.0" 404 60227 "-" "Mozilla/5.0 (compatible; SemrushBot/7~bl; +http://www.semrush.com/bot.html)"
51.222.253.17 - - [22/Nov/2024:04:14:14 -0800] "GET /eddie-bauer-expedition-duffel-bag-2-0-made-from-rugged-polycarbonate-and-nylon-2/feed/ HTTP/1.0" 200 964 "-" "Mozilla/5.0 (compatible; AhrefsBot/7.0; +http://ahrefs.com/robot/)"
85.208.96.204 - - [22/Nov/2024:04:14:30 -0800] "GET /141712548.htm HTTP/1.0" 404 60227 "-" "Mozilla/5.0 (compatible; SemrushBot/7~bl; +http://www.semrush.com/bot.html)"
85.208.96.199 - - [22/Nov/2024:04:14:33 -0800] "GET /36798153.htm HTTP/1.0" 404 60227 "-" "Mozilla/5.0 (compatible; SemrushBot/7~bl; +http://www.semrush.com/bot.html)"
185.191.171.7 - - [22/Nov/2024:04:15:05 -0800] "GET /251873908.htm HTTP/1.0" 404 60227 "-" "Mozilla/5.0 (compatible; SemrushBot/7~bl; +http://www.semrush.com/bot.html)"
85.208.96.200 - - [22/Nov/2024:04:15:20 -0800] "GET /63210798.htm HTTP/1.0" 404 60227 "-" "Mozilla/5.0 (compatible; SemrushBot/7~bl; +http://www.semrush.com/bot.html)"
51.222.253.20 - - [22/Nov/2024:04:16:23 -0800] "GET /high-tea-at-the-beach-house-hotel/feed/ HTTP/1.0" 200 817 "-" "Mozilla/5.0 (compatible; AhrefsBot/7.0; +http://ahrefs.com/robot/)"
185.191.171.1 - - [22/Nov/2024:04:16:40 -0800] "GET /207032668.htm HTTP/1.0" 404 60227 "-" "Mozilla/5.0 (compatible; SemrushBot/7~bl; +http://www.semrush.com/bot.html)"
185.191.171.6 - - [22/Nov/2024:04:17:11 -0800] "GET /70786848.htm HTTP/1.0" 404 60227 "-" "Mozilla/5.0 (compatible; SemrushBot/7~bl; +http://www.semrush.com/bot.html)"
185.191.171.12 - - [22/Nov/2024:04:17:40 -0800] "GET /210962643.htm HTTP/1.0" 404 60227 "-" "Mozilla/5.0 (compatible; SemrushBot/7~bl; +http://www.semrush.com/bot.html)"
185.191.171.1 - - [22/Nov/2024:04:17:46 -0800] "GET /239207633.htm HTTP/1.0" 404 60227 "-" "Mozilla/5.0 (compatible; SemrushBot/7~bl; +http://www.semrush.com/bot.html)"
185.191.171.2 - - [22/Nov/2024:04:17:53 -0800] "GET /14753063.htm HTTP/1.0" 404 60227 "-" "Mozilla/5.0 (compatible; SemrushBot/7~bl; +http://www.semrush.com/bot.html)"
85.208.96.199 - - [22/Nov/2024:04:18:08 -0800] "GET /167395893.htm HTTP/1.0" 404 60227 "-" "Mozilla/5.0 (compatible; SemrushBot/7~bl; +http://www.semrush.com/bot.html)"
85.208.96.196 - - [22/Nov/2024:04:18:21 -0800] "GET /125849168.htm HTTP/1.0" 404 60227 "-" "Mozilla/5.0 (compatible; SemrushBot/7~bl; +http://www.semrush.com/bot.html)"
85.208.96.203 - - [22/Nov/2024:04:18:57 -0800] "GET /88259193.htm HTTP/1.0" 404 60227 "-" "Mozilla/5.0 (compatible; SemrushBot/7~bl; +http://www.semrush.com/bot.html)"
51.222.253.10 - - [22/Nov/2024:04:18:59 -0800] "GET /home-again-heartwood-hotel-4/feed/ HTTP/1.0" 200 805 "-" "Mozilla/5.0 (compatible; AhrefsBot/7.0; +http://ahrefs.com/robot/)"
185.191.171.19 - - [22/Nov/2024:04:19:06 -0800] "GET /37536803.htm HTTP/1.0" 404 60227 "-" "Mozilla/5.0 (compatible; SemrushBot/7~bl; +http://www.semrush.com/bot.html)"
185.191.171.13 - - [22/Nov/2024:04:19:17 -0800] "GET /121332013.htm HTTP/1.0" 404 60227 "-" "Mozilla/5.0 (compatible; SemrushBot/7~bl; +http://www.semrush.com/bot.html)"
185.191.171.12 - - [22/Nov/2024:04:19:29 -0800] "GET /135355228.htm HTTP/1.0" 404 60227 "-" "Mozilla/5.0 (compatible; SemrushBot/7~bl; +http://www.semrush.com/bot.html)"
185.191.171.9 - - [22/Nov/2024:04:20:03 -0800] "GET /236519848.htm HTTP/1.0" 404 60227 "-" "Mozilla/5.0 (compatible; SemrushBot/7~bl; +http://www.semrush.com/bot.html)"
51.222.253.1 - - [22/Nov/2024:04:20:39 -0800] "GET /sleeping-bags-for-adultscamping-sleeping-bags-for-kidsall-seasons-backpacking-camping-sleeping-bag-for-couples-outdoor-car-family-travelling-lightweight-waterproof/ HTTP/1.0" 200 68760 "-" "Mozilla/5.0 (compatible; AhrefsBot/7.0; +http://ahrefs.com/robot/)"
185.191.171.14 - - [22/Nov/2024:04:20:39 -0800] "GET /55111658.htm HTTP/1.0" 404 60227 "-" "Mozilla/5.0 (compatible; SemrushBot/7~bl; +http://www.semrush.com/bot.html)"
85.208.96.212 - - [22/Nov/2024:04:20:49 -0800] "GET /8268413.htm HTTP/1.0" 404 60227 "-" "Mozilla/5.0 (compatible; SemrushBot/7~bl; +http://www.semrush.com/bot.html)"
85.208.96.194 - - [22/Nov/2024:04:20:53 -0800] "GET /170623003.htm HTTP/1.0" 404 60227 "-" "Mozilla/5.0 (compatible; SemrushBot/7~bl; +http://www.semrush.com/bot.html)"
85.208.96.211 - - [22/Nov/2024:04:21:38 -0800] "GET /robots.txt HTTP/1.0" 200 71 "-" "Mozilla/5.0 (compatible; SemrushBot/7~bl; +http://www.semrush.com/bot.html)"
85.208.96.206 - - [22/Nov/2024:04:21:40 -0800] "GET /183261653.htm HTTP/1.0" 404 60227 "-" "Mozilla/5.0 (compatible; SemrushBot/7~bl; +http://www.semrush.com/bot.html)"
85.208.96.203 - - [22/Nov/2024:04:21:51 -0800] "GET /171307593.htm HTTP/1.0" 404 60227 "-" "Mozilla/5.0 (compatible; SemrushBot/7~bl; +http://www.semrush.com/bot.html)"
185.191.171.11 - - [22/Nov/2024:04:22:23 -0800] "GET /199737713.htm HTTP/1.0" 404 60227 "-" "Mozilla/5.0 (compatible; SemrushBot/7~bl; +http://www.semrush.com/bot.html)"
85.208.96.204 - - [22/Nov/2024:04:22:32 -0800] "GET /232161813.htm HTTP/1.0" 404 60227 "-" "Mozilla/5.0 (compatible; SemrushBot/7~bl; +http://www.semrush.com/bot.html)"
185.191.171.15 - - [22/Nov/2024:04:22:56 -0800] "GET /194522453.htm HTTP/1.0" 404 60227 "-" "Mozilla/5.0 (compatible; SemrushBot/7~bl; +http://www.semrush.com/bot.html)"
185.191.171.2 - - [22/Nov/2024:04:23:11 -0800] "GET /33370018.htm HTTP/1.0" 404 60227 "-" "Mozilla/5.0 (compatible; SemrushBot/7~bl; +http://www.semrush.com/bot.html)"
85.208.96.207 - - [22/Nov/2024:04:23:20 -0800] "GET /140716603.htm HTTP/1.0" 404 60227 "-" "Mozilla/5.0 (compatible; SemrushBot/7~bl; +http://www.semrush.com/bot.html)"
185.191.171.5 - - [22/Nov/2024:04:23:45 -0800] "GET /208390373.htm HTTP/1.0" 404 60227 "-" "Mozilla/5.0 (compatible; SemrushBot/7~bl; +http://www.semrush.com/bot.html)"
185.191.171.13 - - [22/Nov/2024:04:24:42 -0800] "GET /135823323.htm HTTP/1.0" 404 60227 "-" "Mozilla/5.0 (compatible; SemrushBot/7~bl; +http://www.semrush.com/bot.html)"
85.208.96.212 - - [22/Nov/2024:04:24:52 -0800] "GET /191210343.htm HTTP/1.0" 404 60227 "-" "Mozilla/5.0 (compatible; SemrushBot/7~bl; +http://www.semrush.com/bot.html)"
85.208.96.195 - - [22/Nov/2024:04:24:59 -0800] "GET /242665433.htm HTTP/1.0" 404 60227 "-" "Mozilla/5.0 (compatible; SemrushBot/7~bl; +http://www.semrush.com/bot.html)"
185.191.171.14 - - [22/Nov/2024:04:25:16 -0800] "GET /239949938.htm HTTP/1.0" 404 60227 "-" "Mozilla/5.0 (compatible; SemrushBot/7~bl; +http://www.semrush.com/bot.html)"
51.222.253.19 - - [22/Nov/2024:04:25:28 -0800] "GET /vienna-travel-guide-discover-the-city-of-music-and-majesty-on-an-immersive-journey-through-the-imperial-grandeur-and-contemporary-culture-of-the-melodic-capital-of-europe/feed/ HTTP/1.0" 200 1229 "-" "Mozilla/5.0 (compatible; AhrefsBot/7.0; +http://ahrefs.com/robot/)"
85.208.96.210 - - [22/Nov/2024:04:25:45 -0800] "GET /133189343.htm HTTP/1.0" 404 60227 "-" "Mozilla/5.0 (compatible; SemrushBot/7~bl; +http://www.semrush.com/bot.html)"
85.208.96.194 - - [22/Nov/2024:04:26:26 -0800] "GET /191253098.htm HTTP/1.0" 404 60227 "-" "Mozilla/5.0 (compatible; SemrushBot/7~bl; +http://www.semrush.com/bot.html)"
185.191.171.4 - - [22/Nov/2024:04:26:35 -0800] "GET /245410678.htm HTTP/1.0" 404 60227 "-" "Mozilla/5.0 (compatible; SemrushBot/7~bl; +http://www.semrush.com/bot.html)"
85.208.96.209 - - [22/Nov/2024:04:27:01 -0800] "GET /141399238.htm HTTP/1.0" 404 60227 "-" "Mozilla/5.0 (compatible; SemrushBot/7~bl; +http://www.semrush.com/bot.html)"
185.191.171.9 - - [22/Nov/2024:04:27:13 -0800] "GET /canvas-expandable-duffle-bag-for-men-traveling-luggage-travel-bag-weekender-overnight-bagmens-gym-carry-on-duffel-bags%EF%BC%88gray%EF%BC%89/ HTTP/1.0" 200 69842 "-" "Mozilla/5.0 (compatible; SemrushBot/7~bl; +http://www.semrush.com/bot.html)"
185.191.171.9 - - [22/Nov/2024:04:27:14 -0800] "GET /canvas-expandable-duffle-bag-for-men-traveling-luggage-travel-bag-weekender-overnight-bagmens-gym-carry-on-duffel-bags%EF%BC%88gray%EF%BC%89/ HTTP/1.0" 200 69842 "-" "Mozilla/5.0 (compatible; SemrushBot/7~bl; +http://www.semrush.com/bot.html)"
85.208.96.206 - - [22/Nov/2024:04:27:18 -0800] "GET /17253848.htm HTTP/1.0" 404 60227 "-" "Mozilla/5.0 (compatible; SemrushBot/7~bl; +http://www.semrush.com/bot.html)"
51.222.253.16 - - [22/Nov/2024:04:28:38 -0800] "GET /category/store/page/51/ HTTP/1.0" 200 70459 "-" "Mozilla/5.0 (compatible; AhrefsBot/7.0; +http://ahrefs.com/robot/)"
85.208.96.212 - - [22/Nov/2024:04:28:40 -0800] "GET /128153688.htm HTTP/1.0" 404 60227 "-" "Mozilla/5.0 (compatible; SemrushBot/7~bl; +http://www.semrush.com/bot.html)"
185.191.171.4 - - [22/Nov/2024:04:28:42 -0800] "GET /85651138.htm HTTP/1.0" 404 60227 "-" "Mozilla/5.0 (compatible; SemrushBot/7~bl; +http://www.semrush.com/bot.html)"
85.208.96.200 - - [22/Nov/2024:04:28:50 -0800] "GET /31044078.htm HTTP/1.0" 404 60227 "-" "Mozilla/5.0 (compatible; SemrushBot/7~bl; +http://www.semrush.com/bot.html)"
85.208.96.200 - - [22/Nov/2024:04:29:09 -0800] "GET /133128823.htm HTTP/1.0" 404 60227 "-" "Mozilla/5.0 (compatible; SemrushBot/7~bl; +http://www.semrush.com/bot.html)"
185.191.171.15 - - [22/Nov/2024:04:29:44 -0800] "GET /173682748.htm HTTP/1.0" 404 60227 "-" "Mozilla/5.0 (compatible; SemrushBot/7~bl; +http://www.semrush.com/bot.html)"
85.208.96.200 - - [22/Nov/2024:04:29:53 -0800] "GET /190654868.htm HTTP/1.0" 404 60227 "-" "Mozilla/5.0 (compatible; SemrushBot/7~bl; +http://www.semrush.com/bot.html)"
85.208.96.195 - - [22/Nov/2024:04:30:07 -0800] "GET /narwey-travel-toiletry-bag-for-women-traveling-dopp-kit-makeup-bag-organizer-for-toiletries-accessories-cosmetics-beige-flamingo/ HTTP/1.0" 200 69870 "-" "Mozilla/5.0 (compatible; SemrushBot/7~bl; +http://www.semrush.com/bot.html)"
85.208.96.209 - - [22/Nov/2024:04:30:09 -0800] "GET /113450388.htm HTTP/1.0" 404 60227 "-" "Mozilla/5.0 (compatible; SemrushBot/7~bl; +http://www.semrush.com/bot.html)"
185.191.171.11 - - [22/Nov/2024:04:30:22 -0800] "GET /118340183.htm HTTP/1.0" 404 60227 "-" "Mozilla/5.0 (compatible; SemrushBot/7~bl; +http://www.semrush.com/bot.html)"
85.208.96.206 - - [22/Nov/2024:04:30:46 -0800] "GET /37616958.htm HTTP/1.0" 404 60227 "-" "Mozilla/5.0 (compatible; SemrushBot/7~bl; +http://www.semrush.com/bot.html)"
185.191.171.6 - - [22/Nov/2024:04:31:03 -0800] "GET /170079428.htm HTTP/1.0" 404 60227 "-" "Mozilla/5.0 (compatible; SemrushBot/7~bl; +http://www.semrush.com/bot.html)"
85.208.96.196 - - [22/Nov/2024:04:31:05 -0800] "GET /15945443.htm HTTP/1.0" 404 60227 "-" "Mozilla/5.0 (compatible; SemrushBot/7~bl; +http://www.semrush.com/bot.html)"
185.191.171.1 - - [22/Nov/2024:04:31:53 -0800] "GET /134847948.htm HTTP/1.0" 404 60227 "-" "Mozilla/5.0 (compatible; SemrushBot/7~bl; +http://www.semrush.com/bot.html)"
15.235.186.187 - - [22/Nov/2024:04:32:11 -0800] "POST /wp-login.php HTTP/1.0" 200 7315 "-" "Mozilla/5.0 (Windows NT 10.0; WOW64) AppleWebKit/537.36 (KHTML, like Gecko) Chrome/56.0.2924.87 Safari/537.36"
52.167.144.171 - - [22/Nov/2024:04:32:39 -0800] "GET /sitemap-5.xml HTTP/1.0" 200 308088 "-" "Mozilla/5.0 AppleWebKit/537.36 (KHTML, like Gecko; compatible; bingbot/2.0; +http://www.bing.com/bingbot.htm) Chrome/116.0.1938.76 Safari/537.36"
185.191.171.1 - - [22/Nov/2024:04:33:00 -0800] "GET /227810408.htm HTTP/1.0" 404 60227 "-" "Mozilla/5.0 (compatible; SemrushBot/7~bl; +http://www.semrush.com/bot.html)"
85.208.96.195 - - [22/Nov/2024:04:33:18 -0800] "GET /134686278.htm HTTP/1.0" 404 60227 "-" "Mozilla/5.0 (compatible; SemrushBot/7~bl; +http://www.semrush.com/bot.html)"
185.191.171.7 - - [22/Nov/2024:04:33:43 -0800] "GET /194519478.htm HTTP/1.0" 404 60227 "-" "Mozilla/5.0 (compatible; SemrushBot/7~bl; +http://www.semrush.com/bot.html)"
185.191.171.14 - - [22/Nov/2024:04:33:47 -0800] "GET /165666993.htm HTTP/1.0" 404 60227 "-" "Mozilla/5.0 (compatible; SemrushBot/7~bl; +http://www.semrush.com/bot.html)"
185.191.171.9 - - [22/Nov/2024:04:33:55 -0800] "GET /184629728.htm HTTP/1.0" 404 60227 "-" "Mozilla/5.0 (compatible; SemrushBot/7~bl; +http://www.semrush.com/bot.html)"
51.222.253.8 - - [22/Nov/2024:04:34:06 -0800] "GET /category/store/page/54/ HTTP/1.0" 200 70160 "-" "Mozilla/5.0 (compatible; AhrefsBot/7.0; +http://ahrefs.com/robot/)"
185.191.171.7 - - [22/Nov/2024:04:34:08 -0800] "GET /46235448.htm HTTP/1.0" 404 60227 "-" "Mozilla/5.0 (compatible; SemrushBot/7~bl; +http://www.semrush.com/bot.html)"
185.191.171.7 - - [22/Nov/2024:04:34:32 -0800] "GET /33018033.htm HTTP/1.0" 404 60227 "-" "Mozilla/5.0 (compatible; SemrushBot/7~bl; +http://www.semrush.com/bot.html)"
185.191.171.4 - - [22/Nov/2024:04:34:36 -0800] "GET /120676238.htm HTTP/1.0" 404 60227 "-" "Mozilla/5.0 (compatible; SemrushBot/7~bl; +http://www.semrush.com/bot.html)"
85.208.96.209 - - [22/Nov/2024:04:35:11 -0800] "GET /252297888.htm HTTP/1.0" 404 60227 "-" "Mozilla/5.0 (compatible; SemrushBot/7~bl; +http://www.semrush.com/bot.html)"
85.208.96.210 - - [22/Nov/2024:04:35:32 -0800] "GET /111517318.htm HTTP/1.0" 404 60227 "-" "Mozilla/5.0 (compatible; SemrushBot/7~bl; +http://www.semrush.com/bot.html)"
85.208.96.199 - - [22/Nov/2024:04:35:43 -0800] "GET /17655643.htm HTTP/1.0" 404 60227 "-" "Mozilla/5.0 (compatible; SemrushBot/7~bl; +http://www.semrush.com/bot.html)"
85.208.96.196 - - [22/Nov/2024:04:36:10 -0800] "GET /166228843.htm HTTP/1.0" 404 60227 "-" "Mozilla/5.0 (compatible; SemrushBot/7~bl; +http://www.semrush.com/bot.html)"
85.208.96.194 - - [22/Nov/2024:04:36:43 -0800] "GET /72133928.htm HTTP/1.0" 404 60227 "-" "Mozilla/5.0 (compatible; SemrushBot/7~bl; +http://www.semrush.com/bot.html)"
85.208.96.205 - - [22/Nov/2024:04:37:44 -0800] "GET /218748218.htm HTTP/1.0" 404 60227 "-" "Mozilla/5.0 (compatible; SemrushBot/7~bl; +http://www.semrush.com/bot.html)"
185.191.171.14 - - [22/Nov/2024:04:38:03 -0800] "GET /48171833.htm HTTP/1.0" 404 60227 "-" "Mozilla/5.0 (compatible; SemrushBot/7~bl; +http://www.semrush.com/bot.html)"
85.208.96.206 - - [22/Nov/2024:04:38:17 -0800] "GET /156128208.htm HTTP/1.0" 404 60227 "-" "Mozilla/5.0 (compatible; SemrushBot/7~bl; +http://www.semrush.com/bot.html)"
185.191.171.7 - - [22/Nov/2024:04:38:23 -0800] "GET /80692238.htm HTTP/1.0" 404 60227 "-" "Mozilla/5.0 (compatible; SemrushBot/7~bl; +http://www.semrush.com/bot.html)"
185.191.171.2 - - [22/Nov/2024:04:38:36 -0800] "GET /163878933.htm HTTP/1.0" 404 60227 "-" "Mozilla/5.0 (compatible; SemrushBot/7~bl; +http://www.semrush.com/bot.html)"
85.208.96.211 - - [22/Nov/2024:04:38:51 -0800] "GET /42261358.htm HTTP/1.0" 404 60227 "-" "Mozilla/5.0 (compatible; SemrushBot/7~bl; +http://www.semrush.com/bot.html)"
209.182.200.39 - - [22/Nov/2024:04:39:10 -0800] "POST /wp-cron.php?doing_wp_cron=1732279150.4654879570007324218750 HTTP/1.0" 200 - "-" "WordPress/6.7.1; https://travellertube.com"
185.191.171.3 - - [22/Nov/2024:04:39:10 -0800] "GET /63188273.htm HTTP/1.0" 404 60227 "-" "Mozilla/5.0 (compatible; SemrushBot/7~bl; +http://www.semrush.com/bot.html)"
185.191.171.10 - - [22/Nov/2024:04:39:29 -0800] "GET /212527918.htm HTTP/1.0" 404 60227 "-" "Mozilla/5.0 (compatible; SemrushBot/7~bl; +http://www.semrush.com/bot.html)"
85.208.96.207 - - [22/Nov/2024:04:39:43 -0800] "GET /240982433.htm HTTP/1.0" 404 60227 "-" "Mozilla/5.0 (compatible; SemrushBot/7~bl; +http://www.semrush.com/bot.html)"
185.191.171.12 - - [22/Nov/2024:04:39:49 -0800] "GET /128499213.htm HTTP/1.0" 404 60227 "-" "Mozilla/5.0 (compatible; SemrushBot/7~bl; +http://www.semrush.com/bot.html)"
85.208.96.200 - - [22/Nov/2024:04:41:42 -0800] "GET /249207713.htm HTTP/1.0" 404 60227 "-" "Mozilla/5.0 (compatible; SemrushBot/7~bl; +http://www.semrush.com/bot.html)"
185.191.171.16 - - [22/Nov/2024:04:41:45 -0800] "GET /70434693.htm HTTP/1.0" 404 60227 "-" "Mozilla/5.0 (compatible; SemrushBot/7~bl; +http://www.semrush.com/bot.html)"
51.222.253.6 - - [22/Nov/2024:04:42:16 -0800] "GET /a-bridge-not-too-far-where-creativity-meets-innovation/ HTTP/1.0" 200 72303 "-" "Mozilla/5.0 (compatible; AhrefsBot/7.0; +http://ahrefs.com/robot/)"
185.191.171.15 - - [22/Nov/2024:04:42:43 -0800] "GET /23763743.htm HTTP/1.0" 404 60227 "-" "Mozilla/5.0 (compatible; SemrushBot/7~bl; +http://www.semrush.com/bot.html)"
85.208.96.208 - - [22/Nov/2024:04:42:52 -0800] "GET /206205448.htm HTTP/1.0" 404 60227 "-" "Mozilla/5.0 (compatible; SemrushBot/7~bl; +http://www.semrush.com/bot.html)"
85.208.96.196 - - [22/Nov/2024:04:42:56 -0800] "GET /132271003.htm HTTP/1.0" 404 60227 "-" "Mozilla/5.0 (compatible; SemrushBot/7~bl; +http://www.semrush.com/bot.html)"
85.208.96.206 - - [22/Nov/2024:04:43:05 -0800] "GET /86971613.htm HTTP/1.0" 404 60227 "-" "Mozilla/5.0 (compatible; SemrushBot/7~bl; +http://www.semrush.com/bot.html)"
185.191.171.7 - - [22/Nov/2024:04:43:07 -0800] "GET /231229618.htm HTTP/1.0" 404 60227 "-" "Mozilla/5.0 (compatible; SemrushBot/7~bl; +http://www.semrush.com/bot.html)"
185.191.171.15 - - [22/Nov/2024:04:43:38 -0800] "GET /23183023.htm HTTP/1.0" 404 60227 "-" "Mozilla/5.0 (compatible; SemrushBot/7~bl; +http://www.semrush.com/bot.html)"
185.191.171.13 - - [22/Nov/2024:04:44:09 -0800] "GET /177164093.htm HTTP/1.0" 404 60227 "-" "Mozilla/5.0 (compatible; SemrushBot/7~bl; +http://www.semrush.com/bot.html)"
85.208.96.211 - - [22/Nov/2024:04:44:43 -0800] "GET /114143308.htm HTTP/1.0" 404 60227 "-" "Mozilla/5.0 (compatible; SemrushBot/7~bl; +http://www.semrush.com/bot.html)"
185.191.171.13 - - [22/Nov/2024:04:45:03 -0800] "GET /12004248.htm HTTP/1.0" 404 60227 "-" "Mozilla/5.0 (compatible; SemrushBot/7~bl; +http://www.semrush.com/bot.html)"
85.208.96.209 - - [22/Nov/2024:04:45:23 -0800] "GET /23167213.htm HTTP/1.0" 404 60227 "-" "Mozilla/5.0 (compatible; SemrushBot/7~bl; +http://www.semrush.com/bot.html)"
185.191.171.12 - - [22/Nov/2024:04:45:31 -0800] "GET /213157003.htm HTTP/1.0" 404 60227 "-" "Mozilla/5.0 (compatible; SemrushBot/7~bl; +http://www.semrush.com/bot.html)"
85.208.96.205 - - [22/Nov/2024:04:46:19 -0800] "GET /43961358.htm HTTP/1.0" 404 60227 "-" "Mozilla/5.0 (compatible; SemrushBot/7~bl; +http://www.semrush.com/bot.html)"
85.208.96.203 - - [22/Nov/2024:04:46:35 -0800] "GET /49591248.htm HTTP/1.0" 404 60227 "-" "Mozilla/5.0 (compatible; SemrushBot/7~bl; +http://www.semrush.com/bot.html)"
85.208.96.209 - - [22/Nov/2024:04:47:05 -0800] "GET /165396098.htm HTTP/1.0" 404 60227 "-" "Mozilla/5.0 (compatible; SemrushBot/7~bl; +http://www.semrush.com/bot.html)"
85.208.96.196 - - [22/Nov/2024:04:47:08 -0800] "GET /119171738.htm HTTP/1.0" 404 60227 "-" "Mozilla/5.0 (compatible; SemrushBot/7~bl; +http://www.semrush.com/bot.html)"
185.191.171.8 - - [22/Nov/2024:04:47:26 -0800] "GET /117272158.htm HTTP/1.0" 404 60227 "-" "Mozilla/5.0 (compatible; SemrushBot/7~bl; +http://www.semrush.com/bot.html)"
51.222.253.19 - - [22/Nov/2024:04:47:45 -0800] "GET /duowei-long-sleeve-raglan-shirt-men-mens-summer-vacation-tourism-beach-fashion-trend-leisure-3d-digital-mens-shirts-tall/ HTTP/1.0" 200 67496 "-" "Mozilla/5.0 (compatible; AhrefsBot/7.0; +http://ahrefs.com/robot/)"
209.182.200.39 - - [22/Nov/2024:04:48:21 -0800] "POST /wp-cron.php?doing_wp_cron=1732279701.4681971073150634765625 HTTP/1.0" 200 - "-" "WordPress/6.7.1; https://travellertube.com"
85.208.96.202 - - [22/Nov/2024:04:48:21 -0800] "GET /246063733.htm HTTP/1.0" 404 60227 "-" "Mozilla/5.0 (compatible; SemrushBot/7~bl; +http://www.semrush.com/bot.html)"
185.191.171.2 - - [22/Nov/2024:04:48:26 -0800] "GET /199644043.htm HTTP/1.0" 404 60227 "-" "Mozilla/5.0 (compatible; SemrushBot/7~bl; +http://www.semrush.com/bot.html)"
185.191.171.8 - - [22/Nov/2024:04:49:20 -0800] "GET /152890388.htm HTTP/1.0" 404 60227 "-" "Mozilla/5.0 (compatible; SemrushBot/7~bl; +http://www.semrush.com/bot.html)"
85.208.96.196 - - [22/Nov/2024:04:49:24 -0800] "GET /145554038.htm HTTP/1.0" 404 60227 "-" "Mozilla/5.0 (compatible; SemrushBot/7~bl; +http://www.semrush.com/bot.html)"
185.191.171.1 - - [22/Nov/2024:04:50:24 -0800] "GET /149509513.htm HTTP/1.0" 404 60227 "-" "Mozilla/5.0 (compatible; SemrushBot/7~bl; +http://www.semrush.com/bot.html)"
64.23.133.243 - - [22/Nov/2024:04:50:29 -0800] "GET /1716333896-6/ HTTP/1.0" 200 60895 "-" "Mozilla/5.0 (Macintosh; Intel Mac OS X 10_15_7) AppleWebKit/537.36 (KHTML, like Gecko) Chrome/124.0.0.0 Safari/537.36"
185.191.171.10 - - [22/Nov/2024:04:50:33 -0800] "GET /261796638.htm HTTP/1.0" 404 60227 "-" "Mozilla/5.0 (compatible; SemrushBot/7~bl; +http://www.semrush.com/bot.html)"
185.191.171.15 - - [22/Nov/2024:04:51:10 -0800] "GET /101411328.htm HTTP/1.0" 404 60227 "-" "Mozilla/5.0 (compatible; SemrushBot/7~bl; +http://www.semrush.com/bot.html)"
185.191.171.16 - - [22/Nov/2024:04:51:13 -0800] "GET /24782723.htm HTTP/1.0" 404 60227 "-" "Mozilla/5.0 (compatible; SemrushBot/7~bl; +http://www.semrush.com/bot.html)"
185.191.171.16 - - [22/Nov/2024:04:51:34 -0800] "GET /185272413.htm HTTP/1.0" 404 60227 "-" "Mozilla/5.0 (compatible; SemrushBot/7~bl; +http://www.semrush.com/bot.html)"
85.208.96.209 - - [22/Nov/2024:04:51:56 -0800] "GET /111346978.htm HTTP/1.0" 404 60227 "-" "Mozilla/5.0 (compatible; SemrushBot/7~bl; +http://www.semrush.com/bot.html)"
185.191.171.9 - - [22/Nov/2024:04:52:51 -0800] "GET /29322913.htm HTTP/1.0" 404 60227 "-" "Mozilla/5.0 (compatible; SemrushBot/7~bl; +http://www.semrush.com/bot.html)"
85.208.96.212 - - [22/Nov/2024:04:53:36 -0800] "GET /182537198.htm HTTP/1.0" 404 60227 "-" "Mozilla/5.0 (compatible; SemrushBot/7~bl; +http://www.semrush.com/bot.html)"
101.46.64.79 - - [22/Nov/2024:04:53:41 -0800] "GET /wp-content/plugins/really-simple-ssl/index.php HTTP/1.0" 200 - "-" "python-requests/2.25.1"
85.208.96.197 - - [22/Nov/2024:04:53:43 -0800] "GET /193035293.htm HTTP/1.0" 404 60227 "-" "Mozilla/5.0 (compatible; SemrushBot/7~bl; +http://www.semrush.com/bot.html)"
51.222.253.12 - - [22/Nov/2024:04:53:49 -0800] "GET /dark-tourism-california-a-paranormal-travelogue-dark-tourism-1/ HTTP/1.0" 200 67254 "-" "Mozilla/5.0 (compatible; AhrefsBot/7.0; +http://ahrefs.com/robot/)"
85.208.96.207 - - [22/Nov/2024:04:53:52 -0800] "GET /248710038.htm HTTP/1.0" 404 60227 "-" "Mozilla/5.0 (compatible; SemrushBot/7~bl; +http://www.semrush.com/bot.html)"
185.191.171.6 - - [22/Nov/2024:04:54:20 -0800] "GET /162023468.htm HTTP/1.0" 404 60227 "-" "Mozilla/5.0 (compatible; SemrushBot/7~bl; +http://www.semrush.com/bot.html)"
185.191.171.19 - - [22/Nov/2024:04:54:48 -0800] "GET /259744483.htm HTTP/1.0" 404 60227 "-" "Mozilla/5.0 (compatible; SemrushBot/7~bl; +http://www.semrush.com/bot.html)"
185.191.171.2 - - [22/Nov/2024:04:54:57 -0800] "GET /86008648.htm HTTP/1.0" 404 60227 "-" "Mozilla/5.0 (compatible; SemrushBot/7~bl; +http://www.semrush.com/bot.html)"
185.191.171.10 - - [22/Nov/2024:04:55:17 -0800] "GET /172605118.htm HTTP/1.0" 404 60227 "-" "Mozilla/5.0 (compatible; SemrushBot/7~bl; +http://www.semrush.com/bot.html)"
85.208.96.202 - - [22/Nov/2024:04:55:20 -0800] "GET /45700883.htm HTTP/1.0" 404 60227 "-" "Mozilla/5.0 (compatible; SemrushBot/7~bl; +http://www.semrush.com/bot.html)"
85.208.96.210 - - [22/Nov/2024:04:55:47 -0800] "GET /209003733.htm HTTP/1.0" 404 60227 "-" "Mozilla/5.0 (compatible; SemrushBot/7~bl; +http://www.semrush.com/bot.html)"
85.208.96.205 - - [22/Nov/2024:04:56:04 -0800] "GET /52058458.htm HTTP/1.0" 404 60227 "-" "Mozilla/5.0 (compatible; SemrushBot/7~bl; +http://www.semrush.com/bot.html)"
51.222.253.8 - - [22/Nov/2024:04:56:25 -0800] "GET /a-matter-of-latitude-canary-islands-mysteries-book-1/ HTTP/1.0" 200 68954 "-" "Mozilla/5.0 (compatible; AhrefsBot/7.0; +http://ahrefs.com/robot/)"
185.191.171.3 - - [22/Nov/2024:04:57:42 -0800] "GET /253901328.htm HTTP/1.0" 404 60227 "-" "Mozilla/5.0 (compatible; SemrushBot/7~bl; +http://www.semrush.com/bot.html)"
185.191.171.12 - - [22/Nov/2024:04:58:06 -0800] "GET /181710063.htm HTTP/1.0" 404 60227 "-" "Mozilla/5.0 (compatible; SemrushBot/7~bl; +http://www.semrush.com/bot.html)"
185.191.171.7 - - [22/Nov/2024:04:58:10 -0800] "GET /104321643.htm HTTP/1.0" 404 60227 "-" "Mozilla/5.0 (compatible; SemrushBot/7~bl; +http://www.semrush.com/bot.html)"
85.208.96.197 - - [22/Nov/2024:04:58:32 -0800] "GET /76548998.htm HTTP/1.0" 404 60227 "-" "Mozilla/5.0 (compatible; SemrushBot/7~bl; +http://www.semrush.com/bot.html)"
51.222.253.20 - - [22/Nov/2024:04:59:08 -0800] "GET /hazbin-hotel-plush-helluva-boss-plush-fat-nuggets-pig-plush-cute-plushies-for-fans-boys-girls-and-friends-gift/feed/ HTTP/1.0" 200 1048 "-" "Mozilla/5.0 (compatible; AhrefsBot/7.0; +http://ahrefs.com/robot/)"
85.208.96.195 - - [22/Nov/2024:04:59:16 -0800] "GET /246554183.htm HTTP/1.0" 404 60227 "-" "Mozilla/5.0 (compatible; SemrushBot/7~bl; +http://www.semrush.com/bot.html)"
185.191.171.14 - - [22/Nov/2024:04:59:18 -0800] "GET /47775308.htm HTTP/1.0" 404 60227 "-" "Mozilla/5.0 (compatible; SemrushBot/7~bl; +http://www.semrush.com/bot.html)"
185.191.171.2 - - [22/Nov/2024:04:59:37 -0800] "GET /164195218.htm HTTP/1.0" 404 60227 "-" "Mozilla/5.0 (compatible; SemrushBot/7~bl; +http://www.semrush.com/bot.html)"
85.208.96.201 - - [22/Nov/2024:04:59:39 -0800] "GET /254396113.htm HTTP/1.0" 404 60227 "-" "Mozilla/5.0 (compatible; SemrushBot/7~bl; +http://www.semrush.com/bot.html)"
185.191.171.10 - - [22/Nov/2024:05:00:13 -0800] "GET /158066463.htm HTTP/1.0" 404 60227 "-" "Mozilla/5.0 (compatible; SemrushBot/7~bl; +http://www.semrush.com/bot.html)"
185.191.171.7 - - [22/Nov/2024:05:00:18 -0800] "GET /robots.txt HTTP/1.0" 200 71 "-" "Mozilla/5.0 (compatible; SemrushBot/7~bl; +http://www.semrush.com/bot.html)"
85.208.96.212 - - [22/Nov/2024:05:00:19 -0800] "GET /138907718.htm HTTP/1.0" 404 60227 "-" "Mozilla/5.0 (compatible; SemrushBot/7~bl; +http://www.semrush.com/bot.html)"
85.208.96.199 - - [22/Nov/2024:05:00:27 -0800] "GET /184753828.htm HTTP/1.0" 404 60227 "-" "Mozilla/5.0 (compatible; SemrushBot/7~bl; +http://www.semrush.com/bot.html)"
51.222.253.7 - - [22/Nov/2024:05:01:49 -0800] "GET /discount-promos-custom-classic-polyester-drawstring-bags-set-of-50-personalized-bulk-pack-bring-everywhere-you-go-great-for-travelling-gym-and-for-everyday-use-black/ HTTP/1.0" 200 71161 "-" "Mozilla/5.0 (compatible; AhrefsBot/7.0; +http://ahrefs.com/robot/)"
185.191.171.16 - - [22/Nov/2024:05:01:53 -0800] "GET /96308778.htm HTTP/1.0" 404 60227 "-" "Mozilla/5.0 (compatible; SemrushBot/7~bl; +http://www.semrush.com/bot.html)"
85.208.96.207 - - [22/Nov/2024:05:02:01 -0800] "GET /173551848.htm HTTP/1.0" 404 60227 "-" "Mozilla/5.0 (compatible; SemrushBot/7~bl; +http://www.semrush.com/bot.html)"
185.191.171.10 - - [22/Nov/2024:05:02:03 -0800] "GET /41626408.htm HTTP/1.0" 404 60227 "-" "Mozilla/5.0 (compatible; SemrushBot/7~bl; +http://www.semrush.com/bot.html)"
185.191.171.18 - - [22/Nov/2024:05:02:44 -0800] "GET /75788163.htm HTTP/1.0" 404 60227 "-" "Mozilla/5.0 (compatible; SemrushBot/7~bl; +http://www.semrush.com/bot.html)"
185.191.171.13 - - [22/Nov/2024:05:02:50 -0800] "GET /61745653.htm HTTP/1.0" 404 60227 "-" "Mozilla/5.0 (compatible; SemrushBot/7~bl; +http://www.semrush.com/bot.html)"
185.191.171.4 - - [22/Nov/2024:05:02:59 -0800] "GET /39879998.htm HTTP/1.0" 404 60227 "-" "Mozilla/5.0 (compatible; SemrushBot/7~bl; +http://www.semrush.com/bot.html)"
85.208.96.210 - - [22/Nov/2024:05:03:45 -0800] "GET /172135578.htm HTTP/1.0" 404 60227 "-" "Mozilla/5.0 (compatible; SemrushBot/7~bl; +http://www.semrush.com/bot.html)"
85.208.96.210 - - [22/Nov/2024:05:04:04 -0800] "GET /185440543.htm HTTP/1.0" 404 60227 "-" "Mozilla/5.0 (compatible; SemrushBot/7~bl; +http://www.semrush.com/bot.html)"
185.191.171.10 - - [22/Nov/2024:05:04:08 -0800] "GET /36501673.htm HTTP/1.0" 404 60227 "-" "Mozilla/5.0 (compatible; SemrushBot/7~bl; +http://www.semrush.com/bot.html)"
185.191.171.5 - - [22/Nov/2024:05:04:12 -0800] "GET /215747463.htm HTTP/1.0" 404 60227 "-" "Mozilla/5.0 (compatible; SemrushBot/7~bl; +http://www.semrush.com/bot.html)"
85.208.96.199 - - [22/Nov/2024:05:04:24 -0800] "GET /174361728.htm HTTP/1.0" 404 60227 "-" "Mozilla/5.0 (compatible; SemrushBot/7~bl; +http://www.semrush.com/bot.html)"
51.222.253.6 - - [22/Nov/2024:05:04:34 -0800] "GET /wei-long-jewelry-rolltravel-jewelry-roll-bagsilk-embroidery-brocade-jewelry-organizer-case-with-tie-closebambooblack/ HTTP/1.0" 200 74023 "-" "Mozilla/5.0 (compatible; AhrefsBot/7.0; +http://ahrefs.com/robot/)"
185.191.171.4 - - [22/Nov/2024:05:04:49 -0800] "GET /157182633.htm HTTP/1.0" 404 60227 "-" "Mozilla/5.0 (compatible; SemrushBot/7~bl; +http://www.semrush.com/bot.html)"
185.191.171.5 - - [22/Nov/2024:05:06:00 -0800] "GET /198688218.htm HTTP/1.0" 404 60227 "-" "Mozilla/5.0 (compatible; SemrushBot/7~bl; +http://www.semrush.com/bot.html)"
185.191.171.12 - - [22/Nov/2024:05:06:12 -0800] "GET /75202258.htm HTTP/1.0" 404 60227 "-" "Mozilla/5.0 (compatible; SemrushBot/7~bl; +http://www.semrush.com/bot.html)"
185.191.171.1 - - [22/Nov/2024:05:06:32 -0800] "GET /67312303.htm HTTP/1.0" 404 60227 "-" "Mozilla/5.0 (compatible; SemrushBot/7~bl; +http://www.semrush.com/bot.html)"
85.208.96.200 - - [22/Nov/2024:05:07:46 -0800] "GET /147737178.htm HTTP/1.0" 404 60227 "-" "Mozilla/5.0 (compatible; SemrushBot/7~bl; +http://www.semrush.com/bot.html)"
185.191.171.12 - - [22/Nov/2024:05:07:48 -0800] "GET /122190343.htm HTTP/1.0" 404 60227 "-" "Mozilla/5.0 (compatible; SemrushBot/7~bl; +http://www.semrush.com/bot.html)"
185.191.171.12 - - [22/Nov/2024:05:08:18 -0800] "GET /13349968.htm HTTP/1.0" 404 60227 "-" "Mozilla/5.0 (compatible; SemrushBot/7~bl; +http://www.semrush.com/bot.html)"
185.191.171.11 - - [22/Nov/2024:05:08:55 -0800] "GET /145058913.htm HTTP/1.0" 404 60227 "-" "Mozilla/5.0 (compatible; SemrushBot/7~bl; +http://www.semrush.com/bot.html)"
85.208.96.206 - - [22/Nov/2024:05:09:02 -0800] "GET /200923463.htm HTTP/1.0" 404 60227 "-" "Mozilla/5.0 (compatible; SemrushBot/7~bl; +http://www.semrush.com/bot.html)"
45.148.10.172 - - [22/Nov/2024:05:09:06 -0800] "GET /.env HTTP/1.0" 404 60230 "-" "Mozilla/5.0 (Macintosh; Intel Mac OS X 10_14_3) AppleWebKit/537.36 (KHTML, like Gecko) Chrome/74.0.3729.157 Safari/537.36"
45.148.10.172 - - [22/Nov/2024:05:09:07 -0800] "GET /.env HTTP/1.0" 404 60281 "-" "Mozilla/5.0 (SymbianOS/9.2; U; Series60/3.1 NokiaE90-1/07.24.0.3; Profile/MIDP-2.0 Configuration/CLDC-1.1 ) AppleWebKit/413 (KHTML, like Gecko) Safari/413 UP.Link/6.2.3.18.0"
185.191.171.12 - - [22/Nov/2024:05:09:07 -0800] "GET /260869203.htm HTTP/1.0" 404 60227 "-" "Mozilla/5.0 (compatible; SemrushBot/7~bl; +http://www.semrush.com/bot.html)"
185.191.171.14 - - [22/Nov/2024:05:09:29 -0800] "GET /245027328.htm HTTP/1.0" 404 60227 "-" "Mozilla/5.0 (compatible; SemrushBot/7~bl; +http://www.semrush.com/bot.html)"
51.222.253.15 - - [22/Nov/2024:05:09:44 -0800] "GET /hibag-12-compression-bags-for-travel-travel-essentials-compression-bags-vacuum-packing-space-saver-zipper-bags-for-cruise-travel-accessories-12-travel/ HTTP/1.0" 200 69805 "-" "Mozilla/5.0 (compatible; AhrefsBot/7.0; +http://ahrefs.com/robot/)"
85.208.96.196 - - [22/Nov/2024:05:09:49 -0800] "GET /199193543.htm HTTP/1.0" 404 60227 "-" "Mozilla/5.0 (compatible; SemrushBot/7~bl; +http://www.semrush.com/bot.html)"
185.191.171.5 - - [22/Nov/2024:05:10:03 -0800] "GET /262158823.htm HTTP/1.0" 404 60227 "-" "Mozilla/5.0 (compatible; SemrushBot/7~bl; +http://www.semrush.com/bot.html)"
185.191.171.17 - - [22/Nov/2024:05:10:15 -0800] "GET /255247558.htm HTTP/1.0" 404 60227 "-" "Mozilla/5.0 (compatible; SemrushBot/7~bl; +http://www.semrush.com/bot.html)"
85.208.96.199 - - [22/Nov/2024:05:10:34 -0800] "GET /181130363.htm HTTP/1.0" 404 60227 "-" "Mozilla/5.0 (compatible; SemrushBot/7~bl; +http://www.semrush.com/bot.html)"
185.191.171.5 - - [22/Nov/2024:05:10:49 -0800] "GET /185314658.htm HTTP/1.0" 404 60227 "-" "Mozilla/5.0 (compatible; SemrushBot/7~bl; +http://www.semrush.com/bot.html)"
185.191.171.11 - - [22/Nov/2024:05:11:40 -0800] "GET /64050428.htm HTTP/1.0" 404 60227 "-" "Mozilla/5.0 (compatible; SemrushBot/7~bl; +http://www.semrush.com/bot.html)"
185.191.171.7 - - [22/Nov/2024:05:12:56 -0800] "GET /154509638.htm HTTP/1.0" 404 60227 "-" "Mozilla/5.0 (compatible; SemrushBot/7~bl; +http://www.semrush.com/bot.html)"
85.208.96.198 - - [22/Nov/2024:05:13:02 -0800] "GET /90294773.htm HTTP/1.0" 404 60227 "-" "Mozilla/5.0 (compatible; SemrushBot/7~bl; +http://www.semrush.com/bot.html)"
185.191.171.10 - - [22/Nov/2024:05:13:11 -0800] "GET /199390233.htm HTTP/1.0" 404 60227 "-" "Mozilla/5.0 (compatible; SemrushBot/7~bl; +http://www.semrush.com/bot.html)"
185.191.171.19 - - [22/Nov/2024:05:13:13 -0800] "GET /215804753.htm HTTP/1.0" 404 60227 "-" "Mozilla/5.0 (compatible; SemrushBot/7~bl; +http://www.semrush.com/bot.html)"
85.208.96.212 - - [22/Nov/2024:05:13:14 -0800] "GET /182988803.htm HTTP/1.0" 404 60227 "-" "Mozilla/5.0 (compatible; SemrushBot/7~bl; +http://www.semrush.com/bot.html)"
85.208.96.208 - - [22/Nov/2024:05:13:30 -0800] "GET /57144518.htm HTTP/1.0" 404 60227 "-" "Mozilla/5.0 (compatible; SemrushBot/7~bl; +http://www.semrush.com/bot.html)"
185.191.171.8 - - [22/Nov/2024:05:14:08 -0800] "GET /158379348.htm HTTP/1.0" 404 60227 "-" "Mozilla/5.0 (compatible; SemrushBot/7~bl; +http://www.semrush.com/bot.html)"
85.208.96.206 - - [22/Nov/2024:05:14:14 -0800] "GET /216089418.htm HTTP/1.0" 404 60227 "-" "Mozilla/5.0 (compatible; SemrushBot/7~bl; +http://www.semrush.com/bot.html)"
185.191.171.11 - - [22/Nov/2024:05:14:28 -0800] "GET /210845513.htm HTTP/1.0" 404 60227 "-" "Mozilla/5.0 (compatible; SemrushBot/7~bl; +http://www.semrush.com/bot.html)"
85.208.96.194 - - [22/Nov/2024:05:14:37 -0800] "GET /98562383.htm HTTP/1.0" 404 60227 "-" "Mozilla/5.0 (compatible; SemrushBot/7~bl; +http://www.semrush.com/bot.html)"
85.208.96.206 - - [22/Nov/2024:05:15:51 -0800] "GET /135815078.htm HTTP/1.0" 404 60227 "-" "Mozilla/5.0 (compatible; SemrushBot/7~bl; +http://www.semrush.com/bot.html)"
185.191.171.19 - - [22/Nov/2024:05:17:07 -0800] "GET /210769778.htm HTTP/1.0" 404 60227 "-" "Mozilla/5.0 (compatible; SemrushBot/7~bl; +http://www.semrush.com/bot.html)"
85.208.96.204 - - [22/Nov/2024:05:17:33 -0800] "GET /77695733.htm HTTP/1.0" 404 60227 "-" "Mozilla/5.0 (compatible; SemrushBot/7~bl; +http://www.semrush.com/bot.html)"
85.208.96.209 - - [22/Nov/2024:05:17:36 -0800] "GET /17914553.htm HTTP/1.0" 404 60227 "-" "Mozilla/5.0 (compatible; SemrushBot/7~bl; +http://www.semrush.com/bot.html)"
85.208.96.193 - - [22/Nov/2024:05:17:38 -0800] "GET /123837813.htm HTTP/1.0" 404 60227 "-" "Mozilla/5.0 (compatible; SemrushBot/7~bl; +http://www.semrush.com/bot.html)"
101.46.64.79 - - [22/Nov/2024:05:17:59 -0800] "GET /wp-content/plugins/really-simple-ssl/readme.txt HTTP/1.0" 200 23010 "-" "python-requests/2.25.1"
101.46.64.79 - - [22/Nov/2024:05:18:00 -0800] "POST /wp-json/reallysimplessl/v1/two_fa/skip_onboarding HTTP/1.0" 404 114 "-" "python-requests/2.25.1"
51.222.253.19 - - [22/Nov/2024:05:18:00 -0800] "GET /geestock-mini-sling-bag-men-women-waterproof-crossbody-bag-small-chest-bag-fanny-back-shoulder-bag-backpack/ HTTP/1.0" 200 67931 "-" "Mozilla/5.0 (compatible; AhrefsBot/7.0; +http://ahrefs.com/robot/)"
85.208.96.204 - - [22/Nov/2024:05:18:09 -0800] "GET /104514253.htm HTTP/1.0" 404 60227 "-" "Mozilla/5.0 (compatible; SemrushBot/7~bl; +http://www.semrush.com/bot.html)"
185.191.171.11 - - [22/Nov/2024:05:18:28 -0800] "GET /56437743.htm HTTP/1.0" 404 60227 "-" "Mozilla/5.0 (compatible; SemrushBot/7~bl; +http://www.semrush.com/bot.html)"
185.191.171.13 - - [22/Nov/2024:05:18:30 -0800] "GET /175789898.htm HTTP/1.0" 404 60227 "-" "Mozilla/5.0 (compatible; SemrushBot/7~bl; +http://www.semrush.com/bot.html)"
85.208.96.200 - - [22/Nov/2024:05:18:35 -0800] "GET /204410503.htm HTTP/1.0" 404 60227 "-" "Mozilla/5.0 (compatible; SemrushBot/7~bl; +http://www.semrush.com/bot.html)"
85.208.96.195 - - [22/Nov/2024:05:18:40 -0800] "GET /163557973.htm HTTP/1.0" 404 60227 "-" "Mozilla/5.0 (compatible; SemrushBot/7~bl; +http://www.semrush.com/bot.html)"
185.191.171.11 - - [22/Nov/2024:05:19:13 -0800] "GET /31803043.htm HTTP/1.0" 404 60227 "-" "Mozilla/5.0 (compatible; SemrushBot/7~bl; +http://www.semrush.com/bot.html)"
85.208.96.194 - - [22/Nov/2024:05:20:45 -0800] "GET /68234978.htm HTTP/1.0" 404 60227 "-" "Mozilla/5.0 (compatible; SemrushBot/7~bl; +http://www.semrush.com/bot.html)"
51.222.253.6 - - [22/Nov/2024:05:20:55 -0800] "GET /water-bottle-carrier-bag-accessories-for-stanley-40oz-tumbler-with-handletravelling-camping-outdoor-sports-water-bottle-holder-portable-water-cup-bags-strap-pouch-for-stanley-cup/feed/ HTTP/1.0" 200 1254 "-" "Mozilla/5.0 (compatible; AhrefsBot/7.0; +http://ahrefs.com/robot/)"
185.191.171.19 - - [22/Nov/2024:05:21:10 -0800] "GET /178946288.htm HTTP/1.0" 404 60227 "-" "Mozilla/5.0 (compatible; SemrushBot/7~bl; +http://www.semrush.com/bot.html)"
185.191.171.6 - - [22/Nov/2024:05:22:03 -0800] "GET /50185058.htm HTTP/1.0" 404 60227 "-" "Mozilla/5.0 (compatible; SemrushBot/7~bl; +http://www.semrush.com/bot.html)"
185.191.171.12 - - [22/Nov/2024:05:22:07 -0800] "GET /189464358.htm HTTP/1.0" 404 60227 "-" "Mozilla/5.0 (compatible; SemrushBot/7~bl; +http://www.semrush.com/bot.html)"
85.208.96.211 - - [22/Nov/2024:05:22:09 -0800] "GET /186064018.htm HTTP/1.0" 404 60227 "-" "Mozilla/5.0 (compatible; SemrushBot/7~bl; +http://www.semrush.com/bot.html)"
185.191.171.4 - - [22/Nov/2024:05:22:11 -0800] "GET /16830973.htm HTTP/1.0" 404 60227 "-" "Mozilla/5.0 (compatible; SemrushBot/7~bl; +http://www.semrush.com/bot.html)"
85.208.96.197 - - [22/Nov/2024:05:22:29 -0800] "GET /202288563.htm HTTP/1.0" 404 60227 "-" "Mozilla/5.0 (compatible; SemrushBot/7~bl; +http://www.semrush.com/bot.html)"
185.191.171.3 - - [22/Nov/2024:05:23:24 -0800] "GET /163804728.htm HTTP/1.0" 404 60227 "-" "Mozilla/5.0 (compatible; SemrushBot/7~bl; +http://www.semrush.com/bot.html)"
51.222.253.1 - - [22/Nov/2024:05:23:43 -0800] "GET /discount-promos-custom-non-woven-drawstring-backpacks-set-of-100-personalized-bulk-pack-bring-everywhere-you-go-great-for-travelling-gym-and-for-everyday-use-blue/feed/ HTTP/1.0" 200 1223 "-" "Mozilla/5.0 (compatible; AhrefsBot/7.0; +http://ahrefs.com/robot/)"
185.191.171.15 - - [22/Nov/2024:05:24:11 -0800] "GET /34291758.htm HTTP/1.0" 404 60227 "-" "Mozilla/5.0 (compatible; SemrushBot/7~bl; +http://www.semrush.com/bot.html)"
85.208.96.211 - - [22/Nov/2024:05:24:17 -0800] "GET /156541053.htm HTTP/1.0" 404 60227 "-" "Mozilla/5.0 (compatible; SemrushBot/7~bl; +http://www.semrush.com/bot.html)"
85.208.96.207 - - [22/Nov/2024:05:24:31 -0800] "GET /242410518.htm HTTP/1.0" 404 60227 "-" "Mozilla/5.0 (compatible; SemrushBot/7~bl; +http://www.semrush.com/bot.html)"
85.208.96.196 - - [22/Nov/2024:05:24:36 -0800] "GET /94497513.htm HTTP/1.0" 404 60227 "-" "Mozilla/5.0 (compatible; SemrushBot/7~bl; +http://www.semrush.com/bot.html)"
85.208.96.198 - - [22/Nov/2024:05:25:32 -0800] "GET /206207403.htm HTTP/1.0" 404 60227 "-" "Mozilla/5.0 (compatible; SemrushBot/7~bl; +http://www.semrush.com/bot.html)"
85.208.96.209 - - [22/Nov/2024:05:25:54 -0800] "GET /101035288.htm HTTP/1.0" 404 60227 "-" "Mozilla/5.0 (compatible; SemrushBot/7~bl; +http://www.semrush.com/bot.html)"
51.222.253.15 - - [22/Nov/2024:05:26:08 -0800] "GET /beegreen-compression-packing-cubes-for-travel-7-set-mesh-travel-essentials-bags-for-women-men-travel-accessories-for-suitcase-backpack-expandable-packing-luggage-organizers-with-shoe-bag-3/feed/ HTTP/1.0" 200 1283 "-" "Mozilla/5.0 (compatible; AhrefsBot/7.0; +http://ahrefs.com/robot/)"
185.191.171.13 - - [22/Nov/2024:05:26:21 -0800] "GET /13933833.htm HTTP/1.0" 404 60227 "-" "Mozilla/5.0 (compatible; SemrushBot/7~bl; +http://www.semrush.com/bot.html)"
185.191.171.11 - - [22/Nov/2024:05:26:25 -0800] "GET /101131253.htm HTTP/1.0" 404 60227 "-" "Mozilla/5.0 (compatible; SemrushBot/7~bl; +http://www.semrush.com/bot.html)"
85.208.96.211 - - [22/Nov/2024:05:26:53 -0800] "GET /171194203.htm HTTP/1.0" 404 60227 "-" "Mozilla/5.0 (compatible; SemrushBot/7~bl; +http://www.semrush.com/bot.html)"
85.208.96.197 - - [22/Nov/2024:05:27:42 -0800] "GET /14620208.htm HTTP/1.0" 404 60227 "-" "Mozilla/5.0 (compatible; SemrushBot/7~bl; +http://www.semrush.com/bot.html)"
185.191.171.12 - - [22/Nov/2024:05:28:46 -0800] "GET /89074258.htm HTTP/1.0" 404 60227 "-" "Mozilla/5.0 (compatible; SemrushBot/7~bl; +http://www.semrush.com/bot.html)"
185.191.171.18 - - [22/Nov/2024:05:28:49 -0800] "GET /54105853.htm HTTP/1.0" 404 60227 "-" "Mozilla/5.0 (compatible; SemrushBot/7~bl; +http://www.semrush.com/bot.html)"
51.222.253.6 - - [22/Nov/2024:05:28:51 -0800] "GET /luxury-night-fragrance-oil-mitflor-single-scented-oil-large-size-premium-grade-fragrance-oil-for-soap-candle-making-hotel-scent-essential-oil-rich-warm-scent-for-home-fragrance-30ml/feed/ HTTP/1.0" 200 1280 "-" "Mozilla/5.0 (compatible; AhrefsBot/7.0; +http://ahrefs.com/robot/)"
185.191.171.11 - - [22/Nov/2024:05:28:51 -0800] "GET /67444478.htm HTTP/1.0" 404 60227 "-" "Mozilla/5.0 (compatible; SemrushBot/7~bl; +http://www.semrush.com/bot.html)"
85.208.96.207 - - [22/Nov/2024:05:28:58 -0800] "GET /19960928.htm HTTP/1.0" 404 60227 "-" "Mozilla/5.0 (compatible; SemrushBot/7~bl; +http://www.semrush.com/bot.html)"
85.208.96.212 - - [22/Nov/2024:05:29:00 -0800] "GET /118550303.htm HTTP/1.0" 404 60227 "-" "Mozilla/5.0 (compatible; SemrushBot/7~bl; +http://www.semrush.com/bot.html)"
192.95.30.21 - - [22/Nov/2024:05:30:31 -0800] "GET /robots.txt HTTP/1.0" 200 71 "-" "Mozilla/5.0 (compatible; MJ12bot/v1.4.8; http://mj12bot.com/)"
51.222.253.18 - - [22/Nov/2024:05:30:34 -0800] "GET /bergman-kelly-spa-slippers-closed-toe-disposable-indoor-hotel-slippers-for-men-and-women-fluffy-coral-fleece-deluxe-padded-sole-for-extra-comfort/feed/ HTTP/1.0" 200 1155 "-" "Mozilla/5.0 (compatible; AhrefsBot/7.0; +http://ahrefs.com/robot/)"
192.95.30.21 - - [22/Nov/2024:05:30:35 -0800] "GET /clifty-falls-indiana-state-park-history-and-tourism-guide-for-clifty-falls-madison-and-jefferson-county-indiana-state-park-travel-guide-series/ HTTP/1.0" 200 68840 "-" "Mozilla/5.0 (compatible; MJ12bot/v1.4.8; http://mj12bot.com/)"
192.95.30.21 - - [22/Nov/2024:05:30:38 -0800] "GET /from-the-mars-hotel-50th-anniversary-remaster/ HTTP/1.0" 200 67530 "-" "Mozilla/5.0 (compatible; MJ12bot/v1.4.8; http://mj12bot.com/)"
185.191.171.18 - - [22/Nov/2024:05:30:39 -0800] "GET /245756968.htm HTTP/1.0" 404 60227 "-" "Mozilla/5.0 (compatible; SemrushBot/7~bl; +http://www.semrush.com/bot.html)"
192.95.30.21 - - [22/Nov/2024:05:30:40 -0800] "GET /small-makeup-bag-for-purse%EF%BC%8Cbeige-cosmetic-travel-bag-for-women-cute-makeup-pouch-for-travelling/feed/ HTTP/1.0" 200 1022 "-" "Mozilla/5.0 (compatible; MJ12bot/v1.4.8; http://mj12bot.com/)"
85.208.96.203 - - [22/Nov/2024:05:30:41 -0800] "GET /100441053.htm HTTP/1.0" 404 60227 "-" "Mozilla/5.0 (compatible; SemrushBot/7~bl; +http://www.semrush.com/bot.html)"
192.95.30.21 - - [22/Nov/2024:05:30:43 -0800] "GET /small-makeup-bag-for-purse%EF%BC%8Cbeige-cosmetic-travel-bag-for-women-cute-makeup-pouch-for-travelling/ HTTP/1.0" 200 67456 "-" "Mozilla/5.0 (compatible; MJ12bot/v1.4.8; http://mj12bot.com/)"
185.191.171.9 - - [22/Nov/2024:05:31:09 -0800] "GET /247269373.htm HTTP/1.0" 404 60227 "-" "Mozilla/5.0 (compatible; SemrushBot/7~bl; +http://www.semrush.com/bot.html)"
