85.208.96.212 - - [22/Nov/2024:05:31:47 -0800] "GET /35684313.htm HTTP/1.0" 404 60227 "-" "Mozilla/5.0 (compatible; SemrushBot/7~bl; +http://www.semrush.com/bot.html)"
185.191.171.18 - - [22/Nov/2024:05:32:02 -0800] "GET /52989633.htm HTTP/1.0" 404 60227 "-" "Mozilla/5.0 (compatible; SemrushBot/7~bl; +http://www.semrush.com/bot.html)"
185.191.171.2 - - [22/Nov/2024:05:33:08 -0800] "GET /10831163.htm HTTP/1.0" 404 60227 "-" "Mozilla/5.0 (compatible; SemrushBot/7~bl; +http://www.semrush.com/bot.html)"
185.191.171.2 - - [22/Nov/2024:05:33:32 -0800] "GET /145568998.htm HTTP/1.0" 404 60227 "-" "Mozilla/5.0 (compatible; SemrushBot/7~bl; +http://www.semrush.com/bot.html)"
85.208.96.203 - - [22/Nov/2024:05:33:53 -0800] "GET /85604218.htm HTTP/1.0" 404 60227 "-" "Mozilla/5.0 (compatible; SemrushBot/7~bl; +http://www.semrush.com/bot.html)"
85.208.96.199 - - [22/Nov/2024:05:33:55 -0800] "GET /tsa-approved-travel-toiletry-bag2-pack-clear-makeup-bags-with-handlesquart-size-clear-cosmetic-bags-for-traveling-womenmencarry-on-airport-airline-compliant-bagpink/ HTTP/1.0" 200 69278 "-" "Mozilla/5.0 (compatible; SemrushBot/7~bl; +http://www.semrush.com/bot.html)"
85.208.96.199 - - [22/Nov/2024:05:33:56 -0800] "GET /tsa-approved-travel-toiletry-bag2-pack-clear-makeup-bags-with-handlesquart-size-clear-cosmetic-bags-for-traveling-womenmencarry-on-airport-airline-compliant-bagpink/ HTTP/1.0" 200 69278 "-" "Mozilla/5.0 (compatible; SemrushBot/7~bl; +http://www.semrush.com/bot.html)"
185.191.171.15 - - [22/Nov/2024:05:34:03 -0800] "GET /10289458.htm HTTP/1.0" 404 60227 "-" "Mozilla/5.0 (compatible; SemrushBot/7~bl; +http://www.semrush.com/bot.html)"
51.222.253.4 - - [22/Nov/2024:05:34:06 -0800] "GET /category/store/page/47/ HTTP/1.0" 200 68143 "-" "Mozilla/5.0 (compatible; AhrefsBot/7.0; +http://ahrefs.com/robot/)"
185.191.171.9 - - [22/Nov/2024:05:34:43 -0800] "GET /128543328.htm HTTP/1.0" 404 60227 "-" "Mozilla/5.0 (compatible; SemrushBot/7~bl; +http://www.semrush.com/bot.html)"
185.191.171.4 - - [22/Nov/2024:05:35:27 -0800] "GET /70290278.htm HTTP/1.0" 404 60227 "-" "Mozilla/5.0 (compatible; SemrushBot/7~bl; +http://www.semrush.com/bot.html)"
51.222.253.17 - - [22/Nov/2024:05:35:32 -0800] "GET /freshscent-0-5-oz-bar-soap-100-pack-hotel-travel-size-individually-wrapped-vegetable-based-bulk-amenities-and-toiletries-for-hospitality/feed/ HTTP/1.0" 200 1131 "-" "Mozilla/5.0 (compatible; AhrefsBot/7.0; +http://ahrefs.com/robot/)"
185.191.171.10 - - [22/Nov/2024:05:36:03 -0800] "GET /21812058.htm HTTP/1.0" 404 60227 "-" "Mozilla/5.0 (compatible; SemrushBot/7~bl; +http://www.semrush.com/bot.html)"
52.167.144.199 - - [22/Nov/2024:05:36:36 -0800] "GET /sitemap-12.xml HTTP/1.0" 200 327350 "-" "Mozilla/5.0 AppleWebKit/537.36 (KHTML, like Gecko; compatible; bingbot/2.0; +http://www.bing.com/bingbot.htm) Chrome/116.0.1938.76 Safari/537.36"
51.222.253.10 - - [22/Nov/2024:05:36:49 -0800] "GET /canvas-expandable-duffle-bag-for-men-traveling-luggage-travel-bag-weekender-overnight-bagmens-gym-carry-on-duffel-bags%EF%BC%88dark-gray%EF%BC%89/feed/ HTTP/1.0" 200 1143 "-" "Mozilla/5.0 (compatible; AhrefsBot/7.0; +http://ahrefs.com/robot/)"
185.191.171.15 - - [22/Nov/2024:05:37:32 -0800] "GET /86506493.htm HTTP/1.0" 404 60227 "-" "Mozilla/5.0 (compatible; SemrushBot/7~bl; +http://www.semrush.com/bot.html)"
185.191.171.11 - - [22/Nov/2024:05:37:40 -0800] "GET /42674373.htm HTTP/1.0" 404 60227 "-" "Mozilla/5.0 (compatible; SemrushBot/7~bl; +http://www.semrush.com/bot.html)"
185.191.171.10 - - [22/Nov/2024:05:38:04 -0800] "GET /98209293.htm HTTP/1.0" 404 60227 "-" "Mozilla/5.0 (compatible; SemrushBot/7~bl; +http://www.semrush.com/bot.html)"
185.191.171.7 - - [22/Nov/2024:05:38:18 -0800] "GET /226256948.htm HTTP/1.0" 404 60227 "-" "Mozilla/5.0 (compatible; SemrushBot/7~bl; +http://www.semrush.com/bot.html)"
51.222.253.8 - - [22/Nov/2024:05:38:20 -0800] "GET /yankee-hotel-foxtrot-2022/feed/ HTTP/1.0" 200 793 "-" "Mozilla/5.0 (compatible; AhrefsBot/7.0; +http://ahrefs.com/robot/)"
85.208.96.203 - - [22/Nov/2024:05:38:42 -0800] "GET /20293958.htm HTTP/1.0" 404 60227 "-" "Mozilla/5.0 (compatible; SemrushBot/7~bl; +http://www.semrush.com/bot.html)"
209.182.200.39 - - [22/Nov/2024:05:39:14 -0800] "POST /wp-cron.php?doing_wp_cron=1732282754.4529459476470947265625 HTTP/1.0" 200 - "-" "WordPress/6.7.1; https://travellertube.com"
85.208.96.211 - - [22/Nov/2024:05:39:14 -0800] "GET /204667288.htm HTTP/1.0" 404 60227 "-" "Mozilla/5.0 (compatible; SemrushBot/7~bl; +http://www.semrush.com/bot.html)"
51.222.253.16 - - [22/Nov/2024:05:40:24 -0800] "GET /author/admin-2-2/page/53/ HTTP/1.0" 200 67703 "-" "Mozilla/5.0 (compatible; AhrefsBot/7.0; +http://ahrefs.com/robot/)"
185.191.171.8 - - [22/Nov/2024:05:41:07 -0800] "GET /159238103.htm HTTP/1.0" 404 60227 "-" "Mozilla/5.0 (compatible; SemrushBot/7~bl; +http://www.semrush.com/bot.html)"
85.208.96.195 - - [22/Nov/2024:05:41:52 -0800] "GET /134592693.htm HTTP/1.0" 404 60227 "-" "Mozilla/5.0 (compatible; SemrushBot/7~bl; +http://www.semrush.com/bot.html)"
185.191.171.12 - - [22/Nov/2024:05:42:06 -0800] "GET /182704733.htm HTTP/1.0" 404 60227 "-" "Mozilla/5.0 (compatible; SemrushBot/7~bl; +http://www.semrush.com/bot.html)"
51.222.253.7 - - [22/Nov/2024:05:42:29 -0800] "GET /maange-small-makeup-bag-for-purse-cosmetic-bags-for-women-pu-leather-makeup-pouch-travel-makeup-bag-with-zipper-make-up-bag-for-travelling-green/ HTTP/1.0" 200 67599 "-" "Mozilla/5.0 (compatible; AhrefsBot/7.0; +http://ahrefs.com/robot/)"
85.208.96.193 - - [22/Nov/2024:05:42:44 -0800] "GET /148089588.htm HTTP/1.0" 404 60227 "-" "Mozilla/5.0 (compatible; SemrushBot/7~bl; +http://www.semrush.com/bot.html)"
185.191.171.15 - - [22/Nov/2024:05:42:50 -0800] "GET /193108648.htm HTTP/1.0" 404 60227 "-" "Mozilla/5.0 (compatible; SemrushBot/7~bl; +http://www.semrush.com/bot.html)"
85.208.96.209 - - [22/Nov/2024:05:43:11 -0800] "GET /88600808.htm HTTP/1.0" 404 60227 "-" "Mozilla/5.0 (compatible; SemrushBot/7~bl; +http://www.semrush.com/bot.html)"
185.191.171.8 - - [22/Nov/2024:05:43:13 -0800] "GET /71578963.htm HTTP/1.0" 404 60227 "-" "Mozilla/5.0 (compatible; SemrushBot/7~bl; +http://www.semrush.com/bot.html)"
85.208.96.205 - - [22/Nov/2024:05:44:08 -0800] "GET /60224578.htm HTTP/1.0" 404 60227 "-" "Mozilla/5.0 (compatible; SemrushBot/7~bl; +http://www.semrush.com/bot.html)"
206.189.92.4 - - [22/Nov/2024:05:44:15 -0800] "GET /1719413735-46/ HTTP/1.0" 200 60900 "-" "Mozilla/5.0 (Macintosh; Intel Mac OS X 10_15_7) AppleWebKit/537.36 (KHTML, like Gecko) Chrome/124.0.0.0 Safari/537.36"
51.222.253.1 - - [22/Nov/2024:05:44:39 -0800] "GET /carry-on-garment-bag-large-duffel-bag-suit-travel-bag-weekend-bag-flight-bag-with-shoe-pouch-for-men-women-gray/ HTTP/1.0" 200 71028 "-" "Mozilla/5.0 (compatible; AhrefsBot/7.0; +http://ahrefs.com/robot/)"
185.191.171.14 - - [22/Nov/2024:05:44:45 -0800] "GET /115310528.htm HTTP/1.0" 404 60227 "-" "Mozilla/5.0 (compatible; SemrushBot/7~bl; +http://www.semrush.com/bot.html)"
51.222.253.16 - - [22/Nov/2024:05:46:20 -0800] "GET /forestfish-duffle-tote-bag-weekender-bags-for-women-travel-with-trolley-sleeve/ HTTP/1.0" 200 76756 "-" "Mozilla/5.0 (compatible; AhrefsBot/7.0; +http://ahrefs.com/robot/)"
185.191.171.13 - - [22/Nov/2024:05:46:34 -0800] "GET /robots.txt HTTP/1.0" 200 71 "-" "Mozilla/5.0 (compatible; SemrushBot/7~bl; +http://www.semrush.com/bot.html)"
85.208.96.193 - - [22/Nov/2024:05:46:35 -0800] "GET /22761253.htm HTTP/1.0" 404 60227 "-" "Mozilla/5.0 (compatible; SemrushBot/7~bl; +http://www.semrush.com/bot.html)"
185.191.171.19 - - [22/Nov/2024:05:46:43 -0800] "GET /126306553.htm HTTP/1.0" 404 60227 "-" "Mozilla/5.0 (compatible; SemrushBot/7~bl; +http://www.semrush.com/bot.html)"
89.208.105.220 - - [22/Nov/2024:05:46:52 -0800] "GET /wp-login.php HTTP/1.0" 200 6892 "-" "Mozilla/5.0 (Windows NT 6.3; WOW64) AppleWebKit/537.36 (KHTML, like Gecko) Chrome/54.0.2842.18 Safari/537.36"
185.191.171.2 - - [22/Nov/2024:05:47:01 -0800] "GET /46481693.htm HTTP/1.0" 404 60227 "-" "Mozilla/5.0 (compatible; SemrushBot/7~bl; +http://www.semrush.com/bot.html)"
89.208.105.220 - - [22/Nov/2024:05:47:02 -0800] "POST /wp-login.php HTTP/1.0" 302 - "http://travellertube.com/wp-login.php" "Mozilla/5.0 (Windows NT 6.3; WOW64) AppleWebKit/537.36 (KHTML, like Gecko) Chrome/54.0.2842.18 Safari/537.36"
89.208.105.220 - - [22/Nov/2024:05:47:02 -0800] "GET /wp-login.php?redirect_to=http%3A%2F%2Ftravellertube.com%2Fwp-admin%2F&action=confirm_admin_email&wp_lang=en_US HTTP/1.0" 200 5205 "http://travellertube.com/wp-login.php" "Mozilla/5.0 (Windows NT 6.3; WOW64) AppleWebKit/537.36 (KHTML, like Gecko) Chrome/54.0.2842.18 Safari/537.36"
89.208.105.220 - - [22/Nov/2024:05:47:03 -0800] "GET /wp-admin/plugin-editor.php?file=wp-automatic%2Fp_ads.php&plugin=wp-automatic%2Fwp-automatic.php HTTP/1.0" 200 102699 "http://travellertube.com/wp-login.php?redirect_to=http%3A%2F%2Ftravellertube.com%2Fwp-admin%2F&action=confirm_admin_email&wp_lang=en_US" "Mozilla/5.0 (Windows NT 6.3; WOW64) AppleWebKit/537.36 (KHTML, like Gecko) Chrome/54.0.2842.18 Safari/537.36"
89.208.105.220 - - [22/Nov/2024:05:47:04 -0800] "POST /wp-admin/admin-ajax.php HTTP/1.0" 406 300 "http://travellertube.com/wp-admin/plugin-editor.php?file=wp-automatic%2Fp_ads.php&plugin=wp-automatic%2Fwp-automatic.php" "Mozilla/5.0 (Windows NT 6.3; WOW64) AppleWebKit/537.36 (KHTML, like Gecko) Chrome/54.0.2842.18 Safari/537.36"
89.208.105.220 - - [22/Nov/2024:05:47:04 -0800] "GET /wp-content/plugins/wp-automatic/p_ads.php HTTP/1.0" 500 - "http://travellertube.com/wp-admin/admin-ajax.php" "Mozilla/5.0 (Windows NT 6.3; WOW64) AppleWebKit/537.36 (KHTML, like Gecko) Chrome/54.0.2842.18 Safari/537.36"
89.208.105.220 - - [22/Nov/2024:05:47:05 -0800] "POST /wp-content/plugins/wp-automatic/p_ads.php HTTP/1.0" 406 300 "http://travellertube.com/wp-content/plugins/wp-automatic/p_ads.php" "Mozilla/5.0 (Windows NT 6.3; WOW64) AppleWebKit/537.36 (KHTML, like Gecko) Chrome/54.0.2842.18 Safari/537.36"
89.208.105.220 - - [22/Nov/2024:05:47:13 -0800] "GET /wp-content/plugins/wp-automatic/d0a5754684d6.php HTTP/1.0" 404 68862 "http://travellertube.com/wp-content/plugins/wp-automatic/p_ads.php" "Mozilla/5.0 (Windows NT 6.3; WOW64) AppleWebKit/537.36 (KHTML, like Gecko) Chrome/54.0.2842.18 Safari/537.36"
89.208.105.220 - - [22/Nov/2024:05:47:14 -0800] "POST /wp-content/plugins/wp-automatic/p_ads.php HTTP/1.0" 500 - "http://travellertube.com/wp-content/plugins/wp-automatic/d0a5754684d6.php" "Mozilla/5.0 (Windows NT 6.3; WOW64) AppleWebKit/537.36 (KHTML, like Gecko) Chrome/54.0.2842.18 Safari/537.36"
89.208.105.220 - - [22/Nov/2024:05:47:14 -0800] "GET /wp-content/plugins/wp-automatic/d0a5754684d6.php HTTP/1.0" 404 68862 "http://travellertube.com/wp-content/plugins/wp-automatic/p_ads.php" "Mozilla/5.0 (Windows NT 6.3; WOW64) AppleWebKit/537.36 (KHTML, like Gecko) Chrome/54.0.2842.18 Safari/537.36"
185.191.171.6 - - [22/Nov/2024:05:47:17 -0800] "GET /165910433.htm HTTP/1.0" 404 60227 "-" "Mozilla/5.0 (compatible; SemrushBot/7~bl; +http://www.semrush.com/bot.html)"
185.191.171.17 - - [22/Nov/2024:05:47:34 -0800] "GET /19564063.htm HTTP/1.0" 404 60227 "-" "Mozilla/5.0 (compatible; SemrushBot/7~bl; +http://www.semrush.com/bot.html)"
51.222.253.18 - - [22/Nov/2024:05:47:40 -0800] "GET /makeup-brush-organizer-artist-small-makeup-bag-brushes-set-case-professional-travelling-brush-pen-pencil-holder-make-up-cup-storage-organizer-case-pencil-pouch-cosmetic-bag-for-travel/feed/ HTTP/1.0" 200 1267 "-" "Mozilla/5.0 (compatible; AhrefsBot/7.0; +http://ahrefs.com/robot/)"
85.208.96.209 - - [22/Nov/2024:05:47:55 -0800] "GET /199584628.htm HTTP/1.0" 404 60227 "-" "Mozilla/5.0 (compatible; SemrushBot/7~bl; +http://www.semrush.com/bot.html)"
209.182.200.39 - - [22/Nov/2024:05:48:12 -0800] "POST /wp-cron.php?doing_wp_cron=1732283292.7898778915405273437500 HTTP/1.0" 200 - "-" "WordPress/6.7.1; https://travellertube.com"
185.191.171.2 - - [22/Nov/2024:05:48:12 -0800] "GET /247455183.htm HTTP/1.0" 404 60227 "-" "Mozilla/5.0 (compatible; SemrushBot/7~bl; +http://www.semrush.com/bot.html)"
209.182.200.39 - - [22/Nov/2024:05:48:27 -0800] "POST /wp-cron.php?doing_wp_cron=1732283307.4790160655975341796875 HTTP/1.0" 200 - "-" "WordPress/6.7.1; https://travellertube.com"
85.208.96.199 - - [22/Nov/2024:05:48:27 -0800] "GET /234312228.htm HTTP/1.0" 404 60227 "-" "Mozilla/5.0 (compatible; SemrushBot/7~bl; +http://www.semrush.com/bot.html)"
185.191.171.17 - - [22/Nov/2024:05:48:42 -0800] "GET /245775838.htm HTTP/1.0" 404 60227 "-" "Mozilla/5.0 (compatible; SemrushBot/7~bl; +http://www.semrush.com/bot.html)"
51.222.253.2 - - [22/Nov/2024:05:49:36 -0800] "GET /you-are-amazing-encouragement-gifts-inspirational-quotes-gifts-for-women-positive-gift-for-women-coworker-leader-boss-bestie-sister-inspirational-gifts-zipper-for-purse-make-up-bag-for-travelling/feed/ HTTP/1.0" 200 1305 "-" "Mozilla/5.0 (compatible; AhrefsBot/7.0; +http://ahrefs.com/robot/)"
85.208.96.194 - - [22/Nov/2024:05:50:51 -0800] "GET /32817773.htm HTTP/1.0" 404 60227 "-" "Mozilla/5.0 (compatible; SemrushBot/7~bl; +http://www.semrush.com/bot.html)"
51.222.253.6 - - [22/Nov/2024:05:51:17 -0800] "GET /crossbody-womens-kids-multi-pockets-zipper-medium-casual-shoulder-bag/ HTTP/1.0" 200 75784 "-" "Mozilla/5.0 (compatible; AhrefsBot/7.0; +http://ahrefs.com/robot/)"
85.208.96.203 - - [22/Nov/2024:05:51:17 -0800] "GET /15776973.htm HTTP/1.0" 404 60227 "-" "Mozilla/5.0 (compatible; SemrushBot/7~bl; +http://www.semrush.com/bot.html)"
85.208.96.201 - - [22/Nov/2024:05:51:40 -0800] "GET /29157248.htm HTTP/1.0" 404 60227 "-" "Mozilla/5.0 (compatible; SemrushBot/7~bl; +http://www.semrush.com/bot.html)"
85.208.96.194 - - [22/Nov/2024:05:52:01 -0800] "GET /36475068.htm HTTP/1.0" 404 60227 "-" "Mozilla/5.0 (compatible; SemrushBot/7~bl; +http://www.semrush.com/bot.html)"
85.208.96.206 - - [22/Nov/2024:05:52:22 -0800] "GET /86207548.htm HTTP/1.0" 404 60227 "-" "Mozilla/5.0 (compatible; SemrushBot/7~bl; +http://www.semrush.com/bot.html)"
85.208.96.194 - - [22/Nov/2024:05:52:46 -0800] "GET /90202463.htm HTTP/1.0" 404 60227 "-" "Mozilla/5.0 (compatible; SemrushBot/7~bl; +http://www.semrush.com/bot.html)"
51.222.253.19 - - [22/Nov/2024:05:52:57 -0800] "GET /jumisee-cute-unicorn-dinosaur-crossbody-chest-bag-cartoon-sling-shoulder-bag-for-travelling-hiking/ HTTP/1.0" 200 69316 "-" "Mozilla/5.0 (compatible; AhrefsBot/7.0; +http://ahrefs.com/robot/)"
85.208.96.198 - - [22/Nov/2024:05:53:25 -0800] "GET /189867683.htm HTTP/1.0" 404 60227 "-" "Mozilla/5.0 (compatible; SemrushBot/7~bl; +http://www.semrush.com/bot.html)"
85.208.96.205 - - [22/Nov/2024:05:53:58 -0800] "GET /105022468.htm HTTP/1.0" 404 60227 "-" "Mozilla/5.0 (compatible; SemrushBot/7~bl; +http://www.semrush.com/bot.html)"
85.208.96.194 - - [22/Nov/2024:05:55:21 -0800] "GET /187583818.htm HTTP/1.0" 404 60227 "-" "Mozilla/5.0 (compatible; SemrushBot/7~bl; +http://www.semrush.com/bot.html)"
85.208.96.209 - - [22/Nov/2024:05:55:32 -0800] "GET /263017663.htm HTTP/1.0" 404 60227 "-" "Mozilla/5.0 (compatible; SemrushBot/7~bl; +http://www.semrush.com/bot.html)"
85.208.96.207 - - [22/Nov/2024:05:55:37 -0800] "GET /26761693.htm HTTP/1.0" 404 60227 "-" "Mozilla/5.0 (compatible; SemrushBot/7~bl; +http://www.semrush.com/bot.html)"
85.208.96.198 - - [22/Nov/2024:05:56:37 -0800] "GET /105347763.htm HTTP/1.0" 404 60227 "-" "Mozilla/5.0 (compatible; SemrushBot/7~bl; +http://www.semrush.com/bot.html)"
85.208.96.204 - - [22/Nov/2024:05:56:39 -0800] "GET /254081443.htm HTTP/1.0" 404 60227 "-" "Mozilla/5.0 (compatible; SemrushBot/7~bl; +http://www.semrush.com/bot.html)"
85.208.96.208 - - [22/Nov/2024:05:56:45 -0800] "GET /93995418.htm HTTP/1.0" 404 60227 "-" "Mozilla/5.0 (compatible; SemrushBot/7~bl; +http://www.semrush.com/bot.html)"
51.222.253.13 - - [22/Nov/2024:05:57:20 -0800] "GET /nelson-rigg-usa-utv-rear-cargo-bag-fits-most-utvs-including-polaris-rzr-kawasaki-krx-cfmoto-zforce-universal-mounting-2-side-pockets-2-large-compartment-reflective-accents/ HTTP/1.0" 200 68041 "-" "Mozilla/5.0 (compatible; AhrefsBot/7.0; +http://ahrefs.com/robot/)"
85.208.96.209 - - [22/Nov/2024:05:57:41 -0800] "GET /40302618.htm HTTP/1.0" 404 60227 "-" "Mozilla/5.0 (compatible; SemrushBot/7~bl; +http://www.semrush.com/bot.html)"
45.148.10.172 - - [22/Nov/2024:05:57:41 -0800] "GET /.env HTTP/1.0" 301 - "-" "Mozilla/5.0 (Linux; Android 7.0; SM-T819) AppleWebKit/537.36 (KHTML, like Gecko) Chrome/76.0.3809.111 Safari/537.36"
45.148.10.172 - - [22/Nov/2024:05:57:42 -0800] "GET /.env HTTP/1.0" 404 60287 "-" "Mozilla/5.0 (Linux; Android 7.0; PIC-AL00) AppleWebKit/537.36 (KHTML, like Gecko) Chrome/76.0.3809.111 Mobile Safari/537.36"
85.208.96.199 - - [22/Nov/2024:05:58:20 -0800] "GET /176644998.htm HTTP/1.0" 404 60227 "-" "Mozilla/5.0 (compatible; SemrushBot/7~bl; +http://www.semrush.com/bot.html)"
85.208.96.208 - - [22/Nov/2024:05:58:44 -0800] "GET /116560878.htm HTTP/1.0" 404 60227 "-" "Mozilla/5.0 (compatible; SemrushBot/7~bl; +http://www.semrush.com/bot.html)"
85.208.96.210 - - [22/Nov/2024:05:58:56 -0800] "GET /194326103.htm HTTP/1.0" 404 60227 "-" "Mozilla/5.0 (compatible; SemrushBot/7~bl; +http://www.semrush.com/bot.html)"
185.191.171.18 - - [22/Nov/2024:05:59:36 -0800] "GET /36483823.htm HTTP/1.0" 404 60227 "-" "Mozilla/5.0 (compatible; SemrushBot/7~bl; +http://www.semrush.com/bot.html)"
85.208.96.199 - - [22/Nov/2024:05:59:44 -0800] "GET /30270833.htm HTTP/1.0" 404 60227 "-" "Mozilla/5.0 (compatible; SemrushBot/7~bl; +http://www.semrush.com/bot.html)"
185.191.171.7 - - [22/Nov/2024:06:00:40 -0800] "GET /146394518.htm HTTP/1.0" 404 60227 "-" "Mozilla/5.0 (compatible; SemrushBot/7~bl; +http://www.semrush.com/bot.html)"
185.191.171.16 - - [22/Nov/2024:06:01:27 -0800] "GET /221435663.htm HTTP/1.0" 404 60227 "-" "Mozilla/5.0 (compatible; SemrushBot/7~bl; +http://www.semrush.com/bot.html)"
51.222.253.19 - - [22/Nov/2024:06:01:29 -0800] "GET /backpack-large-backpack-for-women-40l-travel-backpack-personal-item-backpack-carry-on-backpack-waterproof-backpack-for-college-business-hiking-work/feed/ HTTP/1.0" 200 1167 "-" "Mozilla/5.0 (compatible; AhrefsBot/7.0; +http://ahrefs.com/robot/)"
85.208.96.195 - - [22/Nov/2024:06:01:43 -0800] "GET /203039963.htm HTTP/1.0" 404 60227 "-" "Mozilla/5.0 (compatible; SemrushBot/7~bl; +http://www.semrush.com/bot.html)"
85.208.96.197 - - [22/Nov/2024:06:02:06 -0800] "GET /150672993.htm HTTP/1.0" 404 60227 "-" "Mozilla/5.0 (compatible; SemrushBot/7~bl; +http://www.semrush.com/bot.html)"
185.191.171.4 - - [22/Nov/2024:06:02:30 -0800] "GET /179123428.htm HTTP/1.0" 404 60227 "-" "Mozilla/5.0 (compatible; SemrushBot/7~bl; +http://www.semrush.com/bot.html)"
185.191.171.14 - - [22/Nov/2024:06:03:17 -0800] "GET /107873113.htm HTTP/1.0" 404 60227 "-" "Mozilla/5.0 (compatible; SemrushBot/7~bl; +http://www.semrush.com/bot.html)"
85.208.96.193 - - [22/Nov/2024:06:03:57 -0800] "GET /126925268.htm HTTP/1.0" 404 60227 "-" "Mozilla/5.0 (compatible; SemrushBot/7~bl; +http://www.semrush.com/bot.html)"
185.191.171.14 - - [22/Nov/2024:06:04:02 -0800] "GET /15898353.htm HTTP/1.0" 404 60227 "-" "Mozilla/5.0 (compatible; SemrushBot/7~bl; +http://www.semrush.com/bot.html)"
85.208.96.199 - - [22/Nov/2024:06:04:19 -0800] "GET /48786043.htm HTTP/1.0" 404 60227 "-" "Mozilla/5.0 (compatible; SemrushBot/7~bl; +http://www.semrush.com/bot.html)"
51.222.253.5 - - [22/Nov/2024:06:04:27 -0800] "GET /expandable-travel-duffle-bag-for-women-men-large-gym-bag-travel-tote-bags-waterproof-carry-on-personal-item-bag-airline-approved-workout-weekender-bag-for-overnight-trips-with-luggage-sleeve-pink/feed/ HTTP/1.0" 200 1307 "-" "Mozilla/5.0 (compatible; AhrefsBot/7.0; +http://ahrefs.com/robot/)"
85.208.96.212 - - [22/Nov/2024:06:04:43 -0800] "GET /8212738.htm HTTP/1.0" 404 24203 "-" "Mozilla/5.0 (compatible; SemrushBot/7~bl; +http://www.semrush.com/bot.html)"
85.208.96.212 - - [22/Nov/2024:06:05:10 -0800] "GET /8212738.htm HTTP/1.0" 404 60227 "-" "Mozilla/5.0 (compatible; SemrushBot/7~bl; +http://www.semrush.com/bot.html)"
185.191.171.12 - - [22/Nov/2024:06:05:56 -0800] "GET /34169868.htm HTTP/1.0" 404 60227 "-" "Mozilla/5.0 (compatible; SemrushBot/7~bl; +http://www.semrush.com/bot.html)"
85.208.96.198 - - [22/Nov/2024:06:06:22 -0800] "GET /8478108.htm HTTP/1.0" 404 60227 "-" "Mozilla/5.0 (compatible; SemrushBot/7~bl; +http://www.semrush.com/bot.html)"
185.191.171.11 - - [22/Nov/2024:06:06:33 -0800] "GET /254729908.htm HTTP/1.0" 404 60227 "-" "Mozilla/5.0 (compatible; SemrushBot/7~bl; +http://www.semrush.com/bot.html)"
185.191.171.12 - - [22/Nov/2024:06:07:00 -0800] "GET /205694938.htm HTTP/1.0" 404 60227 "-" "Mozilla/5.0 (compatible; SemrushBot/7~bl; +http://www.semrush.com/bot.html)"
85.208.96.194 - - [22/Nov/2024:06:07:26 -0800] "GET /52312948.htm HTTP/1.0" 404 60227 "-" "Mozilla/5.0 (compatible; SemrushBot/7~bl; +http://www.semrush.com/bot.html)"
85.208.96.210 - - [22/Nov/2024:06:07:57 -0800] "GET /163531793.htm HTTP/1.0" 404 60227 "-" "Mozilla/5.0 (compatible; SemrushBot/7~bl; +http://www.semrush.com/bot.html)"
85.208.96.211 - - [22/Nov/2024:06:08:16 -0800] "GET /120484138.htm HTTP/1.0" 404 60227 "-" "Mozilla/5.0 (compatible; SemrushBot/7~bl; +http://www.semrush.com/bot.html)"
85.208.96.206 - - [22/Nov/2024:06:08:33 -0800] "GET /88855553.htm HTTP/1.0" 404 60227 "-" "Mozilla/5.0 (compatible; SemrushBot/7~bl; +http://www.semrush.com/bot.html)"
85.208.96.195 - - [22/Nov/2024:06:08:35 -0800] "GET /214760273.htm HTTP/1.0" 404 60227 "-" "Mozilla/5.0 (compatible; SemrushBot/7~bl; +http://www.semrush.com/bot.html)"
185.191.171.8 - - [22/Nov/2024:06:08:54 -0800] "GET /68408803.htm HTTP/1.0" 404 60227 "-" "Mozilla/5.0 (compatible; SemrushBot/7~bl; +http://www.semrush.com/bot.html)"
51.222.253.5 - - [22/Nov/2024:06:09:50 -0800] "GET /geestock-mini-sling-bag-men-women-waterproof-crossbody-bag-small-chest-bag-fanny-back-shoulder-bag-backpack/feed/ HTTP/1.0" 200 1044 "-" "Mozilla/5.0 (compatible; AhrefsBot/7.0; +http://ahrefs.com/robot/)"
85.208.96.201 - - [22/Nov/2024:06:10:24 -0800] "GET /59108528.htm HTTP/1.0" 404 60227 "-" "Mozilla/5.0 (compatible; SemrushBot/7~bl; +http://www.semrush.com/bot.html)"
85.208.96.206 - - [22/Nov/2024:06:10:45 -0800] "GET /168004238.htm HTTP/1.0" 404 60227 "-" "Mozilla/5.0 (compatible; SemrushBot/7~bl; +http://www.semrush.com/bot.html)"
85.208.96.204 - - [22/Nov/2024:06:12:03 -0800] "GET /182937803.htm HTTP/1.0" 404 60227 "-" "Mozilla/5.0 (compatible; SemrushBot/7~bl; +http://www.semrush.com/bot.html)"
185.191.171.1 - - [22/Nov/2024:06:12:43 -0800] "GET /84843638.htm HTTP/1.0" 404 60227 "-" "Mozilla/5.0 (compatible; SemrushBot/7~bl; +http://www.semrush.com/bot.html)"
85.208.96.204 - - [22/Nov/2024:06:13:13 -0800] "GET /190328723.htm HTTP/1.0" 404 60227 "-" "Mozilla/5.0 (compatible; SemrushBot/7~bl; +http://www.semrush.com/bot.html)"
185.191.171.8 - - [22/Nov/2024:06:13:21 -0800] "GET /145570273.htm HTTP/1.0" 404 60227 "-" "Mozilla/5.0 (compatible; SemrushBot/7~bl; +http://www.semrush.com/bot.html)"
185.191.171.6 - - [22/Nov/2024:06:13:34 -0800] "GET /153152613.htm HTTP/1.0" 404 60227 "-" "Mozilla/5.0 (compatible; SemrushBot/7~bl; +http://www.semrush.com/bot.html)"
89.208.105.220 - - [22/Nov/2024:06:14:48 -0800] "GET /wp-login.php HTTP/1.0" 200 6892 "-" "Mozilla/5.0 (X11; Ubuntu; Linux i686) AppleWebKit/537.36 (KHTML, like Gecko) Chrome/53.0.2804.6 Safari/537.36"
89.208.105.220 - - [22/Nov/2024:06:14:49 -0800] "POST /wp-login.php HTTP/1.0" 302 - "http://travellertube.com/wp-login.php" "Mozilla/5.0 (X11; Ubuntu; Linux i686) AppleWebKit/537.36 (KHTML, like Gecko) Chrome/53.0.2804.6 Safari/537.36"
89.208.105.220 - - [22/Nov/2024:06:14:50 -0800] "GET /wp-login.php?redirect_to=http%3A%2F%2Ftravellertube.com%2Fwp-admin%2F&action=confirm_admin_email&wp_lang=en_US HTTP/1.0" 200 5205 "http://travellertube.com/wp-login.php" "Mozilla/5.0 (X11; Ubuntu; Linux i686) AppleWebKit/537.36 (KHTML, like Gecko) Chrome/53.0.2804.6 Safari/537.36"
89.208.105.220 - - [22/Nov/2024:06:14:50 -0800] "GET /wp-admin/theme-editor.php?file=index.php&theme=twentytwentytwo HTTP/1.0" 500 224 "http://travellertube.com/wp-login.php?redirect_to=http%3A%2F%2Ftravellertube.com%2Fwp-admin%2F&action=confirm_admin_email&wp_lang=en_US" "Mozilla/5.0 (X11; Ubuntu; Linux i686) AppleWebKit/537.36 (KHTML, like Gecko) Chrome/53.0.2804.6 Safari/537.36"
51.222.253.16 - - [22/Nov/2024:06:15:04 -0800] "GET /travelon-boho-anti-theft-phone-sling-black/feed/ HTTP/1.0" 200 845 "-" "Mozilla/5.0 (compatible; AhrefsBot/7.0; +http://ahrefs.com/robot/)"
85.208.96.200 - - [22/Nov/2024:06:15:42 -0800] "GET /204939713.htm HTTP/1.0" 404 60227 "-" "Mozilla/5.0 (compatible; SemrushBot/7~bl; +http://www.semrush.com/bot.html)"
85.208.96.198 - - [22/Nov/2024:06:16:18 -0800] "GET /39857643.htm HTTP/1.0" 404 60227 "-" "Mozilla/5.0 (compatible; SemrushBot/7~bl; +http://www.semrush.com/bot.html)"
185.191.171.18 - - [22/Nov/2024:06:16:46 -0800] "GET /215884313.htm HTTP/1.0" 404 60227 "-" "Mozilla/5.0 (compatible; SemrushBot/7~bl; +http://www.semrush.com/bot.html)"
85.208.96.199 - - [22/Nov/2024:06:17:07 -0800] "GET /140228618.htm HTTP/1.0" 404 60227 "-" "Mozilla/5.0 (compatible; SemrushBot/7~bl; +http://www.semrush.com/bot.html)"
185.191.171.7 - - [22/Nov/2024:06:17:37 -0800] "GET /46424148.htm HTTP/1.0" 404 60227 "-" "Mozilla/5.0 (compatible; SemrushBot/7~bl; +http://www.semrush.com/bot.html)"
85.208.96.205 - - [22/Nov/2024:06:17:42 -0800] "GET /247975638.htm HTTP/1.0" 404 60227 "-" "Mozilla/5.0 (compatible; SemrushBot/7~bl; +http://www.semrush.com/bot.html)"
185.191.171.9 - - [22/Nov/2024:06:18:27 -0800] "GET /151430258.htm HTTP/1.0" 404 60227 "-" "Mozilla/5.0 (compatible; SemrushBot/7~bl; +http://www.semrush.com/bot.html)"
185.191.171.8 - - [22/Nov/2024:06:19:22 -0800] "GET /66786578.htm HTTP/1.0" 404 60227 "-" "Mozilla/5.0 (compatible; SemrushBot/7~bl; +http://www.semrush.com/bot.html)"
85.208.96.195 - - [22/Nov/2024:06:20:34 -0800] "GET /157482513.htm HTTP/1.0" 404 60227 "-" "Mozilla/5.0 (compatible; SemrushBot/7~bl; +http://www.semrush.com/bot.html)"
51.222.253.13 - - [22/Nov/2024:06:20:58 -0800] "GET /category/store/page/55/ HTTP/1.0" 200 69191 "-" "Mozilla/5.0 (compatible; AhrefsBot/7.0; +http://ahrefs.com/robot/)"
85.208.96.200 - - [22/Nov/2024:06:21:24 -0800] "GET /261763743.htm HTTP/1.0" 404 60227 "-" "Mozilla/5.0 (compatible; SemrushBot/7~bl; +http://www.semrush.com/bot.html)"
185.191.171.9 - - [22/Nov/2024:06:21:58 -0800] "GET /229137088.htm HTTP/1.0" 404 60227 "-" "Mozilla/5.0 (compatible; SemrushBot/7~bl; +http://www.semrush.com/bot.html)"
185.191.171.14 - - [22/Nov/2024:06:22:02 -0800] "GET /44488018.htm HTTP/1.0" 404 60227 "-" "Mozilla/5.0 (compatible; SemrushBot/7~bl; +http://www.semrush.com/bot.html)"
209.182.200.39 - - [22/Nov/2024:06:23:52 -0800] "POST /wp-cron.php?doing_wp_cron=1732285432.1282229423522949218750 HTTP/1.0" 200 - "-" "WordPress/6.7.1; http://travellertube.com"
51.222.253.8 - - [22/Nov/2024:06:23:51 -0800] "GET /clear-fanny-pack-stadium-approvedclear-belt-bag-for-women-menadjustable-clear-purse-crossbody-bag-waist-bag-bum-tote-bag-for-concerts-sports-travelling-hiking-running-style-0595/ HTTP/1.0" 200 68199 "-" "Mozilla/5.0 (compatible; AhrefsBot/7.0; +http://ahrefs.com/robot/)"
185.191.171.19 - - [22/Nov/2024:06:24:22 -0800] "GET /84427478.htm HTTP/1.0" 404 60227 "-" "Mozilla/5.0 (compatible; SemrushBot/7~bl; +http://www.semrush.com/bot.html)"
185.191.171.19 - - [22/Nov/2024:06:24:58 -0800] "GET /236163783.htm HTTP/1.0" 404 60227 "-" "Mozilla/5.0 (compatible; SemrushBot/7~bl; +http://www.semrush.com/bot.html)"
185.191.171.3 - - [22/Nov/2024:06:26:20 -0800] "GET /140085053.htm HTTP/1.0" 404 60227 "-" "Mozilla/5.0 (compatible; SemrushBot/7~bl; +http://www.semrush.com/bot.html)"
195.178.110.49 - - [22/Nov/2024:06:26:23 -0800] "GET / HTTP/1.0" 301 - "-" "-"
51.222.253.17 - - [22/Nov/2024:06:26:24 -0800] "GET /category/store/page/48/ HTTP/1.0" 200 67793 "-" "Mozilla/5.0 (compatible; AhrefsBot/7.0; +http://ahrefs.com/robot/)"
195.178.110.49 - - [22/Nov/2024:06:26:24 -0800] "GET / HTTP/1.0" 200 101160 "-" "-"
195.178.110.49 - - [22/Nov/2024:06:26:25 -0800] "GET /wp-content/themes/Divi/js/html5.js HTTP/1.0" 200 2134 "-" "-"
195.178.110.49 - - [22/Nov/2024:06:26:25 -0800] "GET /wp-includes/js/jquery/jquery.min.js HTTP/1.0" 200 87553 "-" "-"
195.178.110.49 - - [22/Nov/2024:06:26:25 -0800] "GET /wp-includes/js/jquery/jquery-migrate.min.js HTTP/1.0" 200 13577 "-" "-"
195.178.110.49 - - [22/Nov/2024:06:26:26 -0800] "GET /wp-includes/js/comment-reply.min.js HTTP/1.0" 200 3026 "-" "-"
195.178.110.49 - - [22/Nov/2024:06:26:26 -0800] "GET /wp-content/themes/Divi/js/custom.min.js HTTP/1.0" 200 244315 "-" "-"
185.191.171.14 - - [22/Nov/2024:06:26:39 -0800] "GET /236972048.htm HTTP/1.0" 404 60227 "-" "Mozilla/5.0 (compatible; SemrushBot/7~bl; +http://www.semrush.com/bot.html)"
85.208.96.193 - - [22/Nov/2024:06:27:43 -0800] "GET /31254623.htm HTTP/1.0" 404 60227 "-" "Mozilla/5.0 (compatible; SemrushBot/7~bl; +http://www.semrush.com/bot.html)"
152.42.220.94 - - [22/Nov/2024:06:28:16 -0800] "GET /wp-admin/setup-config.php?step=1 HTTP/1.0" 409 2665 "-" "Apache/2.4.34 (Ubuntu) OpenSSL/1.1.1 (internal dummy connection)"
152.42.220.94 - - [22/Nov/2024:06:28:17 -0800] "GET /wordpress/wp-admin/setup-config.php?step=1 HTTP/1.0" 404 59993 "-" "Apache/2.4.34 (Ubuntu) OpenSSL/1.1.1 (internal dummy connection)"
52.167.144.169 - - [22/Nov/2024:06:28:41 -0800] "GET /sitemap-13.xml HTTP/1.0" 200 348109 "-" "Mozilla/5.0 AppleWebKit/537.36 (KHTML, like Gecko; compatible; bingbot/2.0; +http://www.bing.com/bingbot.htm) Chrome/116.0.1938.76 Safari/537.36"
185.191.171.2 - - [22/Nov/2024:06:28:44 -0800] "GET /48047818.htm HTTP/1.0" 404 60227 "-" "Mozilla/5.0 (compatible; SemrushBot/7~bl; +http://www.semrush.com/bot.html)"
51.222.253.7 - - [22/Nov/2024:06:29:11 -0800] "GET /schonbrunn-palace-discover-the-majesty-of-schonbrunn-palace-coffee-table-picture-book-or-perfect-gift-for-tourism-travel-lovers-relaxing-meditation/ HTTP/1.0" 200 69423 "-" "Mozilla/5.0 (compatible; AhrefsBot/7.0; +http://ahrefs.com/robot/)"
85.208.96.198 - - [22/Nov/2024:06:29:49 -0800] "GET /16357183.htm HTTP/1.0" 404 60227 "-" "Mozilla/5.0 (compatible; SemrushBot/7~bl; +http://www.semrush.com/bot.html)"
185.191.171.7 - - [22/Nov/2024:06:30:27 -0800] "GET /213474478.htm HTTP/1.0" 404 60227 "-" "Mozilla/5.0 (compatible; SemrushBot/7~bl; +http://www.semrush.com/bot.html)"
185.191.171.13 - - [22/Nov/2024:06:30:54 -0800] "GET /123128743.htm HTTP/1.0" 404 60227 "-" "Mozilla/5.0 (compatible; SemrushBot/7~bl; +http://www.semrush.com/bot.html)"
51.222.253.5 - - [22/Nov/2024:06:31:43 -0800] "GET /portable-door-lock-door-stop-alarmdual-protection-security-devices-pocket-door-stopper-self-defensey-tools-for-hotel-travel-home-apartment-house-red-black/feed/ HTTP/1.0" 200 1189 "-" "Mozilla/5.0 (compatible; AhrefsBot/7.0; +http://ahrefs.com/robot/)"
85.208.96.210 - - [22/Nov/2024:06:32:35 -0800] "GET /173249333.htm HTTP/1.0" 404 60227 "-" "Mozilla/5.0 (compatible; SemrushBot/7~bl; +http://www.semrush.com/bot.html)"
85.208.96.210 - - [22/Nov/2024:06:33:10 -0800] "GET /174795398.htm HTTP/1.0" 404 60227 "-" "Mozilla/5.0 (compatible; SemrushBot/7~bl; +http://www.semrush.com/bot.html)"
85.208.96.210 - - [22/Nov/2024:06:33:17 -0800] "GET /152583708.htm HTTP/1.0" 404 60227 "-" "Mozilla/5.0 (compatible; SemrushBot/7~bl; +http://www.semrush.com/bot.html)"
85.208.96.203 - - [22/Nov/2024:06:33:36 -0800] "GET /248021198.htm HTTP/1.0" 404 60227 "-" "Mozilla/5.0 (compatible; SemrushBot/7~bl; +http://www.semrush.com/bot.html)"
51.222.253.7 - - [22/Nov/2024:06:34:06 -0800] "GET /hotel-magnifique/feed/ HTTP/1.0" 200 766 "-" "Mozilla/5.0 (compatible; AhrefsBot/7.0; +http://ahrefs.com/robot/)"
85.208.96.205 - - [22/Nov/2024:06:34:30 -0800] "GET /35837398.htm HTTP/1.0" 404 60227 "-" "Mozilla/5.0 (compatible; SemrushBot/7~bl; +http://www.semrush.com/bot.html)"
185.191.171.1 - - [22/Nov/2024:06:35:17 -0800] "GET /216663423.htm HTTP/1.0" 404 60227 "-" "Mozilla/5.0 (compatible; SemrushBot/7~bl; +http://www.semrush.com/bot.html)"
95.217.109.26 - - [22/Nov/2024:06:36:21 -0800] "GET /robots.txt HTTP/1.0" 200 71 "-" "Mozilla/5.0 (compatible; MJ12bot/v1.4.8; http://mj12bot.com/)"
95.217.109.26 - - [22/Nov/2024:06:36:23 -0800] "GET /canvas-expandable-duffle-bag-for-men-traveling-luggage-travel-bag-weekender-overnight-bagmens-gym-carry-on-duffel-bags%EF%BC%88dark-gray%EF%BC%89/feed/ HTTP/1.0" 200 1143 "-" "Mozilla/5.0 (compatible; MJ12bot/v1.4.8; http://mj12bot.com/)"
95.217.109.26 - - [22/Nov/2024:06:36:26 -0800] "GET /canvas-expandable-duffle-bag-for-men-traveling-luggage-travel-bag-weekender-overnight-bagmens-gym-carry-on-duffel-bags%EF%BC%88gray%EF%BC%89/ HTTP/1.0" 200 69842 "-" "Mozilla/5.0 (compatible; MJ12bot/v1.4.8; http://mj12bot.com/)"
51.222.253.9 - - [22/Nov/2024:06:36:56 -0800] "GET /a-bridge-not-too-far-where-creativity-meets-innovation/feed/ HTTP/1.0" 200 879 "-" "Mozilla/5.0 (compatible; AhrefsBot/7.0; +http://ahrefs.com/robot/)"
185.191.171.16 - - [22/Nov/2024:06:37:18 -0800] "GET /14485058.htm HTTP/1.0" 404 60227 "-" "Mozilla/5.0 (compatible; SemrushBot/7~bl; +http://www.semrush.com/bot.html)"
95.217.109.26 - - [22/Nov/2024:06:37:26 -0800] "GET /canvas-expandable-duffle-bag-for-men-traveling-luggage-travel-bag-weekender-overnight-bagmens-gym-carry-on-duffel-bags%EF%BC%88gray%EF%BC%89/feed/ HTTP/1.0" 200 1128 "-" "Mozilla/5.0 (compatible; MJ12bot/v1.4.8; http://mj12bot.com/)"
95.217.109.26 - - [22/Nov/2024:06:37:28 -0800] "GET /canvas-expandable-duffle-bag-for-men-traveling-luggage-travel-bag-weekender-overnight-bagmens-gym-carry-on-duffel-bags%EF%BC%88dark-gray%EF%BC%89/ HTTP/1.0" 200 69892 "-" "Mozilla/5.0 (compatible; MJ12bot/v1.4.8; http://mj12bot.com/)"
185.191.171.9 - - [22/Nov/2024:06:38:04 -0800] "GET /181415963.htm HTTP/1.0" 404 60227 "-" "Mozilla/5.0 (compatible; SemrushBot/7~bl; +http://www.semrush.com/bot.html)"
185.191.171.18 - - [22/Nov/2024:06:38:16 -0800] "GET /162943593.htm HTTP/1.0" 404 60227 "-" "Mozilla/5.0 (compatible; SemrushBot/7~bl; +http://www.semrush.com/bot.html)"
209.182.200.39 - - [22/Nov/2024:06:38:32 -0800] "POST /wp-cron.php?doing_wp_cron=1732286312.3701870441436767578125 HTTP/1.0" 200 - "-" "WordPress/6.7.1; https://travellertube.com"
185.191.171.16 - - [22/Nov/2024:06:38:32 -0800] "GET /43906448.htm HTTP/1.0" 404 60227 "-" "Mozilla/5.0 (compatible; SemrushBot/7~bl; +http://www.semrush.com/bot.html)"
209.182.200.39 - - [22/Nov/2024:06:38:57 -0800] "POST /wp-cron.php?doing_wp_cron=1732286337.1326589584350585937500 HTTP/1.0" 200 - "-" "WordPress/6.7.1; https://travellertube.com"
85.208.96.212 - - [22/Nov/2024:06:38:56 -0800] "GET /238540128.htm HTTP/1.0" 404 60227 "-" "Mozilla/5.0 (compatible; SemrushBot/7~bl; +http://www.semrush.com/bot.html)"
209.182.200.39 - - [22/Nov/2024:06:39:29 -0800] "POST /wp-cron.php?doing_wp_cron=1732286369.1337890625000000000000 HTTP/1.0" 200 - "-" "WordPress/6.7.1; http://travellertube.com"
51.222.253.16 - - [22/Nov/2024:06:39:28 -0800] "GET /dark-tourism-california-a-paranormal-travelogue-dark-tourism-1/feed/ HTTP/1.0" 200 906 "-" "Mozilla/5.0 (compatible; AhrefsBot/7.0; +http://ahrefs.com/robot/)"
185.191.171.2 - - [22/Nov/2024:06:41:03 -0800] "GET /110072913.htm HTTP/1.0" 404 60227 "-" "Mozilla/5.0 (compatible; SemrushBot/7~bl; +http://www.semrush.com/bot.html)"
85.208.96.195 - - [22/Nov/2024:06:42:53 -0800] "GET /223943418.htm HTTP/1.0" 404 60227 "-" "Mozilla/5.0 (compatible; SemrushBot/7~bl; +http://www.semrush.com/bot.html)"
185.191.171.17 - - [22/Nov/2024:06:43:03 -0800] "GET /51933848.htm HTTP/1.0" 404 60227 "-" "Mozilla/5.0 (compatible; SemrushBot/7~bl; +http://www.semrush.com/bot.html)"
85.208.96.209 - - [22/Nov/2024:06:43:12 -0800] "GET /137590983.htm HTTP/1.0" 404 60227 "-" "Mozilla/5.0 (compatible; SemrushBot/7~bl; +http://www.semrush.com/bot.html)"
85.208.96.211 - - [22/Nov/2024:06:43:50 -0800] "GET /219092298.htm HTTP/1.0" 404 60227 "-" "Mozilla/5.0 (compatible; SemrushBot/7~bl; +http://www.semrush.com/bot.html)"
185.191.171.12 - - [22/Nov/2024:06:45:21 -0800] "GET /68023923.htm HTTP/1.0" 404 60227 "-" "Mozilla/5.0 (compatible; SemrushBot/7~bl; +http://www.semrush.com/bot.html)"
85.208.96.202 - - [22/Nov/2024:06:45:57 -0800] "GET /128272943.htm HTTP/1.0" 404 60227 "-" "Mozilla/5.0 (compatible; SemrushBot/7~bl; +http://www.semrush.com/bot.html)"
51.222.253.16 - - [22/Nov/2024:06:46:53 -0800] "GET /hotel-transylvania-transformania-dvd/feed/ HTTP/1.0" 200 835 "-" "Mozilla/5.0 (compatible; AhrefsBot/7.0; +http://ahrefs.com/robot/)"
85.208.96.196 - - [22/Nov/2024:06:47:22 -0800] "GET /robots.txt HTTP/1.0" 200 71 "-" "Mozilla/5.0 (compatible; SemrushBot/7~bl; +http://www.semrush.com/bot.html)"
185.191.171.13 - - [22/Nov/2024:06:47:23 -0800] "GET /107123498.htm HTTP/1.0" 404 60227 "-" "Mozilla/5.0 (compatible; SemrushBot/7~bl; +http://www.semrush.com/bot.html)"
185.191.171.13 - - [22/Nov/2024:06:47:34 -0800] "GET /87518333.htm HTTP/1.0" 404 60227 "-" "Mozilla/5.0 (compatible; SemrushBot/7~bl; +http://www.semrush.com/bot.html)"
185.191.171.13 - - [22/Nov/2024:06:47:57 -0800] "GET /102050443.htm HTTP/1.0" 404 60227 "-" "Mozilla/5.0 (compatible; SemrushBot/7~bl; +http://www.semrush.com/bot.html)"
185.191.171.9 - - [22/Nov/2024:06:48:05 -0800] "GET /183192718.htm HTTP/1.0" 404 60227 "-" "Mozilla/5.0 (compatible; SemrushBot/7~bl; +http://www.semrush.com/bot.html)"
209.182.200.39 - - [22/Nov/2024:06:49:34 -0800] "POST /wp-cron.php?doing_wp_cron=1732286973.9465649127960205078125 HTTP/1.0" 200 - "-" "WordPress/6.7.1; https://travellertube.com"
185.191.171.6 - - [22/Nov/2024:06:49:33 -0800] "GET /15923598.htm HTTP/1.0" 404 60227 "-" "Mozilla/5.0 (compatible; SemrushBot/7~bl; +http://www.semrush.com/bot.html)"
85.208.96.210 - - [22/Nov/2024:06:50:17 -0800] "GET /262012623.htm HTTP/1.0" 404 60227 "-" "Mozilla/5.0 (compatible; SemrushBot/7~bl; +http://www.semrush.com/bot.html)"
185.191.171.5 - - [22/Nov/2024:06:52:12 -0800] "GET /223693263.htm HTTP/1.0" 404 60227 "-" "Mozilla/5.0 (compatible; SemrushBot/7~bl; +http://www.semrush.com/bot.html)"
51.222.253.9 - - [22/Nov/2024:06:52:14 -0800] "GET /the-red-hotel-moscow-1941-the-metropol-hotel-and-the-untold-story-of-stalins-propaganda-war/feed/ HTTP/1.0" 200 1001 "-" "Mozilla/5.0 (compatible; AhrefsBot/7.0; +http://ahrefs.com/robot/)"
85.208.96.209 - - [22/Nov/2024:06:52:16 -0800] "GET /168728693.htm HTTP/1.0" 404 60227 "-" "Mozilla/5.0 (compatible; SemrushBot/7~bl; +http://www.semrush.com/bot.html)"
185.191.171.9 - - [22/Nov/2024:06:52:19 -0800] "GET /259616813.htm HTTP/1.0" 404 60227 "-" "Mozilla/5.0 (compatible; SemrushBot/7~bl; +http://www.semrush.com/bot.html)"
185.191.171.1 - - [22/Nov/2024:06:53:12 -0800] "GET /108348348.htm HTTP/1.0" 404 60227 "-" "Mozilla/5.0 (compatible; SemrushBot/7~bl; +http://www.semrush.com/bot.html)"
185.191.171.12 - - [22/Nov/2024:06:54:12 -0800] "GET /212129013.htm HTTP/1.0" 404 60227 "-" "Mozilla/5.0 (compatible; SemrushBot/7~bl; +http://www.semrush.com/bot.html)"
51.222.253.19 - - [22/Nov/2024:06:54:42 -0800] "GET /fanny-pack-crossbody-bags-for-women-men-waterproof-waist-belt-bag-for-running-hiking-and-travelling-pink/ HTTP/1.0" 200 75023 "-" "Mozilla/5.0 (compatible; AhrefsBot/7.0; +http://ahrefs.com/robot/)"
185.191.171.12 - - [22/Nov/2024:06:56:56 -0800] "GET /216608003.htm HTTP/1.0" 404 60227 "-" "Mozilla/5.0 (compatible; SemrushBot/7~bl; +http://www.semrush.com/bot.html)"
185.191.171.4 - - [22/Nov/2024:06:57:01 -0800] "GET /136395543.htm HTTP/1.0" 404 60227 "-" "Mozilla/5.0 (compatible; SemrushBot/7~bl; +http://www.semrush.com/bot.html)"
51.222.253.14 - - [22/Nov/2024:06:57:17 -0800] "GET /women-weekender-bags-large-travel-tote-cute-carry-on-overnight-duffle-waterproof-gym-duffel-bag-with-shoe-compartment-mommy-hospital-pink/ HTTP/1.0" 200 70767 "-" "Mozilla/5.0 (compatible; AhrefsBot/7.0; +http://ahrefs.com/robot/)"
185.191.171.12 - - [22/Nov/2024:06:57:18 -0800] "GET /129824193.htm HTTP/1.0" 404 60227 "-" "Mozilla/5.0 (compatible; SemrushBot/7~bl; +http://www.semrush.com/bot.html)"
85.208.96.209 - - [22/Nov/2024:06:57:23 -0800] "GET /240586418.htm HTTP/1.0" 404 60227 "-" "Mozilla/5.0 (compatible; SemrushBot/7~bl; +http://www.semrush.com/bot.html)"
185.191.171.16 - - [22/Nov/2024:06:58:59 -0800] "GET /134948333.htm HTTP/1.0" 404 60227 "-" "Mozilla/5.0 (compatible; SemrushBot/7~bl; +http://www.semrush.com/bot.html)"
52.167.144.202 - - [22/Nov/2024:07:01:03 -0800] "GET /sitemap-8.xml HTTP/1.0" 200 307488 "-" "Mozilla/5.0 AppleWebKit/537.36 (KHTML, like Gecko; compatible; bingbot/2.0; +http://www.bing.com/bingbot.htm) Chrome/116.0.1938.76 Safari/537.36"
85.208.96.199 - - [22/Nov/2024:07:01:05 -0800] "GET /191893148.htm HTTP/1.0" 404 60227 "-" "Mozilla/5.0 (compatible; SemrushBot/7~bl; +http://www.semrush.com/bot.html)"
85.208.96.199 - - [22/Nov/2024:07:01:33 -0800] "GET /161765493.htm HTTP/1.0" 404 60227 "-" "Mozilla/5.0 (compatible; SemrushBot/7~bl; +http://www.semrush.com/bot.html)"
85.208.96.205 - - [22/Nov/2024:07:01:52 -0800] "GET /166359743.htm HTTP/1.0" 404 60227 "-" "Mozilla/5.0 (compatible; SemrushBot/7~bl; +http://www.semrush.com/bot.html)"
209.182.200.39 - - [22/Nov/2024:07:02:17 -0800] "POST /wp-cron.php?doing_wp_cron=1732287737.2489120960235595703125 HTTP/1.0" 200 - "-" "WordPress/6.7.1; https://travellertube.com"
185.191.171.13 - - [22/Nov/2024:07:02:17 -0800] "GET /132474238.htm HTTP/1.0" 404 60227 "-" "Mozilla/5.0 (compatible; SemrushBot/7~bl; +http://www.semrush.com/bot.html)"
185.191.171.1 - - [22/Nov/2024:07:02:57 -0800] "GET /191866543.htm HTTP/1.0" 404 60227 "-" "Mozilla/5.0 (compatible; SemrushBot/7~bl; +http://www.semrush.com/bot.html)"
51.222.253.18 - - [22/Nov/2024:07:02:58 -0800] "GET /a-matter-of-latitude-canary-islands-mysteries-book-1/feed/ HTTP/1.0" 200 874 "-" "Mozilla/5.0 (compatible; AhrefsBot/7.0; +http://ahrefs.com/robot/)"
185.191.171.6 - - [22/Nov/2024:07:05:08 -0800] "GET /205986233.htm HTTP/1.0" 404 60227 "-" "Mozilla/5.0 (compatible; SemrushBot/7~bl; +http://www.semrush.com/bot.html)"
85.208.96.198 - - [22/Nov/2024:07:05:17 -0800] "GET /101482303.htm HTTP/1.0" 404 60227 "-" "Mozilla/5.0 (compatible; SemrushBot/7~bl; +http://www.semrush.com/bot.html)"
185.191.171.11 - - [22/Nov/2024:07:06:03 -0800] "GET /46197113.htm HTTP/1.0" 404 60227 "-" "Mozilla/5.0 (compatible; SemrushBot/7~bl; +http://www.semrush.com/bot.html)"
51.222.253.19 - - [22/Nov/2024:07:06:24 -0800] "GET /dalix-25-extra-large-vacation-travel-duffle-bag-in-black/feed/ HTTP/1.0" 200 891 "-" "Mozilla/5.0 (compatible; AhrefsBot/7.0; +http://ahrefs.com/robot/)"
185.191.171.8 - - [22/Nov/2024:07:06:58 -0800] "GET /220262493.htm HTTP/1.0" 404 60227 "-" "Mozilla/5.0 (compatible; SemrushBot/7~bl; +http://www.semrush.com/bot.html)"
85.208.96.194 - - [22/Nov/2024:07:07:36 -0800] "GET /224203603.htm HTTP/1.0" 404 60227 "-" "Mozilla/5.0 (compatible; SemrushBot/7~bl; +http://www.semrush.com/bot.html)"
51.222.253.5 - - [22/Nov/2024:07:08:18 -0800] "GET /backpack-for-women-men-travel-backpack-carry-on-backpack-for-traveling-on-airplanes-lightweight-college-backpack/ HTTP/1.0" 200 74053 "-" "Mozilla/5.0 (compatible; AhrefsBot/7.0; +http://ahrefs.com/robot/)"
185.191.171.3 - - [22/Nov/2024:07:09:14 -0800] "GET /115602333.htm HTTP/1.0" 404 60227 "-" "Mozilla/5.0 (compatible; SemrushBot/7~bl; +http://www.semrush.com/bot.html)"
124.226.222.66 - - [22/Nov/2024:07:09:48 -0800] "GET / HTTP/1.0" 301 - "-" "Mozilla/5.0 (iPhone; CPU iPhone OS 13_2_3 like Mac OS X) AppleWebKit/605.1.15 (KHTML, like Gecko) Version/13.0.3 Mobile/15E148 Safari/604.1"
124.226.222.66 - - [22/Nov/2024:07:09:50 -0800] "GET / HTTP/1.0" 200 100825 "http://www.travellertube.com" "Mozilla/5.0 (iPhone; CPU iPhone OS 13_2_3 like Mac OS X) AppleWebKit/605.1.15 (KHTML, like Gecko) Version/13.0.3 Mobile/15E148 Safari/604.1"
51.222.253.13 - - [22/Nov/2024:07:10:03 -0800] "GET /kinki-japan-railway-tourism-express-50000-series-shimakaze-all-dvd/ HTTP/1.0" 200 67525 "-" "Mozilla/5.0 (compatible; AhrefsBot/7.0; +http://ahrefs.com/robot/)"
85.208.96.205 - - [22/Nov/2024:07:10:41 -0800] "GET /189125038.htm HTTP/1.0" 404 60227 "-" "Mozilla/5.0 (compatible; SemrushBot/7~bl; +http://www.semrush.com/bot.html)"
85.208.96.200 - - [22/Nov/2024:07:11:24 -0800] "GET /17029618.htm HTTP/1.0" 404 60227 "-" "Mozilla/5.0 (compatible; SemrushBot/7~bl; +http://www.semrush.com/bot.html)"
51.222.253.10 - - [22/Nov/2024:07:11:36 -0800] "GET /extra-large-heavy-duty-moving-bagwaterproof-duffle-bag-with-zippersoxford-cloth-storage-tote-bags-for-travellingcollege-dorm-space-saving/ HTTP/1.0" 508 288 "-" "Mozilla/5.0 (compatible; AhrefsBot/7.0; +http://ahrefs.com/robot/)"
185.191.171.16 - - [22/Nov/2024:07:12:00 -0800] "GET /202344068.htm HTTP/1.0" 404 60227 "-" "Mozilla/5.0 (compatible; SemrushBot/7~bl; +http://www.semrush.com/bot.html)"
51.222.253.2 - - [22/Nov/2024:07:13:43 -0800] "GET /sierra-highway-u-s-395-and-el-camino-sierra-in-california-and-nevada-highways-of-the-west/ HTTP/1.0" 200 69233 "-" "Mozilla/5.0 (compatible; AhrefsBot/7.0; +http://ahrefs.com/robot/)"
185.191.171.11 - - [22/Nov/2024:07:14:24 -0800] "GET /13003678.htm HTTP/1.0" 404 60227 "-" "Mozilla/5.0 (compatible; SemrushBot/7~bl; +http://www.semrush.com/bot.html)"
185.191.171.1 - - [22/Nov/2024:07:14:27 -0800] "GET /63416753.htm HTTP/1.0" 404 60227 "-" "Mozilla/5.0 (compatible; SemrushBot/7~bl; +http://www.semrush.com/bot.html)"
157.55.39.13 - - [22/Nov/2024:07:15:02 -0800] "GET /sitemap-6.xml HTTP/1.0" 200 333294 "-" "Mozilla/5.0 AppleWebKit/537.36 (KHTML, like Gecko; compatible; bingbot/2.0; +http://www.bing.com/bingbot.htm) Chrome/116.0.1938.76 Safari/537.36"
85.208.96.207 - - [22/Nov/2024:07:15:45 -0800] "GET /163856408.htm HTTP/1.0" 404 60227 "-" "Mozilla/5.0 (compatible; SemrushBot/7~bl; +http://www.semrush.com/bot.html)"
85.208.96.195 - - [22/Nov/2024:07:16:19 -0800] "GET /91314348.htm HTTP/1.0" 404 60227 "-" "Mozilla/5.0 (compatible; SemrushBot/7~bl; +http://www.semrush.com/bot.html)"
51.222.253.10 - - [22/Nov/2024:07:18:11 -0800] "GET /bysure-hotel-luxury-bed-sheets-set-6-pieceking-white-super-soft-1800-thread-count-100-microfiber-sheets-with-deep-pockets-wrinkle-fade-resistant/feed/ HTTP/1.0" 200 1170 "-" "Mozilla/5.0 (compatible; AhrefsBot/7.0; +http://ahrefs.com/robot/)"
185.191.171.15 - - [22/Nov/2024:07:19:11 -0800] "GET /248194768.htm HTTP/1.0" 404 60227 "-" "Mozilla/5.0 (compatible; SemrushBot/7~bl; +http://www.semrush.com/bot.html)"
85.208.96.203 - - [22/Nov/2024:07:19:35 -0800] "GET /139482658.htm HTTP/1.0" 404 60227 "-" "Mozilla/5.0 (compatible; SemrushBot/7~bl; +http://www.semrush.com/bot.html)"
85.208.96.203 - - [22/Nov/2024:07:19:38 -0800] "GET /35052848.htm HTTP/1.0" 404 60227 "-" "Mozilla/5.0 (compatible; SemrushBot/7~bl; +http://www.semrush.com/bot.html)"
85.208.96.194 - - [22/Nov/2024:07:20:38 -0800] "GET /180681053.htm HTTP/1.0" 404 60227 "-" "Mozilla/5.0 (compatible; SemrushBot/7~bl; +http://www.semrush.com/bot.html)"
185.191.171.19 - - [22/Nov/2024:07:21:55 -0800] "GET /113695953.htm HTTP/1.0" 404 60227 "-" "Mozilla/5.0 (compatible; SemrushBot/7~bl; +http://www.semrush.com/bot.html)"
64.227.110.7 - - [22/Nov/2024:07:22:14 -0800] "GET /1719258901-89/ HTTP/1.0" 200 60900 "-" "Mozilla/5.0 (Macintosh; Intel Mac OS X 10_15_7) AppleWebKit/537.36 (KHTML, like Gecko) Chrome/124.0.0.0 Safari/537.36"
185.191.171.1 - - [22/Nov/2024:07:22:46 -0800] "GET /168292218.htm HTTP/1.0" 404 60227 "-" "Mozilla/5.0 (compatible; SemrushBot/7~bl; +http://www.semrush.com/bot.html)"
185.191.171.7 - - [22/Nov/2024:07:23:30 -0800] "GET /132147498.htm HTTP/1.0" 404 60227 "-" "Mozilla/5.0 (compatible; SemrushBot/7~bl; +http://www.semrush.com/bot.html)"
85.208.96.199 - - [22/Nov/2024:07:24:08 -0800] "GET /125883338.htm HTTP/1.0" 404 60227 "-" "Mozilla/5.0 (compatible; SemrushBot/7~bl; +http://www.semrush.com/bot.html)"
51.222.253.19 - - [22/Nov/2024:07:24:24 -0800] "GET /wedding-fever-guess-for-men-and-women-hawaii-tourism-exclusive-amazondvd-collection/ HTTP/1.0" 200 66325 "-" "Mozilla/5.0 (compatible; AhrefsBot/7.0; +http://ahrefs.com/robot/)"
85.208.96.206 - - [22/Nov/2024:07:24:57 -0800] "GET /prewplam-travel-neck-pillow-cute-cartoon-neck-pillow-for-traveling-unicorn-airplane-pillow-with-eye-mask-soft-animal-design-u-shape-travel-pillow-for-sleep-rest-airplane-car-home/ HTTP/1.0" 200 71789 "-" "Mozilla/5.0 (compatible; SemrushBot/7~bl; +http://www.semrush.com/bot.html)"
85.208.96.206 - - [22/Nov/2024:07:24:59 -0800] "GET /prewplam-travel-neck-pillow-cute-cartoon-neck-pillow-for-traveling-unicorn-airplane-pillow-with-eye-mask-soft-animal-design-u-shape-travel-pillow-for-sleep-rest-airplane-car-home/ HTTP/1.0" 200 71789 "-" "Mozilla/5.0 (compatible; SemrushBot/7~bl; +http://www.semrush.com/bot.html)"
185.191.171.1 - - [22/Nov/2024:07:26:29 -0800] "GET /185627203.htm HTTP/1.0" 404 60227 "-" "Mozilla/5.0 (compatible; SemrushBot/7~bl; +http://www.semrush.com/bot.html)"
85.208.96.193 - - [22/Nov/2024:07:27:15 -0800] "GET /197433533.htm HTTP/1.0" 404 60227 "-" "Mozilla/5.0 (compatible; SemrushBot/7~bl; +http://www.semrush.com/bot.html)"
185.191.171.1 - - [22/Nov/2024:07:27:21 -0800] "GET /86826348.htm HTTP/1.0" 404 60227 "-" "Mozilla/5.0 (compatible; SemrushBot/7~bl; +http://www.semrush.com/bot.html)"
85.208.96.212 - - [22/Nov/2024:07:28:40 -0800] "GET /whiteclassic-luxury-cotton-washcloths-large-hotel-spa-bathroom-face-towel-12-pack-white/ HTTP/1.0" 200 75285 "-" "Mozilla/5.0 (compatible; SemrushBot/7~bl; +http://www.semrush.com/bot.html)"
85.208.96.211 - - [22/Nov/2024:07:29:15 -0800] "GET /193771903.htm HTTP/1.0" 404 60227 "-" "Mozilla/5.0 (compatible; SemrushBot/7~bl; +http://www.semrush.com/bot.html)"
85.208.96.210 - - [22/Nov/2024:07:31:42 -0800] "GET /247377493.htm HTTP/1.0" 404 60227 "-" "Mozilla/5.0 (compatible; SemrushBot/7~bl; +http://www.semrush.com/bot.html)"
185.191.171.15 - - [22/Nov/2024:07:31:46 -0800] "GET /225376178.htm HTTP/1.0" 404 60227 "-" "Mozilla/5.0 (compatible; SemrushBot/7~bl; +http://www.semrush.com/bot.html)"
