216.244.66.250 - - [22/Nov/2024:12:47:05 -0800] "GET /robots.txt HTTP/1.0" 200 71 "-" "Mozilla/5.0 (compatible; DotBot/1.2; +https://opensiteexplorer.org/dotbot; help@moz.com)"
209.182.200.39 - - [22/Nov/2024:12:49:44 -0800] "POST /wp-cron.php?doing_wp_cron=1732308584.4008760452270507812500 HTTP/1.0" 200 - "-" "WordPress/6.7.1; https://travellertube.com"
185.191.171.5 - - [22/Nov/2024:12:49:44 -0800] "GET /219526053.htm HTTP/1.0" 404 60227 "-" "Mozilla/5.0 (compatible; SemrushBot/7~bl; +http://www.semrush.com/bot.html)"
54.36.148.168 - - [22/Nov/2024:12:50:44 -0800] "GET /robots.txt HTTP/1.0" 200 71 "-" "Mozilla/5.0 (compatible; AhrefsBot/7.0; +http://ahrefs.com/robot/)"
51.222.253.15 - - [22/Nov/2024:12:50:45 -0800] "GET /wedding-fever-guess-for-men-and-women-hawaii-tourism-exclusive-amazondvd-collection/feed/ HTTP/1.0" 200 969 "-" "Mozilla/5.0 (compatible; AhrefsBot/7.0; +http://ahrefs.com/robot/)"
3.142.49.182 - - [22/Nov/2024:12:51:23 -0800] "POST /wp-login.php HTTP/1.0" 200 7337 "-" "Mozilla/5.0"
216.244.66.250 - - [22/Nov/2024:12:51:37 -0800] "GET /xtw18387579f/ HTTP/1.0" 200 60549 "-" "Mozilla/5.0 (compatible; DotBot/1.2; +https://opensiteexplorer.org/dotbot; help@moz.com)"
85.208.96.209 - - [22/Nov/2024:12:54:10 -0800] "GET /217892183.htm HTTP/1.0" 404 60227 "-" "Mozilla/5.0 (compatible; SemrushBot/7~bl; +http://www.semrush.com/bot.html)"
51.222.253.3 - - [22/Nov/2024:12:54:13 -0800] "GET /eki-stamp-book-collect-stamps-from-your-trip-to-japan-and-create-a-cherished-memento/ HTTP/1.0" 200 67881 "-" "Mozilla/5.0 (compatible; AhrefsBot/7.0; +http://ahrefs.com/robot/)"
165.227.118.170 - - [22/Nov/2024:12:54:22 -0800] "GET /1718486914-41/ HTTP/1.0" 200 60904 "-" "Mozilla/5.0 (Windows NT 10.0; Win64; x64) AppleWebKit/537.36 (KHTML, like Gecko) Chrome/124.0.0.0 Safari/537.36"
51.222.253.12 - - [22/Nov/2024:12:55:13 -0800] "GET /haundry-water-bottle-carrier-bag-compatible-with-30oz-40oz-stanley-tumbler-cup-water-bottle-holder-with-adjustable-shoulder-strap-bottle-pouch-holder-with-handle-for-hiking-travelling-camping/ HTTP/1.0" 200 72983 "-" "Mozilla/5.0 (compatible; AhrefsBot/7.0; +http://ahrefs.com/robot/)"
51.222.253.5 - - [22/Nov/2024:12:56:01 -0800] "GET /shoe-bag-store-your-3-pair-in-1-bag-perfect-for-travelling-and-daily-use-luggage-strap-easy-to-transport-extra-pocket-for-storage-pink/ HTTP/1.0" 200 75792 "-" "Mozilla/5.0 (compatible; AhrefsBot/7.0; +http://ahrefs.com/robot/)"
51.222.253.15 - - [22/Nov/2024:12:56:49 -0800] "GET /samsonite-womens-mobile-solution-spinner-mobile-office-telescoping-handles-black/ HTTP/1.0" 200 67203 "-" "Mozilla/5.0 (compatible; AhrefsBot/7.0; +http://ahrefs.com/robot/)"
51.222.253.8 - - [22/Nov/2024:12:57:40 -0800] "GET /4-pack-xxl-600d-oxford-fabric-bags-sturdy-foldable-waterproof-moving-tote-bag-with-double-zippers-and-reinforced-handles-for-clothes-quiltsjumbo-cargo-duffel-bag-for-moving-packing-travellingblack/feed/ HTTP/1.0" 200 1310 "-" "Mozilla/5.0 (compatible; AhrefsBot/7.0; +http://ahrefs.com/robot/)"
51.222.253.10 - - [22/Nov/2024:12:58:33 -0800] "GET /sxosyo-toiletry-bag-for-women-hanging-travel-cosmetic-bags-pu-leather-travelling-accessories-makeup-organizer-waterproof-bathroom-bag-with-sturdy-hook-black-pu-leather-l/feed/ HTTP/1.0" 200 1229 "-" "Mozilla/5.0 (compatible; AhrefsBot/7.0; +http://ahrefs.com/robot/)"
185.191.171.12 - - [22/Nov/2024:12:59:00 -0800] "GET /150110973.htm HTTP/1.0" 404 60227 "-" "Mozilla/5.0 (compatible; SemrushBot/7~bl; +http://www.semrush.com/bot.html)"
51.222.253.6 - - [22/Nov/2024:12:59:27 -0800] "GET /highlights-of-scotland-a-concise-travelers-guide-to-destinations-history/feed/ HTTP/1.0" 200 949 "-" "Mozilla/5.0 (compatible; AhrefsBot/7.0; +http://ahrefs.com/robot/)"
185.191.171.17 - - [22/Nov/2024:13:00:11 -0800] "GET /106673593.htm HTTP/1.0" 404 60227 "-" "Mozilla/5.0 (compatible; SemrushBot/7~bl; +http://www.semrush.com/bot.html)"
51.222.253.6 - - [22/Nov/2024:13:00:12 -0800] "GET /discount-promos-custom-classic-polyester-drawstring-bags-set-of-10-personalized-bulk-pack-bring-everywhere-you-go-great-for-travelling-gym-and-for-everyday-use-black/feed/ HTTP/1.0" 200 1232 "-" "Mozilla/5.0 (compatible; AhrefsBot/7.0; +http://ahrefs.com/robot/)"
51.222.253.5 - - [22/Nov/2024:13:00:58 -0800] "GET /inspirational-gifts-for-women-thank-you-gifts-for-birthday-christmas-gift-for-coworker-women-friendemployee-thank-you-makeup-bag-travel-bag-zipper-for-purse-make-up-bag-for-travelling/feed/ HTTP/1.0" 200 1275 "-" "Mozilla/5.0 (compatible; AhrefsBot/7.0; +http://ahrefs.com/robot/)"
51.222.253.2 - - [22/Nov/2024:13:01:48 -0800] "GET /makeup-bag-large-cosmetic-bag-for-women-girls-floral-canvas-makeup-bags-with-zipper-travel-toiletry-organizer-cute-makeup-bag-preppy-skincare-organizer-garden/feed/ HTTP/1.0" 200 1198 "-" "Mozilla/5.0 (compatible; AhrefsBot/7.0; +http://ahrefs.com/robot/)"
51.222.253.13 - - [22/Nov/2024:13:02:30 -0800] "GET /central-indiana-day-trips-a-tourism-guidebook-and-travel-guide-road-trip-indiana-series/ HTTP/1.0" 200 68344 "-" "Mozilla/5.0 (compatible; AhrefsBot/7.0; +http://ahrefs.com/robot/)"
185.191.171.15 - - [22/Nov/2024:13:03:04 -0800] "GET /robots.txt HTTP/1.0" 200 71 "-" "Mozilla/5.0 (compatible; SemrushBot/7~bl; +http://www.semrush.com/bot.html)"
85.208.96.208 - - [22/Nov/2024:13:03:08 -0800] "GET /207633618.htm HTTP/1.0" 404 60227 "-" "Mozilla/5.0 (compatible; SemrushBot/7~bl; +http://www.semrush.com/bot.html)"
51.222.253.16 - - [22/Nov/2024:13:03:45 -0800] "GET /mason-bee-houses-outdoor-wooden-bee-hotel-for-garden-and-yard-hand-made-bamboo-bee-hive-for-bees-butterflies-and-ladybugs-medium-size-8x7-5x5-natural-finish/feed/ HTTP/1.0" 200 1207 "-" "Mozilla/5.0 (compatible; AhrefsBot/7.0; +http://ahrefs.com/robot/)"
51.222.253.3 - - [22/Nov/2024:13:04:21 -0800] "GET /bagsmart-toiletry-bag-travel-bag-with-hanging-hook-water-resistant-makeup-cosmetic-bag-travel-organizer-for-accessories-shampoo-full-size-container-toiletries-2/feed/ HTTP/1.0" 200 1200 "-" "Mozilla/5.0 (compatible; AhrefsBot/7.0; +http://ahrefs.com/robot/)"
85.208.96.210 - - [22/Nov/2024:13:04:28 -0800] "GET /230903218.htm HTTP/1.0" 404 60227 "-" "Mozilla/5.0 (compatible; SemrushBot/7~bl; +http://www.semrush.com/bot.html)"
185.191.171.5 - - [22/Nov/2024:13:04:37 -0800] "GET /227590428.htm HTTP/1.0" 404 60227 "-" "Mozilla/5.0 (compatible; SemrushBot/7~bl; +http://www.semrush.com/bot.html)"
51.222.253.15 - - [22/Nov/2024:13:04:55 -0800] "GET /clear-makeup-bag-for-women-green-travel-toiletry-bag-with-handle-tsa-approved-large-cosmetic-bag-waterproof-make-up-bags-large-opening-for-travelling-car-essentials/feed/ HTTP/1.0" 200 1211 "-" "Mozilla/5.0 (compatible; AhrefsBot/7.0; +http://ahrefs.com/robot/)"
51.222.253.4 - - [22/Nov/2024:13:05:32 -0800] "GET /f-fetivin-weekender-bag-carry-on-duffle-bag-travelling-bag-medium-overnight-bag-for-women-and-girlsrosy/feed/ HTTP/1.0" 200 1029 "-" "Mozilla/5.0 (compatible; AhrefsBot/7.0; +http://ahrefs.com/robot/)"
51.222.253.10 - - [22/Nov/2024:13:06:09 -0800] "GET /dalykate-travel-laundry-bags3-packs-nylon-laundry-bags-with-drawstring-closure-and-fabric-handles-28x40-inches-heavy-duty-large-dirty-clothes-bag-for-laundry-perfect-for-camping-and-travelling/ HTTP/1.0" 200 69462 "-" "Mozilla/5.0 (compatible; AhrefsBot/7.0; +http://ahrefs.com/robot/)"
51.222.253.7 - - [22/Nov/2024:13:06:47 -0800] "GET /magefy-2-pcs-makeup-bags-for-women-corduroy-make-up-bag-for-purse-travel-makeup-bag-small-cosmetic-bags-with-zipper-makeup-pouch-for-travelling-dusty-pink/feed/ HTTP/1.0" 200 1189 "-" "Mozilla/5.0 (compatible; AhrefsBot/7.0; +http://ahrefs.com/robot/)"
51.222.253.8 - - [22/Nov/2024:13:07:27 -0800] "GET /bali-and-beyond-case-studies-in-the-anthropology-of-tourism-asian-anthropologies-2/ HTTP/1.0" 200 68336 "-" "Mozilla/5.0 (compatible; AhrefsBot/7.0; +http://ahrefs.com/robot/)"
85.208.96.201 - - [22/Nov/2024:13:08:01 -0800] "GET /244698633.htm HTTP/1.0" 404 60227 "-" "Mozilla/5.0 (compatible; SemrushBot/7~bl; +http://www.semrush.com/bot.html)"
51.222.253.19 - - [22/Nov/2024:13:08:03 -0800] "GET /water-bottle-holder-with-strap-for-stanley-quencher-h2-0-adventure-40oz-tumbler-water-bottle-carrier-bag-with-adjustable-shoulder-strapstanley-cup-accessories-for-hiking-travelling-camping/ HTTP/1.0" 200 68269 "-" "Mozilla/5.0 (compatible; AhrefsBot/7.0; +http://ahrefs.com/robot/)"
185.191.171.17 - - [22/Nov/2024:13:08:07 -0800] "GET /85444503.htm HTTP/1.0" 404 60227 "-" "Mozilla/5.0 (compatible; SemrushBot/7~bl; +http://www.semrush.com/bot.html)"
185.191.171.15 - - [22/Nov/2024:13:08:55 -0800] "GET /75399968.htm HTTP/1.0" 404 60227 "-" "Mozilla/5.0 (compatible; SemrushBot/7~bl; +http://www.semrush.com/bot.html)"
51.222.253.7 - - [22/Nov/2024:13:09:48 -0800] "GET /amazon-basics-multiple-vacuum-compression-zipper-storage-bags-with-hand-pump-6-pack-2-jumbo-2-large-2-medium-transparent/feed/ HTTP/1.0" 200 1091 "-" "Mozilla/5.0 (compatible; AhrefsBot/7.0; +http://ahrefs.com/robot/)"
3.142.49.182 - - [22/Nov/2024:13:10:09 -0800] "POST /wp-login.php HTTP/1.0" 200 7316 "-" "Mozilla/5.0"
85.208.96.206 - - [22/Nov/2024:13:11:29 -0800] "GET /243255248.htm HTTP/1.0" 404 60227 "-" "Mozilla/5.0 (compatible; SemrushBot/7~bl; +http://www.semrush.com/bot.html)"
185.191.171.15 - - [22/Nov/2024:13:12:23 -0800] "GET /150166563.htm HTTP/1.0" 404 60227 "-" "Mozilla/5.0 (compatible; SemrushBot/7~bl; +http://www.semrush.com/bot.html)"
85.208.96.193 - - [22/Nov/2024:13:12:55 -0800] "GET /22815568.htm HTTP/1.0" 404 60227 "-" "Mozilla/5.0 (compatible; SemrushBot/7~bl; +http://www.semrush.com/bot.html)"
85.208.96.194 - - [22/Nov/2024:13:13:18 -0800] "GET /96401598.htm HTTP/1.0" 404 60227 "-" "Mozilla/5.0 (compatible; SemrushBot/7~bl; +http://www.semrush.com/bot.html)"
205.210.31.20 - - [22/Nov/2024:13:13:45 -0800] "GET / HTTP/1.0" 301 - "-" "-"
205.210.31.20 - - [22/Nov/2024:13:13:45 -0800] "GET / HTTP/1.0" 200 101160 "-" "-"
185.191.171.18 - - [22/Nov/2024:13:15:43 -0800] "GET /194587733.htm HTTP/1.0" 404 60227 "-" "Mozilla/5.0 (compatible; SemrushBot/7~bl; +http://www.semrush.com/bot.html)"
185.191.171.9 - - [22/Nov/2024:13:16:47 -0800] "GET /68568348.htm HTTP/1.0" 404 60227 "-" "Mozilla/5.0 (compatible; SemrushBot/7~bl; +http://www.semrush.com/bot.html)"
85.208.96.209 - - [22/Nov/2024:13:17:01 -0800] "GET /49648028.htm HTTP/1.0" 404 60227 "-" "Mozilla/5.0 (compatible; SemrushBot/7~bl; +http://www.semrush.com/bot.html)"
185.191.171.16 - - [22/Nov/2024:13:17:37 -0800] "GET /154367093.htm HTTP/1.0" 404 60227 "-" "Mozilla/5.0 (compatible; SemrushBot/7~bl; +http://www.semrush.com/bot.html)"
3.142.49.182 - - [22/Nov/2024:13:18:25 -0800] "POST /wp-login.php HTTP/1.0" 200 7337 "-" "Mozilla/5.0"
35.222.30.250 - - [22/Nov/2024:13:20:23 -0800] "GET / HTTP/1.0" 200 101167 "-" "Mozilla/5.0 (Windows NT 10.0; Win64; x64) AppleWebKit/537.36 (KHTML, like Gecko) Chrome/121.0.0.0 Safari/537.36"
85.208.96.200 - - [22/Nov/2024:13:20:41 -0800] "GET /73084483.htm HTTP/1.0" 404 60227 "-" "Mozilla/5.0 (compatible; SemrushBot/7~bl; +http://www.semrush.com/bot.html)"
85.208.96.199 - - [22/Nov/2024:13:20:48 -0800] "GET /160704268.htm HTTP/1.0" 404 60227 "-" "Mozilla/5.0 (compatible; SemrushBot/7~bl; +http://www.semrush.com/bot.html)"
85.208.96.207 - - [22/Nov/2024:13:21:54 -0800] "GET /219383593.htm HTTP/1.0" 404 60227 "-" "Mozilla/5.0 (compatible; SemrushBot/7~bl; +http://www.semrush.com/bot.html)"
185.191.171.13 - - [22/Nov/2024:13:22:37 -0800] "GET /108632758.htm HTTP/1.0" 404 60227 "-" "Mozilla/5.0 (compatible; SemrushBot/7~bl; +http://www.semrush.com/bot.html)"
51.222.253.16 - - [22/Nov/2024:13:23:03 -0800] "GET /category/store/page/56/ HTTP/1.0" 200 69610 "-" "Mozilla/5.0 (compatible; AhrefsBot/7.0; +http://ahrefs.com/robot/)"
51.222.253.14 - - [22/Nov/2024:13:24:54 -0800] "GET /nelson-rigg-polaris-rzr-lower-door-bag-set-fits-most-2014-2021-polaris-rzr-models/feed/ HTTP/1.0" 200 962 "-" "Mozilla/5.0 (compatible; AhrefsBot/7.0; +http://ahrefs.com/robot/)"
185.191.171.12 - - [22/Nov/2024:13:25:34 -0800] "GET /64557368.htm HTTP/1.0" 404 60227 "-" "Mozilla/5.0 (compatible; SemrushBot/7~bl; +http://www.semrush.com/bot.html)"
85.208.96.203 - - [22/Nov/2024:13:25:45 -0800] "GET /212241128.htm HTTP/1.0" 404 60227 "-" "Mozilla/5.0 (compatible; SemrushBot/7~bl; +http://www.semrush.com/bot.html)"
185.191.171.6 - - [22/Nov/2024:13:26:39 -0800] "GET /121959313.htm HTTP/1.0" 404 60227 "-" "Mozilla/5.0 (compatible; SemrushBot/7~bl; +http://www.semrush.com/bot.html)"
85.208.96.211 - - [22/Nov/2024:13:27:15 -0800] "GET /64161098.htm HTTP/1.0" 404 60227 "-" "Mozilla/5.0 (compatible; SemrushBot/7~bl; +http://www.semrush.com/bot.html)"
51.222.253.2 - - [22/Nov/2024:13:29:59 -0800] "GET /category/store/page/60/ HTTP/1.0" 200 69865 "-" "Mozilla/5.0 (compatible; AhrefsBot/7.0; +http://ahrefs.com/robot/)"
185.191.171.12 - - [22/Nov/2024:13:30:09 -0800] "GET /252191723.htm HTTP/1.0" 404 60227 "-" "Mozilla/5.0 (compatible; SemrushBot/7~bl; +http://www.semrush.com/bot.html)"
185.191.171.4 - - [22/Nov/2024:13:30:15 -0800] "GET /160539708.htm HTTP/1.0" 404 60227 "-" "Mozilla/5.0 (compatible; SemrushBot/7~bl; +http://www.semrush.com/bot.html)"
185.191.171.9 - - [22/Nov/2024:13:31:07 -0800] "GET /123099843.htm HTTP/1.0" 404 60227 "-" "Mozilla/5.0 (compatible; SemrushBot/7~bl; +http://www.semrush.com/bot.html)"
51.222.253.18 - - [22/Nov/2024:13:31:33 -0800] "GET /author/admin-2-2/page/58/ HTTP/1.0" 200 66427 "-" "Mozilla/5.0 (compatible; AhrefsBot/7.0; +http://ahrefs.com/robot/)"
85.208.96.205 - - [22/Nov/2024:13:32:29 -0800] "GET /220907133.htm HTTP/1.0" 404 60227 "-" "Mozilla/5.0 (compatible; SemrushBot/7~bl; +http://www.semrush.com/bot.html)"
85.208.96.203 - - [22/Nov/2024:13:34:43 -0800] "GET /96165723.htm HTTP/1.0" 404 60227 "-" "Mozilla/5.0 (compatible; SemrushBot/7~bl; +http://www.semrush.com/bot.html)"
51.222.253.19 - - [22/Nov/2024:13:34:46 -0800] "GET /hotel-portofino-season-two/feed/ HTTP/1.0" 200 797 "-" "Mozilla/5.0 (compatible; AhrefsBot/7.0; +http://ahrefs.com/robot/)"
85.208.96.201 - - [22/Nov/2024:13:35:23 -0800] "GET /213698368.htm HTTP/1.0" 404 60227 "-" "Mozilla/5.0 (compatible; SemrushBot/7~bl; +http://www.semrush.com/bot.html)"
185.191.171.17 - - [22/Nov/2024:13:35:53 -0800] "GET /44020433.htm HTTP/1.0" 404 60227 "-" "Mozilla/5.0 (compatible; SemrushBot/7~bl; +http://www.semrush.com/bot.html)"
51.222.253.2 - - [22/Nov/2024:13:36:23 -0800] "GET /bagsmart-rolling-duffle-bag-with-wheels-45l-carry-on-luggage-large-travel-bag-with-shoes-compartment-weekender-overnight-bag-for-travel-business-tripsblack/feed/ HTTP/1.0" 200 1188 "-" "Mozilla/5.0 (compatible; AhrefsBot/7.0; +http://ahrefs.com/robot/)"
85.208.96.199 - - [22/Nov/2024:13:37:06 -0800] "GET /71849433.htm HTTP/1.0" 404 60227 "-" "Mozilla/5.0 (compatible; SemrushBot/7~bl; +http://www.semrush.com/bot.html)"
3.142.49.182 - - [22/Nov/2024:13:37:35 -0800] "POST /wp-login.php HTTP/1.0" 200 7316 "-" "Mozilla/5.0"
185.191.171.14 - - [22/Nov/2024:13:38:32 -0800] "GET /175314493.htm HTTP/1.0" 404 60227 "-" "Mozilla/5.0 (compatible; SemrushBot/7~bl; +http://www.semrush.com/bot.html)"
85.208.96.209 - - [22/Nov/2024:13:39:24 -0800] "GET /63146283.htm HTTP/1.0" 404 60227 "-" "Mozilla/5.0 (compatible; SemrushBot/7~bl; +http://www.semrush.com/bot.html)"
51.222.253.6 - - [22/Nov/2024:13:39:40 -0800] "GET /small-makeup-bag-travel-makeup-bag-small-cosmetic-bags-for-women-fashion-geometric-clutch-waterproof-cosmetic-bag-with-zipper-and-detachable-strap-make-up-bag-for-travelling-black/ HTTP/1.0" 200 69434 "-" "Mozilla/5.0 (compatible; AhrefsBot/7.0; +http://ahrefs.com/robot/)"
209.182.200.39 - - [22/Nov/2024:13:41:23 -0800] "POST /wp-cron.php?doing_wp_cron=1732311683.7790689468383789062500 HTTP/1.0" 200 - "-" "WordPress/6.7.1; https://travellertube.com"
51.222.253.12 - - [22/Nov/2024:13:41:23 -0800] "GET /small-drawstring-bags-stuff-sack-set-3-packcolorful-3l-5l-9l-ultralight-ditty-bags-with-dirty-flap-for-campinghikingtravelling-or-laundry/feed/ HTTP/1.0" 200 1132 "-" "Mozilla/5.0 (compatible; AhrefsBot/7.0; +http://ahrefs.com/robot/)"
185.191.171.8 - - [22/Nov/2024:13:42:06 -0800] "GET /131664443.htm HTTP/1.0" 404 60227 "-" "Mozilla/5.0 (compatible; SemrushBot/7~bl; +http://www.semrush.com/bot.html)"
85.208.96.197 - - [22/Nov/2024:13:42:17 -0800] "GET /17087503.htm HTTP/1.0" 404 60227 "-" "Mozilla/5.0 (compatible; SemrushBot/7~bl; +http://www.semrush.com/bot.html)"
185.191.171.15 - - [22/Nov/2024:13:42:19 -0800] "GET /171920358.htm HTTP/1.0" 404 60227 "-" "Mozilla/5.0 (compatible; SemrushBot/7~bl; +http://www.semrush.com/bot.html)"
51.222.253.14 - - [22/Nov/2024:13:43:03 -0800] "GET /fanny-pack-anti-thief-everywhere-belt-bag-with-rfid-mini-fashion-crossbody-bags-with-adjustable-strap-for-women-and-men-unisex-small-waist-pouch-for-workout-running-travelling-hiking-green/feed/ HTTP/1.0" 200 1286 "-" "Mozilla/5.0 (compatible; AhrefsBot/7.0; +http://ahrefs.com/robot/)"
85.208.96.208 - - [22/Nov/2024:13:43:25 -0800] "GET /10320483.htm HTTP/1.0" 404 60227 "-" "Mozilla/5.0 (compatible; SemrushBot/7~bl; +http://www.semrush.com/bot.html)"
51.222.253.11 - - [22/Nov/2024:13:44:36 -0800] "GET /inspirational-gifts-for-women-blue-elephant-polka-dot-makeup-bag-birthdays-gift-christmas-thanksgiving-halloween-gifts-mom-teachers-friends-besties-gifts-organizer-make-up-bag-for-travelling/ HTTP/1.0" 200 68998 "-" "Mozilla/5.0 (compatible; AhrefsBot/7.0; +http://ahrefs.com/robot/)"
85.208.96.198 - - [22/Nov/2024:13:44:53 -0800] "GET /252391218.htm HTTP/1.0" 404 60227 "-" "Mozilla/5.0 (compatible; SemrushBot/7~bl; +http://www.semrush.com/bot.html)"
3.142.49.182 - - [22/Nov/2024:13:45:53 -0800] "POST /wp-login.php HTTP/1.0" 200 7337 "-" "Mozilla/5.0"
185.191.171.14 - - [22/Nov/2024:13:45:59 -0800] "GET /141857813.htm HTTP/1.0" 404 60227 "-" "Mozilla/5.0 (compatible; SemrushBot/7~bl; +http://www.semrush.com/bot.html)"
51.222.253.12 - - [22/Nov/2024:13:46:19 -0800] "GET /michael-kors-crossbody-oro-chiaro/ HTTP/1.0" 200 67022 "-" "Mozilla/5.0 (compatible; AhrefsBot/7.0; +http://ahrefs.com/robot/)"
20.171.207.14 - - [22/Nov/2024:13:46:48 -0800] "GET /robots.txt HTTP/1.0" 403 228 "-" "Mozilla/5.0 AppleWebKit/537.36 (KHTML, like Gecko; compatible; GPTBot/1.2; +https://openai.com/gptbot)"
85.208.96.195 - - [22/Nov/2024:13:47:27 -0800] "GET /26843293.htm HTTP/1.0" 404 60227 "-" "Mozilla/5.0 (compatible; SemrushBot/7~bl; +http://www.semrush.com/bot.html)"
85.208.96.199 - - [22/Nov/2024:13:47:36 -0800] "GET /179875083.htm HTTP/1.0" 404 60227 "-" "Mozilla/5.0 (compatible; SemrushBot/7~bl; +http://www.semrush.com/bot.html)"
51.222.253.15 - - [22/Nov/2024:13:47:57 -0800] "GET /key-west-florida-a-mind-blowing-tour-of-key-westflorida-photography-coffee-table-book-for-people-of-all-ages-who-love-tourism-travel-relaxing-meditation-paperback-july-32023/ HTTP/1.0" 200 69173 "-" "Mozilla/5.0 (compatible; AhrefsBot/7.0; +http://ahrefs.com/robot/)"
209.182.200.39 - - [22/Nov/2024:13:50:33 -0800] "POST /wp-cron.php?doing_wp_cron=1732312233.4908540248870849609375 HTTP/1.0" 200 - "-" "WordPress/6.7.1; https://travellertube.com"
185.191.171.8 - - [22/Nov/2024:13:50:33 -0800] "GET /155124188.htm HTTP/1.0" 404 60227 "-" "Mozilla/5.0 (compatible; SemrushBot/7~bl; +http://www.semrush.com/bot.html)"
51.222.253.15 - - [22/Nov/2024:13:51:02 -0800] "GET /travel-jewelry-organizer-case-jewelry-travel-pouch-for-rings-storage-earrings-necklaces-bracelets-brooches-foldable-travel-jewelry-roll-hanging-jewelry-bag-roll-black-small/feed/ HTTP/1.0" 200 1242 "-" "Mozilla/5.0 (compatible; AhrefsBot/7.0; +http://ahrefs.com/robot/)"
85.208.96.208 - - [22/Nov/2024:13:51:30 -0800] "GET /69395653.htm HTTP/1.0" 404 60227 "-" "Mozilla/5.0 (compatible; SemrushBot/7~bl; +http://www.semrush.com/bot.html)"
85.208.96.208 - - [22/Nov/2024:13:51:35 -0800] "GET /152505083.htm HTTP/1.0" 404 60227 "-" "Mozilla/5.0 (compatible; SemrushBot/7~bl; +http://www.semrush.com/bot.html)"
51.222.253.6 - - [22/Nov/2024:13:52:38 -0800] "GET /large-leather-32-inch-luggage-handmade-duffel-bag-carryall-weekender-travel-overnight-gym-sports-carry-on-for-men-and-women-32-inch/ HTTP/1.0" 200 70408 "-" "Mozilla/5.0 (compatible; AhrefsBot/7.0; +http://ahrefs.com/robot/)"
85.208.96.203 - - [22/Nov/2024:13:52:52 -0800] "GET /31096098.htm HTTP/1.0" 404 60227 "-" "Mozilla/5.0 (compatible; SemrushBot/7~bl; +http://www.semrush.com/bot.html)"
51.222.253.3 - - [22/Nov/2024:13:54:15 -0800] "GET /sechunk-duffle-bag-canvas-leather-large-outdoor-shoulder-bag-2/ HTTP/1.0" 200 67097 "-" "Mozilla/5.0 (compatible; AhrefsBot/7.0; +http://ahrefs.com/robot/)"
185.191.171.13 - - [22/Nov/2024:13:54:17 -0800] "GET /168728438.htm HTTP/1.0" 404 60227 "-" "Mozilla/5.0 (compatible; SemrushBot/7~bl; +http://www.semrush.com/bot.html)"
157.55.39.196 - - [22/Nov/2024:13:55:10 -0800] "GET /sitemap_index.xml HTTP/1.0" 200 348146 "-" "Mozilla/5.0 AppleWebKit/537.36 (KHTML, like Gecko; compatible; bingbot/2.0; +http://www.bing.com/bingbot.htm) Chrome/116.0.1938.76 Safari/537.36"
85.208.96.210 - - [22/Nov/2024:13:55:29 -0800] "GET /64400203.htm HTTP/1.0" 404 60227 "-" "Mozilla/5.0 (compatible; SemrushBot/7~bl; +http://www.semrush.com/bot.html)"
51.222.253.10 - - [22/Nov/2024:13:55:52 -0800] "GET /vomgomfom-75l-100l-110l-140l-25-31-5-expandable-duffle-bag-with-2-wheelsfoldable-travel-duffel-bag-with-large-convertible-compartment-pocket/ HTTP/1.0" 200 70388 "-" "Mozilla/5.0 (compatible; AhrefsBot/7.0; +http://ahrefs.com/robot/)"
185.191.171.10 - - [22/Nov/2024:13:55:55 -0800] "GET /137610703.htm HTTP/1.0" 404 60227 "-" "Mozilla/5.0 (compatible; SemrushBot/7~bl; +http://www.semrush.com/bot.html)"
185.191.171.2 - - [22/Nov/2024:13:56:28 -0800] "GET /97290698.htm HTTP/1.0" 404 60227 "-" "Mozilla/5.0 (compatible; SemrushBot/7~bl; +http://www.semrush.com/bot.html)"
51.222.253.14 - - [22/Nov/2024:13:57:32 -0800] "GET /duffle-bag-for-travel-large-canvas-duffel-bag-for-travelling-overnight-weekender-bag-carry-on-bag-for-men-women-black/ HTTP/1.0" 200 77905 "-" "Mozilla/5.0 (compatible; AhrefsBot/7.0; +http://ahrefs.com/robot/)"
185.191.171.12 - - [22/Nov/2024:13:57:44 -0800] "GET /208247318.htm HTTP/1.0" 404 60227 "-" "Mozilla/5.0 (compatible; SemrushBot/7~bl; +http://www.semrush.com/bot.html)"
4.227.36.69 - - [22/Nov/2024:13:58:18 -0800] "GET / HTTP/1.0" 403 228 "-" "Mozilla/5.0 AppleWebKit/537.36 (KHTML, like Gecko; compatible; GPTBot/1.2; +https://openai.com/gptbot)"
185.191.171.14 - - [22/Nov/2024:13:58:31 -0800] "GET /119217383.htm HTTP/1.0" 404 60227 "-" "Mozilla/5.0 (compatible; SemrushBot/7~bl; +http://www.semrush.com/bot.html)"
51.222.253.19 - - [22/Nov/2024:13:59:00 -0800] "GET /austin-texas-travel-guide-2024-edition-everything-you-need-to-know-before-visiting-austin-practical-pointers-tips-and-tricks-for-a-seamless-austin-vacation-paul-pattons-wanderlust-chronicles/feed/ HTTP/1.0" 200 1300 "-" "Mozilla/5.0 (compatible; AhrefsBot/7.0; +http://ahrefs.com/robot/)"
185.191.171.13 - - [22/Nov/2024:13:59:51 -0800] "GET /48552888.htm HTTP/1.0" 404 60227 "-" "Mozilla/5.0 (compatible; SemrushBot/7~bl; +http://www.semrush.com/bot.html)"
85.208.96.207 - - [22/Nov/2024:14:00:01 -0800] "GET /244246603.htm HTTP/1.0" 404 60227 "-" "Mozilla/5.0 (compatible; SemrushBot/7~bl; +http://www.semrush.com/bot.html)"
185.191.171.15 - - [22/Nov/2024:14:00:07 -0800] "GET /183911818.htm HTTP/1.0" 404 60227 "-" "Mozilla/5.0 (compatible; SemrushBot/7~bl; +http://www.semrush.com/bot.html)"
51.222.253.3 - - [22/Nov/2024:14:00:38 -0800] "GET /pocmimut-makeup-bag-cosmetic-bag-travel-makeup-bag-for-women-large-make-up-bag-with-brush-holder-toiletry-bagbaby-pink/feed/ HTTP/1.0" 200 1074 "-" "Mozilla/5.0 (compatible; AhrefsBot/7.0; +http://ahrefs.com/robot/)"
51.222.253.16 - - [22/Nov/2024:14:02:11 -0800] "GET /shoe-bag-store-your-3-pair-in-1-bag-perfect-for-travelling-and-daily-use-luggage-strap-easy-to-transport-extra-pocket-for-storage-pink/feed/ HTTP/1.0" 200 1134 "-" "Mozilla/5.0 (compatible; AhrefsBot/7.0; +http://ahrefs.com/robot/)"
185.191.171.13 - - [22/Nov/2024:14:02:33 -0800] "GET /161975698.htm HTTP/1.0" 404 60227 "-" "Mozilla/5.0 (compatible; SemrushBot/7~bl; +http://www.semrush.com/bot.html)"
185.191.171.13 - - [22/Nov/2024:14:02:47 -0800] "GET /214661163.htm HTTP/1.0" 404 60227 "-" "Mozilla/5.0 (compatible; SemrushBot/7~bl; +http://www.semrush.com/bot.html)"
185.191.171.4 - - [22/Nov/2024:14:03:48 -0800] "GET /robots.txt HTTP/1.0" 200 71 "-" "Mozilla/5.0 (compatible; SemrushBot/7~bl; +http://www.semrush.com/bot.html)"
85.208.96.202 - - [22/Nov/2024:14:03:48 -0800] "GET /129837538.htm HTTP/1.0" 404 60227 "-" "Mozilla/5.0 (compatible; SemrushBot/7~bl; +http://www.semrush.com/bot.html)"
51.222.253.19 - - [22/Nov/2024:14:03:55 -0800] "GET /uniquebella-carry-on-garment-bag-large-duffel-bag-suit-travel-bag-weekend-bag-flight-bag-with-shoe-pouch-for-men-women-black-age-over-6-years-old/feed/ HTTP/1.0" 200 1156 "-" "Mozilla/5.0 (compatible; AhrefsBot/7.0; +http://ahrefs.com/robot/)"
85.208.96.209 - - [22/Nov/2024:14:04:37 -0800] "GET /259640868.htm HTTP/1.0" 404 60227 "-" "Mozilla/5.0 (compatible; SemrushBot/7~bl; +http://www.semrush.com/bot.html)"
51.222.253.3 - - [22/Nov/2024:14:04:40 -0800] "GET /weekender-bags-for-women-with-toiletry-bag-travel-duffel-bag-with-wet-pocket-trolley-sleeve-overnight-carry-on-tote-bag-sports-gym-bagpale-blue/feed/ HTTP/1.0" 200 1157 "-" "Mozilla/5.0 (compatible; AhrefsBot/7.0; +http://ahrefs.com/robot/)"
3.142.49.182 - - [22/Nov/2024:14:05:24 -0800] "POST /wp-login.php HTTP/1.0" 200 7316 "-" "Mozilla/5.0"
51.222.253.19 - - [22/Nov/2024:14:06:27 -0800] "GET /new-orleans-on-parade-tourism-and-the-transformation-of-the-crescent-city-making-the-modern-south/ HTTP/1.0" 200 69055 "-" "Mozilla/5.0 (compatible; AhrefsBot/7.0; +http://ahrefs.com/robot/)"
85.208.96.212 - - [22/Nov/2024:14:06:49 -0800] "GET /137313713.htm HTTP/1.0" 404 60227 "-" "Mozilla/5.0 (compatible; SemrushBot/7~bl; +http://www.semrush.com/bot.html)"
51.222.253.18 - - [22/Nov/2024:14:07:16 -0800] "GET /head-waterproof-crossbody-travel-duffel-bag-with-wet-pocketlarge-capacity-tennis-sports-gym-bag-for-women-menlightweight-shoulder-tote-bags-for-weekender-overnight-blue/feed/ HTTP/1.0" 200 1224 "-" "Mozilla/5.0 (compatible; AhrefsBot/7.0; +http://ahrefs.com/robot/)"
85.208.96.195 - - [22/Nov/2024:14:08:53 -0800] "GET /256236363.htm HTTP/1.0" 404 60227 "-" "Mozilla/5.0 (compatible; SemrushBot/7~bl; +http://www.semrush.com/bot.html)"
51.222.253.17 - - [22/Nov/2024:14:09:59 -0800] "GET /duffle-bag-for-boys-sport-gym-bag-with-wet-pocket-shoes-compartment-soccer-bags-duffel-bag-for-kids-boys-lightning-travel-bag-dance-bag/feed/ HTTP/1.0" 200 1123 "-" "Mozilla/5.0 (compatible; AhrefsBot/7.0; +http://ahrefs.com/robot/)"
85.208.96.209 - - [22/Nov/2024:14:11:14 -0800] "GET /91613123.htm HTTP/1.0" 404 60227 "-" "Mozilla/5.0 (compatible; SemrushBot/7~bl; +http://www.semrush.com/bot.html)"
185.191.171.1 - - [22/Nov/2024:14:12:03 -0800] "GET /73139393.htm HTTP/1.0" 404 60227 "-" "Mozilla/5.0 (compatible; SemrushBot/7~bl; +http://www.semrush.com/bot.html)"
51.222.253.9 - - [22/Nov/2024:14:12:04 -0800] "GET /ultralight-fleece-sleeping-bag-linermummy-sleeping-bag-liner-with-hood-and-stuff-sack-suit-for-campingtravelling-and-hiking-in-all-seasons/ HTTP/1.0" 200 71330 "-" "Mozilla/5.0 (compatible; AhrefsBot/7.0; +http://ahrefs.com/robot/)"
185.191.171.14 - - [22/Nov/2024:14:12:50 -0800] "GET /169986948.htm HTTP/1.0" 404 60227 "-" "Mozilla/5.0 (compatible; SemrushBot/7~bl; +http://www.semrush.com/bot.html)"
51.222.253.14 - - [22/Nov/2024:14:13:09 -0800] "GET /small-makeup-bag-travel-makeup-bag-small-cosmetic-bags-for-women-fashion-geometric-clutch-waterproof-cosmetic-bag-with-zipper-and-detachable-strap-make-up-bag-for-travelling-black/feed/ HTTP/1.0" 200 1263 "-" "Mozilla/5.0 (compatible; AhrefsBot/7.0; +http://ahrefs.com/robot/)"
51.222.253.17 - - [22/Nov/2024:14:13:46 -0800] "GET /large-30-inch-duffel-bags-for-men-holdall-leather-travel-bag-overnight-gym-sports-weekend-bag/feed/ HTTP/1.0" 200 997 "-" "Mozilla/5.0 (compatible; AhrefsBot/7.0; +http://ahrefs.com/robot/)"
3.142.49.182 - - [22/Nov/2024:14:14:02 -0800] "POST /wp-login.php HTTP/1.0" 200 7337 "-" "Mozilla/5.0"
51.222.253.6 - - [22/Nov/2024:14:14:59 -0800] "GET /npbag-women-travel-duffel-bag-multi-functional-large-expandable-weekender-carry-on-tote-gym-workout-overnight-mommy-hospital-bag-for-labor-and-delivery/feed/ HTTP/1.0" 200 1173 "-" "Mozilla/5.0 (compatible; AhrefsBot/7.0; +http://ahrefs.com/robot/)"
51.222.253.16 - - [22/Nov/2024:14:15:31 -0800] "GET /hobo-knit-crochet-tote-bag-for-women-handmade-woven-aesthetic-womens-cute-casual-high-capacity-shoulder-handbags/ HTTP/1.0" 200 68438 "-" "Mozilla/5.0 (compatible; AhrefsBot/7.0; +http://ahrefs.com/robot/)"
51.222.253.2 - - [22/Nov/2024:14:16:03 -0800] "GET /category/store/page/62/ HTTP/1.0" 200 68812 "-" "Mozilla/5.0 (compatible; AhrefsBot/7.0; +http://ahrefs.com/robot/)"
185.191.171.13 - - [22/Nov/2024:14:16:31 -0800] "GET /235920428.htm HTTP/1.0" 404 60227 "-" "Mozilla/5.0 (compatible; SemrushBot/7~bl; +http://www.semrush.com/bot.html)"
85.208.96.209 - - [22/Nov/2024:14:17:00 -0800] "GET /163464133.htm HTTP/1.0" 404 60227 "-" "Mozilla/5.0 (compatible; SemrushBot/7~bl; +http://www.semrush.com/bot.html)"
51.222.253.13 - - [22/Nov/2024:14:17:14 -0800] "GET /55l-sports-duffle-bags-large-gym-duffel-bag-workout-bag-for-men-black/feed/ HTTP/1.0" 200 933 "-" "Mozilla/5.0 (compatible; AhrefsBot/7.0; +http://ahrefs.com/robot/)"
85.208.96.212 - - [22/Nov/2024:14:17:35 -0800] "GET /169819328.htm HTTP/1.0" 404 60227 "-" "Mozilla/5.0 (compatible; SemrushBot/7~bl; +http://www.semrush.com/bot.html)"
51.222.253.16 - - [22/Nov/2024:14:17:45 -0800] "GET /8-pack-large-strong-moving-bags-with-zippers-carrying-handles-water-resistant-heavy-duty-tote-for-space-saving-storage-fold-flat-alternative-to-moving-box-clear/feed/ HTTP/1.0" 200 1225 "-" "Mozilla/5.0 (compatible; AhrefsBot/7.0; +http://ahrefs.com/robot/)"
51.222.253.12 - - [22/Nov/2024:14:18:16 -0800] "GET /author/admin-2-2/page/60/ HTTP/1.0" 200 67464 "-" "Mozilla/5.0 (compatible; AhrefsBot/7.0; +http://ahrefs.com/robot/)"
51.222.253.6 - - [22/Nov/2024:14:18:53 -0800] "GET /cubetastic-cosmetic-bag-for-women-travel-makeup-bag-with-makeup-brush-compartment-portable-cute-make-up-organizer-case-leather-small-toiletry-pouch-for-travelling/feed/ HTTP/1.0" 200 1206 "-" "Mozilla/5.0 (compatible; AhrefsBot/7.0; +http://ahrefs.com/robot/)"
51.222.253.4 - - [22/Nov/2024:14:19:22 -0800] "GET /hbselect-2pcs-cotton-quilted-makeup-bag-coquette-makeup-bag-large-travel-cosmetic-bag-aesthetic-cute-kawaii-floral-makeup-bag-toiletry-bags-for-women-girls/feed/ HTTP/1.0" 200 1183 "-" "Mozilla/5.0 (compatible; AhrefsBot/7.0; +http://ahrefs.com/robot/)"
85.208.96.209 - - [22/Nov/2024:14:20:31 -0800] "GET /100909658.htm HTTP/1.0" 404 60227 "-" "Mozilla/5.0 (compatible; SemrushBot/7~bl; +http://www.semrush.com/bot.html)"
185.191.171.2 - - [22/Nov/2024:14:20:44 -0800] "GET /43385908.htm HTTP/1.0" 404 60227 "-" "Mozilla/5.0 (compatible; SemrushBot/7~bl; +http://www.semrush.com/bot.html)"
185.191.171.12 - - [22/Nov/2024:14:22:18 -0800] "GET /226642253.htm HTTP/1.0" 404 60227 "-" "Mozilla/5.0 (compatible; SemrushBot/7~bl; +http://www.semrush.com/bot.html)"
158.69.25.39 - - [22/Nov/2024:14:23:19 -0800] "GET / HTTP/1.0" 200 100823 "-" "Mozilla/5.0 (Windows NT 10.0; Win64; x64) AppleWebKit/537.36 (KHTML, like Gecko) Chrome/118.0.0.0 Safari/537.36 Edg/118.0.2088.46"
85.208.96.206 - - [22/Nov/2024:14:24:05 -0800] "GET /152815163.htm HTTP/1.0" 404 60227 "-" "Mozilla/5.0 (compatible; SemrushBot/7~bl; +http://www.semrush.com/bot.html)"
185.191.171.6 - - [22/Nov/2024:14:27:15 -0800] "GET /146970818.htm HTTP/1.0" 404 60227 "-" "Mozilla/5.0 (compatible; SemrushBot/7~bl; +http://www.semrush.com/bot.html)"
185.191.171.19 - - [22/Nov/2024:14:29:10 -0800] "GET /174829738.htm HTTP/1.0" 404 60227 "-" "Mozilla/5.0 (compatible; SemrushBot/7~bl; +http://www.semrush.com/bot.html)"
85.208.96.194 - - [22/Nov/2024:14:29:24 -0800] "GET /185112443.htm HTTP/1.0" 404 60227 "-" "Mozilla/5.0 (compatible; SemrushBot/7~bl; +http://www.semrush.com/bot.html)"
185.191.171.4 - - [22/Nov/2024:14:31:32 -0800] "GET /220745038.htm HTTP/1.0" 404 60227 "-" "Mozilla/5.0 (compatible; SemrushBot/7~bl; +http://www.semrush.com/bot.html)"
85.208.96.194 - - [22/Nov/2024:14:33:13 -0800] "GET /222845388.htm HTTP/1.0" 404 60227 "-" "Mozilla/5.0 (compatible; SemrushBot/7~bl; +http://www.semrush.com/bot.html)"
85.208.96.204 - - [22/Nov/2024:14:33:28 -0800] "GET /234620693.htm HTTP/1.0" 404 60227 "-" "Mozilla/5.0 (compatible; SemrushBot/7~bl; +http://www.semrush.com/bot.html)"
3.142.49.182 - - [22/Nov/2024:14:33:55 -0800] "POST /wp-login.php HTTP/1.0" 200 7316 "-" "Mozilla/5.0"
85.208.96.193 - - [22/Nov/2024:14:36:40 -0800] "GET /85785268.htm HTTP/1.0" 404 60227 "-" "Mozilla/5.0 (compatible; SemrushBot/7~bl; +http://www.semrush.com/bot.html)"
209.182.200.39 - - [22/Nov/2024:14:41:16 -0800] "POST /wp-cron.php?doing_wp_cron=1732315276.7105588912963867187500 HTTP/1.0" 200 - "-" "WordPress/6.7.1; https://travellertube.com"
185.191.171.15 - - [22/Nov/2024:14:41:16 -0800] "GET /166403263.htm HTTP/1.0" 404 60227 "-" "Mozilla/5.0 (compatible; SemrushBot/7~bl; +http://www.semrush.com/bot.html)"
85.208.96.209 - - [22/Nov/2024:14:41:39 -0800] "GET /74048383.htm HTTP/1.0" 404 60227 "-" "Mozilla/5.0 (compatible; SemrushBot/7~bl; +http://www.semrush.com/bot.html)"
3.142.49.182 - - [22/Nov/2024:14:42:50 -0800] "POST /wp-login.php HTTP/1.0" 200 7337 "-" "Mozilla/5.0"
89.208.105.220 - - [22/Nov/2024:14:43:35 -0800] "GET /wp-login.php HTTP/1.0" 200 6892 "-" "Mozilla/5.0 (Windows NT 5.1; Win64; x64) AppleWebKit/537.36 (KHTML, like Gecko) Chrome/49.0.2623.46 Safari/537.36"
89.208.105.220 - - [22/Nov/2024:14:43:57 -0800] "POST /wp-login.php HTTP/1.0" 302 - "http://travellertube.com/wp-login.php" "Mozilla/5.0 (Windows NT 5.1; Win64; x64) AppleWebKit/537.36 (KHTML, like Gecko) Chrome/49.0.2623.46 Safari/537.36"
89.208.105.220 - - [22/Nov/2024:14:43:57 -0800] "GET /wp-login.php?redirect_to=http%3A%2F%2Ftravellertube.com%2Fwp-admin%2F&action=confirm_admin_email&wp_lang=en_US HTTP/1.0" 200 5205 "http://travellertube.com/wp-login.php" "Mozilla/5.0 (Windows NT 5.1; Win64; x64) AppleWebKit/537.36 (KHTML, like Gecko) Chrome/49.0.2623.46 Safari/537.36"
89.208.105.220 - - [22/Nov/2024:14:43:58 -0800] "GET /wp-admin/theme-editor.php?file=index.php&theme=twentytwentytwo HTTP/1.0" 500 224 "http://travellertube.com/wp-login.php?redirect_to=http%3A%2F%2Ftravellertube.com%2Fwp-admin%2F&action=confirm_admin_email&wp_lang=en_US" "Mozilla/5.0 (Windows NT 5.1; Win64; x64) AppleWebKit/537.36 (KHTML, like Gecko) Chrome/49.0.2623.46 Safari/537.36"
185.191.171.5 - - [22/Nov/2024:14:45:34 -0800] "GET /126415863.htm HTTP/1.0" 404 60227 "-" "Mozilla/5.0 (compatible; SemrushBot/7~bl; +http://www.semrush.com/bot.html)"
185.191.171.12 - - [22/Nov/2024:14:46:26 -0800] "GET /55577033.htm HTTP/1.0" 404 60227 "-" "Mozilla/5.0 (compatible; SemrushBot/7~bl; +http://www.semrush.com/bot.html)"
209.182.200.39 - - [22/Nov/2024:14:49:27 -0800] "POST /wp-cron.php?doing_wp_cron=1732315767.6664540767669677734375 HTTP/1.0" 200 - "-" "WordPress/6.7.1; https://travellertube.com"
185.191.171.16 - - [22/Nov/2024:14:49:27 -0800] "GET /244180133.htm HTTP/1.0" 404 60227 "-" "Mozilla/5.0 (compatible; SemrushBot/7~bl; +http://www.semrush.com/bot.html)"
185.191.171.19 - - [22/Nov/2024:14:50:18 -0800] "GET /97975883.htm HTTP/1.0" 404 60227 "-" "Mozilla/5.0 (compatible; SemrushBot/7~bl; +http://www.semrush.com/bot.html)"
85.208.96.207 - - [22/Nov/2024:14:50:49 -0800] "GET /tanzania-travel-for-2023-2024-updated-pocket-guide-to-explore-east-africa-discover-the-history-traditions-culture-natural-wonders-wildlife-and-adventure-activities-of-tanzania/ HTTP/1.0" 200 70301 "-" "Mozilla/5.0 (compatible; SemrushBot/7~bl; +http://www.semrush.com/bot.html)"
85.208.96.207 - - [22/Nov/2024:14:50:50 -0800] "GET /tanzania-travel-for-2023-2024-updated-pocket-guide-to-explore-east-africa-discover-the-history-traditions-culture-natural-wonders-wildlife-and-adventure-activities-of-tanzania/ HTTP/1.0" 200 70301 "-" "Mozilla/5.0 (compatible; SemrushBot/7~bl; +http://www.semrush.com/bot.html)"
185.191.171.9 - - [22/Nov/2024:14:54:02 -0800] "GET /97537793.htm HTTP/1.0" 404 60227 "-" "Mozilla/5.0 (compatible; SemrushBot/7~bl; +http://www.semrush.com/bot.html)"
51.222.253.8 - - [22/Nov/2024:14:54:27 -0800] "GET /water-bottle-carrier-bag-for-simple-modern-40-oz-tumbler-with-phone-pocket-water-bottle-holder-pouch-with-adjustable-strap-straw-cover-for-hiking-travelling-camping/feed/ HTTP/1.0" 200 1218 "-" "Mozilla/5.0 (compatible; AhrefsBot/7.0; +http://ahrefs.com/robot/)"
185.191.171.1 - - [22/Nov/2024:14:54:33 -0800] "GET /246510493.htm HTTP/1.0" 404 60227 "-" "Mozilla/5.0 (compatible; SemrushBot/7~bl; +http://www.semrush.com/bot.html)"
51.222.253.4 - - [22/Nov/2024:14:55:49 -0800] "GET /armadio-waterproof-messenger-bag-sling-backpack-crossbody-shoulder-bag-travelling-hiking-daypack-dark-green/feed/ HTTP/1.0" 200 1041 "-" "Mozilla/5.0 (compatible; AhrefsBot/7.0; +http://ahrefs.com/robot/)"
85.208.96.201 - - [22/Nov/2024:14:56:39 -0800] "GET /100531068.htm HTTP/1.0" 404 60227 "-" "Mozilla/5.0 (compatible; SemrushBot/7~bl; +http://www.semrush.com/bot.html)"
51.222.253.3 - - [22/Nov/2024:14:57:07 -0800] "GET /belt-bag-for-women-men-cute-1l-fashionable-everywhere-crossbody-fanny-pack-for-travelling-hiking-cycling-workout-casual-light-grey/feed/ HTTP/1.0" 200 1110 "-" "Mozilla/5.0 (compatible; AhrefsBot/7.0; +http://ahrefs.com/robot/)"
85.208.96.212 - - [22/Nov/2024:14:57:31 -0800] "GET /159987378.htm HTTP/1.0" 404 60227 "-" "Mozilla/5.0 (compatible; SemrushBot/7~bl; +http://www.semrush.com/bot.html)"
51.222.253.11 - - [22/Nov/2024:14:58:22 -0800] "GET /discount-promos-custom-classic-polyester-drawstring-bags-set-of-100-personalized-bulk-pack-bring-everywhere-you-go-great-for-travelling-gym-and-for-everyday-use-black/feed/ HTTP/1.0" 200 1235 "-" "Mozilla/5.0 (compatible; AhrefsBot/7.0; +http://ahrefs.com/robot/)"
85.208.96.194 - - [22/Nov/2024:14:58:34 -0800] "GET /189011563.htm HTTP/1.0" 404 60227 "-" "Mozilla/5.0 (compatible; SemrushBot/7~bl; +http://www.semrush.com/bot.html)"
51.222.253.18 - - [22/Nov/2024:14:59:57 -0800] "GET /luxja-large-travel-makeup-bag-with-3-removable-cases-cosmetic-bag-with-detachable-dividers-patent-pending-black/feed/ HTTP/1.0" 200 1055 "-" "Mozilla/5.0 (compatible; AhrefsBot/7.0; +http://ahrefs.com/robot/)"
185.191.171.7 - - [22/Nov/2024:15:00:54 -0800] "GET /144600083.htm HTTP/1.0" 404 60227 "-" "Mozilla/5.0 (compatible; SemrushBot/7~bl; +http://www.semrush.com/bot.html)"
185.191.171.14 - - [22/Nov/2024:15:01:35 -0800] "GET /139071343.htm HTTP/1.0" 404 60227 "-" "Mozilla/5.0 (compatible; SemrushBot/7~bl; +http://www.semrush.com/bot.html)"
85.208.96.206 - - [22/Nov/2024:15:02:05 -0800] "GET /249735138.htm HTTP/1.0" 404 60227 "-" "Mozilla/5.0 (compatible; SemrushBot/7~bl; +http://www.semrush.com/bot.html)"
85.208.96.197 - - [22/Nov/2024:15:02:37 -0800] "GET /128005448.htm HTTP/1.0" 404 60227 "-" "Mozilla/5.0 (compatible; SemrushBot/7~bl; +http://www.semrush.com/bot.html)"
51.222.253.18 - - [22/Nov/2024:15:03:44 -0800] "GET /ultralight-fleece-sleeping-bag-linermummy-sleeping-bag-liner-with-hood-and-stuff-sack-suit-for-campingtravelling-and-hiking-in-all-seasons/feed/ HTTP/1.0" 200 1134 "-" "Mozilla/5.0 (compatible; AhrefsBot/7.0; +http://ahrefs.com/robot/)"
3.142.49.182 - - [22/Nov/2024:15:03:48 -0800] "POST /wp-login.php HTTP/1.0" 200 7316 "-" "Mozilla/5.0"
185.191.171.1 - - [22/Nov/2024:15:04:41 -0800] "GET /robots.txt HTTP/1.0" 200 71 "-" "Mozilla/5.0 (compatible; SemrushBot/7~bl; +http://www.semrush.com/bot.html)"
85.208.96.211 - - [22/Nov/2024:15:04:41 -0800] "GET /76055233.htm HTTP/1.0" 404 60227 "-" "Mozilla/5.0 (compatible; SemrushBot/7~bl; +http://www.semrush.com/bot.html)"
51.222.253.1 - - [22/Nov/2024:15:05:04 -0800] "GET /hobo-knit-crochet-tote-bag-for-women-handmade-woven-aesthetic-womens-cute-casual-high-capacity-shoulder-handbags/feed/ HTTP/1.0" 200 1061 "-" "Mozilla/5.0 (compatible; AhrefsBot/7.0; +http://ahrefs.com/robot/)"
185.191.171.1 - - [22/Nov/2024:15:05:28 -0800] "GET /plastic-bag-holder%EF%BC%8Creusable-grocery-bag-holder%EF%BC%8Cwall-mount-plastic-bag-organizer-shopping-bags-carrier%EF%BC%8Cwashable-large-grocery-bag-storage-dispenser-for-home-kitchen-tra/ HTTP/1.0" 200 73568 "-" "Mozilla/5.0 (compatible; SemrushBot/7~bl; +http://www.semrush.com/bot.html)"
185.191.171.1 - - [22/Nov/2024:15:05:30 -0800] "GET /plastic-bag-holder%EF%BC%8Creusable-grocery-bag-holder%EF%BC%8Cwall-mount-plastic-bag-organizer-shopping-bags-carrier%EF%BC%8Cwashable-large-grocery-bag-storage-dispenser-for-home-kitchen-tra/ HTTP/1.0" 200 73568 "-" "Mozilla/5.0 (compatible; SemrushBot/7~bl; +http://www.semrush.com/bot.html)"
51.222.253.15 - - [22/Nov/2024:15:06:15 -0800] "GET /category/store/page/63/ HTTP/1.0" 200 70169 "-" "Mozilla/5.0 (compatible; AhrefsBot/7.0; +http://ahrefs.com/robot/)"
185.191.171.10 - - [22/Nov/2024:15:06:29 -0800] "GET /132320388.htm HTTP/1.0" 404 60227 "-" "Mozilla/5.0 (compatible; SemrushBot/7~bl; +http://www.semrush.com/bot.html)"
85.208.96.209 - - [22/Nov/2024:15:06:37 -0800] "GET /25216308.htm HTTP/1.0" 404 60227 "-" "Mozilla/5.0 (compatible; SemrushBot/7~bl; +http://www.semrush.com/bot.html)"
85.208.96.200 - - [22/Nov/2024:15:06:51 -0800] "GET /172519353.htm HTTP/1.0" 404 60227 "-" "Mozilla/5.0 (compatible; SemrushBot/7~bl; +http://www.semrush.com/bot.html)"
51.222.253.14 - - [22/Nov/2024:15:07:33 -0800] "GET /author/admin-2-2/page/61/ HTTP/1.0" 200 68592 "-" "Mozilla/5.0 (compatible; AhrefsBot/7.0; +http://ahrefs.com/robot/)"
185.191.171.2 - - [22/Nov/2024:15:08:42 -0800] "GET /portable-door-lock-door-lock-security-door-locks-for-bedrooms-travel-lock-hotel-door-locks-for-travelers-bedroom-home-apartment-stopper-doors-safety-lock-door-latch-security-room-blue/ HTTP/1.0" 200 71039 "-" "Mozilla/5.0 (compatible; SemrushBot/7~bl; +http://www.semrush.com/bot.html)"
185.191.171.2 - - [22/Nov/2024:15:08:44 -0800] "GET /portable-door-lock-door-lock-security-door-locks-for-bedrooms-travel-lock-hotel-door-locks-for-travelers-bedroom-home-apartment-stopper-doors-safety-lock-door-latch-security-room-blue/ HTTP/1.0" 200 71039 "-" "Mozilla/5.0 (compatible; SemrushBot/7~bl; +http://www.semrush.com/bot.html)"
51.222.253.3 - - [22/Nov/2024:15:08:44 -0800] "GET /category/store/page/51/ HTTP/1.0" 200 70829 "-" "Mozilla/5.0 (compatible; AhrefsBot/7.0; +http://ahrefs.com/robot/)"
185.191.171.11 - - [22/Nov/2024:15:09:37 -0800] "GET /138179608.htm HTTP/1.0" 404 60227 "-" "Mozilla/5.0 (compatible; SemrushBot/7~bl; +http://www.semrush.com/bot.html)"
51.222.253.1 - - [22/Nov/2024:15:09:59 -0800] "GET /aromatech-the-hotel-aroma-essential-oil-blend-pure-aromatherapy-with-peach-lavender-pine-for-diffuser-humidifier-0-3-fl-oz-10-ml/feed/ HTTP/1.0" 200 1126 "-" "Mozilla/5.0 (compatible; AhrefsBot/7.0; +http://ahrefs.com/robot/)"
85.208.96.193 - - [22/Nov/2024:15:10:41 -0800] "GET /82823953.htm HTTP/1.0" 404 60227 "-" "Mozilla/5.0 (compatible; SemrushBot/7~bl; +http://www.semrush.com/bot.html)"
51.222.253.8 - - [22/Nov/2024:15:11:13 -0800] "GET /4-pack-xxl-600d-oxford-fabric-bags-sturdy-foldable-waterproof-moving-tote-bag-with-double-zippers-and-reinforced-handles-for-clothes-quiltsjumbo-cargo-duffel-bag-for-moving-packing-travellingblack/ HTTP/1.0" 200 76463 "-" "Mozilla/5.0 (compatible; AhrefsBot/7.0; +http://ahrefs.com/robot/)"
185.191.171.13 - - [22/Nov/2024:15:11:22 -0800] "GET /46678213.htm HTTP/1.0" 404 60227 "-" "Mozilla/5.0 (compatible; SemrushBot/7~bl; +http://www.semrush.com/bot.html)"
209.182.200.39 - - [22/Nov/2024:15:12:06 -0800] "POST /wp-cron.php?doing_wp_cron=1732317126.3695669174194335937500 HTTP/1.0" 200 - "-" "WordPress/6.7.1; https://travellertube.com"
85.208.96.206 - - [22/Nov/2024:15:12:06 -0800] "GET /93353753.htm HTTP/1.0" 404 60227 "-" "Mozilla/5.0 (compatible; SemrushBot/7~bl; +http://www.semrush.com/bot.html)"
3.142.49.182 - - [22/Nov/2024:15:12:53 -0800] "POST /wp-login.php HTTP/1.0" 200 7337 "-" "Mozilla/5.0"
205.210.31.222 - - [22/Nov/2024:15:12:54 -0800] "GET / HTTP/1.0" 406 300 "-" "Expanse, a Palo Alto Networks company, searches across the global IPv4 space multiple times per day to identify customers' presences on the Internet. If you would like to be excluded from our scans, please send IP addresses/domains to: scaninfo@paloaltonetworks.com"
51.222.253.6 - - [22/Nov/2024:15:13:44 -0800] "GET /wedding-fever-guess-for-men-and-women-hawaii-tourism-exclusive-dvd/feed/ HTTP/1.0" 200 918 "-" "Mozilla/5.0 (compatible; AhrefsBot/7.0; +http://ahrefs.com/robot/)"
85.208.96.210 - - [22/Nov/2024:15:14:06 -0800] "GET /23528208.htm HTTP/1.0" 404 60227 "-" "Mozilla/5.0 (compatible; SemrushBot/7~bl; +http://www.semrush.com/bot.html)"
185.191.171.13 - - [22/Nov/2024:15:14:20 -0800] "GET /136456488.htm HTTP/1.0" 404 60227 "-" "Mozilla/5.0 (compatible; SemrushBot/7~bl; +http://www.semrush.com/bot.html)"
185.191.171.16 - - [22/Nov/2024:15:14:39 -0800] "GET /115856653.htm HTTP/1.0" 404 60227 "-" "Mozilla/5.0 (compatible; SemrushBot/7~bl; +http://www.semrush.com/bot.html)"
51.222.253.14 - - [22/Nov/2024:15:15:02 -0800] "GET /utopia-bedding-bed-pillows-for-sleeping-queen-size-white-set-of-2-cooling-hotel-quality-gusseted-pillow-for-back-stomach-or-side-sleepers/feed/ HTTP/1.0" 200 1135 "-" "Mozilla/5.0 (compatible; AhrefsBot/7.0; +http://ahrefs.com/robot/)"
85.208.96.198 - - [22/Nov/2024:15:15:02 -0800] "GET /149214648.htm HTTP/1.0" 404 60227 "-" "Mozilla/5.0 (compatible; SemrushBot/7~bl; +http://www.semrush.com/bot.html)"
85.208.96.195 - - [22/Nov/2024:15:16:09 -0800] "GET /79377118.htm HTTP/1.0" 404 60227 "-" "Mozilla/5.0 (compatible; SemrushBot/7~bl; +http://www.semrush.com/bot.html)"
51.222.253.6 - - [22/Nov/2024:15:16:18 -0800] "GET /sxosyo-toiletry-bag-for-women-hanging-travel-cosmetic-bags-pu-leather-travelling-accessories-makeup-organizer-waterproof-bathroom-bag-with-sturdy-hook-black-pu-leather-l/ HTTP/1.0" 200 70484 "-" "Mozilla/5.0 (compatible; AhrefsBot/7.0; +http://ahrefs.com/robot/)"
85.208.96.196 - - [22/Nov/2024:15:18:09 -0800] "GET /115213373.htm HTTP/1.0" 404 60227 "-" "Mozilla/5.0 (compatible; SemrushBot/7~bl; +http://www.semrush.com/bot.html)"
85.208.96.196 - - [22/Nov/2024:15:19:25 -0800] "GET /152596203.htm HTTP/1.0" 404 60227 "-" "Mozilla/5.0 (compatible; SemrushBot/7~bl; +http://www.semrush.com/bot.html)"
51.222.253.11 - - [22/Nov/2024:15:19:57 -0800] "GET /rome-travel-guide-from-ancient-glories-to-culinary-delights-and-hidden-cultural-gems-make-sure-you-dont-miss-out-on-the-hidden-gems-of-the-italian-capital/feed/ HTTP/1.0" 200 1185 "-" "Mozilla/5.0 (compatible; AhrefsBot/7.0; +http://ahrefs.com/robot/)"
193.233.16.52 - - [22/Nov/2024:15:21:12 -0800] "GET /wp-content/plugins/background-image-cropper/d0a5754684d6.php HTTP/1.0" 404 60334 "-" "Mozilla/5.0 (X11; Ubuntu; Linux i686 on x86_64) AppleWebKit/537.36 (KHTML, like Gecko) Chrome/51.0.2709.42 Safari/537.36"
51.222.253.2 - - [22/Nov/2024:15:21:15 -0800] "GET /personalized-makeup-bag-w-name-vegan-leather-canvas-7-fonts-bridesmaid-proposal-gifts-custom-cosmetics-bag-lightweight-portable-makeup-pouch-for-travelling-gifts-for-women-mom-rose/ HTTP/1.0" 200 71453 "-" "Mozilla/5.0 (compatible; AhrefsBot/7.0; +http://ahrefs.com/robot/)"
85.208.96.207 - - [22/Nov/2024:15:21:45 -0800] "GET /66679393.htm HTTP/1.0" 404 60227 "-" "Mozilla/5.0 (compatible; SemrushBot/7~bl; +http://www.semrush.com/bot.html)"
185.191.171.9 - - [22/Nov/2024:15:21:47 -0800] "GET /252007953.htm HTTP/1.0" 404 60227 "-" "Mozilla/5.0 (compatible; SemrushBot/7~bl; +http://www.semrush.com/bot.html)"
51.222.253.13 - - [22/Nov/2024:15:22:31 -0800] "GET /plastic-bag-holder%EF%BC%8Creusable-grocery-bag-holder%EF%BC%8Cwall-mount-plastic-bag-organizer-shopping-bags-carrier%EF%BC%8Cwashable-large-grocery-bag-storage-dispenser-for-home-kitchen-tra/ HTTP/1.0" 200 73218 "-" "Mozilla/5.0 (compatible; AhrefsBot/7.0; +http://ahrefs.com/robot/)"
85.208.96.198 - - [22/Nov/2024:15:24:07 -0800] "GET /27470593.htm HTTP/1.0" 404 60227 "-" "Mozilla/5.0 (compatible; SemrushBot/7~bl; +http://www.semrush.com/bot.html)"
185.191.171.13 - - [22/Nov/2024:15:26:03 -0800] "GET /209600773.htm HTTP/1.0" 404 60227 "-" "Mozilla/5.0 (compatible; SemrushBot/7~bl; +http://www.semrush.com/bot.html)"
185.191.171.8 - - [22/Nov/2024:15:26:22 -0800] "GET /139904683.htm HTTP/1.0" 404 60227 "-" "Mozilla/5.0 (compatible; SemrushBot/7~bl; +http://www.semrush.com/bot.html)"
51.222.253.10 - - [22/Nov/2024:15:26:25 -0800] "GET /large-leather-32-inch-luggage-handmade-duffel-bag-carryall-weekender-travel-overnight-gym-sports-carry-on-for-men-and-women-32-inch/feed/ HTTP/1.0" 200 1111 "-" "Mozilla/5.0 (compatible; AhrefsBot/7.0; +http://ahrefs.com/robot/)"
51.222.253.14 - - [22/Nov/2024:15:27:41 -0800] "GET /central-indiana-day-trips-a-tourism-guidebook-and-travel-guide-road-trip-indiana-series/feed/ HTTP/1.0" 200 980 "-" "Mozilla/5.0 (compatible; AhrefsBot/7.0; +http://ahrefs.com/robot/)"
85.208.96.210 - - [22/Nov/2024:15:28:29 -0800] "GET /167459048.htm HTTP/1.0" 404 60227 "-" "Mozilla/5.0 (compatible; SemrushBot/7~bl; +http://www.semrush.com/bot.html)"
85.208.96.207 - - [22/Nov/2024:15:28:44 -0800] "GET /196405118.htm HTTP/1.0" 404 60227 "-" "Mozilla/5.0 (compatible; SemrushBot/7~bl; +http://www.semrush.com/bot.html)"
51.222.253.16 - - [22/Nov/2024:15:28:57 -0800] "GET /key-west-florida-a-mind-blowing-tour-of-key-westflorida-photography-coffee-table-book-for-people-of-all-ages-who-love-tourism-travel-relaxing-meditation-paperback-july-32023/feed/ HTTP/1.0" 200 1270 "-" "Mozilla/5.0 (compatible; AhrefsBot/7.0; +http://ahrefs.com/robot/)"
51.222.253.11 - - [22/Nov/2024:15:30:06 -0800] "GET /vomgomfom-75l-100l-110l-140l-25-31-5-expandable-duffle-bag-with-2-wheelsfoldable-travel-duffel-bag-with-large-convertible-compartment-pocket/feed/ HTTP/1.0" 200 1151 "-" "Mozilla/5.0 (compatible; AhrefsBot/7.0; +http://ahrefs.com/robot/)"
