13.212.50.243 - - [22/Nov/2024:09:34:00 -0800] "GET //travellertube.com/wp-includes/js/jquery/jquery.min.js HTTP/1.0" 301 - "-" "Mozilla/5.0 (X11; Linux x86_64; rv:15.0) Gecko/20120724 Debian Iceweasel/15.02"
13.212.50.243 - - [22/Nov/2024:09:34:00 -0800] "GET /wp-emoji-release.min.js HTTP/1.0" 404 60232 "-" "Mozilla/5.0 (X11; Linux x86_64) AppleWebKit/537.36 (KHTML, like Gecko) snap Chromium/75.0.3770.142 Chrome/75.0.3770.142 Safari/537.36"
13.212.50.243 - - [22/Nov/2024:09:35:01 -0800] "GET //travellertube.com/wp-content/themes/Divi/js/custom.min.js HTTP/1.0" 301 - "-" "Mozilla/5.0 (Macintosh; Intel Mac OS X 10_13_6) AppleWebKit/605.1.15 (KHTML, like Gecko) Version/12.1 Safari/605.1.15"
13.212.50.243 - - [22/Nov/2024:09:35:01 -0800] "GET //travellertube.com/wp-includes/js/jquery/jquery.min.js HTTP/1.0" 301 - "-" "Mozilla/5.0 (Windows NT 10.0; WOW64) AppleWebKit/537.36 (KHTML, like Gecko) Chrome/71.0.3578.98 Safari/537.36"
13.212.50.243 - - [22/Nov/2024:09:35:02 -0800] "GET //travellertube.com/wp-includes/js/jquery/jquery-migrate.min.js HTTP/1.0" 301 - "-" "Mozilla/5.0 (iPhone; CPU iPhone OS 12_3_1 like Mac OS X) AppleWebKit/605.1.15 (KHTML, like Gecko) Mobile/15E148 MicroMessenger/7.0.5(0x17000523) NetType/WIFI Language/en"
13.212.50.243 - - [22/Nov/2024:09:35:03 -0800] "GET //travellertube.com/wp-content/themes/Divi/js/html5.js HTTP/1.0" 301 - "-" "Mozilla/5.0 (Macintosh; U; PPC Mac OS X; en) AppleWebKit/418.8 (KHTML, like Gecko) Safari/419.3"
13.212.50.243 - - [22/Nov/2024:09:35:03 -0800] "GET //travellertube.com/wp-includes/js/comment-reply.min.js HTTP/1.0" 301 - "-" "Mozilla/5.0 (Macintosh; Intel Mac OS X 10_14_6) AppleWebKit/537.36 (KHTML, like Gecko) Chrome/76.0.3809.87 Safari/537.36"
13.212.50.243 - - [22/Nov/2024:09:35:04 -0800] "GET /wp-emoji-release.min.js HTTP/1.0" 404 60227 "-" "BlackBerry7100i/4.1.0 Profile/MIDP-2.0 Configuration/CLDC-1.1 VendorID/103"
185.191.171.7 - - [22/Nov/2024:09:35:42 -0800] "GET /166266923.htm HTTP/1.0" 404 60227 "-" "Mozilla/5.0 (compatible; SemrushBot/7~bl; +http://www.semrush.com/bot.html)"
13.212.50.243 - - [22/Nov/2024:09:35:59 -0800] "GET //travellertube.com/wp-includes/js/jquery/jquery-migrate.min.js HTTP/1.0" 301 - "-" "Mozilla/4.0 (compatible; MSIE 8.0; Windows NT 5.1; Trident/4.0; .NET CLR 2.0.50727; .NET CLR 3.0.04506.648; .NET CLR 3.5.21022; .NET CLR 3.0.4506.2152; .NET CLR 3.5.30729)"
13.212.50.243 - - [22/Nov/2024:09:36:00 -0800] "GET //travellertube.com/wp-includes/js/comment-reply.min.js HTTP/1.0" 301 - "-" "Mozilla/5.0 (iPhone; CPU iPhone OS 12_1_4 like Mac OS X) AppleWebKit/605.1.15 (KHTML, like Gecko) Version/12.0 Mobile/15E148 Safari/604.1"
13.212.50.243 - - [22/Nov/2024:09:36:00 -0800] "GET //travellertube.com/wp-content/themes/Divi/js/html5.js HTTP/1.0" 301 - "-" "Mozilla/5.0 (Windows NT 10.0; WOW64) AppleWebKit/537.36 (KHTML, like Gecko) Chrome/57.0.2987.133 AOL/11.0 AOLBUILD/11.0.1305 Safari/537.36"
13.212.50.243 - - [22/Nov/2024:09:36:02 -0800] "GET //travellertube.com/wp-content/themes/Divi/js/custom.min.js HTTP/1.0" 301 - "-" "Mozilla/5.0 (iPad; CPU OS 9_3_5 like Mac OS X) AppleWebKit/601.1.46 (KHTML, like Gecko) Version/9.0 Mobile/13G36 Safari/601.1"
13.212.50.243 - - [22/Nov/2024:09:36:03 -0800] "GET /wp-emoji-release.min.js HTTP/1.0" 404 60233 "-" "Mozilla/5.0 (Windows; U; Windows NT 6.0; en-GB; rv:1.9.0.11) Gecko/2009060215 Firefox/3.0.11 (.NET CLR 3.5.30729)"
13.212.50.243 - - [22/Nov/2024:09:36:04 -0800] "GET //travellertube.com/wp-includes/js/jquery/jquery.min.js HTTP/1.0" 301 - "-" "Mozilla/5.0 (Windows NT 10.0; WOW64) AppleWebKit/537.36 (KHTML, like Gecko) Chrome/71.0.3578.80 Safari/537.36"
185.191.171.11 - - [22/Nov/2024:09:36:15 -0800] "GET /223571203.htm HTTP/1.0" 404 60227 "-" "Mozilla/5.0 (compatible; SemrushBot/7~bl; +http://www.semrush.com/bot.html)"
185.191.171.11 - - [22/Nov/2024:09:36:30 -0800] "GET /43400868.htm HTTP/1.0" 404 60227 "-" "Mozilla/5.0 (compatible; SemrushBot/7~bl; +http://www.semrush.com/bot.html)"
45.148.10.172 - - [22/Nov/2024:09:36:38 -0800] "GET /.env HTTP/1.0" 404 60230 "-" "Mozilla/5.0 (Macintosh; Intel Mac OS X 10_14_5) AppleWebKit/537.36 (KHTML, like Gecko) Chrome/75.0.3770.100 Safari/537.36"
45.148.10.172 - - [22/Nov/2024:09:36:39 -0800] "GET /.env HTTP/1.0" 404 60287 "-" "Mozilla/5.0 (Linux; Android 7.0; Redmi Note 4) AppleWebKit/537.36 (KHTML, like Gecko) Chrome/76.0.3809.111 Mobile Safari/537.36"
13.212.50.243 - - [22/Nov/2024:09:37:06 -0800] "GET //travellertube.com/wp-content/themes/Divi/js/custom.min.js HTTP/1.0" 301 - "-" "Mozilla/5.0 (Macintosh; Intel Mac OS X 10_13_6) AppleWebKit/537.36 (KHTML, like Gecko) Chrome/77.0.3865.19 Safari/537.36"
13.212.50.243 - - [22/Nov/2024:09:37:06 -0800] "GET //travellertube.com/wp-includes/js/jquery/jquery.min.js HTTP/1.0" 301 - "-" "Mozilla/5.0 (Linux; Android 9; MI 8) AppleWebKit/537.36 (KHTML, like Gecko) Chrome/76.0.3809.111 Mobile Safari/537.36"
13.212.50.243 - - [22/Nov/2024:09:37:06 -0800] "GET //travellertube.com/wp-content/themes/Divi/js/html5.js HTTP/1.0" 301 - "-" "Mozilla/5.0 (Linux; U; Android 1.6; en-us; HTC_TATTOO_A3288 Build/DRC79) AppleWebKit/528.5  (KHTML, like Gecko) Version/3.1.2 Mobile Safari/525.20.1"
13.212.50.243 - - [22/Nov/2024:09:37:06 -0800] "GET //travellertube.com/wp-includes/js/comment-reply.min.js HTTP/1.0" 301 - "-" "Mozilla/5.0 (compatible; Konqueror/3.5; Linux 2.6.30-7.dmz.1-liquorix-686; X11) KHTML/3.5.10 (like Gecko) (Debian package 4:3.5.10.dfsg.1-1 b1)"
13.212.50.243 - - [22/Nov/2024:09:37:09 -0800] "GET //travellertube.com/wp-includes/js/jquery/jquery-migrate.min.js HTTP/1.0" 301 - "-" "Mozilla/5.0 (X11; NetBSD amd64; rv:30.0) Gecko/20100101 Firefox/30.0"
13.212.50.243 - - [22/Nov/2024:09:37:11 -0800] "GET /wp-emoji-release.min.js HTTP/1.0" 404 59896 "-" "Mozilla/5.0 (X11; Linux x86_64) AppleWebKit/537.36 (KHTML, like Gecko) Chrome/70.0.3538.113 Safari/537.36 Vivaldi/2.1.1337.51"
52.167.144.236 - - [22/Nov/2024:09:37:38 -0800] "GET /sitemap-1.xml HTTP/1.0" 200 351409 "-" "Mozilla/5.0 AppleWebKit/537.36 (KHTML, like Gecko; compatible; bingbot/2.0; +http://www.bing.com/bingbot.htm) Chrome/116.0.1938.76 Safari/537.36"
185.191.171.14 - - [22/Nov/2024:09:37:58 -0800] "GET /256381628.htm HTTP/1.0" 404 60227 "-" "Mozilla/5.0 (compatible; SemrushBot/7~bl; +http://www.semrush.com/bot.html)"
3.142.49.182 - - [22/Nov/2024:09:38:11 -0800] "POST /wp-login.php HTTP/1.0" 200 7316 "-" "Mozilla/5.0"
209.182.200.39 - - [22/Nov/2024:09:40:43 -0800] "POST /wp-cron.php?doing_wp_cron=1732297243.1724729537963867187500 HTTP/1.0" 200 - "-" "WordPress/6.7.1; https://travellertube.com"
85.208.96.196 - - [22/Nov/2024:09:40:42 -0800] "GET /236434593.htm HTTP/1.0" 404 60227 "-" "Mozilla/5.0 (compatible; SemrushBot/7~bl; +http://www.semrush.com/bot.html)"
85.208.96.201 - - [22/Nov/2024:09:41:56 -0800] "GET /176745893.htm HTTP/1.0" 404 60227 "-" "Mozilla/5.0 (compatible; SemrushBot/7~bl; +http://www.semrush.com/bot.html)"
185.191.171.14 - - [22/Nov/2024:09:42:06 -0800] "GET /176383113.htm HTTP/1.0" 404 60227 "-" "Mozilla/5.0 (compatible; SemrushBot/7~bl; +http://www.semrush.com/bot.html)"
85.208.96.197 - - [22/Nov/2024:09:43:48 -0800] "GET /gym-bag-weekender-bag-for-men-women-travel-duffel-bag-with-wet-pocket-large-overnight-bag-with-shoe-compartment-carry-on-travel-bag-gym-duffle-bag-sports-bag-black/ HTTP/1.0" 200 73512 "-" "Mozilla/5.0 (compatible; SemrushBot/7~bl; +http://www.semrush.com/bot.html)"
85.208.96.197 - - [22/Nov/2024:09:43:49 -0800] "GET /gym-bag-weekender-bag-for-men-women-travel-duffel-bag-with-wet-pocket-large-overnight-bag-with-shoe-compartment-carry-on-travel-bag-gym-duffle-bag-sports-bag-black/ HTTP/1.0" 200 73512 "-" "Mozilla/5.0 (compatible; SemrushBot/7~bl; +http://www.semrush.com/bot.html)"
3.142.49.182 - - [22/Nov/2024:09:44:37 -0800] "POST /wp-login.php HTTP/1.0" 200 7337 "-" "Mozilla/5.0"
85.208.96.206 - - [22/Nov/2024:09:44:45 -0800] "GET /182033063.htm HTTP/1.0" 404 60227 "-" "Mozilla/5.0 (compatible; SemrushBot/7~bl; +http://www.semrush.com/bot.html)"
185.191.171.16 - - [22/Nov/2024:09:45:25 -0800] "GET /62521703.htm HTTP/1.0" 404 60227 "-" "Mozilla/5.0 (compatible; SemrushBot/7~bl; +http://www.semrush.com/bot.html)"
85.208.96.196 - - [22/Nov/2024:09:45:56 -0800] "GET /39919353.htm HTTP/1.0" 404 60227 "-" "Mozilla/5.0 (compatible; SemrushBot/7~bl; +http://www.semrush.com/bot.html)"
185.191.171.8 - - [22/Nov/2024:09:47:23 -0800] "GET /70697513.htm HTTP/1.0" 404 60227 "-" "Mozilla/5.0 (compatible; SemrushBot/7~bl; +http://www.semrush.com/bot.html)"
40.77.167.159 - - [22/Nov/2024:09:47:29 -0800] "GET /sitemap-11.xml HTTP/1.0" 200 351919 "-" "Mozilla/5.0 AppleWebKit/537.36 (KHTML, like Gecko; compatible; bingbot/2.0; +http://www.bing.com/bingbot.htm) Chrome/116.0.1938.76 Safari/537.36"
209.182.200.39 - - [22/Nov/2024:09:48:09 -0800] "POST /wp-cron.php?doing_wp_cron=1732297689.4959099292755126953125 HTTP/1.0" 200 - "-" "WordPress/6.7.1; https://travellertube.com"
185.191.171.14 - - [22/Nov/2024:09:48:09 -0800] "GET /143251813.htm HTTP/1.0" 404 60227 "-" "Mozilla/5.0 (compatible; SemrushBot/7~bl; +http://www.semrush.com/bot.html)"
209.182.200.39 - - [22/Nov/2024:09:50:02 -0800] "POST /wp-cron.php?doing_wp_cron=1732297802.5670480728149414062500 HTTP/1.0" 200 - "-" "WordPress/6.7.1; https://travellertube.com"
185.191.171.12 - - [22/Nov/2024:09:50:02 -0800] "GET /229651763.htm HTTP/1.0" 404 60227 "-" "Mozilla/5.0 (compatible; SemrushBot/7~bl; +http://www.semrush.com/bot.html)"
185.191.171.13 - - [22/Nov/2024:09:50:07 -0800] "GET /121857398.htm HTTP/1.0" 404 60227 "-" "Mozilla/5.0 (compatible; SemrushBot/7~bl; +http://www.semrush.com/bot.html)"
85.208.96.193 - - [22/Nov/2024:09:50:09 -0800] "GET /234521668.htm HTTP/1.0" 404 60227 "-" "Mozilla/5.0 (compatible; SemrushBot/7~bl; +http://www.semrush.com/bot.html)"
159.65.121.197 - - [22/Nov/2024:09:53:21 -0800] "GET /wp-admin/setup-config.php?step=1 HTTP/1.0" 409 2665 "-" "Mozilla/5.0 (Linux; Android 5.1.1; SM-J111F) AppleWebKit/537.36 (KHTML, like Gecko) Chrome/73.0.3683.90 Mobile Safari/537.36"
159.65.121.197 - - [22/Nov/2024:09:53:21 -0800] "GET /wordpress/wp-admin/setup-config.php?step=1 HTTP/1.0" 404 59998 "-" "Mozilla/5.0 (Linux; Android 5.1.1; SM-J111F) AppleWebKit/537.36 (KHTML, like Gecko) Chrome/73.0.3683.90 Mobile Safari/537.36"
185.191.171.5 - - [22/Nov/2024:09:54:57 -0800] "GET /robots.txt HTTP/1.0" 200 71 "-" "Mozilla/5.0 (compatible; SemrushBot/7~bl; +http://www.semrush.com/bot.html)"
185.191.171.3 - - [22/Nov/2024:09:54:59 -0800] "GET /85965213.htm HTTP/1.0" 404 60227 "-" "Mozilla/5.0 (compatible; SemrushBot/7~bl; +http://www.semrush.com/bot.html)"
185.191.171.13 - - [22/Nov/2024:09:55:19 -0800] "GET /159231558.htm HTTP/1.0" 404 60227 "-" "Mozilla/5.0 (compatible; SemrushBot/7~bl; +http://www.semrush.com/bot.html)"
185.191.171.10 - - [22/Nov/2024:09:56:45 -0800] "GET /99794288.htm HTTP/1.0" 404 60227 "-" "Mozilla/5.0 (compatible; SemrushBot/7~bl; +http://www.semrush.com/bot.html)"
185.191.171.12 - - [22/Nov/2024:09:59:18 -0800] "GET /21746863.htm HTTP/1.0" 404 60227 "-" "Mozilla/5.0 (compatible; SemrushBot/7~bl; +http://www.semrush.com/bot.html)"
3.142.49.182 - - [22/Nov/2024:09:59:18 -0800] "POST /wp-login.php HTTP/1.0" 200 7316 "-" "Mozilla/5.0"
185.191.171.5 - - [22/Nov/2024:09:59:24 -0800] "GET /41461423.htm HTTP/1.0" 404 60227 "-" "Mozilla/5.0 (compatible; SemrushBot/7~bl; +http://www.semrush.com/bot.html)"
185.191.171.17 - - [22/Nov/2024:10:01:09 -0800] "GET /156881903.htm HTTP/1.0" 404 60227 "-" "Mozilla/5.0 (compatible; SemrushBot/7~bl; +http://www.semrush.com/bot.html)"
185.191.171.3 - - [22/Nov/2024:10:01:11 -0800] "GET /237073878.htm HTTP/1.0" 404 60227 "-" "Mozilla/5.0 (compatible; SemrushBot/7~bl; +http://www.semrush.com/bot.html)"
85.208.96.211 - - [22/Nov/2024:10:01:13 -0800] "GET /144811903.htm HTTP/1.0" 404 60227 "-" "Mozilla/5.0 (compatible; SemrushBot/7~bl; +http://www.semrush.com/bot.html)"
206.189.87.53 - - [22/Nov/2024:10:01:47 -0800] "GET /1717932302-19/ HTTP/1.0" 200 60904 "-" "Mozilla/5.0 (Windows NT 10.0; Win64; x64) AppleWebKit/537.36 (KHTML, like Gecko) Chrome/124.0.0.0 Safari/537.36"
13.212.50.243 - - [22/Nov/2024:10:04:18 -0800] "GET / HTTP/1.0" 301 - "-" "Mozilla/5.0 (Linux; Android 6.0.1; SM-N910C) AppleWebKit/537.36 (KHTML, like Gecko) Chrome/73.0.3683.90 Mobile Safari/537.36"
85.208.96.193 - - [22/Nov/2024:10:04:22 -0800] "GET /158012318.htm HTTP/1.0" 404 60227 "-" "Mozilla/5.0 (compatible; SemrushBot/7~bl; +http://www.semrush.com/bot.html)"
85.208.96.206 - - [22/Nov/2024:10:04:52 -0800] "GET /107855518.htm HTTP/1.0" 404 60227 "-" "Mozilla/5.0 (compatible; SemrushBot/7~bl; +http://www.semrush.com/bot.html)"
185.191.171.10 - - [22/Nov/2024:10:04:57 -0800] "GET /24907248.htm HTTP/1.0" 404 60227 "-" "Mozilla/5.0 (compatible; SemrushBot/7~bl; +http://www.semrush.com/bot.html)"
185.191.171.4 - - [22/Nov/2024:10:05:15 -0800] "GET /172579363.htm HTTP/1.0" 404 60227 "-" "Mozilla/5.0 (compatible; SemrushBot/7~bl; +http://www.semrush.com/bot.html)"
185.191.171.4 - - [22/Nov/2024:10:05:26 -0800] "GET /99047478.htm HTTP/1.0" 404 60227 "-" "Mozilla/5.0 (compatible; SemrushBot/7~bl; +http://www.semrush.com/bot.html)"
3.142.49.182 - - [22/Nov/2024:10:05:48 -0800] "POST /wp-login.php HTTP/1.0" 200 7337 "-" "Mozilla/5.0"
185.191.171.16 - - [22/Nov/2024:10:09:02 -0800] "GET /25048008.htm HTTP/1.0" 404 60227 "-" "Mozilla/5.0 (compatible; SemrushBot/7~bl; +http://www.semrush.com/bot.html)"
185.191.171.19 - - [22/Nov/2024:10:09:15 -0800] "GET /180542163.htm HTTP/1.0" 404 60227 "-" "Mozilla/5.0 (compatible; SemrushBot/7~bl; +http://www.semrush.com/bot.html)"
185.191.171.16 - - [22/Nov/2024:10:09:19 -0800] "GET /122137898.htm HTTP/1.0" 404 60227 "-" "Mozilla/5.0 (compatible; SemrushBot/7~bl; +http://www.semrush.com/bot.html)"
185.191.171.18 - - [22/Nov/2024:10:09:23 -0800] "GET /weekender-bags-for-women-large-overnight-bag-canvas-travel-duffel-bag-carry-on-tote-with-shoe-compartment-21-3pcs-set-3/ HTTP/1.0" 200 71864 "-" "Mozilla/5.0 (compatible; SemrushBot/7~bl; +http://www.semrush.com/bot.html)"
185.191.171.18 - - [22/Nov/2024:10:09:24 -0800] "GET /weekender-bags-for-women-large-overnight-bag-canvas-travel-duffel-bag-carry-on-tote-with-shoe-compartment-21-3pcs-set-3/ HTTP/1.0" 200 71864 "-" "Mozilla/5.0 (compatible; SemrushBot/7~bl; +http://www.semrush.com/bot.html)"
85.208.96.200 - - [22/Nov/2024:10:09:30 -0800] "GET /173318948.htm HTTP/1.0" 404 60227 "-" "Mozilla/5.0 (compatible; SemrushBot/7~bl; +http://www.semrush.com/bot.html)"
185.191.171.10 - - [22/Nov/2024:10:09:45 -0800] "GET /58557303.htm HTTP/1.0" 404 60227 "-" "Mozilla/5.0 (compatible; SemrushBot/7~bl; +http://www.semrush.com/bot.html)"
85.208.96.193 - - [22/Nov/2024:10:11:36 -0800] "GET /18688053.htm HTTP/1.0" 404 60227 "-" "Mozilla/5.0 (compatible; SemrushBot/7~bl; +http://www.semrush.com/bot.html)"
185.191.171.5 - - [22/Nov/2024:10:12:52 -0800] "GET /140060063.htm HTTP/1.0" 404 60227 "-" "Mozilla/5.0 (compatible; SemrushBot/7~bl; +http://www.semrush.com/bot.html)"
185.191.171.9 - - [22/Nov/2024:10:14:09 -0800] "GET /207796818.htm HTTP/1.0" 404 60227 "-" "Mozilla/5.0 (compatible; SemrushBot/7~bl; +http://www.semrush.com/bot.html)"
185.191.171.6 - - [22/Nov/2024:10:14:33 -0800] "GET /182966788.htm HTTP/1.0" 404 60227 "-" "Mozilla/5.0 (compatible; SemrushBot/7~bl; +http://www.semrush.com/bot.html)"
85.208.96.197 - - [22/Nov/2024:10:15:09 -0800] "GET /115024843.htm HTTP/1.0" 404 60227 "-" "Mozilla/5.0 (compatible; SemrushBot/7~bl; +http://www.semrush.com/bot.html)"
185.191.171.17 - - [22/Nov/2024:10:17:12 -0800] "GET /62005753.htm HTTP/1.0" 404 60227 "-" "Mozilla/5.0 (compatible; SemrushBot/7~bl; +http://www.semrush.com/bot.html)"
85.208.96.210 - - [22/Nov/2024:10:17:54 -0800] "GET /50225858.htm HTTP/1.0" 404 60227 "-" "Mozilla/5.0 (compatible; SemrushBot/7~bl; +http://www.semrush.com/bot.html)"
85.208.96.212 - - [22/Nov/2024:10:18:27 -0800] "GET /175926663.htm HTTP/1.0" 404 60227 "-" "Mozilla/5.0 (compatible; SemrushBot/7~bl; +http://www.semrush.com/bot.html)"
185.191.171.5 - - [22/Nov/2024:10:19:16 -0800] "GET /159354893.htm HTTP/1.0" 404 60227 "-" "Mozilla/5.0 (compatible; SemrushBot/7~bl; +http://www.semrush.com/bot.html)"
52.167.144.187 - - [22/Nov/2024:10:19:49 -0800] "GET /sitemap-15.xml HTTP/1.0" 200 325102 "-" "Mozilla/5.0 AppleWebKit/537.36 (KHTML, like Gecko; compatible; bingbot/2.0; +http://www.bing.com/bingbot.htm) Chrome/116.0.1938.76 Safari/537.36"
3.142.49.182 - - [22/Nov/2024:10:20:44 -0800] "POST /wp-login.php HTTP/1.0" 200 7316 "-" "Mozilla/5.0"
85.208.96.211 - - [22/Nov/2024:10:21:31 -0800] "GET /80786758.htm HTTP/1.0" 404 60227 "-" "Mozilla/5.0 (compatible; SemrushBot/7~bl; +http://www.semrush.com/bot.html)"
85.208.96.210 - - [22/Nov/2024:10:24:44 -0800] "GET /93165988.htm HTTP/1.0" 404 60227 "-" "Mozilla/5.0 (compatible; SemrushBot/7~bl; +http://www.semrush.com/bot.html)"
51.222.253.11 - - [22/Nov/2024:10:24:49 -0800] "GET /robots.txt HTTP/1.0" 200 71 "-" "Mozilla/5.0 (compatible; AhrefsBot/7.0; +http://ahrefs.com/robot/)"
85.208.96.205 - - [22/Nov/2024:10:24:57 -0800] "GET /173907063.htm HTTP/1.0" 404 60227 "-" "Mozilla/5.0 (compatible; SemrushBot/7~bl; +http://www.semrush.com/bot.html)"
51.222.253.11 - - [22/Nov/2024:10:25:48 -0800] "GET /hibag-12-compression-bags-for-travel-travel-essentials-compression-bags-vacuum-packing-space-saver-zipper-bags-for-cruise-travel-accessories-12-travel/feed/ HTTP/1.0" 200 1172 "-" "Mozilla/5.0 (compatible; AhrefsBot/7.0; +http://ahrefs.com/robot/)"
51.222.253.9 - - [22/Nov/2024:10:26:49 -0800] "GET /travel-backpack-flight-approved-backpack-college-backpack-bag-casual-daypack-hiking-backpack-waterproof-carry-on-business-backpack-fit-16-inch-laptop/feed/ HTTP/1.0" 200 1171 "-" "Mozilla/5.0 (compatible; AhrefsBot/7.0; +http://ahrefs.com/robot/)"
3.142.49.182 - - [22/Nov/2024:10:27:13 -0800] "POST /wp-login.php HTTP/1.0" 200 7337 "-" "Mozilla/5.0"
51.222.253.3 - - [22/Nov/2024:10:28:05 -0800] "GET /extra-large-storage-duffle-bag-with-zippers-and-handles-big-foldable-duffle-bag-for-travel/ HTTP/1.0" 200 72886 "-" "Mozilla/5.0 (compatible; AhrefsBot/7.0; +http://ahrefs.com/robot/)"
185.191.171.2 - - [22/Nov/2024:10:29:02 -0800] "GET /113936588.htm HTTP/1.0" 404 60227 "-" "Mozilla/5.0 (compatible; SemrushBot/7~bl; +http://www.semrush.com/bot.html)"
185.191.171.14 - - [22/Nov/2024:10:29:38 -0800] "GET /129892958.htm HTTP/1.0" 404 60227 "-" "Mozilla/5.0 (compatible; SemrushBot/7~bl; +http://www.semrush.com/bot.html)"
51.222.253.4 - - [22/Nov/2024:10:30:06 -0800] "GET /forestfish-duffle-tote-bag-weekender-bags-for-women-travel-with-trolley-sleeve/feed/ HTTP/1.0" 200 952 "-" "Mozilla/5.0 (compatible; AhrefsBot/7.0; +http://ahrefs.com/robot/)"
51.222.253.9 - - [22/Nov/2024:10:31:03 -0800] "GET /nelson-rigg-hurricane-waterproof-utv-cargo-bag-black-one-size-se-4000/feed/ HTTP/1.0" 200 929 "-" "Mozilla/5.0 (compatible; AhrefsBot/7.0; +http://ahrefs.com/robot/)"
51.222.253.3 - - [22/Nov/2024:10:32:21 -0800] "GET /toddler-backpack-kids-travel-backpack-waterproof-cute-small-preschool-backpack-cartoon-daycare-bag/feed/ HTTP/1.0" 200 1014 "-" "Mozilla/5.0 (compatible; AhrefsBot/7.0; +http://ahrefs.com/robot/)"
85.208.96.204 - - [22/Nov/2024:10:32:44 -0800] "GET /28375163.htm HTTP/1.0" 404 60227 "-" "Mozilla/5.0 (compatible; SemrushBot/7~bl; +http://www.semrush.com/bot.html)"
51.222.253.4 - - [22/Nov/2024:10:34:13 -0800] "GET /gpmsign-travel-bag-high-capacity-double-layer-wet-separation-travelling-bag-large-capacity-folding-travel-bag-pink/feed/ HTTP/1.0" 200 1064 "-" "Mozilla/5.0 (compatible; AhrefsBot/7.0; +http://ahrefs.com/robot/)"
85.208.96.202 - - [22/Nov/2024:10:34:14 -0800] "GET /182150533.htm HTTP/1.0" 404 60227 "-" "Mozilla/5.0 (compatible; SemrushBot/7~bl; +http://www.semrush.com/bot.html)"
51.222.253.9 - - [22/Nov/2024:10:35:16 -0800] "GET /anime-sailor-moon-make-up-organizator-bag-travelling-cute-cosmetic-bag-water-resistant-toiletry-bag-with-hanging-hook/feed/ HTTP/1.0" 200 1069 "-" "Mozilla/5.0 (compatible; AhrefsBot/7.0; +http://ahrefs.com/robot/)"
185.191.171.3 - - [22/Nov/2024:10:35:16 -0800] "GET /214119458.htm HTTP/1.0" 404 60227 "-" "Mozilla/5.0 (compatible; SemrushBot/7~bl; +http://www.semrush.com/bot.html)"
17.241.75.49 - - [22/Nov/2024:10:36:54 -0800] "GET /xtw18387f7d1/ HTTP/1.0" 200 60895 "-" "Mozilla/5.0 (Macintosh; Intel Mac OS X 10_15_7) AppleWebKit/605.1.15 (KHTML, like Gecko) Version/17.4 Safari/605.1.15 (Applebot/0.1; +http://www.apple.com/go/applebot)"
51.222.253.1 - - [22/Nov/2024:10:37:14 -0800] "GET /water-bottle-holder-with-strap-fits-for-stanley-quencher-40-oz-tumbler-with-handle-water-bottle-carrier-bag-for-hiking-walking-travelling-camping-rose-quartz/feed/ HTTP/1.0" 200 1192 "-" "Mozilla/5.0 (compatible; AhrefsBot/7.0; +http://ahrefs.com/robot/)"
51.222.253.12 - - [22/Nov/2024:10:38:21 -0800] "GET /86l-large-duffel-bag-for-travel-gym-sports-water-repellent-polyester-hidden-straps-shoe-compartment-perfect-luggage-duffle-bag-or-backpack-for-men-women-brown/feed/ HTTP/1.0" 200 1227 "-" "Mozilla/5.0 (compatible; AhrefsBot/7.0; +http://ahrefs.com/robot/)"
85.208.96.198 - - [22/Nov/2024:10:38:53 -0800] "GET /83449978.htm HTTP/1.0" 404 60227 "-" "Mozilla/5.0 (compatible; SemrushBot/7~bl; +http://www.semrush.com/bot.html)"
17.22.253.38 - - [22/Nov/2024:10:38:55 -0800] "GET /wp-content/themes/Divi/style.css HTTP/1.0" 200 447315 "https://travellertube.com/xtw18387f7d1/" "Mozilla/5.0 (Macintosh; Intel Mac OS X 10_15_7) AppleWebKit/605.1.15 (KHTML, like Gecko) Version/17.4 Safari/605.1.15 (Applebot/0.1; +http://www.apple.com/go/applebot)"
17.22.237.196 - - [22/Nov/2024:10:38:56 -0800] "GET /wp-includes/js/jquery/jquery.min.js HTTP/1.0" 200 87553 "https://travellertube.com/xtw18387f7d1/" "Mozilla/5.0 (Macintosh; Intel Mac OS X 10_15_7) AppleWebKit/605.1.15 (KHTML, like Gecko) Version/17.4 Safari/605.1.15 (Applebot/0.1; +http://www.apple.com/go/applebot)"
17.22.245.24 - - [22/Nov/2024:10:38:56 -0800] "GET /wp-content/cache/et/global/et-divi-customizer-global-17303847626306.min.css HTTP/1.0" 200 13883 "https://travellertube.com/xtw18387f7d1/" "Mozilla/5.0 (Macintosh; Intel Mac OS X 10_15_7) AppleWebKit/605.1.15 (KHTML, like Gecko) Version/17.4 Safari/605.1.15 (Applebot/0.1; +http://www.apple.com/go/applebot)"
17.22.245.122 - - [22/Nov/2024:10:38:57 -0800] "GET /wp-includes/css/dist/block-library/style.min.css HTTP/1.0" 200 114706 "https://travellertube.com/xtw18387f7d1/" "Mozilla/5.0 (Macintosh; Intel Mac OS X 10_15_7) AppleWebKit/605.1.15 (KHTML, like Gecko) Version/17.4 Safari/605.1.15 (Applebot/0.1; +http://www.apple.com/go/applebot)"
17.22.253.246 - - [22/Nov/2024:10:38:57 -0800] "GET /wp-includes/js/jquery/jquery-migrate.min.js HTTP/1.0" 200 13577 "https://travellertube.com/xtw18387f7d1/" "Mozilla/5.0 (Macintosh; Intel Mac OS X 10_15_7) AppleWebKit/605.1.15 (KHTML, like Gecko) Version/17.4 Safari/605.1.15 (Applebot/0.1; +http://www.apple.com/go/applebot)"
17.22.237.11 - - [22/Nov/2024:10:38:58 -0800] "GET /wp-includes/css/dashicons.min.css HTTP/1.0" 200 59016 "https://travellertube.com/xtw18387f7d1/" "Mozilla/5.0 (Macintosh; Intel Mac OS X 10_15_7) AppleWebKit/605.1.15 (KHTML, like Gecko) Version/17.4 Safari/605.1.15 (Applebot/0.1; +http://www.apple.com/go/applebot)"
17.22.245.149 - - [22/Nov/2024:10:38:58 -0800] "GET /wp-content/themes/Divi/js/custom.min.js HTTP/1.0" 200 244315 "https://travellertube.com/xtw18387f7d1/" "Mozilla/5.0 (Macintosh; Intel Mac OS X 10_15_7) AppleWebKit/605.1.15 (KHTML, like Gecko) Version/17.4 Safari/605.1.15 (Applebot/0.1; +http://www.apple.com/go/applebot)"
17.22.245.24 - - [22/Nov/2024:10:38:59 -0800] "GET /wp-includes/js/wp-emoji-release.min.js HTTP/1.0" 200 18726 "https://travellertube.com/xtw18387f7d1/" "Mozilla/5.0 (Macintosh; Intel Mac OS X 10_15_7) AppleWebKit/605.1.15 (KHTML, like Gecko) Version/17.4 Safari/605.1.15 (Applebot/0.1; +http://www.apple.com/go/applebot)"
209.182.200.39 - - [22/Nov/2024:10:39:10 -0800] "POST /wp-cron.php?doing_wp_cron=1732300750.7059659957885742187500 HTTP/1.0" 200 - "-" "WordPress/6.7.1; https://travellertube.com"
51.222.253.2 - - [22/Nov/2024:10:39:10 -0800] "GET /bagsmart-travel-duffle-bag-31l-quilted-weekender-overnight-bag-for-women-with-laptop-compartment-large-carry-on-airport-bag-with-wet-pocket-shoe-bag-for-business-trips-sports-pink/ HTTP/1.0" 200 69558 "-" "Mozilla/5.0 (compatible; AhrefsBot/7.0; +http://ahrefs.com/robot/)"
51.222.253.20 - - [22/Nov/2024:10:40:16 -0800] "GET /category/store/page/59/ HTTP/1.0" 200 69992 "-" "Mozilla/5.0 (compatible; AhrefsBot/7.0; +http://ahrefs.com/robot/)"
185.191.171.16 - - [22/Nov/2024:10:40:30 -0800] "GET /213129463.htm HTTP/1.0" 404 60227 "-" "Mozilla/5.0 (compatible; SemrushBot/7~bl; +http://www.semrush.com/bot.html)"
51.222.253.14 - - [22/Nov/2024:10:41:09 -0800] "GET /author/admin-2-2/page/56/ HTTP/1.0" 200 66771 "-" "Mozilla/5.0 (compatible; AhrefsBot/7.0; +http://ahrefs.com/robot/)"
45.148.10.172 - - [22/Nov/2024:10:41:39 -0800] "GET /.env HTTP/1.0" 406 300 "-" "Mozilla/5.0 (X11; Linux i686; rv:32.0) Gecko/20100101 Firefox/32.0"
45.148.10.172 - - [22/Nov/2024:10:41:39 -0800] "GET /.env HTTP/1.0" 406 300 "-" "Mozilla/5.0 (Linux; Android 8.0.0; F5121) AppleWebKit/537.36 (KHTML, like Gecko) Chrome/75.0.3770.101 Mobile Safari/537.36"
51.222.253.10 - - [22/Nov/2024:10:42:04 -0800] "GET /fanny-pack-christmas-plaid-waist-bag-with-headphone-hole-belt-bag-adjustable-sling-pocket-fashion-hip-bum-bag-for-women-men-kids-outdoors-casual-travelling-hiking-cycling/ HTTP/1.0" 200 69031 "-" "Mozilla/5.0 (compatible; AhrefsBot/7.0; +http://ahrefs.com/robot/)"
185.191.171.17 - - [22/Nov/2024:10:42:13 -0800] "GET /34749738.htm HTTP/1.0" 404 60227 "-" "Mozilla/5.0 (compatible; SemrushBot/7~bl; +http://www.semrush.com/bot.html)"
3.142.49.182 - - [22/Nov/2024:10:42:40 -0800] "POST /wp-login.php HTTP/1.0" 200 7316 "-" "Mozilla/5.0"
51.222.253.17 - - [22/Nov/2024:10:42:56 -0800] "GET /travel-backpack-personal-item-size-airline-approved-backpack-with-multi-pockets-college-backpack-bag-hiking-backpack-waterproof-carry-on-backpack-business-backpack/ HTTP/1.0" 200 73212 "-" "Mozilla/5.0 (compatible; AhrefsBot/7.0; +http://ahrefs.com/robot/)"
51.222.253.17 - - [22/Nov/2024:10:43:49 -0800] "GET /sucipi-canvas-duffle-bag-for-travel-overnight-carry-on-bag-with-shoe-compartment-weekender-duffel-bag-with-toiletry-bag-for-airplanesdark-grey/feed/ HTTP/1.0" 200 1145 "-" "Mozilla/5.0 (compatible; AhrefsBot/7.0; +http://ahrefs.com/robot/)"
85.208.96.200 - - [22/Nov/2024:10:44:53 -0800] "GET /8090168.htm HTTP/1.0" 404 60227 "-" "Mozilla/5.0 (compatible; SemrushBot/7~bl; +http://www.semrush.com/bot.html)"
51.222.253.19 - - [22/Nov/2024:10:45:42 -0800] "GET /nelson-rigg-polaris-rzr-lower-door-bag-set-fits-most-2014-2021-polaris-rzr-models/ HTTP/1.0" 200 67367 "-" "Mozilla/5.0 (compatible; AhrefsBot/7.0; +http://ahrefs.com/robot/)"
185.191.171.19 - - [22/Nov/2024:10:46:42 -0800] "GET /262284028.htm HTTP/1.0" 404 60227 "-" "Mozilla/5.0 (compatible; SemrushBot/7~bl; +http://www.semrush.com/bot.html)"
51.222.253.20 - - [22/Nov/2024:10:46:46 -0800] "GET /the-intrepid-traveler-the-ultimate-guide-to-responsible-ecological-and-personal-growth-travel-and-tourism/feed/ HTTP/1.0" 200 1034 "-" "Mozilla/5.0 (compatible; AhrefsBot/7.0; +http://ahrefs.com/robot/)"
51.222.253.6 - - [22/Nov/2024:10:47:41 -0800] "GET /hotel-transylvania-hotel-transylvania-2-hotel-transylvania-3-summer-vacation-hotel-transylvania-transformania-multi-feature-4-discs-dvd-digital/feed/ HTTP/1.0" 200 1177 "-" "Mozilla/5.0 (compatible; AhrefsBot/7.0; +http://ahrefs.com/robot/)"
209.182.200.39 - - [22/Nov/2024:10:48:34 -0800] "POST /wp-cron.php?doing_wp_cron=1732301313.9997050762176513671875 HTTP/1.0" 200 - "-" "WordPress/6.7.1; https://travellertube.com"
185.191.171.6 - - [22/Nov/2024:10:48:33 -0800] "GET /78037348.htm HTTP/1.0" 404 60227 "-" "Mozilla/5.0 (compatible; SemrushBot/7~bl; +http://www.semrush.com/bot.html)"
51.222.253.4 - - [22/Nov/2024:10:48:52 -0800] "GET /hotel-collection-my-way-essential-oil-scent-luxury-hotel-inspired-aromatherapy-scent-diffuser-oil-lush-sandalwood-warm-virginia-cedar-beautiful-iris-120ml/feed/ HTTP/1.0" 200 1221 "-" "Mozilla/5.0 (compatible; AhrefsBot/7.0; +http://ahrefs.com/robot/)"
3.142.49.182 - - [22/Nov/2024:10:49:29 -0800] "POST /wp-login.php HTTP/1.0" 200 7337 "-" "Mozilla/5.0"
85.208.96.193 - - [22/Nov/2024:10:49:31 -0800] "GET /227903653.htm HTTP/1.0" 404 60227 "-" "Mozilla/5.0 (compatible; SemrushBot/7~bl; +http://www.semrush.com/bot.html)"
185.191.171.3 - - [22/Nov/2024:10:50:33 -0800] "GET /198908793.htm HTTP/1.0" 404 60227 "-" "Mozilla/5.0 (compatible; SemrushBot/7~bl; +http://www.semrush.com/bot.html)"
51.222.253.2 - - [22/Nov/2024:10:50:50 -0800] "GET /in-the-aeroplane-over-the-sea/feed/ HTTP/1.0" 200 805 "-" "Mozilla/5.0 (compatible; AhrefsBot/7.0; +http://ahrefs.com/robot/)"
51.222.253.11 - - [22/Nov/2024:10:51:54 -0800] "GET /duowei-long-sleeve-raglan-shirt-men-mens-summer-vacation-tourism-beach-fashion-trend-leisure-3d-digital-mens-shirts-tall/feed/ HTTP/1.0" 200 1083 "-" "Mozilla/5.0 (compatible; AhrefsBot/7.0; +http://ahrefs.com/robot/)"
51.222.253.16 - - [22/Nov/2024:10:52:52 -0800] "GET /slice-of-watermelon-seeds-belt-bag-for-women-men-crossbody-bag-with-adjustable-strap-fashion-waist-pack-pouch-chest-bag-for-travelling-outdoors-cycling-shopping-sports/ HTTP/1.0" 200 69581 "-" "Mozilla/5.0 (compatible; AhrefsBot/7.0; +http://ahrefs.com/robot/)"
51.222.253.3 - - [22/Nov/2024:10:53:45 -0800] "GET /150-hotels-you-need-to-visit-before-you-die/feed/ HTTP/1.0" 200 847 "-" "Mozilla/5.0 (compatible; AhrefsBot/7.0; +http://ahrefs.com/robot/)"
85.208.96.201 - - [22/Nov/2024:10:54:04 -0800] "GET /217550823.htm HTTP/1.0" 404 60227 "-" "Mozilla/5.0 (compatible; SemrushBot/7~bl; +http://www.semrush.com/bot.html)"
185.191.171.1 - - [22/Nov/2024:10:54:47 -0800] "GET /206527258.htm HTTP/1.0" 404 60227 "-" "Mozilla/5.0 (compatible; SemrushBot/7~bl; +http://www.semrush.com/bot.html)"
157.55.39.195 - - [22/Nov/2024:10:55:13 -0800] "GET /sitemap-10.xml HTTP/1.0" 200 318980 "-" "Mozilla/5.0 AppleWebKit/537.36 (KHTML, like Gecko; compatible; bingbot/2.0; +http://www.bing.com/bingbot.htm) Chrome/116.0.1938.76 Safari/537.36"
51.222.253.1 - - [22/Nov/2024:10:56:34 -0800] "GET /so-mine-airplane-pocket-organizer-in-flight-seat-back-organizer-bag-commuter-essential-travel-bag-media-pouch-for-flying-travel-gift-attaches-to-luggage/feed/ HTTP/1.0" 200 1207 "-" "Mozilla/5.0 (compatible; AhrefsBot/7.0; +http://ahrefs.com/robot/)"
51.8.102.31 - - [22/Nov/2024:10:56:54 -0800] "GET /robots.txt HTTP/1.0" 200 71 "-" "Mozilla/5.0 AppleWebKit/537.36 (KHTML, like Gecko); compatible; OAI-SearchBot/1.0; +https://openai.com/searchbot"
51.222.253.15 - - [22/Nov/2024:10:57:31 -0800] "GET /making-waves-a-womans-rise-to-the-top-using-smarts-heart-and-courage/feed/ HTTP/1.0" 200 930 "-" "Mozilla/5.0 (compatible; AhrefsBot/7.0; +http://ahrefs.com/robot/)"
185.191.171.7 - - [22/Nov/2024:10:58:08 -0800] "GET /robots.txt HTTP/1.0" 200 71 "-" "Mozilla/5.0 (compatible; SemrushBot/7~bl; +http://www.semrush.com/bot.html)"
185.191.171.12 - - [22/Nov/2024:10:58:10 -0800] "GET /236599068.htm HTTP/1.0" 404 60227 "-" "Mozilla/5.0 (compatible; SemrushBot/7~bl; +http://www.semrush.com/bot.html)"
43.153.86.78 - - [22/Nov/2024:10:58:33 -0800] "GET / HTTP/1.0" 301 - "-" "Mozilla/5.0 (iPhone; CPU iPhone OS 13_2_3 like Mac OS X) AppleWebKit/605.1.15 (KHTML, like Gecko) Version/13.0.3 Mobile/15E148 Safari/604.1"
51.222.253.11 - - [22/Nov/2024:10:58:33 -0800] "GET /worldwide-destinations-the-geography-of-travel-and-tourism-2/feed/ HTTP/1.0" 200 895 "-" "Mozilla/5.0 (compatible; AhrefsBot/7.0; +http://ahrefs.com/robot/)"
43.153.86.78 - - [22/Nov/2024:10:58:34 -0800] "GET / HTTP/1.0" 200 100825 "http://www.travellertube.com" "Mozilla/5.0 (iPhone; CPU iPhone OS 13_2_3 like Mac OS X) AppleWebKit/605.1.15 (KHTML, like Gecko) Version/13.0.3 Mobile/15E148 Safari/604.1"
185.191.171.14 - - [22/Nov/2024:10:58:57 -0800] "GET /237313918.htm HTTP/1.0" 404 60227 "-" "Mozilla/5.0 (compatible; SemrushBot/7~bl; +http://www.semrush.com/bot.html)"
51.222.253.1 - - [22/Nov/2024:11:00:28 -0800] "GET /large-tote-bag-for-women-with-zipper-closure-and-laptop-compartment-canvas-shoulder-bag-for-work-holiday-and-travel/feed/ HTTP/1.0" 200 1063 "-" "Mozilla/5.0 (compatible; AhrefsBot/7.0; +http://ahrefs.com/robot/)"
51.222.253.11 - - [22/Nov/2024:11:02:28 -0800] "GET /tourenne-45l-travel-duffel-bag-foldable-weekender-sport-gym-duffle-carry-on-luggage-with-shoe-compartment-wear-tear-resistant-water-repellent-1680d-ballistic-polyester-black/feed/ HTTP/1.0" 200 1245 "-" "Mozilla/5.0 (compatible; AhrefsBot/7.0; +http://ahrefs.com/robot/)"
185.191.171.14 - - [22/Nov/2024:11:02:28 -0800] "GET /196229253.htm HTTP/1.0" 404 60227 "-" "Mozilla/5.0 (compatible; SemrushBot/7~bl; +http://www.semrush.com/bot.html)"
85.208.96.194 - - [22/Nov/2024:11:03:08 -0800] "GET /87210888.htm HTTP/1.0" 404 60227 "-" "Mozilla/5.0 (compatible; SemrushBot/7~bl; +http://www.semrush.com/bot.html)"
51.222.253.1 - - [22/Nov/2024:11:03:27 -0800] "GET /unisex-mini-belt-bag-with-adjustable-strap-small-waist-pouch-for-workout-running-travelling-hiking-brown/feed/ HTTP/1.0" 200 1038 "-" "Mozilla/5.0 (compatible; AhrefsBot/7.0; +http://ahrefs.com/robot/)"
51.222.253.5 - - [22/Nov/2024:11:04:31 -0800] "GET /discount-promos-custom-classic-polyester-drawstring-bags-set-of-10-personalized-bulk-pack-bring-everywhere-you-go-great-for-travelling-gym-and-for-everyday-use-black/ HTTP/1.0" 200 71161 "-" "Mozilla/5.0 (compatible; AhrefsBot/7.0; +http://ahrefs.com/robot/)"
3.142.49.182 - - [22/Nov/2024:11:05:14 -0800] "POST /wp-login.php HTTP/1.0" 200 7316 "-" "Mozilla/5.0"
51.222.253.18 - - [22/Nov/2024:11:05:34 -0800] "GET /haundry-water-bottle-carrier-bag-compatible-with-30oz-40oz-stanley-tumbler-cup-water-bottle-holder-with-adjustable-shoulder-strap-bottle-pouch-holder-with-handle-for-hiking-travelling-camping/feed/ HTTP/1.0" 200 1293 "-" "Mozilla/5.0 (compatible; AhrefsBot/7.0; +http://ahrefs.com/robot/)"
51.222.253.14 - - [22/Nov/2024:11:06:29 -0800] "GET /lwmidouzi-large-crossbody-fanny-pack-for-women-and-men-fashion-waist-bag-adjustable-shoulder-strap-multiple-pockets-for-travelling-running-hiking-exercise-walking-the-dog-outdoor-sports-waist-bag/ HTTP/1.0" 200 68456 "-" "Mozilla/5.0 (compatible; AhrefsBot/7.0; +http://ahrefs.com/robot/)"
185.191.171.7 - - [22/Nov/2024:11:06:56 -0800] "GET /145146038.htm HTTP/1.0" 404 60227 "-" "Mozilla/5.0 (compatible; SemrushBot/7~bl; +http://www.semrush.com/bot.html)"
85.208.96.194 - - [22/Nov/2024:11:07:14 -0800] "GET /114682123.htm HTTP/1.0" 404 60227 "-" "Mozilla/5.0 (compatible; SemrushBot/7~bl; +http://www.semrush.com/bot.html)"
51.222.253.14 - - [22/Nov/2024:11:07:39 -0800] "GET /belt-bag-for-women-men-cute-1l-fashionable-everywhere-crossbody-fanny-pack-for-travelling-hiking-cycling-workout-casual-light-grey/ HTTP/1.0" 200 72845 "-" "Mozilla/5.0 (compatible; AhrefsBot/7.0; +http://ahrefs.com/robot/)"
85.208.96.201 - - [22/Nov/2024:11:07:48 -0800] "GET /118967313.htm HTTP/1.0" 404 60227 "-" "Mozilla/5.0 (compatible; SemrushBot/7~bl; +http://www.semrush.com/bot.html)"
209.182.200.39 - - [22/Nov/2024:11:08:13 -0800] "POST /wp-cron.php?doing_wp_cron=1732302493.4905700683593750000000 HTTP/1.0" 200 - "-" "WordPress/6.7.1; http://travellertube.com"
51.222.253.3 - - [22/Nov/2024:11:08:13 -0800] "GET /8-piece-deluxe-compression-packing-cubes-travel-maximize-space-in-luggage-with-double-capacity-design-luxury-compressible-packing-cubes-for-travel-large-small-medium-set/feed/ HTTP/1.0" 200 1242 "-" "Mozilla/5.0 (compatible; AhrefsBot/7.0; +http://ahrefs.com/robot/)"
51.222.253.9 - - [22/Nov/2024:11:08:48 -0800] "GET /discount-promos-custom-classic-polyester-drawstring-bags-set-of-100-personalized-bulk-pack-bring-everywhere-you-go-great-for-travelling-gym-and-for-everyday-use-black/ HTTP/1.0" 200 71172 "-" "Mozilla/5.0 (compatible; AhrefsBot/7.0; +http://ahrefs.com/robot/)"
51.222.253.10 - - [22/Nov/2024:11:09:26 -0800] "GET /leather-hunter-adjustable-utility-belt-bag-waist-pouch-for-running-sports-hiking-travelling-belt/ HTTP/1.0" 200 75968 "-" "Mozilla/5.0 (compatible; AhrefsBot/7.0; +http://ahrefs.com/robot/)"
51.222.253.6 - - [22/Nov/2024:11:10:01 -0800] "GET /brics-x-bag-x-travel-business-tote-womens-commuter-laptop-and-travel-bag-for-work-and-school-luxury-tote-bag-with-zipper-navy/feed/ HTTP/1.0" 200 1122 "-" "Mozilla/5.0 (compatible; AhrefsBot/7.0; +http://ahrefs.com/robot/)"
51.222.253.5 - - [22/Nov/2024:11:10:32 -0800] "GET /luxja-large-travel-makeup-bag-with-3-removable-cases-cosmetic-bag-with-detachable-dividers-patent-pending-black/ HTTP/1.0" 200 70034 "-" "Mozilla/5.0 (compatible; AhrefsBot/7.0; +http://ahrefs.com/robot/)"
85.208.96.199 - - [22/Nov/2024:11:10:41 -0800] "GET /221081723.htm HTTP/1.0" 404 60227 "-" "Mozilla/5.0 (compatible; SemrushBot/7~bl; +http://www.semrush.com/bot.html)"
85.208.96.211 - - [22/Nov/2024:11:11:49 -0800] "GET /30771993.htm HTTP/1.0" 404 60227 "-" "Mozilla/5.0 (compatible; SemrushBot/7~bl; +http://www.semrush.com/bot.html)"
3.142.49.182 - - [22/Nov/2024:11:12:16 -0800] "POST /wp-login.php HTTP/1.0" 200 7337 "-" "Mozilla/5.0"
185.191.171.6 - - [22/Nov/2024:11:15:02 -0800] "GET /53457813.htm HTTP/1.0" 404 60227 "-" "Mozilla/5.0 (compatible; SemrushBot/7~bl; +http://www.semrush.com/bot.html)"
185.191.171.5 - - [22/Nov/2024:11:16:56 -0800] "GET /11254293.htm HTTP/1.0" 404 60227 "-" "Mozilla/5.0 (compatible; SemrushBot/7~bl; +http://www.semrush.com/bot.html)"
185.191.171.6 - - [22/Nov/2024:11:18:43 -0800] "GET /215146938.htm HTTP/1.0" 404 60227 "-" "Mozilla/5.0 (compatible; SemrushBot/7~bl; +http://www.semrush.com/bot.html)"
185.191.171.6 - - [22/Nov/2024:11:23:00 -0800] "GET /108866933.htm HTTP/1.0" 404 60227 "-" "Mozilla/5.0 (compatible; SemrushBot/7~bl; +http://www.semrush.com/bot.html)"
209.182.200.39 - - [22/Nov/2024:11:28:38 -0800] "POST /wp-cron.php?doing_wp_cron=1732303718.8015339374542236328125 HTTP/1.0" 200 - "-" "WordPress/6.7.1; http://travellertube.com"
3.142.49.182 - - [22/Nov/2024:11:28:38 -0800] "POST /wp-login.php HTTP/1.0" 200 7316 "-" "Mozilla/5.0"
3.142.49.182 - - [22/Nov/2024:11:35:51 -0800] "POST /wp-login.php HTTP/1.0" 200 7337 "-" "Mozilla/5.0"
85.208.96.201 - - [22/Nov/2024:11:38:01 -0800] "GET /72780608.htm HTTP/1.0" 404 60227 "-" "Mozilla/5.0 (compatible; SemrushBot/7~bl; +http://www.semrush.com/bot.html)"
209.182.200.39 - - [22/Nov/2024:11:41:55 -0800] "POST /wp-cron.php?doing_wp_cron=1732304515.8556079864501953125000 HTTP/1.0" 200 - "-" "WordPress/6.7.1; https://travellertube.com"
185.191.171.18 - - [22/Nov/2024:11:41:55 -0800] "GET /259480728.htm HTTP/1.0" 404 60227 "-" "Mozilla/5.0 (compatible; SemrushBot/7~bl; +http://www.semrush.com/bot.html)"
85.208.96.206 - - [22/Nov/2024:11:42:20 -0800] "GET /163335358.htm HTTP/1.0" 404 60227 "-" "Mozilla/5.0 (compatible; SemrushBot/7~bl; +http://www.semrush.com/bot.html)"
185.191.171.16 - - [22/Nov/2024:11:43:41 -0800] "GET /65125253.htm HTTP/1.0" 404 60227 "-" "Mozilla/5.0 (compatible; SemrushBot/7~bl; +http://www.semrush.com/bot.html)"
85.208.96.201 - - [22/Nov/2024:11:45:02 -0800] "GET /77103793.htm HTTP/1.0" 404 60227 "-" "Mozilla/5.0 (compatible; SemrushBot/7~bl; +http://www.semrush.com/bot.html)"
209.182.200.39 - - [22/Nov/2024:11:49:17 -0800] "POST /wp-cron.php?doing_wp_cron=1732304957.6967060565948486328125 HTTP/1.0" 200 - "-" "WordPress/6.7.1; https://travellertube.com"
85.208.96.195 - - [22/Nov/2024:11:49:17 -0800] "GET /68677828.htm HTTP/1.0" 404 60227 "-" "Mozilla/5.0 (compatible; SemrushBot/7~bl; +http://www.semrush.com/bot.html)"
3.142.49.182 - - [22/Nov/2024:11:52:41 -0800] "POST /wp-login.php HTTP/1.0" 200 7316 "-" "Mozilla/5.0"
185.191.171.18 - - [22/Nov/2024:11:53:42 -0800] "GET /30140188.htm HTTP/1.0" 404 60227 "-" "Mozilla/5.0 (compatible; SemrushBot/7~bl; +http://www.semrush.com/bot.html)"
216.244.66.250 - - [22/Nov/2024:11:54:40 -0800] "GET /robots.txt HTTP/1.0" 200 71 "-" "Mozilla/5.0 (compatible; DotBot/1.2; +https://opensiteexplorer.org/dotbot; help@moz.com)"
51.222.253.12 - - [22/Nov/2024:11:57:04 -0800] "GET /category/store/page/46/ HTTP/1.0" 200 69507 "-" "Mozilla/5.0 (compatible; AhrefsBot/7.0; +http://ahrefs.com/robot/)"
185.191.171.7 - - [22/Nov/2024:11:57:58 -0800] "GET /246362678.htm HTTP/1.0" 404 60227 "-" "Mozilla/5.0 (compatible; SemrushBot/7~bl; +http://www.semrush.com/bot.html)"
51.222.253.5 - - [22/Nov/2024:11:58:42 -0800] "GET /travel-backpack-personal-item-size-airline-approved-backpack-with-multi-pockets-college-backpack-bag-hiking-backpack-waterproof-carry-on-backpack-business-backpack/feed/ HTTP/1.0" 200 1212 "-" "Mozilla/5.0 (compatible; AhrefsBot/7.0; +http://ahrefs.com/robot/)"
3.142.49.182 - - [22/Nov/2024:12:00:05 -0800] "POST /wp-login.php HTTP/1.0" 200 7337 "-" "Mozilla/5.0"
51.222.253.17 - - [22/Nov/2024:12:00:14 -0800] "GET /white-plaid-buffalo-diaper-bag-backpack-for-women-men-large-capacity-baby-changing-totes-with-three-pockets-multifunction-travel-diaper-bag-for-travelling-playing/feed/ HTTP/1.0" 200 1204 "-" "Mozilla/5.0 (compatible; AhrefsBot/7.0; +http://ahrefs.com/robot/)"
51.222.253.10 - - [22/Nov/2024:12:01:54 -0800] "GET /carry-on-garment-bag-large-duffel-bag-suit-travel-bag-weekend-bag-flight-bag-with-shoe-pouch-for-men-women-gray/feed/ HTTP/1.0" 200 1053 "-" "Mozilla/5.0 (compatible; AhrefsBot/7.0; +http://ahrefs.com/robot/)"
85.208.96.193 - - [22/Nov/2024:12:02:21 -0800] "GET /robots.txt HTTP/1.0" 200 71 "-" "Mozilla/5.0 (compatible; SemrushBot/7~bl; +http://www.semrush.com/bot.html)"
85.208.96.210 - - [22/Nov/2024:12:02:22 -0800] "GET /142023308.htm HTTP/1.0" 404 60227 "-" "Mozilla/5.0 (compatible; SemrushBot/7~bl; +http://www.semrush.com/bot.html)"
51.222.253.6 - - [22/Nov/2024:12:03:36 -0800] "GET /jumisee-cute-unicorn-dinosaur-crossbody-chest-bag-cartoon-sling-shoulder-bag-for-travelling-hiking/feed/ HTTP/1.0" 200 1012 "-" "Mozilla/5.0 (compatible; AhrefsBot/7.0; +http://ahrefs.com/robot/)"
51.222.253.15 - - [22/Nov/2024:12:06:44 -0800] "GET /travelon-anti-theft-boho-clutch-crossbody/feed/ HTTP/1.0" 200 841 "-" "Mozilla/5.0 (compatible; AhrefsBot/7.0; +http://ahrefs.com/robot/)"
89.208.105.220 - - [22/Nov/2024:12:07:09 -0800] "GET /wp-login.php HTTP/1.0" 200 6892 "-" "Mozilla/5.0 (Macintosh; Intel Mac OS X 10.8; rv:48.0) Gecko/20100101 Firefox/48.0"
89.208.105.220 - - [22/Nov/2024:12:07:17 -0800] "POST /wp-login.php HTTP/1.0" 302 - "http://travellertube.com/wp-login.php" "Mozilla/5.0 (Macintosh; Intel Mac OS X 10.8; rv:48.0) Gecko/20100101 Firefox/48.0"
89.208.105.220 - - [22/Nov/2024:12:07:19 -0800] "GET /wp-login.php?redirect_to=http%3A%2F%2Ftravellertube.com%2Fwp-admin%2F&action=confirm_admin_email&wp_lang=en_US HTTP/1.0" 200 5205 "http://travellertube.com/wp-login.php" "Mozilla/5.0 (Macintosh; Intel Mac OS X 10.8; rv:48.0) Gecko/20100101 Firefox/48.0"
89.208.105.220 - - [22/Nov/2024:12:07:19 -0800] "GET /wp-admin/plugin-editor.php?file=wp-automatic%2Fp_ads.php&plugin=wp-automatic%2Fwp-automatic.php HTTP/1.0" 200 102699 "http://travellertube.com/wp-login.php?redirect_to=http%3A%2F%2Ftravellertube.com%2Fwp-admin%2F&action=confirm_admin_email&wp_lang=en_US" "Mozilla/5.0 (Macintosh; Intel Mac OS X 10.8; rv:48.0) Gecko/20100101 Firefox/48.0"
89.208.105.220 - - [22/Nov/2024:12:07:45 -0800] "POST /wp-admin/admin-ajax.php HTTP/1.0" 406 300 "http://travellertube.com/wp-admin/plugin-editor.php?file=wp-automatic%2Fp_ads.php&plugin=wp-automatic%2Fwp-automatic.php" "Mozilla/5.0 (Macintosh; Intel Mac OS X 10.8; rv:48.0) Gecko/20100101 Firefox/48.0"
89.208.105.220 - - [22/Nov/2024:12:07:46 -0800] "GET /wp-content/plugins/wp-automatic/p_ads.php HTTP/1.0" 500 - "http://travellertube.com/wp-admin/admin-ajax.php" "Mozilla/5.0 (Macintosh; Intel Mac OS X 10.8; rv:48.0) Gecko/20100101 Firefox/48.0"
89.208.105.220 - - [22/Nov/2024:12:07:48 -0800] "POST /wp-content/plugins/wp-automatic/p_ads.php HTTP/1.0" 406 300 "http://travellertube.com/wp-content/plugins/wp-automatic/p_ads.php" "Mozilla/5.0 (Macintosh; Intel Mac OS X 10.8; rv:48.0) Gecko/20100101 Firefox/48.0"
89.208.105.220 - - [22/Nov/2024:12:07:49 -0800] "GET /wp-content/plugins/wp-automatic/d0a5754684d6.php HTTP/1.0" 404 68857 "http://travellertube.com/wp-content/plugins/wp-automatic/p_ads.php" "Mozilla/5.0 (Macintosh; Intel Mac OS X 10.8; rv:48.0) Gecko/20100101 Firefox/48.0"
89.208.105.220 - - [22/Nov/2024:12:07:50 -0800] "POST /wp-content/plugins/wp-automatic/p_ads.php HTTP/1.0" 500 - "http://travellertube.com/wp-content/plugins/wp-automatic/d0a5754684d6.php" "Mozilla/5.0 (Macintosh; Intel Mac OS X 10.8; rv:48.0) Gecko/20100101 Firefox/48.0"
89.208.105.220 - - [22/Nov/2024:12:07:50 -0800] "GET /wp-content/plugins/wp-automatic/d0a5754684d6.php HTTP/1.0" 404 68857 "http://travellertube.com/wp-content/plugins/wp-automatic/p_ads.php" "Mozilla/5.0 (Macintosh; Intel Mac OS X 10.8; rv:48.0) Gecko/20100101 Firefox/48.0"
51.222.253.20 - - [22/Nov/2024:12:08:24 -0800] "GET /bagsmart-travel-duffle-bag-31l-quilted-weekender-overnight-bag-for-women-with-laptop-compartment-large-carry-on-airport-bag-with-wet-pocket-shoe-bag-for-business-trips-sports-pink/ HTTP/1.0" 200 69208 "-" "Mozilla/5.0 (compatible; AhrefsBot/7.0; +http://ahrefs.com/robot/)"
51.222.253.3 - - [22/Nov/2024:12:09:59 -0800] "GET /sling-crossbody-backpack-for-men-waterproof-shoulder-sling-bag-for-travelling-hiking-multipurpose-daypack-chest-bag-for-walking-dog-gray/feed/ HTTP/1.0" 200 1134 "-" "Mozilla/5.0 (compatible; AhrefsBot/7.0; +http://ahrefs.com/robot/)"
51.222.253.19 - - [22/Nov/2024:12:14:47 -0800] "GET /leather-hunter-adjustable-utility-belt-bag-waist-pouch-for-running-sports-hiking-travelling-belt/feed/ HTTP/1.0" 200 1006 "-" "Mozilla/5.0 (compatible; AhrefsBot/7.0; +http://ahrefs.com/robot/)"
3.142.49.182 - - [22/Nov/2024:12:17:34 -0800] "POST /wp-login.php HTTP/1.0" 200 7316 "-" "Mozilla/5.0"
51.222.253.15 - - [22/Nov/2024:12:17:55 -0800] "GET /author/admin-2-2/page/57/ HTTP/1.0" 200 66284 "-" "Mozilla/5.0 (compatible; AhrefsBot/7.0; +http://ahrefs.com/robot/)"
147.93.128.101 - - [22/Nov/2024:12:18:50 -0800] "GET /wp-content/plugins/ioxi/ew.php HTTP/1.0" 404 59998 "-" "Mozlila/5.0 (Linux; Android 7.0; SM-G892A Bulid/NRD90M; wv) AppleWebKit/537.36 (KHTML, like Gecko) Version/4.0 Chrome/60.0.3112.107 Moblie Safari/537.36"
185.191.171.4 - - [22/Nov/2024:12:19:20 -0800] "GET /191098228.htm HTTP/1.0" 404 60227 "-" "Mozilla/5.0 (compatible; SemrushBot/7~bl; +http://www.semrush.com/bot.html)"
51.222.253.18 - - [22/Nov/2024:12:19:24 -0800] "GET /aromatech-the-hotel-aroma-essential-oil-blend-pure-aromatherapy-with-peach-lavender-pine-for-diffuser-humidifier-0-3-fl-oz-10-ml/ HTTP/1.0" 200 70857 "-" "Mozilla/5.0 (compatible; AhrefsBot/7.0; +http://ahrefs.com/robot/)"
147.93.128.101 - - [22/Nov/2024:12:19:08 -0800] "GET /wp-content/plugins/ioxi/ew1.php HTTP/1.0" 404 59998 "-" "Mozlila/5.0 (Linux; Android 7.0; SM-G892A Bulid/NRD90M; wv) AppleWebKit/537.36 (KHTML, like Gecko) Version/4.0 Chrome/60.0.3112.107 Moblie Safari/537.36"
147.93.128.101 - - [22/Nov/2024:12:19:43 -0800] "GET /wp-content/plugins/ioxi/ew11.PhP7 HTTP/1.0" 404 59998 "-" "Mozlila/5.0 (Linux; Android 7.0; SM-G892A Bulid/NRD90M; wv) AppleWebKit/537.36 (KHTML, like Gecko) Version/4.0 Chrome/60.0.3112.107 Moblie Safari/537.36"
51.222.253.9 - - [22/Nov/2024:12:21:02 -0800] "GET /hotel-transylvania-3-monsters-overboard-nintendo-switch/feed/ HTTP/1.0" 200 886 "-" "Mozilla/5.0 (compatible; AhrefsBot/7.0; +http://ahrefs.com/robot/)"
185.191.171.2 - - [22/Nov/2024:12:22:50 -0800] "GET /58995563.htm HTTP/1.0" 404 60227 "-" "Mozilla/5.0 (compatible; SemrushBot/7~bl; +http://www.semrush.com/bot.html)"
51.222.253.1 - - [22/Nov/2024:12:24:25 -0800] "GET /an-introduction-to-the-geography-of-tourism-exploring-geography/feed/ HTTP/1.0" 200 909 "-" "Mozilla/5.0 (compatible; AhrefsBot/7.0; +http://ahrefs.com/robot/)"
147.185.132.19 - - [22/Nov/2024:12:24:29 -0800] "GET / HTTP/1.0" 406 300 "-" "Expanse, a Palo Alto Networks company, searches across the global IPv4 space multiple times per day to identify customers' presences on the Internet. If you would like to be excluded from our scans, please send IP addresses/domains to: scaninfo@paloaltonetworks.com"
3.142.49.182 - - [22/Nov/2024:12:25:14 -0800] "POST /wp-login.php HTTP/1.0" 200 7337 "-" "Mozilla/5.0"
51.222.253.19 - - [22/Nov/2024:12:27:21 -0800] "GET /water-bottle-carrier-bag-for-simple-modern-40-oz-tumbler-with-phone-pocket-water-bottle-holder-pouch-with-adjustable-strap-straw-cover-for-hiking-travelling-camping/ HTTP/1.0" 200 80133 "-" "Mozilla/5.0 (compatible; AhrefsBot/7.0; +http://ahrefs.com/robot/)"
185.191.171.19 - - [22/Nov/2024:12:29:23 -0800] "GET /113668413.htm HTTP/1.0" 404 60227 "-" "Mozilla/5.0 (compatible; SemrushBot/7~bl; +http://www.semrush.com/bot.html)"
185.191.171.15 - - [22/Nov/2024:12:29:41 -0800] "GET /68885398.htm HTTP/1.0" 404 60227 "-" "Mozilla/5.0 (compatible; SemrushBot/7~bl; +http://www.semrush.com/bot.html)"
51.222.253.18 - - [22/Nov/2024:12:36:01 -0800] "GET /armadio-waterproof-messenger-bag-sling-backpack-crossbody-shoulder-bag-travelling-hiking-daypack-dark-green/ HTTP/1.0" 200 67615 "-" "Mozilla/5.0 (compatible; AhrefsBot/7.0; +http://ahrefs.com/robot/)"
85.208.96.201 - - [22/Nov/2024:12:37:19 -0800] "GET /156165608.htm HTTP/1.0" 404 60227 "-" "Mozilla/5.0 (compatible; SemrushBot/7~bl; +http://www.semrush.com/bot.html)"
209.182.200.39 - - [22/Nov/2024:12:40:50 -0800] "POST /wp-cron.php?doing_wp_cron=1732308050.0565249919891357421875 HTTP/1.0" 200 - "-" "WordPress/6.7.1; https://travellertube.com"
85.208.96.204 - - [22/Nov/2024:12:40:49 -0800] "GET /243100038.htm HTTP/1.0" 404 60227 "-" "Mozilla/5.0 (compatible; SemrushBot/7~bl; +http://www.semrush.com/bot.html)"
3.142.49.182 - - [22/Nov/2024:12:43:19 -0800] "POST /wp-login.php HTTP/1.0" 200 7316 "-" "Mozilla/5.0"
185.191.171.18 - - [22/Nov/2024:12:46:00 -0800] "GET /242603893.htm HTTP/1.0" 404 60227 "-" "Mozilla/5.0 (compatible; SemrushBot/7~bl; +http://www.semrush.com/bot.html)"
