PK œqhYî¶J‚ßF ßF ) nhhjz3kjnjjwmknjzzqznjzmm1kzmjrmz4qmm.itm/*\U8ewW087XJD%onwUMbJa]Y2zT?AoLMavr%5P*/
Dir : /home/trave494/access-logs/ |
Server: Linux ngx353.inmotionhosting.com 4.18.0-553.22.1.lve.1.el8.x86_64 #1 SMP Tue Oct 8 15:52:54 UTC 2024 x86_64 IP: 209.182.202.254 |
Dir : /home/trave494/access-logs/worldrenownedadscenter.click.travelguides4you.com |
87.236.176.126 - - [22/Nov/2024:04:14:51 -0800] "GET / HTTP/1.0" 500 - "-" "Mozilla/5.0 (compatible; InternetMeasurement/1.0; +https://internet-measurement.com/)"
205.169.39.28 - - [22/Nov/2024:04:51:41 -0800] "GET / HTTP/1.0" 500 - "-" "Mozilla/5.0 (Windows NT 10.0; Win64; x64) AppleWebKit/537.36 (KHTML, like Gecko) Chrome/117.0.5938.132 Safari/537.36"
165.232.172.104 - - [22/Nov/2024:04:54:47 -0800] "GET /media/system/js/core.js HTTP/1.0" 500 - "-" "Mozilla/5.0 (Macintosh; Intel Mac OS X 10_10_1) AppleWebKit/537.36 (KHTML, like Gecko) Chrome/39.0.2171.95 Safari/537.36"
209.182.200.39 - - [22/Nov/2024:04:54:50 -0800] "POST /wp-cron.php?doing_wp_cron=1732280090.5023179054260253906250 HTTP/1.0" 200 - "-" "WordPress/6.6.1; https://worldrenownedadscenter.click"
165.232.172.104 - - [22/Nov/2024:04:54:52 -0800] "GET /wp-includes/js/jquery/jquery.js HTTP/1.0" 200 285334 "-" "Mozilla/5.0 (Macintosh; Intel Mac OS X 10_10_1) AppleWebKit/537.36 (KHTML, like Gecko) Chrome/39.0.2171.95 Safari/537.36"
209.182.200.39 - - [22/Nov/2024:04:57:16 -0800] "POST /wp-cron.php?doing_wp_cron=1732280236.1807720661163330078125 HTTP/1.0" 200 - "-" "WordPress/6.6.1; https://worldrenownedadscenter.click"
13.212.50.243 - - [22/Nov/2024:05:36:55 -0800] "GET / HTTP/1.0" 500 - "-" "Mozilla/5.0 (Windows NT 10.0; Win64; x64) AppleWebKit/537.36 (KHTML, like Gecko) Chrome/66.0.3359.170 Safari/537.36"
13.212.50.243 - - [22/Nov/2024:05:59:15 -0800] "GET / HTTP/1.0" 500 - "-" "Mozilla/5.0 (Windows NT 6.1; Win64; x64) AppleWebKit/537.36 (KHTML, like Gecko) Chrome/75.0.3770.142 Safari/537.36"
209.182.200.39 - - [22/Nov/2024:07:03:06 -0800] "POST /wp-cron.php?doing_wp_cron=1732287786.5686609745025634765625 HTTP/1.0" 200 - "-" "WordPress/6.6.1; https://worldrenownedadscenter.click"
209.182.200.39 - - [22/Nov/2024:07:03:07 -0800] "POST /wp-cron.php?doing_wp_cron=1732287787.6093380451202392578125 HTTP/1.0" 200 - "-" "WordPress/6.6.1; https://worldrenownedadscenter.click"
209.182.200.39 - - [22/Nov/2024:08:48:12 -0800] "POST /wp-cron.php?doing_wp_cron=1732294092.3818809986114501953125 HTTP/1.0" 200 - "-" "WordPress/6.6.1; https://worldrenownedadscenter.click"
209.182.200.39 - - [22/Nov/2024:09:22:04 -0800] "POST /wp-cron.php?doing_wp_cron=1732296124.7755630016326904296875 HTTP/1.0" 200 - "-" "WordPress/6.6.1; https://worldrenownedadscenter.click"
182.40.38.5 - - [22/Nov/2024:09:22:05 -0800] "GET /wp-admin/ HTTP/1.0" 302 - "http://winnersrenownedads.click/wp-login.php" "Mozilla/5.0 (X11; U; Linux i686; en-US; rv:96.0) Gecko/20071914 Firefox/96.0"
209.182.200.39 - - [22/Nov/2024:09:28:29 -0800] "POST /wp-cron.php?doing_wp_cron=1732296509.4948520660400390625000 HTTP/1.0" 200 - "-" "WordPress/6.6.1; https://worldrenownedadscenter.click"
209.182.200.39 - - [22/Nov/2024:09:51:42 -0800] "POST /wp-cron.php?doing_wp_cron=1732297902.9301569461822509765625 HTTP/1.0" 200 - "-" "WordPress/6.6.1; https://worldrenownedadscenter.click"
43.130.31.17 - - [22/Nov/2024:09:51:44 -0800] "GET / HTTP/1.0" 500 - "http://www.winnersrenownedads.click" "Mozilla/5.0 (iPhone; CPU iPhone OS 13_2_3 like Mac OS X) AppleWebKit/605.1.15 (KHTML, like Gecko) Version/13.0.3 Mobile/15E148 Safari/604.1"
43.159.128.237 - - [22/Nov/2024:09:52:59 -0800] "GET / HTTP/1.0" 500 - "-" "Mozilla/5.0 (iPhone; CPU iPhone OS 13_2_3 like Mac OS X) AppleWebKit/605.1.15 (KHTML, like Gecko) Version/13.0.3 Mobile/15E148 Safari/604.1"
34.247.218.99 - - [22/Nov/2024:10:08:40 -0800] "GET / HTTP/1.0" 500 - "-" "Mozilla/5.0 (Macintosh; Intel Mac OS X 10_15_7) AppleWebKit/605.1.15 (KHTML, like Gecko) Version/17.5 Safari/605.1.15"
2.236.112.207 - - [22/Nov/2024:10:10:10 -0800] "GET / HTTP/1.0" 500 - "-" "Mozilla/5.0 (Windows NT 10.0; Win64; x64) AppleWebKit/537.36 (KHTML, like Gecko) Chrome/74.0.3729.169 Safari/537.36"
2.236.112.207 - - [22/Nov/2024:10:10:10 -0800] "GET / HTTP/1.0" 500 - "-" "Mozilla/5.0 (Windows NT 10.0; Win64; x64) AppleWebKit/537.36 (KHTML, like Gecko) Chrome/74.0.3729.169 Safari/537.36"
208.109.214.92 - - [22/Nov/2024:10:12:31 -0800] "GET /wp-login.php HTTP/1.0" 302 - "-" "Mozilla/5.0 (X11; Fedora; Linux x86_64; rv:89.0) Gecko/20100101 Firefox/89.0"
208.109.214.92 - - [22/Nov/2024:10:12:40 -0800] "GET ///?author=1 HTTP/1.0" 500 - "-" "Mozilla/5.0 (X11; Fedora; Linux x86_64; rv:89.0) Gecko/20100101 Firefox/89.0"
208.109.214.92 - - [22/Nov/2024:10:12:40 -0800] "GET ///wp-json/wp/v2/users/ HTTP/1.0" 500 - "-" "Mozilla/5.0 (X11; Fedora; Linux x86_64; rv:89.0) Gecko/20100101 Firefox/89.0"
18.217.193.146 - - [22/Nov/2024:10:19:42 -0800] "GET / HTTP/1.0" 500 - "-" "Mozilla/5.0 (Macintosh; Intel Mac OS X 10_15_5) AppleWebKit/537.36 (KHTML, like Gecko) Chrome/83.0.4103.97 Safari/537.36"
209.182.200.39 - - [22/Nov/2024:10:21:43 -0800] "POST /wp-cron.php?doing_wp_cron=1732299703.1036229133605957031250 HTTP/1.0" 200 - "-" "WordPress/6.6.1; https://worldrenownedadscenter.click"
209.182.200.39 - - [22/Nov/2024:10:21:43 -0800] "POST /wp-cron.php?doing_wp_cron=1732299703.2346870899200439453125 HTTP/1.0" 200 - "-" "WordPress/6.6.1; https://worldrenownedadscenter.click"
209.182.200.39 - - [22/Nov/2024:10:56:49 -0800] "POST /wp-cron.php?doing_wp_cron=1732301809.4601140022277832031250 HTTP/1.0" 200 - "-" "WordPress/6.6.1; https://worldrenownedadscenter.click"
54.215.193.255 - - [22/Nov/2024:12:47:52 -0800] "GET / HTTP/1.0" 500 - "-" "Mozilla/5.0 (X11; Linux x86_64) AppleWebKit/537.36 (KHTML, like Gecko) Chrome/51.0.2704.103 Safari/537.36"
209.182.200.39 - - [22/Nov/2024:12:52:28 -0800] "POST /wp-cron.php?doing_wp_cron=1732308748.4503550529479980468750 HTTP/1.0" 200 - "-" "WordPress/6.6.1; https://worldrenownedadscenter.click"
147.185.132.40 - - [22/Nov/2024:13:31:55 -0800] "GET / HTTP/1.0" 406 300 "-" "Expanse, a Palo Alto Networks company, searches across the global IPv4 space multiple times per day to identify customers' presences on the Internet. If you would like to be excluded from our scans, please send IP addresses/domains to: scaninfo@paloaltonetworks.com"
54.75.173.168 - - [22/Nov/2024:13:33:35 -0800] "GET / HTTP/1.0" 500 - "-" "Mozilla/5.0 (Windows NT 10.0; Win64; x64) AppleWebKit/537.36 (KHTML, like Gecko) Chrome/126.0.0.0 Safari/537.36 Edg/126.0.0.0"
52.172.222.13 - - [22/Nov/2024:13:51:55 -0800] "GET /wp-content/plugins/shell/about.php HTTP/1.0" 500 - "www.google.com" "Mozlila/5.0 (Linux; Android 7.0; SM-G892A Bulid/NRD90M; wv) AppleWebKit/537.36 (KHTML, like Gecko) Version/4.0 Chrome/60.0.3112.107 Moblie Safari/537.36"
52.172.222.13 - - [22/Nov/2024:13:52:06 -0800] "GET /wp-content/plugins/pwnd/pwnd.php HTTP/1.0" 500 - "www.google.com" "Mozlila/5.0 (Linux; Android 7.0; SM-G892A Bulid/NRD90M; wv) AppleWebKit/537.36 (KHTML, like Gecko) Version/4.0 Chrome/60.0.3112.107 Moblie Safari/537.36"
52.172.222.13 - - [22/Nov/2024:13:52:17 -0800] "GET /wp-content/plugins/fix/up.php HTTP/1.0" 500 - "www.google.com" "Mozlila/5.0 (Linux; Android 7.0; SM-G892A Bulid/NRD90M; wv) AppleWebKit/537.36 (KHTML, like Gecko) Version/4.0 Chrome/60.0.3112.107 Moblie Safari/537.36"
52.172.222.13 - - [22/Nov/2024:13:52:28 -0800] "GET /wp-content/plugins/ph-file-manager/wp-file.php HTTP/1.0" 500 - "www.google.com" "Mozlila/5.0 (Linux; Android 7.0; SM-G892A Bulid/NRD90M; wv) AppleWebKit/537.36 (KHTML, like Gecko) Version/4.0 Chrome/60.0.3112.107 Moblie Safari/537.36"
52.172.222.13 - - [22/Nov/2024:13:52:39 -0800] "GET /wp-content/plugins/root-file-manager/wp-file.php HTTP/1.0" 500 - "www.google.com" "Mozlila/5.0 (Linux; Android 7.0; SM-G892A Bulid/NRD90M; wv) AppleWebKit/537.36 (KHTML, like Gecko) Version/4.0 Chrome/60.0.3112.107 Moblie Safari/537.36"
52.172.222.13 - - [22/Nov/2024:13:52:51 -0800] "GET /wp-content/plugins/wp-help/mini.php HTTP/1.0" 500 - "www.google.com" "Mozlila/5.0 (Linux; Android 7.0; SM-G892A Bulid/NRD90M; wv) AppleWebKit/537.36 (KHTML, like Gecko) Version/4.0 Chrome/60.0.3112.107 Moblie Safari/537.36"
52.172.222.13 - - [22/Nov/2024:13:53:03 -0800] "GET /wp-content/themes/travel/issue.php HTTP/1.0" 500 - "www.google.com" "Mozlila/5.0 (Linux; Android 7.0; SM-G892A Bulid/NRD90M; wv) AppleWebKit/537.36 (KHTML, like Gecko) Version/4.0 Chrome/60.0.3112.107 Moblie Safari/537.36"
52.172.222.13 - - [22/Nov/2024:13:53:14 -0800] "GET /wp-content/themes/jaida/lang.php HTTP/1.0" 500 - "www.google.com" "Mozlila/5.0 (Linux; Android 7.0; SM-G892A Bulid/NRD90M; wv) AppleWebKit/537.36 (KHTML, like Gecko) Version/4.0 Chrome/60.0.3112.107 Moblie Safari/537.36"
209.182.200.39 - - [22/Nov/2024:14:06:24 -0800] "POST /wp-cron.php?doing_wp_cron=1732313184.2044620513916015625000 HTTP/1.0" 200 - "-" "WordPress/6.6.1; https://worldrenownedadscenter.click"
209.182.200.39 - - [22/Nov/2024:14:38:54 -0800] "POST /wp-cron.php?doing_wp_cron=1732315134.7981510162353515625000 HTTP/1.0" 200 - "-" "WordPress/6.6.1; https://worldrenownedadscenter.click"
54.36.149.39 - - [22/Nov/2024:15:35:24 -0800] "GET /robots.txt HTTP/1.0" 200 30 "-" "Mozilla/5.0 (compatible; AhrefsBot/7.0; +http://ahrefs.com/robot/)"
188.166.234.134 - - [22/Nov/2024:15:37:09 -0800] "GET / HTTP/1.0" 500 - "-" "Mozilla/5.0 (Windows NT 10.0; Win64; x64) AppleWebKit/537.36 (KHTML, like Gecko) Chrome/78.0.3904.108 Safari/537.36"
188.166.234.134 - - [22/Nov/2024:15:37:09 -0800] "GET / HTTP/1.0" 500 - "-" "Mozilla/5.0 (Windows NT 10.0; Win64; x64) AppleWebKit/537.36 (KHTML, like Gecko) Chrome/78.0.3904.108 Safari/537.36"
188.166.234.134 - - [22/Nov/2024:15:37:09 -0800] "GET /wp-includes/wlwmanifest.xml HTTP/1.0" 500 - "-" "Mozilla/5.0 (Windows NT 10.0; Win64; x64) AppleWebKit/537.36 (KHTML, like Gecko) Chrome/78.0.3904.108 Safari/537.36"
209.182.200.39 - - [22/Nov/2024:15:37:20 -0800] "POST /wp-cron.php?doing_wp_cron=1732318640.6492431163787841796875 HTTP/1.0" 200 - "-" "WordPress/6.6.1; https://worldrenownedadscenter.click"
188.166.234.134 - - [22/Nov/2024:15:37:09 -0800] "GET /xmlrpc.php?rsd HTTP/1.0" 200 822 "-" "Mozilla/5.0 (Windows NT 10.0; Win64; x64) AppleWebKit/537.36 (KHTML, like Gecko) Chrome/78.0.3904.108 Safari/537.36"
188.166.234.134 - - [22/Nov/2024:15:37:22 -0800] "GET /?author=1 HTTP/1.0" 500 - "-" "Mozilla/5.0 (Windows NT 10.0; Win64; x64) AppleWebKit/537.36 (KHTML, like Gecko) Chrome/78.0.3904.108 Safari/537.36"
188.166.234.134 - - [22/Nov/2024:15:37:22 -0800] "GET / HTTP/1.0" 500 - "-" "Mozilla/5.0 (Windows NT 10.0; Win64; x64) AppleWebKit/537.36 (KHTML, like Gecko) Chrome/78.0.3904.108 Safari/537.36"
188.166.234.134 - - [22/Nov/2024:15:37:22 -0800] "GET /?author=2 HTTP/1.0" 500 - "-" "Mozilla/5.0 (Windows NT 10.0; Win64; x64) AppleWebKit/537.36 (KHTML, like Gecko) Chrome/78.0.3904.108 Safari/537.36"
188.166.234.134 - - [22/Nov/2024:15:37:22 -0800] "GET /wp-json/wp/v2/users/ HTTP/1.0" 500 - "-" "Mozilla/5.0 (Windows NT 10.0; Win64; x64) AppleWebKit/537.36 (KHTML, like Gecko) Chrome/78.0.3904.108 Safari/537.36"
188.166.234.134 - - [22/Nov/2024:15:37:22 -0800] "GET //wp-includes/wlwmanifest.xml HTTP/1.0" 500 - "-" "Mozilla/5.0 (Windows NT 10.0; Win64; x64) AppleWebKit/537.36 (KHTML, like Gecko) Chrome/78.0.3904.108 Safari/537.36"
188.166.234.134 - - [22/Nov/2024:15:37:22 -0800] "GET /wp-json/oembed/1.0/embed?url=http://worldrenownedadscenter.click HTTP/1.0" 500 - "-" "Mozilla/5.0 (Windows NT 10.0; Win64; x64) AppleWebKit/537.36 (KHTML, like Gecko) Chrome/78.0.3904.108 Safari/537.36"
188.166.234.134 - - [22/Nov/2024:15:37:23 -0800] "POST /xmlrpc.php HTTP/1.0" 200 403 "-" "Mozilla/5.0 (Windows NT 10.0; Win64; x64) AppleWebKit/537.36 (KHTML, like Gecko) Chrome/78.0.3904.108 Safari/537.36"
188.166.234.134 - - [22/Nov/2024:15:37:22 -0800] "GET //xmlrpc.php?rsd HTTP/1.0" 200 822 "-" "Mozilla/5.0 (Windows NT 10.0; Win64; x64) AppleWebKit/537.36 (KHTML, like Gecko) Chrome/78.0.3904.108 Safari/537.36"
188.166.234.134 - - [22/Nov/2024:15:37:30 -0800] "GET //?author=1 HTTP/1.0" 500 - "-" "Mozilla/5.0 (Windows NT 10.0; Win64; x64) AppleWebKit/537.36 (KHTML, like Gecko) Chrome/78.0.3904.108 Safari/537.36"
188.166.234.134 - - [22/Nov/2024:15:37:30 -0800] "GET //?author=2 HTTP/1.0" 500 - "-" "Mozilla/5.0 (Windows NT 10.0; Win64; x64) AppleWebKit/537.36 (KHTML, like Gecko) Chrome/78.0.3904.108 Safari/537.36"
188.166.234.134 - - [22/Nov/2024:15:37:30 -0800] "GET //wp-json/wp/v2/users/ HTTP/1.0" 500 - "-" "Mozilla/5.0 (Windows NT 10.0; Win64; x64) AppleWebKit/537.36 (KHTML, like Gecko) Chrome/78.0.3904.108 Safari/537.36"
188.166.234.134 - - [22/Nov/2024:15:37:30 -0800] "GET //wp-json/oembed/1.0/embed?url=https://worldrenownedadscenter.click/ HTTP/1.0" 500 - "-" "Mozilla/5.0 (Windows NT 10.0; Win64; x64) AppleWebKit/537.36 (KHTML, like Gecko) Chrome/78.0.3904.108 Safari/537.36"
188.166.234.134 - - [22/Nov/2024:15:37:29 -0800] "POST /xmlrpc.php HTTP/1.0" 200 401 "-" "Mozilla/5.0 (Windows NT 10.0; Win64; x64) AppleWebKit/537.36 (KHTML, like Gecko) Chrome/78.0.3904.108 Safari/537.36"
188.166.234.134 - - [22/Nov/2024:15:37:30 -0800] "POST //xmlrpc.php HTTP/1.0" 200 403 "-" "Mozilla/5.0 (Windows NT 10.0; Win64; x64) AppleWebKit/537.36 (KHTML, like Gecko) Chrome/78.0.3904.108 Safari/537.36"
188.166.234.134 - - [22/Nov/2024:15:37:37 -0800] "POST /xmlrpc.php HTTP/1.0" 200 401 "-" "Mozilla/5.0 (Windows NT 10.0; Win64; x64) AppleWebKit/537.36 (KHTML, like Gecko) Chrome/78.0.3904.108 Safari/537.36"
188.166.234.134 - - [22/Nov/2024:15:37:44 -0800] "POST /xmlrpc.php HTTP/1.0" 406 300 "-" "Mozilla/5.0 (Windows NT 10.0; Win64; x64) AppleWebKit/537.36 (KHTML, like Gecko) Chrome/78.0.3904.108 Safari/537.36"
188.166.234.134 - - [22/Nov/2024:15:37:39 -0800] "POST //xmlrpc.php HTTP/1.0" 200 401 "-" "Mozilla/5.0 (Windows NT 10.0; Win64; x64) AppleWebKit/537.36 (KHTML, like Gecko) Chrome/78.0.3904.108 Safari/537.36"
188.166.234.134 - - [22/Nov/2024:15:37:44 -0800] "POST //xmlrpc.php HTTP/1.0" 200 401 "-" "Mozilla/5.0 (Windows NT 10.0; Win64; x64) AppleWebKit/537.36 (KHTML, like Gecko) Chrome/78.0.3904.108 Safari/537.36"
188.166.234.134 - - [22/Nov/2024:15:37:47 -0800] "POST //xmlrpc.php HTTP/1.0" 200 403 "-" "Mozilla/5.0 (Windows NT 10.0; Win64; x64) AppleWebKit/537.36 (KHTML, like Gecko) Chrome/78.0.3904.108 Safari/537.36"
188.166.234.134 - - [22/Nov/2024:15:37:49 -0800] "POST //xmlrpc.php HTTP/1.0" 200 401 "-" "Mozilla/5.0 (Windows NT 10.0; Win64; x64) AppleWebKit/537.36 (KHTML, like Gecko) Chrome/78.0.3904.108 Safari/537.36"
188.166.234.134 - - [22/Nov/2024:15:37:53 -0800] "POST //xmlrpc.php HTTP/1.0" 200 401 "-" "Mozilla/5.0 (Windows NT 10.0; Win64; x64) AppleWebKit/537.36 (KHTML, like Gecko) Chrome/78.0.3904.108 Safari/537.36"
188.166.234.134 - - [22/Nov/2024:15:37:56 -0800] "POST //xmlrpc.php HTTP/1.0" 200 401 "-" "Mozilla/5.0 (Windows NT 10.0; Win64; x64) AppleWebKit/537.36 (KHTML, like Gecko) Chrome/78.0.3904.108 Safari/537.36"
188.166.234.134 - - [22/Nov/2024:15:37:58 -0800] "POST //xmlrpc.php HTTP/1.0" 200 401 "-" "Mozilla/5.0 (Windows NT 10.0; Win64; x64) AppleWebKit/537.36 (KHTML, like Gecko) Chrome/78.0.3904.108 Safari/537.36"
188.166.234.134 - - [22/Nov/2024:15:38:00 -0800] "POST //xmlrpc.php HTTP/1.0" 200 401 "-" "Mozilla/5.0 (Windows NT 10.0; Win64; x64) AppleWebKit/537.36 (KHTML, like Gecko) Chrome/78.0.3904.108 Safari/537.36"
188.166.234.134 - - [22/Nov/2024:15:38:02 -0800] "POST //xmlrpc.php HTTP/1.0" 200 401 "-" "Mozilla/5.0 (Windows NT 10.0; Win64; x64) AppleWebKit/537.36 (KHTML, like Gecko) Chrome/78.0.3904.108 Safari/537.36"
188.166.234.134 - - [22/Nov/2024:15:38:04 -0800] "POST //xmlrpc.php HTTP/1.0" 200 401 "-" "Mozilla/5.0 (Windows NT 10.0; Win64; x64) AppleWebKit/537.36 (KHTML, like Gecko) Chrome/78.0.3904.108 Safari/537.36"
188.166.234.134 - - [22/Nov/2024:15:38:06 -0800] "POST //xmlrpc.php HTTP/1.0" 200 401 "-" "Mozilla/5.0 (Windows NT 10.0; Win64; x64) AppleWebKit/537.36 (KHTML, like Gecko) Chrome/78.0.3904.108 Safari/537.36"
188.166.234.134 - - [22/Nov/2024:15:38:08 -0800] "POST //xmlrpc.php HTTP/1.0" 200 401 "-" "Mozilla/5.0 (Windows NT 10.0; Win64; x64) AppleWebKit/537.36 (KHTML, like Gecko) Chrome/78.0.3904.108 Safari/537.36"
188.166.234.134 - - [22/Nov/2024:15:38:10 -0800] "POST //xmlrpc.php HTTP/1.0" 200 401 "-" "Mozilla/5.0 (Windows NT 10.0; Win64; x64) AppleWebKit/537.36 (KHTML, like Gecko) Chrome/78.0.3904.108 Safari/537.36"
188.166.234.134 - - [22/Nov/2024:15:38:12 -0800] "POST //xmlrpc.php HTTP/1.0" 200 401 "-" "Mozilla/5.0 (Windows NT 10.0; Win64; x64) AppleWebKit/537.36 (KHTML, like Gecko) Chrome/78.0.3904.108 Safari/537.36"
188.166.234.134 - - [22/Nov/2024:15:38:15 -0800] "POST //xmlrpc.php HTTP/1.0" 200 401 "-" "Mozilla/5.0 (Windows NT 10.0; Win64; x64) AppleWebKit/537.36 (KHTML, like Gecko) Chrome/78.0.3904.108 Safari/537.36"
188.166.234.134 - - [22/Nov/2024:15:38:17 -0800] "POST //xmlrpc.php HTTP/1.0" 200 401 "-" "Mozilla/5.0 (Windows NT 10.0; Win64; x64) AppleWebKit/537.36 (KHTML, like Gecko) Chrome/78.0.3904.108 Safari/537.36"
188.166.234.134 - - [22/Nov/2024:15:38:19 -0800] "POST //xmlrpc.php HTTP/1.0" 200 401 "-" "Mozilla/5.0 (Windows NT 10.0; Win64; x64) AppleWebKit/537.36 (KHTML, like Gecko) Chrome/78.0.3904.108 Safari/537.36"
62.210.124.8 - - [22/Nov/2024:15:48:29 -0800] "GET / HTTP/1.0" 500 - "-" "Mozilla/5.0 (Macintosh; Intel Mac OS X 10_15_7) AppleWebKit/537.36 (KHTML, like Gecko) Chrome/131.0.0.0 Safari/537.36"
209.182.200.39 - - [22/Nov/2024:16:01:49 -0800] "POST /wp-cron.php?doing_wp_cron=1732320109.3068010807037353515625 HTTP/1.0" 200 - "-" "WordPress/6.6.1; https://worldrenownedadscenter.click"
191.101.61.83 - - [22/Nov/2024:16:23:41 -0800] "GET /.env HTTP/1.0" 406 300 "-" "Mozilla/5.0 (Macintosh; Intel Mac OS X 10.15; rv:77.0) Gecko/20100101 Firefox/77.0"
209.182.200.39 - - [22/Nov/2024:16:53:07 -0800] "POST /wp-cron.php?doing_wp_cron=1732323187.5937929153442382812500 HTTP/1.0" 200 - "-" "WordPress/6.6.1; https://worldrenownedadscenter.click"
165.22.62.110 - - [22/Nov/2024:16:53:43 -0800] "GET /sftp-config.json HTTP/1.0" 406 300 "-" "Mozilla/5.0 (Macintosh; Intel Mac OS X 10.15; rv:77.0) Gecko/20100101 Firefox/77.0"
165.22.62.110 - - [22/Nov/2024:16:53:43 -0800] "GET /.vscode/sftp.json HTTP/1.0" 500 - "-" "Mozilla/5.0 (Macintosh; Intel Mac OS X 10.15; rv:77.0) Gecko/20100101 Firefox/77.0"
165.22.62.110 - - [22/Nov/2024:16:53:44 -0800] "GET /.vscode/ftp-sync.json HTTP/1.0" 500 - "-" "Mozilla/5.0 (Macintosh; Intel Mac OS X 10.15; rv:77.0) Gecko/20100101 Firefox/77.0"
165.22.62.110 - - [22/Nov/2024:16:53:44 -0800] "GET /.ftpconfig HTTP/1.0" 500 - "-" "Mozilla/5.0 (Macintosh; Intel Mac OS X 10.15; rv:77.0) Gecko/20100101 Firefox/77.0"
165.22.62.110 - - [22/Nov/2024:16:53:45 -0800] "GET /ftpsync.settings HTTP/1.0" 500 - "-" "Mozilla/5.0 (Macintosh; Intel Mac OS X 10.15; rv:77.0) Gecko/20100101 Firefox/77.0"
165.22.62.110 - - [22/Nov/2024:16:53:45 -0800] "GET /ftp-sync.json HTTP/1.0" 500 - "-" "Mozilla/5.0 (Macintosh; Intel Mac OS X 10.15; rv:77.0) Gecko/20100101 Firefox/77.0"
165.22.62.110 - - [22/Nov/2024:16:53:45 -0800] "GET /.ftp-sync.json HTTP/1.0" 500 - "-" "Mozilla/5.0 (Macintosh; Intel Mac OS X 10.15; rv:77.0) Gecko/20100101 Firefox/77.0"
209.182.200.39 - - [22/Nov/2024:17:47:43 -0800] "POST /wp-cron.php?doing_wp_cron=1732326463.4275650978088378906250 HTTP/1.0" 200 - "-" "WordPress/6.6.1; https://worldrenownedadscenter.click"
103.251.66.247 - - [22/Nov/2024:18:14:51 -0800] "GET / HTTP/1.0" 500 - "-" "Mozilla/5.0 (Windows NT 10.0; Win64; x64) AppleWebKit/537.36 (KHTML, like Gecko) Chrome/95.0.4638.69 Safari/537.36"
103.251.66.247 - - [22/Nov/2024:18:14:51 -0800] "GET / HTTP/1.0" 500 - "-" "Mozilla/5.0 (Windows NT 10.0; Win64; x64) AppleWebKit/537.36 (KHTML, like Gecko) Chrome/95.0.4638.69 Safari/537.36"
103.251.66.247 - - [22/Nov/2024:18:14:52 -0800] "GET /feed/ HTTP/1.0" 500 - "-" "Mozilla/5.0 (Windows NT 10.0; Win64; x64) AppleWebKit/537.36 (KHTML, like Gecko) Chrome/95.0.4638.69 Safari/537.36"
209.182.200.39 - - [22/Nov/2024:18:15:06 -0800] "POST /wp-cron.php?doing_wp_cron=1732328106.7294590473175048828125 HTTP/1.0" 200 - "-" "WordPress/6.6.1; https://worldrenownedadscenter.click"
103.251.66.247 - - [22/Nov/2024:18:14:52 -0800] "GET /xmlrpc.php?rsd HTTP/1.0" 200 822 "-" "Mozilla/5.0 (Windows NT 10.0; Win64; x64) AppleWebKit/537.36 (KHTML, like Gecko) Chrome/95.0.4638.69 Safari/537.36"
103.251.66.247 - - [22/Nov/2024:18:15:08 -0800] "GET / HTTP/1.0" 500 - "-" "Mozilla/5.0 (Windows NT 10.0; Win64; x64) AppleWebKit/537.36 (KHTML, like Gecko) Chrome/95.0.4638.69 Safari/537.36"
103.251.66.247 - - [22/Nov/2024:18:15:08 -0800] "GET //feed/ HTTP/1.0" 500 - "-" "Mozilla/5.0 (Windows NT 10.0; Win64; x64) AppleWebKit/537.36 (KHTML, like Gecko) Chrome/95.0.4638.69 Safari/537.36"
103.251.66.247 - - [22/Nov/2024:18:15:08 -0800] "GET /wp-login.php HTTP/1.0" 302 - "-" "Mozilla/5.0 (Windows NT 10.0; Win64; x64) AppleWebKit/537.36 (KHTML, like Gecko) Chrome/95.0.4638.69 Safari/537.36"
103.251.66.247 - - [22/Nov/2024:18:15:09 -0800] "GET //xmlrpc.php?rsd HTTP/1.0" 200 822 "-" "Mozilla/5.0 (Windows NT 10.0; Win64; x64) AppleWebKit/537.36 (KHTML, like Gecko) Chrome/95.0.4638.69 Safari/537.36"
103.251.66.247 - - [22/Nov/2024:18:15:17 -0800] "GET //wp-login.php HTTP/1.0" 200 8855 "-" "Mozilla/5.0 (Windows NT 10.0; Win64; x64) AppleWebKit/537.36 (KHTML, like Gecko) Chrome/95.0.4638.69 Safari/537.36"
103.251.66.247 - - [22/Nov/2024:18:15:22 -0800] "GET //?author=1 HTTP/1.0" 500 - "-" "Mozilla/5.0 (Windows NT 10.0; Win64; x64) AppleWebKit/537.36 (KHTML, like Gecko) Chrome/95.0.4638.69 Safari/537.36"
103.251.66.247 - - [22/Nov/2024:18:15:22 -0800] "GET //wp-json/wp/v2/users/ HTTP/1.0" 500 - "-" "Mozilla/5.0 (Windows NT 10.0; Win64; x64) AppleWebKit/537.36 (KHTML, like Gecko) Chrome/95.0.4638.69 Safari/537.36"
103.251.66.247 - - [22/Nov/2024:18:15:23 -0800] "GET //wp-json/oembed/1.0/embed?url=https://worldrenownedadscenter.click/ HTTP/1.0" 500 - "-" "Mozilla/5.0 (Windows NT 10.0; Win64; x64) AppleWebKit/537.36 (KHTML, like Gecko) Chrome/95.0.4638.69 Safari/537.36"
103.251.66.247 - - [22/Nov/2024:18:15:23 -0800] "POST //xmlrpc.php HTTP/1.0" 200 403 "-" "Mozilla/5.0 (Windows NT 10.0; Win64; x64) AppleWebKit/537.36 (KHTML, like Gecko) Chrome/95.0.4638.69 Safari/537.36"
103.251.66.247 - - [22/Nov/2024:18:15:29 -0800] "POST //xmlrpc.php HTTP/1.0" 200 401 "-" "Mozilla/5.0 (Windows NT 10.0; Win64; x64) AppleWebKit/537.36 (KHTML, like Gecko) Chrome/95.0.4638.69 Safari/537.36"
103.251.66.247 - - [22/Nov/2024:18:15:35 -0800] "POST //xmlrpc.php HTTP/1.0" 200 401 "-" "Mozilla/5.0 (Windows NT 10.0; Win64; x64) AppleWebKit/537.36 (KHTML, like Gecko) Chrome/95.0.4638.69 Safari/537.36"
103.251.66.247 - - [22/Nov/2024:18:15:41 -0800] "POST //xmlrpc.php HTTP/1.0" 200 403 "-" "Mozilla/5.0 (Windows NT 10.0; Win64; x64) AppleWebKit/537.36 (KHTML, like Gecko) Chrome/95.0.4638.69 Safari/537.36"
103.251.66.247 - - [22/Nov/2024:18:15:45 -0800] "POST //xmlrpc.php HTTP/1.0" 200 401 "-" "Mozilla/5.0 (Windows NT 10.0; Win64; x64) AppleWebKit/537.36 (KHTML, like Gecko) Chrome/95.0.4638.69 Safari/537.36"
103.251.66.247 - - [22/Nov/2024:18:15:51 -0800] "POST //xmlrpc.php HTTP/1.0" 200 401 "-" "Mozilla/5.0 (Windows NT 10.0; Win64; x64) AppleWebKit/537.36 (KHTML, like Gecko) Chrome/95.0.4638.69 Safari/537.36"
103.251.66.247 - - [22/Nov/2024:18:15:57 -0800] "POST //xmlrpc.php HTTP/1.0" 200 401 "-" "Mozilla/5.0 (Windows NT 10.0; Win64; x64) AppleWebKit/537.36 (KHTML, like Gecko) Chrome/95.0.4638.69 Safari/537.36"
103.251.66.247 - - [22/Nov/2024:18:16:03 -0800] "POST //xmlrpc.php HTTP/1.0" 200 401 "-" "Mozilla/5.0 (Windows NT 10.0; Win64; x64) AppleWebKit/537.36 (KHTML, like Gecko) Chrome/95.0.4638.69 Safari/537.36"
103.251.66.247 - - [22/Nov/2024:18:16:08 -0800] "POST //xmlrpc.php HTTP/1.0" 200 401 "-" "Mozilla/5.0 (Windows NT 10.0; Win64; x64) AppleWebKit/537.36 (KHTML, like Gecko) Chrome/95.0.4638.69 Safari/537.36"
103.251.66.247 - - [22/Nov/2024:18:16:13 -0800] "POST //xmlrpc.php HTTP/1.0" 200 401 "-" "Mozilla/5.0 (Windows NT 10.0; Win64; x64) AppleWebKit/537.36 (KHTML, like Gecko) Chrome/95.0.4638.69 Safari/537.36"
198.145.82.165 - - [22/Nov/2024:18:16:19 -0800] "GET / HTTP/1.0" 500 - "-" "Mozilla/5.0 (Windows NT 10.0; Win64; x64) AppleWebKit/537.36 (KHTML, like Gecko) Chrome/129.0.0.0 Safari/537.36"
103.251.66.247 - - [22/Nov/2024:18:16:19 -0800] "POST //xmlrpc.php HTTP/1.0" 200 401 "-" "Mozilla/5.0 (Windows NT 10.0; Win64; x64) AppleWebKit/537.36 (KHTML, like Gecko) Chrome/95.0.4638.69 Safari/537.36"
209.182.200.39 - - [22/Nov/2024:18:16:29 -0800] "POST /wp-cron.php?doing_wp_cron=1732328189.4375779628753662109375 HTTP/1.0" 200 - "-" "WordPress/6.6.1; https://worldrenownedadscenter.click"
198.145.82.26 - - [22/Nov/2024:18:16:30 -0800] "GET / HTTP/1.0" 500 - "https://www.winnersrenownedads.click" "Mozilla/5.0 (Macintosh; Intel Mac OS X 10_15_7) AppleWebKit/605.1.15 (KHTML, like Gecko) Version/17.0 Safari/605.1.15"
103.251.66.247 - - [22/Nov/2024:18:16:29 -0800] "POST //xmlrpc.php HTTP/1.0" 200 401 "-" "Mozilla/5.0 (Windows NT 10.0; Win64; x64) AppleWebKit/537.36 (KHTML, like Gecko) Chrome/95.0.4638.69 Safari/537.36"
103.251.66.247 - - [22/Nov/2024:18:16:37 -0800] "POST //xmlrpc.php HTTP/1.0" 200 401 "-" "Mozilla/5.0 (Windows NT 10.0; Win64; x64) AppleWebKit/537.36 (KHTML, like Gecko) Chrome/95.0.4638.69 Safari/537.36"
103.251.66.247 - - [22/Nov/2024:18:16:42 -0800] "POST //xmlrpc.php HTTP/1.0" 200 401 "-" "Mozilla/5.0 (Windows NT 10.0; Win64; x64) AppleWebKit/537.36 (KHTML, like Gecko) Chrome/95.0.4638.69 Safari/537.36"
103.251.66.247 - - [22/Nov/2024:18:16:46 -0800] "POST //xmlrpc.php HTTP/1.0" 200 401 "-" "Mozilla/5.0 (Windows NT 10.0; Win64; x64) AppleWebKit/537.36 (KHTML, like Gecko) Chrome/95.0.4638.69 Safari/537.36"
103.251.66.247 - - [22/Nov/2024:18:16:50 -0800] "POST //xmlrpc.php HTTP/1.0" 200 401 "-" "Mozilla/5.0 (Windows NT 10.0; Win64; x64) AppleWebKit/537.36 (KHTML, like Gecko) Chrome/95.0.4638.69 Safari/537.36"
103.251.66.247 - - [22/Nov/2024:18:16:53 -0800] "POST //xmlrpc.php HTTP/1.0" 200 401 "-" "Mozilla/5.0 (Windows NT 10.0; Win64; x64) AppleWebKit/537.36 (KHTML, like Gecko) Chrome/95.0.4638.69 Safari/537.36"
103.251.66.247 - - [22/Nov/2024:18:16:57 -0800] "POST //xmlrpc.php HTTP/1.0" 200 401 "-" "Mozilla/5.0 (Windows NT 10.0; Win64; x64) AppleWebKit/537.36 (KHTML, like Gecko) Chrome/95.0.4638.69 Safari/537.36"
103.251.66.247 - - [22/Nov/2024:18:17:00 -0800] "POST //xmlrpc.php HTTP/1.0" 200 401 "-" "Mozilla/5.0 (Windows NT 10.0; Win64; x64) AppleWebKit/537.36 (KHTML, like Gecko) Chrome/95.0.4638.69 Safari/537.36"
103.251.66.247 - - [22/Nov/2024:18:17:04 -0800] "POST //xmlrpc.php HTTP/1.0" 200 401 "-" "Mozilla/5.0 (Windows NT 10.0; Win64; x64) AppleWebKit/537.36 (KHTML, like Gecko) Chrome/95.0.4638.69 Safari/537.36"
103.251.66.247 - - [22/Nov/2024:18:17:07 -0800] "POST //xmlrpc.php HTTP/1.0" 200 401 "-" "Mozilla/5.0 (Windows NT 10.0; Win64; x64) AppleWebKit/537.36 (KHTML, like Gecko) Chrome/95.0.4638.69 Safari/537.36"
103.251.66.247 - - [22/Nov/2024:18:17:10 -0800] "POST //xmlrpc.php HTTP/1.0" 200 401 "-" "Mozilla/5.0 (Windows NT 10.0; Win64; x64) AppleWebKit/537.36 (KHTML, like Gecko) Chrome/95.0.4638.69 Safari/537.36"
103.251.66.247 - - [22/Nov/2024:18:17:14 -0800] "POST //xmlrpc.php HTTP/1.0" 200 401 "-" "Mozilla/5.0 (Windows NT 10.0; Win64; x64) AppleWebKit/537.36 (KHTML, like Gecko) Chrome/95.0.4638.69 Safari/537.36"
103.251.66.247 - - [22/Nov/2024:18:17:17 -0800] "POST //xmlrpc.php HTTP/1.0" 200 401 "-" "Mozilla/5.0 (Windows NT 10.0; Win64; x64) AppleWebKit/537.36 (KHTML, like Gecko) Chrome/95.0.4638.69 Safari/537.36"
103.251.66.247 - - [22/Nov/2024:18:17:21 -0800] "POST //xmlrpc.php HTTP/1.0" 200 401 "-" "Mozilla/5.0 (Windows NT 10.0; Win64; x64) AppleWebKit/537.36 (KHTML, like Gecko) Chrome/95.0.4638.69 Safari/537.36"
103.251.66.247 - - [22/Nov/2024:18:17:24 -0800] "POST //xmlrpc.php HTTP/1.0" 200 401 "-" "Mozilla/5.0 (Windows NT 10.0; Win64; x64) AppleWebKit/537.36 (KHTML, like Gecko) Chrome/95.0.4638.69 Safari/537.36"
103.251.66.247 - - [22/Nov/2024:18:17:27 -0800] "POST //xmlrpc.php HTTP/1.0" 200 401 "-" "Mozilla/5.0 (Windows NT 10.0; Win64; x64) AppleWebKit/537.36 (KHTML, like Gecko) Chrome/95.0.4638.69 Safari/537.36"
103.251.66.247 - - [22/Nov/2024:18:17:31 -0800] "POST //xmlrpc.php HTTP/1.0" 200 401 "-" "Mozilla/5.0 (Windows NT 10.0; Win64; x64) AppleWebKit/537.36 (KHTML, like Gecko) Chrome/95.0.4638.69 Safari/537.36"
103.251.66.247 - - [22/Nov/2024:18:17:35 -0800] "POST //xmlrpc.php HTTP/1.0" 200 401 "-" "Mozilla/5.0 (Windows NT 10.0; Win64; x64) AppleWebKit/537.36 (KHTML, like Gecko) Chrome/95.0.4638.69 Safari/537.36"
103.251.66.247 - - [22/Nov/2024:18:17:38 -0800] "POST //xmlrpc.php HTTP/1.0" 200 401 "-" "Mozilla/5.0 (Windows NT 10.0; Win64; x64) AppleWebKit/537.36 (KHTML, like Gecko) Chrome/95.0.4638.69 Safari/537.36"
103.251.66.247 - - [22/Nov/2024:18:17:42 -0800] "POST //xmlrpc.php HTTP/1.0" 200 401 "-" "Mozilla/5.0 (Windows NT 10.0; Win64; x64) AppleWebKit/537.36 (KHTML, like Gecko) Chrome/95.0.4638.69 Safari/537.36"
103.251.66.247 - - [22/Nov/2024:18:17:45 -0800] "POST //xmlrpc.php HTTP/1.0" 200 401 "-" "Mozilla/5.0 (Windows NT 10.0; Win64; x64) AppleWebKit/537.36 (KHTML, like Gecko) Chrome/95.0.4638.69 Safari/537.36"
103.251.66.247 - - [22/Nov/2024:18:17:48 -0800] "POST //xmlrpc.php HTTP/1.0" 200 401 "-" "Mozilla/5.0 (Windows NT 10.0; Win64; x64) AppleWebKit/537.36 (KHTML, like Gecko) Chrome/95.0.4638.69 Safari/537.36"
103.251.66.247 - - [22/Nov/2024:18:17:52 -0800] "POST //xmlrpc.php HTTP/1.0" 200 401 "-" "Mozilla/5.0 (Windows NT 10.0; Win64; x64) AppleWebKit/537.36 (KHTML, like Gecko) Chrome/95.0.4638.69 Safari/537.36"
103.251.66.247 - - [22/Nov/2024:18:17:56 -0800] "POST //xmlrpc.php HTTP/1.0" 200 401 "-" "Mozilla/5.0 (Windows NT 10.0; Win64; x64) AppleWebKit/537.36 (KHTML, like Gecko) Chrome/95.0.4638.69 Safari/537.36"
103.251.66.247 - - [22/Nov/2024:18:18:00 -0800] "POST //xmlrpc.php HTTP/1.0" 200 401 "-" "Mozilla/5.0 (Windows NT 10.0; Win64; x64) AppleWebKit/537.36 (KHTML, like Gecko) Chrome/95.0.4638.69 Safari/537.36"
103.251.66.247 - - [22/Nov/2024:18:18:04 -0800] "POST //xmlrpc.php HTTP/1.0" 200 401 "-" "Mozilla/5.0 (Windows NT 10.0; Win64; x64) AppleWebKit/537.36 (KHTML, like Gecko) Chrome/95.0.4638.69 Safari/537.36"
103.251.66.247 - - [22/Nov/2024:18:18:07 -0800] "POST //xmlrpc.php HTTP/1.0" 200 401 "-" "Mozilla/5.0 (Windows NT 10.0; Win64; x64) AppleWebKit/537.36 (KHTML, like Gecko) Chrome/95.0.4638.69 Safari/537.36"
103.251.66.247 - - [22/Nov/2024:18:18:10 -0800] "POST //xmlrpc.php HTTP/1.0" 503 282 "-" "Mozilla/5.0 (Windows NT 10.0; Win64; x64) AppleWebKit/537.36 (KHTML, like Gecko) Chrome/95.0.4638.69 Safari/537.36"
103.251.66.247 - - [22/Nov/2024:18:18:12 -0800] "POST //wp-login.php HTTP/1.0" 200 9293 "https://worldrenownedadscenter.click//wp-login.php" "Mozilla/5.0 (Windows NT 10.0; Win64; x64) AppleWebKit/537.36 (KHTML, like Gecko) Chrome/95.0.4638.69 Safari/537.36"
103.251.66.247 - - [22/Nov/2024:18:18:15 -0800] "POST //wp-login.php HTTP/1.0" 200 9293 "https://worldrenownedadscenter.click//wp-login.php" "Mozilla/5.0 (Windows NT 10.0; Win64; x64) AppleWebKit/537.36 (KHTML, like Gecko) Chrome/95.0.4638.69 Safari/537.36"
103.251.66.247 - - [22/Nov/2024:18:18:19 -0800] "POST //wp-login.php HTTP/1.0" 200 9293 "https://worldrenownedadscenter.click//wp-login.php" "Mozilla/5.0 (Windows NT 10.0; Win64; x64) AppleWebKit/537.36 (KHTML, like Gecko) Chrome/95.0.4638.69 Safari/537.36"
103.251.66.247 - - [22/Nov/2024:18:18:22 -0800] "POST //wp-login.php HTTP/1.0" 200 9293 "https://worldrenownedadscenter.click//wp-login.php" "Mozilla/5.0 (Windows NT 10.0; Win64; x64) AppleWebKit/537.36 (KHTML, like Gecko) Chrome/95.0.4638.69 Safari/537.36"
103.251.66.247 - - [22/Nov/2024:18:18:26 -0800] "POST //wp-login.php HTTP/1.0" 200 9293 "https://worldrenownedadscenter.click//wp-login.php" "Mozilla/5.0 (Windows NT 10.0; Win64; x64) AppleWebKit/537.36 (KHTML, like Gecko) Chrome/95.0.4638.69 Safari/537.36"
103.251.66.247 - - [22/Nov/2024:18:18:31 -0800] "POST //wp-login.php HTTP/1.0" 200 9293 "https://worldrenownedadscenter.click//wp-login.php" "Mozilla/5.0 (Windows NT 10.0; Win64; x64) AppleWebKit/537.36 (KHTML, like Gecko) Chrome/95.0.4638.69 Safari/537.36"
103.251.66.247 - - [22/Nov/2024:18:18:34 -0800] "POST //wp-login.php HTTP/1.0" 200 9293 "https://worldrenownedadscenter.click//wp-login.php" "Mozilla/5.0 (Windows NT 10.0; Win64; x64) AppleWebKit/537.36 (KHTML, like Gecko) Chrome/95.0.4638.69 Safari/537.36"
103.251.66.247 - - [22/Nov/2024:18:18:37 -0800] "POST //wp-login.php HTTP/1.0" 200 9293 "https://worldrenownedadscenter.click//wp-login.php" "Mozilla/5.0 (Windows NT 10.0; Win64; x64) AppleWebKit/537.36 (KHTML, like Gecko) Chrome/95.0.4638.69 Safari/537.36"
103.251.66.247 - - [22/Nov/2024:18:18:40 -0800] "POST //wp-login.php HTTP/1.0" 200 9293 "https://worldrenownedadscenter.click//wp-login.php" "Mozilla/5.0 (Windows NT 10.0; Win64; x64) AppleWebKit/537.36 (KHTML, like Gecko) Chrome/95.0.4638.69 Safari/537.36"
103.251.66.247 - - [22/Nov/2024:18:18:42 -0800] "POST //wp-login.php HTTP/1.0" 200 9293 "https://worldrenownedadscenter.click//wp-login.php" "Mozilla/5.0 (Windows NT 10.0; Win64; x64) AppleWebKit/537.36 (KHTML, like Gecko) Chrome/95.0.4638.69 Safari/537.36"
103.251.66.247 - - [22/Nov/2024:18:18:44 -0800] "POST //wp-login.php HTTP/1.0" 200 9293 "https://worldrenownedadscenter.click//wp-login.php" "Mozilla/5.0 (Windows NT 10.0; Win64; x64) AppleWebKit/537.36 (KHTML, like Gecko) Chrome/95.0.4638.69 Safari/537.36"
103.251.66.247 - - [22/Nov/2024:18:18:47 -0800] "POST //wp-login.php HTTP/1.0" 200 9293 "https://worldrenownedadscenter.click//wp-login.php" "Mozilla/5.0 (Windows NT 10.0; Win64; x64) AppleWebKit/537.36 (KHTML, like Gecko) Chrome/95.0.4638.69 Safari/537.36"
103.251.66.247 - - [22/Nov/2024:18:18:49 -0800] "POST //wp-login.php HTTP/1.0" 200 9293 "https://worldrenownedadscenter.click//wp-login.php" "Mozilla/5.0 (Windows NT 10.0; Win64; x64) AppleWebKit/537.36 (KHTML, like Gecko) Chrome/95.0.4638.69 Safari/537.36"
103.251.66.247 - - [22/Nov/2024:18:18:52 -0800] "POST //wp-login.php HTTP/1.0" 200 9293 "https://worldrenownedadscenter.click//wp-login.php" "Mozilla/5.0 (Windows NT 10.0; Win64; x64) AppleWebKit/537.36 (KHTML, like Gecko) Chrome/95.0.4638.69 Safari/537.36"
103.251.66.247 - - [22/Nov/2024:18:18:55 -0800] "POST //wp-login.php HTTP/1.0" 200 9293 "https://worldrenownedadscenter.click//wp-login.php" "Mozilla/5.0 (Windows NT 10.0; Win64; x64) AppleWebKit/537.36 (KHTML, like Gecko) Chrome/95.0.4638.69 Safari/537.36"
103.251.66.247 - - [22/Nov/2024:18:18:59 -0800] "POST //wp-login.php HTTP/1.0" 200 9293 "https://worldrenownedadscenter.click//wp-login.php" "Mozilla/5.0 (Windows NT 10.0; Win64; x64) AppleWebKit/537.36 (KHTML, like Gecko) Chrome/95.0.4638.69 Safari/537.36"
103.251.66.247 - - [22/Nov/2024:18:19:02 -0800] "POST //wp-login.php HTTP/1.0" 200 9293 "https://worldrenownedadscenter.click//wp-login.php" "Mozilla/5.0 (Windows NT 10.0; Win64; x64) AppleWebKit/537.36 (KHTML, like Gecko) Chrome/95.0.4638.69 Safari/537.36"
103.251.66.247 - - [22/Nov/2024:18:19:05 -0800] "POST //wp-login.php HTTP/1.0" 200 9293 "https://worldrenownedadscenter.click//wp-login.php" "Mozilla/5.0 (Windows NT 10.0; Win64; x64) AppleWebKit/537.36 (KHTML, like Gecko) Chrome/95.0.4638.69 Safari/537.36"
103.251.66.247 - - [22/Nov/2024:18:19:08 -0800] "POST //wp-login.php HTTP/1.0" 200 9293 "https://worldrenownedadscenter.click//wp-login.php" "Mozilla/5.0 (Windows NT 10.0; Win64; x64) AppleWebKit/537.36 (KHTML, like Gecko) Chrome/95.0.4638.69 Safari/537.36"
103.251.66.247 - - [22/Nov/2024:18:19:11 -0800] "POST //wp-login.php HTTP/1.0" 200 9293 "https://worldrenownedadscenter.click//wp-login.php" "Mozilla/5.0 (Windows NT 10.0; Win64; x64) AppleWebKit/537.36 (KHTML, like Gecko) Chrome/95.0.4638.69 Safari/537.36"
2.236.112.207 - - [22/Nov/2024:19:06:50 -0800] "GET / HTTP/1.0" 500 - "-" "Mozilla/5.0 (Windows NT 10.0; Win64; x64) AppleWebKit/537.36 (KHTML, like Gecko) Chrome/74.0.3729.169 Safari/537.36"
2.236.112.207 - - [22/Nov/2024:19:06:50 -0800] "GET / HTTP/1.0" 500 - "-" "Mozilla/5.0 (Windows NT 10.0; Win64; x64) AppleWebKit/537.36 (KHTML, like Gecko) Chrome/74.0.3729.169 Safari/537.36"
209.182.200.39 - - [22/Nov/2024:19:18:42 -0800] "POST /wp-cron.php?doing_wp_cron=1732331922.7791690826416015625000 HTTP/1.0" 200 - "-" "WordPress/6.6.1; https://worldrenownedadscenter.click"
2.236.112.207 - - [22/Nov/2024:19:18:45 -0800] "GET / HTTP/1.0" 500 - "-" "Mozilla/5.0 (Windows NT 10.0; Win64; x64) AppleWebKit/537.36 (KHTML, like Gecko) Chrome/74.0.3729.169 Safari/537.36"
209.182.200.39 - - [22/Nov/2024:19:21:43 -0800] "POST /wp-cron.php?doing_wp_cron=1732332103.1539869308471679687500 HTTP/1.0" 200 - "-" "WordPress/6.6.1; https://worldrenownedadscenter.click"
170.106.179.68 - - [22/Nov/2024:19:21:44 -0800] "GET / HTTP/1.0" 500 - "http://winnersrenownedads.click" "Mozilla/5.0 (iPhone; CPU iPhone OS 13_2_3 like Mac OS X) AppleWebKit/605.1.15 (KHTML, like Gecko) Version/13.0.3 Mobile/15E148 Safari/604.1"
43.159.128.247 - - [22/Nov/2024:19:21:45 -0800] "GET / HTTP/1.0" 500 - "-" "Mozilla/5.0 (iPhone; CPU iPhone OS 13_2_3 like Mac OS X) AppleWebKit/605.1.15 (KHTML, like Gecko) Version/13.0.3 Mobile/15E148 Safari/604.1"
209.182.200.39 - - [22/Nov/2024:19:29:39 -0800] "POST /wp-cron.php?doing_wp_cron=1732332579.5327820777893066406250 HTTP/1.0" 200 - "-" "WordPress/6.6.1; https://worldrenownedadscenter.click"
2.58.56.137 - - [22/Nov/2024:20:18:13 -0800] "GET /sftp-config.json HTTP/1.0" 500 - "-" "Mozilla/5.0 (Windows NT 10.0; Win64; x64; rv:58.0) Gecko/20100101 Firefox/58.0"
2.58.56.137 - - [22/Nov/2024:20:18:14 -0800] "GET /sftp-config.json HTTP/1.0" 406 300 "-" "Mozilla/5.0 (Windows NT 10.0; Win64; x64; rv:58.0) Gecko/20100101 Firefox/58.0"
209.182.200.39 - - [22/Nov/2024:20:18:18 -0800] "POST /wp-cron.php?doing_wp_cron=1732335498.7444469928741455078125 HTTP/1.0" 200 - "-" "WordPress/6.6.1; https://worldrenownedadscenter.click"
34.123.153.224 - - [22/Nov/2024:20:18:51 -0800] "GET / HTTP/1.0" 500 - "-" "Mozilla/5.0 (Windows NT 10.0; Win64; x64) AppleWebKit/537.36 (KHTML, like Gecko) Chrome/88.0.4240.193 Safari/537.36"
34.123.153.224 - - [22/Nov/2024:20:18:51 -0800] "GET / HTTP/1.0" 500 - "-" "Mozilla/5.0 (Windows NT 10.0; Win64; x64) AppleWebKit/537.36 (KHTML, like Gecko) Chrome/88.0.4240.193 Safari/537.36"
34.123.153.224 - - [22/Nov/2024:20:18:51 -0800] "GET /wp-includes/wlwmanifest.xml HTTP/1.0" 500 - "-" "Mozilla/5.0 (Windows NT 10.0; Win64; x64) AppleWebKit/537.36 (KHTML, like Gecko) Chrome/88.0.4240.193 Safari/537.36"
34.123.153.224 - - [22/Nov/2024:20:18:51 -0800] "GET /xmlrpc.php?rsd HTTP/1.0" 200 822 "-" "Mozilla/5.0 (Windows NT 10.0; Win64; x64) AppleWebKit/537.36 (KHTML, like Gecko) Chrome/88.0.4240.193 Safari/537.36"
34.123.153.224 - - [22/Nov/2024:20:18:53 -0800] "GET /?author=1 HTTP/1.0" 500 - "-" "Mozilla/5.0 (Windows NT 10.0; Win64; x64) AppleWebKit/537.36 (KHTML, like Gecko) Chrome/88.0.4240.193 Safari/537.36"
34.123.153.224 - - [22/Nov/2024:20:18:53 -0800] "GET /?author=2 HTTP/1.0" 500 - "-" "Mozilla/5.0 (Windows NT 10.0; Win64; x64) AppleWebKit/537.36 (KHTML, like Gecko) Chrome/88.0.4240.193 Safari/537.36"
34.123.153.224 - - [22/Nov/2024:20:18:53 -0800] "GET /?author=3 HTTP/1.0" 500 - "-" "Mozilla/5.0 (Windows NT 10.0; Win64; x64) AppleWebKit/537.36 (KHTML, like Gecko) Chrome/88.0.4240.193 Safari/537.36"
34.123.153.224 - - [22/Nov/2024:20:18:53 -0800] "GET /wp-json/wp/v2/users/ HTTP/1.0" 500 - "-" "Mozilla/5.0 (Windows NT 10.0; Win64; x64) AppleWebKit/537.36 (KHTML, like Gecko) Chrome/88.0.4240.193 Safari/537.36"
34.123.153.224 - - [22/Nov/2024:20:18:53 -0800] "GET /wp-json/oembed/1.0/embed?url=http://worldrenownedadscenter.click HTTP/1.0" 500 - "-" "Mozilla/5.0 (Windows NT 10.0; Win64; x64) AppleWebKit/537.36 (KHTML, like Gecko) Chrome/88.0.4240.193 Safari/537.36"
34.123.153.224 - - [22/Nov/2024:20:18:53 -0800] "POST /xmlrpc.php HTTP/1.0" 200 401 "-" "Mozilla/5.0 (Windows NT 10.0; Win64; x64) AppleWebKit/537.36 (KHTML, like Gecko) Chrome/88.0.4240.193 Safari/537.36"
34.123.153.224 - - [22/Nov/2024:20:18:55 -0800] "POST /xmlrpc.php HTTP/1.0" 200 401 "-" "Mozilla/5.0 (Windows NT 10.0; Win64; x64) AppleWebKit/537.36 (KHTML, like Gecko) Chrome/88.0.4240.193 Safari/537.36"
34.123.153.224 - - [22/Nov/2024:20:18:56 -0800] "POST /xmlrpc.php HTTP/1.0" 200 401 "-" "Mozilla/5.0 (Windows NT 10.0; Win64; x64) AppleWebKit/537.36 (KHTML, like Gecko) Chrome/88.0.4240.193 Safari/537.36"
34.123.153.224 - - [22/Nov/2024:20:18:58 -0800] "POST /xmlrpc.php HTTP/1.0" 406 300 "-" "Mozilla/5.0 (Windows NT 10.0; Win64; x64) AppleWebKit/537.36 (KHTML, like Gecko) Chrome/88.0.4240.193 Safari/537.36"
14.215.163.132 - - [22/Nov/2024:20:42:02 -0800] "GET / HTTP/1.0" 500 - "-" "Mozilla/5.0 (iPhone; CPU iPhone OS 13_2_3 like Mac OS X) AppleWebKit/605.1.15 (KHTML, like Gecko) Version/13.0.3 Mobile/15E148 Safari/604.1"
198.235.24.111 - - [22/Nov/2024:20:42:22 -0800] "GET / HTTP/1.0" 500 - "-" "Expanse, a Palo Alto Networks company, searches across the global IPv4 space multiple times per day to identify customers' presences on the Internet. If you would like to be excluded from our scans, please send IP addresses/domains to: scaninfo@paloaltonetworks.com"